2026-03-06 23:13:13.016 7 WARNING neutron.api.rpc.agentnotifiers.dhcp_rpc_agent_api [None req-32e1b03e-f067-47cc-8348-6dd04854eac3 42ce66ae5a5b461a8a5c74911262f605 0acb0f826d844648bd620d7eaf5736a5 - - default default] Unable to schedule network cc736fd0-76ae-4826-8eeb-55b09803a7cc: no agents available; will retry on subsequent port and subnet creation events.
2026-03-06 23:13:13.085 7 INFO neutron.plugins.ml2.drivers.ovn.mech_driver.mech_driver [None req-391168a3-05c4-49bd-a2ba-6a3fa423ecc2 - - - - - -] OVN reports status down for port: feece459-b2f5-4ff0-953c-962289abc69b
2026-03-06 23:13:13.126 8 WARNING neutron.scheduler.dhcp_agent_scheduler [None req-19e44769-2f02-4b61-8131-57d86e26529f 1490fadcfe8b4e67b50a24cd649829dd 2ef664ef2a424c9b86b2c12d20a809c6 - - default default] No more DHCP agents
2026-03-06 23:13:13.127 8 WARNING neutron.api.rpc.agentnotifiers.dhcp_rpc_agent_api [None req-19e44769-2f02-4b61-8131-57d86e26529f 1490fadcfe8b4e67b50a24cd649829dd 2ef664ef2a424c9b86b2c12d20a809c6 - - default default] Unable to schedule network 4264e0f5-bcd0-4e5c-975e-f3fc74549382: no agents available; will retry on subsequent port and subnet creation events.
2026-03-06 23:13:13.140 7 INFO neutron.db.ovn_revision_numbers_db [None req-32e1b03e-f067-47cc-8348-6dd04854eac3 42ce66ae5a5b461a8a5c74911262f605 0acb0f826d844648bd620d7eaf5736a5 - - default default] Successfully bumped revision number for resource feece459-b2f5-4ff0-953c-962289abc69b (type: ports) to 1 [pid: 7|app: 0|req: 859/1790] 10.0.0.113 () {34 vars in 670 bytes} [Fri Mar 6 23:13:12 2026] POST /v2.0/networks => generated 748 bytes in 1156 msecs (HTTP/1.1 201) 4 headers in 162 bytes (1 switches on core 0)
2026-03-06 23:13:13.271 7 INFO neutron.plugins.ml2.drivers.ovn.mech_driver.mech_driver [None req-391168a3-05c4-49bd-a2ba-6a3fa423ecc2 - - - - - -] OVN reports status down for port: 1cc4e287-d416-44e3-8a8c-2f4507f55e92
2026-03-06 23:13:13.283 8 INFO neutron.db.ovn_revision_numbers_db [None req-19e44769-2f02-4b61-8131-57d86e26529f 1490fadcfe8b4e67b50a24cd649829dd 2ef664ef2a424c9b86b2c12d20a809c6 - - default default] Successfully bumped revision number for resource 1cc4e287-d416-44e3-8a8c-2f4507f55e92 (type: ports) to 1
2026-03-06 23:13:13.305 7 INFO neutron.db.segments_db [None req-338c3f9d-09e6-4897-92ce-424fc8ed6912 79df1a3174d7445095c2f333902c4b51 f015147eedfc46fba9c6f5a43d1edc20 - - default default] Added segment 4c807311-4f0d-4bfb-81ca-85419153935d of type geneve for network 09681ae1-6541-454e-9765-f162ba3f2823
2026-03-06 23:13:13.442 7 INFO neutron.db.ovn_revision_numbers_db [None req-338c3f9d-09e6-4897-92ce-424fc8ed6912 79df1a3174d7445095c2f333902c4b51 f015147eedfc46fba9c6f5a43d1edc20 - - default default] Successfully bumped revision number for resource 09681ae1-6541-454e-9765-f162ba3f2823 (type: networks) to 1
2026-03-06 23:13:13.597 7 WARNING neutron.scheduler.dhcp_agent_scheduler [None req-338c3f9d-09e6-4897-92ce-424fc8ed6912 79df1a3174d7445095c2f333902c4b51 f015147eedfc46fba9c6f5a43d1edc20 - - default default] No more DHCP agents
2026-03-06 23:13:13.599 7 WARNING neutron.api.rpc.agentnotifiers.dhcp_rpc_agent_api [None req-338c3f9d-09e6-4897-92ce-424fc8ed6912 79df1a3174d7445095c2f333902c4b51 f015147eedfc46fba9c6f5a43d1edc20 - - default default] Unable to schedule network 09681ae1-6541-454e-9765-f162ba3f2823: no agents available; will retry on subsequent port and subnet creation events.
2026-03-06 23:13:13.672 7 INFO neutron.plugins.ml2.drivers.ovn.mech_driver.mech_driver [None req-391168a3-05c4-49bd-a2ba-6a3fa423ecc2 - - - - - -] OVN reports status down for port: 85d045d2-0ddd-4dc8-8041-9cc1a5b1fa1d
2026-03-06 23:13:13.729 7 INFO neutron.db.ovn_revision_numbers_db [None req-338c3f9d-09e6-4897-92ce-424fc8ed6912 79df1a3174d7445095c2f333902c4b51 f015147eedfc46fba9c6f5a43d1edc20 - - default default] Successfully bumped revision number for resource 85d045d2-0ddd-4dc8-8041-9cc1a5b1fa1d (type: ports) to 1 [pid: 7|app: 0|req: 860/1791] 10.0.0.113 () {34 vars in 670 bytes} [Fri Mar 6 23:13:13 2026] POST /v2.0/networks => generated 650 bytes in 588 msecs (HTTP/1.1 201) 4 headers in 162 bytes (1 switches on core 0) [pid: 7|app: 0|req: 861/1792] 10.0.0.20 () {28 vars in 582 bytes} [Fri Mar 6 23:13:13 2026] GET /v2.0/subnets => generated 3256 bytes in 33 msecs (HTTP/1.1 200) 4 headers in 158 bytes (1 switches on core 0)
2026-03-06 23:13:13.924 7 WARNING neutron.scheduler.dhcp_agent_scheduler [None req-82f6733f-7944-43d6-9b2f-a37eaed1361e 42ce66ae5a5b461a8a5c74911262f605 0acb0f826d844648bd620d7eaf5736a5 - - default default] No more DHCP agents
2026-03-06 23:13:13.925 7 WARNING neutron.api.rpc.agentnotifiers.dhcp_rpc_agent_api [None req-82f6733f-7944-43d6-9b2f-a37eaed1361e 42ce66ae5a5b461a8a5c74911262f605 0acb0f826d844648bd620d7eaf5736a5 - - default default] Unable to schedule network cc736fd0-76ae-4826-8eeb-55b09803a7cc: no agents available; will retry on subsequent port and subnet creation events.
2026-03-06 23:13:13.937 8 INFO neutron.plugins.ml2.drivers.ovn.mech_driver.ovsdb.commands [-] Schedule LRP lrp-1cc4e287-d416-44e3-8a8c-2f4507f55e92 on gateway a5e9f1bf-854c-4786-88de-09039f2d6298 with priority 1
2026-03-06 23:13:14.076 8 INFO neutron.db.ovn_revision_numbers_db [None req-19e44769-2f02-4b61-8131-57d86e26529f 1490fadcfe8b4e67b50a24cd649829dd 2ef664ef2a424c9b86b2c12d20a809c6 - - default default] Successfully bumped revision number for resource 1cc4e287-d416-44e3-8a8c-2f4507f55e92 (type: router_ports) to 1
2026-03-06 23:13:14.122 7 INFO neutron.plugins.ml2.drivers.ovn.mech_driver.mech_driver [None req-391168a3-05c4-49bd-a2ba-6a3fa423ecc2 - - - - - -] OVN reports status up for port: 1cc4e287-d416-44e3-8a8c-2f4507f55e92
2026-03-06 23:13:14.129 7 INFO neutron.plugins.ml2.drivers.ovn.mech_driver.ovsdb.ovsdb_monitor [None req-95bb0175-1157-4c95-b596-e31dd54390e8 - - - - - -] Router ead12775-cffc-428b-9dd6-c4a126712a4b is bound to host instance
2026-03-06 23:13:14.136 8 INFO neutron.db.ovn_revision_numbers_db [None req-19e44769-2f02-4b61-8131-57d86e26529f 1490fadcfe8b4e67b50a24cd649829dd 2ef664ef2a424c9b86b2c12d20a809c6 - - default default] Successfully bumped revision number for resource ead12775-cffc-428b-9dd6-c4a126712a4b (type: routers) to 2 [pid: 8|app: 0|req: 932/1793] 10.0.0.113 () {34 vars in 669 bytes} [Fri Mar 6 23:13:12 2026] POST /v2.0/routers => generated 965 bytes in 1490 msecs (HTTP/1.1 201) 4 headers in 162 bytes (1 switches on core 0)
2026-03-06 23:13:14.199 7 INFO neutron.plugins.ml2.plugin [None req-391168a3-05c4-49bd-a2ba-6a3fa423ecc2 - - - - - -] Attempt 1 to provision port 1cc4e287-d416-44e3-8a8c-2f4507f55e92
2026-03-06 23:13:14.337 8 WARNING neutron.scheduler.dhcp_agent_scheduler [None req-00e319db-fed6-4083-9d34-251741e51fc2 79df1a3174d7445095c2f333902c4b51 f015147eedfc46fba9c6f5a43d1edc20 - - default default] No more DHCP agents
2026-03-06 23:13:14.339 8 WARNING neutron.api.rpc.agentnotifiers.dhcp_rpc_agent_api [None req-00e319db-fed6-4083-9d34-251741e51fc2 79df1a3174d7445095c2f333902c4b51 f015147eedfc46fba9c6f5a43d1edc20 - - default default] Unable to schedule network 09681ae1-6541-454e-9765-f162ba3f2823: no agents available; will retry on subsequent port and subnet creation events.
2026-03-06 23:13:14.800 8 INFO neutron.db.ovn_revision_numbers_db [None req-13e909e9-1cfe-45e5-b3d4-0c01adc0c555 - - - - - -] Successfully bumped revision number for resource 85d045d2-0ddd-4dc8-8041-9cc1a5b1fa1d (type: ports) to 2
2026-03-06 23:13:14.815 7 INFO neutron.db.ovn_revision_numbers_db [None req-44165a89-1c97-4791-82a9-4f766a1782bb - - - - - -] Successfully bumped revision number for resource feece459-b2f5-4ff0-953c-962289abc69b (type: ports) to 2
2026-03-06 23:13:14.833 8 INFO neutron.db.ovn_revision_numbers_db [None req-13e909e9-1cfe-45e5-b3d4-0c01adc0c555 - - - - - -] Successfully bumped revision number for resource 5b64ba27-85c7-442a-ba1d-56bfda9b1070 (type: subnets) to 0 [pid: 8|app: 0|req: 933/1794] 10.0.0.113 () {34 vars in 669 bytes} [Fri Mar 6 23:13:14 2026] POST /v2.0/subnets => generated 629 bytes in 698 msecs (HTTP/1.1 201) 4 headers in 162 bytes (1 switches on core 0) [pid: 8|app: 0|req: 934/1795] 10.0.0.20 () {28 vars in 590 bytes} [Fri Mar 6 23:13:14 2026] GET /v2.0/subnetpools => generated 19 bytes in 8 msecs (HTTP/1.1 200) 4 headers in 156 bytes (1 switches on core 0)
2026-03-06 23:13:14.878 7 INFO neutron.db.ovn_revision_numbers_db [None req-44165a89-1c97-4791-82a9-4f766a1782bb - - - - - -] Successfully bumped revision number for resource 7af8e72f-92b5-44a1-a40a-2a3acca1c5df (type: subnets) to 0 [pid: 7|app: 0|req: 862/1796] 10.0.0.113 () {34 vars in 669 bytes} [Fri Mar 6 23:13:13 2026] POST /v2.0/subnets => generated 644 bytes in 1094 msecs (HTTP/1.1 201) 4 headers in 162 bytes (1 switches on core 0)
2026-03-06 23:13:15.137 8 INFO neutron.db.ovn_revision_numbers_db [None req-7351290a-4d83-4211-a0bd-2be1d11c5700 1490fadcfe8b4e67b50a24cd649829dd 2ef664ef2a424c9b86b2c12d20a809c6 - - default default] Successfully bumped revision number for resource d42a553f-e311-46e2-91ba-02b497e136aa (type: security_groups) to 1
2026-03-06 23:13:15.151 8 INFO neutron.db.ovn_revision_numbers_db [None req-7351290a-4d83-4211-a0bd-2be1d11c5700 1490fadcfe8b4e67b50a24cd649829dd 2ef664ef2a424c9b86b2c12d20a809c6 - - default default] Successfully bumped revision number for resource 894fd417-e59e-43a5-8184-9fe5eb920156 (type: security_group_rules) to 0
2026-03-06 23:13:15.163 8 INFO neutron.db.ovn_revision_numbers_db [None req-7351290a-4d83-4211-a0bd-2be1d11c5700 1490fadcfe8b4e67b50a24cd649829dd 2ef664ef2a424c9b86b2c12d20a809c6 - - default default] Successfully bumped revision number for resource e53701c4-0dbe-4318-b6a4-e03d2456a4bd (type: security_group_rules) to 0
2026-03-06 23:13:15.178 8 INFO neutron.db.ovn_revision_numbers_db [None req-7351290a-4d83-4211-a0bd-2be1d11c5700 1490fadcfe8b4e67b50a24cd649829dd 2ef664ef2a424c9b86b2c12d20a809c6 - - default default] Successfully bumped revision number for resource e9a07c23-be58-432e-b0ec-e0885aebdf4d (type: security_group_rules) to 0
2026-03-06 23:13:15.188 8 INFO neutron.db.ovn_revision_numbers_db [None req-7351290a-4d83-4211-a0bd-2be1d11c5700 1490fadcfe8b4e67b50a24cd649829dd 2ef664ef2a424c9b86b2c12d20a809c6 - - default default] Successfully bumped revision number for resource ef341a00-f6cd-4348-9417-d1e220c51e24 (type: security_group_rules) to 0 [pid: 8|app: 0|req: 935/1797] 10.0.0.113 () {32 vars in 774 bytes} [Fri Mar 6 23:13:14 2026] GET /v2.0/security-groups?tenant_id=384434d3cced493d95a61bb78d36645b&name=default => generated 2925 bytes in 366 msecs (HTTP/1.1 200) 4 headers in 158 bytes (1 switches on core 0)
2026-03-06 23:13:15.310 8 INFO neutron.db.segments_db [None req-f24e7b80-4c63-4271-a9ac-2e860613b360 79df1a3174d7445095c2f333902c4b51 f015147eedfc46fba9c6f5a43d1edc20 - - default default] Added segment 392667bb-5784-4e47-8171-fbbff0465b60 of type geneve for network 7e1b99bf-fc6c-41ce-be53-f7f92802fa56
2026-03-06 23:13:15.413 8 INFO neutron.db.ovn_revision_numbers_db [None req-f24e7b80-4c63-4271-a9ac-2e860613b360 79df1a3174d7445095c2f333902c4b51 f015147eedfc46fba9c6f5a43d1edc20 - - default default] Successfully bumped revision number for resource 7e1b99bf-fc6c-41ce-be53-f7f92802fa56 (type: networks) to 1
2026-03-06 23:13:15.570 8 WARNING neutron.scheduler.dhcp_agent_scheduler [None req-f24e7b80-4c63-4271-a9ac-2e860613b360 79df1a3174d7445095c2f333902c4b51 f015147eedfc46fba9c6f5a43d1edc20 - - default default] No more DHCP agents
2026-03-06 23:13:15.572 8 WARNING neutron.api.rpc.agentnotifiers.dhcp_rpc_agent_api [None req-f24e7b80-4c63-4271-a9ac-2e860613b360 79df1a3174d7445095c2f333902c4b51 f015147eedfc46fba9c6f5a43d1edc20 - - default default] Unable to schedule network 7e1b99bf-fc6c-41ce-be53-f7f92802fa56: no agents available; will retry on subsequent port and subnet creation events.
2026-03-06 23:13:15.681 8 INFO neutron.db.ovn_revision_numbers_db [None req-f24e7b80-4c63-4271-a9ac-2e860613b360 79df1a3174d7445095c2f333902c4b51 f015147eedfc46fba9c6f5a43d1edc20 - - default default] Successfully bumped revision number for resource c2e7ea45-3c82-4b0b-a12c-8a9fb29672b0 (type: ports) to 1 [pid: 8|app: 0|req: 936/1798] 10.0.0.113 () {34 vars in 670 bytes} [Fri Mar 6 23:13:15 2026] POST /v2.0/networks => generated 651 bytes in 482 msecs (HTTP/1.1 201) 4 headers in 162 bytes (1 switches on core 0) [pid: 8|app: 0|req: 937/1799] 10.0.0.20 () {28 vars in 598 bytes} [Fri Mar 6 23:13:15 2026] GET /v2.0/security-groups => generated 29017 bytes in 42 msecs (HTTP/1.1 200) 4 headers in 159 bytes (1 switches on core 0)
2026-03-06 23:13:15.755 8 WARNING neutron.api.v2.base [None req-2605e597-efad-4ea6-9f12-db559d237d5a 42ce66ae5a5b461a8a5c74911262f605 0acb0f826d844648bd620d7eaf5736a5 - - default default] An exception happened while processing the request body. The exception message is [Invalid input for target_tenant. Reason: 'None' is not a valid string.].: webob.exc.HTTPBadRequest: Invalid input for target_tenant. Reason: 'None' is not a valid string.
2026-03-06 23:13:15.756 8 INFO neutron.api.v2.resource [None req-2605e597-efad-4ea6-9f12-db559d237d5a 42ce66ae5a5b461a8a5c74911262f605 0acb0f826d844648bd620d7eaf5736a5 - - default default] create failed (client error): Invalid input for target_tenant. Reason: 'None' is not a valid string. [pid: 8|app: 0|req: 938/1800] 10.0.0.113 () {34 vars in 681 bytes} [Fri Mar 6 23:13:15 2026] POST /v2.0/rbac-policies => generated 143 bytes in 5 msecs (HTTP/1.1 400) 4 headers in 166 bytes (1 switches on core 0) [pid: 8|app: 0|req: 939/1801] 10.0.0.113 () {32 vars in 740 bytes} [Fri Mar 6 23:13:15 2026] DELETE /v2.0/security-groups/d42a553f-e311-46e2-91ba-02b497e136aa => generated 0 bytes in 273 msecs (HTTP/1.1 204) 2 headers in 112 bytes (1 switches on core 0)
2026-03-06 23:13:16.220 8 WARNING neutron.scheduler.dhcp_agent_scheduler [None req-d8c48b72-fa2f-450c-8562-6ddb6945a1d8 79df1a3174d7445095c2f333902c4b51 f015147eedfc46fba9c6f5a43d1edc20 - - default default] No more DHCP agents
2026-03-06 23:13:16.221 8 WARNING neutron.api.rpc.agentnotifiers.dhcp_rpc_agent_api [None req-d8c48b72-fa2f-450c-8562-6ddb6945a1d8 79df1a3174d7445095c2f333902c4b51 f015147eedfc46fba9c6f5a43d1edc20 - - default default] Unable to schedule network 7e1b99bf-fc6c-41ce-be53-f7f92802fa56: no agents available; will retry on subsequent port and subnet creation events.
2026-03-06 23:13:16.239 7 WARNING neutron.scheduler.dhcp_agent_scheduler [None req-77bd4adb-9e70-48f4-84a1-d64112220ef7 1490fadcfe8b4e67b50a24cd649829dd 2ef664ef2a424c9b86b2c12d20a809c6 - - default default] No more DHCP agents
2026-03-06 23:13:16.241 7 WARNING neutron.api.rpc.agentnotifiers.dhcp_rpc_agent_api [None req-77bd4adb-9e70-48f4-84a1-d64112220ef7 1490fadcfe8b4e67b50a24cd649829dd 2ef664ef2a424c9b86b2c12d20a809c6 - - default default] Unable to schedule network 5ca784ec-9100-4d67-a077-a461867e74ab: no agents available; will retry on subsequent port and subnet creation events.
2026-03-06 23:13:16.251 7 INFO neutron.db.ovn_revision_numbers_db [None req-0406fdb5-7e43-42f7-8562-87414dd94588 - - - - - -] Successfully bumped revision number for resource 1cc4e287-d416-44e3-8a8c-2f4507f55e92 (type: ports) to 4
2026-03-06 23:13:16.525 7 INFO neutron.db.ovn_revision_numbers_db [None req-77bd4adb-9e70-48f4-84a1-d64112220ef7 1490fadcfe8b4e67b50a24cd649829dd 2ef664ef2a424c9b86b2c12d20a809c6 - - default default] Successfully bumped revision number for resource 6b66ec59-1fb0-4f86-b527-ad7b1997adce (type: ports) to 1
2026-03-06 23:13:16.704 8 INFO neutron.db.ovn_revision_numbers_db [None req-08d67f50-05a1-49d3-aeb3-cf1dd0a3da3b - - - - - -] Successfully bumped revision number for resource c2e7ea45-3c82-4b0b-a12c-8a9fb29672b0 (type: ports) to 2
2026-03-06 23:13:16.729 8 INFO neutron.db.ovn_revision_numbers_db [None req-08d67f50-05a1-49d3-aeb3-cf1dd0a3da3b - - - - - -] Successfully bumped revision number for resource 74b0e645-2fa8-4da4-9c0c-df711bfedfd5 (type: subnets) to 0 [pid: 8|app: 0|req: 940/1802] 10.0.0.113 () {34 vars in 669 bytes} [Fri Mar 6 23:13:16 2026] POST /v2.0/subnets => generated 629 bytes in 715 msecs (HTTP/1.1 201) 4 headers in 162 bytes (1 switches on core 0) [pid: 8|app: 0|req: 941/1803] 10.0.0.20 () {28 vars in 582 bytes} [Fri Mar 6 23:13:16 2026] GET /v2.0/subnets => generated 5164 bytes in 48 msecs (HTTP/1.1 200) 4 headers in 158 bytes (1 switches on core 0)
2026-03-06 23:13:16.886 7 INFO neutron.db.ovn_revision_numbers_db [None req-0406fdb5-7e43-42f7-8562-87414dd94588 - - - - - -] Successfully bumped revision number for resource 1cc4e287-d416-44e3-8a8c-2f4507f55e92 (type: ports) to 5
2026-03-06 23:13:16.918 8 INFO neutron_taas.services.taas.taas_plugin [None req-802dbebb-cae4-4bb6-ab42-4f98faab604e 42ce66ae5a5b461a8a5c74911262f605 0acb0f826d844648bd620d7eaf5736a5 - - default default] TaaS: Handle Delete Port: feece459-b2f5-4ff0-953c-962289abc69b
2026-03-06 23:13:16.920 8 INFO neutron_taas.services.taas.tap_mirror_plugin [None req-802dbebb-cae4-4bb6-ab42-4f98faab604e 42ce66ae5a5b461a8a5c74911262f605 0acb0f826d844648bd620d7eaf5736a5 - - default default] Tap Mirror: Handle Delete Port: feece459-b2f5-4ff0-953c-962289abc69b
2026-03-06 23:13:17.194 7 INFO neutron.plugins.ml2.drivers.ovn.mech_driver.mech_driver [None req-391168a3-05c4-49bd-a2ba-6a3fa423ecc2 - - - - - -] OVN reports status down for port: c2e7ea45-3c82-4b0b-a12c-8a9fb29672b0
2026-03-06 23:13:17.212 8 INFO neutron.services.segments.plugin [-] Segment 105601f2-6df4-4c23-96e3-76cb2cd20a6c resource provider aggregate not found
2026-03-06 23:13:17.220 8 INFO neutron.services.segments.plugin [-] Segment 105601f2-6df4-4c23-96e3-76cb2cd20a6c resource provider aggregate not found
2026-03-06 23:13:17.234 8 INFO neutron.services.segments.plugin [-] Segment 105601f2-6df4-4c23-96e3-76cb2cd20a6c resource provider not found; error: Placement Client Error (4xx): {"errors": [{"status": 404, "title": "Not Found", "detail": "The resource could not be found.\n\n No resource provider with uuid 105601f2-6df4-4c23-96e3-76cb2cd20a6c found for delete ", "request_id": "req-b9aa9183-105c-4793-b926-174428fbc315"}]}
2026-03-06 23:13:17.241 8 INFO neutron.services.segments.plugin [-] Segment 105601f2-6df4-4c23-96e3-76cb2cd20a6c resource provider not found; error: Placement Client Error (4xx): {"errors": [{"status": 404, "title": "Not Found", "detail": "The resource could not be found.\n\n No resource provider with uuid 105601f2-6df4-4c23-96e3-76cb2cd20a6c found for delete ", "request_id": "req-3c648313-2269-423d-ac02-adc102fe0d39"}]} [pid: 8|app: 0|req: 942/1804] 10.0.0.113 () {32 vars in 726 bytes} [Fri Mar 6 23:13:16 2026] DELETE /v2.0/networks/cc736fd0-76ae-4826-8eeb-55b09803a7cc => generated 0 bytes in 482 msecs (HTTP/1.1 204) 3 headers in 131 bytes (1 switches on core 0)
2026-03-06 23:13:17.344 7 INFO neutron.plugins.ml2.drivers.ovn.mech_driver.mech_driver [None req-391168a3-05c4-49bd-a2ba-6a3fa423ecc2 - - - - - -] OVN reports status down for port: 6b66ec59-1fb0-4f86-b527-ad7b1997adce
2026-03-06 23:13:17.427 8 INFO neutron.db.ovn_revision_numbers_db [None req-846df06d-6b77-4c80-8994-b5d9a4a08daa 1490fadcfe8b4e67b50a24cd649829dd 2ef664ef2a424c9b86b2c12d20a809c6 - - default default] Successfully bumped revision number for resource d1f79c26-7b6b-4770-9e56-474b9f6c0adf (type: security_groups) to 1
2026-03-06 23:13:17.437 8 INFO neutron.db.ovn_revision_numbers_db [None req-846df06d-6b77-4c80-8994-b5d9a4a08daa 1490fadcfe8b4e67b50a24cd649829dd 2ef664ef2a424c9b86b2c12d20a809c6 - - default default] Successfully bumped revision number for resource 07f877ac-7642-4ad5-878b-43faba0d3958 (type: security_group_rules) to 0
2026-03-06 23:13:17.447 8 INFO neutron.db.ovn_revision_numbers_db [None req-846df06d-6b77-4c80-8994-b5d9a4a08daa 1490fadcfe8b4e67b50a24cd649829dd 2ef664ef2a424c9b86b2c12d20a809c6 - - default default] Successfully bumped revision number for resource 645d9c58-435c-45c1-b2c5-78da373f0581 (type: security_group_rules) to 0
2026-03-06 23:13:17.457 8 INFO neutron.db.ovn_revision_numbers_db [None req-846df06d-6b77-4c80-8994-b5d9a4a08daa 1490fadcfe8b4e67b50a24cd649829dd 2ef664ef2a424c9b86b2c12d20a809c6 - - default default] Successfully bumped revision number for resource 8398db78-10b2-438a-9e38-5f82b7d44a51 (type: security_group_rules) to 0
2026-03-06 23:13:17.467 8 INFO neutron.db.ovn_revision_numbers_db [None req-846df06d-6b77-4c80-8994-b5d9a4a08daa 1490fadcfe8b4e67b50a24cd649829dd 2ef664ef2a424c9b86b2c12d20a809c6 - - default default] Successfully bumped revision number for resource c95a9813-c5eb-49e6-a035-fedf418c6d9a (type: security_group_rules) to 0 [pid: 8|app: 0|req: 943/1805] 10.0.0.113 () {32 vars in 774 bytes} [Fri Mar 6 23:13:17 2026] GET /v2.0/security-groups?tenant_id=e18ded59019a49f699edf6d56bd51230&name=default => generated 2925 bytes in 228 msecs (HTTP/1.1 200) 4 headers in 158 bytes (1 switches on core 0)
2026-03-06 23:13:17.563 7 INFO neutron.plugins.ml2.drivers.ovn.mech_driver.mech_driver [None req-391168a3-05c4-49bd-a2ba-6a3fa423ecc2 - - - - - -] OVN reports status up for port: 6b66ec59-1fb0-4f86-b527-ad7b1997adce
2026-03-06 23:13:17.588 7 INFO neutron.plugins.ml2.plugin [None req-391168a3-05c4-49bd-a2ba-6a3fa423ecc2 - - - - - -] Attempt 1 to provision port 6b66ec59-1fb0-4f86-b527-ad7b1997adce
2026-03-06 23:13:17.603 8 INFO neutron.db.segments_db [None req-ac17e63f-5bde-4a15-a087-fb8bfc66ee07 79df1a3174d7445095c2f333902c4b51 f015147eedfc46fba9c6f5a43d1edc20 - - default default] Added segment a6c34d2a-899e-43ee-93a2-bd30674f1991 of type geneve for network 7b09f659-b120-4c26-bff6-2e6e1c043b94
2026-03-06 23:13:17.702 7 WARNING neutron.scheduler.dhcp_agent_scheduler [None req-77bd4adb-9e70-48f4-84a1-d64112220ef7 1490fadcfe8b4e67b50a24cd649829dd 2ef664ef2a424c9b86b2c12d20a809c6 - - default default] No more DHCP agents
2026-03-06 23:13:17.707 7 WARNING neutron.api.rpc.agentnotifiers.dhcp_rpc_agent_api [None req-77bd4adb-9e70-48f4-84a1-d64112220ef7 1490fadcfe8b4e67b50a24cd649829dd 2ef664ef2a424c9b86b2c12d20a809c6 - - default default] Unable to schedule network 5ca784ec-9100-4d67-a077-a461867e74ab: no agents available; will retry on subsequent port and subnet creation events.
2026-03-06 23:13:17.711 8 INFO neutron.db.ovn_revision_numbers_db [None req-ac17e63f-5bde-4a15-a087-fb8bfc66ee07 79df1a3174d7445095c2f333902c4b51 f015147eedfc46fba9c6f5a43d1edc20 - - default default] Successfully bumped revision number for resource 7b09f659-b120-4c26-bff6-2e6e1c043b94 (type: networks) to 1
2026-03-06 23:13:17.870 8 WARNING neutron.scheduler.dhcp_agent_scheduler [None req-ac17e63f-5bde-4a15-a087-fb8bfc66ee07 79df1a3174d7445095c2f333902c4b51 f015147eedfc46fba9c6f5a43d1edc20 - - default default] No more DHCP agents
2026-03-06 23:13:17.872 8 WARNING neutron.api.rpc.agentnotifiers.dhcp_rpc_agent_api [None req-ac17e63f-5bde-4a15-a087-fb8bfc66ee07 79df1a3174d7445095c2f333902c4b51 f015147eedfc46fba9c6f5a43d1edc20 - - default default] Unable to schedule network 7b09f659-b120-4c26-bff6-2e6e1c043b94: no agents available; will retry on subsequent port and subnet creation events.
2026-03-06 23:13:17.973 8 INFO neutron.db.ovn_revision_numbers_db [None req-ac17e63f-5bde-4a15-a087-fb8bfc66ee07 79df1a3174d7445095c2f333902c4b51 f015147eedfc46fba9c6f5a43d1edc20 - - default default] Successfully bumped revision number for resource 96b958e2-f3b5-4a27-923b-fea66e15f5b7 (type: ports) to 1 [pid: 8|app: 0|req: 944/1806] 10.0.0.113 () {34 vars in 670 bytes} [Fri Mar 6 23:13:17 2026] POST /v2.0/networks => generated 651 bytes in 492 msecs (HTTP/1.1 201) 4 headers in 162 bytes (1 switches on core 0) [pid: 8|app: 0|req: 945/1807] 10.0.0.20 () {28 vars in 578 bytes} [Fri Mar 6 23:13:17 2026] GET /v2.0/ports => generated 13492 bytes in 79 msecs (HTTP/1.1 200) 4 headers in 159 bytes (1 switches on core 0)
2026-03-06 23:13:18.150 8 INFO neutron.db.segments_db [None req-91f5491b-9e3b-46fa-b53c-db2621f3238a 42ce66ae5a5b461a8a5c74911262f605 0acb0f826d844648bd620d7eaf5736a5 - - default default] Added segment f01866fa-2de8-48cb-8eee-d2cece4e402d of type geneve for network 8b3ad1ba-8003-4bbc-b356-1be4e3fa927e
2026-03-06 23:13:18.279 8 INFO neutron.db.ovn_revision_numbers_db [None req-91f5491b-9e3b-46fa-b53c-db2621f3238a 42ce66ae5a5b461a8a5c74911262f605 0acb0f826d844648bd620d7eaf5736a5 - - default default] Successfully bumped revision number for resource 8b3ad1ba-8003-4bbc-b356-1be4e3fa927e (type: networks) to 1
2026-03-06 23:13:18.337 7 INFO neutron.db.ovn_revision_numbers_db [None req-391168a3-05c4-49bd-a2ba-6a3fa423ecc2 - - - - - -] Successfully bumped revision number for resource 6b66ec59-1fb0-4f86-b527-ad7b1997adce (type: ports) to 2
2026-03-06 23:13:18.439 8 WARNING neutron.scheduler.dhcp_agent_scheduler [None req-91f5491b-9e3b-46fa-b53c-db2621f3238a 42ce66ae5a5b461a8a5c74911262f605 0acb0f826d844648bd620d7eaf5736a5 - - default default] No more DHCP agents
2026-03-06 23:13:18.444 8 WARNING neutron.api.rpc.agentnotifiers.dhcp_rpc_agent_api [None req-91f5491b-9e3b-46fa-b53c-db2621f3238a 42ce66ae5a5b461a8a5c74911262f605 0acb0f826d844648bd620d7eaf5736a5 - - default default] Unable to schedule network 8b3ad1ba-8003-4bbc-b356-1be4e3fa927e: no agents available; will retry on subsequent port and subnet creation events.
2026-03-06 23:13:18.625 8 INFO neutron.db.ovn_revision_numbers_db [None req-91f5491b-9e3b-46fa-b53c-db2621f3238a 42ce66ae5a5b461a8a5c74911262f605 0acb0f826d844648bd620d7eaf5736a5 - - default default] Successfully bumped revision number for resource 0838bcb7-66d0-4f86-a09d-8419cefe4a58 (type: ports) to 1 [pid: 8|app: 0|req: 946/1808] 10.0.0.113 () {34 vars in 670 bytes} [Fri Mar 6 23:13:18 2026] POST /v2.0/networks => generated 748 bytes in 582 msecs (HTTP/1.1 201) 4 headers in 162 bytes (1 switches on core 0)
2026-03-06 23:13:18.677 7 INFO neutron.db.ovn_revision_numbers_db [None req-77bd4adb-9e70-48f4-84a1-d64112220ef7 1490fadcfe8b4e67b50a24cd649829dd 2ef664ef2a424c9b86b2c12d20a809c6 - - default default] Successfully bumped revision number for resource 6b66ec59-1fb0-4f86-b527-ad7b1997adce (type: router_ports) to 1 [pid: 7|app: 0|req: 863/1809] 10.0.0.113 () {34 vars in 783 bytes} [Fri Mar 6 23:13:14 2026] PUT /v2.0/routers/ead12775-cffc-428b-9dd6-c4a126712a4b/add_router_interface => generated 309 bytes in 3779 msecs (HTTP/1.1 200) 4 headers in 157 bytes (1 switches on core 0)
2026-03-06 23:13:18.885 7 WARNING neutron.scheduler.dhcp_agent_scheduler [None req-1d477d20-73a9-42fc-9dbc-cf35a508b7aa 79df1a3174d7445095c2f333902c4b51 f015147eedfc46fba9c6f5a43d1edc20 - - default default] No more DHCP agents
2026-03-06 23:13:18.887 7 WARNING neutron.api.rpc.agentnotifiers.dhcp_rpc_agent_api [None req-1d477d20-73a9-42fc-9dbc-cf35a508b7aa 79df1a3174d7445095c2f333902c4b51 f015147eedfc46fba9c6f5a43d1edc20 - - default default] Unable to schedule network 7b09f659-b120-4c26-bff6-2e6e1c043b94: no agents available; will retry on subsequent port and subnet creation events. [pid: 8|app: 0|req: 947/1810] 10.0.0.113 () {32 vars in 740 bytes} [Fri Mar 6 23:13:18 2026] DELETE /v2.0/security-groups/d1f79c26-7b6b-4770-9e56-474b9f6c0adf => generated 0 bytes in 294 msecs (HTTP/1.1 204) 2 headers in 112 bytes (1 switches on core 0) [pid: 8|app: 0|req: 948/1811] 10.0.0.20 () {28 vars in 582 bytes} [Fri Mar 6 23:13:18 2026] GET /v2.0/routers => generated 974 bytes in 70 msecs (HTTP/1.1 200) 4 headers in 157 bytes (1 switches on core 0)
2026-03-06 23:13:19.154 8 WARNING neutron.scheduler.dhcp_agent_scheduler [None req-c6eeefd2-e084-4ee4-a862-5524359b4812 42ce66ae5a5b461a8a5c74911262f605 0acb0f826d844648bd620d7eaf5736a5 - - default default] No more DHCP agents
2026-03-06 23:13:19.156 8 WARNING neutron.api.rpc.agentnotifiers.dhcp_rpc_agent_api [None req-c6eeefd2-e084-4ee4-a862-5524359b4812 42ce66ae5a5b461a8a5c74911262f605 0acb0f826d844648bd620d7eaf5736a5 - - default default] Unable to schedule network 8b3ad1ba-8003-4bbc-b356-1be4e3fa927e: no agents available; will retry on subsequent port and subnet creation events.
2026-03-06 23:13:19.356 7 INFO neutron.db.ovn_revision_numbers_db [None req-50520b6d-be06-4398-ab39-5870dc716406 - - - - - -] Successfully bumped revision number for resource 96b958e2-f3b5-4a27-923b-fea66e15f5b7 (type: ports) to 2
2026-03-06 23:13:19.386 7 INFO neutron.db.ovn_revision_numbers_db [None req-50520b6d-be06-4398-ab39-5870dc716406 - - - - - -] Successfully bumped revision number for resource fe0455c3-f4f2-490c-bad4-c10f9c75b661 (type: subnets) to 0 [pid: 7|app: 0|req: 864/1812] 10.0.0.113 () {34 vars in 669 bytes} [Fri Mar 6 23:13:18 2026] POST /v2.0/subnets => generated 629 bytes in 718 msecs (HTTP/1.1 201) 4 headers in 162 bytes (1 switches on core 0) [pid: 7|app: 0|req: 865/1813] 10.0.0.20 () {28 vars in 623 bytes} [Fri Mar 6 23:13:19 2026] GET /v2.0/agents?binary=ovn-controller => generated 416 bytes in 9 msecs (HTTP/1.1 200) 4 headers in 157 bytes (1 switches on core 0) [pid: 7|app: 0|req: 866/1814] 10.0.0.113 () {34 vars in 751 bytes} [Fri Mar 6 23:13:19 2026] PUT /v2.0/subnets/75e2a35d-f2e8-4fd5-a5c4-dc25baf6552e/tags => generated 17 bytes in 88 msecs (HTTP/1.1 200) 4 headers in 156 bytes (1 switches on core 0) [pid: 7|app: 0|req: 867/1815] 10.0.0.20 () {28 vars in 618 bytes} [Fri Mar 6 23:13:19 2026] GET /v2.0/network-ip-availabilities => generated 4066 bytes in 26 msecs (HTTP/1.1 200) 4 headers in 158 bytes (1 switches on core 0) [pid: 7|app: 0|req: 868/1816] 10.0.0.113 () {34 vars in 751 bytes} [Fri Mar 6 23:13:19 2026] PUT /v2.0/subnets/b54f439a-03d9-4cae-9b88-0a29fc532d10/tags => generated 25 bytes in 47 msecs (HTTP/1.1 200) 4 headers in 156 bytes (1 switches on core 0) [pid: 7|app: 0|req: 869/1817] 10.0.0.20 () {28 vars in 590 bytes} [Fri Mar 6 23:13:19 2026] GET /v2.0/floatingips => generated 19 bytes in 39 msecs (HTTP/1.1 200) 4 headers in 156 bytes (1 switches on core 0)
2026-03-06 23:13:19.638 8 INFO neutron.db.ovn_revision_numbers_db [None req-e759bfbe-b787-4354-ad18-60664df40a16 - - - - - -] Successfully bumped revision number for resource 0838bcb7-66d0-4f86-a09d-8419cefe4a58 (type: ports) to 2
2026-03-06 23:13:19.662 8 INFO neutron.db.ovn_revision_numbers_db [None req-e759bfbe-b787-4354-ad18-60664df40a16 - - - - - -] Successfully bumped revision number for resource e4f8596b-bc02-4d01-8e0d-594c2a7af56d (type: subnets) to 0 [pid: 8|app: 0|req: 949/1818] 10.0.0.113 () {34 vars in 669 bytes} [Fri Mar 6 23:13:19 2026] POST /v2.0/subnets => generated 647 bytes in 649 msecs (HTTP/1.1 201) 4 headers in 162 bytes (1 switches on core 0) [pid: 7|app: 0|req: 870/1819] 10.0.0.113 () {34 vars in 751 bytes} [Fri Mar 6 23:13:19 2026] PUT /v2.0/subnets/5b64ba27-85c7-442a-ba1d-56bfda9b1070/tags => generated 34 bytes in 66 msecs (HTTP/1.1 200) 4 headers in 156 bytes (1 switches on core 0)
2026-03-06 23:13:19.686 7 WARNING neutron.api.v2.base [None req-011de1d5-bd03-4f41-b64b-fee148e3780e 42ce66ae5a5b461a8a5c74911262f605 0acb0f826d844648bd620d7eaf5736a5 - - default default] An exception happened while processing the request body. The exception message is [Invalid input for target_tenant. Reason: '1234123412341234123412341234123412341234123412341234123412341234123412341234123412341234123412341234123412341234123412341234123412341234123412341234123412341234123412341234123412341234123412341234123412341234123412341234123412341234123412341234123412341234123412341234123412341234123412341234123412341234123412341234123412341234123412341234123412341234123412341234123412341234123412341234123412341234' exceeds maximum length of 255.].: webob.exc.HTTPBadRequest: Invalid input for target_tenant. Reason: '1234123412341234123412341234123412341234123412341234123412341234123412341234123412341234123412341234123412341234123412341234123412341234123412341234123412341234123412341234123412341234123412341234123412341234123412341234123412341234123412341234123412341234123412341234123412341234123412341234123412341234123412341234123412341234123412341234123412341234123412341234123412341234123412341234123412341234' exceeds maximum length of 255.
2026-03-06 23:13:19.687 7 INFO neutron.api.v2.resource [None req-011de1d5-bd03-4f41-b64b-fee148e3780e 42ce66ae5a5b461a8a5c74911262f605 0acb0f826d844648bd620d7eaf5736a5 - - default default] create failed (client error): Invalid input for target_tenant. Reason: '1234123412341234123412341234123412341234123412341234123412341234123412341234123412341234123412341234123412341234123412341234123412341234123412341234123412341234123412341234123412341234123412341234123412341234123412341234123412341234123412341234123412341234123412341234123412341234123412341234123412341234123412341234123412341234123412341234123412341234123412341234123412341234123412341234123412341234' exceeds maximum length of 255. [pid: 7|app: 0|req: 871/1820] 10.0.0.113 () {34 vars in 681 bytes} [Fri Mar 6 23:13:19 2026] POST /v2.0/rbac-policies => generated 547 bytes in 8 msecs (HTTP/1.1 400) 4 headers in 166 bytes (1 switches on core 0) [pid: 8|app: 0|req: 950/1821] 10.0.0.20 () {28 vars in 584 bytes} [Fri Mar 6 23:13:19 2026] GET /v2.0/networks => generated 7777 bytes in 70 msecs (HTTP/1.1 200) 4 headers in 158 bytes (1 switches on core 0) [pid: 7|app: 0|req: 872/1822] 10.0.0.113 () {34 vars in 751 bytes} [Fri Mar 6 23:13:19 2026] PUT /v2.0/subnets/74b0e645-2fa8-4da4-9c0c-df711bfedfd5/tags => generated 19 bytes in 57 msecs (HTTP/1.1 200) 4 headers in 156 bytes (1 switches on core 0)
2026-03-06 23:13:19.922 8 INFO neutron_taas.services.taas.taas_plugin [None req-7dbdf71e-34cf-4340-97e1-df5c33469aa9 42ce66ae5a5b461a8a5c74911262f605 0acb0f826d844648bd620d7eaf5736a5 - - default default] TaaS: Handle Delete Port: 0838bcb7-66d0-4f86-a09d-8419cefe4a58
2026-03-06 23:13:19.924 8 INFO neutron_taas.services.taas.tap_mirror_plugin [None req-7dbdf71e-34cf-4340-97e1-df5c33469aa9 42ce66ae5a5b461a8a5c74911262f605 0acb0f826d844648bd620d7eaf5736a5 - - default default] Tap Mirror: Handle Delete Port: 0838bcb7-66d0-4f86-a09d-8419cefe4a58
2026-03-06 23:13:19.925 7 INFO neutron.db.ovn_revision_numbers_db [None req-e5e3c3e8-3150-4478-8b49-1001250d53b6 1490fadcfe8b4e67b50a24cd649829dd 2ef664ef2a424c9b86b2c12d20a809c6 - - default default] Successfully bumped revision number for resource ffe5cdc3-93d1-4197-ab39-0b33624209a5 (type: security_groups) to 1
2026-03-06 23:13:19.934 7 INFO neutron.db.ovn_revision_numbers_db [None req-e5e3c3e8-3150-4478-8b49-1001250d53b6 1490fadcfe8b4e67b50a24cd649829dd 2ef664ef2a424c9b86b2c12d20a809c6 - - default default] Successfully bumped revision number for resource 5bdde570-78a9-4942-9016-079123927f64 (type: security_group_rules) to 0
2026-03-06 23:13:19.949 7 INFO neutron.db.ovn_revision_numbers_db [None req-e5e3c3e8-3150-4478-8b49-1001250d53b6 1490fadcfe8b4e67b50a24cd649829dd 2ef664ef2a424c9b86b2c12d20a809c6 - - default default] Successfully bumped revision number for resource 83029837-98b3-4580-a3d8-3b231162b5c5 (type: security_group_rules) to 0
2026-03-06 23:13:19.961 7 INFO neutron.db.ovn_revision_numbers_db [None req-e5e3c3e8-3150-4478-8b49-1001250d53b6 1490fadcfe8b4e67b50a24cd649829dd 2ef664ef2a424c9b86b2c12d20a809c6 - - default default] Successfully bumped revision number for resource d9ed18fd-dff1-489f-b453-5037e9581e49 (type: security_group_rules) to 0
2026-03-06 23:13:19.972 7 INFO neutron.db.ovn_revision_numbers_db [None req-e5e3c3e8-3150-4478-8b49-1001250d53b6 1490fadcfe8b4e67b50a24cd649829dd 2ef664ef2a424c9b86b2c12d20a809c6 - - default default] Successfully bumped revision number for resource e1975888-db76-4723-bae2-3f5b3b476031 (type: security_group_rules) to 0
2026-03-06 23:13:20.059 7 INFO neutron.db.segments_db [None req-e5e3c3e8-3150-4478-8b49-1001250d53b6 1490fadcfe8b4e67b50a24cd649829dd 2ef664ef2a424c9b86b2c12d20a809c6 - - default default] Added segment ea4b041b-2197-400c-bc5a-ddcc0c19da9a of type geneve for network 3d050e90-118a-4bf5-bd3f-6ba63df9dabc
2026-03-06 23:13:20.186 7 INFO neutron.db.ovn_revision_numbers_db [None req-e5e3c3e8-3150-4478-8b49-1001250d53b6 1490fadcfe8b4e67b50a24cd649829dd 2ef664ef2a424c9b86b2c12d20a809c6 - - default default] Successfully bumped revision number for resource 3d050e90-118a-4bf5-bd3f-6ba63df9dabc (type: networks) to 1
2026-03-06 23:13:20.234 8 INFO neutron.services.segments.plugin [-] Segment f01866fa-2de8-48cb-8eee-d2cece4e402d resource provider aggregate not found
2026-03-06 23:13:20.236 8 INFO neutron.services.segments.plugin [-] Segment f01866fa-2de8-48cb-8eee-d2cece4e402d resource provider aggregate not found
2026-03-06 23:13:20.246 8 INFO neutron.services.segments.plugin [-] Segment f01866fa-2de8-48cb-8eee-d2cece4e402d resource provider not found; error: Placement Client Error (4xx): {"errors": [{"status": 404, "title": "Not Found", "detail": "The resource could not be found.\n\n No resource provider with uuid f01866fa-2de8-48cb-8eee-d2cece4e402d found for delete ", "request_id": "req-3f809767-50c2-48d7-804c-f07cf9410825"}]}
2026-03-06 23:13:20.254 8 INFO neutron.services.segments.plugin [-] Segment f01866fa-2de8-48cb-8eee-d2cece4e402d resource provider not found; error: Placement Client Error (4xx): {"errors": [{"status": 404, "title": "Not Found", "detail": "The resource could not be found.\n\n No resource provider with uuid f01866fa-2de8-48cb-8eee-d2cece4e402d found for delete ", "request_id": "req-f9847a38-b7fb-4f2a-8302-4f47796f7a96"}]} [pid: 8|app: 0|req: 951/1823] 10.0.0.113 () {32 vars in 726 bytes} [Fri Mar 6 23:13:19 2026] DELETE /v2.0/networks/8b3ad1ba-8003-4bbc-b356-1be4e3fa927e => generated 0 bytes in 536 msecs (HTTP/1.1 204) 3 headers in 131 bytes (1 switches on core 0) [pid: 8|app: 0|req: 952/1824] 10.0.0.113 () {32 vars in 664 bytes} [Fri Mar 6 23:13:20 2026] GET /v2.0/subnets?tags=red => generated 1904 bytes in 39 msecs (HTTP/1.1 200) 4 headers in 158 bytes (1 switches on core 0)
2026-03-06 23:13:20.345 7 WARNING neutron.scheduler.dhcp_agent_scheduler [None req-e5e3c3e8-3150-4478-8b49-1001250d53b6 1490fadcfe8b4e67b50a24cd649829dd 2ef664ef2a424c9b86b2c12d20a809c6 - - default default] No more DHCP agents
2026-03-06 23:13:20.347 7 WARNING neutron.api.rpc.agentnotifiers.dhcp_rpc_agent_api [None req-e5e3c3e8-3150-4478-8b49-1001250d53b6 1490fadcfe8b4e67b50a24cd649829dd 2ef664ef2a424c9b86b2c12d20a809c6 - - default default] Unable to schedule network 3d050e90-118a-4bf5-bd3f-6ba63df9dabc: no agents available; will retry on subsequent port and subnet creation events.
2026-03-06 23:13:20.403 8 INFO neutron.db.segments_db [None req-bd37ff48-a52b-46d4-91f9-0c10a54ba1fc 42ce66ae5a5b461a8a5c74911262f605 0acb0f826d844648bd620d7eaf5736a5 - - default default] Added segment f59603de-42d9-4bf7-88d4-7b7c04e58702 of type geneve for network 73edb720-e0aa-451b-b31a-2f21bd2491e6
2026-03-06 23:13:20.454 7 INFO neutron.db.ovn_revision_numbers_db [None req-e5e3c3e8-3150-4478-8b49-1001250d53b6 1490fadcfe8b4e67b50a24cd649829dd 2ef664ef2a424c9b86b2c12d20a809c6 - - default default] Successfully bumped revision number for resource d08294ed-7ca5-400c-bcf9-ddab1b9f85be (type: ports) to 1 [pid: 7|app: 0|req: 873/1825] 10.0.0.113 () {34 vars in 671 bytes} [Fri Mar 6 23:13:19 2026] POST /v2.0/networks => generated 762 bytes in 735 msecs (HTTP/1.1 201) 4 headers in 162 bytes (1 switches on core 0)
2026-03-06 23:13:20.524 8 INFO neutron.db.ovn_revision_numbers_db [None req-bd37ff48-a52b-46d4-91f9-0c10a54ba1fc 42ce66ae5a5b461a8a5c74911262f605 0acb0f826d844648bd620d7eaf5736a5 - - default default] Successfully bumped revision number for resource 73edb720-e0aa-451b-b31a-2f21bd2491e6 (type: networks) to 1 [pid: 7|app: 0|req: 874/1826] 10.0.0.113 () {32 vars in 678 bytes} [Fri Mar 6 23:13:20 2026] GET /v2.0/subnets?tags=red%2Cblue => generated 1283 bytes in 82 msecs (HTTP/1.1 200) 4 headers in 158 bytes (1 switches on core 0)
2026-03-06 23:13:20.670 8 WARNING neutron.scheduler.dhcp_agent_scheduler [None req-bd37ff48-a52b-46d4-91f9-0c10a54ba1fc 42ce66ae5a5b461a8a5c74911262f605 0acb0f826d844648bd620d7eaf5736a5 - - default default] No more DHCP agents
2026-03-06 23:13:20.672 8 WARNING neutron.api.rpc.agentnotifiers.dhcp_rpc_agent_api [None req-bd37ff48-a52b-46d4-91f9-0c10a54ba1fc 42ce66ae5a5b461a8a5c74911262f605 0acb0f826d844648bd620d7eaf5736a5 - - default default] Unable to schedule network 73edb720-e0aa-451b-b31a-2f21bd2491e6: no agents available; will retry on subsequent port and subnet creation events.
2026-03-06 23:13:20.683 7 WARNING neutron.scheduler.dhcp_agent_scheduler [None req-7fb6781f-aacf-4876-bd60-37412c042e38 1490fadcfe8b4e67b50a24cd649829dd 2ef664ef2a424c9b86b2c12d20a809c6 - - default default] No more DHCP agents
2026-03-06 23:13:20.684 7 WARNING neutron.api.rpc.agentnotifiers.dhcp_rpc_agent_api [None req-7fb6781f-aacf-4876-bd60-37412c042e38 1490fadcfe8b4e67b50a24cd649829dd 2ef664ef2a424c9b86b2c12d20a809c6 - - default default] Unable to schedule network 3d050e90-118a-4bf5-bd3f-6ba63df9dabc: no agents available; will retry on subsequent port and subnet creation events.
2026-03-06 23:13:20.768 8 INFO neutron.db.ovn_revision_numbers_db [None req-bd37ff48-a52b-46d4-91f9-0c10a54ba1fc 42ce66ae5a5b461a8a5c74911262f605 0acb0f826d844648bd620d7eaf5736a5 - - default default] Successfully bumped revision number for resource ccb8523f-55c3-4111-aec1-c6a0b53678e5 (type: ports) to 1 [pid: 8|app: 0|req: 953/1827] 10.0.0.113 () {34 vars in 670 bytes} [Fri Mar 6 23:13:20 2026] POST /v2.0/networks => generated 747 bytes in 467 msecs (HTTP/1.1 201) 4 headers in 162 bytes (1 switches on core 0) [pid: 8|app: 0|req: 954/1828] 10.0.0.113 () {32 vars in 674 bytes} [Fri Mar 6 23:13:20 2026] GET /v2.0/subnets?tags-any=blue => generated 1283 bytes in 39 msecs (HTTP/1.1 200) 4 headers in 158 bytes (1 switches on core 0)
2026-03-06 23:13:20.942 8 WARNING neutron.scheduler.dhcp_agent_scheduler [None req-d2a2784f-ab59-48ff-8df7-97ad82133dc1 42ce66ae5a5b461a8a5c74911262f605 0acb0f826d844648bd620d7eaf5736a5 - - default default] No more DHCP agents
2026-03-06 23:13:20.943 8 WARNING neutron.api.rpc.agentnotifiers.dhcp_rpc_agent_api [None req-d2a2784f-ab59-48ff-8df7-97ad82133dc1 42ce66ae5a5b461a8a5c74911262f605 0acb0f826d844648bd620d7eaf5736a5 - - default default] Unable to schedule network 73edb720-e0aa-451b-b31a-2f21bd2491e6: no agents available; will retry on subsequent port and subnet creation events.
2026-03-06 23:13:21.192 7 INFO neutron.db.ovn_revision_numbers_db [None req-afaf3d55-dc86-428a-b3ce-1cbb93c2c95b - - - - - -] Successfully bumped revision number for resource d08294ed-7ca5-400c-bcf9-ddab1b9f85be (type: ports) to 2
2026-03-06 23:13:21.217 7 INFO neutron.db.ovn_revision_numbers_db [None req-afaf3d55-dc86-428a-b3ce-1cbb93c2c95b - - - - - -] Successfully bumped revision number for resource 2edd15e1-3280-4905-8da7-bb3a05f5ad86 (type: subnets) to 0 [pid: 7|app: 0|req: 875/1829] 10.0.0.113 () {34 vars in 669 bytes} [Fri Mar 6 23:13:20 2026] POST /v2.0/subnets => generated 687 bytes in 668 msecs (HTTP/1.1 201) 4 headers in 162 bytes (1 switches on core 0) [pid: 7|app: 0|req: 876/1830] 10.0.0.113 () {32 vars in 686 bytes} [Fri Mar 6 23:13:21 2026] GET /v2.0/subnets?tags-any=red%2Cblue => generated 1904 bytes in 60 msecs (HTTP/1.1 200) 4 headers in 158 bytes (1 switches on core 0)
2026-03-06 23:13:21.429 8 INFO neutron.db.ovn_revision_numbers_db [None req-6c34867a-49a4-4489-8df8-aacb6e391c67 - - - - - -] Successfully bumped revision number for resource ccb8523f-55c3-4111-aec1-c6a0b53678e5 (type: ports) to 2
2026-03-06 23:13:21.452 8 INFO neutron.db.ovn_revision_numbers_db [None req-6c34867a-49a4-4489-8df8-aacb6e391c67 - - - - - -] Successfully bumped revision number for resource 976e20a1-62a8-40f8-a9d7-53ddac5b4f83 (type: subnets) to 0 [pid: 8|app: 0|req: 955/1831] 10.0.0.113 () {34 vars in 669 bytes} [Fri Mar 6 23:13:20 2026] POST /v2.0/subnets => generated 647 bytes in 638 msecs (HTTP/1.1 201) 4 headers in 162 bytes (1 switches on core 0) [pid: 8|app: 0|req: 956/1832] 10.0.0.113 () {32 vars in 672 bytes} [Fri Mar 6 23:13:21 2026] GET /v2.0/subnets?not-tags=red => generated 1894 bytes in 67 msecs (HTTP/1.1 200) 4 headers in 158 bytes (1 switches on core 0)
2026-03-06 23:13:21.746 7 WARNING neutron.scheduler.dhcp_agent_scheduler [None req-51dfabb5-ac11-4af1-abf6-98d5b5cc2e8d 1490fadcfe8b4e67b50a24cd649829dd 2ef664ef2a424c9b86b2c12d20a809c6 - - default default] No more DHCP agents
2026-03-06 23:13:21.747 7 WARNING neutron.api.rpc.agentnotifiers.dhcp_rpc_agent_api [None req-51dfabb5-ac11-4af1-abf6-98d5b5cc2e8d 1490fadcfe8b4e67b50a24cd649829dd 2ef664ef2a424c9b86b2c12d20a809c6 - - default default] Unable to schedule network 4264e0f5-bcd0-4e5c-975e-f3fc74549382: no agents available; will retry on subsequent port and subnet creation events. [pid: 8|app: 0|req: 957/1833] 10.0.0.113 () {34 vars in 681 bytes} [Fri Mar 6 23:13:21 2026] POST /v2.0/rbac-policies => generated 324 bytes in 221 msecs (HTTP/1.1 201) 4 headers in 162 bytes (1 switches on core 0) [pid: 8|app: 0|req: 958/1834] 10.0.0.113 () {32 vars in 686 bytes} [Fri Mar 6 23:13:21 2026] GET /v2.0/subnets?not-tags=red%2Cblue => generated 2515 bytes in 39 msecs (HTTP/1.1 200) 4 headers in 158 bytes (1 switches on core 0) [pid: 8|app: 0|req: 961/1837] 10.0.0.113 () {32 vars in 682 bytes} [Fri Mar 6 23:13:21 2026] GET /v2.0/subnets?not-tags-any=blue => generated 2515 bytes in 62 msecs (HTTP/1.1 200) 4 headers in 158 bytes (1 switches on core 0) [pid: 8|app: 0|req: 962/1838] 10.0.0.113 () {32 vars in 694 bytes} [Fri Mar 6 23:13:21 2026] GET /v2.0/subnets?not-tags-any=red%2Cblue => generated 1894 bytes in 46 msecs (HTTP/1.1 200) 4 headers in 158 bytes (1 switches on core 0)
2026-03-06 23:13:21.929 7 INFO neutron.db.ovn_revision_numbers_db [None req-51dfabb5-ac11-4af1-abf6-98d5b5cc2e8d 1490fadcfe8b4e67b50a24cd649829dd 2ef664ef2a424c9b86b2c12d20a809c6 - - default default] Successfully bumped revision number for resource 40913126-bc32-4b3c-8795-317fe1e02816 (type: ports) to 1 [pid: 8|app: 0|req: 963/1839] 10.0.0.113 () {32 vars in 724 bytes} [Fri Mar 6 23:13:21 2026] DELETE /v2.0/subnets/75e2a35d-f2e8-4fd5-a5c4-dc25baf6552e => generated 0 bytes in 143 msecs (HTTP/1.1 204) 3 headers in 131 bytes (1 switches on core 0) [pid: 8|app: 0|req: 964/1840] 10.0.0.113 () {32 vars in 724 bytes} [Fri Mar 6 23:13:22 2026] DELETE /v2.0/subnets/b54f439a-03d9-4cae-9b88-0a29fc532d10 => generated 0 bytes in 170 msecs (HTTP/1.1 204) 3 headers in 131 bytes (1 switches on core 0) [pid: 8|app: 0|req: 965/1841] 10.0.0.113 () {32 vars in 723 bytes} [Fri Mar 6 23:13:22 2026] GET /v2.0/networks/73edb720-e0aa-451b-b31a-2f21bd2491e6 => generated 691 bytes in 175 msecs (HTTP/1.1 200) 4 headers in 157 bytes (1 switches on core 0)
2026-03-06 23:13:22.583 7 INFO neutron.plugins.ml2.drivers.ovn.mech_driver.ovsdb.commands [-] Schedule LRP lrp-40913126-bc32-4b3c-8795-317fe1e02816 on gateway a5e9f1bf-854c-4786-88de-09039f2d6298 with priority 1 [pid: 8|app: 0|req: 966/1842] 10.0.0.113 () {32 vars in 724 bytes} [Fri Mar 6 23:13:22 2026] DELETE /v2.0/subnets/5b64ba27-85c7-442a-ba1d-56bfda9b1070 => generated 0 bytes in 198 msecs (HTTP/1.1 204) 3 headers in 131 bytes (1 switches on core 0)
2026-03-06 23:13:22.714 7 INFO neutron.plugins.ml2.drivers.ovn.mech_driver.ovsdb.ovsdb_monitor [None req-0406fdb5-7e43-42f7-8562-87414dd94588 - - - - - -] Router 98374e51-b6f1-439d-bf35-fc0ab272c37b is bound to host instance
2026-03-06 23:13:22.769 7 INFO neutron.db.ovn_revision_numbers_db [None req-51dfabb5-ac11-4af1-abf6-98d5b5cc2e8d 1490fadcfe8b4e67b50a24cd649829dd 2ef664ef2a424c9b86b2c12d20a809c6 - - default default] Successfully bumped revision number for resource 40913126-bc32-4b3c-8795-317fe1e02816 (type: router_ports) to 1 [pid: 8|app: 0|req: 967/1843] 10.0.0.113 () {32 vars in 724 bytes} [Fri Mar 6 23:13:22 2026] DELETE /v2.0/subnets/74b0e645-2fa8-4da4-9c0c-df711bfedfd5 => generated 0 bytes in 258 msecs (HTTP/1.1 204) 3 headers in 131 bytes (1 switches on core 0)
2026-03-06 23:13:22.894 7 INFO neutron.db.ovn_revision_numbers_db [None req-51dfabb5-ac11-4af1-abf6-98d5b5cc2e8d 1490fadcfe8b4e67b50a24cd649829dd 2ef664ef2a424c9b86b2c12d20a809c6 - - default default] Successfully bumped revision number for resource 98374e51-b6f1-439d-bf35-fc0ab272c37b (type: routers) to 2 [pid: 7|app: 0|req: 877/1844] 10.0.0.113 () {34 vars in 669 bytes} [Fri Mar 6 23:13:21 2026] POST /v2.0/routers => generated 965 bytes in 1631 msecs (HTTP/1.1 201) 4 headers in 162 bytes (1 switches on core 0)
2026-03-06 23:13:23.017 8 INFO neutron.pecan_wsgi.hooks.translation [None req-57c9fcea-5dff-4bcc-9090-8d8123709ba3 3071954adec547e1a545bdce11312ef4 f0220f427d654d6b989a79ad6ab56cb1 - - default default] GET failed (client error): The resource could not be found. [pid: 8|app: 0|req: 968/1845] 10.0.0.113 () {32 vars in 723 bytes} [Fri Mar 6 23:13:22 2026] GET /v2.0/networks/73edb720-e0aa-451b-b31a-2f21bd2491e6 => generated 138 bytes in 138 msecs (HTTP/1.1 404) 4 headers in 164 bytes (1 switches on core 0) [pid: 7|app: 0|req: 878/1846] 10.0.0.113 () {32 vars in 724 bytes} [Fri Mar 6 23:13:22 2026] DELETE /v2.0/subnets/fe0455c3-f4f2-490c-bad4-c10f9c75b661 => generated 0 bytes in 283 msecs (HTTP/1.1 204) 3 headers in 131 bytes (1 switches on core 0)
2026-03-06 23:13:23.415 8 WARNING neutron.scheduler.dhcp_agent_scheduler [None req-7db5f13c-70c3-4d28-9df0-6a25bc5f0804 1490fadcfe8b4e67b50a24cd649829dd 2ef664ef2a424c9b86b2c12d20a809c6 - - default default] No more DHCP agents
2026-03-06 23:13:23.416 8 WARNING neutron.api.rpc.agentnotifiers.dhcp_rpc_agent_api [None req-7db5f13c-70c3-4d28-9df0-6a25bc5f0804 1490fadcfe8b4e67b50a24cd649829dd 2ef664ef2a424c9b86b2c12d20a809c6 - - default default] Unable to schedule network 3d050e90-118a-4bf5-bd3f-6ba63df9dabc: no agents available; will retry on subsequent port and subnet creation events.
2026-03-06 23:13:23.442 7 INFO neutron_taas.services.taas.taas_plugin [None req-0d3e09e8-66b3-4a5f-863c-b93694a50f5c 42ce66ae5a5b461a8a5c74911262f605 0acb0f826d844648bd620d7eaf5736a5 - - default default] TaaS: Handle Delete Port: ccb8523f-55c3-4111-aec1-c6a0b53678e5
