2026-03-06 23:13:23.448 7 INFO neutron_taas.services.taas.tap_mirror_plugin [None req-0d3e09e8-66b3-4a5f-863c-b93694a50f5c 42ce66ae5a5b461a8a5c74911262f605 0acb0f826d844648bd620d7eaf5736a5 - - default default] Tap Mirror: Handle Delete Port: ccb8523f-55c3-4111-aec1-c6a0b53678e5
2026-03-06 23:13:23.562 8 INFO neutron.db.ovn_revision_numbers_db [None req-7db5f13c-70c3-4d28-9df0-6a25bc5f0804 1490fadcfe8b4e67b50a24cd649829dd 2ef664ef2a424c9b86b2c12d20a809c6 - - default default] Successfully bumped revision number for resource c850fa0a-462f-4ecc-941b-8dbb8331cc8c (type: ports) to 1
2026-03-06 23:13:24.039 7 INFO neutron.db.ovn_revision_numbers_db [None req-02a48c01-a243-4e5f-b3c3-5a3ccd43cd79 - - - - - -] Successfully bumped revision number for resource 40913126-bc32-4b3c-8795-317fe1e02816 (type: ports) to 4
2026-03-06 23:13:24.095 7 INFO neutron.services.segments.plugin [-] Segment f59603de-42d9-4bf7-88d4-7b7c04e58702 resource provider aggregate not found
2026-03-06 23:13:24.099 7 INFO neutron.services.segments.plugin [-] Segment f59603de-42d9-4bf7-88d4-7b7c04e58702 resource provider aggregate not found
2026-03-06 23:13:24.115 7 INFO neutron.services.segments.plugin [-] Segment f59603de-42d9-4bf7-88d4-7b7c04e58702 resource provider not found; error: Placement Client Error (4xx): {"errors": [{"status": 404, "title": "Not Found", "detail": "The resource could not be found.\n\n No resource provider with uuid f59603de-42d9-4bf7-88d4-7b7c04e58702 found for delete ", "request_id": "req-5406aa02-f39c-4036-a7d7-1c38cc418189"}]}
2026-03-06 23:13:24.132 7 INFO neutron.services.segments.plugin [-] Segment f59603de-42d9-4bf7-88d4-7b7c04e58702 resource provider not found; error: Placement Client Error (4xx): {"errors": [{"status": 404, "title": "Not Found", "detail": "The resource could not be found.\n\n No resource provider with uuid f59603de-42d9-4bf7-88d4-7b7c04e58702 found for delete ", "request_id": "req-84bf5587-8b6f-4c91-b236-29ea54336ef1"}]} [pid: 7|app: 0|req: 879/1847] 10.0.0.113 () {32 vars in 726 bytes} [Fri Mar 6 23:13:23 2026] DELETE /v2.0/networks/73edb720-e0aa-451b-b31a-2f21bd2491e6 => generated 0 bytes in 1006 msecs (HTTP/1.1 204) 3 headers in 131 bytes (1 switches on core 0)
2026-03-06 23:13:24.258 7 WARNING neutron.plugins.ml2.drivers.ovn.mech_driver.ovsdb.ovn_client [None req-068dbd29-75be-44a2-a130-fb94b6ae5e7e - - - - - -] No hosting information found for port 6b66ec59-1fb0-4f86-b527-ad7b1997adce: RuntimeError: No hosting information found for port 6b66ec59-1fb0-4f86-b527-ad7b1997adce
2026-03-06 23:13:24.259 7 INFO neutron.plugins.ml2.drivers.ovn.mech_driver.mech_driver [None req-068dbd29-75be-44a2-a130-fb94b6ae5e7e - - - - - -] OVN reports status down for port: 96b958e2-f3b5-4a27-923b-fea66e15f5b7
2026-03-06 23:13:24.309 8 WARNING neutron.scheduler.dhcp_agent_scheduler [None req-7db5f13c-70c3-4d28-9df0-6a25bc5f0804 1490fadcfe8b4e67b50a24cd649829dd 2ef664ef2a424c9b86b2c12d20a809c6 - - default default] No more DHCP agents
2026-03-06 23:13:24.310 8 WARNING neutron.api.rpc.agentnotifiers.dhcp_rpc_agent_api [None req-7db5f13c-70c3-4d28-9df0-6a25bc5f0804 1490fadcfe8b4e67b50a24cd649829dd 2ef664ef2a424c9b86b2c12d20a809c6 - - default default] Unable to schedule network 3d050e90-118a-4bf5-bd3f-6ba63df9dabc: no agents available; will retry on subsequent port and subnet creation events.
2026-03-06 23:13:24.556 7 INFO neutron_taas.services.taas.taas_plugin [None req-04514240-1c73-459b-9d03-4bde5d513606 79df1a3174d7445095c2f333902c4b51 f015147eedfc46fba9c6f5a43d1edc20 - - default default] TaaS: Handle Delete Port: f584b15d-f742-4a8e-b619-8d45e139cf44
2026-03-06 23:13:24.565 7 INFO neutron_taas.services.taas.tap_mirror_plugin [None req-04514240-1c73-459b-9d03-4bde5d513606 79df1a3174d7445095c2f333902c4b51 f015147eedfc46fba9c6f5a43d1edc20 - - default default] Tap Mirror: Handle Delete Port: f584b15d-f742-4a8e-b619-8d45e139cf44
2026-03-06 23:13:24.769 7 INFO neutron.db.ovn_revision_numbers_db [None req-068dbd29-75be-44a2-a130-fb94b6ae5e7e - - - - - -] Successfully bumped revision number for resource 6b66ec59-1fb0-4f86-b527-ad7b1997adce (type: router_ports) to 2
2026-03-06 23:13:24.775 8 INFO neutron.db.ovn_revision_numbers_db [None req-7db5f13c-70c3-4d28-9df0-6a25bc5f0804 1490fadcfe8b4e67b50a24cd649829dd 2ef664ef2a424c9b86b2c12d20a809c6 - - default default] Successfully bumped revision number for resource c850fa0a-462f-4ecc-941b-8dbb8331cc8c (type: router_ports) to 1
2026-03-06 23:13:24.777 7 INFO neutron.plugins.ml2.drivers.ovn.mech_driver.mech_driver [None req-068dbd29-75be-44a2-a130-fb94b6ae5e7e - - - - - -] OVN reports status down for port: 0838bcb7-66d0-4f86-a09d-8419cefe4a58 [pid: 8|app: 0|req: 969/1848] 10.0.0.113 () {34 vars in 783 bytes} [Fri Mar 6 23:13:23 2026] PUT /v2.0/routers/98374e51-b6f1-439d-bf35-fc0ab272c37b/add_router_interface => generated 309 bytes in 1762 msecs (HTTP/1.1 200) 4 headers in 157 bytes (1 switches on core 0)
2026-03-06 23:13:24.933 7 INFO neutron.plugins.ml2.drivers.ovn.mech_driver.mech_driver [None req-068dbd29-75be-44a2-a130-fb94b6ae5e7e - - - - - -] OVN reports status down for port: d08294ed-7ca5-400c-bcf9-ddab1b9f85be
2026-03-06 23:13:25.030 7 INFO neutron.db.ovn_revision_numbers_db [None req-02a48c01-a243-4e5f-b3c3-5a3ccd43cd79 - - - - - -] Successfully bumped revision number for resource 40913126-bc32-4b3c-8795-317fe1e02816 (type: ports) to 5
2026-03-06 23:13:25.046 8 INFO neutron.db.ovn_revision_numbers_db [None req-16a12bc3-a06b-405a-8c02-11bb26beb837 1490fadcfe8b4e67b50a24cd649829dd 2ef664ef2a424c9b86b2c12d20a809c6 - - default default] Successfully bumped revision number for resource 67f71828-dc49-4fb2-9e25-c7838e0ba3fc (type: security_groups) to 1
2026-03-06 23:13:25.060 8 INFO neutron.db.ovn_revision_numbers_db [None req-16a12bc3-a06b-405a-8c02-11bb26beb837 1490fadcfe8b4e67b50a24cd649829dd 2ef664ef2a424c9b86b2c12d20a809c6 - - default default] Successfully bumped revision number for resource 506dca10-4f3a-4901-bb1f-05850fa6e410 (type: security_group_rules) to 0
2026-03-06 23:13:25.070 8 INFO neutron.db.ovn_revision_numbers_db [None req-16a12bc3-a06b-405a-8c02-11bb26beb837 1490fadcfe8b4e67b50a24cd649829dd 2ef664ef2a424c9b86b2c12d20a809c6 - - default default] Successfully bumped revision number for resource 57c85aec-9dc6-4120-8407-c8e6998b77fa (type: security_group_rules) to 0
2026-03-06 23:13:25.080 8 INFO neutron.db.ovn_revision_numbers_db [None req-16a12bc3-a06b-405a-8c02-11bb26beb837 1490fadcfe8b4e67b50a24cd649829dd 2ef664ef2a424c9b86b2c12d20a809c6 - - default default] Successfully bumped revision number for resource abadb478-7290-49a2-b142-31435ee8f901 (type: security_group_rules) to 0
2026-03-06 23:13:25.091 8 INFO neutron.db.ovn_revision_numbers_db [None req-16a12bc3-a06b-405a-8c02-11bb26beb837 1490fadcfe8b4e67b50a24cd649829dd 2ef664ef2a424c9b86b2c12d20a809c6 - - default default] Successfully bumped revision number for resource b26d38be-80ff-4dbf-9ed3-723a894a4458 (type: security_group_rules) to 0 [pid: 8|app: 0|req: 970/1849] 10.0.0.113 () {32 vars in 774 bytes} [Fri Mar 6 23:13:24 2026] GET /v2.0/security-groups?tenant_id=fbff7855aa374492a444e7d44cb15963&name=default => generated 2925 bytes in 345 msecs (HTTP/1.1 200) 4 headers in 158 bytes (1 switches on core 0)
2026-03-06 23:13:25.136 8 INFO neutron.pecan_wsgi.hooks.translation [None req-4fc108c9-fe84-406b-b7db-86f11705d981 42ce66ae5a5b461a8a5c74911262f605 0acb0f826d844648bd620d7eaf5736a5 - - default default] DELETE failed (client error): The resource could not be found. [pid: 8|app: 0|req: 971/1850] 10.0.0.113 () {32 vars in 724 bytes} [Fri Mar 6 23:13:25 2026] DELETE /v2.0/subnets/7af8e72f-92b5-44a1-a40a-2a3acca1c5df => generated 136 bytes in 11 msecs (HTTP/1.1 404) 4 headers in 164 bytes (1 switches on core 0)
2026-03-06 23:13:25.152 7 INFO neutron.plugins.ml2.drivers.ovn.mech_driver.mech_driver [None req-068dbd29-75be-44a2-a130-fb94b6ae5e7e - - - - - -] OVN reports status down for port: ccb8523f-55c3-4111-aec1-c6a0b53678e5
2026-03-06 23:13:25.169 7 INFO neutron.plugins.ml2.drivers.ovn.mech_driver.mech_driver [None req-068dbd29-75be-44a2-a130-fb94b6ae5e7e - - - - - -] OVN reports status down for port: 40913126-bc32-4b3c-8795-317fe1e02816 [pid: 8|app: 0|req: 972/1851] 10.0.0.113 () {32 vars in 740 bytes} [Fri Mar 6 23:13:25 2026] DELETE /v2.0/security-groups/67f71828-dc49-4fb2-9e25-c7838e0ba3fc => generated 0 bytes in 279 msecs (HTTP/1.1 204) 2 headers in 112 bytes (1 switches on core 0)
2026-03-06 23:13:25.427 8 INFO neutron.pecan_wsgi.hooks.translation [None req-52c98c4f-d14e-45c6-b26c-afff031de5e2 42ce66ae5a5b461a8a5c74911262f605 0acb0f826d844648bd620d7eaf5736a5 - - default default] DELETE failed (client error): The resource could not be found. [pid: 8|app: 0|req: 973/1852] 10.0.0.113 () {32 vars in 724 bytes} [Fri Mar 6 23:13:25 2026] DELETE /v2.0/subnets/e4f8596b-bc02-4d01-8e0d-594c2a7af56d => generated 136 bytes in 11 msecs (HTTP/1.1 404) 4 headers in 164 bytes (1 switches on core 0) [pid: 7|app: 0|req: 880/1853] 10.0.0.113 () {32 vars in 726 bytes} [Fri Mar 6 23:13:24 2026] DELETE /v2.0/networks/909d3f91-ac21-49ec-88dd-a881f4d5ec3a => generated 0 bytes in 1287 msecs (HTTP/1.1 204) 3 headers in 131 bytes (1 switches on core 0)
2026-03-06 23:13:25.537 7 INFO neutron.pecan_wsgi.hooks.translation [None req-08231fba-1ec2-4258-abdc-698b11ef160f 42ce66ae5a5b461a8a5c74911262f605 0acb0f826d844648bd620d7eaf5736a5 - - default default] DELETE failed (client error): The resource could not be found. [pid: 7|app: 0|req: 881/1854] 10.0.0.113 () {32 vars in 724 bytes} [Fri Mar 6 23:13:25 2026] DELETE /v2.0/subnets/976e20a1-62a8-40f8-a9d7-53ddac5b4f83 => generated 136 bytes in 36 msecs (HTTP/1.1 404) 4 headers in 164 bytes (1 switches on core 0)
2026-03-06 23:13:25.576 8 INFO neutron.db.ovn_revision_numbers_db [None req-5cbda3d8-38a9-4bc6-b38f-f8ff1368f544 edfb3936612545fcbc032f14f9e8e43e bfa149a3a32042a7b020de5ecff02504 - - default default] Successfully bumped revision number for resource 4a963175-d362-45d6-ad7e-86683ef030dc (type: security_groups) to 1
2026-03-06 23:13:25.588 8 INFO neutron.db.ovn_revision_numbers_db [None req-5cbda3d8-38a9-4bc6-b38f-f8ff1368f544 edfb3936612545fcbc032f14f9e8e43e bfa149a3a32042a7b020de5ecff02504 - - default default] Successfully bumped revision number for resource 385a2b40-03bb-4c94-a80c-35c6755592be (type: security_group_rules) to 0
2026-03-06 23:13:25.600 8 INFO neutron.db.ovn_revision_numbers_db [None req-5cbda3d8-38a9-4bc6-b38f-f8ff1368f544 edfb3936612545fcbc032f14f9e8e43e bfa149a3a32042a7b020de5ecff02504 - - default default] Successfully bumped revision number for resource 61f43057-5644-4fb5-ba57-e4c11a67e6e7 (type: security_group_rules) to 0 [pid: 8|app: 0|req: 974/1855] 10.0.0.113 () {34 vars in 685 bytes} [Fri Mar 6 23:13:25 2026] POST /v2.0/security-groups => generated 1675 bytes in 204 msecs (HTTP/1.1 201) 4 headers in 163 bytes (1 switches on core 0)
2026-03-06 23:13:25.796 7 INFO neutron.db.ovn_revision_numbers_db [None req-068dbd29-75be-44a2-a130-fb94b6ae5e7e - - - - - -] Successfully bumped revision number for resource 40913126-bc32-4b3c-8795-317fe1e02816 (type: ports) to 6
2026-03-06 23:13:25.804 8 INFO neutron.db.ovn_revision_numbers_db [None req-19dff2b2-a40b-48e3-8521-cbc740b664dc 1490fadcfe8b4e67b50a24cd649829dd 2ef664ef2a424c9b86b2c12d20a809c6 - - default default] Successfully bumped revision number for resource 8018ad11-3ce4-45ce-a905-c6fc689b02b0 (type: security_groups) to 1
2026-03-06 23:13:25.814 8 INFO neutron.db.ovn_revision_numbers_db [None req-19dff2b2-a40b-48e3-8521-cbc740b664dc 1490fadcfe8b4e67b50a24cd649829dd 2ef664ef2a424c9b86b2c12d20a809c6 - - default default] Successfully bumped revision number for resource 45485c46-50f9-48e0-9c9b-3a07a5a466b3 (type: security_group_rules) to 0
2026-03-06 23:13:25.824 8 INFO neutron.db.ovn_revision_numbers_db [None req-19dff2b2-a40b-48e3-8521-cbc740b664dc 1490fadcfe8b4e67b50a24cd649829dd 2ef664ef2a424c9b86b2c12d20a809c6 - - default default] Successfully bumped revision number for resource 5e8c516b-2d6f-4916-a28f-c16c9d5410ab (type: security_group_rules) to 0
2026-03-06 23:13:25.835 8 INFO neutron.db.ovn_revision_numbers_db [None req-19dff2b2-a40b-48e3-8521-cbc740b664dc 1490fadcfe8b4e67b50a24cd649829dd 2ef664ef2a424c9b86b2c12d20a809c6 - - default default] Successfully bumped revision number for resource a93f6221-71fe-458a-b1bf-dab53474d373 (type: security_group_rules) to 0
2026-03-06 23:13:25.846 8 INFO neutron.db.ovn_revision_numbers_db [None req-19dff2b2-a40b-48e3-8521-cbc740b664dc 1490fadcfe8b4e67b50a24cd649829dd 2ef664ef2a424c9b86b2c12d20a809c6 - - default default] Successfully bumped revision number for resource d2402e4e-ddca-4df2-b60a-4534190f3abb (type: security_group_rules) to 0 [pid: 8|app: 0|req: 975/1856] 10.0.0.113 () {32 vars in 774 bytes} [Fri Mar 6 23:13:25 2026] GET /v2.0/security-groups?tenant_id=0398d1a8724440d1bc1d72ad57df35be&name=default => generated 2925 bytes in 249 msecs (HTTP/1.1 200) 4 headers in 158 bytes (1 switches on core 0)
2026-03-06 23:13:25.885 7 INFO neutron_taas.services.taas.taas_plugin [None req-1f3dd06d-d7dc-425e-b307-11cb10829495 79df1a3174d7445095c2f333902c4b51 f015147eedfc46fba9c6f5a43d1edc20 - - default default] TaaS: Handle Delete Port: 6b096e72-24fb-4afd-b55b-c4016fe850e7
2026-03-06 23:13:25.889 7 INFO neutron_taas.services.taas.tap_mirror_plugin [None req-1f3dd06d-d7dc-425e-b307-11cb10829495 79df1a3174d7445095c2f333902c4b51 f015147eedfc46fba9c6f5a43d1edc20 - - default default] Tap Mirror: Handle Delete Port: 6b096e72-24fb-4afd-b55b-c4016fe850e7
2026-03-06 23:13:25.898 7 WARNING neutron.plugins.ml2.drivers.ovn.mech_driver.ovsdb.ovn_client [None req-5c65c7c1-7217-473a-b7e5-f66ac9b084db - - - - - -] Logical_Switch_Port %s host information not removed, the port state is up
2026-03-06 23:13:25.900 7 INFO neutron.plugins.ml2.drivers.ovn.mech_driver.mech_driver [None req-5c65c7c1-7217-473a-b7e5-f66ac9b084db - - - - - -] OVN reports status up for port: 40913126-bc32-4b3c-8795-317fe1e02816
2026-03-06 23:13:25.922 7 INFO neutron.plugins.ml2.plugin [None req-5c65c7c1-7217-473a-b7e5-f66ac9b084db - - - - - -] Attempt 1 to provision port 40913126-bc32-4b3c-8795-317fe1e02816
2026-03-06 23:13:26.005 8 INFO neutron.db.ovn_revision_numbers_db [None req-f06567eb-d5dc-4801-9e59-1df7ee48f64c edfb3936612545fcbc032f14f9e8e43e bfa149a3a32042a7b020de5ecff02504 - - default default] Successfully bumped revision number for resource f25458e7-6979-4284-90f6-ad690932364e (type: security_group_rules) to 0 [pid: 8|app: 0|req: 976/1857] 10.0.0.113 () {34 vars in 695 bytes} [Fri Mar 6 23:13:25 2026] POST /v2.0/security-group-rules => generated 597 bytes in 148 msecs (HTTP/1.1 201) 4 headers in 162 bytes (1 switches on core 0)
2026-03-06 23:13:26.139 7 INFO neutron.services.segments.plugin [-] Segment a8fcf0c3-c4c3-43ac-ba9f-b19092601f6a resource provider aggregate not found
2026-03-06 23:13:26.153 7 INFO neutron.services.segments.plugin [-] Segment a8fcf0c3-c4c3-43ac-ba9f-b19092601f6a resource provider aggregate not found
2026-03-06 23:13:26.170 7 INFO neutron.services.segments.plugin [-] Segment a8fcf0c3-c4c3-43ac-ba9f-b19092601f6a resource provider not found; error: Placement Client Error (4xx): {"errors": [{"status": 404, "title": "Not Found", "detail": "The resource could not be found.\n\n No resource provider with uuid a8fcf0c3-c4c3-43ac-ba9f-b19092601f6a found for delete ", "request_id": "req-050d79e7-9055-495f-9abd-a50d936c5cac"}]}
2026-03-06 23:13:26.175 7 INFO neutron.services.segments.plugin [-] Segment a8fcf0c3-c4c3-43ac-ba9f-b19092601f6a resource provider not found; error: Placement Client Error (4xx): {"errors": [{"status": 404, "title": "Not Found", "detail": "The resource could not be found.\n\n No resource provider with uuid a8fcf0c3-c4c3-43ac-ba9f-b19092601f6a found for delete ", "request_id": "req-144a786e-5ee9-47b0-83e6-3cfc0f75e0e2"}]} [pid: 8|app: 0|req: 977/1858] 10.0.0.113 () {32 vars in 740 bytes} [Fri Mar 6 23:13:26 2026] DELETE /v2.0/security-groups/8018ad11-3ce4-45ce-a905-c6fc689b02b0 => generated 0 bytes in 280 msecs (HTTP/1.1 204) 2 headers in 112 bytes (1 switches on core 0) [pid: 7|app: 0|req: 882/1859] 10.0.0.113 () {32 vars in 726 bytes} [Fri Mar 6 23:13:25 2026] DELETE /v2.0/networks/3cbd4e2b-49b6-42e1-b27c-3b99b627c3fa => generated 0 bytes in 865 msecs (HTTP/1.1 204) 3 headers in 131 bytes (1 switches on core 0)
2026-03-06 23:13:26.456 8 INFO neutron.db.ovn_revision_numbers_db [None req-ed603d12-0711-409e-ba50-f77b5f37d914 edfb3936612545fcbc032f14f9e8e43e bfa149a3a32042a7b020de5ecff02504 - - default default] Successfully bumped revision number for resource f8ef9110-f036-489c-96ba-7a767edd9f2a (type: security_group_rules) to 0
2026-03-06 23:13:26.487 7 INFO neutron.db.ovn_revision_numbers_db [None req-5c65c7c1-7217-473a-b7e5-f66ac9b084db - - - - - -] Successfully bumped revision number for resource 40913126-bc32-4b3c-8795-317fe1e02816 (type: ports) to 7 [pid: 8|app: 0|req: 978/1860] 10.0.0.113 () {34 vars in 695 bytes} [Fri Mar 6 23:13:26 2026] POST /v2.0/security-group-rules => generated 596 bytes in 186 msecs (HTTP/1.1 201) 4 headers in 162 bytes (1 switches on core 0)
2026-03-06 23:13:26.588 7 INFO neutron.plugins.ml2.drivers.ovn.mech_driver.mech_driver [None req-ad0f23eb-2033-4776-b3e0-03d0b79be3af - - - - - -] OVN reports status down for port: c850fa0a-462f-4ecc-941b-8dbb8331cc8c
2026-03-06 23:13:26.630 8 INFO neutron_taas.services.taas.taas_plugin [None req-7ac05a5c-2dfb-4119-a476-11edaae2a376 79df1a3174d7445095c2f333902c4b51 f015147eedfc46fba9c6f5a43d1edc20 - - default default] TaaS: Handle Delete Port: 85d045d2-0ddd-4dc8-8041-9cc1a5b1fa1d
2026-03-06 23:13:26.635 8 INFO neutron_taas.services.taas.tap_mirror_plugin [None req-7ac05a5c-2dfb-4119-a476-11edaae2a376 79df1a3174d7445095c2f333902c4b51 f015147eedfc46fba9c6f5a43d1edc20 - - default default] Tap Mirror: Handle Delete Port: 85d045d2-0ddd-4dc8-8041-9cc1a5b1fa1d
2026-03-06 23:13:26.642 7 WARNING neutron.plugins.ml2.drivers.ovn.mech_driver.ovsdb.ovn_client [None req-ad0f23eb-2033-4776-b3e0-03d0b79be3af - - - - - -] Logical_Switch_Port %s host information not removed, the port state is up
2026-03-06 23:13:26.643 7 INFO neutron.plugins.ml2.drivers.ovn.mech_driver.mech_driver [None req-ad0f23eb-2033-4776-b3e0-03d0b79be3af - - - - - -] OVN reports status up for port: c850fa0a-462f-4ecc-941b-8dbb8331cc8c
2026-03-06 23:13:26.651 7 INFO neutron.plugins.ml2.plugin [None req-ad0f23eb-2033-4776-b3e0-03d0b79be3af - - - - - -] Attempt 1 to provision port c850fa0a-462f-4ecc-941b-8dbb8331cc8c [pid: 7|app: 0|req: 883/1861] 10.0.0.113 () {32 vars in 774 bytes} [Fri Mar 6 23:13:26 2026] GET /v2.0/security-groups?tenant_id=0acb0f826d844648bd620d7eaf5736a5&name=default => generated 2925 bytes in 325 msecs (HTTP/1.1 200) 4 headers in 158 bytes (1 switches on core 0)
2026-03-06 23:13:26.844 8 INFO neutron.services.segments.plugin [-] Segment 4c807311-4f0d-4bfb-81ca-85419153935d resource provider aggregate not found
2026-03-06 23:13:26.851 8 INFO neutron.services.segments.plugin [-] Segment 4c807311-4f0d-4bfb-81ca-85419153935d resource provider aggregate not found
2026-03-06 23:13:26.869 8 INFO neutron.services.segments.plugin [-] Segment 4c807311-4f0d-4bfb-81ca-85419153935d resource provider not found; error: Placement Client Error (4xx): {"errors": [{"status": 404, "title": "Not Found", "detail": "The resource could not be found.\n\n No resource provider with uuid 4c807311-4f0d-4bfb-81ca-85419153935d found for delete ", "request_id": "req-18ffbcd0-102f-49e3-8239-71d206753437"}]}
2026-03-06 23:13:26.870 8 INFO neutron.services.segments.plugin [-] Segment 4c807311-4f0d-4bfb-81ca-85419153935d resource provider not found; error: Placement Client Error (4xx): {"errors": [{"status": 404, "title": "Not Found", "detail": "The resource could not be found.\n\n No resource provider with uuid 4c807311-4f0d-4bfb-81ca-85419153935d found for delete ", "request_id": "req-bd779b8d-6b3f-498a-aba5-709c3de5c8ec"}]} [pid: 8|app: 0|req: 979/1862] 10.0.0.113 () {32 vars in 726 bytes} [Fri Mar 6 23:13:26 2026] DELETE /v2.0/networks/09681ae1-6541-454e-9765-f162ba3f2823 => generated 0 bytes in 412 msecs (HTTP/1.1 204) 3 headers in 131 bytes (1 switches on core 0)
2026-03-06 23:13:27.101 7 INFO neutron.db.ovn_revision_numbers_db [None req-d6994ee4-da84-4cbb-9694-7c890831b201 edfb3936612545fcbc032f14f9e8e43e bfa149a3a32042a7b020de5ecff02504 - - default default] Successfully bumped revision number for resource 6d06a48d-a87b-4767-b513-6eda7e1895e7 (type: security_group_rules) to 0 [pid: 7|app: 0|req: 884/1863] 10.0.0.113 () {34 vars in 695 bytes} [Fri Mar 6 23:13:26 2026] POST /v2.0/security-group-rules => generated 602 bytes in 425 msecs (HTTP/1.1 201) 4 headers in 162 bytes (1 switches on core 0) [pid: 8|app: 0|req: 980/1864] 10.0.0.113 () {32 vars in 740 bytes} [Fri Mar 6 23:13:26 2026] DELETE /v2.0/security-groups/0dfce1d3-9962-43df-b75e-8f658d3e7c2e => generated 0 bytes in 257 msecs (HTTP/1.1 204) 2 headers in 112 bytes (1 switches on core 0)
2026-03-06 23:13:27.327 8 INFO neutron.db.ovn_revision_numbers_db [None req-67e71983-d7f7-40cb-8c9a-b4286e7b6c78 edfb3936612545fcbc032f14f9e8e43e bfa149a3a32042a7b020de5ecff02504 - - default default] Successfully bumped revision number for resource 37adf9b6-8ab7-42b5-a8a1-a0f89bfe298d (type: security_group_rules) to 0 [pid: 8|app: 0|req: 981/1865] 10.0.0.113 () {34 vars in 695 bytes} [Fri Mar 6 23:13:27 2026] POST /v2.0/security-group-rules => generated 601 bytes in 194 msecs (HTTP/1.1 201) 4 headers in 162 bytes (1 switches on core 0)
2026-03-06 23:13:27.464 7 INFO neutron_taas.services.taas.taas_plugin [None req-84e6883e-a488-4d11-94b3-c14bd325d455 79df1a3174d7445095c2f333902c4b51 f015147eedfc46fba9c6f5a43d1edc20 - - default default] TaaS: Handle Delete Port: c2e7ea45-3c82-4b0b-a12c-8a9fb29672b0
2026-03-06 23:13:27.473 7 INFO neutron_taas.services.taas.tap_mirror_plugin [None req-84e6883e-a488-4d11-94b3-c14bd325d455 79df1a3174d7445095c2f333902c4b51 f015147eedfc46fba9c6f5a43d1edc20 - - default default] Tap Mirror: Handle Delete Port: c2e7ea45-3c82-4b0b-a12c-8a9fb29672b0
2026-03-06 23:13:27.514 7 INFO neutron.db.ovn_revision_numbers_db [None req-ad0f23eb-2033-4776-b3e0-03d0b79be3af - - - - - -] Successfully bumped revision number for resource c850fa0a-462f-4ecc-941b-8dbb8331cc8c (type: ports) to 2
2026-03-06 23:13:27.542 8 INFO neutron.db.ovn_revision_numbers_db [None req-b3e20ab9-631d-485d-89ee-45f0cb2656da 1490fadcfe8b4e67b50a24cd649829dd 2ef664ef2a424c9b86b2c12d20a809c6 - - default default] Successfully bumped revision number for resource c5dad1f5-8b01-4040-b12c-cc7c07ac186a (type: security_groups) to 1
2026-03-06 23:13:27.558 8 INFO neutron.db.ovn_revision_numbers_db [None req-b3e20ab9-631d-485d-89ee-45f0cb2656da 1490fadcfe8b4e67b50a24cd649829dd 2ef664ef2a424c9b86b2c12d20a809c6 - - default default] Successfully bumped revision number for resource 05636fa1-ac1d-4b7e-8909-da3331f63c47 (type: security_group_rules) to 0
2026-03-06 23:13:27.570 8 INFO neutron.db.ovn_revision_numbers_db [None req-b3e20ab9-631d-485d-89ee-45f0cb2656da 1490fadcfe8b4e67b50a24cd649829dd 2ef664ef2a424c9b86b2c12d20a809c6 - - default default] Successfully bumped revision number for resource 0b35cb0c-78ed-4c28-9de2-55a89974002b (type: security_group_rules) to 0
2026-03-06 23:13:27.589 8 INFO neutron.db.ovn_revision_numbers_db [None req-b3e20ab9-631d-485d-89ee-45f0cb2656da 1490fadcfe8b4e67b50a24cd649829dd 2ef664ef2a424c9b86b2c12d20a809c6 - - default default] Successfully bumped revision number for resource 8c248380-34db-4ee6-846b-e98210a54cd6 (type: security_group_rules) to 0
2026-03-06 23:13:27.602 8 INFO neutron.db.ovn_revision_numbers_db [None req-b3e20ab9-631d-485d-89ee-45f0cb2656da 1490fadcfe8b4e67b50a24cd649829dd 2ef664ef2a424c9b86b2c12d20a809c6 - - default default] Successfully bumped revision number for resource bc38c396-36dd-40af-9b14-7fc37f1258be (type: security_group_rules) to 0 [pid: 8|app: 0|req: 982/1866] 10.0.0.113 () {32 vars in 774 bytes} [Fri Mar 6 23:13:27 2026] GET /v2.0/security-groups?tenant_id=65cea803a774467d8aebf4d9940ecbdb&name=default => generated 2925 bytes in 277 msecs (HTTP/1.1 200) 4 headers in 158 bytes (1 switches on core 0)
2026-03-06 23:13:27.674 8 INFO neutron.db.securitygroups_db [None req-e978ebaf-29f7-473b-91ee-e180e2683a73 edfb3936612545fcbc032f14f9e8e43e bfa149a3a32042a7b020de5ecff02504 - - default default] Project bfa149a3a32042a7b020de5ecff02504 added a security group rule with legacy IPv6 ICMP protocol name icmp, ipv6-icmp should be used instead. It was automatically converted.
2026-03-06 23:13:27.809 8 INFO neutron.db.ovn_revision_numbers_db [None req-e978ebaf-29f7-473b-91ee-e180e2683a73 edfb3936612545fcbc032f14f9e8e43e bfa149a3a32042a7b020de5ecff02504 - - default default] Successfully bumped revision number for resource 047b4845-15f7-4fda-a978-fb31c511f3ce (type: security_group_rules) to 0 [pid: 8|app: 0|req: 983/1867] 10.0.0.113 () {34 vars in 695 bytes} [Fri Mar 6 23:13:27 2026] POST /v2.0/security-group-rules => generated 607 bytes in 196 msecs (HTTP/1.1 201) 4 headers in 162 bytes (1 switches on core 0) [pid: 7|app: 0|req: 885/1868] 10.0.0.113 () {32 vars in 726 bytes} [Fri Mar 6 23:13:27 2026] DELETE /v2.0/networks/7e1b99bf-fc6c-41ce-be53-f7f92802fa56 => generated 0 bytes in 732 msecs (HTTP/1.1 204) 3 headers in 131 bytes (1 switches on core 0)
2026-03-06 23:13:27.921 7 INFO neutron.db.securitygroups_db [None req-546dd142-5677-46d7-bcd7-580bbba620a2 edfb3936612545fcbc032f14f9e8e43e bfa149a3a32042a7b020de5ecff02504 - - default default] Project bfa149a3a32042a7b020de5ecff02504 added a security group rule with legacy IPv6 ICMP protocol name icmp, ipv6-icmp should be used instead. It was automatically converted.
2026-03-06 23:13:28.075 7 INFO neutron.db.ovn_revision_numbers_db [None req-546dd142-5677-46d7-bcd7-580bbba620a2 edfb3936612545fcbc032f14f9e8e43e bfa149a3a32042a7b020de5ecff02504 - - default default] Successfully bumped revision number for resource bdccffab-6f9d-4e6c-baff-3f286ba8bea1 (type: security_group_rules) to 0 [pid: 8|app: 0|req: 984/1869] 10.0.0.113 () {32 vars in 740 bytes} [Fri Mar 6 23:13:27 2026] DELETE /v2.0/security-groups/c5dad1f5-8b01-4040-b12c-cc7c07ac186a => generated 0 bytes in 271 msecs (HTTP/1.1 204) 2 headers in 112 bytes (1 switches on core 0) [pid: 7|app: 0|req: 886/1870] 10.0.0.113 () {34 vars in 695 bytes} [Fri Mar 6 23:13:27 2026] POST /v2.0/security-group-rules => generated 606 bytes in 220 msecs (HTTP/1.1 201) 4 headers in 162 bytes (1 switches on core 0)
2026-03-06 23:13:28.188 7 INFO neutron.services.segments.plugin [-] Segment 4eca48aa-083d-4b0a-ba91-871be1115232 resource provider aggregate not found
2026-03-06 23:13:28.193 7 INFO neutron.services.segments.plugin [-] Segment 4eca48aa-083d-4b0a-ba91-871be1115232 resource provider aggregate not found
2026-03-06 23:13:28.202 7 INFO neutron.services.segments.plugin [-] Segment 4eca48aa-083d-4b0a-ba91-871be1115232 resource provider not found; error: Placement Client Error (4xx): {"errors": [{"status": 404, "title": "Not Found", "detail": "The resource could not be found.\n\n No resource provider with uuid 4eca48aa-083d-4b0a-ba91-871be1115232 found for delete ", "request_id": "req-104c48bf-f592-4725-9025-558ffd812c81"}]}
2026-03-06 23:13:28.213 7 INFO neutron.services.segments.plugin [-] Segment 4eca48aa-083d-4b0a-ba91-871be1115232 resource provider not found; error: Placement Client Error (4xx): {"errors": [{"status": 404, "title": "Not Found", "detail": "The resource could not be found.\n\n No resource provider with uuid 4eca48aa-083d-4b0a-ba91-871be1115232 found for delete ", "request_id": "req-abeae6a9-31b0-46ed-98ce-2ecf1842f731"}]}
2026-03-06 23:13:28.221 7 INFO neutron.services.segments.plugin [-] Segment 392667bb-5784-4e47-8171-fbbff0465b60 resource provider aggregate not found
2026-03-06 23:13:28.224 8 INFO neutron_taas.services.taas.taas_plugin [None req-1fa10829-f8b4-4a5b-9557-716c8868ee5e 79df1a3174d7445095c2f333902c4b51 f015147eedfc46fba9c6f5a43d1edc20 - - default default] TaaS: Handle Delete Port: 96b958e2-f3b5-4a27-923b-fea66e15f5b7
2026-03-06 23:13:28.226 7 INFO neutron.services.segments.plugin [-] Segment 392667bb-5784-4e47-8171-fbbff0465b60 resource provider aggregate not found
2026-03-06 23:13:28.227 8 INFO neutron_taas.services.taas.tap_mirror_plugin [None req-1fa10829-f8b4-4a5b-9557-716c8868ee5e 79df1a3174d7445095c2f333902c4b51 f015147eedfc46fba9c6f5a43d1edc20 - - default default] Tap Mirror: Handle Delete Port: 96b958e2-f3b5-4a27-923b-fea66e15f5b7
2026-03-06 23:13:28.238 7 INFO neutron.services.segments.plugin [-] Segment 392667bb-5784-4e47-8171-fbbff0465b60 resource provider not found; error: Placement Client Error (4xx): {"errors": [{"status": 404, "title": "Not Found", "detail": "The resource could not be found.\n\n No resource provider with uuid 392667bb-5784-4e47-8171-fbbff0465b60 found for delete ", "request_id": "req-89e7fc02-350f-4b24-90a2-800d18fc0646"}]}
2026-03-06 23:13:28.242 7 INFO neutron.services.segments.plugin [-] Segment 392667bb-5784-4e47-8171-fbbff0465b60 resource provider not found; error: Placement Client Error (4xx): {"errors": [{"status": 404, "title": "Not Found", "detail": "The resource could not be found.\n\n No resource provider with uuid 392667bb-5784-4e47-8171-fbbff0465b60 found for delete ", "request_id": "req-304b05b1-97c9-436f-b36c-e852bea47daa"}]}
2026-03-06 23:13:28.371 7 INFO neutron.db.ovn_revision_numbers_db [None req-62dc65a2-b57e-47c1-9176-ef3c773b59a2 1490fadcfe8b4e67b50a24cd649829dd 2ef664ef2a424c9b86b2c12d20a809c6 - - default default] Successfully bumped revision number for resource eed80163-b969-431b-a2a4-6292deadef46 (type: security_groups) to 1
2026-03-06 23:13:28.390 7 INFO neutron.db.ovn_revision_numbers_db [None req-62dc65a2-b57e-47c1-9176-ef3c773b59a2 1490fadcfe8b4e67b50a24cd649829dd 2ef664ef2a424c9b86b2c12d20a809c6 - - default default] Successfully bumped revision number for resource 63a51ab0-0c60-4cd0-abca-250bf3b8a740 (type: security_group_rules) to 0
2026-03-06 23:13:28.403 7 INFO neutron.db.ovn_revision_numbers_db [None req-62dc65a2-b57e-47c1-9176-ef3c773b59a2 1490fadcfe8b4e67b50a24cd649829dd 2ef664ef2a424c9b86b2c12d20a809c6 - - default default] Successfully bumped revision number for resource 9aef6530-f8a1-4e72-8313-f19566d14ceb (type: security_group_rules) to 0
2026-03-06 23:13:28.414 7 INFO neutron.db.ovn_revision_numbers_db [None req-62dc65a2-b57e-47c1-9176-ef3c773b59a2 1490fadcfe8b4e67b50a24cd649829dd 2ef664ef2a424c9b86b2c12d20a809c6 - - default default] Successfully bumped revision number for resource bfd0e61b-f507-4424-9b28-924553432e17 (type: security_group_rules) to 0
2026-03-06 23:13:28.425 7 INFO neutron.db.ovn_revision_numbers_db [None req-62dc65a2-b57e-47c1-9176-ef3c773b59a2 1490fadcfe8b4e67b50a24cd649829dd 2ef664ef2a424c9b86b2c12d20a809c6 - - default default] Successfully bumped revision number for resource fbdc3a10-75e3-4722-90ba-397aae185a0c (type: security_group_rules) to 0 [pid: 7|app: 0|req: 887/1871] 10.0.0.113 () {32 vars in 774 bytes} [Fri Mar 6 23:13:28 2026] GET /v2.0/security-groups?tenant_id=f0220f427d654d6b989a79ad6ab56cb1&name=default => generated 2925 bytes in 278 msecs (HTTP/1.1 200) 4 headers in 158 bytes (1 switches on core 0) [pid: 8|app: 0|req: 985/1872] 10.0.0.113 () {32 vars in 726 bytes} [Fri Mar 6 23:13:28 2026] DELETE /v2.0/networks/7b09f659-b120-4c26-bff6-2e6e1c043b94 => generated 0 bytes in 395 msecs (HTTP/1.1 204) 3 headers in 131 bytes (1 switches on core 0)
2026-03-06 23:13:28.675 8 INFO neutron.db.ovn_revision_numbers_db [None req-52bf4480-1f27-4cec-916d-b14350830289 edfb3936612545fcbc032f14f9e8e43e bfa149a3a32042a7b020de5ecff02504 - - default default] Successfully bumped revision number for resource d6552866-a856-48a0-bd0e-c0a280832b0b (type: security_groups) to 1
2026-03-06 23:13:28.692 8 INFO neutron.db.ovn_revision_numbers_db [None req-52bf4480-1f27-4cec-916d-b14350830289 edfb3936612545fcbc032f14f9e8e43e bfa149a3a32042a7b020de5ecff02504 - - default default] Successfully bumped revision number for resource 8d38af70-a7da-4a9d-bb81-3fa8f7740fe4 (type: security_group_rules) to 0
2026-03-06 23:13:28.711 8 INFO neutron.db.ovn_revision_numbers_db [None req-52bf4480-1f27-4cec-916d-b14350830289 edfb3936612545fcbc032f14f9e8e43e bfa149a3a32042a7b020de5ecff02504 - - default default] Successfully bumped revision number for resource ab4e3734-9cb3-4de7-bf32-7dab8b5d8bc8 (type: security_group_rules) to 0 [pid: 8|app: 0|req: 986/1873] 10.0.0.113 () {34 vars in 685 bytes} [Fri Mar 6 23:13:28 2026] POST /v2.0/security-groups => generated 1660 bytes in 248 msecs (HTTP/1.1 201) 4 headers in 163 bytes (1 switches on core 0) [pid: 7|app: 0|req: 888/1874] 10.0.0.113 () {32 vars in 740 bytes} [Fri Mar 6 23:13:28 2026] DELETE /v2.0/security-groups/eed80163-b969-431b-a2a4-6292deadef46 => generated 0 bytes in 337 msecs (HTTP/1.1 204) 2 headers in 112 bytes (1 switches on core 0)
2026-03-06 23:13:28.891 8 INFO neutron.services.segments.plugin [-] Segment a6c34d2a-899e-43ee-93a2-bd30674f1991 resource provider aggregate not found
2026-03-06 23:13:28.895 8 INFO neutron.services.segments.plugin [-] Segment a6c34d2a-899e-43ee-93a2-bd30674f1991 resource provider aggregate not found
2026-03-06 23:13:28.908 8 INFO neutron.services.segments.plugin [-] Segment a6c34d2a-899e-43ee-93a2-bd30674f1991 resource provider not found; error: Placement Client Error (4xx): {"errors": [{"status": 404, "title": "Not Found", "detail": "The resource could not be found.\n\n No resource provider with uuid a6c34d2a-899e-43ee-93a2-bd30674f1991 found for delete ", "request_id": "req-14ebabd3-d100-4b18-a382-e625232a16e3"}]}
2026-03-06 23:13:28.911 8 INFO neutron.services.segments.plugin [-] Segment a6c34d2a-899e-43ee-93a2-bd30674f1991 resource provider not found; error: Placement Client Error (4xx): {"errors": [{"status": 404, "title": "Not Found", "detail": "The resource could not be found.\n\n No resource provider with uuid a6c34d2a-899e-43ee-93a2-bd30674f1991 found for delete ", "request_id": "req-324c50c3-8c84-4072-ae22-a314344b73f5"}]}
2026-03-06 23:13:28.946 8 INFO neutron.db.ovn_revision_numbers_db [None req-e7c9835e-a9d9-4c12-a716-31afa5e7ed75 edfb3936612545fcbc032f14f9e8e43e bfa149a3a32042a7b020de5ecff02504 - - default default] Successfully bumped revision number for resource ef9ec6ec-c10e-4886-8f45-cb956599f176 (type: security_group_rules) to 0 [pid: 8|app: 0|req: 987/1875] 10.0.0.113 () {34 vars in 695 bytes} [Fri Mar 6 23:13:28 2026] POST /v2.0/security-group-rules => generated 597 bytes in 205 msecs (HTTP/1.1 201) 4 headers in 162 bytes (1 switches on core 0)
2026-03-06 23:13:29.122 7 INFO neutron.db.ovn_revision_numbers_db [None req-acc85e2b-4c4d-45dd-a19e-199719c944b5 edfb3936612545fcbc032f14f9e8e43e bfa149a3a32042a7b020de5ecff02504 - - default default] Successfully bumped revision number for resource 3a59aec0-ea04-4ada-909e-227e17d9be13 (type: security_group_rules) to 0 [pid: 7|app: 0|req: 889/1876] 10.0.0.113 () {34 vars in 695 bytes} [Fri Mar 6 23:13:28 2026] POST /v2.0/security-group-rules => generated 602 bytes in 196 msecs (HTTP/1.1 201) 4 headers in 162 bytes (1 switches on core 0)
2026-03-06 23:13:29.383 8 WARNING neutron.scheduler.dhcp_agent_scheduler [None req-0d60889c-edee-49e1-a20f-a0c7c67e1238 edfb3936612545fcbc032f14f9e8e43e bfa149a3a32042a7b020de5ecff02504 - - default default] No more DHCP agents
2026-03-06 23:13:29.384 8 WARNING neutron.api.rpc.agentnotifiers.dhcp_rpc_agent_api [None req-0d60889c-edee-49e1-a20f-a0c7c67e1238 edfb3936612545fcbc032f14f9e8e43e bfa149a3a32042a7b020de5ecff02504 - - default default] Unable to schedule network 4264e0f5-bcd0-4e5c-975e-f3fc74549382: no agents available; will retry on subsequent port and subnet creation events. [pid: 7|app: 0|req: 890/1877] 10.0.0.113 () {32 vars in 774 bytes} [Fri Mar 6 23:13:29 2026] GET /v2.0/security-groups?tenant_id=f015147eedfc46fba9c6f5a43d1edc20&name=default => generated 2925 bytes in 222 msecs (HTTP/1.1 200) 4 headers in 158 bytes (1 switches on core 0) [pid: 8|app: 0|req: 988/1878] 10.0.0.113 () {34 vars in 676 bytes} [Fri Mar 6 23:13:29 2026] POST /v2.0/floatingips => generated 552 bytes in 442 msecs (HTTP/1.1 201) 4 headers in 162 bytes (1 switches on core 0) [pid: 8|app: 0|req: 989/1879] 10.0.0.149 () {34 vars in 1098 bytes} [Fri Mar 6 23:13:29 2026] GET /v2.0/security-groups?name=tempest-securitygroup--891835159&fields=id&tenant_id=bfa149a3a32042a7b020de5ecff02504 => generated 69 bytes in 38 msecs (HTTP/1.1 200) 4 headers in 156 bytes (1 switches on core 0) [pid: 8|app: 0|req: 990/1880] 10.0.0.149 () {34 vars in 1100 bytes} [Fri Mar 6 23:13:29 2026] GET /v2.0/security-groups?name=tempest-secgroup-smoke-1898434637&fields=id&tenant_id=bfa149a3a32042a7b020de5ecff02504 => generated 69 bytes in 31 msecs (HTTP/1.1 200) 4 headers in 156 bytes (1 switches on core 0) [pid: 7|app: 0|req: 891/1881] 10.0.0.113 () {32 vars in 740 bytes} [Fri Mar 6 23:13:29 2026] DELETE /v2.0/security-groups/2003bce1-39a5-4824-816f-99810da00c7c => generated 0 bytes in 301 msecs (HTTP/1.1 204) 2 headers in 112 bytes (1 switches on core 0) [pid: 8|app: 0|req: 991/1882] 10.0.0.149 () {34 vars in 982 bytes} [Fri Mar 6 23:13:29 2026] GET /v2.0/networks?id=5ca784ec-9100-4d67-a077-a461867e74ab => generated 710 bytes in 67 msecs (HTTP/1.1 200) 4 headers in 157 bytes (1 switches on core 0) [pid: 7|app: 0|req: 892/1883] 10.0.0.149 () {34 vars in 965 bytes} [Fri Mar 6 23:13:29 2026] GET /v2.0/quotas/bfa149a3a32042a7b020de5ecff02504 => generated 292 bytes in 15 msecs (HTTP/1.1 200) 4 headers in 157 bytes (1 switches on core 0) [pid: 8|app: 0|req: 992/1884] 10.0.0.149 () {34 vars in 1002 bytes} [Fri Mar 6 23:13:29 2026] GET /v2.0/ports?tenant_id=bfa149a3a32042a7b020de5ecff02504&fields=id => generated 103 bytes in 73 msecs (HTTP/1.1 200) 4 headers in 157 bytes (1 switches on core 0) [pid: 8|app: 0|req: 993/1885] 10.0.0.149 () {34 vars in 1008 bytes} [Fri Mar 6 23:13:29 2026] GET /v2.0/networks/5ca784ec-9100-4d67-a077-a461867e74ab?fields=segments => generated 14 bytes in 37 msecs (HTTP/1.1 200) 4 headers in 156 bytes (1 switches on core 0)
2026-03-06 23:13:30.117 7 INFO neutron.db.ovn_revision_numbers_db [None req-5ccc0078-6ec8-4963-96b0-bbd88e4dcf3f 1490fadcfe8b4e67b50a24cd649829dd 2ef664ef2a424c9b86b2c12d20a809c6 - - default default] Successfully bumped revision number for resource b31b9a85-b1da-4a49-bdaf-bef446f973c6 (type: security_groups) to 1
2026-03-06 23:13:30.127 7 INFO neutron.db.ovn_revision_numbers_db [None req-5ccc0078-6ec8-4963-96b0-bbd88e4dcf3f 1490fadcfe8b4e67b50a24cd649829dd 2ef664ef2a424c9b86b2c12d20a809c6 - - default default] Successfully bumped revision number for resource 40d812cc-5241-43a8-acee-b4b1e007f875 (type: security_group_rules) to 0 [pid: 8|app: 0|req: 994/1886] 10.0.0.149 () {34 vars in 1108 bytes} [Fri Mar 6 23:13:30 2026] GET /v2.0/networks/5ca784ec-9100-4d67-a077-a461867e74ab?fields=provider%3Aphysical_network&fields=provider%3Anetwork_type => generated 79 bytes in 109 msecs (HTTP/1.1 200) 4 headers in 156 bytes (1 switches on core 0)
2026-03-06 23:13:30.138 7 INFO neutron.db.ovn_revision_numbers_db [None req-5ccc0078-6ec8-4963-96b0-bbd88e4dcf3f 1490fadcfe8b4e67b50a24cd649829dd 2ef664ef2a424c9b86b2c12d20a809c6 - - default default] Successfully bumped revision number for resource 451a772a-1063-4aef-9e45-6dce3b8d912f (type: security_group_rules) to 0
2026-03-06 23:13:30.150 7 INFO neutron.db.ovn_revision_numbers_db [None req-5ccc0078-6ec8-4963-96b0-bbd88e4dcf3f 1490fadcfe8b4e67b50a24cd649829dd 2ef664ef2a424c9b86b2c12d20a809c6 - - default default] Successfully bumped revision number for resource de4784d1-3aa1-4759-8efb-b051dbd7a3db (type: security_group_rules) to 0
2026-03-06 23:13:30.162 7 INFO neutron.db.ovn_revision_numbers_db [None req-5ccc0078-6ec8-4963-96b0-bbd88e4dcf3f 1490fadcfe8b4e67b50a24cd649829dd 2ef664ef2a424c9b86b2c12d20a809c6 - - default default] Successfully bumped revision number for resource dfd59809-64bd-433e-8abc-a210355fdfb8 (type: security_group_rules) to 0 [pid: 7|app: 0|req: 893/1887] 10.0.0.113 () {32 vars in 774 bytes} [Fri Mar 6 23:13:29 2026] GET /v2.0/security-groups?tenant_id=fe694b9a2501467dad4bea97cb710e48&name=default => generated 2925 bytes in 245 msecs (HTTP/1.1 200) 4 headers in 158 bytes (1 switches on core 0) [pid: 7|app: 0|req: 894/1888] 10.0.0.149 () {34 vars in 990 bytes} [Fri Mar 6 23:13:30 2026] GET /v2.0/ports?device_id=af8eb492-52cc-44ac-a7e4-18cc33b142fd => generated 12 bytes in 20 msecs (HTTP/1.1 200) 4 headers in 156 bytes (1 switches on core 0) [pid: 8|app: 0|req: 995/1889] 10.0.0.113 () {32 vars in 740 bytes} [Fri Mar 6 23:13:30 2026] DELETE /v2.0/security-groups/b31b9a85-b1da-4a49-bdaf-bef446f973c6 => generated 0 bytes in 325 msecs (HTTP/1.1 204) 2 headers in 112 bytes (1 switches on core 0)
2026-03-06 23:13:30.885 7 INFO neutron.db.ovn_revision_numbers_db [None req-5ecce10a-86d4-4fbc-a4e5-dbe25f888283 1490fadcfe8b4e67b50a24cd649829dd 2ef664ef2a424c9b86b2c12d20a809c6 - - default default] Successfully bumped revision number for resource f802ccf3-ef00-4557-b045-b582f338df30 (type: security_groups) to 1
2026-03-06 23:13:30.894 7 INFO neutron.db.ovn_revision_numbers_db [None req-5ecce10a-86d4-4fbc-a4e5-dbe25f888283 1490fadcfe8b4e67b50a24cd649829dd 2ef664ef2a424c9b86b2c12d20a809c6 - - default default] Successfully bumped revision number for resource 92d1f631-c496-467d-b41b-06c6f0210b29 (type: security_group_rules) to 0
2026-03-06 23:13:30.905 7 INFO neutron.db.ovn_revision_numbers_db [None req-5ecce10a-86d4-4fbc-a4e5-dbe25f888283 1490fadcfe8b4e67b50a24cd649829dd 2ef664ef2a424c9b86b2c12d20a809c6 - - default default] Successfully bumped revision number for resource a1f477c8-94b0-46e8-9579-484cfde87722 (type: security_group_rules) to 0
2026-03-06 23:13:30.916 7 INFO neutron.db.ovn_revision_numbers_db [None req-5ecce10a-86d4-4fbc-a4e5-dbe25f888283 1490fadcfe8b4e67b50a24cd649829dd 2ef664ef2a424c9b86b2c12d20a809c6 - - default default] Successfully bumped revision number for resource e3887eea-6328-4106-add5-fb8e9dfdcac7 (type: security_group_rules) to 0
2026-03-06 23:13:30.926 7 INFO neutron.db.ovn_revision_numbers_db [None req-5ecce10a-86d4-4fbc-a4e5-dbe25f888283 1490fadcfe8b4e67b50a24cd649829dd 2ef664ef2a424c9b86b2c12d20a809c6 - - default default] Successfully bumped revision number for resource ed406607-c02a-4a64-839e-a3ca7282a3cd (type: security_group_rules) to 0 [pid: 7|app: 0|req: 895/1890] 10.0.0.113 () {32 vars in 774 bytes} [Fri Mar 6 23:13:30 2026] GET /v2.0/security-groups?tenant_id=1a26f921b72a471fba7fa28cbdcb3f48&name=default => generated 2925 bytes in 257 msecs (HTTP/1.1 200) 4 headers in 158 bytes (1 switches on core 0) [pid: 8|app: 0|req: 996/1891] 10.0.0.113 () {32 vars in 740 bytes} [Fri Mar 6 23:13:30 2026] DELETE /v2.0/security-groups/f802ccf3-ef00-4557-b045-b582f338df30 => generated 0 bytes in 273 msecs (HTTP/1.1 204) 2 headers in 112 bytes (1 switches on core 0) [pid: 7|app: 0|req: 896/1892] 10.0.0.149 () {34 vars in 990 bytes} [Fri Mar 6 23:13:31 2026] GET /v2.0/ports?device_id=af8eb492-52cc-44ac-a7e4-18cc33b142fd => generated 12 bytes in 20 msecs (HTTP/1.1 200) 4 headers in 156 bytes (1 switches on core 0)
2026-03-06 23:13:32.162 8 INFO neutron.db.ovn_revision_numbers_db [None req-671b9330-1069-478e-af05-2c7e3ac0eefc 1490fadcfe8b4e67b50a24cd649829dd 2ef664ef2a424c9b86b2c12d20a809c6 - - default default] Successfully bumped revision number for resource 3e9a8d7d-317d-4ec9-a7b0-2e56d795b2ac (type: security_groups) to 1
2026-03-06 23:13:32.171 8 INFO neutron.db.ovn_revision_numbers_db [None req-671b9330-1069-478e-af05-2c7e3ac0eefc 1490fadcfe8b4e67b50a24cd649829dd 2ef664ef2a424c9b86b2c12d20a809c6 - - default default] Successfully bumped revision number for resource 786270ba-e100-4397-bb8d-446ddb7ea06c (type: security_group_rules) to 0
2026-03-06 23:13:32.182 8 INFO neutron.db.ovn_revision_numbers_db [None req-671b9330-1069-478e-af05-2c7e3ac0eefc 1490fadcfe8b4e67b50a24cd649829dd 2ef664ef2a424c9b86b2c12d20a809c6 - - default default] Successfully bumped revision number for resource 953fd83c-c9cb-43e8-a6f6-fde1e507ad63 (type: security_group_rules) to 0
2026-03-06 23:13:32.191 8 INFO neutron.db.ovn_revision_numbers_db [None req-671b9330-1069-478e-af05-2c7e3ac0eefc 1490fadcfe8b4e67b50a24cd649829dd 2ef664ef2a424c9b86b2c12d20a809c6 - - default default] Successfully bumped revision number for resource a92b59a2-82f1-4382-8b13-f382278a14b5 (type: security_group_rules) to 0
2026-03-06 23:13:32.218 8 INFO neutron.db.ovn_revision_numbers_db [None req-671b9330-1069-478e-af05-2c7e3ac0eefc 1490fadcfe8b4e67b50a24cd649829dd 2ef664ef2a424c9b86b2c12d20a809c6 - - default default] Successfully bumped revision number for resource e96722e5-4ee6-4937-a003-b1359f6ceb05 (type: security_group_rules) to 0 [pid: 8|app: 0|req: 997/1893] 10.0.0.113 () {32 vars in 774 bytes} [Fri Mar 6 23:13:31 2026] GET /v2.0/security-groups?tenant_id=b54367066f624fd5b93e8c37521a8ac6&name=default => generated 2925 bytes in 423 msecs (HTTP/1.1 200) 4 headers in 158 bytes (1 switches on core 0) [pid: 8|app: 0|req: 998/1894] 10.0.0.149 () {34 vars in 990 bytes} [Fri Mar 6 23:13:32 2026] GET /v2.0/ports?device_id=af8eb492-52cc-44ac-a7e4-18cc33b142fd => generated 12 bytes in 29 msecs (HTTP/1.1 200) 4 headers in 156 bytes (1 switches on core 0) [pid: 7|app: 0|req: 897/1895] 10.0.0.113 () {32 vars in 740 bytes} [Fri Mar 6 23:13:32 2026] DELETE /v2.0/security-groups/3e9a8d7d-317d-4ec9-a7b0-2e56d795b2ac => generated 0 bytes in 275 msecs (HTTP/1.1 204) 2 headers in 112 bytes (1 switches on core 0)
2026-03-06 23:13:32.824 8 INFO neutron.db.ovn_revision_numbers_db [None req-c718d47a-61ce-4b9d-820d-a00772e1c24a 1490fadcfe8b4e67b50a24cd649829dd 2ef664ef2a424c9b86b2c12d20a809c6 - - default default] Successfully bumped revision number for resource d3cddf98-29d1-48e4-960d-72937af8d9f3 (type: security_groups) to 1
2026-03-06 23:13:32.837 8 INFO neutron.db.ovn_revision_numbers_db [None req-c718d47a-61ce-4b9d-820d-a00772e1c24a 1490fadcfe8b4e67b50a24cd649829dd 2ef664ef2a424c9b86b2c12d20a809c6 - - default default] Successfully bumped revision number for resource 12f459bd-db62-43f1-8c38-af6d74df2362 (type: security_group_rules) to 0
2026-03-06 23:13:32.849 8 INFO neutron.db.ovn_revision_numbers_db [None req-c718d47a-61ce-4b9d-820d-a00772e1c24a 1490fadcfe8b4e67b50a24cd649829dd 2ef664ef2a424c9b86b2c12d20a809c6 - - default default] Successfully bumped revision number for resource 71ba63f5-4289-4cbf-8ec4-9e36e1ea203d (type: security_group_rules) to 0
2026-03-06 23:13:32.860 8 INFO neutron.db.ovn_revision_numbers_db [None req-c718d47a-61ce-4b9d-820d-a00772e1c24a 1490fadcfe8b4e67b50a24cd649829dd 2ef664ef2a424c9b86b2c12d20a809c6 - - default default] Successfully bumped revision number for resource b81f1ccf-3c18-439b-ab4e-4921169a64fe (type: security_group_rules) to 0
2026-03-06 23:13:32.869 8 INFO neutron.db.ovn_revision_numbers_db [None req-c718d47a-61ce-4b9d-820d-a00772e1c24a 1490fadcfe8b4e67b50a24cd649829dd 2ef664ef2a424c9b86b2c12d20a809c6 - - default default] Successfully bumped revision number for resource ec35869a-fc24-4cd4-8c30-0ed62cc1730d (type: security_group_rules) to 0 [pid: 8|app: 0|req: 999/1896] 10.0.0.113 () {32 vars in 774 bytes} [Fri Mar 6 23:13:32 2026] GET /v2.0/security-groups?tenant_id=c90fe2194852414791fd47d482b5610f&name=default => generated 2925 bytes in 235 msecs (HTTP/1.1 200) 4 headers in 158 bytes (1 switches on core 0) [pid: 7|app: 0|req: 898/1897] 10.0.0.113 () {32 vars in 740 bytes} [Fri Mar 6 23:13:32 2026] DELETE /v2.0/security-groups/d3cddf98-29d1-48e4-960d-72937af8d9f3 => generated 0 bytes in 263 msecs (HTTP/1.1 204) 2 headers in 112 bytes (1 switches on core 0)
2026-03-06 23:13:33.349 7 WARNING neutron.plugins.ml2.drivers.ovn.mech_driver.ovsdb.ovn_client [None req-cad43cc8-7dc7-4895-935b-c90d5024a0f5 - - - - - -] No hosting information found for port c850fa0a-462f-4ecc-941b-8dbb8331cc8c: RuntimeError: No hosting information found for port c850fa0a-462f-4ecc-941b-8dbb8331cc8c
2026-03-06 23:13:33.446 7 INFO neutron.db.ovn_revision_numbers_db [None req-cad43cc8-7dc7-4895-935b-c90d5024a0f5 - - - - - -] Successfully bumped revision number for resource c850fa0a-462f-4ecc-941b-8dbb8331cc8c (type: router_ports) to 2 [pid: 7|app: 0|req: 899/1898] 10.0.0.149 () {34 vars in 990 bytes} [Fri Mar 6 23:13:33 2026] GET /v2.0/ports?device_id=af8eb492-52cc-44ac-a7e4-18cc33b142fd => generated 12 bytes in 22 msecs (HTTP/1.1 200) 4 headers in 156 bytes (1 switches on core 0)
2026-03-06 23:13:33.586 8 WARNING neutron.scheduler.dhcp_agent_scheduler [None req-f99b20be-d981-42c2-8ebf-54bd5cee0d03 d14d0a00ce0f477b89dd26f798cabbed c962d27cf7534e77b633e4c8875d4b05 - - default default] No more DHCP agents
2026-03-06 23:13:33.587 8 WARNING neutron.api.rpc.agentnotifiers.dhcp_rpc_agent_api [None req-f99b20be-d981-42c2-8ebf-54bd5cee0d03 d14d0a00ce0f477b89dd26f798cabbed c962d27cf7534e77b633e4c8875d4b05 - - default default] Unable to schedule network 4264e0f5-bcd0-4e5c-975e-f3fc74549382: no agents available; will retry on subsequent port and subnet creation events. [pid: 8|app: 0|req: 1000/1899] 10.0.0.113 () {34 vars in 676 bytes} [Fri Mar 6 23:13:33 2026] POST /v2.0/floatingips => generated 552 bytes in 638 msecs (HTTP/1.1 201) 4 headers in 162 bytes (1 switches on core 0)
2026-03-06 23:13:34.052 7 WARNING neutron.scheduler.dhcp_agent_scheduler [None req-d17a3cd0-3f19-4d1b-bc33-57d8b4eaf59e d14d0a00ce0f477b89dd26f798cabbed c962d27cf7534e77b633e4c8875d4b05 - - default default] No more DHCP agents
