Apr 02 02:14:13.496903 np0000162263 systemd[1]: Starting devstack@n-api.service - Devstack devstack@n-api.service...
Apr 02 02:14:13.508653 np0000162263 devstack@n-api.service[98848]: [uWSGI] getting INI configuration from /etc/nova/nova-api-uwsgi.ini
Apr 02 02:14:13.509399 np0000162263 devstack@n-api.service[98848]: open("./http_plugin.so"): No such file or directory [core/utils.c line 3709]
Apr 02 02:14:13.509399 np0000162263 devstack@n-api.service[98848]: !!! UNABLE to load uWSGI plugin: ./http_plugin.so: cannot open shared object file: No such file or directory !!!
Apr 02 02:14:13.509399 np0000162263 devstack@n-api.service[98848]: open("./python3_plugin.so"): No such file or directory [core/utils.c line 3709]
Apr 02 02:14:13.509399 np0000162263 devstack@n-api.service[98848]: !!! UNABLE to load uWSGI plugin: ./python3_plugin.so: cannot open shared object file: No such file or directory !!!
Apr 02 02:14:13.509399 np0000162263 devstack@n-api.service[98848]: *** Starting uWSGI 2.0.31 (64bit) on [Thu Apr 2 02:14:13 2026] ***
Apr 02 02:14:13.509399 np0000162263 devstack@n-api.service[98848]: compiled with version: 13.3.0 on 02 April 2026 02:05:01
Apr 02 02:14:13.509399 np0000162263 devstack@n-api.service[98848]: os: Linux-6.8.0-106-generic #106-Ubuntu SMP PREEMPT_DYNAMIC Fri Mar 6 07:58:08 UTC 2026
Apr 02 02:14:13.509399 np0000162263 devstack@n-api.service[98848]: nodename: np0000162263
Apr 02 02:14:13.509399 np0000162263 devstack@n-api.service[98848]: machine: x86_64
Apr 02 02:14:13.509399 np0000162263 devstack@n-api.service[98848]: clock source: unix
Apr 02 02:14:13.509399 np0000162263 devstack@n-api.service[98848]: pcre jit disabled
Apr 02 02:14:13.509399 np0000162263 devstack@n-api.service[98848]: detected number of CPU cores: 16
Apr 02 02:14:13.509399 np0000162263 devstack@n-api.service[98848]: current working directory: /
Apr 02 02:14:13.509399 np0000162263 devstack@n-api.service[98848]: detected binary path: /opt/stack/data/venv/bin/uwsgi
Apr 02 02:14:13.509399 np0000162263 devstack@n-api.service[98848]: your processes number limit is 256917
Apr 02 02:14:13.509399 np0000162263 devstack@n-api.service[98848]: your memory page size is 4096 bytes
Apr 02 02:14:13.509399 np0000162263 devstack@n-api.service[98848]: detected max file descriptor number: 2048
Apr 02 02:14:13.509399 np0000162263 devstack@n-api.service[98848]: lock engine: pthread robust mutexes
Apr 02 02:14:13.509399 np0000162263 devstack@n-api.service[98848]: thunder lock: enabled
Apr 02 02:14:13.509399 np0000162263 devstack@n-api.service[98848]: uwsgi socket 0 bound to UNIX address /var/run/uwsgi/nova-api.socket fd 4
Apr 02 02:14:13.509399 np0000162263 devstack@n-api.service[98848]: Python version: 3.12.3 (main, Mar 3 2026, 12:15:18) [GCC 13.3.0]
Apr 02 02:14:13.509399 np0000162263 devstack@n-api.service[98848]: PEP 405 virtualenv detected: /opt/stack/data/venv
Apr 02 02:14:13.509399 np0000162263 devstack@n-api.service[98848]: Set PythonHome to /opt/stack/data/venv
Apr 02 02:14:13.546168 np0000162263 devstack@n-api.service[98848]: Python main interpreter initialized at 0x7e48418a3668
Apr 02 02:14:13.546168 np0000162263 devstack@n-api.service[98848]: python threads support enabled
Apr 02 02:14:13.546168 np0000162263 devstack@n-api.service[98848]: your server socket listen backlog is limited to 100 connections
Apr 02 02:14:13.546168 np0000162263 devstack@n-api.service[98848]: your mercy for graceful operations on workers is 80 seconds
Apr 02 02:14:13.546715 np0000162263 devstack@n-api.service[98848]: mapped 671795 bytes (656 KB) for 4 cores
Apr 02 02:14:13.546851 np0000162263 devstack@n-api.service[98848]: *** Operational MODE: preforking ***
Apr 02 02:14:13.547069 np0000162263 devstack@n-api.service[98848]: *** uWSGI is running in multiple interpreter mode ***
Apr 02 02:14:13.547069 np0000162263 devstack@n-api.service[98848]: spawned uWSGI master process (pid: 98848)
Apr 02 02:14:13.547224 np0000162263 systemd[1]: Started devstack@n-api.service - Devstack devstack@n-api.service.
Apr 02 02:14:13.547731 np0000162263 devstack@n-api.service[98848]: spawned uWSGI worker 1 (pid: 98849, cores: 1)
Apr 02 02:14:13.548170 np0000162263 devstack@n-api.service[98848]: spawned uWSGI worker 2 (pid: 98850, cores: 1)
Apr 02 02:14:13.548580 np0000162263 devstack@n-api.service[98848]: spawned uWSGI worker 3 (pid: 98851, cores: 1)
Apr 02 02:14:13.549287 np0000162263 devstack@n-api.service[98848]: spawned uWSGI worker 4 (pid: 98852, cores: 1)
Apr 02 02:14:13.549287 np0000162263 devstack@n-api.service[98848]: running "unix_signal:15 gracefully_kill_them_all" (master-start)...
Apr 02 02:14:13.886412 np0000162263 devstack@n-api.service[98849]: Service is starting with native threading. This is currently experimental. Do not use it in production without first testing it in pre-production.
Apr 02 02:14:13.889736 np0000162263 devstack@n-api.service[98852]: Service is starting with native threading. This is currently experimental. Do not use it in production without first testing it in pre-production.
Apr 02 02:14:13.902762 np0000162263 devstack@n-api.service[98850]: Service is starting with native threading. This is currently experimental. Do not use it in production without first testing it in pre-production.
Apr 02 02:14:13.912796 np0000162263 devstack@n-api.service[98851]: Service is starting with native threading. This is currently experimental. Do not use it in production without first testing it in pre-production.
Apr 02 02:14:15.853963 np0000162263 devstack@n-api.service[98849]: INFO dbcounter [None req-356578e2-22dc-4f49-909a-568d01cf9285 None None] Registered counter for database nova_api
Apr 02 02:14:15.870219 np0000162263 devstack@n-api.service[98849]: DEBUG oslo_db.sqlalchemy.engines [None req-356578e2-22dc-4f49-909a-568d01cf9285 None None] MySQL server mode set to STRICT_TRANS_TABLES,STRICT_ALL_TABLES,NO_ZERO_IN_DATE,NO_ZERO_DATE,ERROR_FOR_DIVISION_BY_ZERO,TRADITIONAL,NO_ENGINE_SUBSTITUTION {{(pid=98849) _check_effective_sql_mode /opt/stack/data/venv/lib/python3.12/site-packages/oslo_db/sqlalchemy/engines.py:325}}
Apr 02 02:14:15.891411 np0000162263 devstack@n-api.service[98852]: INFO dbcounter [None req-ab2c3fc7-15b8-431b-be11-a7590f42bb23 None None] Registered counter for database nova_api
Apr 02 02:14:15.897523 np0000162263 devstack@n-api.service[98850]: INFO dbcounter [None req-c9b589be-629c-4b1a-86ba-feef261093c9 None None] Registered counter for database nova_api
Apr 02 02:14:15.903148 np0000162263 devstack@n-api.service[98849]: DEBUG dbcounter [-] [98849] Writer thread running {{(pid=98849) stat_writer /opt/stack/data/venv/lib/python3.12/site-packages/dbcounter.py:102}}
Apr 02 02:14:15.903834 np0000162263 devstack@n-api.service[98852]: DEBUG oslo_db.sqlalchemy.engines [None req-ab2c3fc7-15b8-431b-be11-a7590f42bb23 None None] MySQL server mode set to STRICT_TRANS_TABLES,STRICT_ALL_TABLES,NO_ZERO_IN_DATE,NO_ZERO_DATE,ERROR_FOR_DIVISION_BY_ZERO,TRADITIONAL,NO_ENGINE_SUBSTITUTION {{(pid=98852) _check_effective_sql_mode /opt/stack/data/venv/lib/python3.12/site-packages/oslo_db/sqlalchemy/engines.py:325}}
Apr 02 02:14:15.905397 np0000162263 devstack@n-api.service[98849]: DEBUG nova.context [None req-356578e2-22dc-4f49-909a-568d01cf9285 None None] Found 2 cells: 00000000-0000-0000-0000-000000000000(cell0),bd009772-c449-476f-9a26-7726240241b1(cell1) {{(pid=98849) load_cells /opt/stack/nova/nova/context.py:509}}
Apr 02 02:14:15.905611 np0000162263 devstack@n-api.service[98849]: INFO nova.utils [None req-356578e2-22dc-4f49-909a-568d01cf9285 None None] The cell worker thread pool MainProcess.cell_worker is initialized
Apr 02 02:14:15.907307 np0000162263 devstack@n-api.service[98849]: DEBUG oslo_concurrency.lockutils [None req-356578e2-22dc-4f49-909a-568d01cf9285 None None] Acquiring lock "00000000-0000-0000-0000-000000000000" by "nova.context.set_target_cell..get_or_set_cached_cell_and_set_connections" {{(pid=98849) inner /opt/stack/data/venv/lib/python3.12/site-packages/oslo_concurrency/lockutils.py:506}}
Apr 02 02:14:15.907483 np0000162263 devstack@n-api.service[98849]: DEBUG oslo_concurrency.lockutils [None req-356578e2-22dc-4f49-909a-568d01cf9285 None None] Lock "00000000-0000-0000-0000-000000000000" acquired by "nova.context.set_target_cell..get_or_set_cached_cell_and_set_connections" :: waited 0.000s {{(pid=98849) inner /opt/stack/data/venv/lib/python3.12/site-packages/oslo_concurrency/lockutils.py:519}}
Apr 02 02:14:15.907823 np0000162263 devstack@n-api.service[98849]: DEBUG oslo_concurrency.lockutils [None req-356578e2-22dc-4f49-909a-568d01cf9285 None None] Lock "00000000-0000-0000-0000-000000000000" "released" by "nova.context.set_target_cell..get_or_set_cached_cell_and_set_connections" :: held 0.000s {{(pid=98849) inner /opt/stack/data/venv/lib/python3.12/site-packages/oslo_concurrency/lockutils.py:538}}
Apr 02 02:14:15.908615 np0000162263 devstack@n-api.service[98849]: DEBUG oslo_concurrency.lockutils [None req-356578e2-22dc-4f49-909a-568d01cf9285 None None] Acquiring lock "bd009772-c449-476f-9a26-7726240241b1" by "nova.context.set_target_cell..get_or_set_cached_cell_and_set_connections" {{(pid=98849) inner /opt/stack/data/venv/lib/python3.12/site-packages/oslo_concurrency/lockutils.py:506}}
Apr 02 02:14:15.908757 np0000162263 devstack@n-api.service[98849]: DEBUG oslo_concurrency.lockutils [None req-356578e2-22dc-4f49-909a-568d01cf9285 None None] Lock "bd009772-c449-476f-9a26-7726240241b1" acquired by "nova.context.set_target_cell..get_or_set_cached_cell_and_set_connections" :: waited 0.000s {{(pid=98849) inner /opt/stack/data/venv/lib/python3.12/site-packages/oslo_concurrency/lockutils.py:519}}
Apr 02 02:14:15.909565 np0000162263 devstack@n-api.service[98849]: DEBUG oslo_concurrency.lockutils [None req-356578e2-22dc-4f49-909a-568d01cf9285 None None] Lock "bd009772-c449-476f-9a26-7726240241b1" "released" by "nova.context.set_target_cell..get_or_set_cached_cell_and_set_connections" :: held 0.001s {{(pid=98849) inner /opt/stack/data/venv/lib/python3.12/site-packages/oslo_concurrency/lockutils.py:538}}
Apr 02 02:14:15.911160 np0000162263 devstack@n-api.service[98850]: DEBUG oslo_db.sqlalchemy.engines [None req-c9b589be-629c-4b1a-86ba-feef261093c9 None None] MySQL server mode set to STRICT_TRANS_TABLES,STRICT_ALL_TABLES,NO_ZERO_IN_DATE,NO_ZERO_DATE,ERROR_FOR_DIVISION_BY_ZERO,TRADITIONAL,NO_ENGINE_SUBSTITUTION {{(pid=98850) _check_effective_sql_mode /opt/stack/data/venv/lib/python3.12/site-packages/oslo_db/sqlalchemy/engines.py:325}}
Apr 02 02:14:15.912861 np0000162263 devstack@n-api.service[98849]: INFO dbcounter [None req-356578e2-22dc-4f49-909a-568d01cf9285 None None] Registered counter for database nova_cell0
Apr 02 02:14:15.917920 np0000162263 devstack@n-api.service[98849]: INFO dbcounter [None req-356578e2-22dc-4f49-909a-568d01cf9285 None None] Registered counter for database nova_cell1
Apr 02 02:14:15.928083 np0000162263 devstack@n-api.service[98849]: DEBUG oslo_db.sqlalchemy.engines [None req-356578e2-22dc-4f49-909a-568d01cf9285 None None] MySQL server mode set to STRICT_TRANS_TABLES,STRICT_ALL_TABLES,NO_ZERO_IN_DATE,NO_ZERO_DATE,ERROR_FOR_DIVISION_BY_ZERO,TRADITIONAL,NO_ENGINE_SUBSTITUTION {{(pid=98849) _check_effective_sql_mode /opt/stack/data/venv/lib/python3.12/site-packages/oslo_db/sqlalchemy/engines.py:325}}
Apr 02 02:14:15.933565 np0000162263 devstack@n-api.service[98852]: DEBUG dbcounter [-] [98852] Writer thread running {{(pid=98852) stat_writer /opt/stack/data/venv/lib/python3.12/site-packages/dbcounter.py:102}}
Apr 02 02:14:15.934869 np0000162263 devstack@n-api.service[98849]: DEBUG oslo_db.sqlalchemy.engines [None req-356578e2-22dc-4f49-909a-568d01cf9285 None None] MySQL server mode set to STRICT_TRANS_TABLES,STRICT_ALL_TABLES,NO_ZERO_IN_DATE,NO_ZERO_DATE,ERROR_FOR_DIVISION_BY_ZERO,TRADITIONAL,NO_ENGINE_SUBSTITUTION {{(pid=98849) _check_effective_sql_mode /opt/stack/data/venv/lib/python3.12/site-packages/oslo_db/sqlalchemy/engines.py:325}}
Apr 02 02:14:15.935777 np0000162263 devstack@n-api.service[98852]: DEBUG nova.context [None req-ab2c3fc7-15b8-431b-be11-a7590f42bb23 None None] Found 2 cells: 00000000-0000-0000-0000-000000000000(cell0),bd009772-c449-476f-9a26-7726240241b1(cell1) {{(pid=98852) load_cells /opt/stack/nova/nova/context.py:509}}
Apr 02 02:14:15.935990 np0000162263 devstack@n-api.service[98852]: INFO nova.utils [None req-ab2c3fc7-15b8-431b-be11-a7590f42bb23 None None] The cell worker thread pool MainProcess.cell_worker is initialized
Apr 02 02:14:15.937877 np0000162263 devstack@n-api.service[98852]: DEBUG oslo_concurrency.lockutils [None req-ab2c3fc7-15b8-431b-be11-a7590f42bb23 None None] Acquiring lock "00000000-0000-0000-0000-000000000000" by "nova.context.set_target_cell..get_or_set_cached_cell_and_set_connections" {{(pid=98852) inner /opt/stack/data/venv/lib/python3.12/site-packages/oslo_concurrency/lockutils.py:506}}
Apr 02 02:14:15.938030 np0000162263 devstack@n-api.service[98852]: DEBUG oslo_concurrency.lockutils [None req-ab2c3fc7-15b8-431b-be11-a7590f42bb23 None None] Lock "00000000-0000-0000-0000-000000000000" acquired by "nova.context.set_target_cell..get_or_set_cached_cell_and_set_connections" :: waited 0.000s {{(pid=98852) inner /opt/stack/data/venv/lib/python3.12/site-packages/oslo_concurrency/lockutils.py:519}}
Apr 02 02:14:15.938399 np0000162263 devstack@n-api.service[98852]: DEBUG oslo_concurrency.lockutils [None req-ab2c3fc7-15b8-431b-be11-a7590f42bb23 None None] Lock "00000000-0000-0000-0000-000000000000" "released" by "nova.context.set_target_cell..get_or_set_cached_cell_and_set_connections" :: held 0.000s {{(pid=98852) inner /opt/stack/data/venv/lib/python3.12/site-packages/oslo_concurrency/lockutils.py:538}}
Apr 02 02:14:15.939150 np0000162263 devstack@n-api.service[98852]: DEBUG oslo_concurrency.lockutils [None req-ab2c3fc7-15b8-431b-be11-a7590f42bb23 None None] Acquiring lock "bd009772-c449-476f-9a26-7726240241b1" by "nova.context.set_target_cell..get_or_set_cached_cell_and_set_connections" {{(pid=98852) inner /opt/stack/data/venv/lib/python3.12/site-packages/oslo_concurrency/lockutils.py:506}}
Apr 02 02:14:15.939260 np0000162263 devstack@n-api.service[98852]: DEBUG oslo_concurrency.lockutils [None req-ab2c3fc7-15b8-431b-be11-a7590f42bb23 None None] Lock "bd009772-c449-476f-9a26-7726240241b1" acquired by "nova.context.set_target_cell..get_or_set_cached_cell_and_set_connections" :: waited 0.000s {{(pid=98852) inner /opt/stack/data/venv/lib/python3.12/site-packages/oslo_concurrency/lockutils.py:519}}
Apr 02 02:14:15.940196 np0000162263 devstack@n-api.service[98852]: DEBUG oslo_concurrency.lockutils [None req-ab2c3fc7-15b8-431b-be11-a7590f42bb23 None None] Lock "bd009772-c449-476f-9a26-7726240241b1" "released" by "nova.context.set_target_cell..get_or_set_cached_cell_and_set_connections" :: held 0.001s {{(pid=98852) inner /opt/stack/data/venv/lib/python3.12/site-packages/oslo_concurrency/lockutils.py:538}}
Apr 02 02:14:15.942252 np0000162263 devstack@n-api.service[98850]: DEBUG dbcounter [-] [98850] Writer thread running {{(pid=98850) stat_writer /opt/stack/data/venv/lib/python3.12/site-packages/dbcounter.py:102}}
Apr 02 02:14:15.943747 np0000162263 devstack@n-api.service[98852]: INFO dbcounter [None req-ab2c3fc7-15b8-431b-be11-a7590f42bb23 None None] Registered counter for database nova_cell0
Apr 02 02:14:15.944443 np0000162263 devstack@n-api.service[98850]: DEBUG nova.context [None req-c9b589be-629c-4b1a-86ba-feef261093c9 None None] Found 2 cells: 00000000-0000-0000-0000-000000000000(cell0),bd009772-c449-476f-9a26-7726240241b1(cell1) {{(pid=98850) load_cells /opt/stack/nova/nova/context.py:509}}
Apr 02 02:14:15.944656 np0000162263 devstack@n-api.service[98850]: INFO nova.utils [None req-c9b589be-629c-4b1a-86ba-feef261093c9 None None] The cell worker thread pool MainProcess.cell_worker is initialized
Apr 02 02:14:15.946320 np0000162263 devstack@n-api.service[98850]: DEBUG oslo_concurrency.lockutils [None req-c9b589be-629c-4b1a-86ba-feef261093c9 None None] Acquiring lock "00000000-0000-0000-0000-000000000000" by "nova.context.set_target_cell..get_or_set_cached_cell_and_set_connections" {{(pid=98850) inner /opt/stack/data/venv/lib/python3.12/site-packages/oslo_concurrency/lockutils.py:506}}
Apr 02 02:14:15.946535 np0000162263 devstack@n-api.service[98850]: DEBUG oslo_concurrency.lockutils [None req-c9b589be-629c-4b1a-86ba-feef261093c9 None None] Lock "00000000-0000-0000-0000-000000000000" acquired by "nova.context.set_target_cell..get_or_set_cached_cell_and_set_connections" :: waited 0.000s {{(pid=98850) inner /opt/stack/data/venv/lib/python3.12/site-packages/oslo_concurrency/lockutils.py:519}}
Apr 02 02:14:15.946887 np0000162263 devstack@n-api.service[98850]: DEBUG oslo_concurrency.lockutils [None req-c9b589be-629c-4b1a-86ba-feef261093c9 None None] Lock "00000000-0000-0000-0000-000000000000" "released" by "nova.context.set_target_cell..get_or_set_cached_cell_and_set_connections" :: held 0.000s {{(pid=98850) inner /opt/stack/data/venv/lib/python3.12/site-packages/oslo_concurrency/lockutils.py:538}}
Apr 02 02:14:15.947541 np0000162263 devstack@n-api.service[98850]: DEBUG oslo_concurrency.lockutils [None req-c9b589be-629c-4b1a-86ba-feef261093c9 None None] Acquiring lock "bd009772-c449-476f-9a26-7726240241b1" by "nova.context.set_target_cell..get_or_set_cached_cell_and_set_connections" {{(pid=98850) inner /opt/stack/data/venv/lib/python3.12/site-packages/oslo_concurrency/lockutils.py:506}}
Apr 02 02:14:15.947706 np0000162263 devstack@n-api.service[98850]: DEBUG oslo_concurrency.lockutils [None req-c9b589be-629c-4b1a-86ba-feef261093c9 None None] Lock "bd009772-c449-476f-9a26-7726240241b1" acquired by "nova.context.set_target_cell..get_or_set_cached_cell_and_set_connections" :: waited 0.000s {{(pid=98850) inner /opt/stack/data/venv/lib/python3.12/site-packages/oslo_concurrency/lockutils.py:519}}
Apr 02 02:14:15.948460 np0000162263 devstack@n-api.service[98850]: DEBUG oslo_concurrency.lockutils [None req-c9b589be-629c-4b1a-86ba-feef261093c9 None None] Lock "bd009772-c449-476f-9a26-7726240241b1" "released" by "nova.context.set_target_cell..get_or_set_cached_cell_and_set_connections" :: held 0.001s {{(pid=98850) inner /opt/stack/data/venv/lib/python3.12/site-packages/oslo_concurrency/lockutils.py:538}}
Apr 02 02:14:15.952402 np0000162263 devstack@n-api.service[98852]: INFO dbcounter [None req-ab2c3fc7-15b8-431b-be11-a7590f42bb23 None None] Registered counter for database nova_cell1
Apr 02 02:14:15.952509 np0000162263 devstack@n-api.service[98850]: INFO dbcounter [None req-c9b589be-629c-4b1a-86ba-feef261093c9 None None] Registered counter for database nova_cell0
Apr 02 02:14:15.955809 np0000162263 devstack@n-api.service[98850]: INFO dbcounter [None req-c9b589be-629c-4b1a-86ba-feef261093c9 None None] Registered counter for database nova_cell1
Apr 02 02:14:15.961161 np0000162263 devstack@n-api.service[98852]: DEBUG oslo_db.sqlalchemy.engines [None req-ab2c3fc7-15b8-431b-be11-a7590f42bb23 None None] MySQL server mode set to STRICT_TRANS_TABLES,STRICT_ALL_TABLES,NO_ZERO_IN_DATE,NO_ZERO_DATE,ERROR_FOR_DIVISION_BY_ZERO,TRADITIONAL,NO_ENGINE_SUBSTITUTION {{(pid=98852) _check_effective_sql_mode /opt/stack/data/venv/lib/python3.12/site-packages/oslo_db/sqlalchemy/engines.py:325}}
Apr 02 02:14:15.961683 np0000162263 devstack@n-api.service[98851]: INFO dbcounter [None req-69596308-bdc8-48c1-bff3-1afb9ef0e8f8 None None] Registered counter for database nova_api
Apr 02 02:14:15.967859 np0000162263 devstack@n-api.service[98852]: DEBUG oslo_db.sqlalchemy.engines [None req-ab2c3fc7-15b8-431b-be11-a7590f42bb23 None None] MySQL server mode set to STRICT_TRANS_TABLES,STRICT_ALL_TABLES,NO_ZERO_IN_DATE,NO_ZERO_DATE,ERROR_FOR_DIVISION_BY_ZERO,TRADITIONAL,NO_ENGINE_SUBSTITUTION {{(pid=98852) _check_effective_sql_mode /opt/stack/data/venv/lib/python3.12/site-packages/oslo_db/sqlalchemy/engines.py:325}}
Apr 02 02:14:15.971070 np0000162263 devstack@n-api.service[98850]: DEBUG oslo_db.sqlalchemy.engines [None req-c9b589be-629c-4b1a-86ba-feef261093c9 None None] MySQL server mode set to STRICT_TRANS_TABLES,STRICT_ALL_TABLES,NO_ZERO_IN_DATE,NO_ZERO_DATE,ERROR_FOR_DIVISION_BY_ZERO,TRADITIONAL,NO_ENGINE_SUBSTITUTION {{(pid=98850) _check_effective_sql_mode /opt/stack/data/venv/lib/python3.12/site-packages/oslo_db/sqlalchemy/engines.py:325}}
Apr 02 02:14:15.980756 np0000162263 devstack@n-api.service[98851]: DEBUG oslo_db.sqlalchemy.engines [None req-69596308-bdc8-48c1-bff3-1afb9ef0e8f8 None None] MySQL server mode set to STRICT_TRANS_TABLES,STRICT_ALL_TABLES,NO_ZERO_IN_DATE,NO_ZERO_DATE,ERROR_FOR_DIVISION_BY_ZERO,TRADITIONAL,NO_ENGINE_SUBSTITUTION {{(pid=98851) _check_effective_sql_mode /opt/stack/data/venv/lib/python3.12/site-packages/oslo_db/sqlalchemy/engines.py:325}}
Apr 02 02:14:15.988301 np0000162263 devstack@n-api.service[98850]: DEBUG oslo_db.sqlalchemy.engines [None req-c9b589be-629c-4b1a-86ba-feef261093c9 None None] MySQL server mode set to STRICT_TRANS_TABLES,STRICT_ALL_TABLES,NO_ZERO_IN_DATE,NO_ZERO_DATE,ERROR_FOR_DIVISION_BY_ZERO,TRADITIONAL,NO_ENGINE_SUBSTITUTION {{(pid=98850) _check_effective_sql_mode /opt/stack/data/venv/lib/python3.12/site-packages/oslo_db/sqlalchemy/engines.py:325}}
Apr 02 02:14:16.013285 np0000162263 devstack@n-api.service[98851]: DEBUG dbcounter [-] [98851] Writer thread running {{(pid=98851) stat_writer /opt/stack/data/venv/lib/python3.12/site-packages/dbcounter.py:102}}
Apr 02 02:14:16.015855 np0000162263 devstack@n-api.service[98851]: DEBUG nova.context [None req-69596308-bdc8-48c1-bff3-1afb9ef0e8f8 None None] Found 2 cells: 00000000-0000-0000-0000-000000000000(cell0),bd009772-c449-476f-9a26-7726240241b1(cell1) {{(pid=98851) load_cells /opt/stack/nova/nova/context.py:509}}
Apr 02 02:14:16.016190 np0000162263 devstack@n-api.service[98851]: INFO nova.utils [None req-69596308-bdc8-48c1-bff3-1afb9ef0e8f8 None None] The cell worker thread pool MainProcess.cell_worker is initialized
Apr 02 02:14:16.018005 np0000162263 devstack@n-api.service[98851]: DEBUG oslo_concurrency.lockutils [None req-69596308-bdc8-48c1-bff3-1afb9ef0e8f8 None None] Acquiring lock "00000000-0000-0000-0000-000000000000" by "nova.context.set_target_cell..get_or_set_cached_cell_and_set_connections" {{(pid=98851) inner /opt/stack/data/venv/lib/python3.12/site-packages/oslo_concurrency/lockutils.py:506}}
Apr 02 02:14:16.018257 np0000162263 devstack@n-api.service[98851]: DEBUG oslo_concurrency.lockutils [None req-69596308-bdc8-48c1-bff3-1afb9ef0e8f8 None None] Lock "00000000-0000-0000-0000-000000000000" acquired by "nova.context.set_target_cell..get_or_set_cached_cell_and_set_connections" :: waited 0.000s {{(pid=98851) inner /opt/stack/data/venv/lib/python3.12/site-packages/oslo_concurrency/lockutils.py:519}}
Apr 02 02:14:16.018716 np0000162263 devstack@n-api.service[98851]: DEBUG oslo_concurrency.lockutils [None req-69596308-bdc8-48c1-bff3-1afb9ef0e8f8 None None] Lock "00000000-0000-0000-0000-000000000000" "released" by "nova.context.set_target_cell..get_or_set_cached_cell_and_set_connections" :: held 0.000s {{(pid=98851) inner /opt/stack/data/venv/lib/python3.12/site-packages/oslo_concurrency/lockutils.py:538}}
Apr 02 02:14:16.019559 np0000162263 devstack@n-api.service[98851]: DEBUG oslo_concurrency.lockutils [None req-69596308-bdc8-48c1-bff3-1afb9ef0e8f8 None None] Acquiring lock "bd009772-c449-476f-9a26-7726240241b1" by "nova.context.set_target_cell..get_or_set_cached_cell_and_set_connections" {{(pid=98851) inner /opt/stack/data/venv/lib/python3.12/site-packages/oslo_concurrency/lockutils.py:506}}
Apr 02 02:14:16.019852 np0000162263 devstack@n-api.service[98851]: DEBUG oslo_concurrency.lockutils [None req-69596308-bdc8-48c1-bff3-1afb9ef0e8f8 None None] Lock "bd009772-c449-476f-9a26-7726240241b1" acquired by "nova.context.set_target_cell..get_or_set_cached_cell_and_set_connections" :: waited 0.000s {{(pid=98851) inner /opt/stack/data/venv/lib/python3.12/site-packages/oslo_concurrency/lockutils.py:519}}
Apr 02 02:14:16.020520 np0000162263 devstack@n-api.service[98851]: DEBUG oslo_concurrency.lockutils [None req-69596308-bdc8-48c1-bff3-1afb9ef0e8f8 None None] Lock "bd009772-c449-476f-9a26-7726240241b1" "released" by "nova.context.set_target_cell..get_or_set_cached_cell_and_set_connections" :: held 0.001s {{(pid=98851) inner /opt/stack/data/venv/lib/python3.12/site-packages/oslo_concurrency/lockutils.py:538}}
Apr 02 02:14:16.022887 np0000162263 devstack@n-api.service[98849]: DEBUG dbcounter [-] [98849] Writer thread running {{(pid=98849) stat_writer /opt/stack/data/venv/lib/python3.12/site-packages/dbcounter.py:102}}
Apr 02 02:14:16.023334 np0000162263 devstack@n-api.service[98851]: INFO dbcounter [None req-69596308-bdc8-48c1-bff3-1afb9ef0e8f8 None None] Registered counter for database nova_cell0
Apr 02 02:14:16.028261 np0000162263 devstack@n-api.service[98851]: INFO dbcounter [None req-69596308-bdc8-48c1-bff3-1afb9ef0e8f8 None None] Registered counter for database nova_cell1
Apr 02 02:14:16.028543 np0000162263 devstack@n-api.service[98849]: DEBUG dbcounter [-] [98849] Writer thread running {{(pid=98849) stat_writer /opt/stack/data/venv/lib/python3.12/site-packages/dbcounter.py:102}}
Apr 02 02:14:16.033196 np0000162263 devstack@n-api.service[98849]: INFO dbcounter [None req-356578e2-22dc-4f49-909a-568d01cf9285 None None] Registered counter for database nova_cell0
Apr 02 02:14:16.036544 np0000162263 devstack@n-api.service[98851]: DEBUG oslo_db.sqlalchemy.engines [None req-69596308-bdc8-48c1-bff3-1afb9ef0e8f8 None None] MySQL server mode set to STRICT_TRANS_TABLES,STRICT_ALL_TABLES,NO_ZERO_IN_DATE,NO_ZERO_DATE,ERROR_FOR_DIVISION_BY_ZERO,TRADITIONAL,NO_ENGINE_SUBSTITUTION {{(pid=98851) _check_effective_sql_mode /opt/stack/data/venv/lib/python3.12/site-packages/oslo_db/sqlalchemy/engines.py:325}}
Apr 02 02:14:16.042706 np0000162263 devstack@n-api.service[98851]: DEBUG oslo_db.sqlalchemy.engines [None req-69596308-bdc8-48c1-bff3-1afb9ef0e8f8 None None] MySQL server mode set to STRICT_TRANS_TABLES,STRICT_ALL_TABLES,NO_ZERO_IN_DATE,NO_ZERO_DATE,ERROR_FOR_DIVISION_BY_ZERO,TRADITIONAL,NO_ENGINE_SUBSTITUTION {{(pid=98851) _check_effective_sql_mode /opt/stack/data/venv/lib/python3.12/site-packages/oslo_db/sqlalchemy/engines.py:325}}
Apr 02 02:14:16.048388 np0000162263 devstack@n-api.service[98849]: DEBUG oslo_db.sqlalchemy.engines [None req-356578e2-22dc-4f49-909a-568d01cf9285 None None] MySQL server mode set to STRICT_TRANS_TABLES,STRICT_ALL_TABLES,NO_ZERO_IN_DATE,NO_ZERO_DATE,ERROR_FOR_DIVISION_BY_ZERO,TRADITIONAL,NO_ENGINE_SUBSTITUTION {{(pid=98849) _check_effective_sql_mode /opt/stack/data/venv/lib/python3.12/site-packages/oslo_db/sqlalchemy/engines.py:325}}
Apr 02 02:14:16.054556 np0000162263 devstack@n-api.service[98852]: DEBUG dbcounter [-] [98852] Writer thread running {{(pid=98852) stat_writer /opt/stack/data/venv/lib/python3.12/site-packages/dbcounter.py:102}}
Apr 02 02:14:16.056869 np0000162263 devstack@n-api.service[98849]: DEBUG dbcounter [-] [98849] Writer thread running {{(pid=98849) stat_writer /opt/stack/data/venv/lib/python3.12/site-packages/dbcounter.py:102}}
Apr 02 02:14:16.060519 np0000162263 devstack@n-api.service[98852]: DEBUG dbcounter [-] [98852] Writer thread running {{(pid=98852) stat_writer /opt/stack/data/venv/lib/python3.12/site-packages/dbcounter.py:102}}
Apr 02 02:14:16.065353 np0000162263 devstack@n-api.service[98850]: DEBUG dbcounter [-] [98850] Writer thread running {{(pid=98850) stat_writer /opt/stack/data/venv/lib/python3.12/site-packages/dbcounter.py:102}}
Apr 02 02:14:16.069681 np0000162263 devstack@n-api.service[98850]: DEBUG dbcounter [-] [98850] Writer thread running {{(pid=98850) stat_writer /opt/stack/data/venv/lib/python3.12/site-packages/dbcounter.py:102}}
Apr 02 02:14:16.112566 np0000162263 devstack@n-api.service[98852]: INFO dbcounter [None req-ab2c3fc7-15b8-431b-be11-a7590f42bb23 None None] Registered counter for database nova_cell0
Apr 02 02:14:16.113900 np0000162263 devstack@n-api.service[98850]: INFO dbcounter [None req-c9b589be-629c-4b1a-86ba-feef261093c9 None None] Registered counter for database nova_cell0
Apr 02 02:14:16.123763 np0000162263 devstack@n-api.service[98852]: DEBUG oslo_db.sqlalchemy.engines [None req-ab2c3fc7-15b8-431b-be11-a7590f42bb23 None None] MySQL server mode set to STRICT_TRANS_TABLES,STRICT_ALL_TABLES,NO_ZERO_IN_DATE,NO_ZERO_DATE,ERROR_FOR_DIVISION_BY_ZERO,TRADITIONAL,NO_ENGINE_SUBSTITUTION {{(pid=98852) _check_effective_sql_mode /opt/stack/data/venv/lib/python3.12/site-packages/oslo_db/sqlalchemy/engines.py:325}}
Apr 02 02:14:16.128637 np0000162263 devstack@n-api.service[98851]: DEBUG dbcounter [-] [98851] Writer thread running {{(pid=98851) stat_writer /opt/stack/data/venv/lib/python3.12/site-packages/dbcounter.py:102}}
Apr 02 02:14:16.128967 np0000162263 devstack@n-api.service[98850]: DEBUG oslo_db.sqlalchemy.engines [None req-c9b589be-629c-4b1a-86ba-feef261093c9 None None] MySQL server mode set to STRICT_TRANS_TABLES,STRICT_ALL_TABLES,NO_ZERO_IN_DATE,NO_ZERO_DATE,ERROR_FOR_DIVISION_BY_ZERO,TRADITIONAL,NO_ENGINE_SUBSTITUTION {{(pid=98850) _check_effective_sql_mode /opt/stack/data/venv/lib/python3.12/site-packages/oslo_db/sqlalchemy/engines.py:325}}
Apr 02 02:14:16.133625 np0000162263 devstack@n-api.service[98851]: DEBUG dbcounter [-] [98851] Writer thread running {{(pid=98851) stat_writer /opt/stack/data/venv/lib/python3.12/site-packages/dbcounter.py:102}}
Apr 02 02:14:16.133716 np0000162263 devstack@n-api.service[98852]: DEBUG dbcounter [-] [98852] Writer thread running {{(pid=98852) stat_writer /opt/stack/data/venv/lib/python3.12/site-packages/dbcounter.py:102}}
Apr 02 02:14:16.138012 np0000162263 devstack@n-api.service[98851]: INFO dbcounter [None req-69596308-bdc8-48c1-bff3-1afb9ef0e8f8 None None] Registered counter for database nova_cell0
Apr 02 02:14:16.139715 np0000162263 devstack@n-api.service[98850]: DEBUG dbcounter [-] [98850] Writer thread running {{(pid=98850) stat_writer /opt/stack/data/venv/lib/python3.12/site-packages/dbcounter.py:102}}
Apr 02 02:14:16.148809 np0000162263 devstack@n-api.service[98851]: DEBUG oslo_db.sqlalchemy.engines [None req-69596308-bdc8-48c1-bff3-1afb9ef0e8f8 None None] MySQL server mode set to STRICT_TRANS_TABLES,STRICT_ALL_TABLES,NO_ZERO_IN_DATE,NO_ZERO_DATE,ERROR_FOR_DIVISION_BY_ZERO,TRADITIONAL,NO_ENGINE_SUBSTITUTION {{(pid=98851) _check_effective_sql_mode /opt/stack/data/venv/lib/python3.12/site-packages/oslo_db/sqlalchemy/engines.py:325}}
Apr 02 02:14:16.157506 np0000162263 devstack@n-api.service[98851]: DEBUG dbcounter [-] [98851] Writer thread running {{(pid=98851) stat_writer /opt/stack/data/venv/lib/python3.12/site-packages/dbcounter.py:102}}
Apr 02 02:14:16.482132 np0000162263 devstack@n-api.service[98850]: DEBUG oslo_concurrency.processutils [None req-c9b589be-629c-4b1a-86ba-feef261093c9 None None] Running cmd (subprocess): grep -F node.session.scan /sbin/iscsiadm {{(pid=98850) execute /opt/stack/data/venv/lib/python3.12/site-packages/oslo_concurrency/processutils.py:440}}
Apr 02 02:14:16.497433 np0000162263 devstack@n-api.service[98852]: DEBUG oslo_concurrency.processutils [None req-ab2c3fc7-15b8-431b-be11-a7590f42bb23 None None] Running cmd (subprocess): grep -F node.session.scan /sbin/iscsiadm {{(pid=98852) execute /opt/stack/data/venv/lib/python3.12/site-packages/oslo_concurrency/processutils.py:440}}
Apr 02 02:14:16.500688 np0000162263 devstack@n-api.service[98850]: DEBUG oslo_concurrency.processutils [None req-c9b589be-629c-4b1a-86ba-feef261093c9 None None] CMD "grep -F node.session.scan /sbin/iscsiadm" returned: 0 in 0.019s {{(pid=98850) execute /opt/stack/data/venv/lib/python3.12/site-packages/oslo_concurrency/processutils.py:468}}
Apr 02 02:14:16.501988 np0000162263 devstack@n-api.service[98849]: DEBUG oslo_concurrency.processutils [None req-356578e2-22dc-4f49-909a-568d01cf9285 None None] Running cmd (subprocess): grep -F node.session.scan /sbin/iscsiadm {{(pid=98849) execute /opt/stack/data/venv/lib/python3.12/site-packages/oslo_concurrency/processutils.py:440}}
Apr 02 02:14:16.505505 np0000162263 devstack@n-api.service[98851]: DEBUG oslo_concurrency.processutils [None req-69596308-bdc8-48c1-bff3-1afb9ef0e8f8 None None] Running cmd (subprocess): grep -F node.session.scan /sbin/iscsiadm {{(pid=98851) execute /opt/stack/data/venv/lib/python3.12/site-packages/oslo_concurrency/processutils.py:440}}
Apr 02 02:14:16.517282 np0000162263 devstack@n-api.service[98852]: DEBUG oslo_concurrency.processutils [None req-ab2c3fc7-15b8-431b-be11-a7590f42bb23 None None] CMD "grep -F node.session.scan /sbin/iscsiadm" returned: 0 in 0.019s {{(pid=98852) execute /opt/stack/data/venv/lib/python3.12/site-packages/oslo_concurrency/processutils.py:468}}
Apr 02 02:14:16.521146 np0000162263 devstack@n-api.service[98849]: DEBUG oslo_concurrency.processutils [None req-356578e2-22dc-4f49-909a-568d01cf9285 None None] CMD "grep -F node.session.scan /sbin/iscsiadm" returned: 0 in 0.019s {{(pid=98849) execute /opt/stack/data/venv/lib/python3.12/site-packages/oslo_concurrency/processutils.py:468}}
Apr 02 02:14:16.522939 np0000162263 devstack@n-api.service[98851]: DEBUG oslo_concurrency.processutils [None req-69596308-bdc8-48c1-bff3-1afb9ef0e8f8 None None] CMD "grep -F node.session.scan /sbin/iscsiadm" returned: 0 in 0.017s {{(pid=98851) execute /opt/stack/data/venv/lib/python3.12/site-packages/oslo_concurrency/processutils.py:468}}
Apr 02 02:14:17.019353 np0000162263 devstack@n-api.service[98850]: WARNING keystonemiddleware.auth_token [None req-c9b589be-629c-4b1a-86ba-feef261093c9 None None] AuthToken middleware is set with keystone_authtoken.service_token_roles_required set to False. This is backwards compatible but deprecated behaviour. Please set this to True.
Apr 02 02:14:17.020407 np0000162263 devstack@n-api.service[98851]: WARNING keystonemiddleware.auth_token [None req-69596308-bdc8-48c1-bff3-1afb9ef0e8f8 None None] AuthToken middleware is set with keystone_authtoken.service_token_roles_required set to False. This is backwards compatible but deprecated behaviour. Please set this to True.
Apr 02 02:14:17.020994 np0000162263 devstack@n-api.service[98852]: WARNING keystonemiddleware.auth_token [None req-ab2c3fc7-15b8-431b-be11-a7590f42bb23 None None] AuthToken middleware is set with keystone_authtoken.service_token_roles_required set to False. This is backwards compatible but deprecated behaviour. Please set this to True.
Apr 02 02:14:17.022424 np0000162263 devstack@n-api.service[98849]: WARNING keystonemiddleware.auth_token [None req-356578e2-22dc-4f49-909a-568d01cf9285 None None] AuthToken middleware is set with keystone_authtoken.service_token_roles_required set to False. This is backwards compatible but deprecated behaviour. Please set this to True.
Apr 02 02:14:17.083285 np0000162263 devstack@n-api.service[98850]: WARNING keystonemiddleware.auth_token [None req-c9b589be-629c-4b1a-86ba-feef261093c9 None None] AuthToken middleware is set with keystone_authtoken.service_token_roles_required set to False. This is backwards compatible but deprecated behaviour. Please set this to True.
Apr 02 02:14:17.085737 np0000162263 devstack@n-api.service[98851]: WARNING keystonemiddleware.auth_token [None req-69596308-bdc8-48c1-bff3-1afb9ef0e8f8 None None] AuthToken middleware is set with keystone_authtoken.service_token_roles_required set to False. This is backwards compatible but deprecated behaviour. Please set this to True.
Apr 02 02:14:17.090614 np0000162263 devstack@n-api.service[98851]: DEBUG nova.api.openstack.wsgi_app [None req-69596308-bdc8-48c1-bff3-1afb9ef0e8f8 None None] ******************************************************************************** {{(pid=98851) log_opt_values /opt/stack/data/venv/lib/python3.12/site-packages/oslo_config/cfg.py:2979}}
Apr 02 02:14:17.090749 np0000162263 devstack@n-api.service[98851]: DEBUG nova.api.openstack.wsgi_app [None req-69596308-bdc8-48c1-bff3-1afb9ef0e8f8 None None] Configuration options gathered from: {{(pid=98851) log_opt_values /opt/stack/data/venv/lib/python3.12/site-packages/oslo_config/cfg.py:2980}}
Apr 02 02:14:17.091031 np0000162263 devstack@n-api.service[98851]: DEBUG nova.api.openstack.wsgi_app [None req-69596308-bdc8-48c1-bff3-1afb9ef0e8f8 None None] command line args: [] {{(pid=98851) log_opt_values /opt/stack/data/venv/lib/python3.12/site-packages/oslo_config/cfg.py:2981}}
Apr 02 02:14:17.091195 np0000162263 devstack@n-api.service[98851]: DEBUG nova.api.openstack.wsgi_app [None req-69596308-bdc8-48c1-bff3-1afb9ef0e8f8 None None] config files: ['/etc/nova/api-paste.ini', '/etc/nova/nova.conf'] {{(pid=98851) log_opt_values /opt/stack/data/venv/lib/python3.12/site-packages/oslo_config/cfg.py:2982}}
Apr 02 02:14:17.091273 np0000162263 devstack@n-api.service[98851]: DEBUG nova.api.openstack.wsgi_app [None req-69596308-bdc8-48c1-bff3-1afb9ef0e8f8 None None] ================================================================================ {{(pid=98851) log_opt_values /opt/stack/data/venv/lib/python3.12/site-packages/oslo_config/cfg.py:2987}}
Apr 02 02:14:17.091498 np0000162263 devstack@n-api.service[98851]: DEBUG nova.api.openstack.wsgi_app [None req-69596308-bdc8-48c1-bff3-1afb9ef0e8f8 None None] allow_resize_to_same_host = True {{(pid=98851) log_opt_values /opt/stack/data/venv/lib/python3.12/site-packages/oslo_config/cfg.py:2995}}
Apr 02 02:14:17.091610 np0000162263 devstack@n-api.service[98851]: DEBUG nova.api.openstack.wsgi_app [None req-69596308-bdc8-48c1-bff3-1afb9ef0e8f8 None None] arq_binding_timeout = 300 {{(pid=98851) log_opt_values /opt/stack/data/venv/lib/python3.12/site-packages/oslo_config/cfg.py:2995}}
Apr 02 02:14:17.091758 np0000162263 devstack@n-api.service[98851]: DEBUG nova.api.openstack.wsgi_app [None req-69596308-bdc8-48c1-bff3-1afb9ef0e8f8 None None] block_device_allocate_retries = 60 {{(pid=98851) log_opt_values /opt/stack/data/venv/lib/python3.12/site-packages/oslo_config/cfg.py:2995}}
Apr 02 02:14:17.091897 np0000162263 devstack@n-api.service[98851]: DEBUG nova.api.openstack.wsgi_app [None req-69596308-bdc8-48c1-bff3-1afb9ef0e8f8 None None] block_device_allocate_retries_interval = 3 {{(pid=98851) log_opt_values /opt/stack/data/venv/lib/python3.12/site-packages/oslo_config/cfg.py:2995}}
Apr 02 02:14:17.092031 np0000162263 devstack@n-api.service[98851]: DEBUG nova.api.openstack.wsgi_app [None req-69596308-bdc8-48c1-bff3-1afb9ef0e8f8 None None] cell_worker_thread_pool_size = 5 {{(pid=98851) log_opt_values /opt/stack/data/venv/lib/python3.12/site-packages/oslo_config/cfg.py:2995}}
Apr 02 02:14:17.092191 np0000162263 devstack@n-api.service[98851]: DEBUG nova.api.openstack.wsgi_app [None req-69596308-bdc8-48c1-bff3-1afb9ef0e8f8 None None] cert = self.pem {{(pid=98851) log_opt_values /opt/stack/data/venv/lib/python3.12/site-packages/oslo_config/cfg.py:2995}}
Apr 02 02:14:17.092339 np0000162263 devstack@n-api.service[98851]: DEBUG nova.api.openstack.wsgi_app [None req-69596308-bdc8-48c1-bff3-1afb9ef0e8f8 None None] compute_driver = libvirt.LibvirtDriver {{(pid=98851) log_opt_values /opt/stack/data/venv/lib/python3.12/site-packages/oslo_config/cfg.py:2995}}
Apr 02 02:14:17.092492 np0000162263 devstack@n-api.service[98851]: DEBUG nova.api.openstack.wsgi_app [None req-69596308-bdc8-48c1-bff3-1afb9ef0e8f8 None None] compute_monitors = [] {{(pid=98851) log_opt_values /opt/stack/data/venv/lib/python3.12/site-packages/oslo_config/cfg.py:2995}}
Apr 02 02:14:17.092608 np0000162263 devstack@n-api.service[98851]: DEBUG nova.api.openstack.wsgi_app [None req-69596308-bdc8-48c1-bff3-1afb9ef0e8f8 None None] config_dir = [] {{(pid=98851) log_opt_values /opt/stack/data/venv/lib/python3.12/site-packages/oslo_config/cfg.py:2995}}
Apr 02 02:14:17.092763 np0000162263 devstack@n-api.service[98851]: DEBUG nova.api.openstack.wsgi_app [None req-69596308-bdc8-48c1-bff3-1afb9ef0e8f8 None None] config_drive_format = iso9660 {{(pid=98851) log_opt_values /opt/stack/data/venv/lib/python3.12/site-packages/oslo_config/cfg.py:2995}}
Apr 02 02:14:17.092864 np0000162263 devstack@n-api.service[98851]: DEBUG nova.api.openstack.wsgi_app [None req-69596308-bdc8-48c1-bff3-1afb9ef0e8f8 None None] config_file = ['/etc/nova/api-paste.ini', '/etc/nova/nova.conf'] {{(pid=98851) log_opt_values /opt/stack/data/venv/lib/python3.12/site-packages/oslo_config/cfg.py:2995}}
Apr 02 02:14:17.093002 np0000162263 devstack@n-api.service[98851]: DEBUG nova.api.openstack.wsgi_app [None req-69596308-bdc8-48c1-bff3-1afb9ef0e8f8 None None] config_source = [] {{(pid=98851) log_opt_values /opt/stack/data/venv/lib/python3.12/site-packages/oslo_config/cfg.py:2995}}
Apr 02 02:14:17.093135 np0000162263 devstack@n-api.service[98851]: DEBUG nova.api.openstack.wsgi_app [None req-69596308-bdc8-48c1-bff3-1afb9ef0e8f8 None None] console_host = np0000162263 {{(pid=98851) log_opt_values /opt/stack/data/venv/lib/python3.12/site-packages/oslo_config/cfg.py:2995}}
Apr 02 02:14:17.093262 np0000162263 devstack@n-api.service[98851]: DEBUG nova.api.openstack.wsgi_app [None req-69596308-bdc8-48c1-bff3-1afb9ef0e8f8 None None] control_exchange = nova {{(pid=98851) log_opt_values /opt/stack/data/venv/lib/python3.12/site-packages/oslo_config/cfg.py:2995}}
Apr 02 02:14:17.093432 np0000162263 devstack@n-api.service[98851]: DEBUG nova.api.openstack.wsgi_app [None req-69596308-bdc8-48c1-bff3-1afb9ef0e8f8 None None] cpu_allocation_ratio = None {{(pid=98851) log_opt_values /opt/stack/data/venv/lib/python3.12/site-packages/oslo_config/cfg.py:2995}}
Apr 02 02:14:17.093524 np0000162263 devstack@n-api.service[98851]: DEBUG nova.api.openstack.wsgi_app [None req-69596308-bdc8-48c1-bff3-1afb9ef0e8f8 None None] daemon = False {{(pid=98851) log_opt_values /opt/stack/data/venv/lib/python3.12/site-packages/oslo_config/cfg.py:2995}}
Apr 02 02:14:17.093671 np0000162263 devstack@n-api.service[98851]: DEBUG nova.api.openstack.wsgi_app [None req-69596308-bdc8-48c1-bff3-1afb9ef0e8f8 None None] debug = True {{(pid=98851) log_opt_values /opt/stack/data/venv/lib/python3.12/site-packages/oslo_config/cfg.py:2995}}
Apr 02 02:14:17.093795 np0000162263 devstack@n-api.service[98851]: DEBUG nova.api.openstack.wsgi_app [None req-69596308-bdc8-48c1-bff3-1afb9ef0e8f8 None None] default_access_ip_network_name = None {{(pid=98851) log_opt_values /opt/stack/data/venv/lib/python3.12/site-packages/oslo_config/cfg.py:2995}}
Apr 02 02:14:17.093935 np0000162263 devstack@n-api.service[98851]: DEBUG nova.api.openstack.wsgi_app [None req-69596308-bdc8-48c1-bff3-1afb9ef0e8f8 None None] default_availability_zone = nova {{(pid=98851) log_opt_values /opt/stack/data/venv/lib/python3.12/site-packages/oslo_config/cfg.py:2995}}
Apr 02 02:14:17.094068 np0000162263 devstack@n-api.service[98851]: DEBUG nova.api.openstack.wsgi_app [None req-69596308-bdc8-48c1-bff3-1afb9ef0e8f8 None None] default_ephemeral_format = ext4 {{(pid=98851) log_opt_values /opt/stack/data/venv/lib/python3.12/site-packages/oslo_config/cfg.py:2995}}
Apr 02 02:14:17.094187 np0000162263 devstack@n-api.service[98851]: DEBUG nova.api.openstack.wsgi_app [None req-69596308-bdc8-48c1-bff3-1afb9ef0e8f8 None None] default_green_pool_size = 1000 {{(pid=98851) log_opt_values /opt/stack/data/venv/lib/python3.12/site-packages/oslo_config/cfg.py:2995}}
Apr 02 02:14:17.094416 np0000162263 devstack@n-api.service[98851]: DEBUG nova.api.openstack.wsgi_app [None req-69596308-bdc8-48c1-bff3-1afb9ef0e8f8 None None] default_log_levels = ['amqp=WARN', 'boto=WARN', 'sqlalchemy=WARN', 'suds=INFO', 'oslo.messaging=INFO', 'oslo_messaging=INFO', 'iso8601=WARN', 'requests.packages.urllib3.connectionpool=WARN', 'urllib3.connectionpool=WARN', 'websocket=WARN', 'requests.packages.urllib3.util.retry=WARN', 'urllib3.util.retry=WARN', 'keystonemiddleware=WARN', 'routes.middleware=WARN', 'stevedore=WARN', 'taskflow=WARN', 'keystoneauth=WARN', 'oslo.cache=INFO', 'oslo_policy=INFO', 'dogpile.core.dogpile=INFO', 'glanceclient=WARN', 'oslo.privsep.daemon=INFO'] {{(pid=98851) log_opt_values /opt/stack/data/venv/lib/python3.12/site-packages/oslo_config/cfg.py:2995}}
Apr 02 02:14:17.094597 np0000162263 devstack@n-api.service[98851]: DEBUG nova.api.openstack.wsgi_app [None req-69596308-bdc8-48c1-bff3-1afb9ef0e8f8 None None] default_schedule_zone = None {{(pid=98851) log_opt_values /opt/stack/data/venv/lib/python3.12/site-packages/oslo_config/cfg.py:2995}}
Apr 02 02:14:17.094679 np0000162263 devstack@n-api.service[98851]: DEBUG nova.api.openstack.wsgi_app [None req-69596308-bdc8-48c1-bff3-1afb9ef0e8f8 None None] default_thread_pool_size = 10 {{(pid=98851) log_opt_values /opt/stack/data/venv/lib/python3.12/site-packages/oslo_config/cfg.py:2995}}
Apr 02 02:14:17.094793 np0000162263 devstack@n-api.service[98851]: DEBUG nova.api.openstack.wsgi_app [None req-69596308-bdc8-48c1-bff3-1afb9ef0e8f8 None None] disk_allocation_ratio = None {{(pid=98851) log_opt_values /opt/stack/data/venv/lib/python3.12/site-packages/oslo_config/cfg.py:2995}}
Apr 02 02:14:17.094908 np0000162263 devstack@n-api.service[98851]: DEBUG nova.api.openstack.wsgi_app [None req-69596308-bdc8-48c1-bff3-1afb9ef0e8f8 None None] enable_new_services = True {{(pid=98851) log_opt_values /opt/stack/data/venv/lib/python3.12/site-packages/oslo_config/cfg.py:2995}}
Apr 02 02:14:17.095032 np0000162263 devstack@n-api.service[98851]: DEBUG nova.api.openstack.wsgi_app [None req-69596308-bdc8-48c1-bff3-1afb9ef0e8f8 None None] flat_injected = False {{(pid=98851) log_opt_values /opt/stack/data/venv/lib/python3.12/site-packages/oslo_config/cfg.py:2995}}
Apr 02 02:14:17.095163 np0000162263 devstack@n-api.service[98851]: DEBUG nova.api.openstack.wsgi_app [None req-69596308-bdc8-48c1-bff3-1afb9ef0e8f8 None None] force_config_drive = False {{(pid=98851) log_opt_values /opt/stack/data/venv/lib/python3.12/site-packages/oslo_config/cfg.py:2995}}
Apr 02 02:14:17.095329 np0000162263 devstack@n-api.service[98851]: DEBUG nova.api.openstack.wsgi_app [None req-69596308-bdc8-48c1-bff3-1afb9ef0e8f8 None None] force_raw_images = True {{(pid=98851) log_opt_values /opt/stack/data/venv/lib/python3.12/site-packages/oslo_config/cfg.py:2995}}
Apr 02 02:14:17.095487 np0000162263 devstack@n-api.service[98851]: DEBUG nova.api.openstack.wsgi_app [None req-69596308-bdc8-48c1-bff3-1afb9ef0e8f8 None None] graceful_shutdown_timeout = 5 {{(pid=98851) log_opt_values /opt/stack/data/venv/lib/python3.12/site-packages/oslo_config/cfg.py:2995}}
Apr 02 02:14:17.095579 np0000162263 devstack@n-api.service[98851]: DEBUG nova.api.openstack.wsgi_app [None req-69596308-bdc8-48c1-bff3-1afb9ef0e8f8 None None] heal_instance_info_cache_interval = -1 {{(pid=98851) log_opt_values /opt/stack/data/venv/lib/python3.12/site-packages/oslo_config/cfg.py:2995}}
Apr 02 02:14:17.095733 np0000162263 devstack@n-api.service[98851]: DEBUG nova.api.openstack.wsgi_app [None req-69596308-bdc8-48c1-bff3-1afb9ef0e8f8 None None] host = np0000162263 {{(pid=98851) log_opt_values /opt/stack/data/venv/lib/python3.12/site-packages/oslo_config/cfg.py:2995}}
Apr 02 02:14:17.095948 np0000162263 devstack@n-api.service[98851]: DEBUG nova.api.openstack.wsgi_app [None req-69596308-bdc8-48c1-bff3-1afb9ef0e8f8 None None] initial_cpu_allocation_ratio = 4.0 {{(pid=98851) log_opt_values /opt/stack/data/venv/lib/python3.12/site-packages/oslo_config/cfg.py:2995}}
Apr 02 02:14:17.096109 np0000162263 devstack@n-api.service[98851]: DEBUG nova.api.openstack.wsgi_app [None req-69596308-bdc8-48c1-bff3-1afb9ef0e8f8 None None] initial_disk_allocation_ratio = 1.0 {{(pid=98851) log_opt_values /opt/stack/data/venv/lib/python3.12/site-packages/oslo_config/cfg.py:2995}}
Apr 02 02:14:17.096201 np0000162263 devstack@n-api.service[98851]: DEBUG nova.api.openstack.wsgi_app [None req-69596308-bdc8-48c1-bff3-1afb9ef0e8f8 None None] initial_ram_allocation_ratio = 1.0 {{(pid=98851) log_opt_values /opt/stack/data/venv/lib/python3.12/site-packages/oslo_config/cfg.py:2995}}
Apr 02 02:14:17.096309 np0000162263 devstack@n-api.service[98851]: DEBUG nova.api.openstack.wsgi_app [None req-69596308-bdc8-48c1-bff3-1afb9ef0e8f8 None None] injected_network_template = /opt/stack/nova/nova/virt/interfaces.template {{(pid=98851) log_opt_values /opt/stack/data/venv/lib/python3.12/site-packages/oslo_config/cfg.py:2995}}
Apr 02 02:14:17.096457 np0000162263 devstack@n-api.service[98851]: DEBUG nova.api.openstack.wsgi_app [None req-69596308-bdc8-48c1-bff3-1afb9ef0e8f8 None None] instance_build_timeout = 0 {{(pid=98851) log_opt_values /opt/stack/data/venv/lib/python3.12/site-packages/oslo_config/cfg.py:2995}}
Apr 02 02:14:17.096586 np0000162263 devstack@n-api.service[98851]: DEBUG nova.api.openstack.wsgi_app [None req-69596308-bdc8-48c1-bff3-1afb9ef0e8f8 None None] instance_delete_interval = 300 {{(pid=98851) log_opt_values /opt/stack/data/venv/lib/python3.12/site-packages/oslo_config/cfg.py:2995}}
Apr 02 02:14:17.096718 np0000162263 devstack@n-api.service[98851]: DEBUG nova.api.openstack.wsgi_app [None req-69596308-bdc8-48c1-bff3-1afb9ef0e8f8 None None] instance_format = [instance: %(uuid)s] {{(pid=98851) log_opt_values /opt/stack/data/venv/lib/python3.12/site-packages/oslo_config/cfg.py:2995}}
Apr 02 02:14:17.096851 np0000162263 devstack@n-api.service[98851]: DEBUG nova.api.openstack.wsgi_app [None req-69596308-bdc8-48c1-bff3-1afb9ef0e8f8 None None] instance_name_template = instance-%08x {{(pid=98851) log_opt_values /opt/stack/data/venv/lib/python3.12/site-packages/oslo_config/cfg.py:2995}}
Apr 02 02:14:17.096979 np0000162263 devstack@n-api.service[98851]: DEBUG nova.api.openstack.wsgi_app [None req-69596308-bdc8-48c1-bff3-1afb9ef0e8f8 None None] instance_usage_audit = False {{(pid=98851) log_opt_values /opt/stack/data/venv/lib/python3.12/site-packages/oslo_config/cfg.py:2995}}
Apr 02 02:14:17.097117 np0000162263 devstack@n-api.service[98851]: DEBUG nova.api.openstack.wsgi_app [None req-69596308-bdc8-48c1-bff3-1afb9ef0e8f8 None None] instance_usage_audit_period = month {{(pid=98851) log_opt_values /opt/stack/data/venv/lib/python3.12/site-packages/oslo_config/cfg.py:2995}}
