+ COMMAND=start + start + for KEYSTONE_WSGI_SCRIPT in keystone-wsgi-public ++ type -p keystone-wsgi-public + cp -a /var/lib/openstack/bin/keystone-wsgi-public /var/www/cgi-bin/keystone/ + '[' -f /etc/apache2/envvars ']' + source /etc/apache2/envvars ++ unset HOME ++ '[' '' '!=' '' ']' ++ SUFFIX= ++ export APACHE_RUN_USER=www-data ++ APACHE_RUN_USER=www-data ++ export APACHE_RUN_GROUP=www-data ++ APACHE_RUN_GROUP=www-data ++ export APACHE_PID_FILE=/var/run/apache2/apache2.pid ++ APACHE_PID_FILE=/var/run/apache2/apache2.pid ++ export APACHE_RUN_DIR=/var/run/apache2 ++ APACHE_RUN_DIR=/var/run/apache2 ++ export APACHE_LOCK_DIR=/var/lock/apache2 ++ APACHE_LOCK_DIR=/var/lock/apache2 ++ export APACHE_LOG_DIR=/var/log/apache2 ++ APACHE_LOG_DIR=/var/log/apache2 ++ export LANG=C ++ LANG=C ++ export LANG + '[' -f /var/run/apache2/apache2.pid ']' + exec apache2 -DFOREGROUND AH00558: apache2: Could not reliably determine the server's fully qualified domain name, using 10.0.0.76. Set the 'ServerName' directive globally to suppress this message AH00558: apache2: Could not reliably determine the server's fully qualified domain name, using 10.0.0.76. Set the 'ServerName' directive globally to suppress this message
[Wed Apr 22 16:39:08.748049 2026] [mpm_event:notice] [pid 1:tid 140279385397120] AH00489: Apache/2.4.58 (Ubuntu) mod_wsgi/5.0.0 Python/3.12 configured -- resuming normal operations
[Wed Apr 22 16:39:08.748315 2026] [core:notice] [pid 1:tid 140279385397120] AH00094: Command line: 'apache2 -D FOREGROUND'
[Wed Apr 22 16:40:02.192142 2026] [wsgi:error] [pid 9:tid 140278748624576] /var/lib/openstack/lib/python3.12/site-packages/oslo_utils/importutils.py:77: EventletDeprecationWarning:
[Wed Apr 22 16:40:02.192196 2026] [wsgi:error] [pid 9:tid 140278748624576] Eventlet is deprecated. It is currently being maintained in bugfix mode, and
[Wed Apr 22 16:40:02.192198 2026] [wsgi:error] [pid 9:tid 140278748624576] we strongly recommend against using it for new projects.
[Wed Apr 22 16:40:02.192200 2026] [wsgi:error] [pid 9:tid 140278748624576]
[Wed Apr 22 16:40:02.192201 2026] [wsgi:error] [pid 9:tid 140278748624576] If you are already using Eventlet, we recommend migrating to a different
[Wed Apr 22 16:40:02.192202 2026] [wsgi:error] [pid 9:tid 140278748624576] framework. For more detail see
[Wed Apr 22 16:40:02.192203 2026] [wsgi:error] [pid 9:tid 140278748624576] https://eventlet.readthedocs.io/en/latest/asyncio/migration.html
[Wed Apr 22 16:40:02.192204 2026] [wsgi:error] [pid 9:tid 140278748624576]
[Wed Apr 22 16:40:02.192206 2026] [wsgi:error] [pid 9:tid 140278748624576] __import__(import_str)
[Wed Apr 22 16:40:02.206781 2026] [wsgi:error] [pid 12:tid 140278748624576] /var/lib/openstack/lib/python3.12/site-packages/oslo_utils/importutils.py:77: EventletDeprecationWarning:
[Wed Apr 22 16:40:02.206896 2026] [wsgi:error] [pid 12:tid 140278748624576] Eventlet is deprecated. It is currently being maintained in bugfix mode, and
[Wed Apr 22 16:40:02.206898 2026] [wsgi:error] [pid 12:tid 140278748624576] we strongly recommend against using it for new projects.
[Wed Apr 22 16:40:02.206899 2026] [wsgi:error] [pid 12:tid 140278748624576]
[Wed Apr 22 16:40:02.206900 2026] [wsgi:error] [pid 12:tid 140278748624576] If you are already using Eventlet, we recommend migrating to a different
[Wed Apr 22 16:40:02.206902 2026] [wsgi:error] [pid 12:tid 140278748624576] framework. For more detail see
[Wed Apr 22 16:40:02.206903 2026] [wsgi:error] [pid 12:tid 140278748624576] https://eventlet.readthedocs.io/en/latest/asyncio/migration.html
[Wed Apr 22 16:40:02.206904 2026] [wsgi:error] [pid 12:tid 140278748624576]
[Wed Apr 22 16:40:02.206905 2026] [wsgi:error] [pid 12:tid 140278748624576] __import__(import_str) 10.0.0.47 - - [22/Apr/2026:16:40:01 +0000] "GET /v3/ HTTP/1.1" 200 249 10.0.0.47 - - [22/Apr/2026:16:40:01 +0000] "GET /v3/ HTTP/1.1" 200 249
[Wed Apr 22 16:40:07.733626 2026] [wsgi:error] [pid 11:tid 140278748624576] /var/lib/openstack/lib/python3.12/site-packages/oslo_utils/importutils.py:77: EventletDeprecationWarning:
[Wed Apr 22 16:40:07.733689 2026] [wsgi:error] [pid 11:tid 140278748624576] Eventlet is deprecated. It is currently being maintained in bugfix mode, and
[Wed Apr 22 16:40:07.733692 2026] [wsgi:error] [pid 11:tid 140278748624576] we strongly recommend against using it for new projects.
[Wed Apr 22 16:40:07.733693 2026] [wsgi:error] [pid 11:tid 140278748624576]
[Wed Apr 22 16:40:07.733694 2026] [wsgi:error] [pid 11:tid 140278748624576] If you are already using Eventlet, we recommend migrating to a different
[Wed Apr 22 16:40:07.733695 2026] [wsgi:error] [pid 11:tid 140278748624576] framework. For more detail see
[Wed Apr 22 16:40:07.733696 2026] [wsgi:error] [pid 11:tid 140278748624576] https://eventlet.readthedocs.io/en/latest/asyncio/migration.html
[Wed Apr 22 16:40:07.733698 2026] [wsgi:error] [pid 11:tid 140278748624576]
[Wed Apr 22 16:40:07.733699 2026] [wsgi:error] [pid 11:tid 140278748624576] __import__(import_str) 10.0.0.47 - - [22/Apr/2026:16:40:06 +0000] "GET /v3/ HTTP/1.1" 200 249
[Wed Apr 22 16:40:15.360705 2026] [wsgi:error] [pid 10:tid 140278748624576] /var/lib/openstack/lib/python3.12/site-packages/oslo_utils/importutils.py:77: EventletDeprecationWarning:
[Wed Apr 22 16:40:15.360748 2026] [wsgi:error] [pid 10:tid 140278748624576] Eventlet is deprecated. It is currently being maintained in bugfix mode, and
[Wed Apr 22 16:40:15.360750 2026] [wsgi:error] [pid 10:tid 140278748624576] we strongly recommend against using it for new projects.
[Wed Apr 22 16:40:15.360751 2026] [wsgi:error] [pid 10:tid 140278748624576]
[Wed Apr 22 16:40:15.360753 2026] [wsgi:error] [pid 10:tid 140278748624576] If you are already using Eventlet, we recommend migrating to a different
[Wed Apr 22 16:40:15.360754 2026] [wsgi:error] [pid 10:tid 140278748624576] framework. For more detail see
[Wed Apr 22 16:40:15.360755 2026] [wsgi:error] [pid 10:tid 140278748624576] https://eventlet.readthedocs.io/en/latest/asyncio/migration.html
[Wed Apr 22 16:40:15.360756 2026] [wsgi:error] [pid 10:tid 140278748624576]
[Wed Apr 22 16:40:15.360757 2026] [wsgi:error] [pid 10:tid 140278748624576] __import__(import_str) 10.0.0.91 - - [22/Apr/2026:16:40:14 +0000] "GET / HTTP/1.1" 300 295
[Wed Apr 22 16:40:19.889972 2026] [wsgi:error] [pid 9:tid 140278748624576] [remote 10.0.0.91:45858] 2026-04-22 16:40:19.886 9 WARNING keystone.identity.core [None req-e0437450-2b20-4c3a-9664-d4d00b46bb1b - - - - - -] Invalid domain name (atmosphere) found in config file name: keystone.exception.DomainNotFound: Could not find domain: atmosphere.
[Wed Apr 22 16:40:19.950887 2026] [wsgi:error] [pid 9:tid 140278748624576] [remote 10.0.0.91:45858] 2026-04-22 16:40:19.950 9 WARNING keystone.common.password_hashing [None req-e0437450-2b20-4c3a-9664-d4d00b46bb1b - - - - - -] Truncating password to algorithm specific maximum length 72 characters.
[Wed Apr 22 16:40:20.241333 2026] [wsgi:error] [pid 9:tid 140278748624576] [remote 10.0.0.91:45858] 2026-04-22 16:40:20.241 9 WARNING keystone.common.fernet_utils [None req-e0437450-2b20-4c3a-9664-d4d00b46bb1b - - - - - -] key_repository is world readable: /etc/keystone/fernet-keys/ 10.0.0.91 - - [22/Apr/2026:16:40:19 +0000] "POST /v3/auth/tokens HTTP/1.1" 201 1359
[Wed Apr 22 16:40:20.578499 2026] [wsgi:error] [pid 12:tid 140278748624576] [remote 10.0.0.91:45858] 2026-04-22 16:40:20.575 12 WARNING keystone.identity.core [None req-943ef832-2158-44be-ba45-2cd1df48422e - - - - - -] Invalid domain name (atmosphere) found in config file name: keystone.exception.DomainNotFound: Could not find domain: atmosphere. 10.0.0.91 - - [22/Apr/2026:16:40:20 +0000] "POST /v3/domains HTTP/1.1" 201 261 10.0.0.31 - - [22/Apr/2026:16:40:32 +0000] "GET / HTTP/1.1" 300 295
[Wed Apr 22 16:40:33.056014 2026] [wsgi:error] [pid 10:tid 140278748624576] [remote 10.0.0.31:42266] 2026-04-22 16:40:33.055 10 WARNING keystone.common.password_hashing [None req-7840cb73-e254-42a9-9f34-40eb7207324f - - - - - -] Truncating password to algorithm specific maximum length 72 characters.
[Wed Apr 22 16:40:33.332901 2026] [wsgi:error] [pid 10:tid 140278748624576] [remote 10.0.0.31:42266] 2026-04-22 16:40:33.332 10 WARNING keystone.common.fernet_utils [None req-7840cb73-e254-42a9-9f34-40eb7207324f - - - - - -] key_repository is world readable: /etc/keystone/fernet-keys/ 10.0.0.31 - - [22/Apr/2026:16:40:32 +0000] "POST /v3/auth/tokens HTTP/1.1" 201 1359 10.0.0.31 - - [22/Apr/2026:16:40:33 +0000] "GET /v3/roles/admin HTTP/1.1" 404 83
[Wed Apr 22 16:40:33.590495 2026] [wsgi:error] [pid 12:tid 140278748624576] [remote 10.0.0.31:42266] 2026-04-22 16:40:33.590 12 WARNING keystone.common.rbac_enforcer.enforcer [None req-4c455afe-f262-4666-85c9-d53cea039898 2831cca251474faeb7d101498a450e7e 3311bed231a54ea896f4e6b63b6f43e6 - - default default] Deprecated policy rules found. Use oslopolicy-policy-generator and oslopolicy-policy-upgrade to detect and resolve deprecated policies in your configuration. 10.0.0.31 - - [22/Apr/2026:16:40:33 +0000] "GET /v3/roles?name=admin HTTP/1.1" 200 389
[Wed Apr 22 16:40:33.920695 2026] [wsgi:error] [pid 11:tid 140278748624576] [remote 10.0.0.31:42266] 2026-04-22 16:40:33.920 11 WARNING keystone.common.rbac_enforcer.enforcer [None req-a1d5b249-d0a4-432d-8102-f9afa62d8b82 2831cca251474faeb7d101498a450e7e 3311bed231a54ea896f4e6b63b6f43e6 - - default default] Deprecated policy rules found. Use oslopolicy-policy-generator and oslopolicy-policy-upgrade to detect and resolve deprecated policies in your configuration. 10.0.0.31 - - [22/Apr/2026:16:40:33 +0000] "GET /v3/users/admin-RegionOne HTTP/1.1" 404 93
[Wed Apr 22 16:40:34.080103 2026] [wsgi:error] [pid 10:tid 140278748624576] [remote 10.0.0.31:42266] 2026-04-22 16:40:34.079 10 WARNING keystone.common.rbac_enforcer.enforcer [None req-b72351e9-5d3f-4ec0-b026-7de692364fcd 2831cca251474faeb7d101498a450e7e 3311bed231a54ea896f4e6b63b6f43e6 - - default default] Deprecated policy rules found. Use oslopolicy-policy-generator and oslopolicy-policy-upgrade to detect and resolve deprecated policies in your configuration. 10.0.0.31 - - [22/Apr/2026:16:40:33 +0000] "GET /v3/users?name=admin-RegionOne HTTP/1.1" 200 422
[Wed Apr 22 16:40:34.362371 2026] [wsgi:error] [pid 9:tid 140278748624576] [remote 10.0.0.31:42266] 2026-04-22 16:40:34.362 9 WARNING keystone.common.rbac_enforcer.enforcer [None req-ed8ff2cc-a176-4134-a4c8-b1e9b3620bfc 2831cca251474faeb7d101498a450e7e 3311bed231a54ea896f4e6b63b6f43e6 - - default default] Deprecated policy rules found. Use oslopolicy-policy-generator and oslopolicy-policy-upgrade to detect and resolve deprecated policies in your configuration. 10.0.0.31 - - [22/Apr/2026:16:40:34 +0000] "GET /v3/domains/default HTTP/1.1" 200 224 10.0.0.31 - - [22/Apr/2026:16:40:34 +0000] "PUT /v3/domains/default/users/2831cca251474faeb7d101498a450e7e/roles/a0e2790ab11144959e91ccc92addd617 HTTP/1.1" 204 - 10.0.0.47 - - [22/Apr/2026:16:40:45 +0000] "GET / HTTP/1.1" 300 280 10.0.0.47 - - [22/Apr/2026:16:40:46 +0000] "GET /v3 HTTP/1.1" 200 265
[Wed Apr 22 16:40:46.768964 2026] [wsgi:error] [pid 9:tid 140278748624576] [remote 10.0.0.47:35840] 2026-04-22 16:40:46.768 9 WARNING keystone.common.password_hashing [None req-1d0bd657-730b-4930-9726-3bcda58bfe5e - - - - - -] Truncating password to algorithm specific maximum length 72 characters.
[Wed Apr 22 16:40:47.049782 2026] [wsgi:error] [pid 9:tid 140278748624576] [remote 10.0.0.47:35840] 2026-04-22 16:40:47.049 9 WARNING keystone.common.fernet_utils [None req-1d0bd657-730b-4930-9726-3bcda58bfe5e - - - - - -] key_repository is world readable: /etc/keystone/fernet-keys/ 10.0.0.47 - - [22/Apr/2026:16:40:46 +0000] "POST /v3/auth/tokens HTTP/1.1" 201 1359 10.0.0.47 - - [22/Apr/2026:16:40:47 +0000] "GET / HTTP/1.1" 300 280 10.0.0.47 - - [22/Apr/2026:16:40:47 +0000] "GET /v3/domains/atmosphere HTTP/1.1" 404 90 10.0.0.47 - - [22/Apr/2026:16:40:47 +0000] "GET /v3/domains?name=atmosphere HTTP/1.1" 200 368 10.0.0.47 - - [22/Apr/2026:16:40:47 +0000] "GET /v3/domains/63b7fbe9e217400e9e8809b007c100e9 HTTP/1.1" 200 246 10.0.0.47 - - [22/Apr/2026:16:40:48 +0000] "GET /v3 HTTP/1.1" 200 265
[Wed Apr 22 16:40:48.263850 2026] [wsgi:error] [pid 11:tid 140278748624576] [remote 10.0.0.47:35840] 2026-04-22 16:40:48.263 11 WARNING keystone.common.password_hashing [None req-cf886162-efd8-4ed3-84cd-f0f4fb6aad0f - - - - - -] Truncating password to algorithm specific maximum length 72 characters.
[Wed Apr 22 16:40:48.544226 2026] [wsgi:error] [pid 11:tid 140278748624576] [remote 10.0.0.47:35840] 2026-04-22 16:40:48.543 11 WARNING keystone.common.fernet_utils [None req-cf886162-efd8-4ed3-84cd-f0f4fb6aad0f - - - - - -] key_repository is world readable: /etc/keystone/fernet-keys/ 10.0.0.47 - - [22/Apr/2026:16:40:48 +0000] "POST /v3/auth/tokens HTTP/1.1" 201 1359 10.0.0.47 - - [22/Apr/2026:16:40:48 +0000] "GET / HTTP/1.1" 300 280 10.0.0.47 - - [22/Apr/2026:16:40:48 +0000] "GET /v3/OS-FEDERATION/identity_providers/atmosphere HTTP/1.1" 404 101 10.0.0.47 - - [22/Apr/2026:16:40:48 +0000] "GET /v3/OS-FEDERATION/identity_providers HTTP/1.1" 200 155 10.0.0.47 - - [22/Apr/2026:16:40:48 +0000] "PUT /v3/OS-FEDERATION/identity_providers/atmosphere HTTP/1.1" 201 340 10.0.0.47 - - [22/Apr/2026:16:40:49 +0000] "GET /v3 HTTP/1.1" 200 265
[Wed Apr 22 16:40:49.474806 2026] [wsgi:error] [pid 9:tid 140278748624576] [remote 10.0.0.47:35840] 2026-04-22 16:40:49.474 9 WARNING keystone.common.password_hashing [None req-c97203e9-c9a4-408d-9dff-36515c12d362 - - - - - -] Truncating password to algorithm specific maximum length 72 characters.
[Wed Apr 22 16:40:49.754712 2026] [wsgi:error] [pid 9:tid 140278748624576] [remote 10.0.0.47:35840] 2026-04-22 16:40:49.754 9 WARNING keystone.common.fernet_utils [None req-c97203e9-c9a4-408d-9dff-36515c12d362 - - - - - -] key_repository is world readable: /etc/keystone/fernet-keys/ 10.0.0.47 - - [22/Apr/2026:16:40:49 +0000] "POST /v3/auth/tokens HTTP/1.1" 201 1359 10.0.0.47 - - [22/Apr/2026:16:40:49 +0000] "GET / HTTP/1.1" 300 280 10.0.0.47 - - [22/Apr/2026:16:40:49 +0000] "GET /v3/OS-FEDERATION/mappings/atmosphere-openid HTTP/1.1" 404 98 10.0.0.47 - - [22/Apr/2026:16:40:49 +0000] "GET /v3/OS-FEDERATION/mappings HTTP/1.1" 200 135 10.0.0.47 - - [22/Apr/2026:16:40:49 +0000] "PUT /v3/OS-FEDERATION/mappings/atmosphere-openid HTTP/1.1" 201 356 10.0.0.47 - - [22/Apr/2026:16:40:50 +0000] "GET /v3 HTTP/1.1" 200 265
[Wed Apr 22 16:40:50.629284 2026] [wsgi:error] [pid 11:tid 140278748624576] [remote 10.0.0.47:35840] 2026-04-22 16:40:50.628 11 WARNING keystone.common.password_hashing [None req-6e7c703f-f6af-4475-ba1d-23a457a6ea09 - - - - - -] Truncating password to algorithm specific maximum length 72 characters.
[Wed Apr 22 16:40:50.901429 2026] [wsgi:error] [pid 11:tid 140278748624576] [remote 10.0.0.47:35840] 2026-04-22 16:40:50.901 11 WARNING keystone.common.fernet_utils [None req-6e7c703f-f6af-4475-ba1d-23a457a6ea09 - - - - - -] key_repository is world readable: /etc/keystone/fernet-keys/ 10.0.0.47 - - [22/Apr/2026:16:40:50 +0000] "POST /v3/auth/tokens HTTP/1.1" 201 1359 10.0.0.47 - - [22/Apr/2026:16:40:50 +0000] "GET / HTTP/1.1" 300 280 10.0.0.47 - - [22/Apr/2026:16:40:50 +0000] "GET /v3/OS-FEDERATION/identity_providers/atmosphere/protocols/openid?idp_id=atmosphere HTTP/1.1" 404 131 10.0.0.47 - - [22/Apr/2026:16:40:50 +0000] "GET /v3/OS-FEDERATION/identity_providers/atmosphere/protocols HTTP/1.1" 200 167 10.0.0.47 - - [22/Apr/2026:16:40:50 +0000] "PUT /v3/OS-FEDERATION/identity_providers/atmosphere/protocols/openid HTTP/1.1" 201 222 10.0.0.47 - - [22/Apr/2026:16:41:01 +0000] "GET /v3/ HTTP/1.1" 200 249 10.0.0.47 - - [22/Apr/2026:16:41:01 +0000] "GET /v3/ HTTP/1.1" 200 249 10.0.0.47 - - [22/Apr/2026:16:42:01 +0000] "GET /v3/ HTTP/1.1" 200 249 10.0.0.47 - - [22/Apr/2026:16:42:01 +0000] "GET /v3/ HTTP/1.1" 200 249 10.0.0.168 - - [22/Apr/2026:16:42:17 +0000] "GET / HTTP/1.1" 300 295
[Wed Apr 22 16:42:17.846075 2026] [wsgi:error] [pid 9:tid 140278748624576] [remote 10.0.0.168:47592] 2026-04-22 16:42:17.845 9 WARNING keystone.common.password_hashing [None req-a2471587-4c7c-4ff0-a43f-ade0a19c75f8 - - - - - -] Truncating password to algorithm specific maximum length 72 characters.
[Wed Apr 22 16:42:18.119164 2026] [wsgi:error] [pid 9:tid 140278748624576] [remote 10.0.0.168:47592] 2026-04-22 16:42:18.118 9 WARNING keystone.common.fernet_utils [None req-a2471587-4c7c-4ff0-a43f-ade0a19c75f8 - - - - - -] key_repository is world readable: /etc/keystone/fernet-keys/ 10.0.0.168 - - [22/Apr/2026:16:42:17 +0000] "POST /v3/auth/tokens HTTP/1.1" 201 1359 10.0.0.168 - - [22/Apr/2026:16:42:18 +0000] "GET /v3/services HTTP/1.1" 200 355 10.0.0.168 - - [22/Apr/2026:16:42:21 +0000] "GET / HTTP/1.1" 300 295
[Wed Apr 22 16:42:21.710587 2026] [wsgi:error] [pid 10:tid 140278748624576] [remote 10.0.0.168:47594] 2026-04-22 16:42:21.710 10 WARNING keystone.common.password_hashing [None req-fdaa82fc-5538-47c4-9afb-51393b801e7d - - - - - -] Truncating password to algorithm specific maximum length 72 characters.
[Wed Apr 22 16:42:21.983566 2026] [wsgi:error] [pid 10:tid 140278748624576] [remote 10.0.0.168:47594] 2026-04-22 16:42:21.983 10 WARNING keystone.common.fernet_utils [None req-fdaa82fc-5538-47c4-9afb-51393b801e7d - - - - - -] key_repository is world readable: /etc/keystone/fernet-keys/ 10.0.0.168 - - [22/Apr/2026:16:42:21 +0000] "POST /v3/auth/tokens HTTP/1.1" 201 1359 10.0.0.168 - - [22/Apr/2026:16:42:22 +0000] "GET /v3/services HTTP/1.1" 200 355 10.0.0.168 - - [22/Apr/2026:16:42:25 +0000] "GET / HTTP/1.1" 300 295
[Wed Apr 22 16:42:25.589850 2026] [wsgi:error] [pid 12:tid 140278748624576] [remote 10.0.0.168:35302] 2026-04-22 16:42:25.589 12 WARNING keystone.common.password_hashing [None req-0323d1f3-0a07-4c8d-9b95-f0b9e32dfa8b - - - - - -] Truncating password to algorithm specific maximum length 72 characters.
[Wed Apr 22 16:42:25.902062 2026] [wsgi:error] [pid 12:tid 140278748624576] [remote 10.0.0.168:35302] 2026-04-22 16:42:25.901 12 WARNING keystone.common.fernet_utils [None req-0323d1f3-0a07-4c8d-9b95-f0b9e32dfa8b - - - - - -] key_repository is world readable: /etc/keystone/fernet-keys/ 10.0.0.168 - - [22/Apr/2026:16:42:25 +0000] "POST /v3/auth/tokens HTTP/1.1" 201 1359 10.0.0.168 - - [22/Apr/2026:16:42:26 +0000] "GET /v3/services HTTP/1.1" 200 355 10.0.0.168 - - [22/Apr/2026:16:42:29 +0000] "GET / HTTP/1.1" 300 295
[Wed Apr 22 16:42:29.499060 2026] [wsgi:error] [pid 11:tid 140278748624576] [remote 10.0.0.168:35314] 2026-04-22 16:42:29.498 11 WARNING keystone.common.password_hashing [None req-bc050deb-cd61-4380-9195-115d9eacbc92 - - - - - -] Truncating password to algorithm specific maximum length 72 characters.
[Wed Apr 22 16:42:29.780903 2026] [wsgi:error] [pid 11:tid 140278748624576] [remote 10.0.0.168:35314] 2026-04-22 16:42:29.780 11 WARNING keystone.common.fernet_utils [None req-bc050deb-cd61-4380-9195-115d9eacbc92 - - - - - -] key_repository is world readable: /etc/keystone/fernet-keys/ 10.0.0.168 - - [22/Apr/2026:16:42:29 +0000] "POST /v3/auth/tokens HTTP/1.1" 201 1359 10.0.0.168 - - [22/Apr/2026:16:42:29 +0000] "POST /v3/services HTTP/1.1" 201 296 10.0.0.33 - - [22/Apr/2026:16:42:42 +0000] "GET / HTTP/1.1" 300 295 10.0.0.33 - - [22/Apr/2026:16:42:42 +0000] "GET / HTTP/1.1" 300 295
[Wed Apr 22 16:42:42.169781 2026] [wsgi:error] [pid 9:tid 140278748624576] [remote 10.0.0.33:35908] 2026-04-22 16:42:42.169 9 WARNING keystone.common.password_hashing [None req-a401ef29-2849-43db-8be6-5435089983c6 - - - - - -] Truncating password to algorithm specific maximum length 72 characters.
[Wed Apr 22 16:42:42.174965 2026] [wsgi:error] [pid 12:tid 140278748624576] [remote 10.0.0.33:35916] 2026-04-22 16:42:42.174 12 WARNING keystone.common.password_hashing [None req-b83c26ce-ff9e-4f8a-ad84-968dc897bfe2 - - - - - -] Truncating password to algorithm specific maximum length 72 characters.
[Wed Apr 22 16:42:42.445955 2026] [wsgi:error] [pid 12:tid 140278748624576] [remote 10.0.0.33:35916] 2026-04-22 16:42:42.445 12 WARNING keystone.common.fernet_utils [None req-b83c26ce-ff9e-4f8a-ad84-968dc897bfe2 - - - - - -] key_repository is world readable: /etc/keystone/fernet-keys/
[Wed Apr 22 16:42:42.448653 2026] [wsgi:error] [pid 9:tid 140278748624576] [remote 10.0.0.33:35908] 2026-04-22 16:42:42.448 9 WARNING keystone.common.fernet_utils [None req-a401ef29-2849-43db-8be6-5435089983c6 - - - - - -] key_repository is world readable: /etc/keystone/fernet-keys/ 10.0.0.33 - - [22/Apr/2026:16:42:42 +0000] "POST /v3/auth/tokens HTTP/1.1" 201 1463 10.0.0.33 - - [22/Apr/2026:16:42:42 +0000] "POST /v3/auth/tokens HTTP/1.1" 201 1463 10.0.0.33 - - [22/Apr/2026:16:42:42 +0000] "GET / HTTP/1.1" 300 295
[Wed Apr 22 16:42:42.514111 2026] [wsgi:error] [pid 11:tid 140278748624576] [remote 10.0.0.33:35918] 2026-04-22 16:42:42.513 11 WARNING keystone.common.password_hashing [None req-de55540d-8701-44ba-9b7c-c2e1cb43c594 - - - - - -] Truncating password to algorithm specific maximum length 72 characters. 10.0.0.33 - - [22/Apr/2026:16:42:42 +0000] "GET /v3/services HTTP/1.1" 200 639 10.0.0.33 - - [22/Apr/2026:16:42:42 +0000] "GET /v3/services HTTP/1.1" 200 639
[Wed Apr 22 16:42:42.813964 2026] [wsgi:error] [pid 11:tid 140278748624576] [remote 10.0.0.33:35918] 2026-04-22 16:42:42.813 11 WARNING keystone.common.fernet_utils [None req-de55540d-8701-44ba-9b7c-c2e1cb43c594 - - - - - -] key_repository is world readable: /etc/keystone/fernet-keys/ 10.0.0.33 - - [22/Apr/2026:16:42:42 +0000] "POST /v3/auth/tokens HTTP/1.1" 201 1463 10.0.0.33 - - [22/Apr/2026:16:42:42 +0000] "GET /v3/services HTTP/1.1" 200 639 10.0.0.33 - - [22/Apr/2026:16:42:44 +0000] "GET / HTTP/1.1" 300 295
[Wed Apr 22 16:42:44.084361 2026] [wsgi:error] [pid 9:tid 140278748624576] [remote 10.0.0.33:36518] 2026-04-22 16:42:44.084 9 WARNING keystone.common.password_hashing [None req-cddadff2-9edd-410b-a1c6-81687fc30d34 - - - - - -] Truncating password to algorithm specific maximum length 72 characters. 10.0.0.33 - - [22/Apr/2026:16:42:44 +0000] "GET / HTTP/1.1" 300 295
[Wed Apr 22 16:42:44.245722 2026] [wsgi:error] [pid 11:tid 140278748624576] [remote 10.0.0.33:36522] 2026-04-22 16:42:44.245 11 WARNING keystone.common.password_hashing [None req-12c8665b-4ccd-433b-9fd2-84c272f0cc4d - - - - - -] Truncating password to algorithm specific maximum length 72 characters.
[Wed Apr 22 16:42:44.373297 2026] [wsgi:error] [pid 9:tid 140278748624576] [remote 10.0.0.33:36518] 2026-04-22 16:42:44.373 9 WARNING keystone.common.fernet_utils [None req-cddadff2-9edd-410b-a1c6-81687fc30d34 - - - - - -] key_repository is world readable: /etc/keystone/fernet-keys/ 10.0.0.33 - - [22/Apr/2026:16:42:44 +0000] "POST /v3/auth/tokens HTTP/1.1" 201 1463 10.0.0.33 - - [22/Apr/2026:16:42:44 +0000] "GET / HTTP/1.1" 300 295
[Wed Apr 22 16:42:44.477275 2026] [wsgi:error] [pid 12:tid 140278748624576] [remote 10.0.0.33:36528] 2026-04-22 16:42:44.477 12 WARNING keystone.common.password_hashing [None req-754e879d-fe16-4fbb-a94d-3c4fad196f38 - - - - - -] Truncating password to algorithm specific maximum length 72 characters. 10.0.0.33 - - [22/Apr/2026:16:42:44 +0000] "GET /v3/endpoints HTTP/1.1" 200 1226
[Wed Apr 22 16:42:44.527215 2026] [wsgi:error] [pid 11:tid 140278748624576] [remote 10.0.0.33:36522] 2026-04-22 16:42:44.527 11 WARNING keystone.common.fernet_utils [None req-12c8665b-4ccd-433b-9fd2-84c272f0cc4d - - - - - -] key_repository is world readable: /etc/keystone/fernet-keys/ 10.0.0.33 - - [22/Apr/2026:16:42:44 +0000] "POST /v3/auth/tokens HTTP/1.1" 201 1463 10.0.0.33 - - [22/Apr/2026:16:42:44 +0000] "GET /v3/services/9219e880759347a78e4863a0c4534323 HTTP/1.1" 200 233 10.0.0.33 - - [22/Apr/2026:16:42:44 +0000] "GET /v3/services/9219e880759347a78e4863a0c4534323 HTTP/1.1" 200 233 10.0.0.33 - - [22/Apr/2026:16:42:44 +0000] "GET /v3/services/9219e880759347a78e4863a0c4534323 HTTP/1.1" 200 233 10.0.0.33 - - [22/Apr/2026:16:42:44 +0000] "GET /v3/endpoints HTTP/1.1" 200 1226 10.0.0.33 - - [22/Apr/2026:16:42:44 +0000] "GET /v3/services/9219e880759347a78e4863a0c4534323 HTTP/1.1" 200 233 10.0.0.33 - - [22/Apr/2026:16:42:44 +0000] "GET /v3/services/9219e880759347a78e4863a0c4534323 HTTP/1.1" 200 233 10.0.0.33 - - [22/Apr/2026:16:42:44 +0000] "GET /v3/services/9219e880759347a78e4863a0c4534323 HTTP/1.1" 200 233
[Wed Apr 22 16:42:44.757205 2026] [wsgi:error] [pid 12:tid 140278748624576] [remote 10.0.0.33:36528] 2026-04-22 16:42:44.757 12 WARNING keystone.common.fernet_utils [None req-754e879d-fe16-4fbb-a94d-3c4fad196f38 - - - - - -] key_repository is world readable: /etc/keystone/fernet-keys/ 10.0.0.33 - - [22/Apr/2026:16:42:44 +0000] "POST /v3/auth/tokens HTTP/1.1" 201 1463 10.0.0.33 - - [22/Apr/2026:16:42:44 +0000] "GET /v3/endpoints HTTP/1.1" 200 1226 10.0.0.33 - - [22/Apr/2026:16:42:44 +0000] "GET /v3/services/9219e880759347a78e4863a0c4534323 HTTP/1.1" 200 233 10.0.0.33 - - [22/Apr/2026:16:42:44 +0000] "GET /v3/services/9219e880759347a78e4863a0c4534323 HTTP/1.1" 200 233 10.0.0.33 - - [22/Apr/2026:16:42:44 +0000] "GET /v3/services/9219e880759347a78e4863a0c4534323 HTTP/1.1" 200 233 10.0.0.33 - - [22/Apr/2026:16:42:46 +0000] "GET / HTTP/1.1" 300 295
[Wed Apr 22 16:42:46.063844 2026] [wsgi:error] [pid 9:tid 140278748624576] [remote 10.0.0.33:36534] 2026-04-22 16:42:46.063 9 WARNING keystone.common.password_hashing [None req-aac05d03-f676-49c5-b41f-e11d5ebcc610 - - - - - -] Truncating password to algorithm specific maximum length 72 characters. 10.0.0.33 - - [22/Apr/2026:16:42:46 +0000] "GET / HTTP/1.1" 300 295
[Wed Apr 22 16:42:46.303658 2026] [wsgi:error] [pid 10:tid 140278748624576] [remote 10.0.0.33:36544] 2026-04-22 16:42:46.303 10 WARNING keystone.common.password_hashing [None req-0ff3d9dc-6ffa-4746-8771-2ccc74a89120 - - - - - -] Truncating password to algorithm specific maximum length 72 characters.
[Wed Apr 22 16:42:46.340845 2026] [wsgi:error] [pid 9:tid 140278748624576] [remote 10.0.0.33:36534] 2026-04-22 16:42:46.340 9 WARNING keystone.common.fernet_utils [None req-aac05d03-f676-49c5-b41f-e11d5ebcc610 - - - - - -] key_repository is world readable: /etc/keystone/fernet-keys/ 10.0.0.33 - - [22/Apr/2026:16:42:46 +0000] "POST /v3/auth/tokens HTTP/1.1" 201 1463 10.0.0.33 - - [22/Apr/2026:16:42:46 +0000] "GET /v3/services/e446e85a708a45a4a6092a672c136800 HTTP/1.1" 200 296 10.0.0.33 - - [22/Apr/2026:16:42:46 +0000] "GET / HTTP/1.1" 300 295 10.0.0.33 - - [22/Apr/2026:16:42:46 +0000] "GET /v3/regions/RegionOne HTTP/1.1" 200 173
[Wed Apr 22 16:42:46.484957 2026] [wsgi:error] [pid 9:tid 140278748624576] [remote 10.0.0.33:36554] 2026-04-22 16:42:46.484 9 WARNING keystone.common.password_hashing [None req-0cb285f4-9e3c-4019-9b38-0b7903d85bbd - - - - - -] Truncating password to algorithm specific maximum length 72 characters.
[Wed Apr 22 16:42:46.604404 2026] [wsgi:error] [pid 10:tid 140278748624576] [remote 10.0.0.33:36544] 2026-04-22 16:42:46.604 10 WARNING keystone.common.fernet_utils [None req-0ff3d9dc-6ffa-4746-8771-2ccc74a89120 - - - - - -] key_repository is world readable: /etc/keystone/fernet-keys/ 10.0.0.33 - - [22/Apr/2026:16:42:46 +0000] "POST /v3/auth/tokens HTTP/1.1" 201 1463 10.0.0.33 - - [22/Apr/2026:16:42:46 +0000] "POST /v3/endpoints HTTP/1.1" 201 383
[Wed Apr 22 16:42:46.758527 2026] [wsgi:error] [pid 9:tid 140278748624576] [remote 10.0.0.33:36554] 2026-04-22 16:42:46.758 9 WARNING keystone.common.fernet_utils [None req-0cb285f4-9e3c-4019-9b38-0b7903d85bbd - - - - - -] key_repository is world readable: /etc/keystone/fernet-keys/ 10.0.0.33 - - [22/Apr/2026:16:42:46 +0000] "POST /v3/auth/tokens HTTP/1.1" 201 1643 10.0.0.33 - - [22/Apr/2026:16:42:46 +0000] "GET /v3/services/e446e85a708a45a4a6092a672c136800 HTTP/1.1" 200 296 10.0.0.33 - - [22/Apr/2026:16:42:46 +0000] "GET /v3/regions/RegionOne HTTP/1.1" 200 173 10.0.0.33 - - [22/Apr/2026:16:42:46 +0000] "POST /v3/endpoints HTTP/1.1" 201 380 10.0.0.33 - - [22/Apr/2026:16:42:46 +0000] "GET /v3/services/e446e85a708a45a4a6092a672c136800 HTTP/1.1" 200 296 10.0.0.33 - - [22/Apr/2026:16:42:46 +0000] "GET /v3/regions/RegionOne HTTP/1.1" 200 173 10.0.0.33 - - [22/Apr/2026:16:42:46 +0000] "POST /v3/endpoints HTTP/1.1" 201 369 10.0.0.33 - - [22/Apr/2026:16:42:48 +0000] "GET / HTTP/1.1" 300 295
[Wed Apr 22 16:42:48.169556 2026] [wsgi:error] [pid 9:tid 140278748624576] [remote 10.0.0.33:36568] 2026-04-22 16:42:48.169 9 WARNING keystone.common.password_hashing [None req-c12d1308-9980-4e00-b003-4b5b9a430aa7 - - - - - -] Truncating password to algorithm specific maximum length 72 characters. 10.0.0.33 - - [22/Apr/2026:16:42:48 +0000] "GET / HTTP/1.1" 300 295
[Wed Apr 22 16:42:48.322896 2026] [wsgi:error] [pid 10:tid 140278748624576] [remote 10.0.0.33:36572] 2026-04-22 16:42:48.322 10 WARNING keystone.common.password_hashing [None req-caecba0a-e5ba-433f-8c80-b1672fe8540e - - - - - -] Truncating password to algorithm specific maximum length 72 characters.
[Wed Apr 22 16:42:48.442883 2026] [wsgi:error] [pid 9:tid 140278748624576] [remote 10.0.0.33:36568] 2026-04-22 16:42:48.442 9 WARNING keystone.common.fernet_utils [None req-c12d1308-9980-4e00-b003-4b5b9a430aa7 - - - - - -] key_repository is world readable: /etc/keystone/fernet-keys/ 10.0.0.33 - - [22/Apr/2026:16:42:48 +0000] "POST /v3/auth/tokens HTTP/1.1" 201 1990 10.0.0.33 - - [22/Apr/2026:16:42:48 +0000] "GET /v3/endpoints/f4016ed8caf84f788ec92ded09de564f HTTP/1.1" 200 383 10.0.0.33 - - [22/Apr/2026:16:42:48 +0000] "GET /v3/services/e446e85a708a45a4a6092a672c136800 HTTP/1.1" 200 296 10.0.0.33 - - [22/Apr/2026:16:42:48 +0000] "GET / HTTP/1.1" 300 295
[Wed Apr 22 16:42:48.616741 2026] [wsgi:error] [pid 10:tid 140278748624576] [remote 10.0.0.33:36572] 2026-04-22 16:42:48.616 10 WARNING keystone.common.fernet_utils [None req-caecba0a-e5ba-433f-8c80-b1672fe8540e - - - - - -] key_repository is world readable: /etc/keystone/fernet-keys/
[Wed Apr 22 16:42:48.622894 2026] [wsgi:error] [pid 11:tid 140278748624576] [remote 10.0.0.33:36580] 2026-04-22 16:42:48.622 11 WARNING keystone.common.password_hashing [None req-9acf5394-85d0-454d-9f78-e0eb888e6c47 - - - - - -] Truncating password to algorithm specific maximum length 72 characters. 10.0.0.33 - - [22/Apr/2026:16:42:48 +0000] "POST /v3/auth/tokens HTTP/1.1" 201 1990 10.0.0.33 - - [22/Apr/2026:16:42:48 +0000] "GET /v3/endpoints/8e06b4664abd490fadf8c4d511abe2f4 HTTP/1.1" 200 380 10.0.0.33 - - [22/Apr/2026:16:42:48 +0000] "GET /v3/services/e446e85a708a45a4a6092a672c136800 HTTP/1.1" 200 296
[Wed Apr 22 16:42:48.899067 2026] [wsgi:error] [pid 11:tid 140278748624576] [remote 10.0.0.33:36580] 2026-04-22 16:42:48.898 11 WARNING keystone.common.fernet_utils [None req-9acf5394-85d0-454d-9f78-e0eb888e6c47 - - - - - -] key_repository is world readable: /etc/keystone/fernet-keys/ 10.0.0.33 - - [22/Apr/2026:16:42:48 +0000] "POST /v3/auth/tokens HTTP/1.1" 201 1990 10.0.0.33 - - [22/Apr/2026:16:42:49 +0000] "GET /v3/endpoints/9293476e65334405965629542dcacfc1 HTTP/1.1" 200 369 10.0.0.33 - - [22/Apr/2026:16:42:49 +0000] "GET /v3/services/e446e85a708a45a4a6092a672c136800 HTTP/1.1" 200 296 10.0.0.49 - - [22/Apr/2026:16:43:01 +0000] "GET / HTTP/1.1" 300 295
[Wed Apr 22 16:43:01.256017 2026] [wsgi:error] [pid 11:tid 140278748624576] [remote 10.0.0.49:39014] 2026-04-22 16:43:01.255 11 WARNING keystone.common.password_hashing [None req-dc17564b-436d-4c88-aeca-0fca29b41597 - - - - - -] Truncating password to algorithm specific maximum length 72 characters. 10.0.0.47 - - [22/Apr/2026:16:43:01 +0000] "GET /v3/ HTTP/1.1" 200 249 10.0.0.47 - - [22/Apr/2026:16:43:01 +0000] "GET /v3/ HTTP/1.1" 200 249
[Wed Apr 22 16:43:01.534023 2026] [wsgi:error] [pid 11:tid 140278748624576] [remote 10.0.0.49:39014] 2026-04-22 16:43:01.533 11 WARNING keystone.common.fernet_utils [None req-dc17564b-436d-4c88-aeca-0fca29b41597 - - - - - -] key_repository is world readable: /etc/keystone/fernet-keys/ 10.0.0.49 - - [22/Apr/2026:16:43:01 +0000] "POST /v3/auth/tokens HTTP/1.1" 201 1990 10.0.0.49 - - [22/Apr/2026:16:43:01 +0000] "POST /v3/domains HTTP/1.1" 201 284 10.0.0.49 - - [22/Apr/2026:16:43:03 +0000] "GET / HTTP/1.1" 300 295
[Wed Apr 22 16:43:03.361850 2026] [wsgi:error] [pid 10:tid 140278748624576] [remote 10.0.0.49:39028] 2026-04-22 16:43:03.361 10 WARNING keystone.common.password_hashing [None req-74567ae9-9117-41ce-85a4-1983baa4eb15 - - - - - -] Truncating password to algorithm specific maximum length 72 characters.
[Wed Apr 22 16:43:03.638741 2026] [wsgi:error] [pid 10:tid 140278748624576] [remote 10.0.0.49:39028] 2026-04-22 16:43:03.638 10 WARNING keystone.common.fernet_utils [None req-74567ae9-9117-41ce-85a4-1983baa4eb15 - - - - - -] key_repository is world readable: /etc/keystone/fernet-keys/ 10.0.0.49 - - [22/Apr/2026:16:43:03 +0000] "POST /v3/auth/tokens HTTP/1.1" 201 1990
[Wed Apr 22 16:43:03.832756 2026] [wsgi:error] [pid 11:tid 140278748624576] [remote 10.0.0.49:39028] 2026-04-22 16:43:03.810 11 ERROR keystone.server.flask.application [None req-4a8b9a50-2c48-4746-b234-ef671cf78421 2831cca251474faeb7d101498a450e7e 3311bed231a54ea896f4e6b63b6f43e6 - - default default] Conflict occurred attempting to store project - it is not permitted to have two projects acting as domains with the same name: service.: keystone.exception.Conflict: Conflict occurred attempting to store project - it is not permitted to have two projects acting as domains with the same name: service.
[Wed Apr 22 16:43:03.832795 2026] [wsgi:error] [pid 11:tid 140278748624576] [remote 10.0.0.49:39028] 2026-04-22 16:43:03.810 11 ERROR keystone.server.flask.application
Traceback (most recent call last):
[Wed Apr 22 16:43:03.832798 2026] [wsgi:error] [pid 11:tid 140278748624576] [remote 10.0.0.49:39028] 2026-04-22 16:43:03.810 11 ERROR keystone.server.flask.application
File "/var/lib/openstack/lib/python3.12/site-packages/sqlalchemy/engine/base.py", line 1967, in _exec_single_context
[Wed Apr 22 16:43:03.832801 2026] [wsgi:error] [pid 11:tid 140278748624576] [remote 10.0.0.49:39028] 2026-04-22 16:43:03.810 11 ERROR keystone.server.flask.application self.dialect.do_execute(
[Wed Apr 22 16:43:03.832803 2026] [wsgi:error] [pid 11:tid 140278748624576] [remote 10.0.0.49:39028] 2026-04-22 16:43:03.810 11 ERROR keystone.server.flask.application
File "/var/lib/openstack/lib/python3.12/site-packages/sqlalchemy/engine/default.py", line 952, in do_execute
[Wed Apr 22 16:43:03.832806 2026] [wsgi:error] [pid 11:tid 140278748624576] [remote 10.0.0.49:39028] 2026-04-22 16:43:03.810 11 ERROR keystone.server.flask.application cursor.execute(statement, parameters)
[Wed Apr 22 16:43:03.832808 2026] [wsgi:error] [pid 11:tid 140278748624576] [remote 10.0.0.49:39028] 2026-04-22 16:43:03.810 11 ERROR keystone.server.flask.application
File "/var/lib/openstack/lib/python3.12/site-packages/pymysql/cursors.py", line 153, in execute
[Wed Apr 22 16:43:03.832810 2026] [wsgi:error] [pid 11:tid 140278748624576] [remote 10.0.0.49:39028] 2026-04-22 16:43:03.810 11 ERROR keystone.server.flask.application result = self._query(query)
[Wed Apr 22 16:43:03.832812 2026] [wsgi:error] [pid 11:tid 140278748624576] [remote 10.0.0.49:39028] 2026-04-22 16:43:03.810 11 ERROR keystone.server.flask.application ^^^^^^^^^^^^^^^^^^
[Wed Apr 22 16:43:03.832814 2026] [wsgi:error] [pid 11:tid 140278748624576] [remote 10.0.0.49:39028] 2026-04-22 16:43:03.810 11 ERROR keystone.server.flask.application
File "/var/lib/openstack/lib/python3.12/site-packages/pymysql/cursors.py", line 322, in _query
[Wed Apr 22 16:43:03.832817 2026] [wsgi:error] [pid 11:tid 140278748624576] [remote 10.0.0.49:39028] 2026-04-22 16:43:03.810 11 ERROR keystone.server.flask.application conn.query(q)
[Wed Apr 22 16:43:03.832820 2026] [wsgi:error] [pid 11:tid 140278748624576] [remote 10.0.0.49:39028] 2026-04-22 16:43:03.810 11 ERROR keystone.server.flask.application
File "/var/lib/openstack/lib/python3.12/site-packages/pymysql/connections.py", line 575, in query
[Wed Apr 22 16:43:03.832823 2026] [wsgi:error] [pid 11:tid 140278748624576] [remote 10.0.0.49:39028] 2026-04-22 16:43:03.810 11 ERROR keystone.server.flask.application self._affected_rows = self._read_query_result(unbuffered=unbuffered)
[Wed Apr 22 16:43:03.832824 2026] [wsgi:error] [pid 11:tid 140278748624576] [remote 10.0.0.49:39028] 2026-04-22 16:43:03.810 11 ERROR keystone.server.flask.application ^^^^^^^^^^^^^^^^^^^^^^^^^^^^^^^^^^^^^^^^^^^^^^
[Wed Apr 22 16:43:03.832827 2026] [wsgi:error] [pid 11:tid 140278748624576] [remote 10.0.0.49:39028] 2026-04-22 16:43:03.810 11 ERROR keystone.server.flask.application
File "/var/lib/openstack/lib/python3.12/site-packages/pymysql/connections.py", line 826, in _read_query_result
[Wed Apr 22 16:43:03.832829 2026] [wsgi:error] [pid 11:tid 140278748624576] [remote 10.0.0.49:39028] 2026-04-22 16:43:03.810 11 ERROR keystone.server.flask.application result.read()
[Wed Apr 22 16:43:03.832833 2026] [wsgi:error] [pid 11:tid 140278748624576] [remote 10.0.0.49:39028] 2026-04-22 16:43:03.810 11 ERROR keystone.server.flask.application
File "/var/lib/openstack/lib/python3.12/site-packages/pymysql/connections.py", line 1203, in read
[Wed Apr 22 16:43:03.832835 2026] [wsgi:error] [pid 11:tid 140278748624576] [remote 10.0.0.49:39028] 2026-04-22 16:43:03.810 11 ERROR keystone.server.flask.application first_packet = self.connection._read_packet()
[Wed Apr 22 16:43:03.832837 2026] [wsgi:error] [pid 11:tid 140278748624576] [remote 10.0.0.49:39028] 2026-04-22 16:43:03.810 11 ERROR keystone.server.flask.application ^^^^^^^^^^^^^^^^^^^^^^^^^^^^^^
[Wed Apr 22 16:43:03.832839 2026] [wsgi:error] [pid 11:tid 140278748624576] [remote 10.0.0.49:39028] 2026-04-22 16:43:03.810 11 ERROR keystone.server.flask.application
File "/var/lib/openstack/lib/python3.12/site-packages/pymysql/connections.py", line 782, in _read_packet
[Wed Apr 22 16:43:03.832841 2026] [wsgi:error] [pid 11:tid 140278748624576] [remote 10.0.0.49:39028] 2026-04-22 16:43:03.810 11 ERROR keystone.server.flask.application packet.raise_for_error()
[Wed Apr 22 16:43:03.832843 2026] [wsgi:error] [pid 11:tid 140278748624576] [remote 10.0.0.49:39028] 2026-04-22 16:43:03.810 11 ERROR keystone.server.flask.application
File "/var/lib/openstack/lib/python3.12/site-packages/pymysql/protocol.py", line 219, in raise_for_error
[Wed Apr 22 16:43:03.832845 2026] [wsgi:error] [pid 11:tid 140278748624576] [remote 10.0.0.49:39028] 2026-04-22 16:43:03.810 11 ERROR keystone.server.flask.application err.raise_mysql_exception(self._data)
[Wed Apr 22 16:43:03.832847 2026] [wsgi:error] [pid 11:tid 140278748624576] [remote 10.0.0.49:39028] 2026-04-22 16:43:03.810 11 ERROR keystone.server.flask.application
File "/var/lib/openstack/lib/python3.12/site-packages/pymysql/err.py", line 150, in raise_mysql_exception
[Wed Apr 22 16:43:03.832857 2026] [wsgi:error] [pid 11:tid 140278748624576] [remote 10.0.0.49:39028] 2026-04-22 16:43:03.810 11 ERROR keystone.server.flask.application raise errorclass(errno, errval)
[Wed Apr 22 16:43:03.832860 2026] [wsgi:error] [pid 11:tid 140278748624576] [remote 10.0.0.49:39028] 2026-04-22 16:43:03.810 11 ERROR keystone.server.flask.application pymysql.err.IntegrityError: (1062, "Duplicate entry '<>-service' for key 'project.ixu_project_name_domain_id'")
[Wed Apr 22 16:43:03.832864 2026] [wsgi:error] [pid 11:tid 140278748624576] [remote 10.0.0.49:39028] 2026-04-22 16:43:03.810 11 ERROR keystone.server.flask.application
[Wed Apr 22 16:43:03.832866 2026] [wsgi:error] [pid 11:tid 140278748624576] [remote 10.0.0.49:39028] 2026-04-22 16:43:03.810 11 ERROR keystone.server.flask.application The above exception was the direct cause of the following exception:
[Wed Apr 22 16:43:03.832868 2026] [wsgi:error] [pid 11:tid 140278748624576] [remote 10.0.0.49:39028] 2026-04-22 16:43:03.810 11 ERROR keystone.server.flask.application
[Wed Apr 22 16:43:03.832870 2026] [wsgi:error] [pid 11:tid 140278748624576] [remote 10.0.0.49:39028] 2026-04-22 16:43:03.810 11 ERROR keystone.server.flask.application
Traceback (most recent call last):
[Wed Apr 22 16:43:03.832872 2026] [wsgi:error] [pid 11:tid 140278748624576] [remote 10.0.0.49:39028] 2026-04-22 16:43:03.810 11 ERROR keystone.server.flask.application
File "/var/lib/openstack/lib/python3.12/site-packages/keystone/common/sql/core.py", line 575, in wrapper
[Wed Apr 22 16:43:03.832875 2026] [wsgi:error] [pid 11:tid 140278748624576] [remote 10.0.0.49:39028] 2026-04-22 16:43:03.810 11 ERROR keystone.server.flask.application return method(*args, **kwargs)
[Wed Apr 22 16:43:03.832877 2026] [wsgi:error] [pid 11:tid 140278748624576] [remote 10.0.0.49:39028] 2026-04-22 16:43:03.810 11 ERROR keystone.server.flask.application ^^^^^^^^^^^^^^^^^^^^^^^
[Wed Apr 22 16:43:03.832879 2026] [wsgi:error] [pid 11:tid 140278748624576] [remote 10.0.0.49:39028] 2026-04-22 16:43:03.810 11 ERROR keystone.server.flask.application
File "/var/lib/openstack/lib/python3.12/site-packages/keystone/resource/backends/sql.py", line 278, in create_project
[Wed Apr 22 16:43:03.832881 2026] [wsgi:error] [pid 11:tid 140278748624576] [remote 10.0.0.49:39028] 2026-04-22 16:43:03.810 11 ERROR keystone.server.flask.application with sql.session_for_write() as session:
[Wed Apr 22 16:43:03.832883 2026] [wsgi:error] [pid 11:tid 140278748624576] [remote 10.0.0.49:39028] 2026-04-22 16:43:03.810 11 ERROR keystone.server.flask.application
File "/usr/lib/python3.12/contextlib.py", line 144, in __exit__
[Wed Apr 22 16:43:03.832885 2026] [wsgi:error] [pid 11:tid 140278748624576] [remote 10.0.0.49:39028] 2026-04-22 16:43:03.810 11 ERROR keystone.server.flask.application next(self.gen)
[Wed Apr 22 16:43:03.832889 2026] [wsgi:error] [pid 11:tid 140278748624576] [remote 10.0.0.49:39028] 2026-04-22 16:43:03.810 11 ERROR keystone.server.flask.application
File "/var/lib/openstack/lib/python3.12/site-packages/oslo_db/sqlalchemy/enginefacade.py", line 1175, in _transaction_scope
[Wed Apr 22 16:43:03.832891 2026] [wsgi:error] [pid 11:tid 140278748624576] [remote 10.0.0.49:39028] 2026-04-22 16:43:03.810 11 ERROR keystone.server.flask.application with current._produce_block(
[Wed Apr 22 16:43:03.832896 2026] [wsgi:error] [pid 11:tid 140278748624576] [remote 10.0.0.49:39028] 2026-04-22 16:43:03.810 11 ERROR keystone.server.flask.application
File "/usr/lib/python3.12/contextlib.py", line 144, in __exit__
[Wed Apr 22 16:43:03.832899 2026] [wsgi:error] [pid 11:tid 140278748624576] [remote 10.0.0.49:39028] 2026-04-22 16:43:03.810 11 ERROR keystone.server.flask.application next(self.gen)
[Wed Apr 22 16:43:03.832901 2026] [wsgi:error] [pid 11:tid 140278748624576] [remote 10.0.0.49:39028] 2026-04-22 16:43:03.810 11 ERROR keystone.server.flask.application
File "/var/lib/openstack/lib/python3.12/site-packages/oslo_db/sqlalchemy/enginefacade.py", line 837, in _session
[Wed Apr 22 16:43:03.832904 2026] [wsgi:error] [pid 11:tid 140278748624576] [remote 10.0.0.49:39028] 2026-04-22 16:43:03.810 11 ERROR keystone.server.flask.application with excutils.save_and_reraise_exception():
[Wed Apr 22 16:43:03.832907 2026] [wsgi:error] [pid 11:tid 140278748624576] [remote 10.0.0.49:39028] 2026-04-22 16:43:03.810 11 ERROR keystone.server.flask.application
File "/var/lib/openstack/lib/python3.12/site-packages/oslo_utils/excutils.py", line 271, in __exit__
[Wed Apr 22 16:43:03.832911 2026] [wsgi:error] [pid 11:tid 140278748624576] [remote 10.0.0.49:39028] 2026-04-22 16:43:03.810 11 ERROR keystone.server.flask.application self.force_reraise()
[Wed Apr 22 16:43:03.832914 2026] [wsgi:error] [pid 11:tid 140278748624576] [remote 10.0.0.49:39028] 2026-04-22 16:43:03.810 11 ERROR keystone.server.flask.application
File "/var/lib/openstack/lib/python3.12/site-packages/oslo_utils/excutils.py", line 233, in force_reraise
[Wed Apr 22 16:43:03.832918 2026] [wsgi:error] [pid 11:tid 140278748624576] [remote 10.0.0.49:39028] 2026-04-22 16:43:03.810 11 ERROR keystone.server.flask.application raise self.value
[Wed Apr 22 16:43:03.832921 2026] [wsgi:error] [pid 11:tid 140278748624576] [remote 10.0.0.49:39028] 2026-04-22 16:43:03.810 11 ERROR keystone.server.flask.application
File "/var/lib/openstack/lib/python3.12/site-packages/oslo_db/sqlalchemy/enginefacade.py", line 835, in _session
[Wed Apr 22 16:43:03.832926 2026] [wsgi:error] [pid 11:tid 140278748624576] [remote 10.0.0.49:39028] 2026-04-22 16:43:03.810 11 ERROR keystone.server.flask.application self._end_session_transaction(self.session)
[Wed Apr 22 16:43:03.832929 2026] [wsgi:error] [pid 11:tid 140278748624576] [remote 10.0.0.49:39028] 2026-04-22 16:43:03.810 11 ERROR keystone.server.flask.application
File "/var/lib/openstack/lib/python3.12/site-packages/oslo_db/sqlalchemy/enginefacade.py", line 748, in _end_session_transaction
[Wed Apr 22 16:43:03.832932 2026] [wsgi:error] [pid 11:tid 140278748624576] [remote 10.0.0.49:39028] 2026-04-22 16:43:03.810 11 ERROR keystone.server.flask.application session.commit()
[Wed Apr 22 16:43:03.832934 2026] [wsgi:error] [pid 11:tid 140278748624576] [remote 10.0.0.49:39028] 2026-04-22 16:43:03.810 11 ERROR keystone.server.flask.application
File "/var/lib/openstack/lib/python3.12/site-packages/sqlalchemy/orm/session.py", line 2030, in commit
[Wed Apr 22 16:43:03.832937 2026] [wsgi:error] [pid 11:tid 140278748624576] [remote 10.0.0.49:39028] 2026-04-22 16:43:03.810 11 ERROR keystone.server.flask.application trans.commit(_to_root=True)
[Wed Apr 22 16:43:03.832940 2026] [wsgi:error] [pid 11:tid 140278748624576] [remote 10.0.0.49:39028] 2026-04-22 16:43:03.810 11 ERROR keystone.server.flask.application File "", line 2, in commit
[Wed Apr 22 16:43:03.832942 2026] [wsgi:error] [pid 11:tid 140278748624576] [remote 10.0.0.49:39028] 2026-04-22 16:43:03.810 11 ERROR keystone.server.flask.application
File "/var/lib/openstack/lib/python3.12/site-packages/sqlalchemy/orm/state_changes.py", line 137, in _go
[Wed Apr 22 16:43:03.832945 2026] [wsgi:error] [pid 11:tid 140278748624576] [remote 10.0.0.49:39028] 2026-04-22 16:43:03.810 11 ERROR keystone.server.flask.application ret_value = fn(self, *arg, **kw)
[Wed Apr 22 16:43:03.832947 2026] [wsgi:error] [pid 11:tid 140278748624576] [remote 10.0.0.49:39028] 2026-04-22 16:43:03.810 11 ERROR keystone.server.flask.application ^^^^^^^^^^^^^^^^^^^^
[Wed Apr 22 16:43:03.832949 2026] [wsgi:error] [pid 11:tid 140278748624576] [remote 10.0.0.49:39028] 2026-04-22 16:43:03.810 11 ERROR keystone.server.flask.application
File "/var/lib/openstack/lib/python3.12/site-packages/sqlalchemy/orm/session.py", line 1311, in commit
[Wed Apr 22 16:43:03.832951 2026] [wsgi:error] [pid 11:tid 140278748624576] [remote 10.0.0.49:39028] 2026-04-22 16:43:03.810 11 ERROR keystone.server.flask.application self._prepare_impl()
[Wed Apr 22 16:43:03.832954 2026] [wsgi:error] [pid 11:tid 140278748624576] [remote 10.0.0.49:39028] 2026-04-22 16:43:03.810 11 ERROR keystone.server.flask.application File "", line 2, in _prepare_impl
[Wed Apr 22 16:43:03.832958 2026] [wsgi:error] [pid 11:tid 140278748624576] [remote 10.0.0.49:39028] 2026-04-22 16:43:03.810 11 ERROR keystone.server.flask.application
File "/var/lib/openstack/lib/python3.12/site-packages/sqlalchemy/orm/state_changes.py", line 137, in _go
[Wed Apr 22 16:43:03.832962 2026] [wsgi:error] [pid 11:tid 140278748624576] [remote 10.0.0.49:39028] 2026-04-22 16:43:03.810 11 ERROR keystone.server.flask.application ret_value = fn(self, *arg, **kw)
[Wed Apr 22 16:43:03.832966 2026] [wsgi:error] [pid 11:tid 140278748624576] [remote 10.0.0.49:39028] 2026-04-22 16:43:03.810 11 ERROR keystone.server.flask.application ^^^^^^^^^^^^^^^^^^^^
[Wed Apr 22 16:43:03.832968 2026] [wsgi:error] [pid 11:tid 140278748624576] [remote 10.0.0.49:39028] 2026-04-22 16:43:03.810 11 ERROR keystone.server.flask.application
File "/var/lib/openstack/lib/python3.12/site-packages/sqlalchemy/orm/session.py", line 1286, in _prepare_impl
[Wed Apr 22 16:43:03.832971 2026] [wsgi:error] [pid 11:tid 140278748624576] [remote 10.0.0.49:39028] 2026-04-22 16:43:03.810 11 ERROR keystone.server.flask.application self.session.flush()
[Wed Apr 22 16:43:03.832974 2026] [wsgi:error] [pid 11:tid 140278748624576] [remote 10.0.0.49:39028] 2026-04-22 16:43:03.810 11 ERROR keystone.server.flask.application
File "/var/lib/openstack/lib/python3.12/site-packages/sqlalchemy/orm/session.py", line 4331, in flush
[Wed Apr 22 16:43:03.832977 2026] [wsgi:error] [pid 11:tid 140278748624576] [remote 10.0.0.49:39028] 2026-04-22 16:43:03.810 11 ERROR keystone.server.flask.application self._flush(objects)
[Wed Apr 22 16:43:03.832979 2026] [wsgi:error] [pid 11:tid 140278748624576] [remote 10.0.0.49:39028] 2026-04-22 16:43:03.810 11 ERROR keystone.server.flask.application
File "/var/lib/openstack/lib/python3.12/site-packages/sqlalchemy/orm/session.py", line 4466, in _flush
[Wed Apr 22 16:43:03.832983 2026] [wsgi:error] [pid 11:tid 140278748624576] [remote 10.0.0.49:39028] 2026-04-22 16:43:03.810 11 ERROR keystone.server.flask.application with util.safe_reraise():
[Wed Apr 22 16:43:03.832987 2026] [wsgi:error] [pid 11:tid 140278748624576] [remote 10.0.0.49:39028] 2026-04-22 16:43:03.810 11 ERROR keystone.server.flask.application
File "/var/lib/openstack/lib/python3.12/site-packages/sqlalchemy/util/langhelpers.py", line 121, in __exit__
[Wed Apr 22 16:43:03.832990 2026] [wsgi:error] [pid 11:tid 140278748624576] [remote 10.0.0.49:39028] 2026-04-22 16:43:03.810 11 ERROR keystone.server.flask.application raise exc_value.with_traceback(exc_tb)
[Wed Apr 22 16:43:03.832993 2026] [wsgi:error] [pid 11:tid 140278748624576] [remote 10.0.0.49:39028] 2026-04-22 16:43:03.810 11 ERROR keystone.server.flask.application
File "/var/lib/openstack/lib/python3.12/site-packages/sqlalchemy/orm/session.py", line 4427, in _flush
[Wed Apr 22 16:43:03.832996 2026] [wsgi:error] [pid 11:tid 140278748624576] [remote 10.0.0.49:39028] 2026-04-22 16:43:03.810 11 ERROR keystone.server.flask.application flush_context.execute()
[Wed Apr 22 16:43:03.832999 2026] [wsgi:error] [pid 11:tid 140278748624576] [remote 10.0.0.49:39028] 2026-04-22 16:43:03.810 11 ERROR keystone.server.flask.application
File "/var/lib/openstack/lib/python3.12/site-packages/sqlalchemy/orm/unitofwork.py", line 466, in execute
