2026-05-11 12:10:56.476 7 INFO placement.requestlog [None req-5371ad68-bcf1-4c3e-a637-59ca5d1511ce 30df3309de4e4cda881d662df58a8f0d 0fd4b29b119f4191a020aa5a067a7178 - - 27c3e16f34f449aeb6f2985a78dbc2e4 27c3e16f34f449aeb6f2985a78dbc2e4] 10.0.0.149 "DELETE /resource_providers/ae16a23e-7bc5-4b71-8956-a884985ee741" status: 404 len: 246 microversion: 1.1 [pid: 7|app: 0|req: 526/1061] 10.0.0.149 () {34 vars in 816 bytes} [Mon May 11 12:10:56 2026] DELETE /resource_providers/ae16a23e-7bc5-4b71-8956-a884985ee741 => generated 246 bytes in 11 msecs (HTTP/1.1 404) 6 headers in 231 bytes (1 switches on core 0)
2026-05-11 12:10:56.479 8 INFO placement.requestlog [None req-75d00fba-b161-4650-9f5a-aeb391378669 30df3309de4e4cda881d662df58a8f0d 0fd4b29b119f4191a020aa5a067a7178 - - 27c3e16f34f449aeb6f2985a78dbc2e4 27c3e16f34f449aeb6f2985a78dbc2e4] 10.0.0.149 "DELETE /resource_providers/ae16a23e-7bc5-4b71-8956-a884985ee741" status: 404 len: 246 microversion: 1.1 [pid: 8|app: 0|req: 536/1062] 10.0.0.149 () {34 vars in 816 bytes} [Mon May 11 12:10:56 2026] DELETE /resource_providers/ae16a23e-7bc5-4b71-8956-a884985ee741 => generated 246 bytes in 12 msecs (HTTP/1.1 404) 6 headers in 231 bytes (1 switches on core 0)
2026-05-11 12:10:57.192 7 INFO placement.requestlog [None req-74bb0ce6-032b-4876-bebf-2fff0584e98e - - - - - -] 10.0.0.77 "GET /" status: 200 len: 136 microversion: 1.0
2026-05-11 12:10:57.193 8 INFO placement.requestlog [None req-72aae765-1212-4221-9307-da33c2ceb3de - - - - - -] 10.0.0.77 "GET /" status: 200 len: 136 microversion: 1.0
2026-05-11 12:10:58.269 8 INFO placement.requestlog [req-6500467b-2b9f-4a8c-9dfe-28ff6e08c22b req-c64a6394-9e70-44c7-a1b7-e018c1bdc959 815c1207cd3048bbad0167f0cd03c40b 0fd4b29b119f4191a020aa5a067a7178 - - 27c3e16f34f449aeb6f2985a78dbc2e4 27c3e16f34f449aeb6f2985a78dbc2e4] 199.19.213.152 "GET /resource_providers/be2cd25f-8b9c-4a1e-9e72-d2031700d82c/allocations" status: 200 len: 152 microversion: 1.0 [pid: 8|app: 0|req: 538/1065] 199.19.213.152 () {32 vars in 857 bytes} [Mon May 11 12:10:58 2026] GET /resource_providers/be2cd25f-8b9c-4a1e-9e72-d2031700d82c/allocations => generated 152 bytes in 22 msecs (HTTP/1.1 200) 6 headers in 224 bytes (1 switches on core 0)
2026-05-11 12:10:58.289 7 INFO placement.requestlog [req-6500467b-2b9f-4a8c-9dfe-28ff6e08c22b req-4a1e1c98-d27e-4638-b76c-b6ea2030b97f 815c1207cd3048bbad0167f0cd03c40b 0fd4b29b119f4191a020aa5a067a7178 - - 27c3e16f34f449aeb6f2985a78dbc2e4 27c3e16f34f449aeb6f2985a78dbc2e4] 199.19.213.152 "GET /allocations/c638abf9-92df-46db-abb3-441880e2413d" status: 200 len: 257 microversion: 1.28 [pid: 7|app: 0|req: 528/1066] 199.19.213.152 () {34 vars in 863 bytes} [Mon May 11 12:10:58 2026] GET /allocations/c638abf9-92df-46db-abb3-441880e2413d => generated 257 bytes in 13 msecs (HTTP/1.1 200) 8 headers in 296 bytes (1 switches on core 0)
2026-05-11 12:10:58.414 8 INFO placement.requestlog [req-6500467b-2b9f-4a8c-9dfe-28ff6e08c22b req-7e759e97-b91b-4494-8c2c-22ec7207f644 815c1207cd3048bbad0167f0cd03c40b 0fd4b29b119f4191a020aa5a067a7178 - - 27c3e16f34f449aeb6f2985a78dbc2e4 27c3e16f34f449aeb6f2985a78dbc2e4] 199.19.213.152 "DELETE /allocations/c638abf9-92df-46db-abb3-441880e2413d" status: 204 len: 0 microversion: 1.0 [pid: 8|app: 0|req: 539/1067] 199.19.213.152 () {34 vars in 841 bytes} [Mon May 11 12:10:58 2026] DELETE /allocations/c638abf9-92df-46db-abb3-441880e2413d => generated 0 bytes in 52 msecs (HTTP/1.1 204) 5 headers in 198 bytes (1 switches on core 0)
2026-05-11 12:10:59.350 7 INFO placement.requestlog [None req-94ec9f78-e6cf-4f9a-b6de-a24ae577b405 30df3309de4e4cda881d662df58a8f0d 0fd4b29b119f4191a020aa5a067a7178 - - 27c3e16f34f449aeb6f2985a78dbc2e4 27c3e16f34f449aeb6f2985a78dbc2e4] 10.0.0.149 "GET /resource_providers/c86269b4-bca7-4c27-a175-e69ccdd5d57d/aggregates" status: 404 len: 235 microversion: 1.1 [pid: 7|app: 0|req: 529/1068] 10.0.0.149 () {32 vars in 816 bytes} [Mon May 11 12:10:59 2026] GET /resource_providers/c86269b4-bca7-4c27-a175-e69ccdd5d57d/aggregates => generated 235 bytes in 9 msecs (HTTP/1.1 404) 5 headers in 202 bytes (1 switches on core 0)
2026-05-11 12:10:59.352 8 INFO placement.requestlog [None req-9b88275a-4678-4c58-863f-a2b0c8673d3f 30df3309de4e4cda881d662df58a8f0d 0fd4b29b119f4191a020aa5a067a7178 - - 27c3e16f34f449aeb6f2985a78dbc2e4 27c3e16f34f449aeb6f2985a78dbc2e4] 10.0.0.149 "GET /resource_providers/c86269b4-bca7-4c27-a175-e69ccdd5d57d/aggregates" status: 404 len: 235 microversion: 1.1 [pid: 8|app: 0|req: 540/1069] 10.0.0.149 () {32 vars in 816 bytes} [Mon May 11 12:10:59 2026] GET /resource_providers/c86269b4-bca7-4c27-a175-e69ccdd5d57d/aggregates => generated 235 bytes in 10 msecs (HTTP/1.1 404) 5 headers in 202 bytes (1 switches on core 0)
2026-05-11 12:10:59.376 7 INFO placement.requestlog [None req-1d2fcc9a-3108-47ae-bcb6-4872bb347f3c 30df3309de4e4cda881d662df58a8f0d 0fd4b29b119f4191a020aa5a067a7178 - - 27c3e16f34f449aeb6f2985a78dbc2e4 27c3e16f34f449aeb6f2985a78dbc2e4] 10.0.0.149 "DELETE /resource_providers/c86269b4-bca7-4c27-a175-e69ccdd5d57d" status: 404 len: 246 microversion: 1.1 [pid: 7|app: 0|req: 530/1070] 10.0.0.149 () {34 vars in 816 bytes} [Mon May 11 12:10:59 2026] DELETE /resource_providers/c86269b4-bca7-4c27-a175-e69ccdd5d57d => generated 246 bytes in 13 msecs (HTTP/1.1 404) 6 headers in 231 bytes (1 switches on core 0)
2026-05-11 12:10:59.430 8 INFO placement.requestlog [None req-2abb3b45-50e7-4db9-a716-67f44c91fca4 30df3309de4e4cda881d662df58a8f0d 0fd4b29b119f4191a020aa5a067a7178 - - 27c3e16f34f449aeb6f2985a78dbc2e4 27c3e16f34f449aeb6f2985a78dbc2e4] 10.0.0.149 "DELETE /resource_providers/c86269b4-bca7-4c27-a175-e69ccdd5d57d" status: 404 len: 246 microversion: 1.1 [pid: 8|app: 0|req: 541/1071] 10.0.0.149 () {34 vars in 816 bytes} [Mon May 11 12:10:59 2026] DELETE /resource_providers/c86269b4-bca7-4c27-a175-e69ccdd5d57d => generated 246 bytes in 67 msecs (HTTP/1.1 404) 6 headers in 231 bytes (1 switches on core 0)
2026-05-11 12:11:03.131 8 INFO placement.requestlog [None req-3a695091-248a-4e68-af3b-ce14a09d3f4c 30df3309de4e4cda881d662df58a8f0d 0fd4b29b119f4191a020aa5a067a7178 - - 27c3e16f34f449aeb6f2985a78dbc2e4 27c3e16f34f449aeb6f2985a78dbc2e4] 10.0.0.149 "GET /resource_providers/c325821c-967d-43e3-99e4-9091c03f7fbc/aggregates" status: 404 len: 235 microversion: 1.1 [pid: 8|app: 0|req: 542/1072] 10.0.0.149 () {32 vars in 816 bytes} [Mon May 11 12:11:03 2026] GET /resource_providers/c325821c-967d-43e3-99e4-9091c03f7fbc/aggregates => generated 235 bytes in 14 msecs (HTTP/1.1 404) 5 headers in 202 bytes (1 switches on core 0)
2026-05-11 12:11:03.135 7 INFO placement.requestlog [None req-77765dce-d7b7-47ea-8c3d-174720adbde1 30df3309de4e4cda881d662df58a8f0d 0fd4b29b119f4191a020aa5a067a7178 - - 27c3e16f34f449aeb6f2985a78dbc2e4 27c3e16f34f449aeb6f2985a78dbc2e4] 10.0.0.149 "GET /resource_providers/c325821c-967d-43e3-99e4-9091c03f7fbc/aggregates" status: 404 len: 235 microversion: 1.1 [pid: 7|app: 0|req: 531/1073] 10.0.0.149 () {32 vars in 816 bytes} [Mon May 11 12:11:03 2026] GET /resource_providers/c325821c-967d-43e3-99e4-9091c03f7fbc/aggregates => generated 235 bytes in 19 msecs (HTTP/1.1 404) 5 headers in 202 bytes (1 switches on core 0)
2026-05-11 12:11:03.149 8 INFO placement.requestlog [None req-77428b68-f631-4a5d-9a49-34f6d68b313e 30df3309de4e4cda881d662df58a8f0d 0fd4b29b119f4191a020aa5a067a7178 - - 27c3e16f34f449aeb6f2985a78dbc2e4 27c3e16f34f449aeb6f2985a78dbc2e4] 10.0.0.149 "DELETE /resource_providers/c325821c-967d-43e3-99e4-9091c03f7fbc" status: 404 len: 246 microversion: 1.1 [pid: 8|app: 0|req: 543/1074] 10.0.0.149 () {34 vars in 816 bytes} [Mon May 11 12:11:03 2026] DELETE /resource_providers/c325821c-967d-43e3-99e4-9091c03f7fbc => generated 246 bytes in 8 msecs (HTTP/1.1 404) 6 headers in 231 bytes (1 switches on core 0)
2026-05-11 12:11:03.165 7 INFO placement.requestlog [None req-25433705-5e26-4342-829e-78260ac64ebf 30df3309de4e4cda881d662df58a8f0d 0fd4b29b119f4191a020aa5a067a7178 - - 27c3e16f34f449aeb6f2985a78dbc2e4 27c3e16f34f449aeb6f2985a78dbc2e4] 10.0.0.149 "DELETE /resource_providers/c325821c-967d-43e3-99e4-9091c03f7fbc" status: 404 len: 246 microversion: 1.1 [pid: 7|app: 0|req: 532/1075] 10.0.0.149 () {34 vars in 816 bytes} [Mon May 11 12:11:03 2026] DELETE /resource_providers/c325821c-967d-43e3-99e4-9091c03f7fbc => generated 246 bytes in 17 msecs (HTTP/1.1 404) 6 headers in 231 bytes (1 switches on core 0)
2026-05-11 12:11:06.840 8 INFO placement.requestlog [None req-3840cc40-c2e6-498d-b63e-2233d92079b7 30df3309de4e4cda881d662df58a8f0d 0fd4b29b119f4191a020aa5a067a7178 - - 27c3e16f34f449aeb6f2985a78dbc2e4 27c3e16f34f449aeb6f2985a78dbc2e4] 10.0.0.149 "GET /resource_providers/f7197a5b-67ed-4eb9-ad0e-b664f937a919/aggregates" status: 404 len: 235 microversion: 1.1 [pid: 8|app: 0|req: 544/1076] 10.0.0.149 () {32 vars in 816 bytes} [Mon May 11 12:11:06 2026] GET /resource_providers/f7197a5b-67ed-4eb9-ad0e-b664f937a919/aggregates => generated 235 bytes in 9 msecs (HTTP/1.1 404) 5 headers in 202 bytes (1 switches on core 0)
2026-05-11 12:11:06.860 7 INFO placement.requestlog [None req-1fff8179-4f4a-463a-8c13-9968ee0cde1f 30df3309de4e4cda881d662df58a8f0d 0fd4b29b119f4191a020aa5a067a7178 - - 27c3e16f34f449aeb6f2985a78dbc2e4 27c3e16f34f449aeb6f2985a78dbc2e4] 10.0.0.149 "GET /resource_providers/f7197a5b-67ed-4eb9-ad0e-b664f937a919/aggregates" status: 404 len: 235 microversion: 1.1 [pid: 7|app: 0|req: 533/1077] 10.0.0.149 () {32 vars in 816 bytes} [Mon May 11 12:11:06 2026] GET /resource_providers/f7197a5b-67ed-4eb9-ad0e-b664f937a919/aggregates => generated 235 bytes in 22 msecs (HTTP/1.1 404) 5 headers in 202 bytes (1 switches on core 0)
2026-05-11 12:11:06.867 8 INFO placement.requestlog [None req-e1b824c8-ca69-4b6d-b896-e3ffca5247e9 30df3309de4e4cda881d662df58a8f0d 0fd4b29b119f4191a020aa5a067a7178 - - 27c3e16f34f449aeb6f2985a78dbc2e4 27c3e16f34f449aeb6f2985a78dbc2e4] 10.0.0.149 "DELETE /resource_providers/f7197a5b-67ed-4eb9-ad0e-b664f937a919" status: 404 len: 246 microversion: 1.1 [pid: 8|app: 0|req: 545/1078] 10.0.0.149 () {34 vars in 816 bytes} [Mon May 11 12:11:06 2026] DELETE /resource_providers/f7197a5b-67ed-4eb9-ad0e-b664f937a919 => generated 246 bytes in 10 msecs (HTTP/1.1 404) 6 headers in 231 bytes (1 switches on core 0)
2026-05-11 12:11:06.881 7 INFO placement.requestlog [None req-16a8e632-8668-4621-bb34-8b2544d9f58a 30df3309de4e4cda881d662df58a8f0d 0fd4b29b119f4191a020aa5a067a7178 - - 27c3e16f34f449aeb6f2985a78dbc2e4 27c3e16f34f449aeb6f2985a78dbc2e4] 10.0.0.149 "DELETE /resource_providers/f7197a5b-67ed-4eb9-ad0e-b664f937a919" status: 404 len: 246 microversion: 1.1 [pid: 7|app: 0|req: 534/1079] 10.0.0.149 () {34 vars in 816 bytes} [Mon May 11 12:11:06 2026] DELETE /resource_providers/f7197a5b-67ed-4eb9-ad0e-b664f937a919 => generated 246 bytes in 12 msecs (HTTP/1.1 404) 6 headers in 231 bytes (1 switches on core 0)
2026-05-11 12:11:07.195 7 INFO placement.requestlog [None req-2a19e1ff-088b-4f1d-bc36-001c0a59c167 - - - - - -] 10.0.0.77 "GET /" status: 200 len: 136 microversion: 1.0
2026-05-11 12:11:07.196 8 INFO placement.requestlog [None req-9028202c-bebd-454a-bfac-58b21efa62c6 - - - - - -] 10.0.0.77 "GET /" status: 200 len: 136 microversion: 1.0
2026-05-11 12:11:17.192 7 INFO placement.requestlog [None req-7febece6-5eb6-49f4-b46d-6d700d98a1d0 - - - - - -] 10.0.0.77 "GET /" status: 200 len: 136 microversion: 1.0
2026-05-11 12:11:17.193 8 INFO placement.requestlog [None req-72c53321-f142-4a70-8e98-0fa9698dfcb8 - - - - - -] 10.0.0.77 "GET /" status: 200 len: 136 microversion: 1.0
2026-05-11 12:11:21.686 7 INFO placement.requestlog [req-2df94f69-789e-4cb2-b594-a7a31e0b9a6a req-d3cb1257-3b51-4af6-bdc8-1754e04e18ca 815c1207cd3048bbad0167f0cd03c40b 0fd4b29b119f4191a020aa5a067a7178 - - 27c3e16f34f449aeb6f2985a78dbc2e4 27c3e16f34f449aeb6f2985a78dbc2e4] 10.0.0.137 "GET /allocation_candidates?limit=1000&resources=DISK_GB%3A1%2CMEMORY_MB%3A512%2CVCPU%3A1&root_required=%21COMPUTE_STATUS_DISABLED" status: 200 len: 2188 microversion: 1.36 [pid: 7|app: 0|req: 537/1084] 10.0.0.137 () {34 vars in 1012 bytes} [Mon May 11 12:11:21 2026] GET /allocation_candidates?limit=1000&resources=DISK_GB%3A1%2CMEMORY_MB%3A512%2CVCPU%3A1&root_required=%21COMPUTE_STATUS_DISABLED => generated 2188 bytes in 55 msecs (HTTP/1.1 200) 8 headers in 297 bytes (1 switches on core 0)
2026-05-11 12:11:21.722 8 INFO placement.requestlog [req-2df94f69-789e-4cb2-b594-a7a31e0b9a6a req-c161c976-c9a3-43a1-a016-68235d175adb 815c1207cd3048bbad0167f0cd03c40b 0fd4b29b119f4191a020aa5a067a7178 - - 27c3e16f34f449aeb6f2985a78dbc2e4 27c3e16f34f449aeb6f2985a78dbc2e4] 10.0.0.137 "GET /allocations/3ef19d26-206d-443d-801e-2dfef4255452" status: 200 len: 19 microversion: 1.28 [pid: 8|app: 0|req: 548/1085] 10.0.0.137 () {34 vars in 861 bytes} [Mon May 11 12:11:21 2026] GET /allocations/3ef19d26-206d-443d-801e-2dfef4255452 => generated 19 bytes in 11 msecs (HTTP/1.1 200) 8 headers in 295 bytes (1 switches on core 0)
2026-05-11 12:11:21.865 7 INFO placement.requestlog [req-2df94f69-789e-4cb2-b594-a7a31e0b9a6a req-f6ffb1d4-ceb2-4069-8286-12ce36fe6bdb 815c1207cd3048bbad0167f0cd03c40b 0fd4b29b119f4191a020aa5a067a7178 - - 27c3e16f34f449aeb6f2985a78dbc2e4 27c3e16f34f449aeb6f2985a78dbc2e4] 10.0.0.137 "PUT /allocations/3ef19d26-206d-443d-801e-2dfef4255452" status: 204 len: 0 microversion: 1.36 [pid: 7|app: 0|req: 538/1086] 10.0.0.137 () {38 vars in 914 bytes} [Mon May 11 12:11:21 2026] PUT /allocations/3ef19d26-206d-443d-801e-2dfef4255452 => generated 0 bytes in 133 msecs (HTTP/1.1 204) 5 headers in 199 bytes (1 switches on core 0)
2026-05-11 12:11:22.573 8 INFO placement.requestlog [req-2df94f69-789e-4cb2-b594-a7a31e0b9a6a req-f317d365-8786-4534-92a1-8bd9f1c31a56 815c1207cd3048bbad0167f0cd03c40b 0fd4b29b119f4191a020aa5a067a7178 - - 27c3e16f34f449aeb6f2985a78dbc2e4 27c3e16f34f449aeb6f2985a78dbc2e4] 199.19.213.152 "GET /allocations/3ef19d26-206d-443d-801e-2dfef4255452" status: 200 len: 258 microversion: 1.28 [pid: 8|app: 0|req: 549/1087] 199.19.213.152 () {34 vars in 863 bytes} [Mon May 11 12:11:22 2026] GET /allocations/3ef19d26-206d-443d-801e-2dfef4255452 => generated 258 bytes in 13 msecs (HTTP/1.1 200) 8 headers in 296 bytes (1 switches on core 0)
2026-05-11 12:11:22.784 7 INFO placement.requestlog [req-2df94f69-789e-4cb2-b594-a7a31e0b9a6a req-b112a47b-a688-4ef0-bcac-9d93e36ff71f 815c1207cd3048bbad0167f0cd03c40b 0fd4b29b119f4191a020aa5a067a7178 - - 27c3e16f34f449aeb6f2985a78dbc2e4 27c3e16f34f449aeb6f2985a78dbc2e4] 199.19.213.152 "GET /resource_providers/be2cd25f-8b9c-4a1e-9e72-d2031700d82c/allocations" status: 200 len: 153 microversion: 1.0 [pid: 7|app: 0|req: 539/1088] 199.19.213.152 () {32 vars in 857 bytes} [Mon May 11 12:11:22 2026] GET /resource_providers/be2cd25f-8b9c-4a1e-9e72-d2031700d82c/allocations => generated 153 bytes in 14 msecs (HTTP/1.1 200) 6 headers in 224 bytes (1 switches on core 0)
2026-05-11 12:11:22.809 8 INFO placement.requestlog [req-2df94f69-789e-4cb2-b594-a7a31e0b9a6a req-eae5c3ac-9e78-4d32-8b14-7b9e5001aec1 815c1207cd3048bbad0167f0cd03c40b 0fd4b29b119f4191a020aa5a067a7178 - - 27c3e16f34f449aeb6f2985a78dbc2e4 27c3e16f34f449aeb6f2985a78dbc2e4] 199.19.213.152 "GET /allocations/3ef19d26-206d-443d-801e-2dfef4255452" status: 200 len: 258 microversion: 1.28 [pid: 8|app: 0|req: 550/1089] 199.19.213.152 () {34 vars in 863 bytes} [Mon May 11 12:11:22 2026] GET /allocations/3ef19d26-206d-443d-801e-2dfef4255452 => generated 258 bytes in 17 msecs (HTTP/1.1 200) 8 headers in 296 bytes (1 switches on core 0)
2026-05-11 12:11:23.692 7 INFO placement.requestlog [None req-bd644a99-2aa6-4b41-a958-730e4cf53130 30df3309de4e4cda881d662df58a8f0d 0fd4b29b119f4191a020aa5a067a7178 - - 27c3e16f34f449aeb6f2985a78dbc2e4 27c3e16f34f449aeb6f2985a78dbc2e4] 10.0.0.149 "GET /resource_providers/56f7ccac-2d9a-4514-a665-af374fd0ed9b/aggregates" status: 404 len: 235 microversion: 1.1 [pid: 7|app: 0|req: 540/1090] 10.0.0.149 () {32 vars in 816 bytes} [Mon May 11 12:11:23 2026] GET /resource_providers/56f7ccac-2d9a-4514-a665-af374fd0ed9b/aggregates => generated 235 bytes in 10 msecs (HTTP/1.1 404) 5 headers in 202 bytes (1 switches on core 0)
2026-05-11 12:11:23.698 8 INFO placement.requestlog [None req-de815b82-bbe2-4f1f-8829-d91c6d165461 30df3309de4e4cda881d662df58a8f0d 0fd4b29b119f4191a020aa5a067a7178 - - 27c3e16f34f449aeb6f2985a78dbc2e4 27c3e16f34f449aeb6f2985a78dbc2e4] 10.0.0.149 "GET /resource_providers/56f7ccac-2d9a-4514-a665-af374fd0ed9b/aggregates" status: 404 len: 235 microversion: 1.1 [pid: 8|app: 0|req: 551/1091] 10.0.0.149 () {32 vars in 816 bytes} [Mon May 11 12:11:23 2026] GET /resource_providers/56f7ccac-2d9a-4514-a665-af374fd0ed9b/aggregates => generated 235 bytes in 9 msecs (HTTP/1.1 404) 5 headers in 202 bytes (1 switches on core 0)
2026-05-11 12:11:23.725 7 INFO placement.requestlog [req-75b844dc-b9b4-4f77-9c9a-4ab5c718ae29 req-d52ee71b-d5c7-4228-bc2b-d0cf3eebda24 815c1207cd3048bbad0167f0cd03c40b 0fd4b29b119f4191a020aa5a067a7178 - - 27c3e16f34f449aeb6f2985a78dbc2e4 27c3e16f34f449aeb6f2985a78dbc2e4] 199.19.213.152 "GET /resource_providers/be2cd25f-8b9c-4a1e-9e72-d2031700d82c/allocations" status: 200 len: 153 microversion: 1.0 [pid: 7|app: 0|req: 541/1092] 199.19.213.152 () {32 vars in 857 bytes} [Mon May 11 12:11:23 2026] GET /resource_providers/be2cd25f-8b9c-4a1e-9e72-d2031700d82c/allocations => generated 153 bytes in 21 msecs (HTTP/1.1 200) 6 headers in 224 bytes (1 switches on core 0)
2026-05-11 12:11:23.728 8 INFO placement.requestlog [None req-c42c1a23-ddff-41f1-b076-4a42fd5d368d 30df3309de4e4cda881d662df58a8f0d 0fd4b29b119f4191a020aa5a067a7178 - - 27c3e16f34f449aeb6f2985a78dbc2e4 27c3e16f34f449aeb6f2985a78dbc2e4] 10.0.0.149 "DELETE /resource_providers/56f7ccac-2d9a-4514-a665-af374fd0ed9b" status: 404 len: 246 microversion: 1.1 [pid: 8|app: 0|req: 552/1093] 10.0.0.149 () {34 vars in 816 bytes} [Mon May 11 12:11:23 2026] DELETE /resource_providers/56f7ccac-2d9a-4514-a665-af374fd0ed9b => generated 246 bytes in 8 msecs (HTTP/1.1 404) 6 headers in 231 bytes (1 switches on core 0)
2026-05-11 12:11:23.732 7 INFO placement.requestlog [None req-461a4eba-ef19-40f7-9a39-5e4fb141f70c 30df3309de4e4cda881d662df58a8f0d 0fd4b29b119f4191a020aa5a067a7178 - - 27c3e16f34f449aeb6f2985a78dbc2e4 27c3e16f34f449aeb6f2985a78dbc2e4] 10.0.0.149 "DELETE /resource_providers/56f7ccac-2d9a-4514-a665-af374fd0ed9b" status: 404 len: 246 microversion: 1.1 [pid: 7|app: 0|req: 542/1094] 10.0.0.149 () {34 vars in 816 bytes} [Mon May 11 12:11:23 2026] DELETE /resource_providers/56f7ccac-2d9a-4514-a665-af374fd0ed9b => generated 246 bytes in 6 msecs (HTTP/1.1 404) 6 headers in 231 bytes (1 switches on core 0)
2026-05-11 12:11:23.783 8 INFO placement.requestlog [req-75b844dc-b9b4-4f77-9c9a-4ab5c718ae29 req-c6840e46-d8f6-44ed-b9c0-f9231519b33b 815c1207cd3048bbad0167f0cd03c40b 0fd4b29b119f4191a020aa5a067a7178 - - 27c3e16f34f449aeb6f2985a78dbc2e4 27c3e16f34f449aeb6f2985a78dbc2e4] 199.19.213.152 "GET /resource_providers/be2cd25f-8b9c-4a1e-9e72-d2031700d82c/allocations" status: 200 len: 153 microversion: 1.0 [pid: 8|app: 0|req: 553/1095] 199.19.213.152 () {32 vars in 857 bytes} [Mon May 11 12:11:23 2026] GET /resource_providers/be2cd25f-8b9c-4a1e-9e72-d2031700d82c/allocations => generated 153 bytes in 18 msecs (HTTP/1.1 200) 6 headers in 224 bytes (1 switches on core 0)
2026-05-11 12:11:23.803 7 INFO placement.requestlog [req-75b844dc-b9b4-4f77-9c9a-4ab5c718ae29 req-e208aafd-c7da-49d6-82e9-38d2b9b47e5a 815c1207cd3048bbad0167f0cd03c40b 0fd4b29b119f4191a020aa5a067a7178 - - 27c3e16f34f449aeb6f2985a78dbc2e4 27c3e16f34f449aeb6f2985a78dbc2e4] 199.19.213.152 "GET /allocations/3ef19d26-206d-443d-801e-2dfef4255452" status: 200 len: 258 microversion: 1.28 [pid: 7|app: 0|req: 543/1096] 199.19.213.152 () {34 vars in 863 bytes} [Mon May 11 12:11:23 2026] GET /allocations/3ef19d26-206d-443d-801e-2dfef4255452 => generated 258 bytes in 12 msecs (HTTP/1.1 200) 8 headers in 296 bytes (1 switches on core 0)
2026-05-11 12:11:25.008 8 INFO placement.requestlog [None req-dcaaf702-da09-421b-82bd-357a1c146c4f 30df3309de4e4cda881d662df58a8f0d 0fd4b29b119f4191a020aa5a067a7178 - - 27c3e16f34f449aeb6f2985a78dbc2e4 27c3e16f34f449aeb6f2985a78dbc2e4] 10.0.0.149 "GET /resource_providers/b3380ec1-f2db-4caf-a91d-b7a79c3b6350/aggregates" status: 404 len: 235 microversion: 1.1 [pid: 8|app: 0|req: 554/1097] 10.0.0.149 () {32 vars in 816 bytes} [Mon May 11 12:11:24 2026] GET /resource_providers/b3380ec1-f2db-4caf-a91d-b7a79c3b6350/aggregates => generated 235 bytes in 28 msecs (HTTP/1.1 404) 5 headers in 202 bytes (1 switches on core 0)
2026-05-11 12:11:25.011 7 INFO placement.requestlog [None req-cc494043-d751-4eaa-a294-3e6677713790 30df3309de4e4cda881d662df58a8f0d 0fd4b29b119f4191a020aa5a067a7178 - - 27c3e16f34f449aeb6f2985a78dbc2e4 27c3e16f34f449aeb6f2985a78dbc2e4] 10.0.0.149 "GET /resource_providers/b3380ec1-f2db-4caf-a91d-b7a79c3b6350/aggregates" status: 404 len: 235 microversion: 1.1 [pid: 7|app: 0|req: 544/1098] 10.0.0.149 () {32 vars in 816 bytes} [Mon May 11 12:11:24 2026] GET /resource_providers/b3380ec1-f2db-4caf-a91d-b7a79c3b6350/aggregates => generated 235 bytes in 26 msecs (HTTP/1.1 404) 5 headers in 202 bytes (1 switches on core 0)
2026-05-11 12:11:25.028 8 INFO placement.requestlog [None req-7c67e8a3-b2eb-4872-aaf1-fe23cb08c74a 30df3309de4e4cda881d662df58a8f0d 0fd4b29b119f4191a020aa5a067a7178 - - 27c3e16f34f449aeb6f2985a78dbc2e4 27c3e16f34f449aeb6f2985a78dbc2e4] 10.0.0.149 "DELETE /resource_providers/b3380ec1-f2db-4caf-a91d-b7a79c3b6350" status: 404 len: 246 microversion: 1.1 [pid: 8|app: 0|req: 555/1099] 10.0.0.149 () {34 vars in 816 bytes} [Mon May 11 12:11:25 2026] DELETE /resource_providers/b3380ec1-f2db-4caf-a91d-b7a79c3b6350 => generated 246 bytes in 10 msecs (HTTP/1.1 404) 6 headers in 231 bytes (1 switches on core 0)
2026-05-11 12:11:25.037 7 INFO placement.requestlog [None req-506a2c5a-9656-460e-8510-b7146f010946 30df3309de4e4cda881d662df58a8f0d 0fd4b29b119f4191a020aa5a067a7178 - - 27c3e16f34f449aeb6f2985a78dbc2e4 27c3e16f34f449aeb6f2985a78dbc2e4] 10.0.0.149 "DELETE /resource_providers/b3380ec1-f2db-4caf-a91d-b7a79c3b6350" status: 404 len: 246 microversion: 1.1 [pid: 7|app: 0|req: 545/1100] 10.0.0.149 () {34 vars in 816 bytes} [Mon May 11 12:11:25 2026] DELETE /resource_providers/b3380ec1-f2db-4caf-a91d-b7a79c3b6350 => generated 246 bytes in 14 msecs (HTTP/1.1 404) 6 headers in 231 bytes (1 switches on core 0)
2026-05-11 12:11:25.744 8 INFO placement.requestlog [None req-75f5cbd0-32ac-4cba-8a3e-b36db3c02286 30df3309de4e4cda881d662df58a8f0d 0fd4b29b119f4191a020aa5a067a7178 - - 27c3e16f34f449aeb6f2985a78dbc2e4 27c3e16f34f449aeb6f2985a78dbc2e4] 10.0.0.149 "GET /resource_providers/05335903-786c-40d7-a3a4-f262e33a57f1/aggregates" status: 404 len: 235 microversion: 1.1 [pid: 8|app: 0|req: 556/1101] 10.0.0.149 () {32 vars in 816 bytes} [Mon May 11 12:11:25 2026] GET /resource_providers/05335903-786c-40d7-a3a4-f262e33a57f1/aggregates => generated 235 bytes in 8 msecs (HTTP/1.1 404) 5 headers in 202 bytes (1 switches on core 0)
2026-05-11 12:11:25.757 7 INFO placement.requestlog [None req-25560a63-51ed-4d1d-b27d-5a65f9fb573c 30df3309de4e4cda881d662df58a8f0d 0fd4b29b119f4191a020aa5a067a7178 - - 27c3e16f34f449aeb6f2985a78dbc2e4 27c3e16f34f449aeb6f2985a78dbc2e4] 10.0.0.149 "GET /resource_providers/05335903-786c-40d7-a3a4-f262e33a57f1/aggregates" status: 404 len: 235 microversion: 1.1 [pid: 7|app: 0|req: 546/1102] 10.0.0.149 () {32 vars in 816 bytes} [Mon May 11 12:11:25 2026] GET /resource_providers/05335903-786c-40d7-a3a4-f262e33a57f1/aggregates => generated 235 bytes in 17 msecs (HTTP/1.1 404) 5 headers in 202 bytes (1 switches on core 0)
2026-05-11 12:11:25.758 8 INFO placement.requestlog [None req-6ab03112-d2cc-4cf3-82d8-1075be697de6 30df3309de4e4cda881d662df58a8f0d 0fd4b29b119f4191a020aa5a067a7178 - - 27c3e16f34f449aeb6f2985a78dbc2e4 27c3e16f34f449aeb6f2985a78dbc2e4] 10.0.0.149 "DELETE /resource_providers/05335903-786c-40d7-a3a4-f262e33a57f1" status: 404 len: 246 microversion: 1.1 [pid: 8|app: 0|req: 557/1103] 10.0.0.149 () {34 vars in 816 bytes} [Mon May 11 12:11:25 2026] DELETE /resource_providers/05335903-786c-40d7-a3a4-f262e33a57f1 => generated 246 bytes in 7 msecs (HTTP/1.1 404) 6 headers in 231 bytes (1 switches on core 0)
2026-05-11 12:11:25.775 7 INFO placement.requestlog [None req-db57dde3-7ca5-4e6b-8701-5146f83b859c 30df3309de4e4cda881d662df58a8f0d 0fd4b29b119f4191a020aa5a067a7178 - - 27c3e16f34f449aeb6f2985a78dbc2e4 27c3e16f34f449aeb6f2985a78dbc2e4] 10.0.0.149 "DELETE /resource_providers/05335903-786c-40d7-a3a4-f262e33a57f1" status: 404 len: 246 microversion: 1.1 [pid: 7|app: 0|req: 547/1104] 10.0.0.149 () {34 vars in 816 bytes} [Mon May 11 12:11:25 2026] DELETE /resource_providers/05335903-786c-40d7-a3a4-f262e33a57f1 => generated 246 bytes in 11 msecs (HTTP/1.1 404) 6 headers in 231 bytes (1 switches on core 0)
2026-05-11 12:11:27.049 8 INFO placement.requestlog [None req-216d7e53-a2d9-45b2-958c-25b38145a32f 30df3309de4e4cda881d662df58a8f0d 0fd4b29b119f4191a020aa5a067a7178 - - 27c3e16f34f449aeb6f2985a78dbc2e4 27c3e16f34f449aeb6f2985a78dbc2e4] 10.0.0.149 "GET /resource_providers/a0aff53f-e7de-4742-9f5b-afd67278cea1/aggregates" status: 404 len: 235 microversion: 1.1 [pid: 8|app: 0|req: 558/1105] 10.0.0.149 () {32 vars in 816 bytes} [Mon May 11 12:11:27 2026] GET /resource_providers/a0aff53f-e7de-4742-9f5b-afd67278cea1/aggregates => generated 235 bytes in 13 msecs (HTTP/1.1 404) 5 headers in 202 bytes (1 switches on core 0)
2026-05-11 12:11:27.062 7 INFO placement.requestlog [None req-7657b444-9510-469b-8e81-28804619f034 30df3309de4e4cda881d662df58a8f0d 0fd4b29b119f4191a020aa5a067a7178 - - 27c3e16f34f449aeb6f2985a78dbc2e4 27c3e16f34f449aeb6f2985a78dbc2e4] 10.0.0.149 "GET /resource_providers/a0aff53f-e7de-4742-9f5b-afd67278cea1/aggregates" status: 404 len: 235 microversion: 1.1 [pid: 7|app: 0|req: 548/1106] 10.0.0.149 () {32 vars in 816 bytes} [Mon May 11 12:11:27 2026] GET /resource_providers/a0aff53f-e7de-4742-9f5b-afd67278cea1/aggregates => generated 235 bytes in 10 msecs (HTTP/1.1 404) 5 headers in 202 bytes (1 switches on core 0)
2026-05-11 12:11:27.072 8 INFO placement.requestlog [None req-d28d63b9-c885-4b91-a9ff-f528f90774ed 30df3309de4e4cda881d662df58a8f0d 0fd4b29b119f4191a020aa5a067a7178 - - 27c3e16f34f449aeb6f2985a78dbc2e4 27c3e16f34f449aeb6f2985a78dbc2e4] 10.0.0.149 "DELETE /resource_providers/a0aff53f-e7de-4742-9f5b-afd67278cea1" status: 404 len: 246 microversion: 1.1 [pid: 8|app: 0|req: 559/1107] 10.0.0.149 () {34 vars in 816 bytes} [Mon May 11 12:11:27 2026] DELETE /resource_providers/a0aff53f-e7de-4742-9f5b-afd67278cea1 => generated 246 bytes in 11 msecs (HTTP/1.1 404) 6 headers in 231 bytes (1 switches on core 0)
2026-05-11 12:11:27.193 7 INFO placement.requestlog [None req-6d609daa-1e8d-4285-8f50-bb777c725500 - - - - - -] 10.0.0.77 "GET /" status: 200 len: 136 microversion: 1.0
2026-05-11 12:11:27.193 8 INFO placement.requestlog [None req-6d8f9fab-9f68-4e6a-a6a7-75f96b9b84e4 - - - - - -] 10.0.0.77 "GET /" status: 200 len: 136 microversion: 1.0
2026-05-11 12:11:27.332 7 INFO placement.requestlog [None req-79d006cf-1ad7-42fd-85ed-f6559c5c627f 30df3309de4e4cda881d662df58a8f0d 0fd4b29b119f4191a020aa5a067a7178 - - 27c3e16f34f449aeb6f2985a78dbc2e4 27c3e16f34f449aeb6f2985a78dbc2e4] 10.0.0.149 "DELETE /resource_providers/a0aff53f-e7de-4742-9f5b-afd67278cea1" status: 404 len: 246 microversion: 1.1 [pid: 7|app: 0|req: 550/1110] 10.0.0.149 () {34 vars in 816 bytes} [Mon May 11 12:11:27 2026] DELETE /resource_providers/a0aff53f-e7de-4742-9f5b-afd67278cea1 => generated 246 bytes in 10 msecs (HTTP/1.1 404) 6 headers in 231 bytes (1 switches on core 0)
2026-05-11 12:11:27.867 7 INFO placement.requestlog [None req-edbb6a96-24cf-455a-8ed0-c25b2866236d 30df3309de4e4cda881d662df58a8f0d 0fd4b29b119f4191a020aa5a067a7178 - - 27c3e16f34f449aeb6f2985a78dbc2e4 27c3e16f34f449aeb6f2985a78dbc2e4] 10.0.0.149 "GET /resource_providers/fbbff0b4-3aa8-49a5-b4e2-505c236fb2ea/aggregates" status: 404 len: 235 microversion: 1.1 [pid: 7|app: 0|req: 551/1111] 10.0.0.149 () {32 vars in 816 bytes} [Mon May 11 12:11:27 2026] GET /resource_providers/fbbff0b4-3aa8-49a5-b4e2-505c236fb2ea/aggregates => generated 235 bytes in 9 msecs (HTTP/1.1 404) 5 headers in 202 bytes (1 switches on core 0)
2026-05-11 12:11:27.871 8 INFO placement.requestlog [None req-cbb64c08-0e7d-407d-b025-015a7e71b9de 30df3309de4e4cda881d662df58a8f0d 0fd4b29b119f4191a020aa5a067a7178 - - 27c3e16f34f449aeb6f2985a78dbc2e4 27c3e16f34f449aeb6f2985a78dbc2e4] 10.0.0.149 "GET /resource_providers/fbbff0b4-3aa8-49a5-b4e2-505c236fb2ea/aggregates" status: 404 len: 235 microversion: 1.1 [pid: 8|app: 0|req: 561/1112] 10.0.0.149 () {32 vars in 816 bytes} [Mon May 11 12:11:27 2026] GET /resource_providers/fbbff0b4-3aa8-49a5-b4e2-505c236fb2ea/aggregates => generated 235 bytes in 13 msecs (HTTP/1.1 404) 5 headers in 202 bytes (1 switches on core 0)
2026-05-11 12:11:27.882 7 INFO placement.requestlog [None req-7a9c95d9-56b0-4a76-b2c1-8e6966fcf7b9 30df3309de4e4cda881d662df58a8f0d 0fd4b29b119f4191a020aa5a067a7178 - - 27c3e16f34f449aeb6f2985a78dbc2e4 27c3e16f34f449aeb6f2985a78dbc2e4] 10.0.0.149 "DELETE /resource_providers/fbbff0b4-3aa8-49a5-b4e2-505c236fb2ea" status: 404 len: 246 microversion: 1.1 [pid: 7|app: 0|req: 552/1113] 10.0.0.149 () {34 vars in 816 bytes} [Mon May 11 12:11:27 2026] DELETE /resource_providers/fbbff0b4-3aa8-49a5-b4e2-505c236fb2ea => generated 246 bytes in 9 msecs (HTTP/1.1 404) 6 headers in 231 bytes (1 switches on core 0)
2026-05-11 12:11:27.888 8 INFO placement.requestlog [None req-7a8edca2-3330-4008-a25e-6040af215a76 30df3309de4e4cda881d662df58a8f0d 0fd4b29b119f4191a020aa5a067a7178 - - 27c3e16f34f449aeb6f2985a78dbc2e4 27c3e16f34f449aeb6f2985a78dbc2e4] 10.0.0.149 "DELETE /resource_providers/fbbff0b4-3aa8-49a5-b4e2-505c236fb2ea" status: 404 len: 246 microversion: 1.1 [pid: 8|app: 0|req: 562/1114] 10.0.0.149 () {34 vars in 816 bytes} [Mon May 11 12:11:27 2026] DELETE /resource_providers/fbbff0b4-3aa8-49a5-b4e2-505c236fb2ea => generated 246 bytes in 10 msecs (HTTP/1.1 404) 6 headers in 231 bytes (1 switches on core 0)
2026-05-11 12:11:28.199 7 INFO placement.requestlog [req-e29bdb08-cdae-4166-a2e4-80bc3e3dcd91 req-88aff72c-dd04-4f2b-9fa8-00ad724d7ea3 815c1207cd3048bbad0167f0cd03c40b 0fd4b29b119f4191a020aa5a067a7178 - - 27c3e16f34f449aeb6f2985a78dbc2e4 27c3e16f34f449aeb6f2985a78dbc2e4] 10.0.0.137 "GET /allocation_candidates?limit=1000&resources=DISK_GB%3A1%2CMEMORY_MB%3A512%2CVCPU%3A1&root_required=%21COMPUTE_STATUS_DISABLED" status: 200 len: 2190 microversion: 1.36 [pid: 7|app: 0|req: 553/1115] 10.0.0.137 () {34 vars in 1012 bytes} [Mon May 11 12:11:28 2026] GET /allocation_candidates?limit=1000&resources=DISK_GB%3A1%2CMEMORY_MB%3A512%2CVCPU%3A1&root_required=%21COMPUTE_STATUS_DISABLED => generated 2190 bytes in 58 msecs (HTTP/1.1 200) 8 headers in 297 bytes (1 switches on core 0)
2026-05-11 12:11:28.228 8 INFO placement.requestlog [req-e29bdb08-cdae-4166-a2e4-80bc3e3dcd91 req-b2f46e1c-9549-430d-9e63-f6afa512b5e9 815c1207cd3048bbad0167f0cd03c40b 0fd4b29b119f4191a020aa5a067a7178 - - 27c3e16f34f449aeb6f2985a78dbc2e4 27c3e16f34f449aeb6f2985a78dbc2e4] 10.0.0.137 "GET /allocations/8f3e746a-1b56-450c-8b32-5ae72e35a81b" status: 200 len: 19 microversion: 1.28 [pid: 8|app: 0|req: 563/1116] 10.0.0.137 () {34 vars in 861 bytes} [Mon May 11 12:11:28 2026] GET /allocations/8f3e746a-1b56-450c-8b32-5ae72e35a81b => generated 19 bytes in 9 msecs (HTTP/1.1 200) 8 headers in 295 bytes (1 switches on core 0)
2026-05-11 12:11:28.295 7 INFO placement.requestlog [req-e29bdb08-cdae-4166-a2e4-80bc3e3dcd91 req-1405fca6-2484-4669-b838-a44cf6b08a1a 815c1207cd3048bbad0167f0cd03c40b 0fd4b29b119f4191a020aa5a067a7178 - - 27c3e16f34f449aeb6f2985a78dbc2e4 27c3e16f34f449aeb6f2985a78dbc2e4] 10.0.0.137 "PUT /allocations/8f3e746a-1b56-450c-8b32-5ae72e35a81b" status: 204 len: 0 microversion: 1.36 [pid: 7|app: 0|req: 554/1117] 10.0.0.137 () {38 vars in 914 bytes} [Mon May 11 12:11:28 2026] PUT /allocations/8f3e746a-1b56-450c-8b32-5ae72e35a81b => generated 0 bytes in 59 msecs (HTTP/1.1 204) 5 headers in 199 bytes (1 switches on core 0)
2026-05-11 12:11:28.591 8 INFO placement.requestlog [req-e29bdb08-cdae-4166-a2e4-80bc3e3dcd91 req-9c3efcec-a983-4f8d-ae1d-37e7cffaa66b 815c1207cd3048bbad0167f0cd03c40b 0fd4b29b119f4191a020aa5a067a7178 - - 27c3e16f34f449aeb6f2985a78dbc2e4 27c3e16f34f449aeb6f2985a78dbc2e4] 199.19.213.152 "GET /allocations/8f3e746a-1b56-450c-8b32-5ae72e35a81b" status: 200 len: 258 microversion: 1.28 [pid: 8|app: 0|req: 564/1118] 199.19.213.152 () {34 vars in 863 bytes} [Mon May 11 12:11:28 2026] GET /allocations/8f3e746a-1b56-450c-8b32-5ae72e35a81b => generated 258 bytes in 18 msecs (HTTP/1.1 200) 8 headers in 296 bytes (1 switches on core 0)
2026-05-11 12:11:28.715 7 INFO placement.requestlog [req-e29bdb08-cdae-4166-a2e4-80bc3e3dcd91 req-12f8500b-4b6a-4518-ae80-15dbc438a938 815c1207cd3048bbad0167f0cd03c40b 0fd4b29b119f4191a020aa5a067a7178 - - 27c3e16f34f449aeb6f2985a78dbc2e4 27c3e16f34f449aeb6f2985a78dbc2e4] 199.19.213.152 "GET /resource_providers/be2cd25f-8b9c-4a1e-9e72-d2031700d82c/allocations" status: 200 len: 253 microversion: 1.0 [pid: 7|app: 0|req: 555/1119] 199.19.213.152 () {32 vars in 857 bytes} [Mon May 11 12:11:28 2026] GET /resource_providers/be2cd25f-8b9c-4a1e-9e72-d2031700d82c/allocations => generated 253 bytes in 16 msecs (HTTP/1.1 200) 6 headers in 224 bytes (1 switches on core 0)
2026-05-11 12:11:28.751 8 INFO placement.requestlog [req-e29bdb08-cdae-4166-a2e4-80bc3e3dcd91 req-7bb155ca-bc32-44e8-bb04-0e7110a75994 815c1207cd3048bbad0167f0cd03c40b 0fd4b29b119f4191a020aa5a067a7178 - - 27c3e16f34f449aeb6f2985a78dbc2e4 27c3e16f34f449aeb6f2985a78dbc2e4] 199.19.213.152 "GET /allocations/8f3e746a-1b56-450c-8b32-5ae72e35a81b" status: 200 len: 258 microversion: 1.28 [pid: 8|app: 0|req: 565/1120] 199.19.213.152 () {34 vars in 863 bytes} [Mon May 11 12:11:28 2026] GET /allocations/8f3e746a-1b56-450c-8b32-5ae72e35a81b => generated 258 bytes in 32 msecs (HTTP/1.1 200) 8 headers in 296 bytes (1 switches on core 0)
2026-05-11 12:11:28.775 7 INFO placement.requestlog [req-e29bdb08-cdae-4166-a2e4-80bc3e3dcd91 req-22d6caac-8979-4a86-a12f-eab01fd28664 815c1207cd3048bbad0167f0cd03c40b 0fd4b29b119f4191a020aa5a067a7178 - - 27c3e16f34f449aeb6f2985a78dbc2e4 27c3e16f34f449aeb6f2985a78dbc2e4] 199.19.213.152 "GET /allocations/3ef19d26-206d-443d-801e-2dfef4255452" status: 200 len: 258 microversion: 1.28 [pid: 7|app: 0|req: 556/1121] 199.19.213.152 () {34 vars in 863 bytes} [Mon May 11 12:11:28 2026] GET /allocations/3ef19d26-206d-443d-801e-2dfef4255452 => generated 258 bytes in 12 msecs (HTTP/1.1 200) 8 headers in 296 bytes (1 switches on core 0)
2026-05-11 12:11:37.192 8 INFO placement.requestlog [None req-80d390d1-56bd-433b-9e43-bc8341c5a8aa - - - - - -] 10.0.0.77 "GET /" status: 200 len: 136 microversion: 1.0
2026-05-11 12:11:37.193 7 INFO placement.requestlog [None req-535fd828-3063-4874-b6ba-9e807ac70cca - - - - - -] 10.0.0.77 "GET /" status: 200 len: 136 microversion: 1.0
2026-05-11 12:11:42.132 8 INFO placement.requestlog [req-1f4252ba-8851-444a-864b-ce73e3d609ec req-b61537fa-58e7-41fa-8489-e467be256ef5 815c1207cd3048bbad0167f0cd03c40b 0fd4b29b119f4191a020aa5a067a7178 - - 27c3e16f34f449aeb6f2985a78dbc2e4 27c3e16f34f449aeb6f2985a78dbc2e4] 10.0.0.137 "GET /allocation_candidates?limit=1000&resources=DISK_GB%3A1%2CMEMORY_MB%3A512%2CVCPU%3A1&root_required=%21COMPUTE_STATUS_DISABLED" status: 200 len: 2191 microversion: 1.36 [pid: 8|app: 0|req: 567/1124] 10.0.0.137 () {34 vars in 1012 bytes} [Mon May 11 12:11:42 2026] GET /allocation_candidates?limit=1000&resources=DISK_GB%3A1%2CMEMORY_MB%3A512%2CVCPU%3A1&root_required=%21COMPUTE_STATUS_DISABLED => generated 2191 bytes in 48 msecs (HTTP/1.1 200) 8 headers in 297 bytes (1 switches on core 0)
2026-05-11 12:11:42.180 7 INFO placement.requestlog [req-1f4252ba-8851-444a-864b-ce73e3d609ec req-21956cfe-74b6-468e-9721-ac14912a5923 815c1207cd3048bbad0167f0cd03c40b 0fd4b29b119f4191a020aa5a067a7178 - - 27c3e16f34f449aeb6f2985a78dbc2e4 27c3e16f34f449aeb6f2985a78dbc2e4] 10.0.0.137 "GET /allocations/6218682e-a819-44a3-994f-ceff7f3de294" status: 200 len: 19 microversion: 1.28 [pid: 7|app: 0|req: 558/1125] 10.0.0.137 () {34 vars in 861 bytes} [Mon May 11 12:11:42 2026] GET /allocations/6218682e-a819-44a3-994f-ceff7f3de294 => generated 19 bytes in 18 msecs (HTTP/1.1 200) 8 headers in 295 bytes (1 switches on core 0)
2026-05-11 12:11:42.269 8 INFO placement.requestlog [req-1f4252ba-8851-444a-864b-ce73e3d609ec req-ecca0f6c-7c2a-4d90-8f20-008b6f068316 815c1207cd3048bbad0167f0cd03c40b 0fd4b29b119f4191a020aa5a067a7178 - - 27c3e16f34f449aeb6f2985a78dbc2e4 27c3e16f34f449aeb6f2985a78dbc2e4] 10.0.0.137 "PUT /allocations/6218682e-a819-44a3-994f-ceff7f3de294" status: 204 len: 0 microversion: 1.36 [pid: 8|app: 0|req: 568/1126] 10.0.0.137 () {38 vars in 914 bytes} [Mon May 11 12:11:42 2026] PUT /allocations/6218682e-a819-44a3-994f-ceff7f3de294 => generated 0 bytes in 81 msecs (HTTP/1.1 204) 5 headers in 199 bytes (1 switches on core 0)
2026-05-11 12:11:42.605 7 INFO placement.requestlog [req-1f4252ba-8851-444a-864b-ce73e3d609ec req-3d27f1e9-f85d-4d66-bd59-a32aadb4e6e1 815c1207cd3048bbad0167f0cd03c40b 0fd4b29b119f4191a020aa5a067a7178 - - 27c3e16f34f449aeb6f2985a78dbc2e4 27c3e16f34f449aeb6f2985a78dbc2e4] 199.19.213.152 "GET /allocations/6218682e-a819-44a3-994f-ceff7f3de294" status: 200 len: 258 microversion: 1.28 [pid: 7|app: 0|req: 559/1127] 199.19.213.152 () {34 vars in 863 bytes} [Mon May 11 12:11:42 2026] GET /allocations/6218682e-a819-44a3-994f-ceff7f3de294 => generated 258 bytes in 15 msecs (HTTP/1.1 200) 8 headers in 296 bytes (1 switches on core 0)
2026-05-11 12:11:42.753 8 INFO placement.requestlog [req-1f4252ba-8851-444a-864b-ce73e3d609ec req-675cb7ba-bd2f-4ea9-a7d0-6a3f137b1888 815c1207cd3048bbad0167f0cd03c40b 0fd4b29b119f4191a020aa5a067a7178 - - 27c3e16f34f449aeb6f2985a78dbc2e4 27c3e16f34f449aeb6f2985a78dbc2e4] 199.19.213.152 "GET /resource_providers/be2cd25f-8b9c-4a1e-9e72-d2031700d82c/allocations" status: 200 len: 353 microversion: 1.0 [pid: 8|app: 0|req: 569/1128] 199.19.213.152 () {32 vars in 857 bytes} [Mon May 11 12:11:42 2026] GET /resource_providers/be2cd25f-8b9c-4a1e-9e72-d2031700d82c/allocations => generated 353 bytes in 39 msecs (HTTP/1.1 200) 6 headers in 224 bytes (1 switches on core 0)
2026-05-11 12:11:42.805 7 INFO placement.requestlog [req-1f4252ba-8851-444a-864b-ce73e3d609ec req-ee28388a-c146-4d22-bb0a-96db2681b6c5 815c1207cd3048bbad0167f0cd03c40b 0fd4b29b119f4191a020aa5a067a7178 - - 27c3e16f34f449aeb6f2985a78dbc2e4 27c3e16f34f449aeb6f2985a78dbc2e4] 199.19.213.152 "GET /allocations/8f3e746a-1b56-450c-8b32-5ae72e35a81b" status: 200 len: 258 microversion: 1.28 [pid: 7|app: 0|req: 560/1129] 199.19.213.152 () {34 vars in 863 bytes} [Mon May 11 12:11:42 2026] GET /allocations/8f3e746a-1b56-450c-8b32-5ae72e35a81b => generated 258 bytes in 40 msecs (HTTP/1.1 200) 8 headers in 296 bytes (1 switches on core 0)
2026-05-11 12:11:42.829 8 INFO placement.requestlog [req-1f4252ba-8851-444a-864b-ce73e3d609ec req-1b732556-3a50-49c7-a3cd-045e7fefbbba 815c1207cd3048bbad0167f0cd03c40b 0fd4b29b119f4191a020aa5a067a7178 - - 27c3e16f34f449aeb6f2985a78dbc2e4 27c3e16f34f449aeb6f2985a78dbc2e4] 199.19.213.152 "GET /allocations/3ef19d26-206d-443d-801e-2dfef4255452" status: 200 len: 258 microversion: 1.28 [pid: 8|app: 0|req: 570/1130] 199.19.213.152 () {34 vars in 863 bytes} [Mon May 11 12:11:42 2026] GET /allocations/3ef19d26-206d-443d-801e-2dfef4255452 => generated 258 bytes in 19 msecs (HTTP/1.1 200) 8 headers in 296 bytes (1 switches on core 0)
2026-05-11 12:11:42.870 7 INFO placement.requestlog [req-1f4252ba-8851-444a-864b-ce73e3d609ec req-ad4185f9-f194-4ce7-880f-53031c52bc67 815c1207cd3048bbad0167f0cd03c40b 0fd4b29b119f4191a020aa5a067a7178 - - 27c3e16f34f449aeb6f2985a78dbc2e4 27c3e16f34f449aeb6f2985a78dbc2e4] 199.19.213.152 "GET /allocations/6218682e-a819-44a3-994f-ceff7f3de294" status: 200 len: 258 microversion: 1.28 [pid: 7|app: 0|req: 561/1131] 199.19.213.152 () {34 vars in 863 bytes} [Mon May 11 12:11:42 2026] GET /allocations/6218682e-a819-44a3-994f-ceff7f3de294 => generated 258 bytes in 27 msecs (HTTP/1.1 200) 8 headers in 296 bytes (1 switches on core 0)
2026-05-11 12:11:47.192 7 INFO placement.requestlog [None req-0c396631-9325-468e-94ee-f9c37aac5ff5 - - - - - -] 10.0.0.77 "GET /" status: 200 len: 136 microversion: 1.0
2026-05-11 12:11:47.192 8 INFO placement.requestlog [None req-36dc97f9-fd5e-4893-9bdd-1a6005d5d8b7 - - - - - -] 10.0.0.77 "GET /" status: 200 len: 136 microversion: 1.0
2026-05-11 12:11:52.701 7 INFO placement.requestlog [req-91af10e3-e2fd-4ac7-a145-9c57cfdc3b95 req-e6dec045-8d89-4edc-804c-f9b4d9077f9a 815c1207cd3048bbad0167f0cd03c40b 0fd4b29b119f4191a020aa5a067a7178 - - 27c3e16f34f449aeb6f2985a78dbc2e4 27c3e16f34f449aeb6f2985a78dbc2e4] 10.0.0.137 "GET /allocation_candidates?limit=1000&resources=DISK_GB%3A1%2CMEMORY_MB%3A512%2CVCPU%3A1&root_required=%21COMPUTE_STATUS_DISABLED" status: 200 len: 2191 microversion: 1.36 [pid: 7|app: 0|req: 563/1134] 10.0.0.137 () {34 vars in 1012 bytes} [Mon May 11 12:11:52 2026] GET /allocation_candidates?limit=1000&resources=DISK_GB%3A1%2CMEMORY_MB%3A512%2CVCPU%3A1&root_required=%21COMPUTE_STATUS_DISABLED => generated 2191 bytes in 57 msecs (HTTP/1.1 200) 8 headers in 297 bytes (1 switches on core 0)
2026-05-11 12:11:52.733 8 INFO placement.requestlog [req-91af10e3-e2fd-4ac7-a145-9c57cfdc3b95 req-101e9124-bcab-425d-a450-8dae8793f8d3 815c1207cd3048bbad0167f0cd03c40b 0fd4b29b119f4191a020aa5a067a7178 - - 27c3e16f34f449aeb6f2985a78dbc2e4 27c3e16f34f449aeb6f2985a78dbc2e4] 10.0.0.137 "GET /allocations/51097067-8336-4ba5-bb11-025244478caf" status: 200 len: 19 microversion: 1.28 [pid: 8|app: 0|req: 572/1135] 10.0.0.137 () {34 vars in 861 bytes} [Mon May 11 12:11:52 2026] GET /allocations/51097067-8336-4ba5-bb11-025244478caf => generated 19 bytes in 9 msecs (HTTP/1.1 200) 8 headers in 295 bytes (1 switches on core 0)
2026-05-11 12:11:52.802 7 INFO placement.requestlog [req-91af10e3-e2fd-4ac7-a145-9c57cfdc3b95 req-12af3415-399f-46f6-ba53-0d10b408f3f1 815c1207cd3048bbad0167f0cd03c40b 0fd4b29b119f4191a020aa5a067a7178 - - 27c3e16f34f449aeb6f2985a78dbc2e4 27c3e16f34f449aeb6f2985a78dbc2e4] 10.0.0.137 "PUT /allocations/51097067-8336-4ba5-bb11-025244478caf" status: 204 len: 0 microversion: 1.36 [pid: 7|app: 0|req: 564/1136] 10.0.0.137 () {38 vars in 914 bytes} [Mon May 11 12:11:52 2026] PUT /allocations/51097067-8336-4ba5-bb11-025244478caf => generated 0 bytes in 61 msecs (HTTP/1.1 204) 5 headers in 199 bytes (1 switches on core 0)
2026-05-11 12:11:52.961 8 INFO placement.requestlog [None req-e397d7b3-9ff8-4c19-aadb-24cbc1ae842a 30df3309de4e4cda881d662df58a8f0d 0fd4b29b119f4191a020aa5a067a7178 - - 27c3e16f34f449aeb6f2985a78dbc2e4 27c3e16f34f449aeb6f2985a78dbc2e4] 10.0.0.149 "GET /resource_providers/af7f52d8-99ea-4f75-b61e-36df2409572f/aggregates" status: 404 len: 235 microversion: 1.1 [pid: 8|app: 0|req: 573/1137] 10.0.0.149 () {32 vars in 816 bytes} [Mon May 11 12:11:52 2026] GET /resource_providers/af7f52d8-99ea-4f75-b61e-36df2409572f/aggregates => generated 235 bytes in 11 msecs (HTTP/1.1 404) 5 headers in 202 bytes (1 switches on core 0)
2026-05-11 12:11:52.963 7 INFO placement.requestlog [None req-b55eae95-fb12-49be-9336-df38cfd87e22 30df3309de4e4cda881d662df58a8f0d 0fd4b29b119f4191a020aa5a067a7178 - - 27c3e16f34f449aeb6f2985a78dbc2e4 27c3e16f34f449aeb6f2985a78dbc2e4] 10.0.0.149 "GET /resource_providers/af7f52d8-99ea-4f75-b61e-36df2409572f/aggregates" status: 404 len: 235 microversion: 1.1 [pid: 7|app: 0|req: 565/1138] 10.0.0.149 () {32 vars in 816 bytes} [Mon May 11 12:11:52 2026] GET /resource_providers/af7f52d8-99ea-4f75-b61e-36df2409572f/aggregates => generated 235 bytes in 13 msecs (HTTP/1.1 404) 5 headers in 202 bytes (1 switches on core 0)
2026-05-11 12:11:52.990 7 INFO placement.requestlog [None req-832108c2-6bc2-425d-be60-f1c9209f372a 30df3309de4e4cda881d662df58a8f0d 0fd4b29b119f4191a020aa5a067a7178 - - 27c3e16f34f449aeb6f2985a78dbc2e4 27c3e16f34f449aeb6f2985a78dbc2e4] 10.0.0.149 "DELETE /resource_providers/af7f52d8-99ea-4f75-b61e-36df2409572f" status: 404 len: 246 microversion: 1.1 [pid: 7|app: 0|req: 566/1139] 10.0.0.149 () {34 vars in 816 bytes} [Mon May 11 12:11:52 2026] DELETE /resource_providers/af7f52d8-99ea-4f75-b61e-36df2409572f => generated 246 bytes in 10 msecs (HTTP/1.1 404) 6 headers in 231 bytes (1 switches on core 0)
2026-05-11 12:11:53.007 8 INFO placement.requestlog [None req-155d856b-1114-4028-bc19-14651860b0f1 30df3309de4e4cda881d662df58a8f0d 0fd4b29b119f4191a020aa5a067a7178 - - 27c3e16f34f449aeb6f2985a78dbc2e4 27c3e16f34f449aeb6f2985a78dbc2e4] 10.0.0.149 "DELETE /resource_providers/af7f52d8-99ea-4f75-b61e-36df2409572f" status: 404 len: 246 microversion: 1.1 [pid: 8|app: 0|req: 574/1140] 10.0.0.149 () {34 vars in 816 bytes} [Mon May 11 12:11:52 2026] DELETE /resource_providers/af7f52d8-99ea-4f75-b61e-36df2409572f => generated 246 bytes in 28 msecs (HTTP/1.1 404) 6 headers in 231 bytes (1 switches on core 0)
2026-05-11 12:11:53.060 7 INFO placement.requestlog [req-91af10e3-e2fd-4ac7-a145-9c57cfdc3b95 req-809470e8-54ff-4538-bca4-af0fa94c872c 815c1207cd3048bbad0167f0cd03c40b 0fd4b29b119f4191a020aa5a067a7178 - - 27c3e16f34f449aeb6f2985a78dbc2e4 27c3e16f34f449aeb6f2985a78dbc2e4] 199.19.213.152 "GET /allocations/51097067-8336-4ba5-bb11-025244478caf" status: 200 len: 258 microversion: 1.28 [pid: 7|app: 0|req: 567/1141] 199.19.213.152 () {34 vars in 863 bytes} [Mon May 11 12:11:53 2026] GET /allocations/51097067-8336-4ba5-bb11-025244478caf => generated 258 bytes in 13 msecs (HTTP/1.1 200) 8 headers in 296 bytes (1 switches on core 0)
2026-05-11 12:11:53.167 8 INFO placement.requestlog [req-91af10e3-e2fd-4ac7-a145-9c57cfdc3b95 req-09a0d803-66b2-42eb-8236-eb57e5957ba1 815c1207cd3048bbad0167f0cd03c40b 0fd4b29b119f4191a020aa5a067a7178 - - 27c3e16f34f449aeb6f2985a78dbc2e4 27c3e16f34f449aeb6f2985a78dbc2e4] 199.19.213.152 "GET /resource_providers/be2cd25f-8b9c-4a1e-9e72-d2031700d82c/allocations" status: 200 len: 453 microversion: 1.0 [pid: 8|app: 0|req: 575/1142] 199.19.213.152 () {32 vars in 857 bytes} [Mon May 11 12:11:53 2026] GET /resource_providers/be2cd25f-8b9c-4a1e-9e72-d2031700d82c/allocations => generated 453 bytes in 17 msecs (HTTP/1.1 200) 6 headers in 224 bytes (1 switches on core 0)
2026-05-11 12:11:53.198 7 INFO placement.requestlog [req-91af10e3-e2fd-4ac7-a145-9c57cfdc3b95 req-e1d42930-4714-4ef7-9342-a32dad87c89f 815c1207cd3048bbad0167f0cd03c40b 0fd4b29b119f4191a020aa5a067a7178 - - 27c3e16f34f449aeb6f2985a78dbc2e4 27c3e16f34f449aeb6f2985a78dbc2e4] 199.19.213.152 "GET /allocations/8f3e746a-1b56-450c-8b32-5ae72e35a81b" status: 200 len: 258 microversion: 1.28 [pid: 7|app: 0|req: 568/1143] 199.19.213.152 () {34 vars in 863 bytes} [Mon May 11 12:11:53 2026] GET /allocations/8f3e746a-1b56-450c-8b32-5ae72e35a81b => generated 258 bytes in 26 msecs (HTTP/1.1 200) 8 headers in 296 bytes (1 switches on core 0)
2026-05-11 12:11:53.228 8 INFO placement.requestlog [req-91af10e3-e2fd-4ac7-a145-9c57cfdc3b95 req-3a590dbd-b320-48ed-9ba0-f8bcf88f7710 815c1207cd3048bbad0167f0cd03c40b 0fd4b29b119f4191a020aa5a067a7178 - - 27c3e16f34f449aeb6f2985a78dbc2e4 27c3e16f34f449aeb6f2985a78dbc2e4] 199.19.213.152 "GET /allocations/3ef19d26-206d-443d-801e-2dfef4255452" status: 200 len: 258 microversion: 1.28 [pid: 8|app: 0|req: 576/1144] 199.19.213.152 () {34 vars in 863 bytes} [Mon May 11 12:11:53 2026] GET /allocations/3ef19d26-206d-443d-801e-2dfef4255452 => generated 258 bytes in 18 msecs (HTTP/1.1 200) 8 headers in 296 bytes (1 switches on core 0)
2026-05-11 12:11:53.247 7 INFO placement.requestlog [req-91af10e3-e2fd-4ac7-a145-9c57cfdc3b95 req-f91d7105-2d7c-4a67-9c37-cce84150a8f0 815c1207cd3048bbad0167f0cd03c40b 0fd4b29b119f4191a020aa5a067a7178 - - 27c3e16f34f449aeb6f2985a78dbc2e4 27c3e16f34f449aeb6f2985a78dbc2e4] 199.19.213.152 "GET /allocations/6218682e-a819-44a3-994f-ceff7f3de294" status: 200 len: 258 microversion: 1.28 [pid: 7|app: 0|req: 569/1145] 199.19.213.152 () {34 vars in 863 bytes} [Mon May 11 12:11:53 2026] GET /allocations/6218682e-a819-44a3-994f-ceff7f3de294 => generated 258 bytes in 13 msecs (HTTP/1.1 200) 8 headers in 296 bytes (1 switches on core 0)
2026-05-11 12:11:53.271 8 INFO placement.requestlog [req-91af10e3-e2fd-4ac7-a145-9c57cfdc3b95 req-af88ae23-691d-434d-add2-6c1cfdbf814f 815c1207cd3048bbad0167f0cd03c40b 0fd4b29b119f4191a020aa5a067a7178 - - 27c3e16f34f449aeb6f2985a78dbc2e4 27c3e16f34f449aeb6f2985a78dbc2e4] 199.19.213.152 "GET /allocations/51097067-8336-4ba5-bb11-025244478caf" status: 200 len: 258 microversion: 1.28 [pid: 8|app: 0|req: 577/1146] 199.19.213.152 () {34 vars in 863 bytes} [Mon May 11 12:11:53 2026] GET /allocations/51097067-8336-4ba5-bb11-025244478caf => generated 258 bytes in 15 msecs (HTTP/1.1 200) 8 headers in 296 bytes (1 switches on core 0)
2026-05-11 12:11:57.194 7 INFO placement.requestlog [None req-776afed3-538f-4797-8fbd-62308d018b16 - - - - - -] 10.0.0.77 "GET /" status: 200 len: 136 microversion: 1.0
2026-05-11 12:11:57.195 8 INFO placement.requestlog [None req-a65c4886-bff5-4acc-bdbb-77c74a47c534 - - - - - -] 10.0.0.77 "GET /" status: 200 len: 136 microversion: 1.0
2026-05-11 12:12:07.193 7 INFO placement.requestlog [None req-6869baa4-1241-45c8-8b9f-593c66b01db6 - - - - - -] 10.0.0.77 "GET /" status: 200 len: 136 microversion: 1.0
2026-05-11 12:12:07.193 8 INFO placement.requestlog [None req-25d71674-5aaf-405a-b0da-0046f4a83225 - - - - - -] 10.0.0.77 "GET /" status: 200 len: 136 microversion: 1.0
2026-05-11 12:12:17.193 8 INFO placement.requestlog [None req-1815f523-0b67-4bc4-8543-98986f52e181 - - - - - -] 10.0.0.77 "GET /" status: 200 len: 136 microversion: 1.0
2026-05-11 12:12:17.193 7 INFO placement.requestlog [None req-2121de35-2f0d-4cfa-b852-021d05bf85ff - - - - - -] 10.0.0.77 "GET /" status: 200 len: 136 microversion: 1.0
