May 07 03:37:26.835088 np0000172408 devstack@neutron-api.service[103513]: INFO neutron.api.extensions [None req-ca606801-7520-4980-8cc2-6ef1d891f86c None None] Extension qos-fip not supported by any of loaded plugins
May 07 03:37:26.835180 np0000172408 devstack@neutron-api.service[103513]: DEBUG neutron.api.extensions [None req-ca606801-7520-4980-8cc2-6ef1d891f86c None None] Loading extension file: qos_fip_network_policy.py {{(pid=103513) _load_all_extensions_from_path /opt/stack/neutron/neutron/api/extensions.py:449}}
May 07 03:37:26.835381 np0000172408 devstack@neutron-api.service[103512]: INFO neutron.quota [None req-02d9e224-ecf6-4eb3-a266-4020049e0737 None None] Loaded quota_driver: .
May 07 03:37:26.835446 np0000172408 devstack@neutron-api.service[103513]: DEBUG neutron.api.extensions [None req-ca606801-7520-4980-8cc2-6ef1d891f86c None None] Ext name="QoS floating IP network policy ID" alias="qos-fip-network-policy" description="Adds a the QoS network ID to the floating IP definition" updated="2021-11-15T10:00:00-00:00" {{(pid=103513) _check_extension /opt/stack/neutron/neutron/api/extensions.py:415}}
May 07 03:37:26.835518 np0000172408 devstack@neutron-api.service[103512]: INFO neutron.plugins.ml2.plugin [None req-02d9e224-ecf6-4eb3-a266-4020049e0737 None None] Modular L2 Plugin initialization complete
May 07 03:37:26.835619 np0000172408 devstack@neutron-api.service[103513]: INFO neutron.api.extensions [None req-ca606801-7520-4980-8cc2-6ef1d891f86c None None] Extension qos-fip-network-policy not supported by any of loaded plugins
May 07 03:37:26.835677 np0000172408 devstack@neutron-api.service[103512]: DEBUG neutron.manager [None req-02d9e224-ecf6-4eb3-a266-4020049e0737 None None] Loading services supported by the core plugin {{(pid=103512) _load_services_from_core_plugin /opt/stack/neutron/neutron/manager.py:170}}
May 07 03:37:26.835716 np0000172408 devstack@neutron-api.service[103513]: DEBUG neutron.api.extensions [None req-ca606801-7520-4980-8cc2-6ef1d891f86c None None] Loading extension file: qos_gateway_ip.py {{(pid=103513) _load_all_extensions_from_path /opt/stack/neutron/neutron/api/extensions.py:449}}
May 07 03:37:26.835754 np0000172408 devstack@neutron-api.service[103512]: INFO neutron.plugins.ml2.managers [None req-02d9e224-ecf6-4eb3-a266-4020049e0737 None None] Got port-security extension from driver 'port_security'
May 07 03:37:26.835933 np0000172408 devstack@neutron-api.service[103513]: DEBUG neutron.api.extensions [None req-ca606801-7520-4980-8cc2-6ef1d891f86c None None] Ext name="Router gateway IP QoS" alias="qos-gateway-ip" description="The Router gateway IP Quality of Service extension" updated="2018-02-24T00:00:00-00:00" {{(pid=103513) _check_extension /opt/stack/neutron/neutron/api/extensions.py:415}}
May 07 03:37:26.835992 np0000172408 devstack@neutron-api.service[103512]: DEBUG neutron.manager [None req-02d9e224-ecf6-4eb3-a266-4020049e0737 None None] Loading service plugins: ['ovn-router', 'auto_allocate', 'tag', 'timestamp', 'network_ip_availability', 'flavors', 'revisions'] {{(pid=103512) _load_service_plugins /opt/stack/neutron/neutron/manager.py:195}}
May 07 03:37:26.836081 np0000172408 devstack@neutron-api.service[103512]: INFO neutron.manager [None req-02d9e224-ecf6-4eb3-a266-4020049e0737 None None] Loading Plugin: ovn-router
May 07 03:37:26.836121 np0000172408 devstack@neutron-api.service[103513]: INFO neutron.api.extensions [None req-ca606801-7520-4980-8cc2-6ef1d891f86c None None] Extension qos-gateway-ip not supported by any of loaded plugins
May 07 03:37:26.836183 np0000172408 devstack@neutron-api.service[103513]: DEBUG neutron.api.extensions [None req-ca606801-7520-4980-8cc2-6ef1d891f86c None None] Loading extension file: qos_port_network_policy.py {{(pid=103513) _load_all_extensions_from_path /opt/stack/neutron/neutron/api/extensions.py:449}}
May 07 03:37:26.836408 np0000172408 devstack@neutron-api.service[103513]: DEBUG neutron.api.extensions [None req-ca606801-7520-4980-8cc2-6ef1d891f86c None None] Ext name="QoS port network policy ID" alias="qos-port-network-policy" description="Adds a the QoS network ID to the port definition" updated="2019-11-01T10:00:00-00:00" {{(pid=103513) _check_extension /opt/stack/neutron/neutron/api/extensions.py:415}}
May 07 03:37:26.836613 np0000172408 devstack@neutron-api.service[103513]: INFO neutron.api.extensions [None req-ca606801-7520-4980-8cc2-6ef1d891f86c None None] Extension qos-port-network-policy not supported by any of loaded plugins
May 07 03:37:26.836673 np0000172408 devstack@neutron-api.service[103513]: DEBUG neutron.api.extensions [None req-ca606801-7520-4980-8cc2-6ef1d891f86c None None] Loading extension file: qos_pps_minimum_rule.py {{(pid=103513) _load_all_extensions_from_path /opt/stack/neutron/neutron/api/extensions.py:449}}
May 07 03:37:26.836925 np0000172408 devstack@neutron-api.service[103513]: DEBUG neutron.api.extensions [None req-ca606801-7520-4980-8cc2-6ef1d891f86c None None] Ext name="QoS minimum packet rate rule" alias="qos-pps-minimum" description="Allow to configure QoS minimum packet rate rule." updated="2021-07-14T10:00:00-00:00" {{(pid=103513) _check_extension /opt/stack/neutron/neutron/api/extensions.py:415}}
May 07 03:37:26.837087 np0000172408 devstack@neutron-api.service[103513]: INFO neutron.api.extensions [None req-ca606801-7520-4980-8cc2-6ef1d891f86c None None] Extension qos-pps-minimum not supported by any of loaded plugins
May 07 03:37:26.837176 np0000172408 devstack@neutron-api.service[103513]: DEBUG neutron.api.extensions [None req-ca606801-7520-4980-8cc2-6ef1d891f86c None None] Loading extension file: qos_pps_minimum_rule_alias.py {{(pid=103513) _load_all_extensions_from_path /opt/stack/neutron/neutron/api/extensions.py:449}}
May 07 03:37:26.837415 np0000172408 devstack@neutron-api.service[103513]: DEBUG neutron.api.extensions [None req-ca606801-7520-4980-8cc2-6ef1d891f86c None None] Ext name="QoS minimum packet rate rule alias" alias="qos-pps-minimum-rule-alias" description="API to enable GET, PUT and DELETE operations on QoS minimum packet rate rule without specifying policy ID" updated="2021-10-22T10:00:00-00:00" {{(pid=103513) _check_extension /opt/stack/neutron/neutron/api/extensions.py:415}}
May 07 03:37:26.837614 np0000172408 devstack@neutron-api.service[103513]: INFO neutron.api.extensions [None req-ca606801-7520-4980-8cc2-6ef1d891f86c None None] Extension qos-pps-minimum-rule-alias not supported by any of loaded plugins
May 07 03:37:26.837708 np0000172408 devstack@neutron-api.service[103513]: DEBUG neutron.api.extensions [None req-ca606801-7520-4980-8cc2-6ef1d891f86c None None] Loading extension file: qos_pps_rule.py {{(pid=103513) _load_all_extensions_from_path /opt/stack/neutron/neutron/api/extensions.py:449}}
May 07 03:37:26.837984 np0000172408 devstack@neutron-api.service[103513]: DEBUG neutron.api.extensions [None req-ca606801-7520-4980-8cc2-6ef1d891f86c None None] Ext name="QoS Rule Type Packet per Second Extension" alias="qos-pps" description="Add QoS Rule Type Packet per Second" updated="2021-05-12T10:00:00-00:00" {{(pid=103513) _check_extension /opt/stack/neutron/neutron/api/extensions.py:415}}
May 07 03:37:26.838130 np0000172408 devstack@neutron-api.service[103513]: INFO neutron.api.extensions [None req-ca606801-7520-4980-8cc2-6ef1d891f86c None None] Extension qos-pps not supported by any of loaded plugins
May 07 03:37:26.838219 np0000172408 devstack@neutron-api.service[103513]: DEBUG neutron.api.extensions [None req-ca606801-7520-4980-8cc2-6ef1d891f86c None None] Loading extension file: qos_rule_type_details.py {{(pid=103513) _load_all_extensions_from_path /opt/stack/neutron/neutron/api/extensions.py:449}}
May 07 03:37:26.838446 np0000172408 devstack@neutron-api.service[103513]: DEBUG neutron.api.extensions [None req-ca606801-7520-4980-8cc2-6ef1d891f86c None None] Ext name="Details of QoS rule types" alias="qos-rule-type-details" description="Expose details about QoS rule types supported by loaded backend drivers" updated="2017-06-22T10:00:00-00:00" {{(pid=103513) _check_extension /opt/stack/neutron/neutron/api/extensions.py:415}}
May 07 03:37:26.838634 np0000172408 devstack@neutron-api.service[103513]: INFO neutron.api.extensions [None req-ca606801-7520-4980-8cc2-6ef1d891f86c None None] Extension qos-rule-type-details not supported by any of loaded plugins
May 07 03:37:26.838721 np0000172408 devstack@neutron-api.service[103513]: DEBUG neutron.api.extensions [None req-ca606801-7520-4980-8cc2-6ef1d891f86c None None] Loading extension file: qos_rule_type_filter.py {{(pid=103513) _load_all_extensions_from_path /opt/stack/neutron/neutron/api/extensions.py:449}}
May 07 03:37:26.838952 np0000172408 devstack@neutron-api.service[103513]: DEBUG neutron.api.extensions [None req-ca606801-7520-4980-8cc2-6ef1d891f86c None None] Ext name="Allow to filter the list of QoS rule types" alias="qos-rule-type-filter" description="Allows to filter the QoS rule type list adding two new flags. "all_rules" prints all implemented QoS rule types."all_supported" prints all supported QoS rule types by the loaded mechanism drivers" updated="2022-02-02T10:00:00-00:00" {{(pid=103513) _check_extension /opt/stack/neutron/neutron/api/extensions.py:415}}
May 07 03:37:26.839119 np0000172408 devstack@neutron-api.service[103513]: INFO neutron.api.extensions [None req-ca606801-7520-4980-8cc2-6ef1d891f86c None None] Extension qos-rule-type-filter not supported by any of loaded plugins
May 07 03:37:26.839207 np0000172408 devstack@neutron-api.service[103513]: DEBUG neutron.api.extensions [None req-ca606801-7520-4980-8cc2-6ef1d891f86c None None] Loading extension file: qos_rules_alias.py {{(pid=103513) _load_all_extensions_from_path /opt/stack/neutron/neutron/api/extensions.py:449}}
May 07 03:37:26.839498 np0000172408 devstack@neutron-api.service[103513]: DEBUG neutron.api.extensions [None req-ca606801-7520-4980-8cc2-6ef1d891f86c None None] Ext name="Quality of Service rules alias API" alias="qos-rules-alias" description="API to enable GET, PUT and DELETE operations on QoS policy rules without specifying policy ID" updated="2018-10-07T10:00:00-00:00" {{(pid=103513) _check_extension /opt/stack/neutron/neutron/api/extensions.py:415}}
May 07 03:37:26.839649 np0000172408 devstack@neutron-api.service[103513]: INFO neutron.api.extensions [None req-ca606801-7520-4980-8cc2-6ef1d891f86c None None] Extension qos-rules-alias not supported by any of loaded plugins
May 07 03:37:26.839737 np0000172408 devstack@neutron-api.service[103513]: DEBUG neutron.api.extensions [None req-ca606801-7520-4980-8cc2-6ef1d891f86c None None] Loading extension file: quota_check_limit.py {{(pid=103513) _load_all_extensions_from_path /opt/stack/neutron/neutron/api/extensions.py:449}}
May 07 03:37:26.839972 np0000172408 devstack@neutron-api.service[103513]: DEBUG neutron.api.extensions [None req-ca606801-7520-4980-8cc2-6ef1d891f86c None None] Ext name="Quota engine limit check" alias="quota-check-limit" description="Support for checking the resource usage before applying a new quota limit" updated="2021-09-08T16:00:00-00:00" {{(pid=103513) _check_extension /opt/stack/neutron/neutron/api/extensions.py:415}}
May 07 03:37:26.840133 np0000172408 devstack@neutron-api.service[103513]: INFO neutron.api.extensions [None req-ca606801-7520-4980-8cc2-6ef1d891f86c None None] Loaded extension: quota-check-limit
May 07 03:37:26.840223 np0000172408 devstack@neutron-api.service[103513]: DEBUG neutron.api.extensions [None req-ca606801-7520-4980-8cc2-6ef1d891f86c None None] Loading extension file: quota_check_limit_default.py {{(pid=103513) _load_all_extensions_from_path /opt/stack/neutron/neutron/api/extensions.py:449}}
May 07 03:37:26.840491 np0000172408 devstack@neutron-api.service[103513]: DEBUG neutron.api.extensions [None req-ca606801-7520-4980-8cc2-6ef1d891f86c None None] Ext name="Quota engine limit check by default" alias="quota-check-limit-default" description="By default, the Neutron quota engine checks the resource usage before applying a new quota limit" updated="2024-08-21T16:00:00-00:00" {{(pid=103513) _check_extension /opt/stack/neutron/neutron/api/extensions.py:415}}
May 07 03:37:26.840656 np0000172408 devstack@neutron-api.service[103513]: INFO neutron.api.extensions [None req-ca606801-7520-4980-8cc2-6ef1d891f86c None None] Loaded extension: quota-check-limit-default
May 07 03:37:26.840745 np0000172408 devstack@neutron-api.service[103513]: DEBUG neutron.api.extensions [None req-ca606801-7520-4980-8cc2-6ef1d891f86c None None] Loading extension file: quotasv2.py {{(pid=103513) _load_all_extensions_from_path /opt/stack/neutron/neutron/api/extensions.py:449}}
May 07 03:37:26.841361 np0000172408 devstack@neutron-api.service[103513]: DEBUG neutron.api.extensions [None req-ca606801-7520-4980-8cc2-6ef1d891f86c None None] Ext name="Quota management support" alias="quotas" description="Expose functions for quotas management per project" updated="2012-07-29T10:00:00-00:00" {{(pid=103513) _check_extension /opt/stack/neutron/neutron/api/extensions.py:415}}
May 07 03:37:26.841460 np0000172408 devstack@neutron-api.service[103513]: INFO neutron.api.extensions [None req-ca606801-7520-4980-8cc2-6ef1d891f86c None None] Loaded extension: quotas
May 07 03:37:26.841915 np0000172408 devstack@neutron-api.service[103513]: DEBUG neutron.api.extensions [None req-ca606801-7520-4980-8cc2-6ef1d891f86c None None] Loading extension file: quotasv2_detail.py {{(pid=103513) _load_all_extensions_from_path /opt/stack/neutron/neutron/api/extensions.py:449}}
May 07 03:37:26.841915 np0000172408 devstack@neutron-api.service[103513]: DEBUG neutron.api.extensions [None req-ca606801-7520-4980-8cc2-6ef1d891f86c None None] Ext name="Quota details management support" alias="quota_details" description="Expose functions for quotas usage statistics per project" updated="2017-02-10T10:00:00-00:00" {{(pid=103513) _check_extension /opt/stack/neutron/neutron/api/extensions.py:415}}
May 07 03:37:26.841971 np0000172408 devstack@neutron-api.service[103513]: INFO neutron.api.extensions [None req-ca606801-7520-4980-8cc2-6ef1d891f86c None None] Loaded extension: quota_details
May 07 03:37:26.842086 np0000172408 devstack@neutron-api.service[103513]: DEBUG neutron.api.extensions [None req-ca606801-7520-4980-8cc2-6ef1d891f86c None None] Loading extension file: rbac.py {{(pid=103513) _load_all_extensions_from_path /opt/stack/neutron/neutron/api/extensions.py:449}}
May 07 03:37:26.842592 np0000172408 devstack@neutron-api.service[103513]: DEBUG neutron.api.extensions [None req-ca606801-7520-4980-8cc2-6ef1d891f86c None None] Ext name="RBAC Policies" alias="rbac-policies" description="Allows creation and modification of policies that control project access to resources." updated="2015-06-17T12:15:12-00:00" {{(pid=103513) _check_extension /opt/stack/neutron/neutron/api/extensions.py:415}}
May 07 03:37:26.842771 np0000172408 devstack@neutron-api.service[103513]: INFO neutron.api.extensions [None req-ca606801-7520-4980-8cc2-6ef1d891f86c None None] Loaded extension: rbac-policies
May 07 03:37:26.842864 np0000172408 devstack@neutron-api.service[103513]: DEBUG neutron.api.extensions [None req-ca606801-7520-4980-8cc2-6ef1d891f86c None None] Loading extension file: rbac_address_group.py {{(pid=103513) _load_all_extensions_from_path /opt/stack/neutron/neutron/api/extensions.py:449}}
May 07 03:37:26.843099 np0000172408 devstack@neutron-api.service[103513]: DEBUG neutron.api.extensions [None req-ca606801-7520-4980-8cc2-6ef1d891f86c None None] Ext name="Add address_group type to RBAC" alias="rbac-address-group" description="Add address_group type to network RBAC" updated="2021-01-20T00:00:00-00:00" {{(pid=103513) _check_extension /opt/stack/neutron/neutron/api/extensions.py:415}}
May 07 03:37:26.843266 np0000172408 devstack@neutron-api.service[103513]: INFO neutron.api.extensions [None req-ca606801-7520-4980-8cc2-6ef1d891f86c None None] Extension rbac-address-group not supported by any of loaded plugins
May 07 03:37:26.843393 np0000172408 devstack@neutron-api.service[103513]: DEBUG neutron.api.extensions [None req-ca606801-7520-4980-8cc2-6ef1d891f86c None None] Loading extension file: rbac_address_scope.py {{(pid=103513) _load_all_extensions_from_path /opt/stack/neutron/neutron/api/extensions.py:449}}
May 07 03:37:26.843638 np0000172408 devstack@neutron-api.service[103513]: DEBUG neutron.api.extensions [None req-ca606801-7520-4980-8cc2-6ef1d891f86c None None] Ext name="Add address_scope type to RBAC" alias="rbac-address-scope" description="Add address_scope type to RBAC" updated="2020-02-12T00:00:00-00:00" {{(pid=103513) _check_extension /opt/stack/neutron/neutron/api/extensions.py:415}}
May 07 03:37:26.843811 np0000172408 devstack@neutron-api.service[103513]: INFO neutron.api.extensions [None req-ca606801-7520-4980-8cc2-6ef1d891f86c None None] Loaded extension: rbac-address-scope
May 07 03:37:26.843900 np0000172408 devstack@neutron-api.service[103513]: DEBUG neutron.api.extensions [None req-ca606801-7520-4980-8cc2-6ef1d891f86c None None] Loading extension file: rbac_security_groups.py {{(pid=103513) _load_all_extensions_from_path /opt/stack/neutron/neutron/api/extensions.py:449}}
May 07 03:37:26.844133 np0000172408 devstack@neutron-api.service[103513]: DEBUG neutron.api.extensions [None req-ca606801-7520-4980-8cc2-6ef1d891f86c None None] Ext name="Add security_group type to network RBAC" alias="rbac-security-groups" description="Add security_group type to network RBAC" updated="2019-02-14T00:00:00-00:00" {{(pid=103513) _check_extension /opt/stack/neutron/neutron/api/extensions.py:415}}
May 07 03:37:26.844299 np0000172408 devstack@neutron-api.service[103513]: INFO neutron.api.extensions [None req-ca606801-7520-4980-8cc2-6ef1d891f86c None None] Loaded extension: rbac-security-groups
May 07 03:37:26.844389 np0000172408 devstack@neutron-api.service[103513]: DEBUG neutron.api.extensions [None req-ca606801-7520-4980-8cc2-6ef1d891f86c None None] Loading extension file: rbac_subnetpool.py {{(pid=103513) _load_all_extensions_from_path /opt/stack/neutron/neutron/api/extensions.py:449}}
May 07 03:37:26.844484 np0000172408 devstack@neutron-api.service[103512]: DEBUG neutron_lib.callbacks.manager [None req-02d9e224-ecf6-4eb3-a266-4020049e0737 None None] Subscribe: > router before_delete 55550000, False {{(pid=103512) subscribe /opt/stack/data/venv/lib/python3.12/site-packages/neutron_lib/callbacks/manager.py:52}}
May 07 03:37:26.844633 np0000172408 devstack@neutron-api.service[103512]: DEBUG neutron_lib.callbacks.manager [None req-02d9e224-ecf6-4eb3-a266-4020049e0737 None None] Subscribe: port after_update 55550000, False {{(pid=103512) subscribe /opt/stack/data/venv/lib/python3.12/site-packages/neutron_lib/callbacks/manager.py:52}}
May 07 03:37:26.844676 np0000172408 devstack@neutron-api.service[103513]: DEBUG neutron.api.extensions [None req-ca606801-7520-4980-8cc2-6ef1d891f86c None None] Ext name="Add subnetpool type to RBAC" alias="rbac-subnetpool" description="Add subnetpool type to RBAC" updated="2020-02-05T00:00:00-00:00" {{(pid=103513) _check_extension /opt/stack/neutron/neutron/api/extensions.py:415}}
May 07 03:37:26.844739 np0000172408 devstack@neutron-api.service[103512]: DEBUG neutron_lib.callbacks.manager [None req-02d9e224-ecf6-4eb3-a266-4020049e0737 None None] Subscribe: port after_delete 55550000, False {{(pid=103512) subscribe /opt/stack/data/venv/lib/python3.12/site-packages/neutron_lib/callbacks/manager.py:52}}
May 07 03:37:26.844801 np0000172408 devstack@neutron-api.service[103513]: INFO neutron.api.extensions [None req-ca606801-7520-4980-8cc2-6ef1d891f86c None None] Extension rbac-subnetpool not supported by any of loaded plugins
May 07 03:37:26.844839 np0000172408 devstack@neutron-api.service[103512]: DEBUG neutron_lib.callbacks.manager [None req-02d9e224-ecf6-4eb3-a266-4020049e0737 None None] Subscribe: subnet after_update 55550000, False {{(pid=103512) subscribe /opt/stack/data/venv/lib/python3.12/site-packages/neutron_lib/callbacks/manager.py:52}}
May 07 03:37:26.844891 np0000172408 devstack@neutron-api.service[103513]: DEBUG neutron.api.extensions [None req-ca606801-7520-4980-8cc2-6ef1d891f86c None None] Loading extension file: revisionifmatch.py {{(pid=103513) _load_all_extensions_from_path /opt/stack/neutron/neutron/api/extensions.py:449}}
May 07 03:37:26.844935 np0000172408 devstack@neutron-api.service[103512]: DEBUG neutron_lib.callbacks.manager [None req-02d9e224-ecf6-4eb3-a266-4020049e0737 None None] Subscribe: subnetpool_address_scope after_update 55550000, False {{(pid=103512) subscribe /opt/stack/data/venv/lib/python3.12/site-packages/neutron_lib/callbacks/manager.py:52}}
May 07 03:37:26.845036 np0000172408 devstack@neutron-api.service[103512]: DEBUG neutron_lib.callbacks.manager [None req-02d9e224-ecf6-4eb3-a266-4020049e0737 None None] Subscribe: port before_update 55550000, False {{(pid=103512) subscribe /opt/stack/data/venv/lib/python3.12/site-packages/neutron_lib/callbacks/manager.py:52}}
May 07 03:37:26.845115 np0000172408 devstack@neutron-api.service[103513]: DEBUG neutron.api.extensions [None req-ca606801-7520-4980-8cc2-6ef1d891f86c None None] Ext name="If-Match constraints based on revision_number" alias="revision-if-match" description="Extension indicating that If-Match based on revision_number is supported." updated="2016-12-11T00:00:00-00:00" {{(pid=103513) _check_extension /opt/stack/neutron/neutron/api/extensions.py:415}}
May 07 03:37:26.845149 np0000172408 devstack@neutron-api.service[103512]: DEBUG neutron_lib.callbacks.manager [None req-02d9e224-ecf6-4eb3-a266-4020049e0737 None None] Subscribe: port after_update 55550000, False {{(pid=103512) subscribe /opt/stack/data/venv/lib/python3.12/site-packages/neutron_lib/callbacks/manager.py:52}}
May 07 03:37:26.845228 np0000172408 devstack@neutron-api.service[103512]: DEBUG neutron_lib.callbacks.manager [None req-02d9e224-ecf6-4eb3-a266-4020049e0737 None None] Subscribe: > port precommit_delete 55550000, False {{(pid=103512) subscribe /opt/stack/data/venv/lib/python3.12/site-packages/neutron_lib/callbacks/manager.py:52}}
May 07 03:37:26.845283 np0000172408 devstack@neutron-api.service[103513]: INFO neutron.api.extensions [None req-ca606801-7520-4980-8cc2-6ef1d891f86c None None] Loaded extension: revision-if-match
May 07 03:37:26.845331 np0000172408 devstack@neutron-api.service[103512]: DEBUG neutron_lib.callbacks.manager [None req-02d9e224-ecf6-4eb3-a266-4020049e0737 None None] Subscribe: port before_update 55550000, False {{(pid=103512) subscribe /opt/stack/data/venv/lib/python3.12/site-packages/neutron_lib/callbacks/manager.py:52}}
May 07 03:37:26.845375 np0000172408 devstack@neutron-api.service[103513]: DEBUG neutron.api.extensions [None req-ca606801-7520-4980-8cc2-6ef1d891f86c None None] Loading extension file: revisions.py {{(pid=103513) _load_all_extensions_from_path /opt/stack/neutron/neutron/api/extensions.py:449}}
May 07 03:37:26.845436 np0000172408 devstack@neutron-api.service[103512]: DEBUG neutron_lib.callbacks.manager [None req-02d9e224-ecf6-4eb3-a266-4020049e0737 None None] Subscribe: port before_delete 55550000, False {{(pid=103512) subscribe /opt/stack/data/venv/lib/python3.12/site-packages/neutron_lib/callbacks/manager.py:52}}
May 07 03:37:26.845552 np0000172408 devstack@neutron-api.service[103512]: DEBUG neutron_lib.callbacks.manager [None req-02d9e224-ecf6-4eb3-a266-4020049e0737 None None] Subscribe: > router precommit_create 55550000, False {{(pid=103512) subscribe /opt/stack/data/venv/lib/python3.12/site-packages/neutron_lib/callbacks/manager.py:52}}
May 07 03:37:26.845630 np0000172408 devstack@neutron-api.service[103513]: DEBUG neutron.api.extensions [None req-ca606801-7520-4980-8cc2-6ef1d891f86c None None] Ext name="Resource revision numbers" alias="standard-attr-revisions" description="This extension will display the revision number of neutron resources." updated="2016-04-11T10:00:00-00:00" {{(pid=103513) _check_extension /opt/stack/neutron/neutron/api/extensions.py:415}}
May 07 03:37:26.845685 np0000172408 devstack@neutron-api.service[103512]: DEBUG neutron_lib.callbacks.manager [None req-02d9e224-ecf6-4eb3-a266-4020049e0737 None None] Subscribe: > router precommit_create 55550000, False {{(pid=103512) subscribe /opt/stack/data/venv/lib/python3.12/site-packages/neutron_lib/callbacks/manager.py:52}}
May 07 03:37:26.845759 np0000172408 devstack@neutron-api.service[103512]: DEBUG neutron_lib.callbacks.manager [None req-02d9e224-ecf6-4eb3-a266-4020049e0737 None None] Subscribe: > router precommit_update 55550000, False {{(pid=103512) subscribe /opt/stack/data/venv/lib/python3.12/site-packages/neutron_lib/callbacks/manager.py:52}}
May 07 03:37:26.845788 np0000172408 devstack@neutron-api.service[103513]: INFO neutron.api.extensions [None req-ca606801-7520-4980-8cc2-6ef1d891f86c None None] Loaded extension: standard-attr-revisions
May 07 03:37:26.845867 np0000172408 devstack@neutron-api.service[103512]: DEBUG neutron_lib.callbacks.manager [None req-02d9e224-ecf6-4eb3-a266-4020049e0737 None None] Subscribe: subnet after_update 55550000, False {{(pid=103512) subscribe /opt/stack/data/venv/lib/python3.12/site-packages/neutron_lib/callbacks/manager.py:52}}
May 07 03:37:26.845897 np0000172408 devstack@neutron-api.service[103513]: DEBUG neutron.api.extensions [None req-ca606801-7520-4980-8cc2-6ef1d891f86c None None] Loading extension file: router_availability_zone.py {{(pid=103513) _load_all_extensions_from_path /opt/stack/neutron/neutron/api/extensions.py:449}}
May 07 03:37:26.846129 np0000172408 devstack@neutron-api.service[103513]: DEBUG neutron.api.extensions [None req-ca606801-7520-4980-8cc2-6ef1d891f86c None None] Ext name="Router Availability Zone" alias="router_availability_zone" description="Availability zone support for router." updated="2015-01-01T10:00:00-00:00" {{(pid=103513) _check_extension /opt/stack/neutron/neutron/api/extensions.py:415}}
May 07 03:37:26.846298 np0000172408 devstack@neutron-api.service[103513]: INFO neutron.api.extensions [None req-ca606801-7520-4980-8cc2-6ef1d891f86c None None] Loaded extension: router_availability_zone
May 07 03:37:26.846391 np0000172408 devstack@neutron-api.service[103513]: DEBUG neutron.api.extensions [None req-ca606801-7520-4980-8cc2-6ef1d891f86c None None] Loading extension file: router_enable_snat.py {{(pid=103513) _load_all_extensions_from_path /opt/stack/neutron/neutron/api/extensions.py:449}}
May 07 03:37:26.846568 np0000172408 devstack@neutron-api.service[103512]: DEBUG neutron.quota.resource_registry [None req-02d9e224-ecf6-4eb3-a266-4020049e0737 None None] Tracking information for resource: router configured {{(pid=103512) set_tracked_resource /opt/stack/neutron/neutron/quota/resource_registry.py:203}}
May 07 03:37:26.846637 np0000172408 devstack@neutron-api.service[103513]: DEBUG neutron.api.extensions [None req-ca606801-7520-4980-8cc2-6ef1d891f86c None None] Ext name="Exposes the router "enable_snat" read-only configuration flag" alias="router-enable-snat" description="Exposes the router "enable_snat" read-only configuration flag" updated="2025-09-18T18:00:00-00:00" {{(pid=103513) _check_extension /opt/stack/neutron/neutron/api/extensions.py:415}}
May 07 03:37:26.846668 np0000172408 devstack@neutron-api.service[103512]: DEBUG neutron.quota.resource_registry [None req-02d9e224-ecf6-4eb3-a266-4020049e0737 None None] Tracking information for resource: floatingip configured {{(pid=103512) set_tracked_resource /opt/stack/neutron/neutron/quota/resource_registry.py:203}}
May 07 03:37:26.846752 np0000172408 devstack@neutron-api.service[103512]: INFO neutron.services.ovn_l3.plugin [None req-02d9e224-ecf6-4eb3-a266-4020049e0737 None None] Starting OVNL3RouterPlugin
May 07 03:37:26.846805 np0000172408 devstack@neutron-api.service[103513]: INFO neutron.api.extensions [None req-ca606801-7520-4980-8cc2-6ef1d891f86c None None] Loaded extension: router-enable-snat
May 07 03:37:26.846896 np0000172408 devstack@neutron-api.service[103513]: DEBUG neutron.api.extensions [None req-ca606801-7520-4980-8cc2-6ef1d891f86c None None] Loading extension file: routerservicetype.py {{(pid=103513) _load_all_extensions_from_path /opt/stack/neutron/neutron/api/extensions.py:449}}
May 07 03:37:26.846965 np0000172408 devstack@neutron-api.service[103512]: DEBUG neutron_lib.callbacks.manager [None req-02d9e224-ecf6-4eb3-a266-4020049e0737 None None] Subscribe: > port_forwarding_plugin after_init 55550000, False {{(pid=103512) subscribe /opt/stack/data/venv/lib/python3.12/site-packages/neutron_lib/callbacks/manager.py:52}}
May 07 03:37:26.847121 np0000172408 devstack@neutron-api.service[103513]: DEBUG neutron.api.extensions [None req-ca606801-7520-4980-8cc2-6ef1d891f86c None None] Ext name="Router Service Type" alias="router-service-type" description="Provides router service type" updated="2013-01-29T00:00:00-00:00" {{(pid=103513) _check_extension /opt/stack/neutron/neutron/api/extensions.py:415}}
May 07 03:37:26.847200 np0000172408 devstack@neutron-api.service[103512]: DEBUG neutron_lib.callbacks.manager [None req-02d9e224-ecf6-4eb3-a266-4020049e0737 None None] Subscribe: > router before_create 55550100, False {{(pid=103512) subscribe /opt/stack/data/venv/lib/python3.12/site-packages/neutron_lib/callbacks/manager.py:52}}
May 07 03:37:26.847315 np0000172408 devstack@neutron-api.service[103513]: INFO neutron.api.extensions [None req-ca606801-7520-4980-8cc2-6ef1d891f86c None None] Extension router-service-type not supported by any of loaded plugins
May 07 03:37:26.847357 np0000172408 devstack@neutron-api.service[103512]: DEBUG neutron_lib.callbacks.manager [None req-02d9e224-ecf6-4eb3-a266-4020049e0737 None None] Subscribe: > router precommit_delete 55550100, False {{(pid=103512) subscribe /opt/stack/data/venv/lib/python3.12/site-packages/neutron_lib/callbacks/manager.py:52}}
May 07 03:37:26.847400 np0000172408 devstack@neutron-api.service[103513]: DEBUG neutron.api.extensions [None req-ca606801-7520-4980-8cc2-6ef1d891f86c None None] Loading extension file: security_groups_default_rules.py {{(pid=103513) _load_all_extensions_from_path /opt/stack/neutron/neutron/api/extensions.py:449}}
May 07 03:37:26.847506 np0000172408 devstack@neutron-api.service[103512]: DEBUG neutron_lib.callbacks.manager [None req-02d9e224-ecf6-4eb3-a266-4020049e0737 None None] Subscribe: > router precommit_create 55550100, False {{(pid=103512) subscribe /opt/stack/data/venv/lib/python3.12/site-packages/neutron_lib/callbacks/manager.py:52}}
May 07 03:37:26.847613 np0000172408 devstack@neutron-api.service[103512]: DEBUG neutron_lib.callbacks.manager [None req-02d9e224-ecf6-4eb3-a266-4020049e0737 None None] Subscribe: > router precommit_update 55550100, False {{(pid=103512) subscribe /opt/stack/data/venv/lib/python3.12/site-packages/neutron_lib/callbacks/manager.py:52}}
May 07 03:37:26.847832 np0000172408 devstack@neutron-api.service[103513]: DEBUG neutron.api.extensions [None req-ca606801-7520-4980-8cc2-6ef1d891f86c None None] Ext name="Default rules for security groups" alias="security-groups-default-rules" description="Configure set of security group rules used as default rules for every new security group" updated="2022-12-19T10:00:00-00:00" {{(pid=103513) _check_extension /opt/stack/neutron/neutron/api/extensions.py:415}}
May 07 03:37:26.848004 np0000172408 devstack@neutron-api.service[103513]: INFO neutron.api.extensions [None req-ca606801-7520-4980-8cc2-6ef1d891f86c None None] Loaded extension: security-groups-default-rules
May 07 03:37:26.848095 np0000172408 devstack@neutron-api.service[103513]: DEBUG neutron.api.extensions [None req-ca606801-7520-4980-8cc2-6ef1d891f86c None None] Loading extension file: security_groups_normalized_cidr.py {{(pid=103513) _load_all_extensions_from_path /opt/stack/neutron/neutron/api/extensions.py:449}}
May 07 03:37:26.848327 np0000172408 devstack@neutron-api.service[103513]: DEBUG neutron.api.extensions [None req-ca606801-7520-4980-8cc2-6ef1d891f86c None None] Ext name="Normalized CIDR field for security group rules" alias="security-groups-normalized-cidr" description="Add new field with normalized remote_ip_prefix cidr in SG rule" updated="2020-07-28T10:00:00-00:00" {{(pid=103513) _check_extension /opt/stack/neutron/neutron/api/extensions.py:415}}
May 07 03:37:26.848517 np0000172408 devstack@neutron-api.service[103513]: INFO neutron.api.extensions [None req-ca606801-7520-4980-8cc2-6ef1d891f86c None None] Loaded extension: security-groups-normalized-cidr
May 07 03:37:26.848607 np0000172408 devstack@neutron-api.service[103513]: DEBUG neutron.api.extensions [None req-ca606801-7520-4980-8cc2-6ef1d891f86c None None] Loading extension file: security_groups_port_filtering.py {{(pid=103513) _load_all_extensions_from_path /opt/stack/neutron/neutron/api/extensions.py:449}}
May 07 03:37:26.848773 np0000172408 devstack@neutron-api.service[103511]: INFO neutron.plugins.ml2.drivers.type_vlan [None req-2c207ed0-07c6-4bfc-ab58-27474b714671 None None] VlanTypeDriver initialization complete
May 07 03:37:26.849138 np0000172408 devstack@neutron-api.service[103513]: DEBUG neutron.api.extensions [None req-ca606801-7520-4980-8cc2-6ef1d891f86c None None] Ext name="Port filtering on security groups" alias="port-security-groups-filtering" description="Provides security groups filtering when listing ports" updated="2018-01-09T09:00:00-00:00" {{(pid=103513) _check_extension /opt/stack/neutron/neutron/api/extensions.py:415}}
May 07 03:37:26.849185 np0000172408 devstack@neutron-api.service[103511]: INFO neutron.plugins.ml2.managers [None req-2c207ed0-07c6-4bfc-ab58-27474b714671 None None] Initializing extension driver 'port_security'
May 07 03:37:26.849224 np0000172408 devstack@neutron-api.service[103513]: INFO neutron.api.extensions [None req-ca606801-7520-4980-8cc2-6ef1d891f86c None None] Extension port-security-groups-filtering not supported by any of loaded plugins
May 07 03:37:26.849265 np0000172408 devstack@neutron-api.service[103511]: INFO neutron.plugins.ml2.extensions.port_security [None req-2c207ed0-07c6-4bfc-ab58-27474b714671 None None] PortSecurityExtensionDriver initialization complete
May 07 03:37:26.849301 np0000172408 devstack@neutron-api.service[103513]: DEBUG neutron.api.extensions [None req-ca606801-7520-4980-8cc2-6ef1d891f86c None None] Loading extension file: security_groups_remote_address_group.py {{(pid=103513) _load_all_extensions_from_path /opt/stack/neutron/neutron/api/extensions.py:449}}
May 07 03:37:26.849365 np0000172408 devstack@neutron-api.service[103511]: INFO neutron.plugins.ml2.managers [None req-2c207ed0-07c6-4bfc-ab58-27474b714671 None None] Initializing extension driver 'qos'
May 07 03:37:26.849365 np0000172408 devstack@neutron-api.service[103511]: DEBUG neutron.plugins.ml2.extensions.qos [None req-2c207ed0-07c6-4bfc-ab58-27474b714671 None None] QosExtensionDriver initialization complete {{(pid=103511) initialize /opt/stack/neutron/neutron/plugins/ml2/extensions/qos.py:31}}
May 07 03:37:26.849443 np0000172408 devstack@neutron-api.service[103513]: DEBUG neutron.api.extensions [None req-ca606801-7520-4980-8cc2-6ef1d891f86c None None] Ext name="Remote address group id field for security group rules" alias="security-groups-remote-address-group" description="Add new field of remote address group id in SG rules" updated="2020-08-25T10:00:00-00:00" {{(pid=103513) _check_extension /opt/stack/neutron/neutron/api/extensions.py:415}}
May 07 03:37:26.849513 np0000172408 devstack@neutron-api.service[103511]: INFO neutron.plugins.ml2.managers [None req-2c207ed0-07c6-4bfc-ab58-27474b714671 None None] Initializing mechanism driver 'ovn'
May 07 03:37:26.849563 np0000172408 devstack@neutron-api.service[103513]: INFO neutron.api.extensions [None req-ca606801-7520-4980-8cc2-6ef1d891f86c None None] Loaded extension: security-groups-remote-address-group
May 07 03:37:26.849601 np0000172408 devstack@neutron-api.service[103511]: INFO neutron.plugins.ml2.drivers.ovn.mech_driver.mech_driver [None req-2c207ed0-07c6-4bfc-ab58-27474b714671 None None] Starting OVNMechanismDriver
May 07 03:37:26.849641 np0000172408 devstack@neutron-api.service[103513]: DEBUG neutron.api.extensions [None req-ca606801-7520-4980-8cc2-6ef1d891f86c None None] Loading extension file: security_groups_rules_belongs_to_default_sg.py {{(pid=103513) _load_all_extensions_from_path /opt/stack/neutron/neutron/api/extensions.py:449}}
May 07 03:37:26.849791 np0000172408 devstack@neutron-api.service[103513]: DEBUG neutron.api.extensions [None req-ca606801-7520-4980-8cc2-6ef1d891f86c None None] Ext name="Security group rule belongs to the project's default security group" alias="security-groups-rules-belongs-to-default-sg" description="Flag to determine if the security group rule belongs to the project's default security group" updated="2023-05-23T10:00:00-00:00" {{(pid=103513) _check_extension /opt/stack/neutron/neutron/api/extensions.py:415}}
May 07 03:37:26.849958 np0000172408 devstack@neutron-api.service[103513]: INFO neutron.api.extensions [None req-ca606801-7520-4980-8cc2-6ef1d891f86c None None] Loaded extension: security-groups-rules-belongs-to-default-sg
May 07 03:37:26.850046 np0000172408 devstack@neutron-api.service[103513]: DEBUG neutron.api.extensions [None req-ca606801-7520-4980-8cc2-6ef1d891f86c None None] Loading extension file: security_groups_shared_filtering.py {{(pid=103513) _load_all_extensions_from_path /opt/stack/neutron/neutron/api/extensions.py:449}}
May 07 03:37:26.850269 np0000172408 devstack@neutron-api.service[103513]: DEBUG neutron.api.extensions [None req-ca606801-7520-4980-8cc2-6ef1d891f86c None None] Ext name="Security group filtering on the shared field" alias="security-groups-shared-filtering" description="Support filtering security groups on the shared field" updated="2021-10-05T09:00:00-00:00" {{(pid=103513) _check_extension /opt/stack/neutron/neutron/api/extensions.py:415}}
May 07 03:37:26.850435 np0000172408 devstack@neutron-api.service[103513]: INFO neutron.api.extensions [None req-ca606801-7520-4980-8cc2-6ef1d891f86c None None] Loaded extension: security-groups-shared-filtering
May 07 03:37:26.850541 np0000172408 devstack@neutron-api.service[103513]: DEBUG neutron.api.extensions [None req-ca606801-7520-4980-8cc2-6ef1d891f86c None None] Loading extension file: securitygroup.py {{(pid=103513) _load_all_extensions_from_path /opt/stack/neutron/neutron/api/extensions.py:449}}
May 07 03:37:26.850840 np0000172408 devstack@neutron-api.service[103512]: DEBUG neutron.services.provider_configuration [None req-02d9e224-ecf6-4eb3-a266-4020049e0737 None None] Service providers = [] {{(pid=103512) parse_service_provider_opt /opt/stack/neutron/neutron/services/provider_configuration.py:170}}
May 07 03:37:26.850944 np0000172408 devstack@neutron-api.service[103512]: DEBUG neutron.db.servicetype_db [None req-02d9e224-ecf6-4eb3-a266-4020049e0737 None None] Adding provider configuration for service L3_ROUTER_NAT {{(pid=103512) add_provider_configuration /opt/stack/neutron/neutron/db/servicetype_db.py:42}}
May 07 03:37:26.851571 np0000172408 devstack@neutron-api.service[103511]: DEBUG neutron_lib.callbacks.manager [None req-2c207ed0-07c6-4bfc-ab58-27474b714671 None None] Subscribe: > process before_spawn 55550000, False {{(pid=103511) subscribe /opt/stack/data/venv/lib/python3.12/site-packages/neutron_lib/callbacks/manager.py:52}}
May 07 03:37:26.852050 np0000172408 devstack@neutron-api.service[103511]: DEBUG neutron_lib.callbacks.manager [None req-2c207ed0-07c6-4bfc-ab58-27474b714671 None None] Subscribe: > process after_init 55550000, True {{(pid=103511) subscribe /opt/stack/data/venv/lib/python3.12/site-packages/neutron_lib/callbacks/manager.py:52}}
May 07 03:37:26.852050 np0000172408 devstack@neutron-api.service[103511]: DEBUG neutron_lib.callbacks.manager [None req-2c207ed0-07c6-4bfc-ab58-27474b714671 None None] Subscribe: > segment after_create 55550000, False {{(pid=103511) subscribe /opt/stack/data/venv/lib/python3.12/site-packages/neutron_lib/callbacks/manager.py:52}}
May 07 03:37:26.852050 np0000172408 devstack@neutron-api.service[103511]: DEBUG neutron_lib.callbacks.manager [None req-2c207ed0-07c6-4bfc-ab58-27474b714671 None None] Subscribe: > segment after_create 55550000, False {{(pid=103511) subscribe /opt/stack/data/venv/lib/python3.12/site-packages/neutron_lib/callbacks/manager.py:52}}
May 07 03:37:26.852050 np0000172408 devstack@neutron-api.service[103511]: DEBUG neutron_lib.callbacks.manager [None req-2c207ed0-07c6-4bfc-ab58-27474b714671 None None] Subscribe: > segment after_delete 55550000, False {{(pid=103511) subscribe /opt/stack/data/venv/lib/python3.12/site-packages/neutron_lib/callbacks/manager.py:52}}
May 07 03:37:26.852211 np0000172408 devstack@neutron-api.service[103511]: DEBUG neutron_lib.callbacks.manager [None req-2c207ed0-07c6-4bfc-ab58-27474b714671 None None] Subscribe: > allowed_address_pair before_create 55550000, False {{(pid=103511) subscribe /opt/stack/data/venv/lib/python3.12/site-packages/neutron_lib/callbacks/manager.py:52}}
May 07 03:37:26.852257 np0000172408 devstack@neutron-api.service[103512]: DEBUG neutron_lib.callbacks.manager [None req-02d9e224-ecf6-4eb3-a266-4020049e0737 None None] Subscribe: > router precommit_create 55549900, False {{(pid=103512) subscribe /opt/stack/data/venv/lib/python3.12/site-packages/neutron_lib/callbacks/manager.py:52}}
May 07 03:37:26.852306 np0000172408 devstack@neutron-api.service[103513]: DEBUG neutron.api.extensions [None req-ca606801-7520-4980-8cc2-6ef1d891f86c None None] Ext name="security-group" alias="security-group" description="The security groups extension." updated="2012-10-05T10:00:00-00:00" {{(pid=103513) _check_extension /opt/stack/neutron/neutron/api/extensions.py:415}}
May 07 03:37:26.852352 np0000172408 devstack@neutron-api.service[103512]: DEBUG neutron_lib.callbacks.manager [None req-02d9e224-ecf6-4eb3-a266-4020049e0737 None None] Subscribe: > router_interface after_create 55550000, False {{(pid=103512) subscribe /opt/stack/data/venv/lib/python3.12/site-packages/neutron_lib/callbacks/manager.py:52}}
May 07 03:37:26.852421 np0000172408 devstack@neutron-api.service[103511]: DEBUG neutron_lib.callbacks.manager [None req-2c207ed0-07c6-4bfc-ab58-27474b714671 None None] Subscribe: > security_group precommit_create 55550000, False {{(pid=103511) subscribe /opt/stack/data/venv/lib/python3.12/site-packages/neutron_lib/callbacks/manager.py:52}}
May 07 03:37:26.852488 np0000172408 devstack@neutron-api.service[103512]: DEBUG neutron_lib.callbacks.manager [None req-02d9e224-ecf6-4eb3-a266-4020049e0737 None None] Subscribe: > floatingip after_create 55550000, False {{(pid=103512) subscribe /opt/stack/data/venv/lib/python3.12/site-packages/neutron_lib/callbacks/manager.py:52}}
May 07 03:37:26.852545 np0000172408 devstack@neutron-api.service[103513]: INFO neutron.api.extensions [None req-ca606801-7520-4980-8cc2-6ef1d891f86c None None] Loaded extension: security-group
May 07 03:37:26.852583 np0000172408 devstack@neutron-api.service[103511]: DEBUG neutron_lib.callbacks.manager [None req-2c207ed0-07c6-4bfc-ab58-27474b714671 None None] Subscribe: > security_group after_update 55550000, False {{(pid=103511) subscribe /opt/stack/data/venv/lib/python3.12/site-packages/neutron_lib/callbacks/manager.py:52}}
May 07 03:37:26.852635 np0000172408 devstack@neutron-api.service[103512]: DEBUG neutron_lib.callbacks.manager [None req-02d9e224-ecf6-4eb3-a266-4020049e0737 None None] Subscribe: > floatingip precommit_create 55550000, False {{(pid=103512) subscribe /opt/stack/data/venv/lib/python3.12/site-packages/neutron_lib/callbacks/manager.py:52}}
May 07 03:37:26.852677 np0000172408 devstack@neutron-api.service[103513]: DEBUG neutron.api.extensions [None req-ca606801-7520-4980-8cc2-6ef1d891f86c None None] Loading extension file: segment.py {{(pid=103513) _load_all_extensions_from_path /opt/stack/neutron/neutron/api/extensions.py:449}}
May 07 03:37:26.852727 np0000172408 devstack@neutron-api.service[103512]: DEBUG neutron_lib.callbacks.manager [None req-02d9e224-ecf6-4eb3-a266-4020049e0737 None None] Subscribe: > floatingip precommit_update 55550000, False {{(pid=103512) subscribe /opt/stack/data/venv/lib/python3.12/site-packages/neutron_lib/callbacks/manager.py:52}}
May 07 03:37:26.852771 np0000172408 devstack@neutron-api.service[103511]: DEBUG neutron_lib.callbacks.manager [None req-2c207ed0-07c6-4bfc-ab58-27474b714671 None None] Subscribe: > security_group after_create 55550000, False {{(pid=103511) subscribe /opt/stack/data/venv/lib/python3.12/site-packages/neutron_lib/callbacks/manager.py:52}}
May 07 03:37:26.852810 np0000172408 devstack@neutron-api.service[103512]: DEBUG neutron_lib.callbacks.manager [None req-02d9e224-ecf6-4eb3-a266-4020049e0737 None None] Subscribe: > floatingip after_delete 55550000, False {{(pid=103512) subscribe /opt/stack/data/venv/lib/python3.12/site-packages/neutron_lib/callbacks/manager.py:52}}
May 07 03:37:26.852862 np0000172408 devstack@neutron-api.service[103511]: DEBUG neutron_lib.callbacks.manager [None req-2c207ed0-07c6-4bfc-ab58-27474b714671 None None] Subscribe: > security_group precommit_delete 55550000, False {{(pid=103511) subscribe /opt/stack/data/venv/lib/python3.12/site-packages/neutron_lib/callbacks/manager.py:52}}
May 07 03:37:26.852927 np0000172408 devstack@neutron-api.service[103512]: DEBUG neutron_lib.callbacks.manager [None req-02d9e224-ecf6-4eb3-a266-4020049e0737 None None] Subscribe: > floatingip after_status_update 55550000, False {{(pid=103512) subscribe /opt/stack/data/venv/lib/python3.12/site-packages/neutron_lib/callbacks/manager.py:52}}
May 07 03:37:26.852981 np0000172408 devstack@neutron-api.service[103513]: DEBUG neutron.api.extensions [None req-ca606801-7520-4980-8cc2-6ef1d891f86c None None] Ext name="Segment" alias="segment" description="Segments extension." updated="2016-02-24T17:00:00-00:00" {{(pid=103513) _check_extension /opt/stack/neutron/neutron/api/extensions.py:415}}
May 07 03:37:26.853029 np0000172408 devstack@neutron-api.service[103512]: DEBUG neutron_lib.callbacks.manager [None req-02d9e224-ecf6-4eb3-a266-4020049e0737 None None] Subscribe: > floatingip after_update 55550000, False {{(pid=103512) subscribe /opt/stack/data/venv/lib/python3.12/site-packages/neutron_lib/callbacks/manager.py:52}}
May 07 03:37:26.853078 np0000172408 devstack@neutron-api.service[103511]: DEBUG neutron_lib.callbacks.manager [None req-2c207ed0-07c6-4bfc-ab58-27474b714671 None None] Subscribe: > security_group after_delete 55550000, False {{(pid=103511) subscribe /opt/stack/data/venv/lib/python3.12/site-packages/neutron_lib/callbacks/manager.py:52}}
May 07 03:37:26.853127 np0000172408 devstack@neutron-api.service[103512]: DEBUG neutron_lib.callbacks.manager [None req-02d9e224-ecf6-4eb3-a266-4020049e0737 None None] Subscribe: > port_forwarding after_create 55550000, False {{(pid=103512) subscribe /opt/stack/data/venv/lib/python3.12/site-packages/neutron_lib/callbacks/manager.py:52}}
May 07 03:37:26.853176 np0000172408 devstack@neutron-api.service[103513]: INFO neutron.api.extensions [None req-ca606801-7520-4980-8cc2-6ef1d891f86c None None] Extension segment not supported by any of loaded plugins
May 07 03:37:26.853222 np0000172408 devstack@neutron-api.service[103511]: DEBUG neutron_lib.callbacks.manager [None req-2c207ed0-07c6-4bfc-ab58-27474b714671 None None] Subscribe: > security_group_rule precommit_create 55550000, False {{(pid=103511) subscribe /opt/stack/data/venv/lib/python3.12/site-packages/neutron_lib/callbacks/manager.py:52}}
May 07 03:37:26.853282 np0000172408 devstack@neutron-api.service[103512]: DEBUG neutron_lib.callbacks.manager [None req-02d9e224-ecf6-4eb3-a266-4020049e0737 None None] Subscribe: > router_interface after_delete 55550000, False {{(pid=103512) subscribe /opt/stack/data/venv/lib/python3.12/site-packages/neutron_lib/callbacks/manager.py:52}}
May 07 03:37:26.853333 np0000172408 devstack@neutron-api.service[103513]: DEBUG neutron.api.extensions [None req-ca606801-7520-4980-8cc2-6ef1d891f86c None None] Loading extension file: segments_peer_subnet_host_routes.py {{(pid=103513) _load_all_extensions_from_path /opt/stack/neutron/neutron/api/extensions.py:449}}
May 07 03:37:26.853381 np0000172408 devstack@neutron-api.service[103512]: DEBUG neutron_lib.callbacks.manager [None req-02d9e224-ecf6-4eb3-a266-4020049e0737 None None] Subscribe: > router after_create 55550000, False {{(pid=103512) subscribe /opt/stack/data/venv/lib/python3.12/site-packages/neutron_lib/callbacks/manager.py:52}}
May 07 03:37:26.853439 np0000172408 devstack@neutron-api.service[103511]: DEBUG neutron_lib.callbacks.manager [None req-2c207ed0-07c6-4bfc-ab58-27474b714671 None None] Subscribe: > security_group_rule after_create 55550000, False {{(pid=103511) subscribe /opt/stack/data/venv/lib/python3.12/site-packages/neutron_lib/callbacks/manager.py:52}}
May 07 03:37:26.853514 np0000172408 devstack@neutron-api.service[103512]: DEBUG neutron_lib.callbacks.manager [None req-02d9e224-ecf6-4eb3-a266-4020049e0737 None None] Subscribe: > router precommit_create 55550000, False {{(pid=103512) subscribe /opt/stack/data/venv/lib/python3.12/site-packages/neutron_lib/callbacks/manager.py:52}}
May 07 03:37:26.853568 np0000172408 devstack@neutron-api.service[103513]: DEBUG neutron.api.extensions [None req-ca606801-7520-4980-8cc2-6ef1d891f86c None None] Ext name="Segments peer-subnet host routes" alias="segments-peer-subnet-host-routes" description="Add host routes to subnets on a routed network (segments)" updated="2018-06-12T10:00:00-00:00" {{(pid=103513) _check_extension /opt/stack/neutron/neutron/api/extensions.py:415}}
May 07 03:37:26.854052 np0000172408 devstack@neutron-api.service[103511]: DEBUG neutron_lib.callbacks.manager [None req-2c207ed0-07c6-4bfc-ab58-27474b714671 None None] Subscribe: > security_group_rule before_delete 55550000, False {{(pid=103511) subscribe /opt/stack/data/venv/lib/python3.12/site-packages/neutron_lib/callbacks/manager.py:52}}
