2026-05-01 00:02:02.623 8 INFO placement.requestlog [req-a3d7edac-4af4-484b-91a6-64043f5db7c8 req-b24e95bd-93bf-4b1b-bf9a-860527af4613 f77456ddbf954edc8cdd48bc6d9d2cfc d063bf954d3f4409b2c3a666192d60ef - - dfe1b944633a46b198d615ee8b61aee1 dfe1b944633a46b198d615ee8b61aee1] 199.19.213.238 "GET /allocations/a3e09d71-f32b-48aa-b6d3-2a94e3e4bbdb" status: 200 len: 258 microversion: 1.28 [pid: 8|app: 0|req: 559/1107] 199.19.213.238 () {34 vars in 863 bytes} [Fri May 1 00:02:02 2026] GET /allocations/a3e09d71-f32b-48aa-b6d3-2a94e3e4bbdb => generated 258 bytes in 10 msecs (HTTP/1.1 200) 8 headers in 296 bytes (1 switches on core 0)
2026-05-01 00:02:04.687 7 INFO placement.requestlog [req-7c3c1d37-b558-4ac2-beea-2f0f7687a5c7 req-63a971da-0d84-45f3-abfd-0dae796a1cc0 f77456ddbf954edc8cdd48bc6d9d2cfc d063bf954d3f4409b2c3a666192d60ef - - dfe1b944633a46b198d615ee8b61aee1 dfe1b944633a46b198d615ee8b61aee1] 199.19.213.238 "GET /resource_providers/4bada213-ab1e-4085-870b-40819d87809d/allocations" status: 200 len: 453 microversion: 1.0 [pid: 7|app: 0|req: 549/1108] 199.19.213.238 () {32 vars in 857 bytes} [Fri May 1 00:02:04 2026] GET /resource_providers/4bada213-ab1e-4085-870b-40819d87809d/allocations => generated 453 bytes in 17 msecs (HTTP/1.1 200) 6 headers in 224 bytes (1 switches on core 0)
2026-05-01 00:02:04.713 8 INFO placement.requestlog [req-7c3c1d37-b558-4ac2-beea-2f0f7687a5c7 req-a6ac3932-4ade-4392-918e-5ee4453501f4 f77456ddbf954edc8cdd48bc6d9d2cfc d063bf954d3f4409b2c3a666192d60ef - - dfe1b944633a46b198d615ee8b61aee1 dfe1b944633a46b198d615ee8b61aee1] 199.19.213.238 "GET /resource_providers/4bada213-ab1e-4085-870b-40819d87809d/allocations" status: 200 len: 453 microversion: 1.0 [pid: 8|app: 0|req: 560/1109] 199.19.213.238 () {32 vars in 857 bytes} [Fri May 1 00:02:04 2026] GET /resource_providers/4bada213-ab1e-4085-870b-40819d87809d/allocations => generated 453 bytes in 18 msecs (HTTP/1.1 200) 6 headers in 224 bytes (1 switches on core 0)
2026-05-01 00:02:04.730 7 INFO placement.requestlog [req-7c3c1d37-b558-4ac2-beea-2f0f7687a5c7 req-34e12b0e-9426-48d4-8da4-b787a8a58f79 f77456ddbf954edc8cdd48bc6d9d2cfc d063bf954d3f4409b2c3a666192d60ef - - dfe1b944633a46b198d615ee8b61aee1 dfe1b944633a46b198d615ee8b61aee1] 199.19.213.238 "GET /allocations/1bf554cd-e8c1-43d8-bbc7-362c7d89a079" status: 200 len: 258 microversion: 1.28 [pid: 7|app: 0|req: 550/1110] 199.19.213.238 () {34 vars in 863 bytes} [Fri May 1 00:02:04 2026] GET /allocations/1bf554cd-e8c1-43d8-bbc7-362c7d89a079 => generated 258 bytes in 11 msecs (HTTP/1.1 200) 8 headers in 296 bytes (1 switches on core 0)
2026-05-01 00:02:04.750 8 INFO placement.requestlog [req-7c3c1d37-b558-4ac2-beea-2f0f7687a5c7 req-c5ab3b8e-e369-47d6-92b3-d4817780317e f77456ddbf954edc8cdd48bc6d9d2cfc d063bf954d3f4409b2c3a666192d60ef - - dfe1b944633a46b198d615ee8b61aee1 dfe1b944633a46b198d615ee8b61aee1] 199.19.213.238 "GET /allocations/7cd5e8e7-d354-4f1b-befe-8bfb3672e57b" status: 200 len: 258 microversion: 1.28 [pid: 8|app: 0|req: 561/1111] 199.19.213.238 () {34 vars in 863 bytes} [Fri May 1 00:02:04 2026] GET /allocations/7cd5e8e7-d354-4f1b-befe-8bfb3672e57b => generated 258 bytes in 15 msecs (HTTP/1.1 200) 8 headers in 296 bytes (1 switches on core 0)
2026-05-01 00:02:04.779 7 INFO placement.requestlog [req-7c3c1d37-b558-4ac2-beea-2f0f7687a5c7 req-c57eb3da-d431-45b7-9d92-6bd30d33596b f77456ddbf954edc8cdd48bc6d9d2cfc d063bf954d3f4409b2c3a666192d60ef - - dfe1b944633a46b198d615ee8b61aee1 dfe1b944633a46b198d615ee8b61aee1] 199.19.213.238 "GET /allocations/092b32eb-6d3d-4c5e-947d-d1a3531329ff" status: 200 len: 258 microversion: 1.28 [pid: 7|app: 0|req: 551/1112] 199.19.213.238 () {34 vars in 863 bytes} [Fri May 1 00:02:04 2026] GET /allocations/092b32eb-6d3d-4c5e-947d-d1a3531329ff => generated 258 bytes in 24 msecs (HTTP/1.1 200) 8 headers in 296 bytes (1 switches on core 0)
2026-05-01 00:02:04.798 8 INFO placement.requestlog [req-7c3c1d37-b558-4ac2-beea-2f0f7687a5c7 req-3791154d-9fef-49af-be67-ce3653e550bb f77456ddbf954edc8cdd48bc6d9d2cfc d063bf954d3f4409b2c3a666192d60ef - - dfe1b944633a46b198d615ee8b61aee1 dfe1b944633a46b198d615ee8b61aee1] 199.19.213.238 "GET /allocations/a3e09d71-f32b-48aa-b6d3-2a94e3e4bbdb" status: 200 len: 258 microversion: 1.28 [pid: 8|app: 0|req: 562/1113] 199.19.213.238 () {34 vars in 863 bytes} [Fri May 1 00:02:04 2026] GET /allocations/a3e09d71-f32b-48aa-b6d3-2a94e3e4bbdb => generated 258 bytes in 14 msecs (HTTP/1.1 200) 8 headers in 296 bytes (1 switches on core 0)
2026-05-01 00:02:06.586 7 INFO placement.requestlog [None req-20e2a13f-e7db-48db-baab-d921b8472f93 - - - - - -] 10.0.0.101 "GET /" status: 200 len: 136 microversion: 1.0
2026-05-01 00:02:06.586 8 INFO placement.requestlog [None req-830fb34e-6ff3-464d-80d9-30952f7412d8 - - - - - -] 10.0.0.101 "GET /" status: 200 len: 136 microversion: 1.0
2026-05-01 00:02:15.546 7 INFO placement.requestlog [req-7246a786-50ad-4e41-a162-d2469732b7da req-913c4d25-0f3d-4c81-be90-7af7f47e43b2 f77456ddbf954edc8cdd48bc6d9d2cfc d063bf954d3f4409b2c3a666192d60ef - - dfe1b944633a46b198d615ee8b61aee1 dfe1b944633a46b198d615ee8b61aee1] 10.0.0.224 "GET /allocation_candidates?limit=1000&resources=MEMORY_MB%3A2048%2CVCPU%3A2&root_required=%21COMPUTE_STATUS_DISABLED" status: 200 len: 2771 microversion: 1.36 [pid: 7|app: 0|req: 553/1116] 10.0.0.224 () {34 vars in 986 bytes} [Fri May 1 00:02:15 2026] GET /allocation_candidates?limit=1000&resources=MEMORY_MB%3A2048%2CVCPU%3A2&root_required=%21COMPUTE_STATUS_DISABLED => generated 2771 bytes in 84 msecs (HTTP/1.1 200) 8 headers in 297 bytes (1 switches on core 0)
2026-05-01 00:02:15.578 8 INFO placement.requestlog [req-7246a786-50ad-4e41-a162-d2469732b7da req-fd5ffe13-6c65-4a55-9b2c-f4a8c9841b7c f77456ddbf954edc8cdd48bc6d9d2cfc d063bf954d3f4409b2c3a666192d60ef - - dfe1b944633a46b198d615ee8b61aee1 dfe1b944633a46b198d615ee8b61aee1] 10.0.0.224 "GET /allocations/5766a0b7-9142-4eaa-a352-aa68ea05fdc8" status: 200 len: 19 microversion: 1.28 [pid: 8|app: 0|req: 564/1117] 10.0.0.224 () {34 vars in 861 bytes} [Fri May 1 00:02:15 2026] GET /allocations/5766a0b7-9142-4eaa-a352-aa68ea05fdc8 => generated 19 bytes in 8 msecs (HTTP/1.1 200) 8 headers in 295 bytes (1 switches on core 0)
2026-05-01 00:02:15.644 7 INFO placement.requestlog [req-7246a786-50ad-4e41-a162-d2469732b7da req-2b27e81c-b898-4bf9-b083-62f51ec2b216 f77456ddbf954edc8cdd48bc6d9d2cfc d063bf954d3f4409b2c3a666192d60ef - - dfe1b944633a46b198d615ee8b61aee1 dfe1b944633a46b198d615ee8b61aee1] 10.0.0.224 "PUT /allocations/5766a0b7-9142-4eaa-a352-aa68ea05fdc8" status: 204 len: 0 microversion: 1.36 [pid: 7|app: 0|req: 554/1118] 10.0.0.224 () {38 vars in 914 bytes} [Fri May 1 00:02:15 2026] PUT /allocations/5766a0b7-9142-4eaa-a352-aa68ea05fdc8 => generated 0 bytes in 61 msecs (HTTP/1.1 204) 5 headers in 199 bytes (1 switches on core 0)
2026-05-01 00:02:16.586 8 INFO placement.requestlog [None req-a833c2c5-a775-494a-a772-37a656b93780 - - - - - -] 10.0.0.101 "GET /" status: 200 len: 136 microversion: 1.0
2026-05-01 00:02:16.586 7 INFO placement.requestlog [None req-0d8c9509-c66d-4083-a223-352f9324f0b1 - - - - - -] 10.0.0.101 "GET /" status: 200 len: 136 microversion: 1.0
2026-05-01 00:02:17.105 8 INFO placement.requestlog [req-7246a786-50ad-4e41-a162-d2469732b7da req-54653d46-63d6-4dc3-ace3-91899cd88f41 f77456ddbf954edc8cdd48bc6d9d2cfc d063bf954d3f4409b2c3a666192d60ef - - dfe1b944633a46b198d615ee8b61aee1 dfe1b944633a46b198d615ee8b61aee1] 199.19.213.238 "GET /allocations/5766a0b7-9142-4eaa-a352-aa68ea05fdc8" status: 200 len: 245 microversion: 1.28 [pid: 8|app: 0|req: 566/1121] 199.19.213.238 () {34 vars in 863 bytes} [Fri May 1 00:02:17 2026] GET /allocations/5766a0b7-9142-4eaa-a352-aa68ea05fdc8 => generated 245 bytes in 13 msecs (HTTP/1.1 200) 8 headers in 296 bytes (1 switches on core 0)
2026-05-01 00:02:18.149 7 INFO placement.requestlog [req-7246a786-50ad-4e41-a162-d2469732b7da req-887bdac0-18e3-41b3-bfea-130aa30771f2 f77456ddbf954edc8cdd48bc6d9d2cfc d063bf954d3f4409b2c3a666192d60ef - - dfe1b944633a46b198d615ee8b61aee1 dfe1b944633a46b198d615ee8b61aee1] 199.19.213.238 "GET /resource_providers/4bada213-ab1e-4085-870b-40819d87809d/allocations" status: 200 len: 540 microversion: 1.0 [pid: 7|app: 0|req: 556/1122] 199.19.213.238 () {32 vars in 857 bytes} [Fri May 1 00:02:18 2026] GET /resource_providers/4bada213-ab1e-4085-870b-40819d87809d/allocations => generated 540 bytes in 20 msecs (HTTP/1.1 200) 6 headers in 224 bytes (1 switches on core 0)
2026-05-01 00:02:18.172 8 INFO placement.requestlog [req-7246a786-50ad-4e41-a162-d2469732b7da req-e4f10cd3-3ebe-47b9-913a-ecd249a958f6 f77456ddbf954edc8cdd48bc6d9d2cfc d063bf954d3f4409b2c3a666192d60ef - - dfe1b944633a46b198d615ee8b61aee1 dfe1b944633a46b198d615ee8b61aee1] 199.19.213.238 "GET /allocations/092b32eb-6d3d-4c5e-947d-d1a3531329ff" status: 200 len: 258 microversion: 1.28 [pid: 8|app: 0|req: 567/1123] 199.19.213.238 () {34 vars in 863 bytes} [Fri May 1 00:02:18 2026] GET /allocations/092b32eb-6d3d-4c5e-947d-d1a3531329ff => generated 258 bytes in 15 msecs (HTTP/1.1 200) 8 headers in 296 bytes (1 switches on core 0)
2026-05-01 00:02:18.204 7 INFO placement.requestlog [req-7246a786-50ad-4e41-a162-d2469732b7da req-a79eda3b-68dc-4804-8283-70d1b320ee85 f77456ddbf954edc8cdd48bc6d9d2cfc d063bf954d3f4409b2c3a666192d60ef - - dfe1b944633a46b198d615ee8b61aee1 dfe1b944633a46b198d615ee8b61aee1] 199.19.213.238 "GET /allocations/7cd5e8e7-d354-4f1b-befe-8bfb3672e57b" status: 200 len: 258 microversion: 1.28 [pid: 7|app: 0|req: 557/1124] 199.19.213.238 () {34 vars in 863 bytes} [Fri May 1 00:02:18 2026] GET /allocations/7cd5e8e7-d354-4f1b-befe-8bfb3672e57b => generated 258 bytes in 23 msecs (HTTP/1.1 200) 8 headers in 296 bytes (1 switches on core 0)
2026-05-01 00:02:18.233 8 INFO placement.requestlog [req-7246a786-50ad-4e41-a162-d2469732b7da req-bedf5374-f71d-4b7a-8245-a17b3c8a99a3 f77456ddbf954edc8cdd48bc6d9d2cfc d063bf954d3f4409b2c3a666192d60ef - - dfe1b944633a46b198d615ee8b61aee1 dfe1b944633a46b198d615ee8b61aee1] 199.19.213.238 "GET /allocations/1bf554cd-e8c1-43d8-bbc7-362c7d89a079" status: 200 len: 258 microversion: 1.28 [pid: 8|app: 0|req: 568/1125] 199.19.213.238 () {34 vars in 863 bytes} [Fri May 1 00:02:18 2026] GET /allocations/1bf554cd-e8c1-43d8-bbc7-362c7d89a079 => generated 258 bytes in 22 msecs (HTTP/1.1 200) 8 headers in 296 bytes (1 switches on core 0)
2026-05-01 00:02:18.253 7 INFO placement.requestlog [req-7246a786-50ad-4e41-a162-d2469732b7da req-d053692e-aefe-4c9b-8f6e-d3a69609f6bd f77456ddbf954edc8cdd48bc6d9d2cfc d063bf954d3f4409b2c3a666192d60ef - - dfe1b944633a46b198d615ee8b61aee1 dfe1b944633a46b198d615ee8b61aee1] 199.19.213.238 "GET /allocations/a3e09d71-f32b-48aa-b6d3-2a94e3e4bbdb" status: 200 len: 258 microversion: 1.28 [pid: 7|app: 0|req: 558/1126] 199.19.213.238 () {34 vars in 863 bytes} [Fri May 1 00:02:18 2026] GET /allocations/a3e09d71-f32b-48aa-b6d3-2a94e3e4bbdb => generated 258 bytes in 13 msecs (HTTP/1.1 200) 8 headers in 296 bytes (1 switches on core 0)
2026-05-01 00:02:18.273 8 INFO placement.requestlog [req-7246a786-50ad-4e41-a162-d2469732b7da req-c7d13e61-7b48-46e5-8ba3-8a8b78fddead f77456ddbf954edc8cdd48bc6d9d2cfc d063bf954d3f4409b2c3a666192d60ef - - dfe1b944633a46b198d615ee8b61aee1 dfe1b944633a46b198d615ee8b61aee1] 199.19.213.238 "GET /allocations/5766a0b7-9142-4eaa-a352-aa68ea05fdc8" status: 200 len: 245 microversion: 1.28 [pid: 8|app: 0|req: 569/1127] 199.19.213.238 () {34 vars in 863 bytes} [Fri May 1 00:02:18 2026] GET /allocations/5766a0b7-9142-4eaa-a352-aa68ea05fdc8 => generated 245 bytes in 15 msecs (HTTP/1.1 200) 8 headers in 296 bytes (1 switches on core 0)
2026-05-01 00:02:26.585 7 INFO placement.requestlog [None req-2d463a69-e07f-4859-bb8f-b7ea1ab47000 - - - - - -] 10.0.0.101 "GET /" status: 200 len: 136 microversion: 1.0
2026-05-01 00:02:26.586 8 INFO placement.requestlog [None req-49bbaa5a-cc22-4a78-b575-ef0e6db5d220 - - - - - -] 10.0.0.101 "GET /" status: 200 len: 136 microversion: 1.0
2026-05-01 00:02:36.586 8 INFO placement.requestlog [None req-73026a00-d45c-45ef-98c2-ec30dacd3cc3 - - - - - -] 10.0.0.101 "GET /" status: 200 len: 136 microversion: 1.0
2026-05-01 00:02:36.586 7 INFO placement.requestlog [None req-3d6a8678-b1a6-4134-be4e-68e236117b5c - - - - - -] 10.0.0.101 "GET /" status: 200 len: 136 microversion: 1.0
2026-05-01 00:02:37.414 8 INFO placement.requestlog [req-9b9d4a33-2f8d-4199-ab66-5ff007a4dc7b req-8cf41d7d-215f-4395-aa87-90f4bf8670de f77456ddbf954edc8cdd48bc6d9d2cfc d063bf954d3f4409b2c3a666192d60ef - - dfe1b944633a46b198d615ee8b61aee1 dfe1b944633a46b198d615ee8b61aee1] 199.19.213.238 "GET /resource_providers/4bada213-ab1e-4085-870b-40819d87809d/allocations" status: 200 len: 540 microversion: 1.0 [pid: 8|app: 0|req: 572/1132] 199.19.213.238 () {32 vars in 857 bytes} [Fri May 1 00:02:37 2026] GET /resource_providers/4bada213-ab1e-4085-870b-40819d87809d/allocations => generated 540 bytes in 15 msecs (HTTP/1.1 200) 6 headers in 224 bytes (1 switches on core 0)
2026-05-01 00:02:37.452 7 INFO placement.requestlog [req-9b9d4a33-2f8d-4199-ab66-5ff007a4dc7b req-61cc54d8-0d6f-4bd9-b5be-969b41e3901e f77456ddbf954edc8cdd48bc6d9d2cfc d063bf954d3f4409b2c3a666192d60ef - - dfe1b944633a46b198d615ee8b61aee1 dfe1b944633a46b198d615ee8b61aee1] 199.19.213.238 "GET /allocations/092b32eb-6d3d-4c5e-947d-d1a3531329ff" status: 200 len: 258 microversion: 1.28 [pid: 7|app: 0|req: 561/1133] 199.19.213.238 () {34 vars in 863 bytes} [Fri May 1 00:02:37 2026] GET /allocations/092b32eb-6d3d-4c5e-947d-d1a3531329ff => generated 258 bytes in 12 msecs (HTTP/1.1 200) 8 headers in 296 bytes (1 switches on core 0)
2026-05-01 00:02:37.478 8 INFO placement.requestlog [req-9b9d4a33-2f8d-4199-ab66-5ff007a4dc7b req-a8b98b0f-8f91-40f4-8bb7-dc2d70cf2cba f77456ddbf954edc8cdd48bc6d9d2cfc d063bf954d3f4409b2c3a666192d60ef - - dfe1b944633a46b198d615ee8b61aee1 dfe1b944633a46b198d615ee8b61aee1] 199.19.213.238 "GET /allocations/7cd5e8e7-d354-4f1b-befe-8bfb3672e57b" status: 200 len: 258 microversion: 1.28 [pid: 8|app: 0|req: 573/1134] 199.19.213.238 () {34 vars in 863 bytes} [Fri May 1 00:02:37 2026] GET /allocations/7cd5e8e7-d354-4f1b-befe-8bfb3672e57b => generated 258 bytes in 23 msecs (HTTP/1.1 200) 8 headers in 296 bytes (1 switches on core 0)
2026-05-01 00:02:37.501 7 INFO placement.requestlog [req-9b9d4a33-2f8d-4199-ab66-5ff007a4dc7b req-f5464bfa-0973-41ac-ac59-467ac83620bf f77456ddbf954edc8cdd48bc6d9d2cfc d063bf954d3f4409b2c3a666192d60ef - - dfe1b944633a46b198d615ee8b61aee1 dfe1b944633a46b198d615ee8b61aee1] 199.19.213.238 "GET /allocations/1bf554cd-e8c1-43d8-bbc7-362c7d89a079" status: 200 len: 258 microversion: 1.28 [pid: 7|app: 0|req: 562/1135] 199.19.213.238 () {34 vars in 863 bytes} [Fri May 1 00:02:37 2026] GET /allocations/1bf554cd-e8c1-43d8-bbc7-362c7d89a079 => generated 258 bytes in 11 msecs (HTTP/1.1 200) 8 headers in 296 bytes (1 switches on core 0)
2026-05-01 00:02:37.518 8 INFO placement.requestlog [req-9b9d4a33-2f8d-4199-ab66-5ff007a4dc7b req-21633324-0e59-4b6e-ae8a-e7707aa9154c f77456ddbf954edc8cdd48bc6d9d2cfc d063bf954d3f4409b2c3a666192d60ef - - dfe1b944633a46b198d615ee8b61aee1 dfe1b944633a46b198d615ee8b61aee1] 199.19.213.238 "GET /allocations/a3e09d71-f32b-48aa-b6d3-2a94e3e4bbdb" status: 200 len: 258 microversion: 1.28 [pid: 8|app: 0|req: 574/1136] 199.19.213.238 () {34 vars in 863 bytes} [Fri May 1 00:02:37 2026] GET /allocations/a3e09d71-f32b-48aa-b6d3-2a94e3e4bbdb => generated 258 bytes in 13 msecs (HTTP/1.1 200) 8 headers in 296 bytes (1 switches on core 0)
2026-05-01 00:02:37.540 7 INFO placement.requestlog [req-9b9d4a33-2f8d-4199-ab66-5ff007a4dc7b req-18330ab4-f582-4e54-9d74-11f89b871838 f77456ddbf954edc8cdd48bc6d9d2cfc d063bf954d3f4409b2c3a666192d60ef - - dfe1b944633a46b198d615ee8b61aee1 dfe1b944633a46b198d615ee8b61aee1] 199.19.213.238 "GET /allocations/5766a0b7-9142-4eaa-a352-aa68ea05fdc8" status: 200 len: 245 microversion: 1.28 [pid: 7|app: 0|req: 563/1137] 199.19.213.238 () {34 vars in 863 bytes} [Fri May 1 00:02:37 2026] GET /allocations/5766a0b7-9142-4eaa-a352-aa68ea05fdc8 => generated 245 bytes in 14 msecs (HTTP/1.1 200) 8 headers in 296 bytes (1 switches on core 0)
2026-05-01 00:02:38.585 8 INFO placement.requestlog [req-9b9d4a33-2f8d-4199-ab66-5ff007a4dc7b req-08f1ed5d-c420-42ca-9141-57a4ec58b442 f77456ddbf954edc8cdd48bc6d9d2cfc d063bf954d3f4409b2c3a666192d60ef - - dfe1b944633a46b198d615ee8b61aee1 dfe1b944633a46b198d615ee8b61aee1] 199.19.213.238 "DELETE /allocations/092b32eb-6d3d-4c5e-947d-d1a3531329ff" status: 204 len: 0 microversion: 1.0 [pid: 8|app: 0|req: 575/1138] 199.19.213.238 () {34 vars in 841 bytes} [Fri May 1 00:02:38 2026] DELETE /allocations/092b32eb-6d3d-4c5e-947d-d1a3531329ff => generated 0 bytes in 25 msecs (HTTP/1.1 204) 5 headers in 198 bytes (1 switches on core 0)
2026-05-01 00:02:44.388 7 INFO placement.requestlog [req-b7550944-ab59-411b-9d83-356863dbec84 req-00ac1487-6c1f-4b6f-b9b2-4f4acf469dc9 f77456ddbf954edc8cdd48bc6d9d2cfc d063bf954d3f4409b2c3a666192d60ef - - dfe1b944633a46b198d615ee8b61aee1 dfe1b944633a46b198d615ee8b61aee1] 199.19.213.238 "GET /resource_providers/4bada213-ab1e-4085-870b-40819d87809d/allocations" status: 200 len: 440 microversion: 1.0 [pid: 7|app: 0|req: 564/1139] 199.19.213.238 () {32 vars in 857 bytes} [Fri May 1 00:02:44 2026] GET /resource_providers/4bada213-ab1e-4085-870b-40819d87809d/allocations => generated 440 bytes in 22 msecs (HTTP/1.1 200) 6 headers in 224 bytes (1 switches on core 0)
2026-05-01 00:02:44.412 8 INFO placement.requestlog [req-b7550944-ab59-411b-9d83-356863dbec84 req-e73cc0ee-44a9-4629-bf58-bbb0dbaf1358 f77456ddbf954edc8cdd48bc6d9d2cfc d063bf954d3f4409b2c3a666192d60ef - - dfe1b944633a46b198d615ee8b61aee1 dfe1b944633a46b198d615ee8b61aee1] 199.19.213.238 "GET /allocations/1bf554cd-e8c1-43d8-bbc7-362c7d89a079" status: 200 len: 258 microversion: 1.28 [pid: 8|app: 0|req: 576/1140] 199.19.213.238 () {34 vars in 863 bytes} [Fri May 1 00:02:44 2026] GET /allocations/1bf554cd-e8c1-43d8-bbc7-362c7d89a079 => generated 258 bytes in 17 msecs (HTTP/1.1 200) 8 headers in 296 bytes (1 switches on core 0)
2026-05-01 00:02:44.432 7 INFO placement.requestlog [req-b7550944-ab59-411b-9d83-356863dbec84 req-6da1a023-d251-4812-b460-6840a9e3776f f77456ddbf954edc8cdd48bc6d9d2cfc d063bf954d3f4409b2c3a666192d60ef - - dfe1b944633a46b198d615ee8b61aee1 dfe1b944633a46b198d615ee8b61aee1] 199.19.213.238 "GET /allocations/7cd5e8e7-d354-4f1b-befe-8bfb3672e57b" status: 200 len: 258 microversion: 1.28 [pid: 7|app: 0|req: 565/1141] 199.19.213.238 () {34 vars in 863 bytes} [Fri May 1 00:02:44 2026] GET /allocations/7cd5e8e7-d354-4f1b-befe-8bfb3672e57b => generated 258 bytes in 14 msecs (HTTP/1.1 200) 8 headers in 296 bytes (1 switches on core 0)
2026-05-01 00:02:44.461 8 INFO placement.requestlog [req-b7550944-ab59-411b-9d83-356863dbec84 req-f3e09979-5b4d-4ff7-b0cf-8bca1e8b6a71 f77456ddbf954edc8cdd48bc6d9d2cfc d063bf954d3f4409b2c3a666192d60ef - - dfe1b944633a46b198d615ee8b61aee1 dfe1b944633a46b198d615ee8b61aee1] 199.19.213.238 "GET /allocations/a3e09d71-f32b-48aa-b6d3-2a94e3e4bbdb" status: 200 len: 258 microversion: 1.28 [pid: 8|app: 0|req: 577/1142] 199.19.213.238 () {34 vars in 863 bytes} [Fri May 1 00:02:44 2026] GET /allocations/a3e09d71-f32b-48aa-b6d3-2a94e3e4bbdb => generated 258 bytes in 13 msecs (HTTP/1.1 200) 8 headers in 296 bytes (1 switches on core 0)
2026-05-01 00:02:44.483 7 INFO placement.requestlog [req-b7550944-ab59-411b-9d83-356863dbec84 req-1d181d25-6f45-4563-b09e-02d47681d723 f77456ddbf954edc8cdd48bc6d9d2cfc d063bf954d3f4409b2c3a666192d60ef - - dfe1b944633a46b198d615ee8b61aee1 dfe1b944633a46b198d615ee8b61aee1] 199.19.213.238 "GET /allocations/5766a0b7-9142-4eaa-a352-aa68ea05fdc8" status: 200 len: 245 microversion: 1.28 [pid: 7|app: 0|req: 566/1143] 199.19.213.238 () {34 vars in 863 bytes} [Fri May 1 00:02:44 2026] GET /allocations/5766a0b7-9142-4eaa-a352-aa68ea05fdc8 => generated 245 bytes in 15 msecs (HTTP/1.1 200) 8 headers in 296 bytes (1 switches on core 0)
2026-05-01 00:02:45.537 8 INFO placement.requestlog [req-b7550944-ab59-411b-9d83-356863dbec84 req-660e86bc-b73f-4639-8fa9-a184a0489263 f77456ddbf954edc8cdd48bc6d9d2cfc d063bf954d3f4409b2c3a666192d60ef - - dfe1b944633a46b198d615ee8b61aee1 dfe1b944633a46b198d615ee8b61aee1] 199.19.213.238 "DELETE /allocations/1bf554cd-e8c1-43d8-bbc7-362c7d89a079" status: 204 len: 0 microversion: 1.0 [pid: 8|app: 0|req: 578/1144] 199.19.213.238 () {34 vars in 841 bytes} [Fri May 1 00:02:45 2026] DELETE /allocations/1bf554cd-e8c1-43d8-bbc7-362c7d89a079 => generated 0 bytes in 26 msecs (HTTP/1.1 204) 5 headers in 198 bytes (1 switches on core 0)
2026-05-01 00:02:46.585 7 INFO placement.requestlog [None req-21f64111-3d5c-4bc2-9799-1fa3831925f2 - - - - - -] 10.0.0.101 "GET /" status: 200 len: 136 microversion: 1.0
2026-05-01 00:02:46.586 8 INFO placement.requestlog [None req-3110d019-863b-47a9-8d1b-28e90e9e06d0 - - - - - -] 10.0.0.101 "GET /" status: 200 len: 136 microversion: 1.0
2026-05-01 00:02:49.309 7 INFO placement.requestlog [None req-bd083c95-032b-4aee-b85b-ce420bd0bfcf 705edd7bbd85427b87059a01640fac4e d063bf954d3f4409b2c3a666192d60ef - - dfe1b944633a46b198d615ee8b61aee1 dfe1b944633a46b198d615ee8b61aee1] 10.0.0.13 "GET /resource_providers/f52c5e2d-2f2d-4a3d-906e-23b5aaf2413a/aggregates" status: 404 len: 235 microversion: 1.1 [pid: 7|app: 0|req: 568/1147] 10.0.0.13 () {32 vars in 815 bytes} [Fri May 1 00:02:49 2026] GET /resource_providers/f52c5e2d-2f2d-4a3d-906e-23b5aaf2413a/aggregates => generated 235 bytes in 54 msecs (HTTP/1.1 404) 5 headers in 202 bytes (1 switches on core 0)
2026-05-01 00:02:49.314 8 INFO placement.requestlog [None req-c41e1a7c-0a2e-40a1-92ab-9b777cc32963 705edd7bbd85427b87059a01640fac4e d063bf954d3f4409b2c3a666192d60ef - - dfe1b944633a46b198d615ee8b61aee1 dfe1b944633a46b198d615ee8b61aee1] 10.0.0.13 "GET /resource_providers/f52c5e2d-2f2d-4a3d-906e-23b5aaf2413a/aggregates" status: 404 len: 235 microversion: 1.1 [pid: 8|app: 0|req: 580/1148] 10.0.0.13 () {32 vars in 815 bytes} [Fri May 1 00:02:49 2026] GET /resource_providers/f52c5e2d-2f2d-4a3d-906e-23b5aaf2413a/aggregates => generated 235 bytes in 58 msecs (HTTP/1.1 404) 5 headers in 202 bytes (1 switches on core 0)
2026-05-01 00:02:49.329 7 INFO placement.requestlog [None req-1b01cfab-6a30-4dd5-a04d-63a750be7125 705edd7bbd85427b87059a01640fac4e d063bf954d3f4409b2c3a666192d60ef - - dfe1b944633a46b198d615ee8b61aee1 dfe1b944633a46b198d615ee8b61aee1] 10.0.0.13 "DELETE /resource_providers/f52c5e2d-2f2d-4a3d-906e-23b5aaf2413a" status: 404 len: 246 microversion: 1.1 [pid: 7|app: 0|req: 569/1149] 10.0.0.13 () {34 vars in 815 bytes} [Fri May 1 00:02:49 2026] DELETE /resource_providers/f52c5e2d-2f2d-4a3d-906e-23b5aaf2413a => generated 246 bytes in 9 msecs (HTTP/1.1 404) 6 headers in 231 bytes (1 switches on core 0)
2026-05-01 00:02:49.335 8 INFO placement.requestlog [None req-7af7df85-dea5-4759-b6a5-3c4e3e3ab333 705edd7bbd85427b87059a01640fac4e d063bf954d3f4409b2c3a666192d60ef - - dfe1b944633a46b198d615ee8b61aee1 dfe1b944633a46b198d615ee8b61aee1] 10.0.0.13 "DELETE /resource_providers/f52c5e2d-2f2d-4a3d-906e-23b5aaf2413a" status: 404 len: 246 microversion: 1.1 [pid: 8|app: 0|req: 581/1150] 10.0.0.13 () {34 vars in 815 bytes} [Fri May 1 00:02:49 2026] DELETE /resource_providers/f52c5e2d-2f2d-4a3d-906e-23b5aaf2413a => generated 246 bytes in 14 msecs (HTTP/1.1 404) 6 headers in 231 bytes (1 switches on core 0)
2026-05-01 00:02:49.695 7 INFO placement.requestlog [None req-95485a23-10bf-4f06-a723-981a1a451fe1 705edd7bbd85427b87059a01640fac4e d063bf954d3f4409b2c3a666192d60ef - - dfe1b944633a46b198d615ee8b61aee1 dfe1b944633a46b198d615ee8b61aee1] 10.0.0.13 "GET /resource_providers/9ff4c0d6-eb95-4a34-bbff-bb0fc8a08383/aggregates" status: 404 len: 235 microversion: 1.1 [pid: 7|app: 0|req: 570/1151] 10.0.0.13 () {32 vars in 815 bytes} [Fri May 1 00:02:49 2026] GET /resource_providers/9ff4c0d6-eb95-4a34-bbff-bb0fc8a08383/aggregates => generated 235 bytes in 45 msecs (HTTP/1.1 404) 5 headers in 202 bytes (1 switches on core 0)
2026-05-01 00:02:49.704 8 INFO placement.requestlog [None req-09a7ba2e-2cca-4bb7-a0d7-e19de5976160 705edd7bbd85427b87059a01640fac4e d063bf954d3f4409b2c3a666192d60ef - - dfe1b944633a46b198d615ee8b61aee1 dfe1b944633a46b198d615ee8b61aee1] 10.0.0.13 "GET /resource_providers/9ff4c0d6-eb95-4a34-bbff-bb0fc8a08383/aggregates" status: 404 len: 235 microversion: 1.1 [pid: 8|app: 0|req: 582/1152] 10.0.0.13 () {32 vars in 815 bytes} [Fri May 1 00:02:49 2026] GET /resource_providers/9ff4c0d6-eb95-4a34-bbff-bb0fc8a08383/aggregates => generated 235 bytes in 55 msecs (HTTP/1.1 404) 5 headers in 202 bytes (1 switches on core 0)
2026-05-01 00:02:49.714 7 INFO placement.requestlog [None req-c18f84e4-c6c0-4e7b-a3d2-11216eb5f47d 705edd7bbd85427b87059a01640fac4e d063bf954d3f4409b2c3a666192d60ef - - dfe1b944633a46b198d615ee8b61aee1 dfe1b944633a46b198d615ee8b61aee1] 10.0.0.13 "DELETE /resource_providers/9ff4c0d6-eb95-4a34-bbff-bb0fc8a08383" status: 404 len: 246 microversion: 1.1 [pid: 7|app: 0|req: 571/1153] 10.0.0.13 () {34 vars in 815 bytes} [Fri May 1 00:02:49 2026] DELETE /resource_providers/9ff4c0d6-eb95-4a34-bbff-bb0fc8a08383 => generated 246 bytes in 7 msecs (HTTP/1.1 404) 6 headers in 231 bytes (1 switches on core 0)
2026-05-01 00:02:49.720 8 INFO placement.requestlog [None req-9b286586-153a-4abf-bdfa-f40115116d6a 705edd7bbd85427b87059a01640fac4e d063bf954d3f4409b2c3a666192d60ef - - dfe1b944633a46b198d615ee8b61aee1 dfe1b944633a46b198d615ee8b61aee1] 10.0.0.13 "DELETE /resource_providers/9ff4c0d6-eb95-4a34-bbff-bb0fc8a08383" status: 404 len: 246 microversion: 1.1 [pid: 8|app: 0|req: 583/1154] 10.0.0.13 () {34 vars in 815 bytes} [Fri May 1 00:02:49 2026] DELETE /resource_providers/9ff4c0d6-eb95-4a34-bbff-bb0fc8a08383 => generated 246 bytes in 7 msecs (HTTP/1.1 404) 6 headers in 231 bytes (1 switches on core 0)
2026-05-01 00:02:56.587 7 INFO placement.requestlog [None req-83f5a577-caa7-493e-bec2-43a904fe388b - - - - - -] 10.0.0.101 "GET /" status: 200 len: 136 microversion: 1.0
2026-05-01 00:02:56.588 8 INFO placement.requestlog [None req-f65dc3c4-6b8b-4382-a81e-377e349d14c4 - - - - - -] 10.0.0.101 "GET /" status: 200 len: 136 microversion: 1.0
2026-05-01 00:03:03.973 7 INFO placement.requestlog [req-c358b818-0801-43fa-8b58-4b61d10205ad req-86951ba2-57e4-4bd7-b911-fd8c9e77334b f77456ddbf954edc8cdd48bc6d9d2cfc d063bf954d3f4409b2c3a666192d60ef - - dfe1b944633a46b198d615ee8b61aee1 dfe1b944633a46b198d615ee8b61aee1] 199.19.213.238 "GET /resource_providers/4bada213-ab1e-4085-870b-40819d87809d/allocations" status: 200 len: 340 microversion: 1.0 [pid: 7|app: 0|req: 573/1157] 199.19.213.238 () {32 vars in 857 bytes} [Fri May 1 00:03:03 2026] GET /resource_providers/4bada213-ab1e-4085-870b-40819d87809d/allocations => generated 340 bytes in 16 msecs (HTTP/1.1 200) 6 headers in 224 bytes (1 switches on core 0)
2026-05-01 00:03:04.000 8 INFO placement.requestlog [req-c358b818-0801-43fa-8b58-4b61d10205ad req-5dc50f22-ae9e-4be9-8e64-8df1fe5cef72 f77456ddbf954edc8cdd48bc6d9d2cfc d063bf954d3f4409b2c3a666192d60ef - - dfe1b944633a46b198d615ee8b61aee1 dfe1b944633a46b198d615ee8b61aee1] 199.19.213.238 "GET /resource_providers/4bada213-ab1e-4085-870b-40819d87809d/allocations" status: 200 len: 340 microversion: 1.0 [pid: 8|app: 0|req: 585/1158] 199.19.213.238 () {32 vars in 857 bytes} [Fri May 1 00:03:03 2026] GET /resource_providers/4bada213-ab1e-4085-870b-40819d87809d/allocations => generated 340 bytes in 20 msecs (HTTP/1.1 200) 6 headers in 224 bytes (1 switches on core 0)
2026-05-01 00:03:04.018 7 INFO placement.requestlog [req-c358b818-0801-43fa-8b58-4b61d10205ad req-da1dbad8-3274-43d1-80d3-1b1d2a967ff8 f77456ddbf954edc8cdd48bc6d9d2cfc d063bf954d3f4409b2c3a666192d60ef - - dfe1b944633a46b198d615ee8b61aee1 dfe1b944633a46b198d615ee8b61aee1] 199.19.213.238 "GET /allocations/7cd5e8e7-d354-4f1b-befe-8bfb3672e57b" status: 200 len: 258 microversion: 1.28 [pid: 7|app: 0|req: 574/1159] 199.19.213.238 () {34 vars in 863 bytes} [Fri May 1 00:03:04 2026] GET /allocations/7cd5e8e7-d354-4f1b-befe-8bfb3672e57b => generated 258 bytes in 10 msecs (HTTP/1.1 200) 8 headers in 296 bytes (1 switches on core 0)
2026-05-01 00:03:04.037 8 INFO placement.requestlog [req-c358b818-0801-43fa-8b58-4b61d10205ad req-efd74f51-2819-4835-8325-bff98808bb1b f77456ddbf954edc8cdd48bc6d9d2cfc d063bf954d3f4409b2c3a666192d60ef - - dfe1b944633a46b198d615ee8b61aee1 dfe1b944633a46b198d615ee8b61aee1] 199.19.213.238 "GET /allocations/a3e09d71-f32b-48aa-b6d3-2a94e3e4bbdb" status: 200 len: 258 microversion: 1.28 [pid: 8|app: 0|req: 586/1160] 199.19.213.238 () {34 vars in 863 bytes} [Fri May 1 00:03:04 2026] GET /allocations/a3e09d71-f32b-48aa-b6d3-2a94e3e4bbdb => generated 258 bytes in 11 msecs (HTTP/1.1 200) 8 headers in 296 bytes (1 switches on core 0)
2026-05-01 00:03:04.055 7 INFO placement.requestlog [req-c358b818-0801-43fa-8b58-4b61d10205ad req-4d80888c-9792-4ffe-ab55-1f6da51cd824 f77456ddbf954edc8cdd48bc6d9d2cfc d063bf954d3f4409b2c3a666192d60ef - - dfe1b944633a46b198d615ee8b61aee1 dfe1b944633a46b198d615ee8b61aee1] 199.19.213.238 "GET /allocations/5766a0b7-9142-4eaa-a352-aa68ea05fdc8" status: 200 len: 245 microversion: 1.28 [pid: 7|app: 0|req: 575/1161] 199.19.213.238 () {34 vars in 863 bytes} [Fri May 1 00:03:04 2026] GET /allocations/5766a0b7-9142-4eaa-a352-aa68ea05fdc8 => generated 245 bytes in 12 msecs (HTTP/1.1 200) 8 headers in 296 bytes (1 switches on core 0)
2026-05-01 00:03:06.586 8 INFO placement.requestlog [None req-d0a8027f-935a-42a8-9772-544ca7e15474 - - - - - -] 10.0.0.101 "GET /" status: 200 len: 136 microversion: 1.0
2026-05-01 00:03:06.586 7 INFO placement.requestlog [None req-fd41f2a6-f810-436b-a477-ca7527868e37 - - - - - -] 10.0.0.101 "GET /" status: 200 len: 136 microversion: 1.0
2026-05-01 00:03:08.596 8 INFO placement.requestlog [None req-5a8342a6-2e42-4a1f-b5bf-f21c6f33ec1f 705edd7bbd85427b87059a01640fac4e d063bf954d3f4409b2c3a666192d60ef - - dfe1b944633a46b198d615ee8b61aee1 dfe1b944633a46b198d615ee8b61aee1] 10.0.0.13 "GET /resource_providers/28d87c06-cdbb-4f04-88f5-28ac74458137/aggregates" status: 404 len: 235 microversion: 1.1 [pid: 8|app: 0|req: 588/1164] 10.0.0.13 () {32 vars in 815 bytes} [Fri May 1 00:03:08 2026] GET /resource_providers/28d87c06-cdbb-4f04-88f5-28ac74458137/aggregates => generated 235 bytes in 14 msecs (HTTP/1.1 404) 5 headers in 202 bytes (1 switches on core 0)
2026-05-01 00:03:08.599 7 INFO placement.requestlog [None req-8fb3aafa-9228-48b2-bdec-c9bfc7cb1007 705edd7bbd85427b87059a01640fac4e d063bf954d3f4409b2c3a666192d60ef - - dfe1b944633a46b198d615ee8b61aee1 dfe1b944633a46b198d615ee8b61aee1] 10.0.0.13 "GET /resource_providers/28d87c06-cdbb-4f04-88f5-28ac74458137/aggregates" status: 404 len: 235 microversion: 1.1 [pid: 7|app: 0|req: 577/1165] 10.0.0.13 () {32 vars in 815 bytes} [Fri May 1 00:03:08 2026] GET /resource_providers/28d87c06-cdbb-4f04-88f5-28ac74458137/aggregates => generated 235 bytes in 10 msecs (HTTP/1.1 404) 5 headers in 202 bytes (1 switches on core 0)
2026-05-01 00:03:08.617 8 INFO placement.requestlog [None req-b6aceee8-0d87-4b19-8c5f-4b1335515cc2 705edd7bbd85427b87059a01640fac4e d063bf954d3f4409b2c3a666192d60ef - - dfe1b944633a46b198d615ee8b61aee1 dfe1b944633a46b198d615ee8b61aee1] 10.0.0.13 "DELETE /resource_providers/28d87c06-cdbb-4f04-88f5-28ac74458137" status: 404 len: 246 microversion: 1.1 [pid: 8|app: 0|req: 589/1166] 10.0.0.13 () {34 vars in 815 bytes} [Fri May 1 00:03:08 2026] DELETE /resource_providers/28d87c06-cdbb-4f04-88f5-28ac74458137 => generated 246 bytes in 8 msecs (HTTP/1.1 404) 6 headers in 231 bytes (1 switches on core 0)
2026-05-01 00:03:08.624 7 INFO placement.requestlog [None req-3bd106ae-b2e5-43b8-b5be-8f56ed4ede69 705edd7bbd85427b87059a01640fac4e d063bf954d3f4409b2c3a666192d60ef - - dfe1b944633a46b198d615ee8b61aee1 dfe1b944633a46b198d615ee8b61aee1] 10.0.0.13 "DELETE /resource_providers/28d87c06-cdbb-4f04-88f5-28ac74458137" status: 404 len: 246 microversion: 1.1 [pid: 7|app: 0|req: 578/1167] 10.0.0.13 () {34 vars in 815 bytes} [Fri May 1 00:03:08 2026] DELETE /resource_providers/28d87c06-cdbb-4f04-88f5-28ac74458137 => generated 246 bytes in 11 msecs (HTTP/1.1 404) 6 headers in 231 bytes (1 switches on core 0)
2026-05-01 00:03:09.008 7 INFO placement.requestlog [None req-905aa51a-b37f-449b-88a2-020d7df3da9a 705edd7bbd85427b87059a01640fac4e d063bf954d3f4409b2c3a666192d60ef - - dfe1b944633a46b198d615ee8b61aee1 dfe1b944633a46b198d615ee8b61aee1] 10.0.0.13 "GET /resource_providers/62d4c6e5-8c86-43f1-878a-4303ee9ecaef/aggregates" status: 404 len: 235 microversion: 1.1 [pid: 7|app: 0|req: 579/1168] 10.0.0.13 () {32 vars in 815 bytes} [Fri May 1 00:03:08 2026] GET /resource_providers/62d4c6e5-8c86-43f1-878a-4303ee9ecaef/aggregates => generated 235 bytes in 11 msecs (HTTP/1.1 404) 5 headers in 202 bytes (1 switches on core 0)
2026-05-01 00:03:09.009 8 INFO placement.requestlog [None req-3c3485b8-748f-439c-8a97-9bf446e3b367 705edd7bbd85427b87059a01640fac4e d063bf954d3f4409b2c3a666192d60ef - - dfe1b944633a46b198d615ee8b61aee1 dfe1b944633a46b198d615ee8b61aee1] 10.0.0.13 "GET /resource_providers/62d4c6e5-8c86-43f1-878a-4303ee9ecaef/aggregates" status: 404 len: 235 microversion: 1.1 [pid: 8|app: 0|req: 590/1169] 10.0.0.13 () {32 vars in 815 bytes} [Fri May 1 00:03:08 2026] GET /resource_providers/62d4c6e5-8c86-43f1-878a-4303ee9ecaef/aggregates => generated 235 bytes in 17 msecs (HTTP/1.1 404) 5 headers in 202 bytes (1 switches on core 0)
2026-05-01 00:03:09.029 7 INFO placement.requestlog [None req-5007ee47-f662-49cd-b0b0-fef32f6e973c 705edd7bbd85427b87059a01640fac4e d063bf954d3f4409b2c3a666192d60ef - - dfe1b944633a46b198d615ee8b61aee1 dfe1b944633a46b198d615ee8b61aee1] 10.0.0.13 "DELETE /resource_providers/62d4c6e5-8c86-43f1-878a-4303ee9ecaef" status: 404 len: 246 microversion: 1.1 [pid: 7|app: 0|req: 580/1170] 10.0.0.13 () {34 vars in 815 bytes} [Fri May 1 00:03:09 2026] DELETE /resource_providers/62d4c6e5-8c86-43f1-878a-4303ee9ecaef => generated 246 bytes in 9 msecs (HTTP/1.1 404) 6 headers in 231 bytes (1 switches on core 0)
2026-05-01 00:03:09.030 8 INFO placement.requestlog [None req-af3b497f-f215-472f-b45c-8f500fc6ba61 705edd7bbd85427b87059a01640fac4e d063bf954d3f4409b2c3a666192d60ef - - dfe1b944633a46b198d615ee8b61aee1 dfe1b944633a46b198d615ee8b61aee1] 10.0.0.13 "DELETE /resource_providers/62d4c6e5-8c86-43f1-878a-4303ee9ecaef" status: 404 len: 246 microversion: 1.1 [pid: 8|app: 0|req: 591/1171] 10.0.0.13 () {34 vars in 815 bytes} [Fri May 1 00:03:09 2026] DELETE /resource_providers/62d4c6e5-8c86-43f1-878a-4303ee9ecaef => generated 246 bytes in 9 msecs (HTTP/1.1 404) 6 headers in 231 bytes (1 switches on core 0)
2026-05-01 00:03:10.654 8 INFO placement.requestlog [None req-af4e6135-81e7-4bf8-aa75-382311f41795 705edd7bbd85427b87059a01640fac4e d063bf954d3f4409b2c3a666192d60ef - - dfe1b944633a46b198d615ee8b61aee1 dfe1b944633a46b198d615ee8b61aee1] 10.0.0.13 "GET /resource_providers/d221b3e0-0902-4907-a638-538d7a75a429/aggregates" status: 404 len: 235 microversion: 1.1 [pid: 8|app: 0|req: 592/1172] 10.0.0.13 () {32 vars in 815 bytes} [Fri May 1 00:03:10 2026] GET /resource_providers/d221b3e0-0902-4907-a638-538d7a75a429/aggregates => generated 235 bytes in 19 msecs (HTTP/1.1 404) 5 headers in 202 bytes (1 switches on core 0)
2026-05-01 00:03:10.656 7 INFO placement.requestlog [None req-dc9c0b22-6485-4d5e-979b-79128fce52d7 705edd7bbd85427b87059a01640fac4e d063bf954d3f4409b2c3a666192d60ef - - dfe1b944633a46b198d615ee8b61aee1 dfe1b944633a46b198d615ee8b61aee1] 10.0.0.13 "GET /resource_providers/d221b3e0-0902-4907-a638-538d7a75a429/aggregates" status: 404 len: 235 microversion: 1.1 [pid: 7|app: 0|req: 581/1173] 10.0.0.13 () {32 vars in 815 bytes} [Fri May 1 00:03:10 2026] GET /resource_providers/d221b3e0-0902-4907-a638-538d7a75a429/aggregates => generated 235 bytes in 29 msecs (HTTP/1.1 404) 5 headers in 202 bytes (1 switches on core 0)
2026-05-01 00:03:10.672 8 INFO placement.requestlog [None req-1393cb29-438a-4e5b-944a-447c1195ae68 705edd7bbd85427b87059a01640fac4e d063bf954d3f4409b2c3a666192d60ef - - dfe1b944633a46b198d615ee8b61aee1 dfe1b944633a46b198d615ee8b61aee1] 10.0.0.13 "DELETE /resource_providers/d221b3e0-0902-4907-a638-538d7a75a429" status: 404 len: 246 microversion: 1.1 [pid: 8|app: 0|req: 593/1174] 10.0.0.13 () {34 vars in 815 bytes} [Fri May 1 00:03:10 2026] DELETE /resource_providers/d221b3e0-0902-4907-a638-538d7a75a429 => generated 246 bytes in 6 msecs (HTTP/1.1 404) 6 headers in 231 bytes (1 switches on core 0)
2026-05-01 00:03:10.680 7 INFO placement.requestlog [None req-8afeb4fc-af72-4ecd-89ea-17185802900f 705edd7bbd85427b87059a01640fac4e d063bf954d3f4409b2c3a666192d60ef - - dfe1b944633a46b198d615ee8b61aee1 dfe1b944633a46b198d615ee8b61aee1] 10.0.0.13 "DELETE /resource_providers/d221b3e0-0902-4907-a638-538d7a75a429" status: 404 len: 246 microversion: 1.1 [pid: 7|app: 0|req: 582/1175] 10.0.0.13 () {34 vars in 815 bytes} [Fri May 1 00:03:10 2026] DELETE /resource_providers/d221b3e0-0902-4907-a638-538d7a75a429 => generated 246 bytes in 12 msecs (HTTP/1.1 404) 6 headers in 231 bytes (1 switches on core 0)
2026-05-01 00:03:10.688 8 INFO placement.requestlog [None req-d091fbaa-e518-47e0-b5cb-4958578cb060 705edd7bbd85427b87059a01640fac4e d063bf954d3f4409b2c3a666192d60ef - - dfe1b944633a46b198d615ee8b61aee1 dfe1b944633a46b198d615ee8b61aee1] 10.0.0.13 "GET /resource_providers/7f360faa-046f-4831-97a9-80c9b88315a2/aggregates" status: 404 len: 235 microversion: 1.1 [pid: 8|app: 0|req: 594/1176] 10.0.0.13 () {32 vars in 815 bytes} [Fri May 1 00:03:10 2026] GET /resource_providers/7f360faa-046f-4831-97a9-80c9b88315a2/aggregates => generated 235 bytes in 8 msecs (HTTP/1.1 404) 5 headers in 202 bytes (1 switches on core 0)
2026-05-01 00:03:10.693 7 INFO placement.requestlog [None req-960d8e22-77b6-4131-b0e2-51adc7de8bcf 705edd7bbd85427b87059a01640fac4e d063bf954d3f4409b2c3a666192d60ef - - dfe1b944633a46b198d615ee8b61aee1 dfe1b944633a46b198d615ee8b61aee1] 10.0.0.13 "GET /resource_providers/7f360faa-046f-4831-97a9-80c9b88315a2/aggregates" status: 404 len: 235 microversion: 1.1 [pid: 7|app: 0|req: 583/1177] 10.0.0.13 () {32 vars in 815 bytes} [Fri May 1 00:03:10 2026] GET /resource_providers/7f360faa-046f-4831-97a9-80c9b88315a2/aggregates => generated 235 bytes in 7 msecs (HTTP/1.1 404) 5 headers in 202 bytes (1 switches on core 0)
2026-05-01 00:03:10.707 7 INFO placement.requestlog [None req-cc286dc2-75d8-4f28-a295-13102bb0f00b 705edd7bbd85427b87059a01640fac4e d063bf954d3f4409b2c3a666192d60ef - - dfe1b944633a46b198d615ee8b61aee1 dfe1b944633a46b198d615ee8b61aee1] 10.0.0.13 "DELETE /resource_providers/7f360faa-046f-4831-97a9-80c9b88315a2" status: 404 len: 246 microversion: 1.1 [pid: 7|app: 0|req: 584/1178] 10.0.0.13 () {34 vars in 815 bytes} [Fri May 1 00:03:10 2026] DELETE /resource_providers/7f360faa-046f-4831-97a9-80c9b88315a2 => generated 246 bytes in 8 msecs (HTTP/1.1 404) 6 headers in 231 bytes (1 switches on core 0)
2026-05-01 00:03:10.721 8 INFO placement.requestlog [None req-35cf48d5-3a69-4714-8789-8f87e4ff2e19 705edd7bbd85427b87059a01640fac4e d063bf954d3f4409b2c3a666192d60ef - - dfe1b944633a46b198d615ee8b61aee1 dfe1b944633a46b198d615ee8b61aee1] 10.0.0.13 "DELETE /resource_providers/7f360faa-046f-4831-97a9-80c9b88315a2" status: 404 len: 246 microversion: 1.1 [pid: 8|app: 0|req: 595/1179] 10.0.0.13 () {34 vars in 815 bytes} [Fri May 1 00:03:10 2026] DELETE /resource_providers/7f360faa-046f-4831-97a9-80c9b88315a2 => generated 246 bytes in 24 msecs (HTTP/1.1 404) 6 headers in 231 bytes (1 switches on core 0)
2026-05-01 00:03:10.723 7 INFO placement.requestlog [None req-df05e9f9-5ce0-4333-bc11-4e89a0e7ebf0 705edd7bbd85427b87059a01640fac4e d063bf954d3f4409b2c3a666192d60ef - - dfe1b944633a46b198d615ee8b61aee1 dfe1b944633a46b198d615ee8b61aee1] 10.0.0.13 "GET /resource_providers/ae3efbc4-90dc-44e2-b856-718f10ea7460/aggregates" status: 404 len: 235 microversion: 1.1 [pid: 7|app: 0|req: 585/1180] 10.0.0.13 () {32 vars in 815 bytes} [Fri May 1 00:03:10 2026] GET /resource_providers/ae3efbc4-90dc-44e2-b856-718f10ea7460/aggregates => generated 235 bytes in 9 msecs (HTTP/1.1 404) 5 headers in 202 bytes (1 switches on core 0)
2026-05-01 00:03:10.740 8 INFO placement.requestlog [None req-3cc7edff-2ba6-4648-b8c5-888f5b60c9bc 705edd7bbd85427b87059a01640fac4e d063bf954d3f4409b2c3a666192d60ef - - dfe1b944633a46b198d615ee8b61aee1 dfe1b944633a46b198d615ee8b61aee1] 10.0.0.13 "DELETE /resource_providers/ae3efbc4-90dc-44e2-b856-718f10ea7460" status: 404 len: 246 microversion: 1.1 [pid: 8|app: 0|req: 596/1181] 10.0.0.13 () {34 vars in 815 bytes} [Fri May 1 00:03:10 2026] DELETE /resource_providers/ae3efbc4-90dc-44e2-b856-718f10ea7460 => generated 246 bytes in 8 msecs (HTTP/1.1 404) 6 headers in 231 bytes (1 switches on core 0)
2026-05-01 00:03:10.743 7 INFO placement.requestlog [None req-fcce45e2-df62-4ae1-86f1-52045f0911d7 705edd7bbd85427b87059a01640fac4e d063bf954d3f4409b2c3a666192d60ef - - dfe1b944633a46b198d615ee8b61aee1 dfe1b944633a46b198d615ee8b61aee1] 10.0.0.13 "GET /resource_providers/ae3efbc4-90dc-44e2-b856-718f10ea7460/aggregates" status: 404 len: 235 microversion: 1.1 [pid: 7|app: 0|req: 586/1182] 10.0.0.13 () {32 vars in 815 bytes} [Fri May 1 00:03:10 2026] GET /resource_providers/ae3efbc4-90dc-44e2-b856-718f10ea7460/aggregates => generated 235 bytes in 11 msecs (HTTP/1.1 404) 5 headers in 202 bytes (1 switches on core 0)
2026-05-01 00:03:10.768 8 INFO placement.requestlog [None req-ba3c6dd5-cc8c-4524-ba06-fd4c811519fb 705edd7bbd85427b87059a01640fac4e d063bf954d3f4409b2c3a666192d60ef - - dfe1b944633a46b198d615ee8b61aee1 dfe1b944633a46b198d615ee8b61aee1] 10.0.0.13 "DELETE /resource_providers/ae3efbc4-90dc-44e2-b856-718f10ea7460" status: 404 len: 246 microversion: 1.1 [pid: 8|app: 0|req: 597/1183] 10.0.0.13 () {34 vars in 815 bytes} [Fri May 1 00:03:10 2026] DELETE /resource_providers/ae3efbc4-90dc-44e2-b856-718f10ea7460 => generated 246 bytes in 12 msecs (HTTP/1.1 404) 6 headers in 231 bytes (1 switches on core 0)
2026-05-01 00:03:16.586 7 INFO placement.requestlog [None req-ce4417be-be42-4074-afcd-2a2ea84fc2ae - - - - - -] 10.0.0.101 "GET /" status: 200 len: 136 microversion: 1.0
2026-05-01 00:03:16.586 8 INFO placement.requestlog [None req-a8882725-fabc-44c3-93a1-13108d824464 - - - - - -] 10.0.0.101 "GET /" status: 200 len: 136 microversion: 1.0
2026-05-01 00:03:26.195 7 INFO placement.requestlog [None req-a1d25ab1-839b-4502-a8d0-a834a4725dd6 705edd7bbd85427b87059a01640fac4e d063bf954d3f4409b2c3a666192d60ef - - dfe1b944633a46b198d615ee8b61aee1 dfe1b944633a46b198d615ee8b61aee1] 10.0.0.13 "GET /resource_providers/a8abd546-c9e4-43a8-9a80-fccea8260cd5/aggregates" status: 404 len: 235 microversion: 1.1 [pid: 7|app: 0|req: 588/1186] 10.0.0.13 () {32 vars in 815 bytes} [Fri May 1 00:03:26 2026] GET /resource_providers/a8abd546-c9e4-43a8-9a80-fccea8260cd5/aggregates => generated 235 bytes in 13 msecs (HTTP/1.1 404) 5 headers in 202 bytes (1 switches on core 0)
2026-05-01 00:03:26.197 8 INFO placement.requestlog [None req-0282dd62-7472-4b01-ab66-bdaf4a0660b7 705edd7bbd85427b87059a01640fac4e d063bf954d3f4409b2c3a666192d60ef - - dfe1b944633a46b198d615ee8b61aee1 dfe1b944633a46b198d615ee8b61aee1] 10.0.0.13 "GET /resource_providers/a8abd546-c9e4-43a8-9a80-fccea8260cd5/aggregates" status: 404 len: 235 microversion: 1.1 [pid: 8|app: 0|req: 599/1187] 10.0.0.13 () {32 vars in 815 bytes} [Fri May 1 00:03:26 2026] GET /resource_providers/a8abd546-c9e4-43a8-9a80-fccea8260cd5/aggregates => generated 235 bytes in 13 msecs (HTTP/1.1 404) 5 headers in 202 bytes (1 switches on core 0)
2026-05-01 00:03:26.215 8 INFO placement.requestlog [None req-2a76cc74-8c2b-4832-ac05-d476ab75e227 705edd7bbd85427b87059a01640fac4e d063bf954d3f4409b2c3a666192d60ef - - dfe1b944633a46b198d615ee8b61aee1 dfe1b944633a46b198d615ee8b61aee1] 10.0.0.13 "DELETE /resource_providers/a8abd546-c9e4-43a8-9a80-fccea8260cd5" status: 404 len: 246 microversion: 1.1 [pid: 8|app: 0|req: 600/1188] 10.0.0.13 () {34 vars in 815 bytes} [Fri May 1 00:03:26 2026] DELETE /resource_providers/a8abd546-c9e4-43a8-9a80-fccea8260cd5 => generated 246 bytes in 5 msecs (HTTP/1.1 404) 6 headers in 231 bytes (1 switches on core 0)
2026-05-01 00:03:26.217 7 INFO placement.requestlog [None req-a7c685e0-8fff-4b4d-9766-e9419d2b8ecf 705edd7bbd85427b87059a01640fac4e d063bf954d3f4409b2c3a666192d60ef - - dfe1b944633a46b198d615ee8b61aee1 dfe1b944633a46b198d615ee8b61aee1] 10.0.0.13 "DELETE /resource_providers/a8abd546-c9e4-43a8-9a80-fccea8260cd5" status: 404 len: 246 microversion: 1.1 [pid: 7|app: 0|req: 589/1189] 10.0.0.13 () {34 vars in 815 bytes} [Fri May 1 00:03:26 2026] DELETE /resource_providers/a8abd546-c9e4-43a8-9a80-fccea8260cd5 => generated 246 bytes in 8 msecs (HTTP/1.1 404) 6 headers in 231 bytes (1 switches on core 0)
2026-05-01 00:03:26.586 8 INFO placement.requestlog [None req-fa894f26-6088-4ee0-ad4f-7e0e16ab03ed - - - - - -] 10.0.0.101 "GET /" status: 200 len: 136 microversion: 1.0
2026-05-01 00:03:26.586 7 INFO placement.requestlog [None req-c6dd89b6-33d5-4af7-8d8d-e604c2733702 - - - - - -] 10.0.0.101 "GET /" status: 200 len: 136 microversion: 1.0
2026-05-01 00:03:36.586 8 INFO placement.requestlog [None req-405b46d9-2469-4707-9c34-d4ea7d328393 - - - - - -] 10.0.0.101 "GET /" status: 200 len: 136 microversion: 1.0
2026-05-01 00:03:36.586 7 INFO placement.requestlog [None req-8f423d74-216a-4e94-b353-6fc93851f693 - - - - - -] 10.0.0.101 "GET /" status: 200 len: 136 microversion: 1.0
2026-05-01 00:03:46.585 7 INFO placement.requestlog [None req-5f4d9c03-df42-4d9d-8d14-ba7bd85d1a36 - - - - - -] 10.0.0.101 "GET /" status: 200 len: 136 microversion: 1.0
2026-05-01 00:03:46.585 8 INFO placement.requestlog [None req-019fb708-1e46-40d3-87e6-4b44c9c62585 - - - - - -] 10.0.0.101 "GET /" status: 200 len: 136 microversion: 1.0
2026-05-01 00:03:56.585 7 INFO placement.requestlog [None req-7546f0e2-fd61-47b7-8bc6-e18a66d63794 - - - - - -] 10.0.0.101 "GET /" status: 200 len: 136 microversion: 1.0
2026-05-01 00:03:56.585 8 INFO placement.requestlog [None req-e2c0554d-746e-4472-b60e-039fbea4c5d0 - - - - - -] 10.0.0.101 "GET /" status: 200 len: 136 microversion: 1.0
2026-05-01 00:04:04.484 7 INFO placement.requestlog [req-0a300438-1156-412e-9235-9ac2b6c39099 req-69dc2a3e-bbbf-4409-bb92-670b5fa4556f f77456ddbf954edc8cdd48bc6d9d2cfc d063bf954d3f4409b2c3a666192d60ef - - dfe1b944633a46b198d615ee8b61aee1 dfe1b944633a46b198d615ee8b61aee1] 199.19.213.238 "GET /resource_providers/4bada213-ab1e-4085-870b-40819d87809d/allocations" status: 200 len: 340 microversion: 1.0 [pid: 7|app: 0|req: 594/1198] 199.19.213.238 () {32 vars in 857 bytes} [Fri May 1 00:04:04 2026] GET /resource_providers/4bada213-ab1e-4085-870b-40819d87809d/allocations => generated 340 bytes in 16 msecs (HTTP/1.1 200) 6 headers in 224 bytes (1 switches on core 0)
2026-05-01 00:04:04.534 8 INFO placement.requestlog [req-0a300438-1156-412e-9235-9ac2b6c39099 req-ecbb9b62-22ea-41ca-b50c-2433a24c0a56 f77456ddbf954edc8cdd48bc6d9d2cfc d063bf954d3f4409b2c3a666192d60ef - - dfe1b944633a46b198d615ee8b61aee1 dfe1b944633a46b198d615ee8b61aee1] 199.19.213.238 "GET /resource_providers/4bada213-ab1e-4085-870b-40819d87809d/allocations" status: 200 len: 340 microversion: 1.0 [pid: 8|app: 0|req: 605/1199] 199.19.213.238 () {32 vars in 857 bytes} [Fri May 1 00:04:04 2026] GET /resource_providers/4bada213-ab1e-4085-870b-40819d87809d/allocations => generated 340 bytes in 16 msecs (HTTP/1.1 200) 6 headers in 224 bytes (1 switches on core 0)
2026-05-01 00:04:04.554 7 INFO placement.requestlog [req-0a300438-1156-412e-9235-9ac2b6c39099 req-b1467723-eda5-4aa0-88e2-45f739ed05c3 f77456ddbf954edc8cdd48bc6d9d2cfc d063bf954d3f4409b2c3a666192d60ef - - dfe1b944633a46b198d615ee8b61aee1 dfe1b944633a46b198d615ee8b61aee1] 199.19.213.238 "GET /allocations/7cd5e8e7-d354-4f1b-befe-8bfb3672e57b" status: 200 len: 258 microversion: 1.28 [pid: 7|app: 0|req: 595/1200] 199.19.213.238 () {34 vars in 863 bytes} [Fri May 1 00:04:04 2026] GET /allocations/7cd5e8e7-d354-4f1b-befe-8bfb3672e57b => generated 258 bytes in 15 msecs (HTTP/1.1 200) 8 headers in 296 bytes (1 switches on core 0)
2026-05-01 00:04:04.573 8 INFO placement.requestlog [req-0a300438-1156-412e-9235-9ac2b6c39099 req-8dd01290-ef3e-434a-9cfc-5727d492b99b f77456ddbf954edc8cdd48bc6d9d2cfc d063bf954d3f4409b2c3a666192d60ef - - dfe1b944633a46b198d615ee8b61aee1 dfe1b944633a46b198d615ee8b61aee1] 199.19.213.238 "GET /allocations/a3e09d71-f32b-48aa-b6d3-2a94e3e4bbdb" status: 200 len: 258 microversion: 1.28 [pid: 8|app: 0|req: 606/1201] 199.19.213.238 () {34 vars in 863 bytes} [Fri May 1 00:04:04 2026] GET /allocations/a3e09d71-f32b-48aa-b6d3-2a94e3e4bbdb => generated 258 bytes in 12 msecs (HTTP/1.1 200) 8 headers in 296 bytes (1 switches on core 0)
2026-05-01 00:04:04.593 7 INFO placement.requestlog [req-0a300438-1156-412e-9235-9ac2b6c39099 req-f5238425-020c-4a83-bd6e-eb577e6a9bcf f77456ddbf954edc8cdd48bc6d9d2cfc d063bf954d3f4409b2c3a666192d60ef - - dfe1b944633a46b198d615ee8b61aee1 dfe1b944633a46b198d615ee8b61aee1] 199.19.213.238 "GET /allocations/5766a0b7-9142-4eaa-a352-aa68ea05fdc8" status: 200 len: 245 microversion: 1.28 [pid: 7|app: 0|req: 596/1202] 199.19.213.238 () {34 vars in 863 bytes} [Fri May 1 00:04:04 2026] GET /allocations/5766a0b7-9142-4eaa-a352-aa68ea05fdc8 => generated 245 bytes in 14 msecs (HTTP/1.1 200) 8 headers in 296 bytes (1 switches on core 0)
2026-05-01 00:04:06.586 7 INFO placement.requestlog [None req-00af5456-aa90-4cee-96e2-dfb876c1f3fb - - - - - -] 10.0.0.101 "GET /" status: 200 len: 136 microversion: 1.0
2026-05-01 00:04:06.586 8 INFO placement.requestlog [None req-184ea676-8e80-46b3-a71a-acc0dd6c3126 - - - - - -] 10.0.0.101 "GET /" status: 200 len: 136 microversion: 1.0
2026-05-01 00:04:16.585 7 INFO placement.requestlog [None req-a37d7d08-405e-4ddb-a53d-8c366678b947 - - - - - -] 10.0.0.101 "GET /" status: 200 len: 136 microversion: 1.0
2026-05-01 00:04:16.585 8 INFO placement.requestlog [None req-f13966a0-6ee5-4f2f-ab19-dd3e0b914193 - - - - - -] 10.0.0.101 "GET /" status: 200 len: 136 microversion: 1.0
