May 09 09:08:40.428018 np0000173037 devstack@neutron-api.service[104061]: DEBUG neutron.api.extensions [None req-fc0d9816-be16-4c70-8426-956d2cee55c0 None None] Loading extension file: ip_allocation.py {{(pid=104061) _load_all_extensions_from_path /opt/stack/neutron/neutron/api/extensions.py:449}}
May 09 09:08:40.428305 np0000173037 devstack@neutron-api.service[104061]: DEBUG neutron.api.extensions [None req-fc0d9816-be16-4c70-8426-956d2cee55c0 None None] Ext name="IP Allocation" alias="ip_allocation" description="IP allocation extension." updated="2016-06-10T23:00:00-00:00" {{(pid=104061) _check_extension /opt/stack/neutron/neutron/api/extensions.py:415}}
May 09 09:08:40.428472 np0000173037 devstack@neutron-api.service[104061]: INFO neutron.api.extensions [None req-fc0d9816-be16-4c70-8426-956d2cee55c0 None None] Extension ip_allocation not supported by any of loaded plugins
May 09 09:08:40.428556 np0000173037 devstack@neutron-api.service[104061]: DEBUG neutron.api.extensions [None req-fc0d9816-be16-4c70-8426-956d2cee55c0 None None] Loading extension file: ip_substring_port_filtering.py {{(pid=104061) _load_all_extensions_from_path /opt/stack/neutron/neutron/api/extensions.py:449}}
May 09 09:08:40.428735 np0000173037 devstack@neutron-api.service[104061]: DEBUG neutron.api.extensions [None req-fc0d9816-be16-4c70-8426-956d2cee55c0 None None] Ext name="IP address substring filtering" alias="ip-substring-filtering" description="Provides IP address substring filtering when listing ports" updated="2017-11-28T09:00:00-00:00" {{(pid=104061) _check_extension /opt/stack/neutron/neutron/api/extensions.py:415}}
May 09 09:08:40.428920 np0000173037 devstack@neutron-api.service[104061]: INFO neutron.api.extensions [None req-fc0d9816-be16-4c70-8426-956d2cee55c0 None None] Extension ip-substring-filtering not supported by any of loaded plugins
May 09 09:08:40.429003 np0000173037 devstack@neutron-api.service[104061]: DEBUG neutron.api.extensions [None req-fc0d9816-be16-4c70-8426-956d2cee55c0 None None] Loading extension file: l2_adjacency.py {{(pid=104061) _load_all_extensions_from_path /opt/stack/neutron/neutron/api/extensions.py:449}}
May 09 09:08:40.429232 np0000173037 devstack@neutron-api.service[104061]: DEBUG neutron.api.extensions [None req-fc0d9816-be16-4c70-8426-956d2cee55c0 None None] Ext name="L2 Adjacency" alias="l2_adjacency" description="Display L2 Adjacency for Neutron Networks." updated="2016-04-12T16:00:00-00:00" {{(pid=104061) _check_extension /opt/stack/neutron/neutron/api/extensions.py:415}}
May 09 09:08:40.429412 np0000173037 devstack@neutron-api.service[104061]: INFO neutron.api.extensions [None req-fc0d9816-be16-4c70-8426-956d2cee55c0 None None] Extension l2_adjacency not supported by any of loaded plugins
May 09 09:08:40.429502 np0000173037 devstack@neutron-api.service[104061]: DEBUG neutron.api.extensions [None req-fc0d9816-be16-4c70-8426-956d2cee55c0 None None] Loading extension file: l3.py {{(pid=104061) _load_all_extensions_from_path /opt/stack/neutron/neutron/api/extensions.py:449}}
May 09 09:08:40.429561 np0000173037 devstack@neutron-api.service[104063]: DEBUG neutron.api.v2.resource_helper [None req-233c52a4-7b2c-4765-ab31-d41bfde50f4a None None] Service L3_ROUTER_NAT assigned prefix: {{(pid=104063) build_resource_info /opt/stack/neutron/neutron/api/v2/resource_helper.py:77}}
May 09 09:08:40.429932 np0000173037 devstack@neutron-api.service[104061]: DEBUG neutron.api.extensions [None req-fc0d9816-be16-4c70-8426-956d2cee55c0 None None] Ext name="Neutron L3 Router" alias="router" description="Router abstraction for basic L3 forwarding between L2 Neutron networks and access to external networks via a NAT gateway." updated="2012-07-20T10:00:00-00:00" {{(pid=104061) _check_extension /opt/stack/neutron/neutron/api/extensions.py:415}}
May 09 09:08:40.429982 np0000173037 devstack@neutron-api.service[104063]: DEBUG neutron.api.v2.resource_helper [None req-233c52a4-7b2c-4765-ab31-d41bfde50f4a None None] Service FLAVORS assigned prefix: {{(pid=104063) build_resource_info /opt/stack/neutron/neutron/api/v2/resource_helper.py:77}}
May 09 09:08:40.430110 np0000173037 devstack@neutron-api.service[104061]: INFO neutron.api.extensions [None req-fc0d9816-be16-4c70-8426-956d2cee55c0 None None] Loaded extension: router
May 09 09:08:40.430274 np0000173037 devstack@neutron-api.service[104061]: DEBUG neutron.api.extensions [None req-fc0d9816-be16-4c70-8426-956d2cee55c0 None None] Loading extension file: l3_conntrack_helper.py {{(pid=104061) _load_all_extensions_from_path /opt/stack/neutron/neutron/api/extensions.py:449}}
May 09 09:08:40.430779 np0000173037 devstack@neutron-api.service[104061]: DEBUG neutron.api.extensions [None req-fc0d9816-be16-4c70-8426-956d2cee55c0 None None] Ext name="L3 Conntrack helper" alias="l3-conntrack-helper" description="Allow adding CT target rules for conntrack helper" updated="2019-04-04T10:00:00-00:00" {{(pid=104061) _check_extension /opt/stack/neutron/neutron/api/extensions.py:415}}
May 09 09:08:40.430829 np0000173037 devstack@neutron-api.service[104063]: DEBUG neutron.api.v2.resource_helper [None req-233c52a4-7b2c-4765-ab31-d41bfde50f4a None None] Service L3_ROUTER_NAT assigned prefix: {{(pid=104063) build_resource_info /opt/stack/neutron/neutron/api/v2/resource_helper.py:77}}
May 09 09:08:40.430978 np0000173037 devstack@neutron-api.service[104061]: INFO neutron.api.extensions [None req-fc0d9816-be16-4c70-8426-956d2cee55c0 None None] Extension l3-conntrack-helper not supported by any of loaded plugins
May 09 09:08:40.431072 np0000173037 devstack@neutron-api.service[104061]: DEBUG neutron.api.extensions [None req-fc0d9816-be16-4c70-8426-956d2cee55c0 None None] Loading extension file: l3_enable_default_route_bfd.py {{(pid=104061) _load_all_extensions_from_path /opt/stack/neutron/neutron/api/extensions.py:449}}
May 09 09:08:40.431180 np0000173037 devstack@neutron-api.service[104063]: DEBUG neutron.api.v2.resource_helper [None req-233c52a4-7b2c-4765-ab31-d41bfde50f4a None None] Service L3_ROUTER_NAT assigned prefix: {{(pid=104063) build_resource_info /opt/stack/neutron/neutron/api/v2/resource_helper.py:77}}
May 09 09:08:40.431310 np0000173037 devstack@neutron-api.service[104063]: INFO neutron.quota.resource_registry [None req-233c52a4-7b2c-4765-ab31-d41bfde50f4a None None] Creating instance of TrackedResource for resource:router
May 09 09:08:40.431419 np0000173037 devstack@neutron-api.service[104061]: DEBUG neutron.api.extensions [None req-fc0d9816-be16-4c70-8426-956d2cee55c0 None None] Ext name="Enable Default Route BFD" alias="enable-default-route-bfd" description="Enables configurable BFD behavior for default routes" updated="2023-02-27T00:00:00-00:00" {{(pid=104061) _check_extension /opt/stack/neutron/neutron/api/extensions.py:415}}
May 09 09:08:40.431506 np0000173037 devstack@neutron-api.service[104063]: WARNING neutron.quota.resource_registry [None req-233c52a4-7b2c-4765-ab31-d41bfde50f4a None None] router is already registered
May 09 09:08:40.431595 np0000173037 devstack@neutron-api.service[104061]: INFO neutron.api.extensions [None req-fc0d9816-be16-4c70-8426-956d2cee55c0 None None] Loaded extension: enable-default-route-bfd
May 09 09:08:40.431595 np0000173037 devstack@neutron-api.service[104061]: DEBUG neutron.api.extensions [None req-fc0d9816-be16-4c70-8426-956d2cee55c0 None None] Loading extension file: l3_enable_default_route_ecmp.py {{(pid=104061) _load_all_extensions_from_path /opt/stack/neutron/neutron/api/extensions.py:449}}
May 09 09:08:40.431803 np0000173037 devstack@neutron-api.service[104061]: DEBUG neutron.api.extensions [None req-fc0d9816-be16-4c70-8426-956d2cee55c0 None None] Ext name="Enable Default Route ECMP" alias="enable-default-route-ecmp" description="Enables configurable ECMP behavior for default routes" updated="2023-02-27T00:00:00-00:00" {{(pid=104061) _check_extension /opt/stack/neutron/neutron/api/extensions.py:415}}
May 09 09:08:40.431878 np0000173037 devstack@neutron-api.service[104063]: INFO neutron.quota.resource_registry [None req-233c52a4-7b2c-4765-ab31-d41bfde50f4a None None] Creating instance of TrackedResource for resource:floatingip
May 09 09:08:40.432031 np0000173037 devstack@neutron-api.service[104061]: INFO neutron.api.extensions [None req-fc0d9816-be16-4c70-8426-956d2cee55c0 None None] Loaded extension: enable-default-route-ecmp
May 09 09:08:40.432130 np0000173037 devstack@neutron-api.service[104063]: WARNING neutron.quota.resource_registry [None req-233c52a4-7b2c-4765-ab31-d41bfde50f4a None None] floatingip is already registered
May 09 09:08:40.432216 np0000173037 devstack@neutron-api.service[104061]: DEBUG neutron.api.extensions [None req-fc0d9816-be16-4c70-8426-956d2cee55c0 None None] Loading extension file: l3_ext_gw_mode.py {{(pid=104061) _load_all_extensions_from_path /opt/stack/neutron/neutron/api/extensions.py:449}}
May 09 09:08:40.432362 np0000173037 devstack@neutron-api.service[104061]: DEBUG neutron.api.extensions [None req-fc0d9816-be16-4c70-8426-956d2cee55c0 None None] Ext name="Neutron L3 Configurable external gateway mode" alias="ext-gw-mode" description="Extension of the router abstraction for specifying whether SNAT should occur on the external gateway" updated="2013-03-28T10:00:00-00:00" {{(pid=104061) _check_extension /opt/stack/neutron/neutron/api/extensions.py:415}}
May 09 09:08:40.432447 np0000173037 devstack@neutron-api.service[104061]: INFO neutron.api.extensions [None req-fc0d9816-be16-4c70-8426-956d2cee55c0 None None] Loaded extension: ext-gw-mode
May 09 09:08:40.432544 np0000173037 devstack@neutron-api.service[104061]: DEBUG neutron.api.extensions [None req-fc0d9816-be16-4c70-8426-956d2cee55c0 None None] Loading extension file: l3_ext_ha_mode.py {{(pid=104061) _load_all_extensions_from_path /opt/stack/neutron/neutron/api/extensions.py:449}}
May 09 09:08:40.432769 np0000173037 devstack@neutron-api.service[104061]: DEBUG neutron.api.extensions [None req-fc0d9816-be16-4c70-8426-956d2cee55c0 None None] Ext name="HA Router extension" alias="l3-ha" description="Adds HA capability to routers." updated="2014-04-26T00:00:00-00:00" {{(pid=104061) _check_extension /opt/stack/neutron/neutron/api/extensions.py:415}}
May 09 09:08:40.432939 np0000173037 devstack@neutron-api.service[104063]: INFO neutron.quota.resource_registry [None req-233c52a4-7b2c-4765-ab31-d41bfde50f4a None None] Creating instance of CountableResource for resource:rbac_policy
May 09 09:08:40.433003 np0000173037 devstack@neutron-api.service[104061]: INFO neutron.api.extensions [None req-fc0d9816-be16-4c70-8426-956d2cee55c0 None None] Loaded extension: l3-ha
May 09 09:08:40.433038 np0000173037 devstack@neutron-api.service[104063]: WARNING neutron.quota.resource_registry [None req-233c52a4-7b2c-4765-ab31-d41bfde50f4a None None] rbac_policy is already registered
May 09 09:08:40.433072 np0000173037 devstack@neutron-api.service[104061]: DEBUG neutron.api.extensions [None req-fc0d9816-be16-4c70-8426-956d2cee55c0 None None] Loading extension file: l3_ext_ndp_proxy.py {{(pid=104061) _load_all_extensions_from_path /opt/stack/neutron/neutron/api/extensions.py:449}}
May 09 09:08:40.433272 np0000173037 devstack@neutron-api.service[104061]: DEBUG neutron.api.extensions [None req-fc0d9816-be16-4c70-8426-956d2cee55c0 None None] Ext name="Router support to enable NDP proxy" alias="l3-ext-ndp-proxy" description="Router extension to enable ndp proxy" updated="2020-08-25T00:00:00-00:00" {{(pid=104061) _check_extension /opt/stack/neutron/neutron/api/extensions.py:415}}
May 09 09:08:40.433676 np0000173037 devstack@neutron-api.service[104061]: INFO neutron.api.extensions [None req-fc0d9816-be16-4c70-8426-956d2cee55c0 None None] Extension l3-ext-ndp-proxy not supported by any of loaded plugins
May 09 09:08:40.433676 np0000173037 devstack@neutron-api.service[104061]: DEBUG neutron.api.extensions [None req-fc0d9816-be16-4c70-8426-956d2cee55c0 None None] Loading extension file: l3_extra_gws.py {{(pid=104061) _load_all_extensions_from_path /opt/stack/neutron/neutron/api/extensions.py:449}}
May 09 09:08:40.433750 np0000173037 devstack@neutron-api.service[104063]: INFO neutron.quota.resource_registry [None req-233c52a4-7b2c-4765-ab31-d41bfde50f4a None None] Creating instance of TrackedResource for resource:security_group
May 09 09:08:40.433750 np0000173037 devstack@neutron-api.service[104063]: WARNING neutron.quota.resource_registry [None req-233c52a4-7b2c-4765-ab31-d41bfde50f4a None None] security_group is already registered
May 09 09:08:40.433818 np0000173037 devstack@neutron-api.service[104061]: DEBUG neutron.api.extensions [None req-fc0d9816-be16-4c70-8426-956d2cee55c0 None None] Ext name="Neutron L3 External Gateway Multihoming" alias="external-gateway-multihoming" description="Allow multiple external gateway ports per router" updated="2023-01-18T00:00:00-00:00" {{(pid=104061) _check_extension /opt/stack/neutron/neutron/api/extensions.py:415}}
May 09 09:08:40.433893 np0000173037 devstack@neutron-api.service[104064]: INFO neutron.plugins.ml2.drivers.type_vlan [None req-af5b75e3-8b0c-4789-8287-4fdd3ded76fe None None] VlanTypeDriver initialization complete
May 09 09:08:40.434356 np0000173037 devstack@neutron-api.service[104061]: INFO neutron.api.extensions [None req-fc0d9816-be16-4c70-8426-956d2cee55c0 None None] Loaded extension: external-gateway-multihoming
May 09 09:08:40.434523 np0000173037 devstack@neutron-api.service[104064]: INFO neutron.plugins.ml2.managers [None req-af5b75e3-8b0c-4789-8287-4fdd3ded76fe None None] Initializing extension driver 'port_security'
May 09 09:08:40.434627 np0000173037 devstack@neutron-api.service[104061]: DEBUG neutron.api.extensions [None req-fc0d9816-be16-4c70-8426-956d2cee55c0 None None] Loading extension file: l3_flavors.py {{(pid=104061) _load_all_extensions_from_path /opt/stack/neutron/neutron/api/extensions.py:449}}
May 09 09:08:40.434716 np0000173037 devstack@neutron-api.service[104064]: INFO neutron.plugins.ml2.extensions.port_security [None req-af5b75e3-8b0c-4789-8287-4fdd3ded76fe None None] PortSecurityExtensionDriver initialization complete
May 09 09:08:40.434755 np0000173037 devstack@neutron-api.service[104063]: INFO neutron.quota.resource_registry [None req-233c52a4-7b2c-4765-ab31-d41bfde50f4a None None] Creating instance of TrackedResource for resource:security_group_rule
May 09 09:08:40.434793 np0000173037 devstack@neutron-api.service[104064]: INFO neutron.plugins.ml2.managers [None req-af5b75e3-8b0c-4789-8287-4fdd3ded76fe None None] Initializing extension driver 'qos'
May 09 09:08:40.434829 np0000173037 devstack@neutron-api.service[104063]: WARNING neutron.quota.resource_registry [None req-233c52a4-7b2c-4765-ab31-d41bfde50f4a None None] security_group_rule is already registered
May 09 09:08:40.434897 np0000173037 devstack@neutron-api.service[104064]: DEBUG neutron.plugins.ml2.extensions.qos [None req-af5b75e3-8b0c-4789-8287-4fdd3ded76fe None None] QosExtensionDriver initialization complete {{(pid=104064) initialize /opt/stack/neutron/neutron/plugins/ml2/extensions/qos.py:31}}
May 09 09:08:40.434897 np0000173037 devstack@neutron-api.service[104064]: INFO neutron.plugins.ml2.managers [None req-af5b75e3-8b0c-4789-8287-4fdd3ded76fe None None] Initializing mechanism driver 'ovn'
May 09 09:08:40.434897 np0000173037 devstack@neutron-api.service[104064]: INFO neutron.plugins.ml2.drivers.ovn.mech_driver.mech_driver [None req-af5b75e3-8b0c-4789-8287-4fdd3ded76fe None None] Starting OVNMechanismDriver
May 09 09:08:40.435013 np0000173037 devstack@neutron-api.service[104061]: DEBUG neutron.api.extensions [None req-fc0d9816-be16-4c70-8426-956d2cee55c0 None None] Ext name="Router Flavor Extension" alias="l3-flavors" description="Flavor support for routers." updated="2016-05-17T00:00:00-00:00" {{(pid=104061) _check_extension /opt/stack/neutron/neutron/api/extensions.py:415}}
May 09 09:08:40.435013 np0000173037 devstack@neutron-api.service[104061]: INFO neutron.api.extensions [None req-fc0d9816-be16-4c70-8426-956d2cee55c0 None None] Loaded extension: l3-flavors
May 09 09:08:40.435013 np0000173037 devstack@neutron-api.service[104061]: DEBUG neutron.api.extensions [None req-fc0d9816-be16-4c70-8426-956d2cee55c0 None None] Loading extension file: l3_ndp_proxy.py {{(pid=104061) _load_all_extensions_from_path /opt/stack/neutron/neutron/api/extensions.py:449}}
May 09 09:08:40.435109 np0000173037 devstack@neutron-api.service[104063]: DEBUG neutron.api.v2.resource_helper [None req-233c52a4-7b2c-4765-ab31-d41bfde50f4a None None] Service CORE assigned prefix: {{(pid=104063) build_resource_info /opt/stack/neutron/neutron/api/v2/resource_helper.py:77}}
May 09 09:08:40.435146 np0000173037 devstack@neutron-api.service[104061]: DEBUG neutron.api.extensions [None req-fc0d9816-be16-4c70-8426-956d2cee55c0 None None] Ext name="name" alias="l3-ndp-proxy" description="description" updated="2021-06-29T10:00:00-00:00" {{(pid=104061) _check_extension /opt/stack/neutron/neutron/api/extensions.py:415}}
May 09 09:08:40.435220 np0000173037 devstack@neutron-api.service[104063]: INFO neutron.quota.resource_registry [None req-233c52a4-7b2c-4765-ab31-d41bfde50f4a None None] Creating instance of TrackedResource for resource:subnetpool
May 09 09:08:40.435261 np0000173037 devstack@neutron-api.service[104061]: INFO neutron.api.extensions [None req-fc0d9816-be16-4c70-8426-956d2cee55c0 None None] Extension l3-ndp-proxy not supported by any of loaded plugins
May 09 09:08:40.435334 np0000173037 devstack@neutron-api.service[104061]: DEBUG neutron.api.extensions [None req-fc0d9816-be16-4c70-8426-956d2cee55c0 None None] Loading extension file: l3_port_ip_change_not_allowed.py {{(pid=104061) _load_all_extensions_from_path /opt/stack/neutron/neutron/api/extensions.py:449}}
May 09 09:08:40.435383 np0000173037 devstack@neutron-api.service[104063]: WARNING neutron.quota.resource_registry [None req-233c52a4-7b2c-4765-ab31-d41bfde50f4a None None] subnetpool is already registered
May 09 09:08:40.435567 np0000173037 devstack@neutron-api.service[104061]: DEBUG neutron.api.extensions [None req-fc0d9816-be16-4c70-8426-956d2cee55c0 None None] Ext name="Prevent L3 router ports IP address change extension" alias="l3-port-ip-change-not-allowed" description="Prevent change of IP address for some L3 router ports" updated="2018-10-09T10:00:00-00:00" {{(pid=104061) _check_extension /opt/stack/neutron/neutron/api/extensions.py:415}}
May 09 09:08:40.435736 np0000173037 devstack@neutron-api.service[104061]: INFO neutron.api.extensions [None req-fc0d9816-be16-4c70-8426-956d2cee55c0 None None] Extension l3-port-ip-change-not-allowed not supported by any of loaded plugins
May 09 09:08:40.435827 np0000173037 devstack@neutron-api.service[104061]: DEBUG neutron.api.extensions [None req-fc0d9816-be16-4c70-8426-956d2cee55c0 None None] Loading extension file: l3agentscheduler.py {{(pid=104061) _load_all_extensions_from_path /opt/stack/neutron/neutron/api/extensions.py:449}}
May 09 09:08:40.436408 np0000173037 devstack@neutron-api.service[104061]: DEBUG neutron.api.extensions [None req-fc0d9816-be16-4c70-8426-956d2cee55c0 None None] Ext name="L3 Agent Scheduler" alias="l3_agent_scheduler" description="Schedule routers among l3 agents" updated="2013-02-07T10:00:00-00:00" {{(pid=104061) _check_extension /opt/stack/neutron/neutron/api/extensions.py:415}}
May 09 09:08:40.436579 np0000173037 devstack@neutron-api.service[104061]: INFO neutron.api.extensions [None req-fc0d9816-be16-4c70-8426-956d2cee55c0 None None] Extension l3_agent_scheduler not supported by any of loaded plugins
May 09 09:08:40.436623 np0000173037 devstack@neutron-api.service[104064]: DEBUG neutron_lib.callbacks.manager [None req-af5b75e3-8b0c-4789-8287-4fdd3ded76fe None None] Subscribe: > process before_spawn 55550000, False {{(pid=104064) subscribe /opt/stack/data/venv/lib/python3.12/site-packages/neutron_lib/callbacks/manager.py:52}}
May 09 09:08:40.436665 np0000173037 devstack@neutron-api.service[104061]: DEBUG neutron.api.extensions [None req-fc0d9816-be16-4c70-8426-956d2cee55c0 None None] Loading extension file: local_ip.py {{(pid=104061) _load_all_extensions_from_path /opt/stack/neutron/neutron/api/extensions.py:449}}
May 09 09:08:40.436791 np0000173037 devstack@neutron-api.service[104064]: DEBUG neutron_lib.callbacks.manager [None req-af5b75e3-8b0c-4789-8287-4fdd3ded76fe None None] Subscribe: > process after_init 55550000, True {{(pid=104064) subscribe /opt/stack/data/venv/lib/python3.12/site-packages/neutron_lib/callbacks/manager.py:52}}
May 09 09:08:40.436926 np0000173037 devstack@neutron-api.service[104064]: DEBUG neutron_lib.callbacks.manager [None req-af5b75e3-8b0c-4789-8287-4fdd3ded76fe None None] Subscribe: > segment after_create 55550000, False {{(pid=104064) subscribe /opt/stack/data/venv/lib/python3.12/site-packages/neutron_lib/callbacks/manager.py:52}}
May 09 09:08:40.437037 np0000173037 devstack@neutron-api.service[104061]: DEBUG neutron.api.extensions [None req-fc0d9816-be16-4c70-8426-956d2cee55c0 None None] Ext name="Local IP" alias="local_ip" description="Support Node Local Virtual IP" updated="2021-07-26T10:00:00-00:00" {{(pid=104061) _check_extension /opt/stack/neutron/neutron/api/extensions.py:415}}
May 09 09:08:40.437071 np0000173037 devstack@neutron-api.service[104064]: DEBUG neutron_lib.callbacks.manager [None req-af5b75e3-8b0c-4789-8287-4fdd3ded76fe None None] Subscribe: > segment after_create 55550000, False {{(pid=104064) subscribe /opt/stack/data/venv/lib/python3.12/site-packages/neutron_lib/callbacks/manager.py:52}}
May 09 09:08:40.437132 np0000173037 devstack@neutron-api.service[104063]: DEBUG neutron.api.extensions [None req-233c52a4-7b2c-4765-ab31-d41bfde50f4a None None] Extended resource: extensions {{(pid=104063) __init__ /opt/stack/neutron/neutron/api/extensions.py:156}}
May 09 09:08:40.437162 np0000173037 devstack@neutron-api.service[104064]: DEBUG neutron_lib.callbacks.manager [None req-af5b75e3-8b0c-4789-8287-4fdd3ded76fe None None] Subscribe: > segment after_delete 55550000, False {{(pid=104064) subscribe /opt/stack/data/venv/lib/python3.12/site-packages/neutron_lib/callbacks/manager.py:52}}
May 09 09:08:40.437205 np0000173037 devstack@neutron-api.service[104061]: INFO neutron.api.extensions [None req-fc0d9816-be16-4c70-8426-956d2cee55c0 None None] Extension local_ip not supported by any of loaded plugins
May 09 09:08:40.437252 np0000173037 devstack@neutron-api.service[104064]: DEBUG neutron_lib.callbacks.manager [None req-af5b75e3-8b0c-4789-8287-4fdd3ded76fe None None] Subscribe: > allowed_address_pair before_create 55550000, False {{(pid=104064) subscribe /opt/stack/data/venv/lib/python3.12/site-packages/neutron_lib/callbacks/manager.py:52}}
May 09 09:08:40.437293 np0000173037 devstack@neutron-api.service[104061]: DEBUG neutron.api.extensions [None req-fc0d9816-be16-4c70-8426-956d2cee55c0 None None] Loading extension file: logging.py {{(pid=104061) _load_all_extensions_from_path /opt/stack/neutron/neutron/api/extensions.py:449}}
May 09 09:08:40.437391 np0000173037 devstack@neutron-api.service[104064]: DEBUG neutron_lib.callbacks.manager [None req-af5b75e3-8b0c-4789-8287-4fdd3ded76fe None None] Subscribe: > security_group precommit_create 55550000, False {{(pid=104064) subscribe /opt/stack/data/venv/lib/python3.12/site-packages/neutron_lib/callbacks/manager.py:52}}
May 09 09:08:40.437539 np0000173037 devstack@neutron-api.service[104064]: DEBUG neutron_lib.callbacks.manager [None req-af5b75e3-8b0c-4789-8287-4fdd3ded76fe None None] Subscribe: > security_group after_update 55550000, False {{(pid=104064) subscribe /opt/stack/data/venv/lib/python3.12/site-packages/neutron_lib/callbacks/manager.py:52}}
May 09 09:08:40.437618 np0000173037 devstack@neutron-api.service[104064]: DEBUG neutron_lib.callbacks.manager [None req-af5b75e3-8b0c-4789-8287-4fdd3ded76fe None None] Subscribe: > security_group after_create 55550000, False {{(pid=104064) subscribe /opt/stack/data/venv/lib/python3.12/site-packages/neutron_lib/callbacks/manager.py:52}}
May 09 09:08:40.437648 np0000173037 devstack@neutron-api.service[104061]: DEBUG neutron.api.extensions [None req-fc0d9816-be16-4c70-8426-956d2cee55c0 None None] Ext name="Logging API Extension" alias="logging" description="Provides a logging API for resources such as security group and firewall." updated="2017-01-01T10:00:00-00:00" {{(pid=104061) _check_extension /opt/stack/neutron/neutron/api/extensions.py:415}}
May 09 09:08:40.437767 np0000173037 devstack@neutron-api.service[104064]: DEBUG neutron_lib.callbacks.manager [None req-af5b75e3-8b0c-4789-8287-4fdd3ded76fe None None] Subscribe: > security_group precommit_delete 55550000, False {{(pid=104064) subscribe /opt/stack/data/venv/lib/python3.12/site-packages/neutron_lib/callbacks/manager.py:52}}
May 09 09:08:40.437803 np0000173037 devstack@neutron-api.service[104061]: INFO neutron.api.extensions [None req-fc0d9816-be16-4c70-8426-956d2cee55c0 None None] Extension logging not supported by any of loaded plugins
May 09 09:08:40.437901 np0000173037 devstack@neutron-api.service[104064]: DEBUG neutron_lib.callbacks.manager [None req-af5b75e3-8b0c-4789-8287-4fdd3ded76fe None None] Subscribe: > security_group after_delete 55550000, False {{(pid=104064) subscribe /opt/stack/data/venv/lib/python3.12/site-packages/neutron_lib/callbacks/manager.py:52}}
May 09 09:08:40.437946 np0000173037 devstack@neutron-api.service[104061]: DEBUG neutron.api.extensions [None req-fc0d9816-be16-4c70-8426-956d2cee55c0 None None] Loading extension file: metering.py {{(pid=104061) _load_all_extensions_from_path /opt/stack/neutron/neutron/api/extensions.py:449}}
May 09 09:08:40.438056 np0000173037 devstack@neutron-api.service[104064]: DEBUG neutron_lib.callbacks.manager [None req-af5b75e3-8b0c-4789-8287-4fdd3ded76fe None None] Subscribe: > security_group_rule precommit_create 55550000, False {{(pid=104064) subscribe /opt/stack/data/venv/lib/python3.12/site-packages/neutron_lib/callbacks/manager.py:52}}
May 09 09:08:40.438139 np0000173037 devstack@neutron-api.service[104063]: DEBUG neutron.api.extensions [None req-233c52a4-7b2c-4765-ab31-d41bfde50f4a None None] Extended resource: address-groups {{(pid=104063) __init__ /opt/stack/neutron/neutron/api/extensions.py:156}}
May 09 09:08:40.438196 np0000173037 devstack@neutron-api.service[104064]: DEBUG neutron_lib.callbacks.manager [None req-af5b75e3-8b0c-4789-8287-4fdd3ded76fe None None] Subscribe: > security_group_rule after_create 55550000, False {{(pid=104064) subscribe /opt/stack/data/venv/lib/python3.12/site-packages/neutron_lib/callbacks/manager.py:52}}
May 09 09:08:40.438313 np0000173037 devstack@neutron-api.service[104064]: DEBUG neutron_lib.callbacks.manager [None req-af5b75e3-8b0c-4789-8287-4fdd3ded76fe None None] Subscribe: > security_group_rule before_delete 55550000, False {{(pid=104064) subscribe /opt/stack/data/venv/lib/python3.12/site-packages/neutron_lib/callbacks/manager.py:52}}
May 09 09:08:40.438367 np0000173037 devstack@neutron-api.service[104061]: DEBUG neutron.api.extensions [None req-fc0d9816-be16-4c70-8426-956d2cee55c0 None None] Ext name="Neutron Metering" alias="metering" description="Neutron Metering extension." updated="2013-06-12T10:00:00-00:00" {{(pid=104061) _check_extension /opt/stack/neutron/neutron/api/extensions.py:415}}
May 09 09:08:40.438419 np0000173037 devstack@neutron-api.service[104064]: DEBUG neutron_lib.callbacks.manager [None req-af5b75e3-8b0c-4789-8287-4fdd3ded76fe None None] Subscribe: > address_group after_create 55550000, False {{(pid=104064) subscribe /opt/stack/data/venv/lib/python3.12/site-packages/neutron_lib/callbacks/manager.py:52}}
May 09 09:08:40.438510 np0000173037 devstack@neutron-api.service[104061]: INFO neutron.api.extensions [None req-fc0d9816-be16-4c70-8426-956d2cee55c0 None None] Extension metering not supported by any of loaded plugins
May 09 09:08:40.438545 np0000173037 devstack@neutron-api.service[104064]: DEBUG neutron_lib.callbacks.manager [None req-af5b75e3-8b0c-4789-8287-4fdd3ded76fe None None] Subscribe: > address_group after_update 55550000, False {{(pid=104064) subscribe /opt/stack/data/venv/lib/python3.12/site-packages/neutron_lib/callbacks/manager.py:52}}
May 09 09:08:40.438603 np0000173037 devstack@neutron-api.service[104061]: DEBUG neutron.api.extensions [None req-fc0d9816-be16-4c70-8426-956d2cee55c0 None None] Loading extension file: metering_source_and_destination_fields.py {{(pid=104061) _load_all_extensions_from_path /opt/stack/neutron/neutron/api/extensions.py:449}}
May 09 09:08:40.438632 np0000173037 devstack@neutron-api.service[104064]: DEBUG neutron_lib.callbacks.manager [None req-af5b75e3-8b0c-4789-8287-4fdd3ded76fe None None] Subscribe: > address_group after_delete 55550000, False {{(pid=104064) subscribe /opt/stack/data/venv/lib/python3.12/site-packages/neutron_lib/callbacks/manager.py:52}}
May 09 09:08:40.438824 np0000173037 devstack@neutron-api.service[104063]: DEBUG neutron.api.extensions [None req-233c52a4-7b2c-4765-ab31-d41bfde50f4a None None] Extended resource: address-scopes {{(pid=104063) __init__ /opt/stack/neutron/neutron/api/extensions.py:156}}
May 09 09:08:40.438877 np0000173037 devstack@neutron-api.service[104064]: DEBUG neutron_lib.callbacks.manager [None req-af5b75e3-8b0c-4789-8287-4fdd3ded76fe None None] Subscribe: > qos_plugin after_init 55550000, False {{(pid=104064) subscribe /opt/stack/data/venv/lib/python3.12/site-packages/neutron_lib/callbacks/manager.py:52}}
May 09 09:08:40.438904 np0000173037 devstack@neutron-api.service[104061]: DEBUG neutron.api.extensions [None req-fc0d9816-be16-4c70-8426-956d2cee55c0 None None] Ext name="Neutron Metering with source and destination filtering" alias="metering_source_and_destination_fields" description="Neutron Metering extension that enables the use of source and destination IP prefixes to create metering label rules." updated="2020-08-21T08:12:00-00:00" {{(pid=104061) _check_extension /opt/stack/neutron/neutron/api/extensions.py:415}}
May 09 09:08:40.439028 np0000173037 devstack@neutron-api.service[104061]: INFO neutron.api.extensions [None req-fc0d9816-be16-4c70-8426-956d2cee55c0 None None] Extension metering_source_and_destination_fields not supported by any of loaded plugins
May 09 09:08:40.439056 np0000173037 devstack@neutron-api.service[104064]: DEBUG neutron_lib.callbacks.manager [None req-af5b75e3-8b0c-4789-8287-4fdd3ded76fe None None] Subscribe: > trunk_plugin after_init 55550000, False {{(pid=104064) subscribe /opt/stack/data/venv/lib/python3.12/site-packages/neutron_lib/callbacks/manager.py:52}}
May 09 09:08:40.439160 np0000173037 devstack@neutron-api.service[104061]: DEBUG neutron.api.extensions [None req-fc0d9816-be16-4c70-8426-956d2cee55c0 None None] Loading extension file: multiprovidernet.py {{(pid=104061) _load_all_extensions_from_path /opt/stack/neutron/neutron/api/extensions.py:449}}
May 09 09:08:40.439304 np0000173037 devstack@neutron-api.service[104064]: DEBUG neutron_lib.callbacks.manager [None req-af5b75e3-8b0c-4789-8287-4fdd3ded76fe None None] Subscribe: > logging-plugin after_init 55550000, False {{(pid=104064) subscribe /opt/stack/data/venv/lib/python3.12/site-packages/neutron_lib/callbacks/manager.py:52}}
May 09 09:08:40.439364 np0000173037 devstack@neutron-api.service[104061]: DEBUG neutron.api.extensions [None req-fc0d9816-be16-4c70-8426-956d2cee55c0 None None] Ext name="Multi Provider Network" alias="multi-provider" description="Expose mapping of virtual networks to multiple physical networks" updated="2013-06-27T10:00:00-00:00" {{(pid=104061) _check_extension /opt/stack/neutron/neutron/api/extensions.py:415}}
May 09 09:08:40.439401 np0000173037 devstack@neutron-api.service[104063]: DEBUG neutron.api.extensions [None req-233c52a4-7b2c-4765-ab31-d41bfde50f4a None None] Extended resource: agents {{(pid=104063) __init__ /opt/stack/neutron/neutron/api/extensions.py:156}}
May 09 09:08:40.439546 np0000173037 devstack@neutron-api.service[104061]: INFO neutron.api.extensions [None req-fc0d9816-be16-4c70-8426-956d2cee55c0 None None] Loaded extension: multi-provider
May 09 09:08:40.439611 np0000173037 devstack@neutron-api.service[104061]: DEBUG neutron.api.extensions [None req-fc0d9816-be16-4c70-8426-956d2cee55c0 None None] Loading extension file: netmtu.py {{(pid=104061) _load_all_extensions_from_path /opt/stack/neutron/neutron/api/extensions.py:449}}
May 09 09:08:40.439794 np0000173037 devstack@neutron-api.service[104064]: INFO neutron.services.logapi.drivers.ovn.driver [None req-af5b75e3-8b0c-4789-8287-4fdd3ded76fe None None] OVN logging driver registered
May 09 09:08:40.439934 np0000173037 devstack@neutron-api.service[104061]: DEBUG neutron.api.extensions [None req-fc0d9816-be16-4c70-8426-956d2cee55c0 None None] Ext name="Network MTU" alias="net-mtu" description="Provides MTU attribute for a network resource." updated="2015-03-25T10:00:00-00:00" {{(pid=104061) _check_extension /opt/stack/neutron/neutron/api/extensions.py:415}}
May 09 09:08:40.440034 np0000173037 devstack@neutron-api.service[104063]: DEBUG neutron.api.extensions [None req-233c52a4-7b2c-4765-ab31-d41bfde50f4a None None] Extended resource: auto-allocated-topology {{(pid=104063) __init__ /opt/stack/neutron/neutron/api/extensions.py:156}}
May 09 09:08:40.440092 np0000173037 devstack@neutron-api.service[104061]: INFO neutron.api.extensions [None req-fc0d9816-be16-4c70-8426-956d2cee55c0 None None] Loaded extension: net-mtu
May 09 09:08:40.440177 np0000173037 devstack@neutron-api.service[104061]: DEBUG neutron.api.extensions [None req-fc0d9816-be16-4c70-8426-956d2cee55c0 None None] Loading extension file: netmtu_writable.py {{(pid=104061) _load_all_extensions_from_path /opt/stack/neutron/neutron/api/extensions.py:449}}
May 09 09:08:40.440392 np0000173037 devstack@neutron-api.service[104061]: DEBUG neutron.api.extensions [None req-fc0d9816-be16-4c70-8426-956d2cee55c0 None None] Ext name="Network MTU (writable)" alias="net-mtu-writable" description="Provides a writable MTU attribute for a network resource." updated="2017-07-12T00:00:00-00:00" {{(pid=104061) _check_extension /opt/stack/neutron/neutron/api/extensions.py:415}}
May 09 09:08:40.440474 np0000173037 devstack@neutron-api.service[104063]: DEBUG neutron.api.extensions [None req-233c52a4-7b2c-4765-ab31-d41bfde50f4a None None] Extended resource: availability_zones {{(pid=104063) __init__ /opt/stack/neutron/neutron/api/extensions.py:156}}
May 09 09:08:40.440529 np0000173037 devstack@neutron-api.service[104061]: INFO neutron.api.extensions [None req-fc0d9816-be16-4c70-8426-956d2cee55c0 None None] Loaded extension: net-mtu-writable
May 09 09:08:40.440621 np0000173037 devstack@neutron-api.service[104061]: DEBUG neutron.api.extensions [None req-fc0d9816-be16-4c70-8426-956d2cee55c0 None None] Loading extension file: network_availability_zone.py {{(pid=104061) _load_all_extensions_from_path /opt/stack/neutron/neutron/api/extensions.py:449}}
May 09 09:08:40.440900 np0000173037 devstack@neutron-api.service[104061]: DEBUG neutron.api.extensions [None req-fc0d9816-be16-4c70-8426-956d2cee55c0 None None] Ext name="Network Availability Zone" alias="network_availability_zone" description="Availability zone support for network." updated="2015-01-01T10:00:00-00:00" {{(pid=104061) _check_extension /opt/stack/neutron/neutron/api/extensions.py:415}}
May 09 09:08:40.441038 np0000173037 devstack@neutron-api.service[104063]: DEBUG neutron.api.extensions [None req-233c52a4-7b2c-4765-ab31-d41bfde50f4a None None] Extended resource: dhcp-networks {{(pid=104063) __init__ /opt/stack/neutron/neutron/api/extensions.py:156}}
May 09 09:08:40.441070 np0000173037 devstack@neutron-api.service[104061]: INFO neutron.api.extensions [None req-fc0d9816-be16-4c70-8426-956d2cee55c0 None None] Loaded extension: network_availability_zone
May 09 09:08:40.441171 np0000173037 devstack@neutron-api.service[104061]: DEBUG neutron.api.extensions [None req-fc0d9816-be16-4c70-8426-956d2cee55c0 None None] Loading extension file: network_ha.py {{(pid=104061) _load_all_extensions_from_path /opt/stack/neutron/neutron/api/extensions.py:449}}
May 09 09:08:40.441428 np0000173037 devstack@neutron-api.service[104061]: DEBUG neutron.api.extensions [None req-fc0d9816-be16-4c70-8426-956d2cee55c0 None None] Ext name="Network HA creation flag" alias="network_ha" description="Network high availability creation flag." updated="2023-04-27T10:00:00-00:00" {{(pid=104061) _check_extension /opt/stack/neutron/neutron/api/extensions.py:415}}
May 09 09:08:40.441510 np0000173037 devstack@neutron-api.service[104064]: DEBUG neutron.plugins.ml2.plugin [None req-af5b75e3-8b0c-4789-8287-4fdd3ded76fe None None] neutron.plugins.ml2.plugin.Ml2Plugin method _start_rpc_notifiers called with arguments () {} {{(pid=104064) wrapper /opt/stack/data/venv/lib/python3.12/site-packages/oslo_log/helpers.py:77}}
May 09 09:08:40.441577 np0000173037 devstack@neutron-api.service[104061]: INFO neutron.api.extensions [None req-fc0d9816-be16-4c70-8426-956d2cee55c0 None None] Extension network_ha not supported by any of loaded plugins
May 09 09:08:40.441676 np0000173037 devstack@neutron-api.service[104061]: DEBUG neutron.api.extensions [None req-fc0d9816-be16-4c70-8426-956d2cee55c0 None None] Loading extension file: network_ip_availability.py {{(pid=104061) _load_all_extensions_from_path /opt/stack/neutron/neutron/api/extensions.py:449}}
May 09 09:08:40.441742 np0000173037 devstack@neutron-api.service[104063]: DEBUG neutron.api.extensions [None req-233c52a4-7b2c-4765-ab31-d41bfde50f4a None None] Extended resource: dhcp-agents {{(pid=104063) __init__ /opt/stack/neutron/neutron/api/extensions.py:156}}
May 09 09:08:40.441818 np0000173037 devstack@neutron-api.service[104064]: DEBUG neutron_lib.callbacks.manager [None req-af5b75e3-8b0c-4789-8287-4fdd3ded76fe None None] Subscribe: > port after_create 55550000, False {{(pid=104064) subscribe /opt/stack/data/venv/lib/python3.12/site-packages/neutron_lib/callbacks/manager.py:52}}
May 09 09:08:40.441933 np0000173037 devstack@neutron-api.service[104061]: DEBUG neutron.api.extensions [None req-fc0d9816-be16-4c70-8426-956d2cee55c0 None None] Ext name="Network IP Availability" alias="network-ip-availability" description="Provides IP availability data for each network and subnet." updated="2015-09-24T00:00:00-00:00" {{(pid=104061) _check_extension /opt/stack/neutron/neutron/api/extensions.py:415}}
May 09 09:08:40.441972 np0000173037 devstack@neutron-api.service[104064]: DEBUG neutron_lib.callbacks.manager [None req-af5b75e3-8b0c-4789-8287-4fdd3ded76fe None None] Subscribe: > port after_update 55550000, False {{(pid=104064) subscribe /opt/stack/data/venv/lib/python3.12/site-packages/neutron_lib/callbacks/manager.py:52}}
May 09 09:08:40.442067 np0000173037 devstack@neutron-api.service[104064]: DEBUG neutron_lib.callbacks.manager [None req-af5b75e3-8b0c-4789-8287-4fdd3ded76fe None None] Subscribe: > port after_delete 55550000, False {{(pid=104064) subscribe /opt/stack/data/venv/lib/python3.12/site-packages/neutron_lib/callbacks/manager.py:52}}
May 09 09:08:40.442098 np0000173037 devstack@neutron-api.service[104061]: INFO neutron.api.extensions [None req-fc0d9816-be16-4c70-8426-956d2cee55c0 None None] Loaded extension: network-ip-availability
May 09 09:08:40.442176 np0000173037 devstack@neutron-api.service[104064]: DEBUG neutron_lib.callbacks.manager [None req-af5b75e3-8b0c-4789-8287-4fdd3ded76fe None None] Subscribe: > subnet after_create 55550000, False {{(pid=104064) subscribe /opt/stack/data/venv/lib/python3.12/site-packages/neutron_lib/callbacks/manager.py:52}}
May 09 09:08:40.442206 np0000173037 devstack@neutron-api.service[104061]: DEBUG neutron.api.extensions [None req-fc0d9816-be16-4c70-8426-956d2cee55c0 None None] Loading extension file: network_ip_availability_details.py {{(pid=104061) _load_all_extensions_from_path /opt/stack/neutron/neutron/api/extensions.py:449}}
May 09 09:08:40.442285 np0000173037 devstack@neutron-api.service[104064]: DEBUG neutron_lib.callbacks.manager [None req-af5b75e3-8b0c-4789-8287-4fdd3ded76fe None None] Subscribe: > subnet after_update 55550000, False {{(pid=104064) subscribe /opt/stack/data/venv/lib/python3.12/site-packages/neutron_lib/callbacks/manager.py:52}}
May 09 09:08:40.442389 np0000173037 devstack@neutron-api.service[104064]: DEBUG neutron_lib.callbacks.manager [None req-af5b75e3-8b0c-4789-8287-4fdd3ded76fe None None] Subscribe: > subnet after_delete 55550000, False {{(pid=104064) subscribe /opt/stack/data/venv/lib/python3.12/site-packages/neutron_lib/callbacks/manager.py:52}}
May 09 09:08:40.442419 np0000173037 devstack@neutron-api.service[104063]: DEBUG neutron.api.extensions [None req-233c52a4-7b2c-4765-ab31-d41bfde50f4a None None] Extended resource: routers {{(pid=104063) __init__ /opt/stack/neutron/neutron/api/extensions.py:156}}
May 09 09:08:40.442451 np0000173037 devstack@neutron-api.service[104061]: DEBUG neutron.api.extensions [None req-fc0d9816-be16-4c70-8426-956d2cee55c0 None None] Ext name="Network IP Availability Details Extension" alias="network-ip-availability-details" description="Add ip_availability_details attribute to network-ip-availabilities resource." updated="2025-10-31T00:00:00-00:00" {{(pid=104061) _check_extension /opt/stack/neutron/neutron/api/extensions.py:415}}
May 09 09:08:40.442494 np0000173037 devstack@neutron-api.service[104064]: DEBUG neutron_lib.callbacks.manager [None req-af5b75e3-8b0c-4789-8287-4fdd3ded76fe None None] Subscribe: > network after_create 55550000, False {{(pid=104064) subscribe /opt/stack/data/venv/lib/python3.12/site-packages/neutron_lib/callbacks/manager.py:52}}
May 09 09:08:40.442598 np0000173037 devstack@neutron-api.service[104064]: DEBUG neutron_lib.callbacks.manager [None req-af5b75e3-8b0c-4789-8287-4fdd3ded76fe None None] Subscribe: > network after_update 55550000, False {{(pid=104064) subscribe /opt/stack/data/venv/lib/python3.12/site-packages/neutron_lib/callbacks/manager.py:52}}
May 09 09:08:40.442627 np0000173037 devstack@neutron-api.service[104061]: INFO neutron.api.extensions [None req-fc0d9816-be16-4c70-8426-956d2cee55c0 None None] Loaded extension: network-ip-availability-details
May 09 09:08:40.442694 np0000173037 devstack@neutron-api.service[104061]: DEBUG neutron.api.extensions [None req-fc0d9816-be16-4c70-8426-956d2cee55c0 None None] Loading extension file: network_segment_range.py {{(pid=104061) _load_all_extensions_from_path /opt/stack/neutron/neutron/api/extensions.py:449}}
May 09 09:08:40.442727 np0000173037 devstack@neutron-api.service[104064]: DEBUG neutron_lib.callbacks.manager [None req-af5b75e3-8b0c-4789-8287-4fdd3ded76fe None None] Subscribe: > network after_delete 55550000, False {{(pid=104064) subscribe /opt/stack/data/venv/lib/python3.12/site-packages/neutron_lib/callbacks/manager.py:52}}
May 09 09:08:40.442800 np0000173037 devstack@neutron-api.service[104064]: DEBUG neutron_lib.callbacks.manager [None req-af5b75e3-8b0c-4789-8287-4fdd3ded76fe None None] Subscribe: > security_group after_create 55550000, False {{(pid=104064) subscribe /opt/stack/data/venv/lib/python3.12/site-packages/neutron_lib/callbacks/manager.py:52}}
May 09 09:08:40.442921 np0000173037 devstack@neutron-api.service[104064]: DEBUG neutron_lib.callbacks.manager [None req-af5b75e3-8b0c-4789-8287-4fdd3ded76fe None None] Subscribe: > security_group after_update 55550000, False {{(pid=104064) subscribe /opt/stack/data/venv/lib/python3.12/site-packages/neutron_lib/callbacks/manager.py:52}}
May 09 09:08:40.443025 np0000173037 devstack@neutron-api.service[104064]: DEBUG neutron_lib.callbacks.manager [None req-af5b75e3-8b0c-4789-8287-4fdd3ded76fe None None] Subscribe: > security_group after_delete 55550000, False {{(pid=104064) subscribe /opt/stack/data/venv/lib/python3.12/site-packages/neutron_lib/callbacks/manager.py:52}}
May 09 09:08:40.443071 np0000173037 devstack@neutron-api.service[104061]: DEBUG neutron.api.extensions [None req-fc0d9816-be16-4c70-8426-956d2cee55c0 None None] Ext name="Neutron Network Segment Range" alias="network-segment-range" description="Provides support for the network segment range management" updated="2018-11-29T00:00:00-00:00" {{(pid=104061) _check_extension /opt/stack/neutron/neutron/api/extensions.py:415}}
May 09 09:08:40.443128 np0000173037 devstack@neutron-api.service[104064]: DEBUG neutron_lib.callbacks.manager [None req-af5b75e3-8b0c-4789-8287-4fdd3ded76fe None None] Subscribe: > security_group_rule after_create 55550000, False {{(pid=104064) subscribe /opt/stack/data/venv/lib/python3.12/site-packages/neutron_lib/callbacks/manager.py:52}}
May 09 09:08:40.443232 np0000173037 devstack@neutron-api.service[104064]: DEBUG neutron_lib.callbacks.manager [None req-af5b75e3-8b0c-4789-8287-4fdd3ded76fe None None] Subscribe: > security_group_rule after_update 55550000, False {{(pid=104064) subscribe /opt/stack/data/venv/lib/python3.12/site-packages/neutron_lib/callbacks/manager.py:52}}
May 09 09:08:40.443275 np0000173037 devstack@neutron-api.service[104061]: INFO neutron.api.extensions [None req-fc0d9816-be16-4c70-8426-956d2cee55c0 None None] Extension network-segment-range not supported by any of loaded plugins
May 09 09:08:40.443335 np0000173037 devstack@neutron-api.service[104064]: DEBUG neutron_lib.callbacks.manager [None req-af5b75e3-8b0c-4789-8287-4fdd3ded76fe None None] Subscribe: > security_group_rule after_delete 55550000, False {{(pid=104064) subscribe /opt/stack/data/venv/lib/python3.12/site-packages/neutron_lib/callbacks/manager.py:52}}
May 09 09:08:40.443380 np0000173037 devstack@neutron-api.service[104061]: DEBUG neutron.api.extensions [None req-fc0d9816-be16-4c70-8426-956d2cee55c0 None None] Loading extension file: pagination.py {{(pid=104061) _load_all_extensions_from_path /opt/stack/neutron/neutron/api/extensions.py:449}}
May 09 09:08:40.443422 np0000173037 devstack@neutron-api.service[104063]: DEBUG neutron.api.extensions [None req-233c52a4-7b2c-4765-ab31-d41bfde50f4a None None] Extended resource: flavors {{(pid=104063) __init__ /opt/stack/neutron/neutron/api/extensions.py:156}}
May 09 09:08:40.443450 np0000173037 devstack@neutron-api.service[104064]: DEBUG neutron_lib.callbacks.manager [None req-af5b75e3-8b0c-4789-8287-4fdd3ded76fe None None] Subscribe: > address_group after_create 55550000, False {{(pid=104064) subscribe /opt/stack/data/venv/lib/python3.12/site-packages/neutron_lib/callbacks/manager.py:52}}
May 09 09:08:40.443537 np0000173037 devstack@neutron-api.service[104064]: DEBUG neutron_lib.callbacks.manager [None req-af5b75e3-8b0c-4789-8287-4fdd3ded76fe None None] Subscribe: > address_group after_update 55550000, False {{(pid=104064) subscribe /opt/stack/data/venv/lib/python3.12/site-packages/neutron_lib/callbacks/manager.py:52}}
May 09 09:08:40.443638 np0000173037 devstack@neutron-api.service[104064]: DEBUG neutron_lib.callbacks.manager [None req-af5b75e3-8b0c-4789-8287-4fdd3ded76fe None None] Subscribe: > address_group after_delete 55550000, False {{(pid=104064) subscribe /opt/stack/data/venv/lib/python3.12/site-packages/neutron_lib/callbacks/manager.py:52}}
May 09 09:08:40.443673 np0000173037 devstack@neutron-api.service[104061]: DEBUG neutron.api.extensions [None req-fc0d9816-be16-4c70-8426-956d2cee55c0 None None] Ext name="Pagination support" alias="pagination" description="Extension that indicates that pagination is enabled." updated="2016-06-12T00:00:00-00:00" {{(pid=104061) _check_extension /opt/stack/neutron/neutron/api/extensions.py:415}}
May 09 09:08:40.443744 np0000173037 devstack@neutron-api.service[104064]: DEBUG neutron.plugins.ml2.ovo_rpc [None req-af5b75e3-8b0c-4789-8287-4fdd3ded76fe None None] ML2 OVO RPC backend initialized. {{(pid=104064) __init__ /opt/stack/neutron/neutron/plugins/ml2/ovo_rpc.py:117}}
May 09 09:08:40.443793 np0000173037 devstack@neutron-api.service[104061]: INFO neutron.api.extensions [None req-fc0d9816-be16-4c70-8426-956d2cee55c0 None None] Loaded extension: pagination
May 09 09:08:40.443930 np0000173037 devstack@neutron-api.service[104061]: DEBUG neutron.api.extensions [None req-fc0d9816-be16-4c70-8426-956d2cee55c0 None None] Loading extension file: port_device_profile.py {{(pid=104061) _load_all_extensions_from_path /opt/stack/neutron/neutron/api/extensions.py:449}}
May 09 09:08:40.443994 np0000173037 devstack@neutron-api.service[104063]: DEBUG neutron.api.extensions [None req-233c52a4-7b2c-4765-ab31-d41bfde50f4a None None] Extended resource: service_profiles {{(pid=104063) __init__ /opt/stack/neutron/neutron/api/extensions.py:156}}
May 09 09:08:40.444251 np0000173037 devstack@neutron-api.service[104061]: DEBUG neutron.api.extensions [None req-fc0d9816-be16-4c70-8426-956d2cee55c0 None None] Ext name="Port device profile" alias="port-device-profile" description="Expose the port device profile (Cyborg)" updated="2020-12-17T10:00:00-00:00" {{(pid=104061) _check_extension /opt/stack/neutron/neutron/api/extensions.py:415}}
May 09 09:08:40.444477 np0000173037 devstack@neutron-api.service[104061]: INFO neutron.api.extensions [None req-fc0d9816-be16-4c70-8426-956d2cee55c0 None None] Loaded extension: port-device-profile
May 09 09:08:40.444506 np0000173037 devstack@neutron-api.service[104061]: DEBUG neutron.api.extensions [None req-fc0d9816-be16-4c70-8426-956d2cee55c0 None None] Loading extension file: port_hardware_offload_type.py {{(pid=104061) _load_all_extensions_from_path /opt/stack/neutron/neutron/api/extensions.py:449}}
May 09 09:08:40.444532 np0000173037 devstack@neutron-api.service[104063]: DEBUG neutron.api.extensions [None req-233c52a4-7b2c-4765-ab31-d41bfde50f4a None None] Extended resource: next_providers {{(pid=104063) __init__ /opt/stack/neutron/neutron/api/extensions.py:156}}
May 09 09:08:40.444697 np0000173037 devstack@neutron-api.service[104064]: INFO neutron.quota [None req-af5b75e3-8b0c-4789-8287-4fdd3ded76fe None None] Loaded quota_driver: .
