2026-04-23 01:10:20.774 9 INFO neutron.wsgi [-] 10.0.0.121 "GET / HTTP/1.1" status: 200 len: 247 time: 0.0019283
2026-04-23 01:10:20.776 9 INFO neutron.wsgi [-] 10.0.0.121 "GET / HTTP/1.1" status: 200 len: 247 time: 0.0013211
2026-04-23 01:10:35.774 10 INFO neutron.wsgi [-] 10.0.0.121 "GET / HTTP/1.1" status: 200 len: 247 time: 0.0023470
2026-04-23 01:10:35.774 9 INFO neutron.wsgi [-] 10.0.0.121 "GET / HTTP/1.1" status: 200 len: 247 time: 0.0026188
2026-04-23 01:10:50.774 9 INFO neutron.wsgi [-] 10.0.0.121 "GET / HTTP/1.1" status: 200 len: 247 time: 0.0018232
2026-04-23 01:10:50.774 10 INFO neutron.wsgi [-] 10.0.0.121 "GET / HTTP/1.1" status: 200 len: 247 time: 0.0015461
2026-04-23 01:11:01.008 15 INFO neutron.db.ovn_revision_numbers_db [None req-f1d1ff1b-e509-4341-835c-45e3a87b3ee4 - - - - - -] Successfully bumped revision number for resource 348190ef-4047-4597-9f5d-b7e1fa976e26 (type: security_groups) to 5
2026-04-23 01:11:01.008 15 INFO neutron.plugins.ml2.drivers.ovn.mech_driver.ovsdb.maintenance [None req-f1d1ff1b-e509-4341-835c-45e3a87b3ee4 - - - - - -] Maintenance task: Synchronization finished (took 0.06 seconds)
2026-04-23 01:11:05.775 10 INFO neutron.wsgi [-] 10.0.0.121 "GET / HTTP/1.1" status: 200 len: 247 time: 0.0020063
2026-04-23 01:11:05.776 9 INFO neutron.wsgi [-] 10.0.0.121 "GET / HTTP/1.1" status: 200 len: 247 time: 0.0038276
2026-04-23 01:11:20.775 9 INFO neutron.wsgi [-] 10.0.0.121 "GET / HTTP/1.1" status: 200 len: 247 time: 0.0023818
2026-04-23 01:11:20.775 10 INFO neutron.wsgi [-] 10.0.0.121 "GET / HTTP/1.1" status: 200 len: 247 time: 0.0023708 /var/lib/openstack/lib/python3.10/site-packages/pycadf/identifier.py:71: UserWarning: Invalid uuid: neutron. To ensure interoperability, identifiers should be a valid uuid. warnings.warn(('Invalid uuid: %s. To ensure interoperability, '
2026-04-23 01:11:32.733 9 INFO neutron.wsgi [None req-2c6bf28c-6faa-4d60-92d0-b7b81e2eadcf d93e28bb4a9a48629c7a38add6326ea4 8530f5d1750e47dda86fe21c2b8ff17c - - b40207c8c5154d35bfb0dddc2457a134 b40207c8c5154d35bfb0dddc2457a134] 199.204.45.244 "GET /v2.0/networks?tenant_id=8530f5d1750e47dda86fe21c2b8ff17c&shared=False HTTP/1.1" status: 200 len: 213 time: 0.1673405
2026-04-23 01:11:32.830 9 INFO neutron.db.segments_db [None req-8e6512aa-44b6-444a-ad27-32a94f91ae44 d93e28bb4a9a48629c7a38add6326ea4 8530f5d1750e47dda86fe21c2b8ff17c - - b40207c8c5154d35bfb0dddc2457a134 b40207c8c5154d35bfb0dddc2457a134] Added segment 9bfcd380-45b0-4a88-8817-075c261e3eb2 of type geneve for network 089d7c52-2d68-425f-b955-fe0e28068b48
2026-04-23 01:11:32.991 9 INFO neutron.db.ovn_revision_numbers_db [None req-8e6512aa-44b6-444a-ad27-32a94f91ae44 d93e28bb4a9a48629c7a38add6326ea4 8530f5d1750e47dda86fe21c2b8ff17c - - b40207c8c5154d35bfb0dddc2457a134 b40207c8c5154d35bfb0dddc2457a134] Successfully bumped revision number for resource 089d7c52-2d68-425f-b955-fe0e28068b48 (type: networks) to 1
2026-04-23 01:11:33.118 9 WARNING neutron.scheduler.dhcp_agent_scheduler [None req-8e6512aa-44b6-444a-ad27-32a94f91ae44 d93e28bb4a9a48629c7a38add6326ea4 8530f5d1750e47dda86fe21c2b8ff17c - - b40207c8c5154d35bfb0dddc2457a134 b40207c8c5154d35bfb0dddc2457a134] No more DHCP agents
2026-04-23 01:11:33.120 9 WARNING neutron.api.rpc.agentnotifiers.dhcp_rpc_agent_api [None req-8e6512aa-44b6-444a-ad27-32a94f91ae44 d93e28bb4a9a48629c7a38add6326ea4 8530f5d1750e47dda86fe21c2b8ff17c - - b40207c8c5154d35bfb0dddc2457a134 b40207c8c5154d35bfb0dddc2457a134] Unable to schedule network 089d7c52-2d68-425f-b955-fe0e28068b48: no agents available; will retry on subsequent port and subnet creation events.
2026-04-23 01:11:33.183 9 INFO neutron.db.ovn_revision_numbers_db [None req-8e6512aa-44b6-444a-ad27-32a94f91ae44 d93e28bb4a9a48629c7a38add6326ea4 8530f5d1750e47dda86fe21c2b8ff17c - - b40207c8c5154d35bfb0dddc2457a134 b40207c8c5154d35bfb0dddc2457a134] Successfully bumped revision number for resource 30ff4e57-6bc0-4fa1-894e-8de585140cce (type: ports) to 1
2026-04-23 01:11:33.198 9 INFO neutron.wsgi [None req-8e6512aa-44b6-444a-ad27-32a94f91ae44 d93e28bb4a9a48629c7a38add6326ea4 8530f5d1750e47dda86fe21c2b8ff17c - - b40207c8c5154d35bfb0dddc2457a134 b40207c8c5154d35bfb0dddc2457a134] 199.204.45.244 "POST /v2.0/networks HTTP/1.1" status: 201 len: 925 time: 0.4548836
2026-04-23 01:11:33.238 9 INFO neutron.wsgi [None req-5db30c9a-b297-4dd7-b63b-f067fa11699f d93e28bb4a9a48629c7a38add6326ea4 8530f5d1750e47dda86fe21c2b8ff17c - - b40207c8c5154d35bfb0dddc2457a134 b40207c8c5154d35bfb0dddc2457a134] 199.204.45.244 "GET /v2.0/ports?device_id=manila-share&binding%3Ahost_id=instance HTTP/1.1" status: 200 len: 210 time: 0.0314136
2026-04-23 01:11:33.250 9 INFO neutron.wsgi [None req-e28d596b-a548-4ab5-a53c-23573e55e0cc d93e28bb4a9a48629c7a38add6326ea4 8530f5d1750e47dda86fe21c2b8ff17c - - b40207c8c5154d35bfb0dddc2457a134 b40207c8c5154d35bfb0dddc2457a134] 199.204.45.244 "GET /v2.0/extensions HTTP/1.1" status: 200 len: 16525 time: 0.0053840
2026-04-23 01:11:33.449 9 WARNING neutron.scheduler.dhcp_agent_scheduler [None req-da591d20-f34c-4ab5-8d0c-242083a12495 d93e28bb4a9a48629c7a38add6326ea4 8530f5d1750e47dda86fe21c2b8ff17c - - b40207c8c5154d35bfb0dddc2457a134 b40207c8c5154d35bfb0dddc2457a134] No more DHCP agents
2026-04-23 01:11:33.450 9 WARNING neutron.api.rpc.agentnotifiers.dhcp_rpc_agent_api [None req-da591d20-f34c-4ab5-8d0c-242083a12495 d93e28bb4a9a48629c7a38add6326ea4 8530f5d1750e47dda86fe21c2b8ff17c - - b40207c8c5154d35bfb0dddc2457a134 b40207c8c5154d35bfb0dddc2457a134] Unable to schedule network 089d7c52-2d68-425f-b955-fe0e28068b48: no agents available; will retry on subsequent port and subnet creation events.
2026-04-23 01:11:33.523 9 INFO neutron.db.ovn_revision_numbers_db [None req-da591d20-f34c-4ab5-8d0c-242083a12495 d93e28bb4a9a48629c7a38add6326ea4 8530f5d1750e47dda86fe21c2b8ff17c - - b40207c8c5154d35bfb0dddc2457a134 b40207c8c5154d35bfb0dddc2457a134] Successfully bumped revision number for resource bc9b6e30-2e33-4156-b2a0-b63555e1d1e4 (type: ports) to 1
2026-04-23 01:11:33.672 9 INFO neutron.db.ovn_revision_numbers_db [None req-da591d20-f34c-4ab5-8d0c-242083a12495 d93e28bb4a9a48629c7a38add6326ea4 8530f5d1750e47dda86fe21c2b8ff17c - - b40207c8c5154d35bfb0dddc2457a134 b40207c8c5154d35bfb0dddc2457a134] Successfully bumped revision number for resource bc9b6e30-2e33-4156-b2a0-b63555e1d1e4 (type: ports) to 1
2026-04-23 01:11:33.695 9 INFO neutron.wsgi [None req-da591d20-f34c-4ab5-8d0c-242083a12495 d93e28bb4a9a48629c7a38add6326ea4 8530f5d1750e47dda86fe21c2b8ff17c - - b40207c8c5154d35bfb0dddc2457a134 b40207c8c5154d35bfb0dddc2457a134] 199.204.45.244 "POST /v2.0/ports HTTP/1.1" status: 201 len: 1144 time: 0.4406321
2026-04-23 01:11:33.739 9 INFO neutron.wsgi [None req-b2aa3f48-8ce7-4aa9-8a27-f905b3aa7489 d93e28bb4a9a48629c7a38add6326ea4 8530f5d1750e47dda86fe21c2b8ff17c - - b40207c8c5154d35bfb0dddc2457a134 b40207c8c5154d35bfb0dddc2457a134] 199.204.45.244 "GET /v2.0/networks/089d7c52-2d68-425f-b955-fe0e28068b48 HTTP/1.1" status: 200 len: 907 time: 0.0363486
2026-04-23 01:11:34.514 10 INFO neutron.plugins.ml2.drivers.ovn.mech_driver.mech_driver [-] OVN reports status up for port: bc9b6e30-2e33-4156-b2a0-b63555e1d1e4
2026-04-23 01:11:34.531 10 INFO neutron.plugins.ml2.plugin [None req-cf6414a4-30e0-4e6b-a5a3-dfce29d33029 - - - - - -] Attempt 1 to provision port bc9b6e30-2e33-4156-b2a0-b63555e1d1e4
2026-04-23 01:11:34.712 10 INFO neutron.plugins.ml2.drivers.ovn.mech_driver.ovsdb.extensions.qos [None req-cf6414a4-30e0-4e6b-a5a3-dfce29d33029 - - - - - -] Starting OVNClientQosExtension
2026-04-23 01:11:34.712 10 INFO neutron.plugins.ml2.drivers.ovn.mech_driver.ovsdb.extensions.placement [None req-cf6414a4-30e0-4e6b-a5a3-dfce29d33029 - - - - - -] Starting OVNClientPlacementExtension
2026-04-23 01:11:34.826 10 INFO neutron.db.ovn_revision_numbers_db [None req-cf6414a4-30e0-4e6b-a5a3-dfce29d33029 - - - - - -] Successfully bumped revision number for resource bc9b6e30-2e33-4156-b2a0-b63555e1d1e4 (type: ports) to 3
2026-04-23 01:11:35.775 10 INFO neutron.wsgi [-] 10.0.0.121 "GET / HTTP/1.1" status: 200 len: 247 time: 0.0030389
2026-04-23 01:11:35.778 10 INFO neutron.wsgi [-] 10.0.0.121 "GET / HTTP/1.1" status: 200 len: 247 time: 0.0020323
2026-04-23 01:11:36.077 9 INFO neutron.wsgi [None req-469c32da-3688-41b9-9163-41db280ec0ea d93e28bb4a9a48629c7a38add6326ea4 8530f5d1750e47dda86fe21c2b8ff17c - - b40207c8c5154d35bfb0dddc2457a134 b40207c8c5154d35bfb0dddc2457a134] 199.204.45.244 "GET /v2.0/ports?device_id=manila-share&binding%3Ahost_id=instance HTTP/1.1" status: 200 len: 1172 time: 0.0369201
2026-04-23 01:11:36.130 9 INFO neutron.wsgi [None req-d59a54e2-b0fe-4834-969d-98eaeafb70f6 d93e28bb4a9a48629c7a38add6326ea4 8530f5d1750e47dda86fe21c2b8ff17c - - b40207c8c5154d35bfb0dddc2457a134 b40207c8c5154d35bfb0dddc2457a134] 199.204.45.244 "GET /v2.0/networks/089d7c52-2d68-425f-b955-fe0e28068b48 HTTP/1.1" status: 200 len: 907 time: 0.0445738
2026-04-23 01:11:46.541 9 INFO neutron.wsgi [None req-2cba507f-3744-451e-b00e-dbb4460ff37a cd81f69b4ce340d986ae745d7df160e7 e5935aaa7e3d4ea5822540b817340386 - - default default] 199.204.45.244,10.0.0.121 "GET /v2.0/quotas/8530f5d1750e47dda86fe21c2b8ff17c HTTP/1.1" status: 200 len: 362 time: 0.0089190 /var/lib/openstack/lib/python3.10/site-packages/neutron/extensions/quotasv2.py:140: UserWarning: Neutron quota engine will require "--force" parameter to set a quota limit without checking the resource usage. warnings.warn('Neutron quota engine will require "--force" '
2026-04-23 01:11:46.953 9 INFO neutron.wsgi [None req-fb4d4424-3d51-4229-8f84-022ae47b7f85 cd81f69b4ce340d986ae745d7df160e7 e5935aaa7e3d4ea5822540b817340386 - - default default] 199.204.45.244,10.0.0.121 "PUT /v2.0/quotas/8530f5d1750e47dda86fe21c2b8ff17c HTTP/1.1" status: 200 len: 361 time: 0.0357316
2026-04-23 01:11:47.253 9 INFO neutron.wsgi [None req-eed7bcd5-2dcc-400b-bac9-8e2c2f4deb55 cd81f69b4ce340d986ae745d7df160e7 e5935aaa7e3d4ea5822540b817340386 - - default default] 199.204.45.244,10.0.0.121 "GET /v2.0/quotas/8530f5d1750e47dda86fe21c2b8ff17c HTTP/1.1" status: 200 len: 361 time: 0.0120876
2026-04-23 01:11:50.774 9 INFO neutron.wsgi [-] 10.0.0.121 "GET / HTTP/1.1" status: 200 len: 247 time: 0.0016284
2026-04-23 01:11:50.777 10 INFO neutron.wsgi [-] 10.0.0.121 "GET / HTTP/1.1" status: 200 len: 247 time: 0.0047932
2026-04-23 01:12:05.773 9 INFO neutron.wsgi [-] 10.0.0.121 "GET / HTTP/1.1" status: 200 len: 247 time: 0.0012493
2026-04-23 01:12:05.775 10 INFO neutron.wsgi [-] 10.0.0.121 "GET / HTTP/1.1" status: 200 len: 247 time: 0.0030026
2026-04-23 01:12:20.773 10 INFO neutron.wsgi [-] 10.0.0.121 "GET / HTTP/1.1" status: 200 len: 247 time: 0.0015581
2026-04-23 01:12:20.774 9 INFO neutron.wsgi [-] 10.0.0.121 "GET / HTTP/1.1" status: 200 len: 247 time: 0.0022125
2026-04-23 01:12:35.775 10 INFO neutron.wsgi [-] 10.0.0.121 "GET / HTTP/1.1" status: 200 len: 247 time: 0.0024891
2026-04-23 01:12:35.778 10 INFO neutron.wsgi [-] 10.0.0.121 "GET / HTTP/1.1" status: 200 len: 247 time: 0.0018804
2026-04-23 01:12:42.488 10 INFO neutron.wsgi [None req-27aace50-2fe3-49ba-93e8-fc248279fc5e cd81f69b4ce340d986ae745d7df160e7 e5935aaa7e3d4ea5822540b817340386 - - default default] 10.0.0.139 "GET /v2.0/security-groups HTTP/1.1" status: 200 len: 16799 time: 0.1211519
2026-04-23 01:12:42.563 10 INFO neutron.wsgi [None req-fa8bee7e-d2a0-4e91-9acd-b8daa7212307 cd81f69b4ce340d986ae745d7df160e7 e5935aaa7e3d4ea5822540b817340386 - - default default] 10.0.0.139 "GET /v2.0/ports HTTP/1.1" status: 200 len: 5347 time: 0.0659163
2026-04-23 01:12:42.619 10 INFO neutron.wsgi [None req-96bcef4f-2e5e-424d-937c-97ebcb0da1e8 cd81f69b4ce340d986ae745d7df160e7 e5935aaa7e3d4ea5822540b817340386 - - default default] 10.0.0.139 "GET /v2.0/routers HTTP/1.1" status: 200 len: 189 time: 0.0530922
2026-04-23 01:12:42.655 10 INFO neutron.wsgi [None req-ba625a8a-4472-4763-8171-52f0c4dbb0bd cd81f69b4ce340d986ae745d7df160e7 e5935aaa7e3d4ea5822540b817340386 - - default default] 10.0.0.139 "GET /v2.0/agents?binary=ovn-controller HTTP/1.1" status: 200 len: 591 time: 0.0312302
2026-04-23 01:12:42.747 10 INFO neutron.wsgi [None req-38200f98-e135-42a8-9c05-ccdd975adeab cd81f69b4ce340d986ae745d7df160e7 e5935aaa7e3d4ea5822540b817340386 - - default default] 10.0.0.139 "GET /v2.0/networks HTTP/1.1" status: 200 len: 2350 time: 0.0904415
2026-04-23 01:12:42.792 10 INFO neutron.wsgi [None req-438d4e5c-d784-4221-80e8-3344f5281880 cd81f69b4ce340d986ae745d7df160e7 e5935aaa7e3d4ea5822540b817340386 - - default default] 10.0.0.139 "GET /v2.0/subnets HTTP/1.1" status: 200 len: 1437 time: 0.0430491
2026-04-23 01:12:42.810 10 INFO neutron.wsgi [None req-bcc5de0a-2406-4a92-ba27-82ba2beac039 cd81f69b4ce340d986ae745d7df160e7 e5935aaa7e3d4ea5822540b817340386 - - default default] 10.0.0.139 "GET /v2.0/agents HTTP/1.1" status: 200 len: 997 time: 0.0167410
2026-04-23 01:12:42.840 10 INFO neutron.wsgi [None req-37df5c01-467a-49fe-a7a7-5e2d9bdd4aef cd81f69b4ce340d986ae745d7df160e7 e5935aaa7e3d4ea5822540b817340386 - - default default] 10.0.0.139 "GET /v2.0/subnets HTTP/1.1" status: 200 len: 1437 time: 0.0289049
2026-04-23 01:12:42.852 10 INFO neutron.wsgi [None req-baaa7af2-5944-401f-b610-fd599829c786 cd81f69b4ce340d986ae745d7df160e7 e5935aaa7e3d4ea5822540b817340386 - - default default] 10.0.0.139 "GET /v2.0/subnetpools HTTP/1.1" status: 200 len: 193 time: 0.0108025
2026-04-23 01:12:42.867 10 INFO neutron.wsgi [None req-686d85d7-d37e-4066-8a59-1685edf5fb18 cd81f69b4ce340d986ae745d7df160e7 e5935aaa7e3d4ea5822540b817340386 - - default default] 10.0.0.139 "GET /v2.0/network-ip-availabilities HTTP/1.1" status: 200 len: 1280 time: 0.0144370
2026-04-23 01:12:42.898 10 INFO neutron.wsgi [None req-3470ac1e-a790-4472-b763-9c22d08d9663 cd81f69b4ce340d986ae745d7df160e7 e5935aaa7e3d4ea5822540b817340386 - - default default] 10.0.0.139 "GET /v2.0/floatingips HTTP/1.1" status: 200 len: 193 time: 0.0300500
2026-04-23 01:12:50.774 9 INFO neutron.wsgi [-] 10.0.0.121 "GET / HTTP/1.1" status: 200 len: 247 time: 0.0022540
2026-04-23 01:12:50.777 9 INFO neutron.wsgi [-] 10.0.0.121 "GET / HTTP/1.1" status: 200 len: 247 time: 0.0019989
2026-04-23 01:13:05.775 9 INFO neutron.wsgi [-] 10.0.0.121 "GET / HTTP/1.1" status: 200 len: 247 time: 0.0029321
2026-04-23 01:13:05.777 9 INFO neutron.wsgi [-] 10.0.0.121 "GET / HTTP/1.1" status: 200 len: 247 time: 0.0012972
2026-04-23 01:13:20.774 9 INFO neutron.wsgi [-] 10.0.0.121 "GET / HTTP/1.1" status: 200 len: 247 time: 0.0022552
2026-04-23 01:13:20.777 9 INFO neutron.wsgi [-] 10.0.0.121 "GET / HTTP/1.1" status: 200 len: 247 time: 0.0024986
2026-04-23 01:13:35.774 9 INFO neutron.wsgi [-] 10.0.0.121 "GET / HTTP/1.1" status: 200 len: 247 time: 0.0025027
2026-04-23 01:13:35.776 10 INFO neutron.wsgi [-] 10.0.0.121 "GET / HTTP/1.1" status: 200 len: 247 time: 0.0033698
2026-04-23 01:13:42.418 10 INFO neutron.wsgi [None req-99ceac0c-0fd1-4230-a0d8-77ed4d656ae5 cd81f69b4ce340d986ae745d7df160e7 e5935aaa7e3d4ea5822540b817340386 - - default default] 10.0.0.139 "GET /v2.0/routers HTTP/1.1" status: 200 len: 189 time: 0.0606105
2026-04-23 01:13:42.440 10 INFO neutron.wsgi [None req-7179d346-0958-4dbe-9129-d321415f6019 cd81f69b4ce340d986ae745d7df160e7 e5935aaa7e3d4ea5822540b817340386 - - default default] 10.0.0.139 "GET /v2.0/agents?binary=ovn-controller HTTP/1.1" status: 200 len: 591 time: 0.0213056
2026-04-23 01:13:42.450 10 INFO neutron.wsgi [None req-503cb4e7-d340-4fbc-acd1-01ae5215a59c cd81f69b4ce340d986ae745d7df160e7 e5935aaa7e3d4ea5822540b817340386 - - default default] 10.0.0.139 "GET /v2.0/network-ip-availabilities HTTP/1.1" status: 200 len: 1280 time: 0.0083196
2026-04-23 01:13:42.474 10 INFO neutron.wsgi [None req-a836b8ab-e746-4046-a30b-1b056128f6fa cd81f69b4ce340d986ae745d7df160e7 e5935aaa7e3d4ea5822540b817340386 - - default default] 10.0.0.139 "GET /v2.0/subnets HTTP/1.1" status: 200 len: 1437 time: 0.0229330
2026-04-23 01:13:42.482 10 INFO neutron.wsgi [None req-3147f37f-32b0-440d-b6bb-65d3cfcac988 cd81f69b4ce340d986ae745d7df160e7 e5935aaa7e3d4ea5822540b817340386 - - default default] 10.0.0.139 "GET /v2.0/subnetpools HTTP/1.1" status: 200 len: 193 time: 0.0069957
2026-04-23 01:13:42.534 10 INFO neutron.wsgi [None req-329d2df8-a235-4696-8497-2783ab20359f cd81f69b4ce340d986ae745d7df160e7 e5935aaa7e3d4ea5822540b817340386 - - default default] 10.0.0.139 "GET /v2.0/networks HTTP/1.1" status: 200 len: 2350 time: 0.0517976
2026-04-23 01:13:42.563 10 INFO neutron.wsgi [None req-5ed38925-f88a-45a3-aa24-02d5b0b21ab6 cd81f69b4ce340d986ae745d7df160e7 e5935aaa7e3d4ea5822540b817340386 - - default default] 10.0.0.139 "GET /v2.0/ports HTTP/1.1" status: 200 len: 5347 time: 0.0247288
2026-04-23 01:13:42.574 10 INFO neutron.wsgi [None req-4384eb6f-bdcd-4dd9-8d84-015efef94760 cd81f69b4ce340d986ae745d7df160e7 e5935aaa7e3d4ea5822540b817340386 - - default default] 10.0.0.139 "GET /v2.0/agents HTTP/1.1" status: 200 len: 997 time: 0.0075269
2026-04-23 01:13:42.591 10 INFO neutron.wsgi [None req-9d63f808-59f4-4469-8be0-d4c85e2b8aba cd81f69b4ce340d986ae745d7df160e7 e5935aaa7e3d4ea5822540b817340386 - - default default] 10.0.0.139 "GET /v2.0/floatingips HTTP/1.1" status: 200 len: 193 time: 0.0153606
2026-04-23 01:13:42.656 10 INFO neutron.wsgi [None req-8d6e3067-8a77-4372-b997-bae594805235 cd81f69b4ce340d986ae745d7df160e7 e5935aaa7e3d4ea5822540b817340386 - - default default] 10.0.0.139 "GET /v2.0/security-groups HTTP/1.1" status: 200 len: 16799 time: 0.0648201
2026-04-23 01:13:42.691 10 INFO neutron.wsgi [None req-431725a6-3db7-4f4a-9713-3a005415557d cd81f69b4ce340d986ae745d7df160e7 e5935aaa7e3d4ea5822540b817340386 - - default default] 10.0.0.139 "GET /v2.0/subnets HTTP/1.1" status: 200 len: 1437 time: 0.0282876
2026-04-23 01:13:50.774 9 INFO neutron.wsgi [-] 10.0.0.121 "GET / HTTP/1.1" status: 200 len: 247 time: 0.0023773
2026-04-23 01:13:50.775 10 INFO neutron.wsgi [-] 10.0.0.121 "GET / HTTP/1.1" status: 200 len: 247 time: 0.0026257
2026-04-23 01:14:05.774 9 INFO neutron.wsgi [-] 10.0.0.121 "GET / HTTP/1.1" status: 200 len: 247 time: 0.0023384
2026-04-23 01:14:05.777 9 INFO neutron.wsgi [-] 10.0.0.121 "GET / HTTP/1.1" status: 200 len: 247 time: 0.0019605
2026-04-23 01:14:20.774 10 INFO neutron.wsgi [-] 10.0.0.121 "GET / HTTP/1.1" status: 200 len: 247 time: 0.0022843
2026-04-23 01:14:20.777 10 INFO neutron.wsgi [-] 10.0.0.121 "GET / HTTP/1.1" status: 200 len: 247 time: 0.0023963
2026-04-23 01:14:35.775 9 INFO neutron.wsgi [-] 10.0.0.121 "GET / HTTP/1.1" status: 200 len: 247 time: 0.0030665
2026-04-23 01:14:35.775 10 INFO neutron.wsgi [-] 10.0.0.121 "GET / HTTP/1.1" status: 200 len: 247 time: 0.0033178
2026-04-23 01:14:42.448 10 INFO neutron.wsgi [None req-a5e28ba3-2a33-4e1d-bee5-7c25043f7aa3 cd81f69b4ce340d986ae745d7df160e7 e5935aaa7e3d4ea5822540b817340386 - - default default] 10.0.0.139 "GET /v2.0/subnets HTTP/1.1" status: 200 len: 1437 time: 0.0858934
2026-04-23 01:14:42.467 10 INFO neutron.wsgi [None req-d496fc5c-3331-4e5d-898f-1c4a78f73827 cd81f69b4ce340d986ae745d7df160e7 e5935aaa7e3d4ea5822540b817340386 - - default default] 10.0.0.139 "GET /v2.0/routers HTTP/1.1" status: 200 len: 189 time: 0.0180645
2026-04-23 01:14:42.491 10 INFO neutron.wsgi [None req-4be5e5c7-6ca1-4888-ac63-d281cd3a6818 cd81f69b4ce340d986ae745d7df160e7 e5935aaa7e3d4ea5822540b817340386 - - default default] 10.0.0.139 "GET /v2.0/agents?binary=ovn-controller HTTP/1.1" status: 200 len: 591 time: 0.0238154
2026-04-23 01:14:42.501 10 INFO neutron.wsgi [None req-db05809b-ac80-4bba-9fee-4c42519e8d7d cd81f69b4ce340d986ae745d7df160e7 e5935aaa7e3d4ea5822540b817340386 - - default default] 10.0.0.139 "GET /v2.0/agents HTTP/1.1" status: 200 len: 997 time: 0.0087080
2026-04-23 01:14:42.534 10 INFO neutron.wsgi [None req-d088a39c-213f-4c7e-be8c-08bc91fe1f13 cd81f69b4ce340d986ae745d7df160e7 e5935aaa7e3d4ea5822540b817340386 - - default default] 10.0.0.139 "GET /v2.0/subnets HTTP/1.1" status: 200 len: 1437 time: 0.0325480
2026-04-23 01:14:42.544 10 INFO neutron.wsgi [None req-5ef8b4ff-bdeb-477f-8459-efb0db1841e1 cd81f69b4ce340d986ae745d7df160e7 e5935aaa7e3d4ea5822540b817340386 - - default default] 10.0.0.139 "GET /v2.0/subnetpools HTTP/1.1" status: 200 len: 193 time: 0.0083103
2026-04-23 01:14:42.583 10 INFO neutron.wsgi [None req-732e4c4d-5b6f-4701-845b-c3f34630a05f cd81f69b4ce340d986ae745d7df160e7 e5935aaa7e3d4ea5822540b817340386 - - default default] 10.0.0.139 "GET /v2.0/security-groups HTTP/1.1" status: 200 len: 16799 time: 0.0390158
2026-04-23 01:14:42.620 10 INFO neutron.wsgi [None req-679adc45-fa22-4723-8fd0-1fcf9a6900d9 cd81f69b4ce340d986ae745d7df160e7 e5935aaa7e3d4ea5822540b817340386 - - default default] 10.0.0.139 "GET /v2.0/ports HTTP/1.1" status: 200 len: 5347 time: 0.0307050
2026-04-23 01:14:42.636 10 INFO neutron.wsgi [None req-95204188-c50e-4094-9f93-dfac5feef233 cd81f69b4ce340d986ae745d7df160e7 e5935aaa7e3d4ea5822540b817340386 - - default default] 10.0.0.139 "GET /v2.0/network-ip-availabilities HTTP/1.1" status: 200 len: 1280 time: 0.0100842
2026-04-23 01:14:42.652 10 INFO neutron.wsgi [None req-95e32a39-c511-4887-91f9-ac221c06b41a cd81f69b4ce340d986ae745d7df160e7 e5935aaa7e3d4ea5822540b817340386 - - default default] 10.0.0.139 "GET /v2.0/floatingips HTTP/1.1" status: 200 len: 193 time: 0.0155461
2026-04-23 01:14:42.709 10 INFO neutron.wsgi [None req-09547ba7-0f54-4652-aec5-bbffd4ebe761 cd81f69b4ce340d986ae745d7df160e7 e5935aaa7e3d4ea5822540b817340386 - - default default] 10.0.0.139 "GET /v2.0/networks HTTP/1.1" status: 200 len: 2350 time: 0.0563507
2026-04-23 01:14:50.774 9 INFO neutron.wsgi [-] 10.0.0.121 "GET / HTTP/1.1" status: 200 len: 247 time: 0.0023332
2026-04-23 01:14:50.776 10 INFO neutron.wsgi [-] 10.0.0.121 "GET / HTTP/1.1" status: 200 len: 247 time: 0.0036485
2026-04-23 01:15:05.773 9 INFO neutron.wsgi [-] 10.0.0.121 "GET / HTTP/1.1" status: 200 len: 247 time: 0.0016906
2026-04-23 01:15:05.774 10 INFO neutron.wsgi [-] 10.0.0.121 "GET / HTTP/1.1" status: 200 len: 247 time: 0.0021927
2026-04-23 01:15:20.775 9 INFO neutron.wsgi [-] 10.0.0.121 "GET / HTTP/1.1" status: 200 len: 247 time: 0.0030715
2026-04-23 01:15:20.777 9 INFO neutron.wsgi [-] 10.0.0.121 "GET / HTTP/1.1" status: 200 len: 247 time: 0.0019326
2026-04-23 01:15:35.774 9 INFO neutron.wsgi [-] 10.0.0.121 "GET / HTTP/1.1" status: 200 len: 247 time: 0.0023925
2026-04-23 01:15:35.778 10 INFO neutron.wsgi [-] 10.0.0.121 "GET / HTTP/1.1" status: 200 len: 247 time: 0.0065672
2026-04-23 01:15:42.480 10 INFO neutron.wsgi [None req-6c700f2d-910a-46a0-a958-13aa5eed9d65 cd81f69b4ce340d986ae745d7df160e7 e5935aaa7e3d4ea5822540b817340386 - - default default] 10.0.0.139 "GET /v2.0/networks HTTP/1.1" status: 200 len: 2350 time: 0.1251535
2026-04-23 01:15:42.536 10 INFO neutron.wsgi [None req-60e28f2b-0d59-4dc9-8c27-80fbf40fc578 cd81f69b4ce340d986ae745d7df160e7 e5935aaa7e3d4ea5822540b817340386 - - default default] 10.0.0.139 "GET /v2.0/agents HTTP/1.1" status: 200 len: 997 time: 0.0550530
2026-04-23 01:15:42.553 10 INFO neutron.wsgi [None req-013b6f0a-1fdb-4917-952d-35acb004525c cd81f69b4ce340d986ae745d7df160e7 e5935aaa7e3d4ea5822540b817340386 - - default default] 10.0.0.139 "GET /v2.0/network-ip-availabilities HTTP/1.1" status: 200 len: 1280 time: 0.0144436
2026-04-23 01:15:42.588 10 INFO neutron.wsgi [None req-967e9235-6dd5-45f1-9bf7-674770a5968d cd81f69b4ce340d986ae745d7df160e7 e5935aaa7e3d4ea5822540b817340386 - - default default] 10.0.0.139 "GET /v2.0/subnets HTTP/1.1" status: 200 len: 1437 time: 0.0345573
2026-04-23 01:15:42.599 10 INFO neutron.wsgi [None req-46219815-2658-49df-8d35-ca8f814538a4 cd81f69b4ce340d986ae745d7df160e7 e5935aaa7e3d4ea5822540b817340386 - - default default] 10.0.0.139 "GET /v2.0/subnetpools HTTP/1.1" status: 200 len: 193 time: 0.0094612
2026-04-23 01:15:42.622 10 INFO neutron.wsgi [None req-47b89b9e-f89f-4b0b-9d35-4044b658b90c cd81f69b4ce340d986ae745d7df160e7 e5935aaa7e3d4ea5822540b817340386 - - default default] 10.0.0.139 "GET /v2.0/routers HTTP/1.1" status: 200 len: 189 time: 0.0231214
2026-04-23 01:15:42.630 10 INFO neutron.wsgi [None req-e79309e0-9ca4-4db0-9a96-2cf20122afa4 cd81f69b4ce340d986ae745d7df160e7 e5935aaa7e3d4ea5822540b817340386 - - default default] 10.0.0.139 "GET /v2.0/agents?binary=ovn-controller HTTP/1.1" status: 200 len: 591 time: 0.0072412
2026-04-23 01:15:42.650 10 INFO neutron.wsgi [None req-99620364-7507-4526-93c8-0195c6bf5cdc cd81f69b4ce340d986ae745d7df160e7 e5935aaa7e3d4ea5822540b817340386 - - default default] 10.0.0.139 "GET /v2.0/floatingips HTTP/1.1" status: 200 len: 193 time: 0.0194387
2026-04-23 01:15:42.675 10 INFO neutron.wsgi [None req-36f74353-7810-491a-bcd0-383017087110 cd81f69b4ce340d986ae745d7df160e7 e5935aaa7e3d4ea5822540b817340386 - - default default] 10.0.0.139 "GET /v2.0/ports HTTP/1.1" status: 200 len: 5347 time: 0.0248146
2026-04-23 01:15:42.722 10 INFO neutron.wsgi [None req-0cfc5980-edc2-4204-8b33-abc53f756cf1 cd81f69b4ce340d986ae745d7df160e7 e5935aaa7e3d4ea5822540b817340386 - - default default] 10.0.0.139 "GET /v2.0/security-groups HTTP/1.1" status: 200 len: 16799 time: 0.0431411
2026-04-23 01:15:42.755 10 INFO neutron.wsgi [None req-0436a3fa-c083-468e-9396-6619dfd8651e cd81f69b4ce340d986ae745d7df160e7 e5935aaa7e3d4ea5822540b817340386 - - default default] 10.0.0.139 "GET /v2.0/subnets HTTP/1.1" status: 200 len: 1437 time: 0.0262616
2026-04-23 01:15:50.775 9 INFO neutron.wsgi [-] 10.0.0.121 "GET / HTTP/1.1" status: 200 len: 247 time: 0.0025785
2026-04-23 01:15:50.780 10 INFO neutron.wsgi [-] 10.0.0.121 "GET / HTTP/1.1" status: 200 len: 247 time: 0.0074294
2026-04-23 01:16:05.775 10 INFO neutron.wsgi [-] 10.0.0.121 "GET / HTTP/1.1" status: 200 len: 247 time: 0.0029340
2026-04-23 01:16:05.778 10 INFO neutron.wsgi [-] 10.0.0.121 "GET / HTTP/1.1" status: 200 len: 247 time: 0.0017958
2026-04-23 01:16:20.774 9 INFO neutron.wsgi [-] 10.0.0.121 "GET / HTTP/1.1" status: 200 len: 247 time: 0.0016882
2026-04-23 01:16:20.777 10 INFO neutron.wsgi [-] 10.0.0.121 "GET / HTTP/1.1" status: 200 len: 247 time: 0.0040238
2026-04-23 01:16:35.774 9 INFO neutron.wsgi [-] 10.0.0.121 "GET / HTTP/1.1" status: 200 len: 247 time: 0.0023284
2026-04-23 01:16:35.775 10 INFO neutron.wsgi [-] 10.0.0.121 "GET / HTTP/1.1" status: 200 len: 247 time: 0.0014849
2026-04-23 01:16:42.451 10 INFO neutron.wsgi [None req-14fa24a7-41f2-4139-8b3f-77c88492d317 cd81f69b4ce340d986ae745d7df160e7 e5935aaa7e3d4ea5822540b817340386 - - default default] 10.0.0.139 "GET /v2.0/networks HTTP/1.1" status: 200 len: 2350 time: 0.0980892
2026-04-23 01:16:42.485 10 INFO neutron.wsgi [None req-e0284cc5-fe1e-440d-a2b8-4779d92348da cd81f69b4ce340d986ae745d7df160e7 e5935aaa7e3d4ea5822540b817340386 - - default default] 10.0.0.139 "GET /v2.0/agents HTTP/1.1" status: 200 len: 997 time: 0.0301824
2026-04-23 01:16:42.530 10 INFO neutron.wsgi [None req-2951fc9d-f0c0-4acc-be2c-d376832b5c52 cd81f69b4ce340d986ae745d7df160e7 e5935aaa7e3d4ea5822540b817340386 - - default default] 10.0.0.139 "GET /v2.0/security-groups HTTP/1.1" status: 200 len: 16799 time: 0.0431268
2026-04-23 01:16:42.562 10 INFO neutron.wsgi [None req-31a4db74-b42c-46f4-838f-60572f73fa4b cd81f69b4ce340d986ae745d7df160e7 e5935aaa7e3d4ea5822540b817340386 - - default default] 10.0.0.139 "GET /v2.0/ports HTTP/1.1" status: 200 len: 5347 time: 0.0280576
2026-04-23 01:16:42.591 10 INFO neutron.wsgi [None req-8c69a5b4-ffae-475f-b148-1847dde0815e cd81f69b4ce340d986ae745d7df160e7 e5935aaa7e3d4ea5822540b817340386 - - default default] 10.0.0.139 "GET /v2.0/routers HTTP/1.1" status: 200 len: 189 time: 0.0250192
2026-04-23 01:16:42.600 10 INFO neutron.wsgi [None req-09acb2a3-cf17-48d5-9c0c-085ad14cfa49 cd81f69b4ce340d986ae745d7df160e7 e5935aaa7e3d4ea5822540b817340386 - - default default] 10.0.0.139 "GET /v2.0/agents?binary=ovn-controller HTTP/1.1" status: 200 len: 591 time: 0.0082850
2026-04-23 01:16:42.608 10 INFO neutron.wsgi [None req-b8fd589e-df09-4c6d-9821-b433a3f6a2f5 cd81f69b4ce340d986ae745d7df160e7 e5935aaa7e3d4ea5822540b817340386 - - default default] 10.0.0.139 "GET /v2.0/network-ip-availabilities HTTP/1.1" status: 200 len: 1280 time: 0.0078704
2026-04-23 01:16:42.630 10 INFO neutron.wsgi [None req-54139f80-7ebb-4c90-9fa4-497cce45fa83 cd81f69b4ce340d986ae745d7df160e7 e5935aaa7e3d4ea5822540b817340386 - - default default] 10.0.0.139 "GET /v2.0/floatingips HTTP/1.1" status: 200 len: 193 time: 0.0211244
2026-04-23 01:16:42.656 10 INFO neutron.wsgi [None req-e823335e-ff9e-4359-9cb0-cf16fc7f5d3c cd81f69b4ce340d986ae745d7df160e7 e5935aaa7e3d4ea5822540b817340386 - - default default] 10.0.0.139 "GET /v2.0/subnets HTTP/1.1" status: 200 len: 1437 time: 0.0258093
2026-04-23 01:16:42.679 10 INFO neutron.wsgi [None req-85f50706-797b-424a-99ad-d65d67ec3be7 cd81f69b4ce340d986ae745d7df160e7 e5935aaa7e3d4ea5822540b817340386 - - default default] 10.0.0.139 "GET /v2.0/subnets HTTP/1.1" status: 200 len: 1437 time: 0.0216374
2026-04-23 01:16:42.688 10 INFO neutron.wsgi [None req-f237218f-6473-4a18-8de8-856b20e959bf cd81f69b4ce340d986ae745d7df160e7 e5935aaa7e3d4ea5822540b817340386 - - default default] 10.0.0.139 "GET /v2.0/subnetpools HTTP/1.1" status: 200 len: 193 time: 0.0073328
2026-04-23 01:16:50.775 9 INFO neutron.wsgi [-] 10.0.0.121 "GET / HTTP/1.1" status: 200 len: 247 time: 0.0025632
2026-04-23 01:16:50.779 9 INFO neutron.wsgi [-] 10.0.0.121 "GET / HTTP/1.1" status: 200 len: 247 time: 0.0026543
2026-04-23 01:17:05.773 9 INFO neutron.wsgi [-] 10.0.0.121 "GET / HTTP/1.1" status: 200 len: 247 time: 0.0012758
2026-04-23 01:17:05.774 10 INFO neutron.wsgi [-] 10.0.0.121 "GET / HTTP/1.1" status: 200 len: 247 time: 0.0021994
2026-04-23 01:17:20.775 9 INFO neutron.wsgi [-] 10.0.0.121 "GET / HTTP/1.1" status: 200 len: 247 time: 0.0024683
2026-04-23 01:17:20.775 10 INFO neutron.wsgi [-] 10.0.0.121 "GET / HTTP/1.1" status: 200 len: 247 time: 0.0030901
2026-04-23 01:17:35.774 10 INFO neutron.wsgi [-] 10.0.0.121 "GET / HTTP/1.1" status: 200 len: 247 time: 0.0018384
2026-04-23 01:17:35.777 9 INFO neutron.wsgi [-] 10.0.0.121 "GET / HTTP/1.1" status: 200 len: 247 time: 0.0050519
2026-04-23 01:17:42.454 10 INFO neutron.wsgi [None req-a59efe05-e307-45ed-958d-add336c4f4d7 cd81f69b4ce340d986ae745d7df160e7 e5935aaa7e3d4ea5822540b817340386 - - default default] 10.0.0.139 "GET /v2.0/floatingips HTTP/1.1" status: 200 len: 193 time: 0.0918539
2026-04-23 01:17:42.499 10 INFO neutron.wsgi [None req-0def3635-9d2c-47fd-bf86-28c9a6c641e6 cd81f69b4ce340d986ae745d7df160e7 e5935aaa7e3d4ea5822540b817340386 - - default default] 10.0.0.139 "GET /v2.0/security-groups HTTP/1.1" status: 200 len: 16799 time: 0.0444143
2026-04-23 01:17:42.527 10 INFO neutron.wsgi [None req-e166150c-7b77-4589-8223-e33293348922 cd81f69b4ce340d986ae745d7df160e7 e5935aaa7e3d4ea5822540b817340386 - - default default] 10.0.0.139 "GET /v2.0/routers HTTP/1.1" status: 200 len: 189 time: 0.0216150
2026-04-23 01:17:42.558 10 INFO neutron.wsgi [None req-fb47753a-a001-4649-8738-7335c6848bd2 cd81f69b4ce340d986ae745d7df160e7 e5935aaa7e3d4ea5822540b817340386 - - default default] 10.0.0.139 "GET /v2.0/agents?binary=ovn-controller HTTP/1.1" status: 200 len: 591 time: 0.0309830
2026-04-23 01:17:42.569 10 INFO neutron.wsgi [None req-3e85aecb-21f3-41ff-9f33-973edfb9a01f cd81f69b4ce340d986ae745d7df160e7 e5935aaa7e3d4ea5822540b817340386 - - default default] 10.0.0.139 "GET /v2.0/agents HTTP/1.1" status: 200 len: 997 time: 0.0095525
2026-04-23 01:17:42.606 10 INFO neutron.wsgi [None req-63355259-8821-4db7-b3ff-a10dbf6a6c2b cd81f69b4ce340d986ae745d7df160e7 e5935aaa7e3d4ea5822540b817340386 - - default default] 10.0.0.139 "GET /v2.0/ports HTTP/1.1" status: 200 len: 5347 time: 0.0357301
2026-04-23 01:17:42.640 10 INFO neutron.wsgi [None req-795ca8ee-96a1-461b-8b93-ac9ae1ec1bd7 cd81f69b4ce340d986ae745d7df160e7 e5935aaa7e3d4ea5822540b817340386 - - default default] 10.0.0.139 "GET /v2.0/subnets HTTP/1.1" status: 200 len: 1437 time: 0.0301094
2026-04-23 01:17:42.649 10 INFO neutron.wsgi [None req-67ea02d3-57c7-4871-9f44-99379f6cd276 cd81f69b4ce340d986ae745d7df160e7 e5935aaa7e3d4ea5822540b817340386 - - default default] 10.0.0.139 "GET /v2.0/subnetpools HTTP/1.1" status: 200 len: 193 time: 0.0074017
2026-04-23 01:17:42.675 10 INFO neutron.wsgi [None req-f2bf7ac9-644d-44cd-84bc-1bae3b51c5fd cd81f69b4ce340d986ae745d7df160e7 e5935aaa7e3d4ea5822540b817340386 - - default default] 10.0.0.139 "GET /v2.0/subnets HTTP/1.1" status: 200 len: 1437 time: 0.0255270
2026-04-23 01:17:42.734 10 INFO neutron.wsgi [None req-f80d483a-68c5-4c9f-bd37-185b36663433 cd81f69b4ce340d986ae745d7df160e7 e5935aaa7e3d4ea5822540b817340386 - - default default] 10.0.0.139 "GET /v2.0/networks HTTP/1.1" status: 200 len: 2350 time: 0.0571938
2026-04-23 01:17:42.746 10 INFO neutron.wsgi [None req-b91a7f3f-ed52-418f-a7b2-f99f7ac964bf cd81f69b4ce340d986ae745d7df160e7 e5935aaa7e3d4ea5822540b817340386 - - default default] 10.0.0.139 "GET /v2.0/network-ip-availabilities HTTP/1.1" status: 200 len: 1280 time: 0.0096126
2026-04-23 01:17:50.775 9 INFO neutron.wsgi [-] 10.0.0.121 "GET / HTTP/1.1" status: 200 len: 247 time: 0.0026622
2026-04-23 01:17:50.779 10 INFO neutron.wsgi [-] 10.0.0.121 "GET / HTTP/1.1" status: 200 len: 247 time: 0.0057547
2026-04-23 01:18:05.774 9 INFO neutron.wsgi [-] 10.0.0.121 "GET / HTTP/1.1" status: 200 len: 247 time: 0.0024741
2026-04-23 01:18:05.775 10 INFO neutron.wsgi [-] 10.0.0.121 "GET / HTTP/1.1" status: 200 len: 247 time: 0.0023234
2026-04-23 01:18:20.774 9 INFO neutron.wsgi [-] 10.0.0.121 "GET / HTTP/1.1" status: 200 len: 247 time: 0.0023894
2026-04-23 01:18:20.775 10 INFO neutron.wsgi [-] 10.0.0.121 "GET / HTTP/1.1" status: 200 len: 247 time: 0.0033648
2026-04-23 01:18:35.775 10 INFO neutron.wsgi [-] 10.0.0.121 "GET / HTTP/1.1" status: 200 len: 247 time: 0.0022843
2026-04-23 01:18:35.776 9 INFO neutron.wsgi [-] 10.0.0.121 "GET / HTTP/1.1" status: 200 len: 247 time: 0.0032809
2026-04-23 01:18:42.410 10 INFO neutron.wsgi [None req-99c23594-e542-46f2-a7b0-1c2ac5940fe3 cd81f69b4ce340d986ae745d7df160e7 e5935aaa7e3d4ea5822540b817340386 - - default default] 10.0.0.139 "GET /v2.0/routers HTTP/1.1" status: 200 len: 189 time: 0.0639029
2026-04-23 01:18:42.527 10 INFO neutron.wsgi [None req-27330c23-c199-49a4-925c-5ab881632d45 cd81f69b4ce340d986ae745d7df160e7 e5935aaa7e3d4ea5822540b817340386 - - default default] 10.0.0.139 "GET /v2.0/agents?binary=ovn-controller HTTP/1.1" status: 200 len: 591 time: 0.1165886
2026-04-23 01:18:42.561 10 INFO neutron.wsgi [None req-4779ab62-cfe4-4416-b79c-f409ee855adb cd81f69b4ce340d986ae745d7df160e7 e5935aaa7e3d4ea5822540b817340386 - - default default] 10.0.0.139 "GET /v2.0/subnets HTTP/1.1" status: 200 len: 1437 time: 0.0323889
2026-04-23 01:18:42.570 10 INFO neutron.wsgi [None req-9ebafaa2-c18b-4154-ba73-57537d5a5a9d cd81f69b4ce340d986ae745d7df160e7 e5935aaa7e3d4ea5822540b817340386 - - default default] 10.0.0.139 "GET /v2.0/subnetpools HTTP/1.1" status: 200 len: 193 time: 0.0080800
2026-04-23 01:18:42.633 10 INFO neutron.wsgi [None req-c1e2ea60-7b49-453d-ba18-9afcd11aebdc cd81f69b4ce340d986ae745d7df160e7 e5935aaa7e3d4ea5822540b817340386 - - default default] 10.0.0.139 "GET /v2.0/ports HTTP/1.1" status: 200 len: 5347 time: 0.0621839
2026-04-23 01:18:42.646 10 INFO neutron.wsgi [None req-6bbf53f2-9548-44be-a592-f80d82076019 cd81f69b4ce340d986ae745d7df160e7 e5935aaa7e3d4ea5822540b817340386 - - default default] 10.0.0.139 "GET /v2.0/agents HTTP/1.1" status: 200 len: 997 time: 0.0086887
2026-04-23 01:18:42.654 10 INFO neutron.wsgi [None req-b09e8610-3172-4d4d-835a-3152198c80ed cd81f69b4ce340d986ae745d7df160e7 e5935aaa7e3d4ea5822540b817340386 - - default default] 10.0.0.139 "GET /v2.0/network-ip-availabilities HTTP/1.1" status: 200 len: 1280 time: 0.0074694
2026-04-23 01:18:42.669 10 INFO neutron.wsgi [None req-86c025de-a204-49c3-b442-ba1154979291 cd81f69b4ce340d986ae745d7df160e7 e5935aaa7e3d4ea5822540b817340386 - - default default] 10.0.0.139 "GET /v2.0/floatingips HTTP/1.1" status: 200 len: 193 time: 0.0144184
2026-04-23 01:18:42.716 10 INFO neutron.wsgi [None req-ca28c806-753d-446a-8df8-a9f9e0b16460 cd81f69b4ce340d986ae745d7df160e7 e5935aaa7e3d4ea5822540b817340386 - - default default] 10.0.0.139 "GET /v2.0/networks HTTP/1.1" status: 200 len: 2350 time: 0.0457428
2026-04-23 01:18:42.747 10 INFO neutron.wsgi [None req-99febf19-07fc-4547-8c95-d91fadcf36b2 cd81f69b4ce340d986ae745d7df160e7 e5935aaa7e3d4ea5822540b817340386 - - default default] 10.0.0.139 "GET /v2.0/subnets HTTP/1.1" status: 200 len: 1437 time: 0.0272703
2026-04-23 01:18:42.790 10 INFO neutron.wsgi [None req-588092ec-30ab-4e6c-b4d0-8ec96771a38b cd81f69b4ce340d986ae745d7df160e7 e5935aaa7e3d4ea5822540b817340386 - - default default] 10.0.0.139 "GET /v2.0/security-groups HTTP/1.1" status: 200 len: 16799 time: 0.0420816
2026-04-23 01:18:50.773 10 INFO neutron.wsgi [-] 10.0.0.121 "GET / HTTP/1.1" status: 200 len: 247 time: 0.0017352
2026-04-23 01:18:50.774 9 INFO neutron.wsgi [-] 10.0.0.121 "GET / HTTP/1.1" status: 200 len: 247 time: 0.0024946
2026-04-23 01:19:05.776 9 INFO neutron.wsgi [-] 10.0.0.121 "GET / HTTP/1.1" status: 200 len: 247 time: 0.0022218
2026-04-23 01:19:05.776 10 INFO neutron.wsgi [-] 10.0.0.121 "GET / HTTP/1.1" status: 200 len: 247 time: 0.0025723
2026-04-23 01:19:20.775 10 INFO neutron.wsgi [-] 10.0.0.121 "GET / HTTP/1.1" status: 200 len: 247 time: 0.0029469
2026-04-23 01:19:20.777 10 INFO neutron.wsgi [-] 10.0.0.121 "GET / HTTP/1.1" status: 200 len: 247 time: 0.0012426
2026-04-23 01:19:35.775 10 INFO neutron.wsgi [-] 10.0.0.121 "GET / HTTP/1.1" status: 200 len: 247 time: 0.0023274
2026-04-23 01:19:35.778 10 INFO neutron.wsgi [-] 10.0.0.121 "GET / HTTP/1.1" status: 200 len: 247 time: 0.0019944
2026-04-23 01:19:42.470 10 INFO neutron.wsgi [None req-41cf2db8-6500-4567-bbb6-9e24c40a78ef cd81f69b4ce340d986ae745d7df160e7 e5935aaa7e3d4ea5822540b817340386 - - default default] 10.0.0.139 "GET /v2.0/security-groups HTTP/1.1" status: 200 len: 16799 time: 0.1075056
2026-04-23 01:19:42.510 10 INFO neutron.wsgi [None req-824265cd-c7c6-4786-8c1b-e7db0f7aadfb cd81f69b4ce340d986ae745d7df160e7 e5935aaa7e3d4ea5822540b817340386 - - default default] 10.0.0.139 "GET /v2.0/subnets HTTP/1.1" status: 200 len: 1437 time: 0.0330317
2026-04-23 01:19:42.538 10 INFO neutron.wsgi [None req-0e313f77-8164-4929-b64d-69ae468184ed cd81f69b4ce340d986ae745d7df160e7 e5935aaa7e3d4ea5822540b817340386 - - default default] 10.0.0.139 "GET /v2.0/ports HTTP/1.1" status: 200 len: 5347 time: 0.0271344
2026-04-23 01:19:42.554 10 INFO neutron.wsgi [None req-3d0f0b55-5ce1-4a03-904a-6934c79351a8 cd81f69b4ce340d986ae745d7df160e7 e5935aaa7e3d4ea5822540b817340386 - - default default] 10.0.0.139 "GET /v2.0/network-ip-availabilities HTTP/1.1" status: 200 len: 1280 time: 0.0110948
2026-04-23 01:19:42.582 10 INFO neutron.wsgi [None req-3daa6fa4-78e7-4d81-9845-a3b259f55e1d cd81f69b4ce340d986ae745d7df160e7 e5935aaa7e3d4ea5822540b817340386 - - default default] 10.0.0.139 "GET /v2.0/subnets HTTP/1.1" status: 200 len: 1437 time: 0.0272992
2026-04-23 01:19:42.591 10 INFO neutron.wsgi [None req-6b663246-2858-446a-9398-6dd13dc424bd cd81f69b4ce340d986ae745d7df160e7 e5935aaa7e3d4ea5822540b817340386 - - default default] 10.0.0.139 "GET /v2.0/subnetpools HTTP/1.1" status: 200 len: 193 time: 0.0081594
2026-04-23 01:19:42.610 10 INFO neutron.wsgi [None req-73d24dae-e819-44d8-af5f-03cae39cff0c cd81f69b4ce340d986ae745d7df160e7 e5935aaa7e3d4ea5822540b817340386 - - default default] 10.0.0.139 "GET /v2.0/floatingips HTTP/1.1" status: 200 len: 193 time: 0.0179920
2026-04-23 01:19:42.670 10 INFO neutron.wsgi [None req-766ead19-b1ab-48ab-8c88-64021b06282c cd81f69b4ce340d986ae745d7df160e7 e5935aaa7e3d4ea5822540b817340386 - - default default] 10.0.0.139 "GET /v2.0/networks HTTP/1.1" status: 200 len: 2350 time: 0.0593545
2026-04-23 01:19:42.691 10 INFO neutron.wsgi [None req-b454c0e0-3584-46b8-a57f-4da483b9b10b cd81f69b4ce340d986ae745d7df160e7 e5935aaa7e3d4ea5822540b817340386 - - default default] 10.0.0.139 "GET /v2.0/routers HTTP/1.1" status: 200 len: 189 time: 0.0186393
2026-04-23 01:19:42.714 10 INFO neutron.wsgi [None req-87a51ff4-bda5-4f55-a54f-3895636ee524 cd81f69b4ce340d986ae745d7df160e7 e5935aaa7e3d4ea5822540b817340386 - - default default] 10.0.0.139 "GET /v2.0/agents?binary=ovn-controller HTTP/1.1" status: 200 len: 591 time: 0.0219762
2026-04-23 01:19:42.722 10 INFO neutron.wsgi [None req-c7341da4-37d9-4a91-8f01-563077474a84 cd81f69b4ce340d986ae745d7df160e7 e5935aaa7e3d4ea5822540b817340386 - - default default] 10.0.0.139 "GET /v2.0/agents HTTP/1.1" status: 200 len: 997 time: 0.0073521
2026-04-23 01:19:50.775 10 INFO neutron.wsgi [-] 10.0.0.121 "GET / HTTP/1.1" status: 200 len: 247 time: 0.0025408
2026-04-23 01:19:50.775 9 INFO neutron.wsgi [-] 10.0.0.121 "GET / HTTP/1.1" status: 200 len: 247 time: 0.0033674
2026-04-23 01:20:05.775 10 INFO neutron.wsgi [-] 10.0.0.121 "GET / HTTP/1.1" status: 200 len: 247 time: 0.0023103
2026-04-23 01:20:05.775 9 INFO neutron.wsgi [-] 10.0.0.121 "GET / HTTP/1.1" status: 200 len: 247 time: 0.0023134
2026-04-23 01:20:20.774 10 INFO neutron.wsgi [-] 10.0.0.121 "GET / HTTP/1.1" status: 200 len: 247 time: 0.0021780
2026-04-23 01:20:20.774 9 INFO neutron.wsgi [-] 10.0.0.121 "GET / HTTP/1.1" status: 200 len: 247 time: 0.0024960
2026-04-23 01:20:35.773 9 INFO neutron.wsgi [-] 10.0.0.121 "GET / HTTP/1.1" status: 200 len: 247 time: 0.0016842
2026-04-23 01:20:35.775 10 INFO neutron.wsgi [-] 10.0.0.121 "GET / HTTP/1.1" status: 200 len: 247 time: 0.0032659
2026-04-23 01:20:42.531 10 INFO neutron.wsgi [None req-ebf1084a-475d-4854-b7ac-75a67ea28e05 cd81f69b4ce340d986ae745d7df160e7 e5935aaa7e3d4ea5822540b817340386 - - default default] 10.0.0.139 "GET /v2.0/floatingips HTTP/1.1" status: 200 len: 193 time: 0.0980847
2026-04-23 01:20:42.553 10 INFO neutron.wsgi [None req-6f71ba3b-3b75-47a9-8cf0-ea5c92543ba5 cd81f69b4ce340d986ae745d7df160e7 e5935aaa7e3d4ea5822540b817340386 - - default default] 10.0.0.139 "GET /v2.0/routers HTTP/1.1" status: 200 len: 189 time: 0.0205288
2026-04-23 01:20:42.595 10 INFO neutron.wsgi [None req-25ae4426-acb8-4f66-a4b6-38dd8cc4baf6 cd81f69b4ce340d986ae745d7df160e7 e5935aaa7e3d4ea5822540b817340386 - - default default] 10.0.0.139 "GET /v2.0/agents?binary=ovn-controller HTTP/1.1" status: 200 len: 591 time: 0.0412247
2026-04-23 01:20:42.613 10 INFO neutron.wsgi [None req-8c8e8149-694b-4f69-a0db-c3298b3b4a6c cd81f69b4ce340d986ae745d7df160e7 e5935aaa7e3d4ea5822540b817340386 - - default default] 10.0.0.139 "GET /v2.0/network-ip-availabilities HTTP/1.1" status: 200 len: 1280 time: 0.0165715
2026-04-23 01:20:42.655 10 INFO neutron.wsgi [None req-730a671f-2653-4e63-a404-56060bd9c42a cd81f69b4ce340d986ae745d7df160e7 e5935aaa7e3d4ea5822540b817340386 - - default default] 10.0.0.139 "GET /v2.0/security-groups HTTP/1.1" status: 200 len: 16799 time: 0.0418773
2026-04-23 01:20:42.696 10 INFO neutron.wsgi [None req-5109c790-4b90-47a2-b7e0-b13085048656 cd81f69b4ce340d986ae745d7df160e7 e5935aaa7e3d4ea5822540b817340386 - - default default] 10.0.0.139 "GET /v2.0/ports HTTP/1.1" status: 200 len: 5347 time: 0.0333033
2026-04-23 01:20:42.772 10 INFO neutron.wsgi [None req-fe5562fc-bf51-48d7-8c74-8483b1f00941 cd81f69b4ce340d986ae745d7df160e7 e5935aaa7e3d4ea5822540b817340386 - - default default] 10.0.0.139 "GET /v2.0/networks HTTP/1.1" status: 200 len: 2350 time: 0.0678129
2026-04-23 01:20:42.797 10 INFO neutron.wsgi [None req-e1546481-a7df-42c3-9ae4-1df59d70c8ef cd81f69b4ce340d986ae745d7df160e7 e5935aaa7e3d4ea5822540b817340386 - - default default] 10.0.0.139 "GET /v2.0/subnets HTTP/1.1" status: 200 len: 1437 time: 0.0238698
2026-04-23 01:20:42.806 10 INFO neutron.wsgi [None req-21cd5775-ae7a-43cc-acf5-59b3f4ea5456 cd81f69b4ce340d986ae745d7df160e7 e5935aaa7e3d4ea5822540b817340386 - - default default] 10.0.0.139 "GET /v2.0/agents HTTP/1.1" status: 200 len: 997 time: 0.0078747
2026-04-23 01:20:42.832 10 INFO neutron.wsgi [None req-ebd7a949-1c7f-4710-b680-575787e94c9d cd81f69b4ce340d986ae745d7df160e7 e5935aaa7e3d4ea5822540b817340386 - - default default] 10.0.0.139 "GET /v2.0/subnets HTTP/1.1" status: 200 len: 1437 time: 0.0246613
2026-04-23 01:20:42.840 10 INFO neutron.wsgi [None req-53c50f8a-f733-46d7-8d00-59bc2c28eb88 cd81f69b4ce340d986ae745d7df160e7 e5935aaa7e3d4ea5822540b817340386 - - default default] 10.0.0.139 "GET /v2.0/subnetpools HTTP/1.1" status: 200 len: 193 time: 0.0068862
2026-04-23 01:20:50.772 9 INFO neutron.wsgi [-] 10.0.0.121 "GET / HTTP/1.1" status: 200 len: 247 time: 0.0012262
2026-04-23 01:20:50.773 10 INFO neutron.wsgi [-] 10.0.0.121 "GET / HTTP/1.1" status: 200 len: 247 time: 0.0015693
2026-04-23 01:21:05.775 9 INFO neutron.wsgi [-] 10.0.0.121 "GET / HTTP/1.1" status: 200 len: 247 time: 0.0027475
2026-04-23 01:21:05.779 9 INFO neutron.wsgi [-] 10.0.0.121 "GET / HTTP/1.1" status: 200 len: 247 time: 0.0024343
2026-04-23 01:21:20.775 9 INFO neutron.wsgi [-] 10.0.0.121 "GET / HTTP/1.1" status: 200 len: 247 time: 0.0023086
2026-04-23 01:21:20.779 9 INFO neutron.wsgi [-] 10.0.0.121 "GET / HTTP/1.1" status: 200 len: 247 time: 0.0028024
2026-04-23 01:21:35.775 9 INFO neutron.wsgi [-] 10.0.0.121 "GET / HTTP/1.1" status: 200 len: 247 time: 0.0024254
2026-04-23 01:21:35.776 10 INFO neutron.wsgi [-] 10.0.0.121 "GET / HTTP/1.1" status: 200 len: 247 time: 0.0037374
2026-04-23 01:21:42.618 10 INFO neutron.wsgi [None req-e6104b98-b1c2-463c-991a-147033d6b282 cd81f69b4ce340d986ae745d7df160e7 e5935aaa7e3d4ea5822540b817340386 - - default default] 10.0.0.139 "GET /v2.0/security-groups HTTP/1.1" status: 200 len: 16799 time: 0.1864593
2026-04-23 01:21:42.656 10 INFO neutron.wsgi [None req-acaf1cab-701e-4262-932b-9f50c5f98c20 cd81f69b4ce340d986ae745d7df160e7 e5935aaa7e3d4ea5822540b817340386 - - default default] 10.0.0.139 "GET /v2.0/ports HTTP/1.1" status: 200 len: 5347 time: 0.0308251
2026-04-23 01:21:42.680 10 INFO neutron.wsgi [None req-7dec6ec9-a047-4582-b083-73604cb096cd cd81f69b4ce340d986ae745d7df160e7 e5935aaa7e3d4ea5822540b817340386 - - default default] 10.0.0.139 "GET /v2.0/routers HTTP/1.1" status: 200 len: 189 time: 0.0194318
2026-04-23 01:21:42.703 10 INFO neutron.wsgi [None req-847029ba-8630-4b26-a944-70193f536df6 cd81f69b4ce340d986ae745d7df160e7 e5935aaa7e3d4ea5822540b817340386 - - default default] 10.0.0.139 "GET /v2.0/agents?binary=ovn-controller HTTP/1.1" status: 200 len: 591 time: 0.0232894
2026-04-23 01:21:42.721 10 INFO neutron.wsgi [None req-b90873f5-afb4-4330-a44a-399706809fae cd81f69b4ce340d986ae745d7df160e7 e5935aaa7e3d4ea5822540b817340386 - - default default] 10.0.0.139 "GET /v2.0/network-ip-availabilities HTTP/1.1" status: 200 len: 1280 time: 0.0167086
2026-04-23 01:21:42.742 10 INFO neutron.wsgi [None req-eff204ff-7ca7-4b7a-a532-235b7c8e60aa cd81f69b4ce340d986ae745d7df160e7 e5935aaa7e3d4ea5822540b817340386 - - default default] 10.0.0.139 "GET /v2.0/subnets HTTP/1.1" status: 200 len: 1437 time: 0.0204232
2026-04-23 01:21:42.748 10 INFO neutron.wsgi [None req-59d0cd1b-25c0-4701-bf2b-60b9b3caf1bc cd81f69b4ce340d986ae745d7df160e7 e5935aaa7e3d4ea5822540b817340386 - - default default] 10.0.0.139 "GET /v2.0/subnetpools HTTP/1.1" status: 200 len: 193 time: 0.0063057
2026-04-23 01:21:42.761 10 INFO neutron.wsgi [None req-0399da9b-9132-4eca-a878-7e6489f6e95d cd81f69b4ce340d986ae745d7df160e7 e5935aaa7e3d4ea5822540b817340386 - - default default] 10.0.0.139 "GET /v2.0/floatingips HTTP/1.1" status: 200 len: 193 time: 0.0122156
2026-04-23 01:21:42.768 10 INFO neutron.wsgi [None req-33422c0a-d4c1-462c-b438-639b2f64f7ac cd81f69b4ce340d986ae745d7df160e7 e5935aaa7e3d4ea5822540b817340386 - - default default] 10.0.0.139 "GET /v2.0/agents HTTP/1.1" status: 200 len: 997 time: 0.0067017
2026-04-23 01:21:42.790 10 INFO neutron.wsgi [None req-556448e6-3148-4cc8-b467-25fc17ff441a cd81f69b4ce340d986ae745d7df160e7 e5935aaa7e3d4ea5822540b817340386 - - default default] 10.0.0.139 "GET /v2.0/subnets HTTP/1.1" status: 200 len: 1437 time: 0.0214195
2026-04-23 01:21:42.843 10 INFO neutron.wsgi [None req-49cdbcef-b925-48fb-b3c3-087a067636a5 cd81f69b4ce340d986ae745d7df160e7 e5935aaa7e3d4ea5822540b817340386 - - default default] 10.0.0.139 "GET /v2.0/networks HTTP/1.1" status: 200 len: 2350 time: 0.0526068
2026-04-23 01:21:50.774 9 INFO neutron.wsgi [-] 10.0.0.121 "GET / HTTP/1.1" status: 200 len: 247 time: 0.0025992
2026-04-23 01:21:50.774 10 INFO neutron.wsgi [-] 10.0.0.121 "GET / HTTP/1.1" status: 200 len: 247 time: 0.0023956
2026-04-23 01:22:05.775 10 INFO neutron.wsgi [-] 10.0.0.121 "GET / HTTP/1.1" status: 200 len: 247 time: 0.0024173
2026-04-23 01:22:05.776 9 INFO neutron.wsgi [-] 10.0.0.121 "GET / HTTP/1.1" status: 200 len: 247 time: 0.0035501
2026-04-23 01:22:14.086 9 INFO neutron.wsgi [None req-fb5d4040-f5d0-4f6a-b54c-b09b3791c253 cd81f69b4ce340d986ae745d7df160e7 e5935aaa7e3d4ea5822540b817340386 - - default default] 199.204.45.244,10.0.0.121 "GET /v2.0/networks HTTP/1.1" status: 200 len: 2350 time: 0.1036940 /var/lib/openstack/lib/python3.10/site-packages/pycadf/identifier.py:71: UserWarning: Invalid uuid: unknown. To ensure interoperability, identifiers should be a valid uuid. warnings.warn(('Invalid uuid: %s. To ensure interoperability, '
2026-04-23 01:22:15.080 10 INFO neutron.wsgi [None req-c8df4e09-1a7f-415c-8c38-06016786cac9 cd81f69b4ce340d986ae745d7df160e7 e5935aaa7e3d4ea5822540b817340386 - - default default] 199.204.45.244,10.0.0.121 "GET /v2.0/subnets HTTP/1.1" status: 200 len: 1437 time: 0.0712166
2026-04-23 01:22:15.148 10 INFO neutron.wsgi [None req-b2581c82-d113-4d55-8d76-fbe7eb4755b7 cd81f69b4ce340d986ae745d7df160e7 e5935aaa7e3d4ea5822540b817340386 - - default default] 199.204.45.244,10.0.0.121 "GET /v2.0/networks HTTP/1.1" status: 200 len: 2350 time: 0.0596137
2026-04-23 01:22:20.774 10 INFO neutron.wsgi [-] 10.0.0.121 "GET / HTTP/1.1" status: 200 len: 247 time: 0.0015917
2026-04-23 01:22:20.774 9 INFO neutron.wsgi [-] 10.0.0.121 "GET / HTTP/1.1" status: 200 len: 247 time: 0.0016844
2026-04-23 01:22:35.776 9 INFO neutron.wsgi [-] 10.0.0.121 "GET / HTTP/1.1" status: 200 len: 247 time: 0.0034103
2026-04-23 01:22:35.779 9 INFO neutron.wsgi [-] 10.0.0.121 "GET / HTTP/1.1" status: 200 len: 247 time: 0.0021458
