2026-04-23 01:30:20.340 9 INFO neutron.services.segments.plugin [-] Segment 54b8c580-8200-41db-adda-3f8a7e7bb2c0 resource provider not found; error: Placement Client Error (4xx): {"errors": [{"status": 404, "title": "Not Found", "detail": "The resource could not be found.\n\n No resource provider with uuid 54b8c580-8200-41db-adda-3f8a7e7bb2c0 found for delete ", "request_id": "req-192c0e76-e895-44cf-b8d6-94ace05a1afa"}]}
2026-04-23 01:30:20.371 9 INFO neutron.wsgi [None req-458638b5-a5e6-45eb-abde-c71b91dd5bb4 ec25561a2ec64f1dac3d38bca8684614 ef8cffa462e7474490c64e1e037d2007 - - default default] 10.0.0.104 "DELETE /v2.0/networks/85af9e54-b406-4664-8528-33757f9ee251 HTTP/1.1" status: 204 len: 168 time: 0.4386349
2026-04-23 01:30:20.412 10 INFO neutron.wsgi [req-5a234701-d285-4a28-8c7c-4d91e7495d0f req-23ff0a66-448c-4775-bd07-542d6fbde154 9a6a79e89edb49438e22b9cd985d8a87 8530f5d1750e47dda86fe21c2b8ff17c - - b40207c8c5154d35bfb0dddc2457a134 b40207c8c5154d35bfb0dddc2457a134] 10.0.0.14 "GET /v2.0/networks/c096c6cd-8aea-4909-ae49-8c4500f5fdf8?fields=provider%3Aphysical_network&fields=provider%3Anetwork_type HTTP/1.1" status: 200 len: 277 time: 0.3769391
2026-04-23 01:30:20.540 10 INFO neutron.wsgi [req-257b7108-1b40-4f2f-a139-b8e302e4d886 req-982a3a18-74f9-493a-8b93-0431c4330907 cdee5c14ad774fcb99f5cf3c1da0c73b b0c869a3876047ed84a447f7c73a7bfe - - default default] 10.0.0.14 "GET /v2.0/ports?device_id=ecb914b7-bcdf-460b-a710-80652dd45c9a HTTP/1.1" status: 200 len: 210 time: 0.0220203
2026-04-23 01:30:20.774 10 INFO neutron.wsgi [-] 10.0.0.121 "GET / HTTP/1.1" status: 200 len: 247 time: 0.0024512
2026-04-23 01:30:20.775 9 INFO neutron.wsgi [-] 10.0.0.121 "GET / HTTP/1.1" status: 200 len: 247 time: 0.0027897
2026-04-23 01:30:21.273 10 INFO neutron.db.ovn_revision_numbers_db [None req-f545263e-9e3d-4364-86f6-82edbad0331f cd81f69b4ce340d986ae745d7df160e7 e5935aaa7e3d4ea5822540b817340386 - - default default] Successfully bumped revision number for resource 30765067-f177-4757-a3d8-d2cac120963a (type: security_groups) to 1
2026-04-23 01:30:21.300 10 INFO neutron.db.ovn_revision_numbers_db [None req-f545263e-9e3d-4364-86f6-82edbad0331f cd81f69b4ce340d986ae745d7df160e7 e5935aaa7e3d4ea5822540b817340386 - - default default] Successfully bumped revision number for resource 86481f68-9c80-4842-a405-ae35d2fb451c (type: security_group_rules) to 0
2026-04-23 01:30:21.302 9 INFO neutron.wsgi [req-5a234701-d285-4a28-8c7c-4d91e7495d0f req-563f2aa6-4756-4034-a5f3-5dbcfe1db368 cdee5c14ad774fcb99f5cf3c1da0c73b b0c869a3876047ed84a447f7c73a7bfe - - default default] 199.204.45.244 "GET /v2.0/networks?id=c096c6cd-8aea-4909-ae49-8c4500f5fdf8 HTTP/1.1" status: 200 len: 904 time: 0.0853753
2026-04-23 01:30:21.317 10 INFO neutron.db.ovn_revision_numbers_db [None req-f545263e-9e3d-4364-86f6-82edbad0331f cd81f69b4ce340d986ae745d7df160e7 e5935aaa7e3d4ea5822540b817340386 - - default default] Successfully bumped revision number for resource a33ee905-7ba8-4116-904a-bdf3883e701e (type: security_group_rules) to 0
2026-04-23 01:30:21.346 10 INFO neutron.db.ovn_revision_numbers_db [None req-f545263e-9e3d-4364-86f6-82edbad0331f cd81f69b4ce340d986ae745d7df160e7 e5935aaa7e3d4ea5822540b817340386 - - default default] Successfully bumped revision number for resource a7b820db-229d-44c5-9844-4922faed064e (type: security_group_rules) to 0
2026-04-23 01:30:21.356 9 INFO neutron.wsgi [req-5a234701-d285-4a28-8c7c-4d91e7495d0f req-8bc186fb-0f87-4ed7-812f-45808b1e57c3 cdee5c14ad774fcb99f5cf3c1da0c73b b0c869a3876047ed84a447f7c73a7bfe - - default default] 199.204.45.244 "GET /v2.0/security-groups?fields=id&fields=name&tenant_id=b0c869a3876047ed84a447f7c73a7bfe HTTP/1.1" status: 200 len: 378 time: 0.0481031
2026-04-23 01:30:21.362 10 INFO neutron.db.ovn_revision_numbers_db [None req-f545263e-9e3d-4364-86f6-82edbad0331f cd81f69b4ce340d986ae745d7df160e7 e5935aaa7e3d4ea5822540b817340386 - - default default] Successfully bumped revision number for resource d557fab9-92a8-4c3c-8e38-cbabbc13e6c3 (type: security_group_rules) to 0
2026-04-23 01:30:21.382 10 INFO neutron.wsgi [None req-f545263e-9e3d-4364-86f6-82edbad0331f cd81f69b4ce340d986ae745d7df160e7 e5935aaa7e3d4ea5822540b817340386 - - default default] 10.0.0.104 "GET /v2.0/security-groups?tenant_id=9e8e8f883bc54df280790ec7454f569d&name=default HTTP/1.1" status: 200 len: 3000 time: 0.3514602
2026-04-23 01:30:21.660 10 INFO neutron.wsgi [None req-72572e40-66f8-459e-af30-bc1dc4d0b6ef cd81f69b4ce340d986ae745d7df160e7 e5935aaa7e3d4ea5822540b817340386 - - default default] 10.0.0.104 "DELETE /v2.0/security-groups/30765067-f177-4757-a3d8-d2cac120963a HTTP/1.1" status: 204 len: 168 time: 0.2623298 /var/lib/openstack/lib/python3.10/site-packages/pycadf/identifier.py:71: UserWarning: Invalid uuid: neutron. To ensure interoperability, identifiers should be a valid uuid. warnings.warn(('Invalid uuid: %s. To ensure interoperability, '
2026-04-23 01:30:21.765 9 WARNING neutron.scheduler.dhcp_agent_scheduler [req-5a234701-d285-4a28-8c7c-4d91e7495d0f req-c4652390-587a-4a21-b29e-909c756c1c54 cdee5c14ad774fcb99f5cf3c1da0c73b b0c869a3876047ed84a447f7c73a7bfe - - default default] No more DHCP agents
2026-04-23 01:30:21.766 9 WARNING neutron.api.rpc.agentnotifiers.dhcp_rpc_agent_api [req-5a234701-d285-4a28-8c7c-4d91e7495d0f req-c4652390-587a-4a21-b29e-909c756c1c54 cdee5c14ad774fcb99f5cf3c1da0c73b b0c869a3876047ed84a447f7c73a7bfe - - default default] Unable to schedule network c096c6cd-8aea-4909-ae49-8c4500f5fdf8: no agents available; will retry on subsequent port and subnet creation events.
2026-04-23 01:30:21.804 9 INFO neutron.wsgi [None req-4c2e3e5c-2967-4577-934f-d5b9ee13e81a cd81f69b4ce340d986ae745d7df160e7 e5935aaa7e3d4ea5822540b817340386 - - default default] 10.0.0.104 "GET /v2.0/security-groups?tenant_id=ef8cffa462e7474490c64e1e037d2007&name=default HTTP/1.1" status: 200 len: 3000 time: 0.0438418
2026-04-23 01:30:22.001 9 INFO neutron.db.ovn_revision_numbers_db [req-5a234701-d285-4a28-8c7c-4d91e7495d0f req-c4652390-587a-4a21-b29e-909c756c1c54 cdee5c14ad774fcb99f5cf3c1da0c73b b0c869a3876047ed84a447f7c73a7bfe - - default default] Successfully bumped revision number for resource d0ccdcd9-1876-4522-9760-6a04103ff6c8 (type: ports) to 1
2026-04-23 01:30:22.026 9 INFO neutron.wsgi [req-5a234701-d285-4a28-8c7c-4d91e7495d0f req-c4652390-587a-4a21-b29e-909c756c1c54 cdee5c14ad774fcb99f5cf3c1da0c73b b0c869a3876047ed84a447f7c73a7bfe - - default default] 199.204.45.244 "POST /v2.0/ports HTTP/1.1" status: 201 len: 1392 time: 0.6647632
2026-04-23 01:30:22.028 10 INFO neutron.wsgi [None req-d4f5f27c-a900-4b3d-bbf3-ca3faa04338b cd81f69b4ce340d986ae745d7df160e7 e5935aaa7e3d4ea5822540b817340386 - - default default] 10.0.0.104 "DELETE /v2.0/security-groups/081600b3-00c0-4300-8168-ffc0ed435223 HTTP/1.1" status: 204 len: 168 time: 0.2193220
2026-04-23 01:30:22.431 9 INFO neutron.db.ovn_revision_numbers_db [req-5a234701-d285-4a28-8c7c-4d91e7495d0f req-c3197396-ce76-4db1-a476-817474b6d7fd 9a6a79e89edb49438e22b9cd985d8a87 8530f5d1750e47dda86fe21c2b8ff17c - - b40207c8c5154d35bfb0dddc2457a134 b40207c8c5154d35bfb0dddc2457a134] Successfully bumped revision number for resource d0ccdcd9-1876-4522-9760-6a04103ff6c8 (type: ports) to 2
2026-04-23 01:30:22.682 9 INFO neutron.db.ovn_revision_numbers_db [req-5a234701-d285-4a28-8c7c-4d91e7495d0f req-c3197396-ce76-4db1-a476-817474b6d7fd 9a6a79e89edb49438e22b9cd985d8a87 8530f5d1750e47dda86fe21c2b8ff17c - - b40207c8c5154d35bfb0dddc2457a134 b40207c8c5154d35bfb0dddc2457a134] Successfully bumped revision number for resource d0ccdcd9-1876-4522-9760-6a04103ff6c8 (type: ports) to 2
2026-04-23 01:30:22.697 9 INFO neutron.wsgi [req-5a234701-d285-4a28-8c7c-4d91e7495d0f req-c3197396-ce76-4db1-a476-817474b6d7fd 9a6a79e89edb49438e22b9cd985d8a87 8530f5d1750e47dda86fe21c2b8ff17c - - b40207c8c5154d35bfb0dddc2457a134 b40207c8c5154d35bfb0dddc2457a134] 199.204.45.244 "PUT /v2.0/ports/d0ccdcd9-1876-4522-9760-6a04103ff6c8 HTTP/1.1" status: 200 len: 1609 time: 0.6603386
2026-04-23 01:30:22.730 9 INFO neutron.notifiers.nova [-] Nova event matching ['req-699daf39-4303-40d6-8586-f32ea5c0ffbf'] response: {'name': 'network-changed', 'server_uuid': 'ecb914b7-bcdf-460b-a710-80652dd45c9a', 'tag': 'd0ccdcd9-1876-4522-9760-6a04103ff6c8', 'status': 'completed', 'code': 200} /var/lib/openstack/lib/python3.10/site-packages/pycadf/identifier.py:71: UserWarning: Invalid uuid: neutron. To ensure interoperability, identifiers should be a valid uuid. warnings.warn(('Invalid uuid: %s. To ensure interoperability, '
2026-04-23 01:30:22.767 9 INFO neutron.wsgi [req-5a234701-d285-4a28-8c7c-4d91e7495d0f req-f21f7cbe-d286-4f19-bd76-3c6623a2916a 9a6a79e89edb49438e22b9cd985d8a87 8530f5d1750e47dda86fe21c2b8ff17c - - b40207c8c5154d35bfb0dddc2457a134 b40207c8c5154d35bfb0dddc2457a134] 199.204.45.244 "GET /v2.0/ports?tenant_id=b0c869a3876047ed84a447f7c73a7bfe&device_id=ecb914b7-bcdf-460b-a710-80652dd45c9a HTTP/1.1" status: 200 len: 1640 time: 0.0315650
2026-04-23 01:30:22.800 9 INFO neutron.wsgi [req-5a234701-d285-4a28-8c7c-4d91e7495d0f req-fd4fd304-97f4-46e0-bfe4-7e5a55e9eb7e 9a6a79e89edb49438e22b9cd985d8a87 8530f5d1750e47dda86fe21c2b8ff17c - - b40207c8c5154d35bfb0dddc2457a134 b40207c8c5154d35bfb0dddc2457a134] 199.204.45.244 "GET /v2.0/floatingips?fixed_ip_address=10.2.2.219&port_id=d0ccdcd9-1876-4522-9760-6a04103ff6c8 HTTP/1.1" status: 200 len: 217 time: 0.0259531
2026-04-23 01:30:22.827 9 INFO neutron.wsgi [req-5a234701-d285-4a28-8c7c-4d91e7495d0f req-d52355c7-f8f9-4f6b-b866-0f349027a442 9a6a79e89edb49438e22b9cd985d8a87 8530f5d1750e47dda86fe21c2b8ff17c - - b40207c8c5154d35bfb0dddc2457a134 b40207c8c5154d35bfb0dddc2457a134] 199.204.45.244 "GET /v2.0/floatingips?fixed_ip_address=fd77%3A1457%3A4cf0%3A26a8%3A%3A34a&port_id=d0ccdcd9-1876-4522-9760-6a04103ff6c8 HTTP/1.1" status: 200 len: 217 time: 0.0219841
2026-04-23 01:30:22.872 9 INFO neutron.wsgi [req-5a234701-d285-4a28-8c7c-4d91e7495d0f req-dd54a37e-2913-4922-a24d-f9c82ce96e00 9a6a79e89edb49438e22b9cd985d8a87 8530f5d1750e47dda86fe21c2b8ff17c - - b40207c8c5154d35bfb0dddc2457a134 b40207c8c5154d35bfb0dddc2457a134] 199.204.45.244 "GET /v2.0/subnets?id=a85300ea-8ed7-44d0-8ef7-f417b1bd7bc6&id=6632ea92-8cb3-49f8-aaa3-b15573950bc7 HTTP/1.1" status: 200 len: 1566 time: 0.0409214
2026-04-23 01:30:22.905 9 INFO neutron.wsgi [req-5a234701-d285-4a28-8c7c-4d91e7495d0f req-9382c2f6-6799-46f7-9953-3a427da7d21e 9a6a79e89edb49438e22b9cd985d8a87 8530f5d1750e47dda86fe21c2b8ff17c - - b40207c8c5154d35bfb0dddc2457a134 b40207c8c5154d35bfb0dddc2457a134] 199.204.45.244 "GET /v2.0/ports?network_id=c096c6cd-8aea-4909-ae49-8c4500f5fdf8&device_owner=network%3Adhcp HTTP/1.1" status: 200 len: 210 time: 0.0229080
2026-04-23 01:30:22.945 9 INFO neutron.wsgi [req-5a234701-d285-4a28-8c7c-4d91e7495d0f req-1ab458fe-cf33-4da5-8b91-8171774aa4be 9a6a79e89edb49438e22b9cd985d8a87 8530f5d1750e47dda86fe21c2b8ff17c - - b40207c8c5154d35bfb0dddc2457a134 b40207c8c5154d35bfb0dddc2457a134] 199.204.45.244 "GET /v2.0/ports?network_id=c096c6cd-8aea-4909-ae49-8c4500f5fdf8&device_owner=network%3Adhcp HTTP/1.1" status: 200 len: 210 time: 0.0257041
2026-04-23 01:30:22.998 9 INFO neutron.wsgi [req-5a234701-d285-4a28-8c7c-4d91e7495d0f req-13f508d0-1162-4232-9e3d-b84f78d4c59c 9a6a79e89edb49438e22b9cd985d8a87 8530f5d1750e47dda86fe21c2b8ff17c - - b40207c8c5154d35bfb0dddc2457a134 b40207c8c5154d35bfb0dddc2457a134] 199.204.45.244 "GET /v2.0/networks/c096c6cd-8aea-4909-ae49-8c4500f5fdf8?fields=segments HTTP/1.1" status: 200 len: 212 time: 0.0454745
2026-04-23 01:30:23.062 9 INFO neutron.wsgi [req-5a234701-d285-4a28-8c7c-4d91e7495d0f req-aea92425-97b1-43be-8bb2-0381c9625f90 9a6a79e89edb49438e22b9cd985d8a87 8530f5d1750e47dda86fe21c2b8ff17c - - b40207c8c5154d35bfb0dddc2457a134 b40207c8c5154d35bfb0dddc2457a134] 199.204.45.244 "GET /v2.0/networks/c096c6cd-8aea-4909-ae49-8c4500f5fdf8?fields=provider%3Aphysical_network&fields=provider%3Anetwork_type HTTP/1.1" status: 200 len: 277 time: 0.0581145
2026-04-23 01:30:23.137 9 INFO neutron.wsgi [req-a8c800cf-783b-4373-a561-436c378784de req-5be59ec0-e4da-41aa-a9e3-6412650fa3bd 9a6a79e89edb49438e22b9cd985d8a87 8530f5d1750e47dda86fe21c2b8ff17c - - b40207c8c5154d35bfb0dddc2457a134 b40207c8c5154d35bfb0dddc2457a134] 199.204.45.244 "GET /v2.0/ports?tenant_id=b0c869a3876047ed84a447f7c73a7bfe&device_id=ecb914b7-bcdf-460b-a710-80652dd45c9a HTTP/1.1" status: 200 len: 1640 time: 0.0317779
2026-04-23 01:30:23.204 9 INFO neutron.wsgi [req-a8c800cf-783b-4373-a561-436c378784de req-e7c7861b-a1e6-4a58-b82b-dd74f6818aba 9a6a79e89edb49438e22b9cd985d8a87 8530f5d1750e47dda86fe21c2b8ff17c - - b40207c8c5154d35bfb0dddc2457a134 b40207c8c5154d35bfb0dddc2457a134] 199.204.45.244 "GET /v2.0/networks?id=c096c6cd-8aea-4909-ae49-8c4500f5fdf8 HTTP/1.1" status: 200 len: 1003 time: 0.0604048
2026-04-23 01:30:23.239 9 INFO neutron.wsgi [req-a8c800cf-783b-4373-a561-436c378784de req-24401ee6-5fbc-47bb-b10a-ea11f327aad9 9a6a79e89edb49438e22b9cd985d8a87 8530f5d1750e47dda86fe21c2b8ff17c - - b40207c8c5154d35bfb0dddc2457a134 b40207c8c5154d35bfb0dddc2457a134] 199.204.45.244 "GET /v2.0/floatingips?fixed_ip_address=10.2.2.219&port_id=d0ccdcd9-1876-4522-9760-6a04103ff6c8 HTTP/1.1" status: 200 len: 217 time: 0.0264480
2026-04-23 01:30:23.258 9 INFO neutron.plugins.ml2.drivers.ovn.mech_driver.mech_driver [None req-18b6f71d-ec2c-4757-80ef-0f51bb9302b7 - - - - - -] OVN reports status up for port: d0ccdcd9-1876-4522-9760-6a04103ff6c8
2026-04-23 01:30:23.274 9 INFO neutron.wsgi [req-a8c800cf-783b-4373-a561-436c378784de req-c4ec0f5a-19e3-4e15-bac4-305076115b70 9a6a79e89edb49438e22b9cd985d8a87 8530f5d1750e47dda86fe21c2b8ff17c - - b40207c8c5154d35bfb0dddc2457a134 b40207c8c5154d35bfb0dddc2457a134] 199.204.45.244 "GET /v2.0/floatingips?fixed_ip_address=fd77%3A1457%3A4cf0%3A26a8%3A%3A34a&port_id=d0ccdcd9-1876-4522-9760-6a04103ff6c8 HTTP/1.1" status: 200 len: 217 time: 0.0296087
2026-04-23 01:30:23.303 9 INFO neutron.plugins.ml2.plugin [None req-18b6f71d-ec2c-4757-80ef-0f51bb9302b7 - - - - - -] Attempt 1 to provision port d0ccdcd9-1876-4522-9760-6a04103ff6c8
2026-04-23 01:30:23.327 9 INFO neutron.wsgi [req-a8c800cf-783b-4373-a561-436c378784de req-1ddce0fe-ef66-4fbe-bb0f-e95f8525c811 9a6a79e89edb49438e22b9cd985d8a87 8530f5d1750e47dda86fe21c2b8ff17c - - b40207c8c5154d35bfb0dddc2457a134 b40207c8c5154d35bfb0dddc2457a134] 199.204.45.244 "GET /v2.0/subnets?id=a85300ea-8ed7-44d0-8ef7-f417b1bd7bc6&id=6632ea92-8cb3-49f8-aaa3-b15573950bc7 HTTP/1.1" status: 200 len: 1566 time: 0.0487425
2026-04-23 01:30:23.349 9 INFO neutron.wsgi [req-a8c800cf-783b-4373-a561-436c378784de req-b538a24f-2244-4e66-b076-cefcb6e44c01 9a6a79e89edb49438e22b9cd985d8a87 8530f5d1750e47dda86fe21c2b8ff17c - - b40207c8c5154d35bfb0dddc2457a134 b40207c8c5154d35bfb0dddc2457a134] 199.204.45.244 "GET /v2.0/ports?network_id=c096c6cd-8aea-4909-ae49-8c4500f5fdf8&device_owner=network%3Adhcp HTTP/1.1" status: 200 len: 210 time: 0.0154185
2026-04-23 01:30:23.373 9 INFO neutron.wsgi [req-a8c800cf-783b-4373-a561-436c378784de req-420aebaf-ac0e-49b8-b713-0ad301993419 9a6a79e89edb49438e22b9cd985d8a87 8530f5d1750e47dda86fe21c2b8ff17c - - b40207c8c5154d35bfb0dddc2457a134 b40207c8c5154d35bfb0dddc2457a134] 199.204.45.244 "GET /v2.0/ports?network_id=c096c6cd-8aea-4909-ae49-8c4500f5fdf8&device_owner=network%3Adhcp HTTP/1.1" status: 200 len: 210 time: 0.0167706
2026-04-23 01:30:23.462 9 INFO neutron.wsgi [req-a8c800cf-783b-4373-a561-436c378784de req-ba620f23-285e-4da2-bb71-0c64794e6be1 9a6a79e89edb49438e22b9cd985d8a87 8530f5d1750e47dda86fe21c2b8ff17c - - b40207c8c5154d35bfb0dddc2457a134 b40207c8c5154d35bfb0dddc2457a134] 199.204.45.244 "GET /v2.0/networks/c096c6cd-8aea-4909-ae49-8c4500f5fdf8?fields=segments HTTP/1.1" status: 200 len: 212 time: 0.0789700
2026-04-23 01:30:23.543 9 INFO neutron.wsgi [req-a8c800cf-783b-4373-a561-436c378784de req-27415cc0-82ac-40a2-b500-8c6adf90f424 9a6a79e89edb49438e22b9cd985d8a87 8530f5d1750e47dda86fe21c2b8ff17c - - b40207c8c5154d35bfb0dddc2457a134 b40207c8c5154d35bfb0dddc2457a134] 199.204.45.244 "GET /v2.0/networks/c096c6cd-8aea-4909-ae49-8c4500f5fdf8?fields=provider%3Aphysical_network&fields=provider%3Anetwork_type HTTP/1.1" status: 200 len: 277 time: 0.0718529
2026-04-23 01:30:23.605 9 INFO neutron.db.ovn_revision_numbers_db [None req-18b6f71d-ec2c-4757-80ef-0f51bb9302b7 - - - - - -] Successfully bumped revision number for resource d0ccdcd9-1876-4522-9760-6a04103ff6c8 (type: ports) to 4
2026-04-23 01:30:24.785 9 INFO neutron.notifiers.nova [-] Nova event matching ['req-dc1edab1-086a-4fa4-b9d9-fd5e3adc9581'] response: {'server_uuid': 'ecb914b7-bcdf-460b-a710-80652dd45c9a', 'name': 'network-vif-plugged', 'status': 'completed', 'tag': 'd0ccdcd9-1876-4522-9760-6a04103ff6c8', 'code': 200}
2026-04-23 01:30:24.786 9 INFO neutron.notifiers.nova [-] Nova event matching ['req-dc1edab1-086a-4fa4-b9d9-fd5e3adc9581'] response: {'server_uuid': 'ecb914b7-bcdf-460b-a710-80652dd45c9a', 'name': 'network-vif-plugged', 'status': 'completed', 'tag': 'd0ccdcd9-1876-4522-9760-6a04103ff6c8', 'code': 200}
2026-04-23 01:30:25.698 10 INFO neutron.wsgi [req-066bbda2-bf63-403a-81d2-a4bb6613684a req-2057a163-f4d7-4a4d-9114-25b5a8f26a28 cdee5c14ad774fcb99f5cf3c1da0c73b b0c869a3876047ed84a447f7c73a7bfe - - default default] 10.0.0.14 "GET /v2.0/ports?device_id=ecb914b7-bcdf-460b-a710-80652dd45c9a HTTP/1.1" status: 200 len: 1404 time: 0.0860035
2026-04-23 01:30:25.742 10 INFO neutron.wsgi [req-066bbda2-bf63-403a-81d2-a4bb6613684a req-ffe6a904-8237-4c7e-8781-ec8b7a2d3ab2 cdee5c14ad774fcb99f5cf3c1da0c73b b0c869a3876047ed84a447f7c73a7bfe - - default default] 10.0.0.14 "GET /v2.0/security-groups?id=440e4ce1-756c-4f1d-bff7-70c094680ff5&fields=id&fields=name HTTP/1.1" status: 200 len: 311 time: 0.0364766
2026-04-23 01:30:25.830 10 INFO neutron.wsgi [None req-17af40bc-d8a1-400c-9ef6-c803221ebbba cdee5c14ad774fcb99f5cf3c1da0c73b b0c869a3876047ed84a447f7c73a7bfe - - default default] 10.0.0.104 "GET /v2.0/ports?network_id=c096c6cd-8aea-4909-ae49-8c4500f5fdf8&mac_address=fa%3A16%3A3e%3A5f%3A83%3Ac4 HTTP/1.1" status: 200 len: 1399 time: 0.0593779
2026-04-23 01:30:26.103 10 WARNING neutron.scheduler.dhcp_agent_scheduler [None req-40dc4dd8-35e0-4c3b-b2da-b7e3318dbe98 cdee5c14ad774fcb99f5cf3c1da0c73b b0c869a3876047ed84a447f7c73a7bfe - - default default] No more DHCP agents
2026-04-23 01:30:26.104 10 WARNING neutron.api.rpc.agentnotifiers.dhcp_rpc_agent_api [None req-40dc4dd8-35e0-4c3b-b2da-b7e3318dbe98 cdee5c14ad774fcb99f5cf3c1da0c73b b0c869a3876047ed84a447f7c73a7bfe - - default default] Unable to schedule network c2c20274-476f-4978-a5dc-5eb24dc41987: no agents available; will retry on subsequent port and subnet creation events.
2026-04-23 01:30:26.555 10 INFO neutron.db.l3_db [None req-40dc4dd8-35e0-4c3b-b2da-b7e3318dbe98 cdee5c14ad774fcb99f5cf3c1da0c73b b0c869a3876047ed84a447f7c73a7bfe - - default default] Floating IP 10e2b26f-971c-438b-8f17-06d6dc48ad76 associated. External IP: 10.96.250.215, port: d0ccdcd9-1876-4522-9760-6a04103ff6c8.
2026-04-23 01:30:26.767 10 INFO neutron.db.ovn_revision_numbers_db [None req-40dc4dd8-35e0-4c3b-b2da-b7e3318dbe98 cdee5c14ad774fcb99f5cf3c1da0c73b b0c869a3876047ed84a447f7c73a7bfe - - default default] Successfully bumped revision number for resource 10e2b26f-971c-438b-8f17-06d6dc48ad76 (type: floatingips) to 0
2026-04-23 01:30:26.877 10 INFO neutron.db.ovn_revision_numbers_db [None req-40dc4dd8-35e0-4c3b-b2da-b7e3318dbe98 cdee5c14ad774fcb99f5cf3c1da0c73b b0c869a3876047ed84a447f7c73a7bfe - - default default] Successfully bumped revision number for resource 10e2b26f-971c-438b-8f17-06d6dc48ad76 (type: floatingips) to 1
2026-04-23 01:30:26.915 10 INFO neutron.wsgi [None req-40dc4dd8-35e0-4c3b-b2da-b7e3318dbe98 cdee5c14ad774fcb99f5cf3c1da0c73b b0c869a3876047ed84a447f7c73a7bfe - - default default] 10.0.0.104 "POST /v2.0/floatingips HTTP/1.1" status: 201 len: 1054 time: 1.0778313
2026-04-23 01:30:26.960 10 INFO neutron.notifiers.nova [-] Nova event matching ['req-6dca1e6a-00b0-4bb8-8ef0-fe1d375a580c'] response: {'name': 'network-changed', 'server_uuid': 'ecb914b7-bcdf-460b-a710-80652dd45c9a', 'tag': 'd0ccdcd9-1876-4522-9760-6a04103ff6c8', 'status': 'completed', 'code': 200} /var/lib/openstack/lib/python3.10/site-packages/pycadf/identifier.py:71: UserWarning: Invalid uuid: neutron. To ensure interoperability, identifiers should be a valid uuid. warnings.warn(('Invalid uuid: %s. To ensure interoperability, '
2026-04-23 01:30:27.018 9 INFO neutron.wsgi [req-68d284a1-9110-4400-8964-5c4ada52071f req-26b09532-940e-4555-b11c-917adc7f62ee 9a6a79e89edb49438e22b9cd985d8a87 8530f5d1750e47dda86fe21c2b8ff17c - - b40207c8c5154d35bfb0dddc2457a134 b40207c8c5154d35bfb0dddc2457a134] 199.204.45.244 "GET /v2.0/ports?tenant_id=b0c869a3876047ed84a447f7c73a7bfe&device_id=ecb914b7-bcdf-460b-a710-80652dd45c9a HTTP/1.1" status: 200 len: 1642 time: 0.0374897
2026-04-23 01:30:27.109 9 INFO neutron.wsgi [req-68d284a1-9110-4400-8964-5c4ada52071f req-5b025a4c-fd51-437c-bdcb-a55950397033 9a6a79e89edb49438e22b9cd985d8a87 8530f5d1750e47dda86fe21c2b8ff17c - - b40207c8c5154d35bfb0dddc2457a134 b40207c8c5154d35bfb0dddc2457a134] 199.204.45.244 "GET /v2.0/networks?id=c096c6cd-8aea-4909-ae49-8c4500f5fdf8 HTTP/1.1" status: 200 len: 1003 time: 0.0852695
2026-04-23 01:30:27.166 9 INFO neutron.wsgi [req-68d284a1-9110-4400-8964-5c4ada52071f req-a15ddea2-003d-43a4-8d4e-f991953eccaa 9a6a79e89edb49438e22b9cd985d8a87 8530f5d1750e47dda86fe21c2b8ff17c - - b40207c8c5154d35bfb0dddc2457a134 b40207c8c5154d35bfb0dddc2457a134] 199.204.45.244 "GET /v2.0/floatingips?fixed_ip_address=10.2.2.219&port_id=d0ccdcd9-1876-4522-9760-6a04103ff6c8 HTTP/1.1" status: 200 len: 1059 time: 0.0531158
2026-04-23 01:30:27.201 9 INFO neutron.wsgi [req-68d284a1-9110-4400-8964-5c4ada52071f req-5d524fd3-eee1-4f2d-9308-9d5b1864e0ef 9a6a79e89edb49438e22b9cd985d8a87 8530f5d1750e47dda86fe21c2b8ff17c - - b40207c8c5154d35bfb0dddc2457a134 b40207c8c5154d35bfb0dddc2457a134] 199.204.45.244 "GET /v2.0/floatingips?fixed_ip_address=fd77%3A1457%3A4cf0%3A26a8%3A%3A34a&port_id=d0ccdcd9-1876-4522-9760-6a04103ff6c8 HTTP/1.1" status: 200 len: 217 time: 0.0306106
2026-04-23 01:30:27.241 9 INFO neutron.wsgi [req-68d284a1-9110-4400-8964-5c4ada52071f req-537a5cb9-9555-429d-a233-89d2a65f0f4c 9a6a79e89edb49438e22b9cd985d8a87 8530f5d1750e47dda86fe21c2b8ff17c - - b40207c8c5154d35bfb0dddc2457a134 b40207c8c5154d35bfb0dddc2457a134] 199.204.45.244 "GET /v2.0/subnets?id=a85300ea-8ed7-44d0-8ef7-f417b1bd7bc6&id=6632ea92-8cb3-49f8-aaa3-b15573950bc7 HTTP/1.1" status: 200 len: 1566 time: 0.0358884
2026-04-23 01:30:27.270 9 INFO neutron.wsgi [req-68d284a1-9110-4400-8964-5c4ada52071f req-d66f9444-515c-4f40-b0bd-2cddc3f88fa2 9a6a79e89edb49438e22b9cd985d8a87 8530f5d1750e47dda86fe21c2b8ff17c - - b40207c8c5154d35bfb0dddc2457a134 b40207c8c5154d35bfb0dddc2457a134] 199.204.45.244 "GET /v2.0/ports?network_id=c096c6cd-8aea-4909-ae49-8c4500f5fdf8&device_owner=network%3Adhcp HTTP/1.1" status: 200 len: 210 time: 0.0247874
2026-04-23 01:30:27.301 9 INFO neutron.wsgi [req-68d284a1-9110-4400-8964-5c4ada52071f req-8cf4c879-25a2-477d-a206-dc52db32b570 9a6a79e89edb49438e22b9cd985d8a87 8530f5d1750e47dda86fe21c2b8ff17c - - b40207c8c5154d35bfb0dddc2457a134 b40207c8c5154d35bfb0dddc2457a134] 199.204.45.244 "GET /v2.0/ports?network_id=c096c6cd-8aea-4909-ae49-8c4500f5fdf8&device_owner=network%3Adhcp HTTP/1.1" status: 200 len: 210 time: 0.0261190
2026-04-23 01:30:27.367 9 INFO neutron.wsgi [req-68d284a1-9110-4400-8964-5c4ada52071f req-c69f7892-1c4e-4046-aeed-229a67732483 9a6a79e89edb49438e22b9cd985d8a87 8530f5d1750e47dda86fe21c2b8ff17c - - b40207c8c5154d35bfb0dddc2457a134 b40207c8c5154d35bfb0dddc2457a134] 199.204.45.244 "GET /v2.0/networks/c096c6cd-8aea-4909-ae49-8c4500f5fdf8?fields=segments HTTP/1.1" status: 200 len: 212 time: 0.0622063
2026-04-23 01:30:27.438 9 INFO neutron.wsgi [req-68d284a1-9110-4400-8964-5c4ada52071f req-9d7958b8-1c03-4bae-a1a7-d587e7459a0a 9a6a79e89edb49438e22b9cd985d8a87 8530f5d1750e47dda86fe21c2b8ff17c - - b40207c8c5154d35bfb0dddc2457a134 b40207c8c5154d35bfb0dddc2457a134] 199.204.45.244 "GET /v2.0/networks/c096c6cd-8aea-4909-ae49-8c4500f5fdf8?fields=provider%3Aphysical_network&fields=provider%3Anetwork_type HTTP/1.1" status: 200 len: 277 time: 0.0664494
2026-04-23 01:30:28.232 9 INFO neutron.wsgi [req-12d77bb8-b616-47c4-a451-df29b823be00 req-9a2b9ee8-fb86-412f-9565-53d822a511c1 9a6a79e89edb49438e22b9cd985d8a87 8530f5d1750e47dda86fe21c2b8ff17c - - b40207c8c5154d35bfb0dddc2457a134 b40207c8c5154d35bfb0dddc2457a134] 10.0.0.243 "GET /v2.0/ports?device_id=ee820d67-7c07-41f3-a917-a746c0f5b46d HTTP/1.1" status: 200 len: 1638 time: 0.3301859
2026-04-23 01:30:28.280 9 INFO neutron.wsgi [req-12d77bb8-b616-47c4-a451-df29b823be00 req-833fca82-d726-4bff-a7ff-64d0a4cedff6 9a6a79e89edb49438e22b9cd985d8a87 8530f5d1750e47dda86fe21c2b8ff17c - - b40207c8c5154d35bfb0dddc2457a134 b40207c8c5154d35bfb0dddc2457a134] 10.0.0.243 "GET /v2.0/security-groups?id=440e4ce1-756c-4f1d-bff7-70c094680ff5&fields=id&fields=name HTTP/1.1" status: 200 len: 311 time: 0.0405352
2026-04-23 01:30:35.775 10 INFO neutron.wsgi [-] 10.0.0.121 "GET / HTTP/1.1" status: 200 len: 247 time: 0.0021677
2026-04-23 01:30:35.778 10 INFO neutron.wsgi [-] 10.0.0.121 "GET / HTTP/1.1" status: 200 len: 247 time: 0.0012333
2026-04-23 01:30:36.855 9 INFO neutron.wsgi [req-e6b2bdb1-4951-413f-ad28-09d64c66948f req-863effea-346f-4385-82a8-8c0778f60cc7 9a6a79e89edb49438e22b9cd985d8a87 8530f5d1750e47dda86fe21c2b8ff17c - - b40207c8c5154d35bfb0dddc2457a134 b40207c8c5154d35bfb0dddc2457a134] 10.0.0.243 "GET /v2.0/ports?device_id=ecb914b7-bcdf-460b-a710-80652dd45c9a HTTP/1.1" status: 200 len: 1642 time: 0.0335293
2026-04-23 01:30:36.899 9 INFO neutron.wsgi [req-e6b2bdb1-4951-413f-ad28-09d64c66948f req-b931e11c-c775-488d-b474-ff2b01afe60d 9a6a79e89edb49438e22b9cd985d8a87 8530f5d1750e47dda86fe21c2b8ff17c - - b40207c8c5154d35bfb0dddc2457a134 b40207c8c5154d35bfb0dddc2457a134] 10.0.0.243 "GET /v2.0/security-groups?id=440e4ce1-756c-4f1d-bff7-70c094680ff5&fields=id&fields=name HTTP/1.1" status: 200 len: 311 time: 0.0358241
2026-04-23 01:30:39.218 9 INFO neutron.wsgi [req-ff9e68cb-5eda-433d-976e-ddac24ccdc49 req-73d6cdc2-be71-49e1-ac8a-2dea16aa0529 9a6a79e89edb49438e22b9cd985d8a87 8530f5d1750e47dda86fe21c2b8ff17c - - b40207c8c5154d35bfb0dddc2457a134 b40207c8c5154d35bfb0dddc2457a134] 199.204.45.244 "GET /v2.0/ports?device_id=ee820d67-7c07-41f3-a917-a746c0f5b46d&fields=binding%3Ahost_id&fields=binding%3Avif_type HTTP/1.1" status: 200 len: 265 time: 0.0330648
2026-04-23 01:30:39.301 9 INFO neutron.wsgi [req-ff9e68cb-5eda-433d-976e-ddac24ccdc49 req-a23ee0f9-c461-4fb6-a68e-bfd0e71be267 9a6a79e89edb49438e22b9cd985d8a87 8530f5d1750e47dda86fe21c2b8ff17c - - b40207c8c5154d35bfb0dddc2457a134 b40207c8c5154d35bfb0dddc2457a134] 199.204.45.244 "GET /v2.0/ports?tenant_id=b0c869a3876047ed84a447f7c73a7bfe&device_id=ee820d67-7c07-41f3-a917-a746c0f5b46d HTTP/1.1" status: 200 len: 1638 time: 0.0325577
2026-04-23 01:30:39.378 9 INFO neutron.wsgi [req-ff9e68cb-5eda-433d-976e-ddac24ccdc49 req-f3755d32-e97b-4c95-8319-0ad84a3c8cd8 9a6a79e89edb49438e22b9cd985d8a87 8530f5d1750e47dda86fe21c2b8ff17c - - b40207c8c5154d35bfb0dddc2457a134 b40207c8c5154d35bfb0dddc2457a134] 199.204.45.244 "GET /v2.0/networks?id=afc5b15a-5d0d-4b66-bbf9-02d04c05ee22 HTTP/1.1" status: 200 len: 1003 time: 0.0501983
2026-04-23 01:30:39.428 9 INFO neutron.wsgi [req-ff9e68cb-5eda-433d-976e-ddac24ccdc49 req-aa0a83c1-2232-475f-9e65-d34b59b40d72 9a6a79e89edb49438e22b9cd985d8a87 8530f5d1750e47dda86fe21c2b8ff17c - - b40207c8c5154d35bfb0dddc2457a134 b40207c8c5154d35bfb0dddc2457a134] 199.204.45.244 "GET /v2.0/floatingips?fixed_ip_address=10.2.1.143&port_id=dabcf8b2-c7e2-465a-9dc5-fdf28a6618df HTTP/1.1" status: 200 len: 1059 time: 0.0427454
2026-04-23 01:30:39.458 9 INFO neutron.wsgi [req-ff9e68cb-5eda-433d-976e-ddac24ccdc49 req-15169605-4a6a-44ba-98f0-90ad2e548928 9a6a79e89edb49438e22b9cd985d8a87 8530f5d1750e47dda86fe21c2b8ff17c - - b40207c8c5154d35bfb0dddc2457a134 b40207c8c5154d35bfb0dddc2457a134] 199.204.45.244 "GET /v2.0/floatingips?fixed_ip_address=fd7b%3Af9f7%3Afff%3A4eca%3A%3A2f5&port_id=dabcf8b2-c7e2-465a-9dc5-fdf28a6618df HTTP/1.1" status: 200 len: 217 time: 0.0229046
2026-04-23 01:30:39.495 9 INFO neutron.wsgi [req-ff9e68cb-5eda-433d-976e-ddac24ccdc49 req-d3607147-e6f0-4595-94bb-0bffbe3844ac 9a6a79e89edb49438e22b9cd985d8a87 8530f5d1750e47dda86fe21c2b8ff17c - - b40207c8c5154d35bfb0dddc2457a134 b40207c8c5154d35bfb0dddc2457a134] 199.204.45.244 "GET /v2.0/subnets?id=5e920a89-f400-40d3-822b-9d21f305fbe1&id=12b70001-6d6d-47fb-9e83-ab80e83a2c28 HTTP/1.1" status: 200 len: 1562 time: 0.0296452
2026-04-23 01:30:39.523 9 INFO neutron.wsgi [req-ff9e68cb-5eda-433d-976e-ddac24ccdc49 req-fa5a8b06-21c2-4c57-ab50-8f002c436482 9a6a79e89edb49438e22b9cd985d8a87 8530f5d1750e47dda86fe21c2b8ff17c - - b40207c8c5154d35bfb0dddc2457a134 b40207c8c5154d35bfb0dddc2457a134] 199.204.45.244 "GET /v2.0/ports?network_id=afc5b15a-5d0d-4b66-bbf9-02d04c05ee22&device_owner=network%3Adhcp HTTP/1.1" status: 200 len: 210 time: 0.0215054
2026-04-23 01:30:39.555 9 INFO neutron.wsgi [req-ff9e68cb-5eda-433d-976e-ddac24ccdc49 req-3a0208db-3399-4838-9828-fd5f6a71c7b0 9a6a79e89edb49438e22b9cd985d8a87 8530f5d1750e47dda86fe21c2b8ff17c - - b40207c8c5154d35bfb0dddc2457a134 b40207c8c5154d35bfb0dddc2457a134] 199.204.45.244 "GET /v2.0/ports?network_id=afc5b15a-5d0d-4b66-bbf9-02d04c05ee22&device_owner=network%3Adhcp HTTP/1.1" status: 200 len: 210 time: 0.0234611
2026-04-23 01:30:39.640 9 INFO neutron.wsgi [req-ff9e68cb-5eda-433d-976e-ddac24ccdc49 req-fa8e109f-c061-41c7-a432-eed214bb10a1 9a6a79e89edb49438e22b9cd985d8a87 8530f5d1750e47dda86fe21c2b8ff17c - - b40207c8c5154d35bfb0dddc2457a134 b40207c8c5154d35bfb0dddc2457a134] 199.204.45.244 "GET /v2.0/networks/afc5b15a-5d0d-4b66-bbf9-02d04c05ee22?fields=segments HTTP/1.1" status: 200 len: 212 time: 0.0712712
2026-04-23 01:30:39.728 9 INFO neutron.wsgi [req-ff9e68cb-5eda-433d-976e-ddac24ccdc49 req-dde3968b-5015-43a1-90fc-372b40a512bd 9a6a79e89edb49438e22b9cd985d8a87 8530f5d1750e47dda86fe21c2b8ff17c - - b40207c8c5154d35bfb0dddc2457a134 b40207c8c5154d35bfb0dddc2457a134] 199.204.45.244 "GET /v2.0/networks/afc5b15a-5d0d-4b66-bbf9-02d04c05ee22?fields=provider%3Aphysical_network&fields=provider%3Anetwork_type HTTP/1.1" status: 200 len: 277 time: 0.0808480
2026-04-23 01:30:40.814 9 INFO neutron.wsgi [None req-ef51e5c1-c439-4470-b2db-a2b9417c370f d65304185af8467daa45bc8fc09ba511 94fc1cc94233494b9446499a49450683 - - default default] 10.0.0.104 "GET /v2.0/subnets/28579086-d8ff-45bf-a596-50e501e06a1f HTTP/1.1" status: 200 len: 845 time: 0.0263276
2026-04-23 01:30:41.499 9 INFO neutron.wsgi [None req-334c6fb7-d75d-4d1b-883a-8861a674c4d1 cd81f69b4ce340d986ae745d7df160e7 e5935aaa7e3d4ea5822540b817340386 - - default default] 10.0.0.123 "GET /v2.0/extensions/security-group HTTP/1.1" status: 200 len: 369 time: 0.1629000
2026-04-23 01:30:41.507 9 INFO neutron.wsgi [None req-21f98433-1cda-4cf7-8242-5dba68a04451 cd81f69b4ce340d986ae745d7df160e7 e5935aaa7e3d4ea5822540b817340386 - - default default] 10.0.0.123 "GET /v2.0/extensions/dns-integration HTTP/1.1" status: 200 len: 371 time: 0.0032170
2026-04-23 01:30:41.515 9 INFO neutron.wsgi [None req-28435180-e9e2-4b83-9138-ae44b5441851 cd81f69b4ce340d986ae745d7df160e7 e5935aaa7e3d4ea5822540b817340386 - - default default] 10.0.0.123 "GET /v2.0/extensions/qos HTTP/1.1" status: 200 len: 365 time: 0.0048490
2026-04-23 01:30:41.525 9 INFO neutron.wsgi [None req-96fb6a9b-a243-432a-88a0-f4667ca7d17c cd81f69b4ce340d986ae745d7df160e7 e5935aaa7e3d4ea5822540b817340386 - - default default] 10.0.0.123 "GET /v2.0/extensions/allowed-address-pairs HTTP/1.1" status: 200 len: 383 time: 0.0047660
2026-04-23 01:30:42.050 10 INFO neutron.wsgi [-] 10.0.0.123 "GET / HTTP/1.1" status: 200 len: 284 time: 0.0024664
2026-04-23 01:30:42.090 10 INFO neutron.wsgi [None req-c7b1a111-1b04-4490-9e68-b8fd62429d57 cdee5c14ad774fcb99f5cf3c1da0c73b b0c869a3876047ed84a447f7c73a7bfe - - default default] 10.0.0.123 "GET /v2.0/subnets/28579086-d8ff-45bf-a596-50e501e06a1f HTTP/1.1" status: 200 len: 832 time: 0.0358505
2026-04-23 01:30:42.107 9 INFO neutron.wsgi [None req-45fccc8f-8f1f-46ed-9ea8-85771641c642 cd81f69b4ce340d986ae745d7df160e7 e5935aaa7e3d4ea5822540b817340386 - - default default] 10.0.0.123 "GET /v2.0/extensions/security-group HTTP/1.1" status: 200 len: 369 time: 0.0073311
2026-04-23 01:30:42.116 9 INFO neutron.wsgi [None req-9b3bca4b-9faa-4422-b11b-16c896fc5854 cd81f69b4ce340d986ae745d7df160e7 e5935aaa7e3d4ea5822540b817340386 - - default default] 10.0.0.123 "GET /v2.0/extensions/dns-integration HTTP/1.1" status: 200 len: 371 time: 0.0040581
2026-04-23 01:30:42.125 9 INFO neutron.wsgi [None req-94980919-967a-4672-a637-2863791e3b51 cd81f69b4ce340d986ae745d7df160e7 e5935aaa7e3d4ea5822540b817340386 - - default default] 10.0.0.123 "GET /v2.0/extensions/qos HTTP/1.1" status: 200 len: 365 time: 0.0040936
2026-04-23 01:30:42.134 9 INFO neutron.wsgi [None req-aa2521ac-d381-4eb5-b2e7-9ba81f61b0b3 cd81f69b4ce340d986ae745d7df160e7 e5935aaa7e3d4ea5822540b817340386 - - default default] 10.0.0.123 "GET /v2.0/extensions/allowed-address-pairs HTTP/1.1" status: 200 len: 383 time: 0.0041490
2026-04-23 01:30:42.169 9 INFO neutron.wsgi [None req-296ea5e3-d237-46ed-823d-6ecdb667aec1 cd81f69b4ce340d986ae745d7df160e7 e5935aaa7e3d4ea5822540b817340386 - - default default] 10.0.0.123 "GET /v2.0/subnets/28579086-d8ff-45bf-a596-50e501e06a1f HTTP/1.1" status: 200 len: 850 time: 0.0279832
2026-04-23 01:30:42.366 9 INFO neutron.wsgi [None req-e41f8300-1dc0-4d92-a50e-ec1f337776cb cd81f69b4ce340d986ae745d7df160e7 e5935aaa7e3d4ea5822540b817340386 - - default default] 10.0.0.123 "GET /v2.0/extensions/security-group HTTP/1.1" status: 200 len: 369 time: 0.0073080
2026-04-23 01:30:42.374 9 INFO neutron.wsgi [None req-f53b7b96-365d-434d-8d97-41e73fab18f5 cd81f69b4ce340d986ae745d7df160e7 e5935aaa7e3d4ea5822540b817340386 - - default default] 10.0.0.123 "GET /v2.0/extensions/dns-integration HTTP/1.1" status: 200 len: 371 time: 0.0038784
2026-04-23 01:30:42.384 9 INFO neutron.wsgi [None req-02122b51-4b9d-4137-9e87-8935facfe9e2 cd81f69b4ce340d986ae745d7df160e7 e5935aaa7e3d4ea5822540b817340386 - - default default] 10.0.0.123 "GET /v2.0/extensions/qos HTTP/1.1" status: 200 len: 365 time: 0.0053267
2026-04-23 01:30:42.393 9 INFO neutron.wsgi [None req-ed149b6f-e57a-4496-979b-538b6cecd359 cd81f69b4ce340d986ae745d7df160e7 e5935aaa7e3d4ea5822540b817340386 - - default default] 10.0.0.123 "GET /v2.0/extensions/allowed-address-pairs HTTP/1.1" status: 200 len: 383 time: 0.0042474
2026-04-23 01:30:42.459 9 INFO neutron.wsgi [None req-e1f66785-55c4-4be1-8390-77a2a642471d cd81f69b4ce340d986ae745d7df160e7 e5935aaa7e3d4ea5822540b817340386 - - default default] 10.0.0.123 "GET /v2.0/networks/00c65d46-af8b-4815-9772-a961d4d71058 HTTP/1.1" status: 200 len: 1002 time: 0.0568137
2026-04-23 01:30:42.472 9 INFO neutron.wsgi [None req-af99e07f-4bcb-4be2-baf1-c6c73c0781ef cd81f69b4ce340d986ae745d7df160e7 e5935aaa7e3d4ea5822540b817340386 - - default default] 10.0.0.123 "GET /v2.0/extensions/project-id HTTP/1.1" status: 200 len: 403 time: 0.0050609
2026-04-23 01:30:42.547 10 INFO neutron.wsgi [None req-4561d089-8cfb-4fb7-a2ab-2eb7f3dd1301 cd81f69b4ce340d986ae745d7df160e7 e5935aaa7e3d4ea5822540b817340386 - - default default] 10.0.0.139 "GET /v2.0/subnets HTTP/1.1" status: 200 len: 5496 time: 0.1078641
2026-04-23 01:30:42.593 10 INFO neutron.wsgi [None req-9d52e68d-b895-4ff2-8721-cd60b0fffede cd81f69b4ce340d986ae745d7df160e7 e5935aaa7e3d4ea5822540b817340386 - - default default] 10.0.0.139 "GET /v2.0/ports HTTP/1.1" status: 200 len: 17583 time: 0.0438094
2026-04-23 01:30:42.622 10 INFO neutron.wsgi [None req-2916f351-e8ac-4818-ba05-50c4eff5c8cd cd81f69b4ce340d986ae745d7df160e7 e5935aaa7e3d4ea5822540b817340386 - - default default] 10.0.0.139 "GET /v2.0/agents HTTP/1.1" status: 200 len: 997 time: 0.0160792
2026-04-23 01:30:42.661 10 INFO neutron.wsgi [None req-0cbd3526-e841-48ee-be18-567dd1be486d cd81f69b4ce340d986ae745d7df160e7 e5935aaa7e3d4ea5822540b817340386 - - default default] 10.0.0.139 "GET /v2.0/floatingips HTTP/1.1" status: 200 len: 1879 time: 0.0362360
2026-04-23 01:30:42.732 10 INFO neutron.wsgi [None req-62ae9d48-953f-4c77-90cb-c29768752f69 cd81f69b4ce340d986ae745d7df160e7 e5935aaa7e3d4ea5822540b817340386 - - default default] 10.0.0.139 "GET /v2.0/networks HTTP/1.1" status: 200 len: 4722 time: 0.0693302
2026-04-23 01:30:42.807 10 INFO neutron.wsgi [None req-dd1b5800-232d-4e79-9e84-1c5e10bc7a42 cd81f69b4ce340d986ae745d7df160e7 e5935aaa7e3d4ea5822540b817340386 - - default default] 10.0.0.139 "GET /v2.0/security-groups HTTP/1.1" status: 200 len: 27528 time: 0.0715756
2026-04-23 01:30:42.844 9 WARNING neutron.scheduler.dhcp_agent_scheduler [None req-ef349065-dada-4262-b8a2-c2678945b822 cd81f69b4ce340d986ae745d7df160e7 e5935aaa7e3d4ea5822540b817340386 - - default default] No more DHCP agents
2026-04-23 01:30:42.846 9 WARNING neutron.api.rpc.agentnotifiers.dhcp_rpc_agent_api [None req-ef349065-dada-4262-b8a2-c2678945b822 cd81f69b4ce340d986ae745d7df160e7 e5935aaa7e3d4ea5822540b817340386 - - default default] Unable to schedule network 00c65d46-af8b-4815-9772-a961d4d71058: no agents available; will retry on subsequent port and subnet creation events.
2026-04-23 01:30:42.911 10 INFO neutron.wsgi [None req-f7c87f1b-313a-46f2-a4b3-05acdba481e4 cd81f69b4ce340d986ae745d7df160e7 e5935aaa7e3d4ea5822540b817340386 - - default default] 10.0.0.139 "GET /v2.0/routers HTTP/1.1" status: 200 len: 850 time: 0.0995538
2026-04-23 01:30:42.921 10 INFO neutron.wsgi [None req-5cdb570e-3c73-454b-bc9d-573fdb8e8ba1 cd81f69b4ce340d986ae745d7df160e7 e5935aaa7e3d4ea5822540b817340386 - - default default] 10.0.0.139 "GET /v2.0/agents?binary=ovn-controller HTTP/1.1" status: 200 len: 591 time: 0.0098011
2026-04-23 01:30:42.934 10 INFO neutron.wsgi [None req-1cf2e179-a338-49c8-a835-1d1ce30df9f8 cd81f69b4ce340d986ae745d7df160e7 e5935aaa7e3d4ea5822540b817340386 - - default default] 10.0.0.139 "GET /v2.0/network-ip-availabilities HTTP/1.1" status: 200 len: 3364 time: 0.0122061
2026-04-23 01:30:42.974 10 INFO neutron.wsgi [None req-5ca46e81-8ad9-434b-873c-b4c472a8dcc8 cd81f69b4ce340d986ae745d7df160e7 e5935aaa7e3d4ea5822540b817340386 - - default default] 10.0.0.139 "GET /v2.0/subnets HTTP/1.1" status: 200 len: 5496 time: 0.0374854
2026-04-23 01:30:42.994 10 INFO neutron.wsgi [None req-ac7438fa-d6fd-4985-967a-758f53c9a050 cd81f69b4ce340d986ae745d7df160e7 e5935aaa7e3d4ea5822540b817340386 - - default default] 10.0.0.139 "GET /v2.0/subnetpools HTTP/1.1" status: 200 len: 193 time: 0.0156262
2026-04-23 01:30:43.009 9 INFO neutron.db.ovn_revision_numbers_db [None req-ef349065-dada-4262-b8a2-c2678945b822 cd81f69b4ce340d986ae745d7df160e7 e5935aaa7e3d4ea5822540b817340386 - - default default] Successfully bumped revision number for resource 326f5a66-8f10-421b-8f8f-ebaaf406a5ac (type: ports) to 1
2026-04-23 01:30:43.028 9 INFO neutron.wsgi [None req-ef349065-dada-4262-b8a2-c2678945b822 cd81f69b4ce340d986ae745d7df160e7 e5935aaa7e3d4ea5822540b817340386 - - default default] 10.0.0.123 "POST /v2.0/ports HTTP/1.1" status: 201 len: 1337 time: 0.5513737
2026-04-23 01:30:44.395 10 INFO neutron.wsgi [None req-ab38ac66-83ee-422d-941f-7d8b1023eb7d cd81f69b4ce340d986ae745d7df160e7 e5935aaa7e3d4ea5822540b817340386 - - default default] 199.204.45.244 "GET /v2.0/extensions/security-group HTTP/1.1" status: 200 len: 369 time: 0.0433135
2026-04-23 01:30:44.406 10 INFO neutron.wsgi [None req-396f2e55-0f19-4d72-a757-d396e864b9c0 cd81f69b4ce340d986ae745d7df160e7 e5935aaa7e3d4ea5822540b817340386 - - default default] 199.204.45.244 "GET /v2.0/extensions/dns-integration HTTP/1.1" status: 200 len: 371 time: 0.0042543
2026-04-23 01:30:44.413 10 INFO neutron.wsgi [None req-986ee696-4bf1-42cd-a700-07ccaa504930 cd81f69b4ce340d986ae745d7df160e7 e5935aaa7e3d4ea5822540b817340386 - - default default] 199.204.45.244 "GET /v2.0/extensions/qos HTTP/1.1" status: 200 len: 365 time: 0.0038459
2026-04-23 01:30:44.422 10 INFO neutron.wsgi [None req-a42c4099-df0f-4b8a-96d7-5bb6b808df5d cd81f69b4ce340d986ae745d7df160e7 e5935aaa7e3d4ea5822540b817340386 - - default default] 199.204.45.244 "GET /v2.0/extensions/allowed-address-pairs HTTP/1.1" status: 200 len: 383 time: 0.0044413
2026-04-23 01:30:44.459 10 INFO neutron.wsgi [None req-55d4ae03-a46e-4445-925c-28041f82953a cd81f69b4ce340d986ae745d7df160e7 e5935aaa7e3d4ea5822540b817340386 - - default default] 199.204.45.244 "GET /v2.0/ports/326f5a66-8f10-421b-8f8f-ebaaf406a5ac HTTP/1.1" status: 200 len: 1332 time: 0.0271225
2026-04-23 01:30:44.552 10 INFO neutron.wsgi [None req-f97389d6-f9bf-4937-bdc9-fb9226d253fb cd81f69b4ce340d986ae745d7df160e7 e5935aaa7e3d4ea5822540b817340386 - - default default] 199.204.45.244 "GET /v2.0/extensions/security-group HTTP/1.1" status: 200 len: 369 time: 0.0075159
2026-04-23 01:30:44.560 10 INFO neutron.wsgi [None req-b5aed540-f5fa-4d50-b571-1e58467a946a cd81f69b4ce340d986ae745d7df160e7 e5935aaa7e3d4ea5822540b817340386 - - default default] 199.204.45.244 "GET /v2.0/extensions/dns-integration HTTP/1.1" status: 200 len: 371 time: 0.0038764
2026-04-23 01:30:44.567 10 INFO neutron.wsgi [None req-800ec716-d10c-4b9a-8129-4f7d211e5c05 cd81f69b4ce340d986ae745d7df160e7 e5935aaa7e3d4ea5822540b817340386 - - default default] 199.204.45.244 "GET /v2.0/extensions/qos HTTP/1.1" status: 200 len: 365 time: 0.0037348
2026-04-23 01:30:44.576 10 INFO neutron.wsgi [None req-ca796019-ee79-4289-aece-c8827dadf084 cd81f69b4ce340d986ae745d7df160e7 e5935aaa7e3d4ea5822540b817340386 - - default default] 199.204.45.244 "GET /v2.0/extensions/allowed-address-pairs HTTP/1.1" status: 200 len: 383 time: 0.0045013
2026-04-23 01:30:44.608 10 INFO neutron.wsgi [None req-a367b4ee-da2b-4f44-b60d-f1a38a6fd129 cd81f69b4ce340d986ae745d7df160e7 e5935aaa7e3d4ea5822540b817340386 - - default default] 199.204.45.244 "GET /v2.0/security-groups?name=lb-a2ce800a-ee9d-434c-a94b-0954ad854001 HTTP/1.1" status: 200 len: 221 time: 0.0267885
2026-04-23 01:30:44.704 10 INFO neutron.db.ovn_revision_numbers_db [None req-0f60c485-08a0-4647-8a0a-ce46cf751420 cd81f69b4ce340d986ae745d7df160e7 e5935aaa7e3d4ea5822540b817340386 - - default default] Successfully bumped revision number for resource 5ed01e4f-da21-4598-9292-9b0df889116b (type: security_groups) to 1
2026-04-23 01:30:44.719 10 INFO neutron.db.ovn_revision_numbers_db [None req-0f60c485-08a0-4647-8a0a-ce46cf751420 cd81f69b4ce340d986ae745d7df160e7 e5935aaa7e3d4ea5822540b817340386 - - default default] Successfully bumped revision number for resource b9fa0e40-aeb6-4bf1-86da-32cbd012e8bd (type: security_group_rules) to 0
2026-04-23 01:30:44.734 10 INFO neutron.db.ovn_revision_numbers_db [None req-0f60c485-08a0-4647-8a0a-ce46cf751420 cd81f69b4ce340d986ae745d7df160e7 e5935aaa7e3d4ea5822540b817340386 - - default default] Successfully bumped revision number for resource ecd9b99c-460c-4130-b207-cde2a4a40990 (type: security_group_rules) to 0
2026-04-23 01:30:44.754 10 INFO neutron.wsgi [None req-0f60c485-08a0-4647-8a0a-ce46cf751420 cd81f69b4ce340d986ae745d7df160e7 e5935aaa7e3d4ea5822540b817340386 - - default default] 199.204.45.244 "POST /v2.0/security-groups HTTP/1.1" status: 201 len: 1779 time: 0.1400461
2026-04-23 01:30:44.786 10 INFO neutron.wsgi [None req-ccaa27a2-3365-4179-a7d1-7870fb0d696b cd81f69b4ce340d986ae745d7df160e7 e5935aaa7e3d4ea5822540b817340386 - - default default] 199.204.45.244 "GET /v2.0/security-group-rules?security_group_id=5ed01e4f-da21-4598-9292-9b0df889116b HTTP/1.1" status: 200 len: 1318 time: 0.0254488
2026-04-23 01:30:45.130 10 INFO neutron.db.ovn_revision_numbers_db [None req-2f843a73-27e3-48d5-b493-7276810ccf3f cd81f69b4ce340d986ae745d7df160e7 e5935aaa7e3d4ea5822540b817340386 - - default default] Successfully bumped revision number for resource 326f5a66-8f10-421b-8f8f-ebaaf406a5ac (type: ports) to 2
2026-04-23 01:30:45.138 10 INFO neutron.wsgi [None req-2f843a73-27e3-48d5-b493-7276810ccf3f cd81f69b4ce340d986ae745d7df160e7 e5935aaa7e3d4ea5822540b817340386 - - default default] 199.204.45.244 "PUT /v2.0/ports/326f5a66-8f10-421b-8f8f-ebaaf406a5ac HTTP/1.1" status: 200 len: 1332 time: 0.3442893 /var/lib/openstack/lib/python3.10/site-packages/pycadf/identifier.py:71: UserWarning: Invalid uuid: neutron. To ensure interoperability, identifiers should be a valid uuid. warnings.warn(('Invalid uuid: %s. To ensure interoperability, '
2026-04-23 01:30:45.154 10 INFO neutron.wsgi [None req-1e612430-1158-42ed-906e-9ab339582438 cd81f69b4ce340d986ae745d7df160e7 e5935aaa7e3d4ea5822540b817340386 - - default default] 199.204.45.244 "GET /v2.0/extensions/security-group HTTP/1.1" status: 200 len: 369 time: 0.0050621
2026-04-23 01:30:45.162 10 INFO neutron.wsgi [None req-e88330e1-1687-4b09-aa76-f3d59d7046ea cd81f69b4ce340d986ae745d7df160e7 e5935aaa7e3d4ea5822540b817340386 - - default default] 199.204.45.244 "GET /v2.0/extensions/dns-integration HTTP/1.1" status: 200 len: 371 time: 0.0041811
2026-04-23 01:30:45.171 10 INFO neutron.wsgi [None req-d3a48f30-0ba3-41fb-a3a2-f0bd4efd16b8 cd81f69b4ce340d986ae745d7df160e7 e5935aaa7e3d4ea5822540b817340386 - - default default] 199.204.45.244 "GET /v2.0/extensions/qos HTTP/1.1" status: 200 len: 365 time: 0.0045009
2026-04-23 01:30:45.179 10 INFO neutron.wsgi [None req-1a908ed6-ccbd-4925-a4d6-45c0e5b90b6c cd81f69b4ce340d986ae745d7df160e7 e5935aaa7e3d4ea5822540b817340386 - - default default] 199.204.45.244 "GET /v2.0/extensions/allowed-address-pairs HTTP/1.1" status: 200 len: 383 time: 0.0043309
2026-04-23 01:30:45.212 10 INFO neutron.wsgi [None req-843cbde0-49ac-4f7e-8d48-348df6ce8792 cd81f69b4ce340d986ae745d7df160e7 e5935aaa7e3d4ea5822540b817340386 - - default default] 199.204.45.244 "GET /v2.0/subnets/28579086-d8ff-45bf-a596-50e501e06a1f HTTP/1.1" status: 200 len: 850 time: 0.0277233
2026-04-23 01:30:50.775 10 INFO neutron.wsgi [-] 10.0.0.121 "GET / HTTP/1.1" status: 200 len: 247 time: 0.0024285
2026-04-23 01:30:50.775 9 INFO neutron.wsgi [-] 10.0.0.121 "GET / HTTP/1.1" status: 200 len: 247 time: 0.0028226
2026-04-23 01:30:52.450 10 INFO neutron.wsgi [req-c966c2cd-74d3-4dd7-b49a-0ab6c67e4588 req-c63ba351-911f-4e1a-9b4c-a4ad7396a523 cd81f69b4ce340d986ae745d7df160e7 e5935aaa7e3d4ea5822540b817340386 - - default default] 10.0.0.14 "GET /v2.0/security-groups?id=5ea4897e-d275-420e-aae7-9026b999b1c5&fields=id HTTP/1.1" status: 200 len: 267 time: 0.0377135
2026-04-23 01:30:52.524 10 INFO neutron.wsgi [req-c966c2cd-74d3-4dd7-b49a-0ab6c67e4588 req-dccafbf7-197d-417b-8c11-facfe0d9b67d cd81f69b4ce340d986ae745d7df160e7 e5935aaa7e3d4ea5822540b817340386 - - default default] 10.0.0.14 "GET /v2.0/networks?id=e2743592-0b6d-4719-b368-2f9109d080c7 HTTP/1.1" status: 200 len: 937 time: 0.0670128
2026-04-23 01:30:52.544 10 INFO neutron.wsgi [req-c966c2cd-74d3-4dd7-b49a-0ab6c67e4588 req-88a251a8-9bf5-4a8e-9a77-c06ac0b46d09 cd81f69b4ce340d986ae745d7df160e7 e5935aaa7e3d4ea5822540b817340386 - - default default] 10.0.0.14 "GET /v2.0/quotas/e5935aaa7e3d4ea5822540b817340386 HTTP/1.1" status: 200 len: 385 time: 0.0129659
2026-04-23 01:30:52.606 10 INFO neutron.wsgi [req-c966c2cd-74d3-4dd7-b49a-0ab6c67e4588 req-60abfd28-98d9-4c5f-b76d-30aba2c2151c cd81f69b4ce340d986ae745d7df160e7 e5935aaa7e3d4ea5822540b817340386 - - default default] 10.0.0.14 "GET /v2.0/ports?tenant_id=e5935aaa7e3d4ea5822540b817340386&fields=id HTTP/1.1" status: 200 len: 348 time: 0.0540633
2026-04-23 01:30:52.679 10 INFO neutron.wsgi [req-c966c2cd-74d3-4dd7-b49a-0ab6c67e4588 req-c7bb73f5-4766-4c36-a80d-d2a2c4064d34 9a6a79e89edb49438e22b9cd985d8a87 8530f5d1750e47dda86fe21c2b8ff17c - - b40207c8c5154d35bfb0dddc2457a134 b40207c8c5154d35bfb0dddc2457a134] 10.0.0.14 "GET /v2.0/networks/e2743592-0b6d-4719-b368-2f9109d080c7?fields=segments HTTP/1.1" status: 200 len: 212 time: 0.0603197
2026-04-23 01:30:52.744 10 INFO neutron.wsgi [req-c966c2cd-74d3-4dd7-b49a-0ab6c67e4588 req-ae7dc1b2-a933-465a-a0d9-0d9c9e367eb1 9a6a79e89edb49438e22b9cd985d8a87 8530f5d1750e47dda86fe21c2b8ff17c - - b40207c8c5154d35bfb0dddc2457a134 b40207c8c5154d35bfb0dddc2457a134] 10.0.0.14 "GET /v2.0/networks/e2743592-0b6d-4719-b368-2f9109d080c7?fields=provider%3Aphysical_network&fields=provider%3Anetwork_type HTTP/1.1" status: 200 len: 277 time: 0.0566938
2026-04-23 01:30:53.142 10 INFO neutron.wsgi [req-dd0eb499-6e7b-418a-ba28-320d81a11c92 req-f33b425a-976b-4680-9d8e-8d9829c9dfbf cd81f69b4ce340d986ae745d7df160e7 e5935aaa7e3d4ea5822540b817340386 - - default default] 10.0.0.14 "GET /v2.0/ports?device_id=1b085c19-dcd4-4883-93de-2a27b2085422 HTTP/1.1" status: 200 len: 210 time: 0.0253308
2026-04-23 01:30:53.194 10 INFO neutron.wsgi [req-ab68bfd3-1ff6-4175-8c96-b75c46007623 req-fc020464-4591-4880-a13d-3d0825696f05 cd81f69b4ce340d986ae745d7df160e7 e5935aaa7e3d4ea5822540b817340386 - - default default] 10.0.0.14 "GET /v2.0/ports?device_id=1b085c19-dcd4-4883-93de-2a27b2085422 HTTP/1.1" status: 200 len: 210 time: 0.0153844 /var/lib/openstack/lib/python3.10/site-packages/pycadf/identifier.py:71: UserWarning: Invalid uuid: neutron. To ensure interoperability, identifiers should be a valid uuid. warnings.warn(('Invalid uuid: %s. To ensure interoperability, '
2026-04-23 01:30:53.905 9 INFO neutron.wsgi [req-c966c2cd-74d3-4dd7-b49a-0ab6c67e4588 req-eb006ad8-098c-42ff-9542-f01a9517a65b cd81f69b4ce340d986ae745d7df160e7 e5935aaa7e3d4ea5822540b817340386 - - default default] 199.204.45.244 "GET /v2.0/networks?id=e2743592-0b6d-4719-b368-2f9109d080c7 HTTP/1.1" status: 200 len: 937 time: 0.0557814
2026-04-23 01:30:53.958 9 INFO neutron.wsgi [req-c966c2cd-74d3-4dd7-b49a-0ab6c67e4588 req-d9d3c31e-a248-4aed-83d9-78e6b8703aa3 cd81f69b4ce340d986ae745d7df160e7 e5935aaa7e3d4ea5822540b817340386 - - default default] 199.204.45.244 "GET /v2.0/security-groups?fields=id&fields=name&tenant_id=e5935aaa7e3d4ea5822540b817340386 HTTP/1.1" status: 200 len: 542 time: 0.0480642
2026-04-23 01:30:54.212 9 WARNING neutron.scheduler.dhcp_agent_scheduler [req-c966c2cd-74d3-4dd7-b49a-0ab6c67e4588 req-a0abce33-c813-40c4-be8b-084621b22c00 cd81f69b4ce340d986ae745d7df160e7 e5935aaa7e3d4ea5822540b817340386 - - default default] No more DHCP agents
