2026-04-23 01:22:42.435 10 INFO neutron.wsgi [None req-d2380c91-cc44-44fe-8d0b-2aca8db74d74 cd81f69b4ce340d986ae745d7df160e7 e5935aaa7e3d4ea5822540b817340386 - - default default] 10.0.0.139 "GET /v2.0/floatingips HTTP/1.1" status: 200 len: 193 time: 0.0682445
2026-04-23 01:22:42.484 10 INFO neutron.wsgi [None req-89b7e458-2c5b-47a6-af94-c9f2f8121cab cd81f69b4ce340d986ae745d7df160e7 e5935aaa7e3d4ea5822540b817340386 - - default default] 10.0.0.139 "GET /v2.0/security-groups HTTP/1.1" status: 200 len: 16799 time: 0.0477459
2026-04-23 01:22:42.526 10 INFO neutron.wsgi [None req-36b02371-7453-4b70-9818-18e18a120a7c cd81f69b4ce340d986ae745d7df160e7 e5935aaa7e3d4ea5822540b817340386 - - default default] 10.0.0.139 "GET /v2.0/ports HTTP/1.1" status: 200 len: 5347 time: 0.0351853
2026-04-23 01:22:42.541 10 INFO neutron.wsgi [None req-667b3b23-85b7-41c1-8e4f-455a7ff1c0d2 cd81f69b4ce340d986ae745d7df160e7 e5935aaa7e3d4ea5822540b817340386 - - default default] 10.0.0.139 "GET /v2.0/network-ip-availabilities HTTP/1.1" status: 200 len: 1280 time: 0.0110338
2026-04-23 01:22:42.597 10 INFO neutron.wsgi [None req-571b7546-ea24-4a6e-98b9-5e6610dc5c0b cd81f69b4ce340d986ae745d7df160e7 e5935aaa7e3d4ea5822540b817340386 - - default default] 10.0.0.139 "GET /v2.0/networks HTTP/1.1" status: 200 len: 2350 time: 0.0555668
2026-04-23 01:22:42.626 10 INFO neutron.wsgi [None req-e0fb0b1e-06de-4173-9baf-776f37af777b cd81f69b4ce340d986ae745d7df160e7 e5935aaa7e3d4ea5822540b817340386 - - default default] 10.0.0.139 "GET /v2.0/subnets HTTP/1.1" status: 200 len: 1437 time: 0.0267167
2026-04-23 01:22:42.672 10 INFO neutron.wsgi [None req-2ef121e9-8b42-4b9e-9ea3-f11defc00bbe cd81f69b4ce340d986ae745d7df160e7 e5935aaa7e3d4ea5822540b817340386 - - default default] 10.0.0.139 "GET /v2.0/subnets HTTP/1.1" status: 200 len: 1437 time: 0.0436184
2026-04-23 01:22:42.683 10 INFO neutron.wsgi [None req-e426c2b0-64f5-4e5c-ba66-cce9bb1e2671 cd81f69b4ce340d986ae745d7df160e7 e5935aaa7e3d4ea5822540b817340386 - - default default] 10.0.0.139 "GET /v2.0/subnetpools HTTP/1.1" status: 200 len: 193 time: 0.0094872
2026-04-23 01:22:42.710 10 INFO neutron.wsgi [None req-aee595d7-60d7-4e89-91e1-77171addfde6 cd81f69b4ce340d986ae745d7df160e7 e5935aaa7e3d4ea5822540b817340386 - - default default] 10.0.0.139 "GET /v2.0/agents HTTP/1.1" status: 200 len: 997 time: 0.0259433
2026-04-23 01:22:42.793 10 INFO neutron.wsgi [None req-9c4360cd-2605-4e52-bbd4-4c448e7422b4 cd81f69b4ce340d986ae745d7df160e7 e5935aaa7e3d4ea5822540b817340386 - - default default] 10.0.0.139 "GET /v2.0/routers HTTP/1.1" status: 200 len: 189 time: 0.0822885
2026-04-23 01:22:42.802 10 INFO neutron.wsgi [None req-f40e2a42-29c5-4a5f-8eb0-29812c7e9998 cd81f69b4ce340d986ae745d7df160e7 e5935aaa7e3d4ea5822540b817340386 - - default default] 10.0.0.139 "GET /v2.0/agents?binary=ovn-controller HTTP/1.1" status: 200 len: 591 time: 0.0081799
2026-04-23 01:22:50.775 10 INFO neutron.wsgi [-] 10.0.0.121 "GET / HTTP/1.1" status: 200 len: 247 time: 0.0024476
2026-04-23 01:22:50.778 10 INFO neutron.wsgi [-] 10.0.0.121 "GET / HTTP/1.1" status: 200 len: 247 time: 0.0017352
2026-04-23 01:22:50.836 9 INFO neutron.wsgi [None req-dbec1aaf-773c-4358-8480-468cf77a46b9 cd81f69b4ce340d986ae745d7df160e7 e5935aaa7e3d4ea5822540b817340386 - - default default] 199.204.45.244,10.0.0.121 "GET /v2.0/networks HTTP/1.1" status: 200 len: 2350 time: 0.1053283
2026-04-23 01:22:51.734 10 INFO neutron.wsgi [None req-19c03cd2-ccf9-43aa-92c4-746abcf900d0 cd81f69b4ce340d986ae745d7df160e7 e5935aaa7e3d4ea5822540b817340386 - - default default] 199.204.45.244,10.0.0.121 "GET /v2.0/subnets HTTP/1.1" status: 200 len: 1437 time: 0.0792174
2026-04-23 01:22:51.807 10 INFO neutron.wsgi [None req-d8769229-b550-418e-8c24-443c1a46c456 cd81f69b4ce340d986ae745d7df160e7 e5935aaa7e3d4ea5822540b817340386 - - default default] 199.204.45.244,10.0.0.121 "GET /v2.0/networks HTTP/1.1" status: 200 len: 2350 time: 0.0664313
2026-04-23 01:22:52.906 10 INFO neutron.wsgi [None req-7814fa43-2d93-42fe-80b3-b2e9379b1ae8 cd81f69b4ce340d986ae745d7df160e7 e5935aaa7e3d4ea5822540b817340386 - - default default] 199.204.45.244,10.0.0.121 "GET /v2.0/security-groups?tenant_id=e5935aaa7e3d4ea5822540b817340386 HTTP/1.1" status: 200 len: 10157 time: 0.0893295
2026-04-23 01:22:53.991 9 INFO neutron.wsgi [None req-05e9cd08-d816-4ef7-a9e6-36598891c207 cd81f69b4ce340d986ae745d7df160e7 e5935aaa7e3d4ea5822540b817340386 - - default default] 199.204.45.244,10.0.0.121 "GET /v2.0/security-groups?tenant_id=e5935aaa7e3d4ea5822540b817340386 HTTP/1.1" status: 200 len: 10157 time: 0.0793183
2026-04-23 01:22:54.827 9 INFO neutron.wsgi [None req-1a2fa05f-a641-4017-955b-143851149f2f cd81f69b4ce340d986ae745d7df160e7 e5935aaa7e3d4ea5822540b817340386 - - default default] 199.204.45.244,10.0.0.121 "GET /v2.0/security-groups?tenant_id=e5935aaa7e3d4ea5822540b817340386 HTTP/1.1" status: 200 len: 10157 time: 0.0954535
2026-04-23 01:22:55.683 9 INFO neutron.wsgi [None req-62e31dad-c26d-495d-a5d4-40a006b49893 cd81f69b4ce340d986ae745d7df160e7 e5935aaa7e3d4ea5822540b817340386 - - default default] 199.204.45.244,10.0.0.121 "GET /v2.0/security-groups?tenant_id=e5935aaa7e3d4ea5822540b817340386 HTTP/1.1" status: 200 len: 10157 time: 0.1345849
2026-04-23 01:22:56.500 9 INFO neutron.wsgi [None req-ed288b22-d2a7-4341-9a48-3f11c3d0802d cd81f69b4ce340d986ae745d7df160e7 e5935aaa7e3d4ea5822540b817340386 - - default default] 199.204.45.244,10.0.0.121 "GET /v2.0/security-groups?tenant_id=e5935aaa7e3d4ea5822540b817340386 HTTP/1.1" status: 200 len: 10157 time: 0.0695996
2026-04-23 01:22:57.289 10 INFO neutron.wsgi [None req-e280b5ea-4853-4355-8a4e-8446cbf6e30d cd81f69b4ce340d986ae745d7df160e7 e5935aaa7e3d4ea5822540b817340386 - - default default] 199.204.45.244,10.0.0.121 "GET /v2.0/security-groups?tenant_id=e5935aaa7e3d4ea5822540b817340386 HTTP/1.1" status: 200 len: 10157 time: 0.0715339
2026-04-23 01:22:58.467 9 INFO neutron.wsgi [None req-9ca45edb-f7a4-4c5b-9aff-3d7d681f765a cd81f69b4ce340d986ae745d7df160e7 e5935aaa7e3d4ea5822540b817340386 - - default default] 199.204.45.244,10.0.0.121 "GET /v2.0/security-groups HTTP/1.1" status: 200 len: 16799 time: 0.0944104
2026-04-23 01:22:58.510 9 INFO neutron.wsgi [None req-714f4ba7-b505-4f14-9eaf-52a0ea20261e cd81f69b4ce340d986ae745d7df160e7 e5935aaa7e3d4ea5822540b817340386 - - default default] 199.204.45.244,10.0.0.121 "GET /v2.0/ports HTTP/1.1" status: 200 len: 5347 time: 0.0341132
2026-04-23 01:23:04.763 9 INFO neutron.pecan_wsgi.hooks.translation [None req-1e85acd1-cedf-4947-bc0c-b67c5d845398 cd81f69b4ce340d986ae745d7df160e7 e5935aaa7e3d4ea5822540b817340386 - - default default] GET failed (client error): The resource could not be found.
2026-04-23 01:23:04.764 9 INFO neutron.wsgi [None req-1e85acd1-cedf-4947-bc0c-b67c5d845398 cd81f69b4ce340d986ae745d7df160e7 e5935aaa7e3d4ea5822540b817340386 - - default default] 199.204.45.244,10.0.0.121 "GET /v2.0/ports/octavia-health-manager-port-instance HTTP/1.1" status: 404 len: 314 time: 0.0656190
2026-04-23 01:23:04.796 9 INFO neutron.wsgi [None req-f9df8b2e-20a4-4b02-9de2-108ba5961383 cd81f69b4ce340d986ae745d7df160e7 e5935aaa7e3d4ea5822540b817340386 - - default default] 199.204.45.244,10.0.0.121 "GET /v2.0/ports?name=octavia-health-manager-port-instance HTTP/1.1" status: 200 len: 1395 time: 0.0273938
2026-04-23 01:23:05.775 9 INFO neutron.wsgi [-] 10.0.0.121 "GET / HTTP/1.1" status: 200 len: 247 time: 0.0026326
2026-04-23 01:23:05.775 10 INFO neutron.wsgi [-] 10.0.0.121 "GET / HTTP/1.1" status: 200 len: 247 time: 0.0037835
2026-04-23 01:23:06.221 10 INFO neutron.wsgi [None req-7dabd77a-db19-48e0-9380-74901deba7e3 cd81f69b4ce340d986ae745d7df160e7 e5935aaa7e3d4ea5822540b817340386 - - default default] 199.204.45.244,10.0.0.121 "GET /v2.0/ports HTTP/1.1" status: 200 len: 5347 time: 0.0768502
2026-04-23 01:23:07.202 10 INFO neutron.wsgi [None req-7dfe0575-d3b4-4ec1-b3d5-22d5f525786c cd81f69b4ce340d986ae745d7df160e7 e5935aaa7e3d4ea5822540b817340386 - - default default] 199.204.45.244,10.0.0.121 "GET /v2.0/security-groups?tenant_id=e5935aaa7e3d4ea5822540b817340386 HTTP/1.1" status: 200 len: 10157 time: 0.0768073
2026-04-23 01:23:08.094 9 INFO neutron.wsgi [None req-d1d1cfe8-e184-458b-8536-856d5f132261 cd81f69b4ce340d986ae745d7df160e7 e5935aaa7e3d4ea5822540b817340386 - - default default] 199.204.45.244,10.0.0.121 "GET /v2.0/security-groups?tenant_id=e5935aaa7e3d4ea5822540b817340386 HTTP/1.1" status: 200 len: 10157 time: 0.0784593
2026-04-23 01:23:08.917 10 INFO neutron.wsgi [None req-dbb0420b-7343-4f73-99a3-9dd900b613f3 cd81f69b4ce340d986ae745d7df160e7 e5935aaa7e3d4ea5822540b817340386 - - default default] 199.204.45.244,10.0.0.121 "GET /v2.0/security-groups?tenant_id=e5935aaa7e3d4ea5822540b817340386 HTTP/1.1" status: 200 len: 10157 time: 0.0764480
2026-04-23 01:23:19.174 10 INFO neutron.wsgi [None req-e2171bbf-ad03-425e-b6ba-f67212619622 cd81f69b4ce340d986ae745d7df160e7 e5935aaa7e3d4ea5822540b817340386 - - default default] 199.204.45.244,10.0.0.121 "GET /v2.0/quotas/e5935aaa7e3d4ea5822540b817340386 HTTP/1.1" status: 200 len: 361 time: 0.0153210
2026-04-23 01:23:20.775 9 INFO neutron.wsgi [-] 10.0.0.121 "GET / HTTP/1.1" status: 200 len: 247 time: 0.0023293
2026-04-23 01:23:20.775 10 INFO neutron.wsgi [-] 10.0.0.121 "GET / HTTP/1.1" status: 200 len: 247 time: 0.0024338
2026-04-23 01:23:35.775 9 INFO neutron.wsgi [-] 10.0.0.121 "GET / HTTP/1.1" status: 200 len: 247 time: 0.0023320
2026-04-23 01:23:35.779 9 INFO neutron.wsgi [-] 10.0.0.121 "GET / HTTP/1.1" status: 200 len: 247 time: 0.0033004
2026-04-23 01:23:42.429 10 INFO neutron.wsgi [None req-86d13d21-1359-4994-a063-70961c4e99be cd81f69b4ce340d986ae745d7df160e7 e5935aaa7e3d4ea5822540b817340386 - - default default] 10.0.0.139 "GET /v2.0/networks HTTP/1.1" status: 200 len: 2350 time: 0.0934176
2026-04-23 01:23:42.452 10 INFO neutron.wsgi [None req-c0a05961-ea91-4d11-a90c-f86607f99289 cd81f69b4ce340d986ae745d7df160e7 e5935aaa7e3d4ea5822540b817340386 - - default default] 10.0.0.139 "GET /v2.0/subnets HTTP/1.1" status: 200 len: 1437 time: 0.0221708
2026-04-23 01:23:42.471 10 INFO neutron.wsgi [None req-7ed10347-a5cd-4fdc-9536-e28a7da303d0 cd81f69b4ce340d986ae745d7df160e7 e5935aaa7e3d4ea5822540b817340386 - - default default] 10.0.0.139 "GET /v2.0/routers HTTP/1.1" status: 200 len: 189 time: 0.0177433
2026-04-23 01:23:42.487 10 INFO neutron.wsgi [None req-dd8d48bd-33e7-439a-a1a6-15116de19399 cd81f69b4ce340d986ae745d7df160e7 e5935aaa7e3d4ea5822540b817340386 - - default default] 10.0.0.139 "GET /v2.0/agents?binary=ovn-controller HTTP/1.1" status: 200 len: 591 time: 0.0157228
2026-04-23 01:23:42.528 10 INFO neutron.wsgi [None req-8b98ee98-6d68-4f2f-ab02-96c9f23bbdec cd81f69b4ce340d986ae745d7df160e7 e5935aaa7e3d4ea5822540b817340386 - - default default] 10.0.0.139 "GET /v2.0/security-groups HTTP/1.1" status: 200 len: 16799 time: 0.0395997
2026-04-23 01:23:42.555 10 INFO neutron.wsgi [None req-bef67f6c-58cd-4ca5-b9d7-a6d8ba1f712e cd81f69b4ce340d986ae745d7df160e7 e5935aaa7e3d4ea5822540b817340386 - - default default] 10.0.0.139 "GET /v2.0/subnets HTTP/1.1" status: 200 len: 1437 time: 0.0229275
2026-04-23 01:23:42.562 10 INFO neutron.wsgi [None req-46c6a83b-8034-4080-b764-12e7f73df768 cd81f69b4ce340d986ae745d7df160e7 e5935aaa7e3d4ea5822540b817340386 - - default default] 10.0.0.139 "GET /v2.0/subnetpools HTTP/1.1" status: 200 len: 193 time: 0.0061572
2026-04-23 01:23:42.569 10 INFO neutron.wsgi [None req-4ff9a4ec-109b-425c-9bb6-6a4a98bfbd49 cd81f69b4ce340d986ae745d7df160e7 e5935aaa7e3d4ea5822540b817340386 - - default default] 10.0.0.139 "GET /v2.0/network-ip-availabilities HTTP/1.1" status: 200 len: 1280 time: 0.0059972
2026-04-23 01:23:42.585 10 INFO neutron.wsgi [None req-55646332-d920-4433-90a0-c768cea1b9c2 cd81f69b4ce340d986ae745d7df160e7 e5935aaa7e3d4ea5822540b817340386 - - default default] 10.0.0.139 "GET /v2.0/floatingips HTTP/1.1" status: 200 len: 193 time: 0.0149992
2026-04-23 01:23:42.606 10 INFO neutron.wsgi [None req-1287dca6-f0d3-41e2-990b-63ef03b1fd4d cd81f69b4ce340d986ae745d7df160e7 e5935aaa7e3d4ea5822540b817340386 - - default default] 10.0.0.139 "GET /v2.0/ports HTTP/1.1" status: 200 len: 5347 time: 0.0202889
2026-04-23 01:23:42.617 10 INFO neutron.wsgi [None req-62eb9b7f-411a-4dac-83a0-73f1d97adaa4 cd81f69b4ce340d986ae745d7df160e7 e5935aaa7e3d4ea5822540b817340386 - - default default] 10.0.0.139 "GET /v2.0/agents HTTP/1.1" status: 200 len: 997 time: 0.0076182
2026-04-23 01:23:50.774 9 INFO neutron.wsgi [-] 10.0.0.121 "GET / HTTP/1.1" status: 200 len: 247 time: 0.0023468
2026-04-23 01:23:50.775 10 INFO neutron.wsgi [-] 10.0.0.121 "GET / HTTP/1.1" status: 200 len: 247 time: 0.0024669
2026-04-23 01:24:05.774 10 INFO neutron.wsgi [-] 10.0.0.121 "GET / HTTP/1.1" status: 200 len: 247 time: 0.0024953
2026-04-23 01:24:05.778 9 INFO neutron.wsgi [-] 10.0.0.121 "GET / HTTP/1.1" status: 200 len: 247 time: 0.0068538
2026-04-23 01:24:06.055 9 INFO neutron.wsgi [None req-e3ee78f6-85e8-4e5b-822b-d0b6fe925ab2 cd81f69b4ce340d986ae745d7df160e7 e5935aaa7e3d4ea5822540b817340386 - - default default] 199.204.45.244,10.0.0.121 "GET /v2.0/security-groups?tenant_id=8530f5d1750e47dda86fe21c2b8ff17c HTTP/1.1" status: 200 len: 6838 time: 0.0785589
2026-04-23 01:24:06.968 9 INFO neutron.wsgi [None req-84d710c4-6dd7-4170-a9de-a13ff60bcb83 cd81f69b4ce340d986ae745d7df160e7 e5935aaa7e3d4ea5822540b817340386 - - default default] 199.204.45.244,10.0.0.121 "GET /v2.0/security-groups?tenant_id=8530f5d1750e47dda86fe21c2b8ff17c HTTP/1.1" status: 200 len: 6838 time: 0.0928075
2026-04-23 01:24:07.817 10 INFO neutron.wsgi [None req-dd0ebf3f-6abd-4d4f-83c1-0e28ab0b9c4d cd81f69b4ce340d986ae745d7df160e7 e5935aaa7e3d4ea5822540b817340386 - - default default] 199.204.45.244,10.0.0.121 "GET /v2.0/security-groups?tenant_id=8530f5d1750e47dda86fe21c2b8ff17c HTTP/1.1" status: 200 len: 6838 time: 0.0817833
2026-04-23 01:24:08.648 9 INFO neutron.wsgi [None req-6fe05c40-2053-4734-96eb-85c2ece707cd cd81f69b4ce340d986ae745d7df160e7 e5935aaa7e3d4ea5822540b817340386 - - default default] 199.204.45.244,10.0.0.121 "GET /v2.0/security-groups?tenant_id=8530f5d1750e47dda86fe21c2b8ff17c HTTP/1.1" status: 200 len: 6838 time: 0.0769439
2026-04-23 01:24:09.564 10 INFO neutron.wsgi [None req-042d5a29-bf3d-4d80-807e-29311dd2eddb cd81f69b4ce340d986ae745d7df160e7 e5935aaa7e3d4ea5822540b817340386 - - default default] 199.204.45.244,10.0.0.121 "GET /v2.0/security-groups?tenant_id=8530f5d1750e47dda86fe21c2b8ff17c HTTP/1.1" status: 200 len: 6838 time: 0.0702121
2026-04-23 01:24:16.500 9 INFO neutron.wsgi [None req-5cb48443-4366-4080-ac8c-eb440c8b0961 cd81f69b4ce340d986ae745d7df160e7 e5935aaa7e3d4ea5822540b817340386 - - default default] 199.204.45.244,10.0.0.121 "GET /v2.0/quotas/8530f5d1750e47dda86fe21c2b8ff17c HTTP/1.1" status: 200 len: 361 time: 0.0122626
2026-04-23 01:24:20.775 9 INFO neutron.wsgi [-] 10.0.0.121 "GET / HTTP/1.1" status: 200 len: 247 time: 0.0029197
2026-04-23 01:24:20.779 9 INFO neutron.wsgi [-] 10.0.0.121 "GET / HTTP/1.1" status: 200 len: 247 time: 0.0028954
2026-04-23 01:24:35.774 9 INFO neutron.wsgi [-] 10.0.0.121 "GET / HTTP/1.1" status: 200 len: 247 time: 0.0023813
2026-04-23 01:24:35.777 9 INFO neutron.wsgi [-] 10.0.0.121 "GET / HTTP/1.1" status: 200 len: 247 time: 0.0020018
2026-04-23 01:24:42.497 10 INFO neutron.wsgi [None req-b454ad9f-135e-44d5-8056-04719e811a3d cd81f69b4ce340d986ae745d7df160e7 e5935aaa7e3d4ea5822540b817340386 - - default default] 10.0.0.139 "GET /v2.0/security-groups HTTP/1.1" status: 200 len: 16799 time: 0.1230416
2026-04-23 01:24:42.544 10 INFO neutron.wsgi [None req-b450e5ef-b896-4d43-8c92-f8f03fa861d5 cd81f69b4ce340d986ae745d7df160e7 e5935aaa7e3d4ea5822540b817340386 - - default default] 10.0.0.139 "GET /v2.0/routers HTTP/1.1" status: 200 len: 189 time: 0.0370395
2026-04-23 01:24:42.572 10 INFO neutron.wsgi [None req-1fcb17be-c466-4e6f-89d8-5dee8c88bba9 cd81f69b4ce340d986ae745d7df160e7 e5935aaa7e3d4ea5822540b817340386 - - default default] 10.0.0.139 "GET /v2.0/agents?binary=ovn-controller HTTP/1.1" status: 200 len: 591 time: 0.0271080
2026-04-23 01:24:42.605 10 INFO neutron.wsgi [None req-fab67dc4-18db-46af-881c-3cdf98588a9b cd81f69b4ce340d986ae745d7df160e7 e5935aaa7e3d4ea5822540b817340386 - - default default] 10.0.0.139 "GET /v2.0/subnets HTTP/1.1" status: 200 len: 1437 time: 0.0319560
2026-04-23 01:24:42.613 10 INFO neutron.wsgi [None req-51230c99-6e0d-42fc-a06c-873bf6742900 cd81f69b4ce340d986ae745d7df160e7 e5935aaa7e3d4ea5822540b817340386 - - default default] 10.0.0.139 "GET /v2.0/subnetpools HTTP/1.1" status: 200 len: 193 time: 0.0073223
2026-04-23 01:24:42.645 10 INFO neutron.wsgi [None req-102e2f50-e803-4d17-9a1e-1284baf6747f cd81f69b4ce340d986ae745d7df160e7 e5935aaa7e3d4ea5822540b817340386 - - default default] 10.0.0.139 "GET /v2.0/ports HTTP/1.1" status: 200 len: 5347 time: 0.0310779
2026-04-23 01:24:42.660 10 INFO neutron.wsgi [None req-575868e3-ec66-4c3e-bc88-0ce11f7bb3e8 cd81f69b4ce340d986ae745d7df160e7 e5935aaa7e3d4ea5822540b817340386 - - default default] 10.0.0.139 "GET /v2.0/agents HTTP/1.1" status: 200 len: 997 time: 0.0093622
2026-04-23 01:24:42.673 10 INFO neutron.wsgi [None req-86dc28f9-adbd-47c7-b7a8-39244e421b50 cd81f69b4ce340d986ae745d7df160e7 e5935aaa7e3d4ea5822540b817340386 - - default default] 10.0.0.139 "GET /v2.0/network-ip-availabilities HTTP/1.1" status: 200 len: 1280 time: 0.0097299
2026-04-23 01:24:42.733 10 INFO neutron.wsgi [None req-4f20d18b-43ec-4c2f-94ac-e677883265c1 cd81f69b4ce340d986ae745d7df160e7 e5935aaa7e3d4ea5822540b817340386 - - default default] 10.0.0.139 "GET /v2.0/networks HTTP/1.1" status: 200 len: 2350 time: 0.0596049
2026-04-23 01:24:42.755 10 INFO neutron.wsgi [None req-a1f9f98c-4e9d-4b72-be9f-621e07e1d867 cd81f69b4ce340d986ae745d7df160e7 e5935aaa7e3d4ea5822540b817340386 - - default default] 10.0.0.139 "GET /v2.0/floatingips HTTP/1.1" status: 200 len: 193 time: 0.0200260
2026-04-23 01:24:42.786 10 INFO neutron.wsgi [None req-7ed9fe68-f6d9-4d39-aff1-052725031bca cd81f69b4ce340d986ae745d7df160e7 e5935aaa7e3d4ea5822540b817340386 - - default default] 10.0.0.139 "GET /v2.0/subnets HTTP/1.1" status: 200 len: 1437 time: 0.0302522
2026-04-23 01:24:50.773 10 INFO neutron.wsgi [-] 10.0.0.121 "GET / HTTP/1.1" status: 200 len: 247 time: 0.0012386
2026-04-23 01:24:50.774 10 INFO neutron.wsgi [-] 10.0.0.121 "GET / HTTP/1.1" status: 200 len: 247 time: 0.0008581
2026-04-23 01:25:05.774 9 INFO neutron.wsgi [-] 10.0.0.121 "GET / HTTP/1.1" status: 200 len: 247 time: 0.0022964
2026-04-23 01:25:05.775 10 INFO neutron.wsgi [-] 10.0.0.121 "GET / HTTP/1.1" status: 200 len: 247 time: 0.0029023
2026-04-23 01:25:06.007 10 INFO neutron.wsgi [None req-f156af92-bb19-4376-b65c-c3ddc7ba3524 cd81f69b4ce340d986ae745d7df160e7 e5935aaa7e3d4ea5822540b817340386 - - default default] 199.204.45.244,10.0.0.121 "GET /v2.0/networks HTTP/1.1" status: 200 len: 2350 time: 0.1254451
2026-04-23 01:25:20.774 9 INFO neutron.wsgi [-] 10.0.0.121 "GET / HTTP/1.1" status: 200 len: 247 time: 0.0024292
2026-04-23 01:25:20.775 10 INFO neutron.wsgi [-] 10.0.0.121 "GET / HTTP/1.1" status: 200 len: 247 time: 0.0024555
2026-04-23 01:25:35.775 9 INFO neutron.wsgi [-] 10.0.0.121 "GET / HTTP/1.1" status: 200 len: 247 time: 0.0022647
2026-04-23 01:25:35.775 10 INFO neutron.wsgi [-] 10.0.0.121 "GET / HTTP/1.1" status: 200 len: 247 time: 0.0029354
2026-04-23 01:25:42.531 10 INFO neutron.wsgi [None req-3f01f60b-d21f-465a-8bf1-bd44a4fa1740 cd81f69b4ce340d986ae745d7df160e7 e5935aaa7e3d4ea5822540b817340386 - - default default] 10.0.0.139 "GET /v2.0/routers HTTP/1.1" status: 200 len: 189 time: 0.1361308
2026-04-23 01:25:42.586 10 INFO neutron.wsgi [None req-2d0002cb-b9e9-45ca-80a3-cdb897f54014 cd81f69b4ce340d986ae745d7df160e7 e5935aaa7e3d4ea5822540b817340386 - - default default] 10.0.0.139 "GET /v2.0/agents?binary=ovn-controller HTTP/1.1" status: 200 len: 591 time: 0.0532217
2026-04-23 01:25:42.619 10 INFO neutron.wsgi [None req-151310bd-81ca-4631-9edf-83585e85e4b6 cd81f69b4ce340d986ae745d7df160e7 e5935aaa7e3d4ea5822540b817340386 - - default default] 10.0.0.139 "GET /v2.0/subnets HTTP/1.1" status: 200 len: 1437 time: 0.0328920
2026-04-23 01:25:42.629 10 INFO neutron.wsgi [None req-8be5fca9-3446-424f-9853-10a3d18251ed cd81f69b4ce340d986ae745d7df160e7 e5935aaa7e3d4ea5822540b817340386 - - default default] 10.0.0.139 "GET /v2.0/subnetpools HTTP/1.1" status: 200 len: 193 time: 0.0082817
2026-04-23 01:25:42.671 10 INFO neutron.wsgi [None req-05c451e5-16c2-4ea1-87e8-51d3dc00b53f cd81f69b4ce340d986ae745d7df160e7 e5935aaa7e3d4ea5822540b817340386 - - default default] 10.0.0.139 "GET /v2.0/security-groups HTTP/1.1" status: 200 len: 16799 time: 0.0418580
2026-04-23 01:25:42.710 10 INFO neutron.wsgi [None req-c26d2eb7-f96d-4a86-8c89-1f1f34b622c9 cd81f69b4ce340d986ae745d7df160e7 e5935aaa7e3d4ea5822540b817340386 - - default default] 10.0.0.139 "GET /v2.0/ports HTTP/1.1" status: 200 len: 5347 time: 0.0335400
2026-04-23 01:25:42.724 10 INFO neutron.wsgi [None req-cfd3e25a-fb3c-4560-89cb-606bc8ce0b5c cd81f69b4ce340d986ae745d7df160e7 e5935aaa7e3d4ea5822540b817340386 - - default default] 10.0.0.139 "GET /v2.0/agents HTTP/1.1" status: 200 len: 997 time: 0.0098398
2026-04-23 01:25:42.741 10 INFO neutron.wsgi [None req-0a894297-f6f2-44f8-bc24-14825fee2e7e cd81f69b4ce340d986ae745d7df160e7 e5935aaa7e3d4ea5822540b817340386 - - default default] 10.0.0.139 "GET /v2.0/floatingips HTTP/1.1" status: 200 len: 193 time: 0.0159476
2026-04-23 01:25:42.806 10 INFO neutron.wsgi [None req-fccb3441-fe60-4b22-a9d2-01e2549f6932 cd81f69b4ce340d986ae745d7df160e7 e5935aaa7e3d4ea5822540b817340386 - - default default] 10.0.0.139 "GET /v2.0/networks HTTP/1.1" status: 200 len: 2350 time: 0.0637426
2026-04-23 01:25:42.823 10 INFO neutron.wsgi [None req-863fa988-f700-4af0-8a4d-ac5df7ed47d4 cd81f69b4ce340d986ae745d7df160e7 e5935aaa7e3d4ea5822540b817340386 - - default default] 10.0.0.139 "GET /v2.0/network-ip-availabilities HTTP/1.1" status: 200 len: 1280 time: 0.0133407
2026-04-23 01:25:42.850 10 INFO neutron.wsgi [None req-82cd5434-2da9-4229-a505-9003f87a2f1b cd81f69b4ce340d986ae745d7df160e7 e5935aaa7e3d4ea5822540b817340386 - - default default] 10.0.0.139 "GET /v2.0/subnets HTTP/1.1" status: 200 len: 1437 time: 0.0259070
2026-04-23 01:25:47.740 10 INFO neutron.wsgi [None req-8803c365-7b2f-44ef-8f30-5d43ee4bd044 cd81f69b4ce340d986ae745d7df160e7 e5935aaa7e3d4ea5822540b817340386 - - default default] 10.0.0.104 "GET /v2.0/networks HTTP/1.1" status: 200 len: 2369 time: 0.0937500
2026-04-23 01:25:48.828 9 INFO neutron.wsgi [None req-d683c506-d006-4efa-a1b8-cfbdcd33d6f0 cd81f69b4ce340d986ae745d7df160e7 e5935aaa7e3d4ea5822540b817340386 - - default default] 10.0.0.104 "GET /v2.0/floatingips HTTP/1.1" status: 200 len: 212 time: 0.0390794
2026-04-23 01:25:48.860 9 INFO neutron.wsgi [None req-bb460ef1-5224-4814-9fa8-f7bfc0644ebd cd81f69b4ce340d986ae745d7df160e7 e5935aaa7e3d4ea5822540b817340386 - - default default] 10.0.0.104 "GET /v2.0/routers HTTP/1.1" status: 200 len: 208 time: 0.0276091
2026-04-23 01:25:48.890 9 INFO neutron.wsgi [None req-f8e3b73a-54ed-4a01-ad0c-747f6bc53d03 cd81f69b4ce340d986ae745d7df160e7 e5935aaa7e3d4ea5822540b817340386 - - default default] 10.0.0.104 "GET /v2.0/ports HTTP/1.1" status: 200 len: 5366 time: 0.0263457
2026-04-23 01:25:48.923 9 INFO neutron.wsgi [None req-e0ee7b8f-3143-4218-9994-94e1b8803f83 cd81f69b4ce340d986ae745d7df160e7 e5935aaa7e3d4ea5822540b817340386 - - default default] 10.0.0.104 "GET /v2.0/subnets HTTP/1.1" status: 200 len: 1456 time: 0.0286355
2026-04-23 01:25:48.983 9 INFO neutron.wsgi [None req-446415e1-be45-472c-8a9f-a36d2fdf2b84 cd81f69b4ce340d986ae745d7df160e7 e5935aaa7e3d4ea5822540b817340386 - - default default] 10.0.0.104 "GET /v2.0/networks HTTP/1.1" status: 200 len: 2369 time: 0.0564044
2026-04-23 01:25:49.029 9 INFO neutron.wsgi [None req-38eb263a-b9dd-4c2b-9389-179e06107b16 cd81f69b4ce340d986ae745d7df160e7 e5935aaa7e3d4ea5822540b817340386 - - default default] 10.0.0.104 "GET /v2.0/security-groups HTTP/1.1" status: 200 len: 16818 time: 0.0418742
2026-04-23 01:25:49.042 9 INFO neutron.wsgi [None req-39b6c2da-635c-41d5-8db8-ab80252b2d35 cd81f69b4ce340d986ae745d7df160e7 e5935aaa7e3d4ea5822540b817340386 - - default default] 10.0.0.104 "GET /v2.0/subnetpools HTTP/1.1" status: 200 len: 212 time: 0.0095680
2026-04-23 01:25:50.773 10 INFO neutron.wsgi [-] 10.0.0.121 "GET / HTTP/1.1" status: 200 len: 247 time: 0.0013559
2026-04-23 01:25:50.775 10 INFO neutron.wsgi [-] 10.0.0.121 "GET / HTTP/1.1" status: 200 len: 247 time: 0.0009446
2026-04-23 01:25:59.833 9 INFO neutron.db.ovn_revision_numbers_db [None req-6a6c08cc-34c8-4a87-969e-3732a8073cdb cd81f69b4ce340d986ae745d7df160e7 e5935aaa7e3d4ea5822540b817340386 - - default default] Successfully bumped revision number for resource 95fb4268-0c0a-4d30-ac41-c95153bf8166 (type: security_groups) to 1
2026-04-23 01:25:59.845 9 INFO neutron.db.ovn_revision_numbers_db [None req-6a6c08cc-34c8-4a87-969e-3732a8073cdb cd81f69b4ce340d986ae745d7df160e7 e5935aaa7e3d4ea5822540b817340386 - - default default] Successfully bumped revision number for resource 1e677399-28de-4b39-8241-5b436ec5805b (type: security_group_rules) to 0
2026-04-23 01:25:59.857 9 INFO neutron.db.ovn_revision_numbers_db [None req-6a6c08cc-34c8-4a87-969e-3732a8073cdb cd81f69b4ce340d986ae745d7df160e7 e5935aaa7e3d4ea5822540b817340386 - - default default] Successfully bumped revision number for resource 1e8dabc3-7ac9-4c02-9f2e-7daf0cb9157d (type: security_group_rules) to 0
2026-04-23 01:25:59.878 9 INFO neutron.db.ovn_revision_numbers_db [None req-6a6c08cc-34c8-4a87-969e-3732a8073cdb cd81f69b4ce340d986ae745d7df160e7 e5935aaa7e3d4ea5822540b817340386 - - default default] Successfully bumped revision number for resource c720d6d2-688d-453e-8017-3430cdfdda08 (type: security_group_rules) to 0
2026-04-23 01:25:59.892 9 INFO neutron.db.ovn_revision_numbers_db [None req-6a6c08cc-34c8-4a87-969e-3732a8073cdb cd81f69b4ce340d986ae745d7df160e7 e5935aaa7e3d4ea5822540b817340386 - - default default] Successfully bumped revision number for resource fd8c916f-e316-4060-b219-ae0b351c8d14 (type: security_group_rules) to 0
2026-04-23 01:25:59.945 10 INFO neutron.db.ovn_revision_numbers_db [None req-5ba1113b-f852-45df-8053-61bd4212ab0d cd81f69b4ce340d986ae745d7df160e7 e5935aaa7e3d4ea5822540b817340386 - - default default] Successfully bumped revision number for resource d8a880ac-fd2a-4af5-9eba-9b3ed18c0ba0 (type: security_groups) to 1
2026-04-23 01:25:59.948 10 INFO neutron.db.ovn_revision_numbers_db [None req-2e7dda2d-06ae-43d3-8b83-a3e02f1bb920 cd81f69b4ce340d986ae745d7df160e7 e5935aaa7e3d4ea5822540b817340386 - - default default] Successfully bumped revision number for resource 42578cf3-3af3-4e8d-a0f6-affe2183183a (type: security_groups) to 1
2026-04-23 01:25:59.949 9 INFO neutron.db.segments_db [None req-6a6c08cc-34c8-4a87-969e-3732a8073cdb cd81f69b4ce340d986ae745d7df160e7 e5935aaa7e3d4ea5822540b817340386 - - default default] Added segment 7d45e7c4-a88b-408a-ba58-3f364c7c6074 of type geneve for network 3ee8aecf-1e10-42d8-aba5-c4efc74b1ff2
2026-04-23 01:25:59.960 10 INFO neutron.db.ovn_revision_numbers_db [None req-5ba1113b-f852-45df-8053-61bd4212ab0d cd81f69b4ce340d986ae745d7df160e7 e5935aaa7e3d4ea5822540b817340386 - - default default] Successfully bumped revision number for resource 2d7ac9b9-829b-4aef-b5e8-33abda1e3f10 (type: security_group_rules) to 0
2026-04-23 01:25:59.969 10 INFO neutron.db.ovn_revision_numbers_db [None req-2e7dda2d-06ae-43d3-8b83-a3e02f1bb920 cd81f69b4ce340d986ae745d7df160e7 e5935aaa7e3d4ea5822540b817340386 - - default default] Successfully bumped revision number for resource 34323268-5556-4b1a-8632-9f95d15560e6 (type: security_group_rules) to 0
2026-04-23 01:25:59.975 10 INFO neutron.db.ovn_revision_numbers_db [None req-5ba1113b-f852-45df-8053-61bd4212ab0d cd81f69b4ce340d986ae745d7df160e7 e5935aaa7e3d4ea5822540b817340386 - - default default] Successfully bumped revision number for resource 3a629fd9-4faa-4a7b-a9d5-ed921683e60c (type: security_group_rules) to 0
2026-04-23 01:25:59.983 10 INFO neutron.db.ovn_revision_numbers_db [None req-2e7dda2d-06ae-43d3-8b83-a3e02f1bb920 cd81f69b4ce340d986ae745d7df160e7 e5935aaa7e3d4ea5822540b817340386 - - default default] Successfully bumped revision number for resource 8ef21c1a-68a6-4299-a1ad-94959a97a9d9 (type: security_group_rules) to 0
2026-04-23 01:25:59.988 10 INFO neutron.db.ovn_revision_numbers_db [None req-5ba1113b-f852-45df-8053-61bd4212ab0d cd81f69b4ce340d986ae745d7df160e7 e5935aaa7e3d4ea5822540b817340386 - - default default] Successfully bumped revision number for resource 4c5382d5-b92e-403d-8528-d57dcf753123 (type: security_group_rules) to 0
2026-04-23 01:25:59.994 10 INFO neutron.db.ovn_revision_numbers_db [None req-2e7dda2d-06ae-43d3-8b83-a3e02f1bb920 cd81f69b4ce340d986ae745d7df160e7 e5935aaa7e3d4ea5822540b817340386 - - default default] Successfully bumped revision number for resource 90502c55-c24a-454c-8e1a-4767120e3fb0 (type: security_group_rules) to 0
2026-04-23 01:26:00.001 10 INFO neutron.db.ovn_revision_numbers_db [None req-5ba1113b-f852-45df-8053-61bd4212ab0d cd81f69b4ce340d986ae745d7df160e7 e5935aaa7e3d4ea5822540b817340386 - - default default] Successfully bumped revision number for resource bf9b05ec-d272-4189-b9f6-dbf3d2fd2150 (type: security_group_rules) to 0
2026-04-23 01:26:00.013 10 INFO neutron.db.ovn_revision_numbers_db [None req-2e7dda2d-06ae-43d3-8b83-a3e02f1bb920 cd81f69b4ce340d986ae745d7df160e7 e5935aaa7e3d4ea5822540b817340386 - - default default] Successfully bumped revision number for resource ece5838a-d164-4aa6-add4-3f7f2d7f055f (type: security_group_rules) to 0
2026-04-23 01:26:00.053 10 INFO neutron.db.segments_db [None req-5ba1113b-f852-45df-8053-61bd4212ab0d cd81f69b4ce340d986ae745d7df160e7 e5935aaa7e3d4ea5822540b817340386 - - default default] Added segment 8079e60c-67a6-4d44-90ff-0ef1c6fb575e of type geneve for network e1d5683d-e8b1-4138-86d2-52130a869a9b
2026-04-23 01:26:00.077 10 INFO neutron.db.segments_db [None req-2e7dda2d-06ae-43d3-8b83-a3e02f1bb920 cd81f69b4ce340d986ae745d7df160e7 e5935aaa7e3d4ea5822540b817340386 - - default default] Added segment cd493f88-ed2d-4f36-beb0-f6cd7e9db215 of type geneve for network c4cce68c-6354-43df-a8eb-e2ed40cfbd60
2026-04-23 01:26:00.103 9 INFO neutron.db.ovn_revision_numbers_db [None req-6a6c08cc-34c8-4a87-969e-3732a8073cdb cd81f69b4ce340d986ae745d7df160e7 e5935aaa7e3d4ea5822540b817340386 - - default default] Successfully bumped revision number for resource 3ee8aecf-1e10-42d8-aba5-c4efc74b1ff2 (type: networks) to 1
2026-04-23 01:26:00.235 10 INFO neutron.db.ovn_revision_numbers_db [None req-5ba1113b-f852-45df-8053-61bd4212ab0d cd81f69b4ce340d986ae745d7df160e7 e5935aaa7e3d4ea5822540b817340386 - - default default] Successfully bumped revision number for resource e1d5683d-e8b1-4138-86d2-52130a869a9b (type: networks) to 1
2026-04-23 01:26:00.249 9 WARNING neutron.scheduler.dhcp_agent_scheduler [None req-6a6c08cc-34c8-4a87-969e-3732a8073cdb cd81f69b4ce340d986ae745d7df160e7 e5935aaa7e3d4ea5822540b817340386 - - default default] No more DHCP agents
2026-04-23 01:26:00.252 9 WARNING neutron.api.rpc.agentnotifiers.dhcp_rpc_agent_api [None req-6a6c08cc-34c8-4a87-969e-3732a8073cdb cd81f69b4ce340d986ae745d7df160e7 e5935aaa7e3d4ea5822540b817340386 - - default default] Unable to schedule network 3ee8aecf-1e10-42d8-aba5-c4efc74b1ff2: no agents available; will retry on subsequent port and subnet creation events.
2026-04-23 01:26:00.275 10 INFO neutron.db.ovn_revision_numbers_db [None req-2e7dda2d-06ae-43d3-8b83-a3e02f1bb920 cd81f69b4ce340d986ae745d7df160e7 e5935aaa7e3d4ea5822540b817340386 - - default default] Successfully bumped revision number for resource c4cce68c-6354-43df-a8eb-e2ed40cfbd60 (type: networks) to 1
2026-04-23 01:26:00.326 9 INFO neutron.db.ovn_revision_numbers_db [None req-6a6c08cc-34c8-4a87-969e-3732a8073cdb cd81f69b4ce340d986ae745d7df160e7 e5935aaa7e3d4ea5822540b817340386 - - default default] Successfully bumped revision number for resource 1d9ce9c1-2c3e-4153-ba48-3ce3cb8a81c4 (type: ports) to 1
2026-04-23 01:26:00.342 9 INFO neutron.wsgi [None req-6a6c08cc-34c8-4a87-969e-3732a8073cdb cd81f69b4ce340d986ae745d7df160e7 e5935aaa7e3d4ea5822540b817340386 - - default default] 10.0.0.104 "POST /v2.0/networks HTTP/1.1" status: 201 len: 947 time: 0.7101722
2026-04-23 01:26:00.457 10 WARNING neutron.scheduler.dhcp_agent_scheduler [None req-5ba1113b-f852-45df-8053-61bd4212ab0d cd81f69b4ce340d986ae745d7df160e7 e5935aaa7e3d4ea5822540b817340386 - - default default] No more DHCP agents
2026-04-23 01:26:00.460 10 WARNING neutron.api.rpc.agentnotifiers.dhcp_rpc_agent_api [None req-5ba1113b-f852-45df-8053-61bd4212ab0d cd81f69b4ce340d986ae745d7df160e7 e5935aaa7e3d4ea5822540b817340386 - - default default] Unable to schedule network e1d5683d-e8b1-4138-86d2-52130a869a9b: no agents available; will retry on subsequent port and subnet creation events.
2026-04-23 01:26:00.470 10 WARNING neutron.scheduler.dhcp_agent_scheduler [None req-2e7dda2d-06ae-43d3-8b83-a3e02f1bb920 cd81f69b4ce340d986ae745d7df160e7 e5935aaa7e3d4ea5822540b817340386 - - default default] No more DHCP agents
2026-04-23 01:26:00.473 10 WARNING neutron.api.rpc.agentnotifiers.dhcp_rpc_agent_api [None req-2e7dda2d-06ae-43d3-8b83-a3e02f1bb920 cd81f69b4ce340d986ae745d7df160e7 e5935aaa7e3d4ea5822540b817340386 - - default default] Unable to schedule network c4cce68c-6354-43df-a8eb-e2ed40cfbd60: no agents available; will retry on subsequent port and subnet creation events.
2026-04-23 01:26:00.485 9 WARNING neutron.scheduler.dhcp_agent_scheduler [None req-8f565e83-88a4-4676-9600-c0e81a026c40 cd81f69b4ce340d986ae745d7df160e7 e5935aaa7e3d4ea5822540b817340386 - - default default] No more DHCP agents
2026-04-23 01:26:00.488 9 WARNING neutron.api.rpc.agentnotifiers.dhcp_rpc_agent_api [None req-8f565e83-88a4-4676-9600-c0e81a026c40 cd81f69b4ce340d986ae745d7df160e7 e5935aaa7e3d4ea5822540b817340386 - - default default] Unable to schedule network 3ee8aecf-1e10-42d8-aba5-c4efc74b1ff2: no agents available; will retry on subsequent port and subnet creation events.
2026-04-23 01:26:00.572 10 INFO neutron.db.ovn_revision_numbers_db [None req-5ba1113b-f852-45df-8053-61bd4212ab0d cd81f69b4ce340d986ae745d7df160e7 e5935aaa7e3d4ea5822540b817340386 - - default default] Successfully bumped revision number for resource 126f2ac2-6fee-4315-b59a-b2b4c28642a0 (type: ports) to 1
2026-04-23 01:26:00.576 10 INFO neutron.db.ovn_revision_numbers_db [None req-2e7dda2d-06ae-43d3-8b83-a3e02f1bb920 cd81f69b4ce340d986ae745d7df160e7 e5935aaa7e3d4ea5822540b817340386 - - default default] Successfully bumped revision number for resource c1490788-b93a-4710-83cd-50abcc191f30 (type: ports) to 1
2026-04-23 01:26:00.598 10 INFO neutron.wsgi [None req-5ba1113b-f852-45df-8053-61bd4212ab0d cd81f69b4ce340d986ae745d7df160e7 e5935aaa7e3d4ea5822540b817340386 - - default default] 10.0.0.104 "POST /v2.0/networks HTTP/1.1" status: 201 len: 954 time: 0.9612329
2026-04-23 01:26:00.615 10 INFO neutron.wsgi [None req-2e7dda2d-06ae-43d3-8b83-a3e02f1bb920 cd81f69b4ce340d986ae745d7df160e7 e5935aaa7e3d4ea5822540b817340386 - - default default] 10.0.0.104 "POST /v2.0/networks HTTP/1.1" status: 201 len: 950 time: 0.9108398
2026-04-23 01:26:00.704 9 INFO neutron.db.ovn_revision_numbers_db [None req-f6ce61cf-42fe-4e52-bcb8-9c77b387cc00 cd81f69b4ce340d986ae745d7df160e7 e5935aaa7e3d4ea5822540b817340386 - - default default] Successfully bumped revision number for resource 626f9ee8-2ab2-4561-807a-5143d8d832aa (type: security_groups) to 1
2026-04-23 01:26:00.743 9 INFO neutron.db.ovn_revision_numbers_db [None req-f6ce61cf-42fe-4e52-bcb8-9c77b387cc00 cd81f69b4ce340d986ae745d7df160e7 e5935aaa7e3d4ea5822540b817340386 - - default default] Successfully bumped revision number for resource 011817bc-392f-4c1b-bed5-d4b967dec831 (type: security_group_rules) to 0
2026-04-23 01:26:00.768 10 WARNING neutron.scheduler.dhcp_agent_scheduler [None req-ef1a0c25-9f32-4bed-996f-ec74200de301 cd81f69b4ce340d986ae745d7df160e7 e5935aaa7e3d4ea5822540b817340386 - - default default] No more DHCP agents
2026-04-23 01:26:00.770 10 WARNING neutron.api.rpc.agentnotifiers.dhcp_rpc_agent_api [None req-ef1a0c25-9f32-4bed-996f-ec74200de301 cd81f69b4ce340d986ae745d7df160e7 e5935aaa7e3d4ea5822540b817340386 - - default default] Unable to schedule network e1d5683d-e8b1-4138-86d2-52130a869a9b: no agents available; will retry on subsequent port and subnet creation events.
2026-04-23 01:26:00.838 9 INFO neutron.db.ovn_revision_numbers_db [None req-f6ce61cf-42fe-4e52-bcb8-9c77b387cc00 cd81f69b4ce340d986ae745d7df160e7 e5935aaa7e3d4ea5822540b817340386 - - default default] Successfully bumped revision number for resource 3341c5b3-4420-4f79-8fc1-4ed92ed964a2 (type: security_group_rules) to 0
2026-04-23 01:26:00.871 9 INFO neutron.db.ovn_revision_numbers_db [None req-f6ce61cf-42fe-4e52-bcb8-9c77b387cc00 cd81f69b4ce340d986ae745d7df160e7 e5935aaa7e3d4ea5822540b817340386 - - default default] Successfully bumped revision number for resource 5dd424bc-eccd-46cb-9420-a18710c74a8f (type: security_group_rules) to 0
2026-04-23 01:26:00.894 9 INFO neutron.db.ovn_revision_numbers_db [None req-f6ce61cf-42fe-4e52-bcb8-9c77b387cc00 cd81f69b4ce340d986ae745d7df160e7 e5935aaa7e3d4ea5822540b817340386 - - default default] Successfully bumped revision number for resource aaffc439-aaf8-4329-bcbb-1ebe09d5a92c (type: security_group_rules) to 0
2026-04-23 01:26:00.908 9 WARNING neutron.scheduler.dhcp_agent_scheduler [None req-500a30ef-5027-40bb-bdf2-6aa3b8e2db0b cd81f69b4ce340d986ae745d7df160e7 e5935aaa7e3d4ea5822540b817340386 - - default default] No more DHCP agents
2026-04-23 01:26:00.914 9 WARNING neutron.api.rpc.agentnotifiers.dhcp_rpc_agent_api [None req-500a30ef-5027-40bb-bdf2-6aa3b8e2db0b cd81f69b4ce340d986ae745d7df160e7 e5935aaa7e3d4ea5822540b817340386 - - default default] Unable to schedule network c4cce68c-6354-43df-a8eb-e2ed40cfbd60: no agents available; will retry on subsequent port and subnet creation events.
2026-04-23 01:26:00.943 9 INFO neutron.wsgi [None req-f6ce61cf-42fe-4e52-bcb8-9c77b387cc00 cd81f69b4ce340d986ae745d7df160e7 e5935aaa7e3d4ea5822540b817340386 - - default default] 10.0.0.104 "GET /v2.0/security-groups?tenant_id=512a170da50145ab809ba61a5f848a2e&name=default HTTP/1.1" status: 200 len: 2992 time: 0.5089860
2026-04-23 01:26:01.210 9 INFO neutron.db.ovn_revision_numbers_db [None req-8f565e83-88a4-4676-9600-c0e81a026c40 cd81f69b4ce340d986ae745d7df160e7 e5935aaa7e3d4ea5822540b817340386 - - default default] Successfully bumped revision number for resource 1d9ce9c1-2c3e-4153-ba48-3ce3cb8a81c4 (type: ports) to 2
2026-04-23 01:26:01.252 10 INFO neutron.wsgi [None req-d30ba025-9626-4991-8567-69172e0f4422 cd81f69b4ce340d986ae745d7df160e7 e5935aaa7e3d4ea5822540b817340386 - - default default] 10.0.0.104 "DELETE /v2.0/security-groups/626f9ee8-2ab2-4561-807a-5143d8d832aa HTTP/1.1" status: 204 len: 168 time: 0.3030877
2026-04-23 01:26:01.256 9 INFO neutron.db.ovn_revision_numbers_db [None req-8f565e83-88a4-4676-9600-c0e81a026c40 cd81f69b4ce340d986ae745d7df160e7 e5935aaa7e3d4ea5822540b817340386 - - default default] Successfully bumped revision number for resource 0b893fc8-ad6d-4a49-b55f-a7d3a6e119ab (type: subnets) to 0
2026-04-23 01:26:01.272 9 INFO neutron.wsgi [None req-8f565e83-88a4-4676-9600-c0e81a026c40 cd81f69b4ce340d986ae745d7df160e7 e5935aaa7e3d4ea5822540b817340386 - - default default] 10.0.0.104 "POST /v2.0/subnets HTTP/1.1" status: 201 len: 867 time: 0.9257066
2026-04-23 01:26:01.439 10 INFO neutron.db.ovn_revision_numbers_db [None req-ef1a0c25-9f32-4bed-996f-ec74200de301 cd81f69b4ce340d986ae745d7df160e7 e5935aaa7e3d4ea5822540b817340386 - - default default] Successfully bumped revision number for resource 126f2ac2-6fee-4315-b59a-b2b4c28642a0 (type: ports) to 2
2026-04-23 01:26:01.464 9 INFO neutron.db.ovn_revision_numbers_db [None req-500a30ef-5027-40bb-bdf2-6aa3b8e2db0b cd81f69b4ce340d986ae745d7df160e7 e5935aaa7e3d4ea5822540b817340386 - - default default] Successfully bumped revision number for resource c1490788-b93a-4710-83cd-50abcc191f30 (type: ports) to 2
2026-04-23 01:26:01.493 10 INFO neutron.db.ovn_revision_numbers_db [None req-ef1a0c25-9f32-4bed-996f-ec74200de301 cd81f69b4ce340d986ae745d7df160e7 e5935aaa7e3d4ea5822540b817340386 - - default default] Successfully bumped revision number for resource 081f34a2-7ea6-4f1a-8640-d665791e1b3b (type: subnets) to 0
2026-04-23 01:26:01.494 9 INFO neutron.db.ovn_revision_numbers_db [None req-500a30ef-5027-40bb-bdf2-6aa3b8e2db0b cd81f69b4ce340d986ae745d7df160e7 e5935aaa7e3d4ea5822540b817340386 - - default default] Successfully bumped revision number for resource 1198d1ac-6580-4a8a-a3ae-2904c5d8ff45 (type: subnets) to 0
2026-04-23 01:26:01.517 9 INFO neutron.wsgi [None req-500a30ef-5027-40bb-bdf2-6aa3b8e2db0b cd81f69b4ce340d986ae745d7df160e7 e5935aaa7e3d4ea5822540b817340386 - - default default] 10.0.0.104 "POST /v2.0/subnets HTTP/1.1" status: 201 len: 870 time: 0.8964026
2026-04-23 01:26:01.526 10 INFO neutron.wsgi [None req-ef1a0c25-9f32-4bed-996f-ec74200de301 cd81f69b4ce340d986ae745d7df160e7 e5935aaa7e3d4ea5822540b817340386 - - default default] 10.0.0.104 "POST /v2.0/subnets HTTP/1.1" status: 201 len: 874 time: 0.9104993
2026-04-23 01:26:01.933 10 WARNING neutron.scheduler.dhcp_agent_scheduler [None req-979b5843-e158-41f9-a33a-cf6a781ee711 cd81f69b4ce340d986ae745d7df160e7 e5935aaa7e3d4ea5822540b817340386 - - default default] No more DHCP agents
2026-04-23 01:26:01.935 10 WARNING neutron.api.rpc.agentnotifiers.dhcp_rpc_agent_api [None req-979b5843-e158-41f9-a33a-cf6a781ee711 cd81f69b4ce340d986ae745d7df160e7 e5935aaa7e3d4ea5822540b817340386 - - default default] Unable to schedule network c2c20274-476f-4978-a5dc-5eb24dc41987: no agents available; will retry on subsequent port and subnet creation events.
2026-04-23 01:26:02.065 10 INFO neutron.db.ovn_revision_numbers_db [None req-979b5843-e158-41f9-a33a-cf6a781ee711 cd81f69b4ce340d986ae745d7df160e7 e5935aaa7e3d4ea5822540b817340386 - - default default] Successfully bumped revision number for resource a0d849ff-98e1-49e5-b42c-26a95123cd03 (type: ports) to 1
2026-04-23 01:26:02.150 9 WARNING neutron.scheduler.dhcp_agent_scheduler [None req-72abd30c-c54d-4c97-8bc1-0732d8f39865 cd81f69b4ce340d986ae745d7df160e7 e5935aaa7e3d4ea5822540b817340386 - - default default] No more DHCP agents
2026-04-23 01:26:02.153 9 WARNING neutron.api.rpc.agentnotifiers.dhcp_rpc_agent_api [None req-72abd30c-c54d-4c97-8bc1-0732d8f39865 cd81f69b4ce340d986ae745d7df160e7 e5935aaa7e3d4ea5822540b817340386 - - default default] Unable to schedule network c2c20274-476f-4978-a5dc-5eb24dc41987: no agents available; will retry on subsequent port and subnet creation events.
2026-04-23 01:26:02.176 9 WARNING neutron.scheduler.dhcp_agent_scheduler [None req-bec23014-dcb9-4205-b617-8b3d3ef39217 cd81f69b4ce340d986ae745d7df160e7 e5935aaa7e3d4ea5822540b817340386 - - default default] No more DHCP agents
2026-04-23 01:26:02.180 9 WARNING neutron.api.rpc.agentnotifiers.dhcp_rpc_agent_api [None req-bec23014-dcb9-4205-b617-8b3d3ef39217 cd81f69b4ce340d986ae745d7df160e7 e5935aaa7e3d4ea5822540b817340386 - - default default] Unable to schedule network c2c20274-476f-4978-a5dc-5eb24dc41987: no agents available; will retry on subsequent port and subnet creation events.
2026-04-23 01:26:02.312 9 INFO neutron.db.ovn_revision_numbers_db [None req-72abd30c-c54d-4c97-8bc1-0732d8f39865 cd81f69b4ce340d986ae745d7df160e7 e5935aaa7e3d4ea5822540b817340386 - - default default] Successfully bumped revision number for resource 925ad7d1-4962-4dd8-91b6-b616b5ddf614 (type: ports) to 1
2026-04-23 01:26:02.336 10 INFO neutron.plugins.ml2.drivers.ovn.mech_driver.ovsdb.extensions.qos [None req-979b5843-e158-41f9-a33a-cf6a781ee711 cd81f69b4ce340d986ae745d7df160e7 e5935aaa7e3d4ea5822540b817340386 - - default default] Starting OVNClientQosExtension
2026-04-23 01:26:02.358 9 INFO neutron.db.ovn_revision_numbers_db [None req-bec23014-dcb9-4205-b617-8b3d3ef39217 cd81f69b4ce340d986ae745d7df160e7 e5935aaa7e3d4ea5822540b817340386 - - default default] Successfully bumped revision number for resource 6d025d6a-3562-4d16-b6a1-89a8deee28e3 (type: ports) to 1
2026-04-23 01:26:02.616 10 INFO neutron.plugins.ml2.drivers.ovn.mech_driver.mech_driver [None req-cf6414a4-30e0-4e6b-a5a3-dfce29d33029 - - - - - -] OVN reports status up for port: a0d849ff-98e1-49e5-b42c-26a95123cd03
2026-04-23 01:26:02.633 10 INFO neutron.plugins.ml2.plugin [None req-cf6414a4-30e0-4e6b-a5a3-dfce29d33029 - - - - - -] Attempt 1 to provision port a0d849ff-98e1-49e5-b42c-26a95123cd03
2026-04-23 01:26:02.634 9 INFO neutron.plugins.ml2.drivers.ovn.mech_driver.ovsdb.ovsdb_monitor [-] Router 8a00f5d3-858b-4a2d-90c2-54abc1a7f925 is bound to host instance
2026-04-23 01:26:02.662 10 INFO neutron.db.ovn_revision_numbers_db [None req-979b5843-e158-41f9-a33a-cf6a781ee711 cd81f69b4ce340d986ae745d7df160e7 e5935aaa7e3d4ea5822540b817340386 - - default default] Successfully bumped revision number for resource a0d849ff-98e1-49e5-b42c-26a95123cd03 (type: router_ports) to 1
2026-04-23 01:26:02.730 10 INFO neutron.db.ovn_revision_numbers_db [None req-979b5843-e158-41f9-a33a-cf6a781ee711 cd81f69b4ce340d986ae745d7df160e7 e5935aaa7e3d4ea5822540b817340386 - - default default] Successfully bumped revision number for resource 8a00f5d3-858b-4a2d-90c2-54abc1a7f925 (type: routers) to 2
2026-04-23 01:26:02.746 10 INFO neutron.wsgi [None req-979b5843-e158-41f9-a33a-cf6a781ee711 cd81f69b4ce340d986ae745d7df160e7 e5935aaa7e3d4ea5822540b817340386 - - default default] 10.0.0.104 "POST /v2.0/routers HTTP/1.1" status: 201 len: 878 time: 1.4673769
2026-04-23 01:26:02.748 9 INFO neutron.plugins.ml2.drivers.ovn.mech_driver.ovsdb.extensions.qos [None req-72abd30c-c54d-4c97-8bc1-0732d8f39865 cd81f69b4ce340d986ae745d7df160e7 e5935aaa7e3d4ea5822540b817340386 - - default default] Starting OVNClientQosExtension
2026-04-23 01:26:03.350 10 WARNING neutron.scheduler.dhcp_agent_scheduler [None req-14cc10b5-4f32-4513-a414-0be1ea3b26e3 cd81f69b4ce340d986ae745d7df160e7 e5935aaa7e3d4ea5822540b817340386 - - default default] No more DHCP agents
2026-04-23 01:26:03.352 10 WARNING neutron.api.rpc.agentnotifiers.dhcp_rpc_agent_api [None req-14cc10b5-4f32-4513-a414-0be1ea3b26e3 cd81f69b4ce340d986ae745d7df160e7 e5935aaa7e3d4ea5822540b817340386 - - default default] Unable to schedule network 3ee8aecf-1e10-42d8-aba5-c4efc74b1ff2: no agents available; will retry on subsequent port and subnet creation events.
2026-04-23 01:26:03.388 10 INFO neutron.plugins.ml2.drivers.ovn.mech_driver.ovsdb.ovsdb_monitor [-] Router 3b9d15da-67dd-402e-8462-e23c9e95ce00 is bound to host instance
2026-04-23 01:26:03.437 9 INFO neutron.db.ovn_revision_numbers_db [None req-72abd30c-c54d-4c97-8bc1-0732d8f39865 cd81f69b4ce340d986ae745d7df160e7 e5935aaa7e3d4ea5822540b817340386 - - default default] Successfully bumped revision number for resource 925ad7d1-4962-4dd8-91b6-b616b5ddf614 (type: router_ports) to 1
2026-04-23 01:26:03.457 9 INFO neutron.plugins.ml2.drivers.ovn.mech_driver.mech_driver [None req-18b6f71d-ec2c-4757-80ef-0f51bb9302b7 - - - - - -] OVN reports status up for port: 6d025d6a-3562-4d16-b6a1-89a8deee28e3
2026-04-23 01:26:03.492 9 INFO neutron.plugins.ml2.plugin [None req-18b6f71d-ec2c-4757-80ef-0f51bb9302b7 - - - - - -] Attempt 1 to provision port 6d025d6a-3562-4d16-b6a1-89a8deee28e3
2026-04-23 01:26:03.519 9 INFO neutron.db.ovn_revision_numbers_db [None req-bec23014-dcb9-4205-b617-8b3d3ef39217 cd81f69b4ce340d986ae745d7df160e7 e5935aaa7e3d4ea5822540b817340386 - - default default] Successfully bumped revision number for resource 6d025d6a-3562-4d16-b6a1-89a8deee28e3 (type: router_ports) to 1
2026-04-23 01:26:03.565 9 INFO neutron.db.ovn_revision_numbers_db [None req-72abd30c-c54d-4c97-8bc1-0732d8f39865 cd81f69b4ce340d986ae745d7df160e7 e5935aaa7e3d4ea5822540b817340386 - - default default] Successfully bumped revision number for resource 3b9d15da-67dd-402e-8462-e23c9e95ce00 (type: routers) to 2
2026-04-23 01:26:03.577 9 INFO neutron.db.ovn_revision_numbers_db [None req-7d2eae2a-d088-4c46-bc06-9616ea5274f4 - - - - - -] Successfully bumped revision number for resource a0d849ff-98e1-49e5-b42c-26a95123cd03 (type: ports) to 1
2026-04-23 01:26:03.581 10 INFO neutron.db.ovn_revision_numbers_db [None req-14cc10b5-4f32-4513-a414-0be1ea3b26e3 cd81f69b4ce340d986ae745d7df160e7 e5935aaa7e3d4ea5822540b817340386 - - default default] Successfully bumped revision number for resource 7a2edc6b-4db4-44a8-97bf-f2d36e4869fe (type: ports) to 1
2026-04-23 01:26:03.587 9 INFO neutron.wsgi [None req-72abd30c-c54d-4c97-8bc1-0732d8f39865 cd81f69b4ce340d986ae745d7df160e7 e5935aaa7e3d4ea5822540b817340386 - - default default] 10.0.0.104 "POST /v2.0/routers HTTP/1.1" status: 201 len: 881 time: 2.0625472
2026-04-23 01:26:03.645 9 INFO neutron.db.ovn_revision_numbers_db [None req-bec23014-dcb9-4205-b617-8b3d3ef39217 cd81f69b4ce340d986ae745d7df160e7 e5935aaa7e3d4ea5822540b817340386 - - default default] Successfully bumped revision number for resource 51494677-1c50-4bd4-9aeb-4d5e653a0d4e (type: routers) to 2
2026-04-23 01:26:03.664 9 INFO neutron.wsgi [None req-bec23014-dcb9-4205-b617-8b3d3ef39217 cd81f69b4ce340d986ae745d7df160e7 e5935aaa7e3d4ea5822540b817340386 - - default default] 10.0.0.104 "POST /v2.0/routers HTTP/1.1" status: 201 len: 885 time: 2.1333084
2026-04-23 01:26:04.110 10 INFO neutron.db.ovn_revision_numbers_db [None req-4ece53be-94fc-41fa-b861-9c71f8aeddcb - - - - - -] Successfully bumped revision number for resource 925ad7d1-4962-4dd8-91b6-b616b5ddf614 (type: ports) to 1
2026-04-23 01:26:04.197 9 INFO neutron.db.ovn_revision_numbers_db [None req-7d2eae2a-d088-4c46-bc06-9616ea5274f4 - - - - - -] Successfully bumped revision number for resource a0d849ff-98e1-49e5-b42c-26a95123cd03 (type: router_ports) to 3
