2026-04-23 01:29:50.207 9 INFO neutron.wsgi [None req-9b8ba237-6cc0-4219-bd40-42efdb01c82f e134e4f97bcb4ffb971b6e6876fc0a14 7a7465b629564e9ab90c8b646af38811 - - default default] 10.0.0.104 "GET /v2.0/security-groups?tags-any=red%2Cblue HTTP/1.1" status: 200 len: 4819 time: 0.0374815
2026-04-23 01:29:50.273 10 INFO neutron.db.ovn_revision_numbers_db [None req-c0ff8dd3-9f6d-4cbb-9d7f-4cdd64d7435f cd81f69b4ce340d986ae745d7df160e7 e5935aaa7e3d4ea5822540b817340386 - - default default] Successfully bumped revision number for resource 380ae2e6-688c-460b-84d4-51e02bfeba06 (type: security_groups) to 1
2026-04-23 01:29:50.287 10 INFO neutron.wsgi [None req-b1bd147c-5fb7-4c36-ab3e-1cca55a6a267 e134e4f97bcb4ffb971b6e6876fc0a14 7a7465b629564e9ab90c8b646af38811 - - default default] 10.0.0.104 "GET /v2.0/security-groups?not-tags=red HTTP/1.1" status: 200 len: 6049 time: 0.0652714
2026-04-23 01:29:50.297 10 INFO neutron.db.ovn_revision_numbers_db [None req-c0ff8dd3-9f6d-4cbb-9d7f-4cdd64d7435f cd81f69b4ce340d986ae745d7df160e7 e5935aaa7e3d4ea5822540b817340386 - - default default] Successfully bumped revision number for resource 09fa58b9-611d-408e-b5ef-7e649b6cc0d9 (type: security_group_rules) to 0
2026-04-23 01:29:50.313 10 INFO neutron.db.ovn_revision_numbers_db [None req-c0ff8dd3-9f6d-4cbb-9d7f-4cdd64d7435f cd81f69b4ce340d986ae745d7df160e7 e5935aaa7e3d4ea5822540b817340386 - - default default] Successfully bumped revision number for resource a1089aeb-8b66-462b-bd63-bd06f4036bd6 (type: security_group_rules) to 0
2026-04-23 01:29:50.330 10 INFO neutron.db.ovn_revision_numbers_db [None req-c0ff8dd3-9f6d-4cbb-9d7f-4cdd64d7435f cd81f69b4ce340d986ae745d7df160e7 e5935aaa7e3d4ea5822540b817340386 - - default default] Successfully bumped revision number for resource ba7f2245-9e89-4a3e-bbe5-998308ef1b7d (type: security_group_rules) to 0
2026-04-23 01:29:50.339 9 INFO neutron.wsgi [None req-2664f492-ffab-41ae-8c0b-8846cf3c1f2b e134e4f97bcb4ffb971b6e6876fc0a14 7a7465b629564e9ab90c8b646af38811 - - default default] 10.0.0.104 "GET /v2.0/security-groups?not-tags=red%2Cblue HTTP/1.1" status: 200 len: 7575 time: 0.0460165
2026-04-23 01:29:50.347 10 INFO neutron.db.ovn_revision_numbers_db [None req-c0ff8dd3-9f6d-4cbb-9d7f-4cdd64d7435f cd81f69b4ce340d986ae745d7df160e7 e5935aaa7e3d4ea5822540b817340386 - - default default] Successfully bumped revision number for resource c85edd40-4f10-4361-8c81-e3e15a18b9eb (type: security_group_rules) to 0
2026-04-23 01:29:50.376 10 INFO neutron.wsgi [None req-c0ff8dd3-9f6d-4cbb-9d7f-4cdd64d7435f cd81f69b4ce340d986ae745d7df160e7 e5935aaa7e3d4ea5822540b817340386 - - default default] 10.0.0.104 "GET /v2.0/security-groups?tenant_id=193003d2d22d45ebb5b098903e81066f&name=default HTTP/1.1" status: 200 len: 3000 time: 0.2591798
2026-04-23 01:29:50.389 9 INFO neutron.wsgi [None req-eff3a4d9-5eaf-40cc-83ea-2ff497c03caa e134e4f97bcb4ffb971b6e6876fc0a14 7a7465b629564e9ab90c8b646af38811 - - default default] 10.0.0.104 "GET /v2.0/security-groups?not-tags-any=blue HTTP/1.1" status: 200 len: 7575 time: 0.0459070
2026-04-23 01:29:50.434 9 INFO neutron.wsgi [None req-209f2e5e-802b-4342-a9b8-7bae1f15b9f6 e134e4f97bcb4ffb971b6e6876fc0a14 7a7465b629564e9ab90c8b646af38811 - - default default] 10.0.0.104 "GET /v2.0/security-groups?not-tags-any=red%2Cblue HTTP/1.1" status: 200 len: 6049 time: 0.0404539
2026-04-23 01:29:50.556 9 INFO neutron.wsgi [None req-73900ded-73e5-45af-b66e-86b91f0ca84e e134e4f97bcb4ffb971b6e6876fc0a14 7a7465b629564e9ab90c8b646af38811 - - default default] 10.0.0.104 "DELETE /v2.0/security-groups/ca90c69f-9b50-4606-937d-463a8da7b6e1 HTTP/1.1" status: 204 len: 168 time: 0.1172192
2026-04-23 01:29:50.595 10 INFO neutron.wsgi [None req-c4f2416e-b661-4f08-95fc-9b9f3f32fb82 cd81f69b4ce340d986ae745d7df160e7 e5935aaa7e3d4ea5822540b817340386 - - default default] 10.0.0.104 "DELETE /v2.0/security-groups/380ae2e6-688c-460b-84d4-51e02bfeba06 HTTP/1.1" status: 204 len: 168 time: 0.2148247
2026-04-23 01:29:50.678 9 INFO neutron.wsgi [None req-85ed9267-7687-4339-a58f-a5ef6a4b30f0 e134e4f97bcb4ffb971b6e6876fc0a14 7a7465b629564e9ab90c8b646af38811 - - default default] 10.0.0.104 "DELETE /v2.0/security-groups/aa2fc51b-53c9-4724-9255-8826528d9bfc HTTP/1.1" status: 204 len: 168 time: 0.1156282
2026-04-23 01:29:50.774 10 INFO neutron.wsgi [-] 10.0.0.121 "GET / HTTP/1.1" status: 200 len: 247 time: 0.0020206
2026-04-23 01:29:50.776 10 INFO neutron.wsgi [-] 10.0.0.121 "GET / HTTP/1.1" status: 200 len: 247 time: 0.0016134
2026-04-23 01:29:50.833 9 INFO neutron.wsgi [None req-1c9d2351-d163-4173-be99-59a9c2eb6056 e134e4f97bcb4ffb971b6e6876fc0a14 7a7465b629564e9ab90c8b646af38811 - - default default] 10.0.0.104 "DELETE /v2.0/security-groups/526d8801-8dfc-45c0-9272-b588440c5b88 HTTP/1.1" status: 204 len: 168 time: 0.1480455
2026-04-23 01:29:50.962 9 INFO neutron.wsgi [None req-0d80816a-749f-4b71-b59c-b189c0752d16 e134e4f97bcb4ffb971b6e6876fc0a14 7a7465b629564e9ab90c8b646af38811 - - default default] 10.0.0.104 "DELETE /v2.0/security-groups/f78a0ba5-b207-41ce-9051-6cfda0d65f48 HTTP/1.1" status: 204 len: 168 time: 0.1248779
2026-04-23 01:29:51.071 9 INFO neutron.wsgi [None req-4d8214ed-3ac0-4110-bc3d-365fb7acb09b e134e4f97bcb4ffb971b6e6876fc0a14 7a7465b629564e9ab90c8b646af38811 - - default default] 10.0.0.104 "DELETE /v2.0/security-groups/6af94b64-768f-4a8d-825f-846693f571e2 HTTP/1.1" status: 204 len: 168 time: 0.1035838
2026-04-23 01:29:52.227 9 INFO neutron.db.ovn_revision_numbers_db [None req-1d11aedf-527c-4aae-84fd-50d0afc9c5d1 cd81f69b4ce340d986ae745d7df160e7 e5935aaa7e3d4ea5822540b817340386 - - default default] Successfully bumped revision number for resource 47f497ae-1a9d-40db-b78c-7a8e3467e2e7 (type: security_groups) to 1
2026-04-23 01:29:52.242 9 INFO neutron.db.ovn_revision_numbers_db [None req-1d11aedf-527c-4aae-84fd-50d0afc9c5d1 cd81f69b4ce340d986ae745d7df160e7 e5935aaa7e3d4ea5822540b817340386 - - default default] Successfully bumped revision number for resource 62df142a-4793-4627-9692-e5eb89096e26 (type: security_group_rules) to 0
2026-04-23 01:29:52.265 9 INFO neutron.db.ovn_revision_numbers_db [None req-1d11aedf-527c-4aae-84fd-50d0afc9c5d1 cd81f69b4ce340d986ae745d7df160e7 e5935aaa7e3d4ea5822540b817340386 - - default default] Successfully bumped revision number for resource 694df65c-8839-45cb-833e-4b82dabbff53 (type: security_group_rules) to 0
2026-04-23 01:29:52.282 9 INFO neutron.db.ovn_revision_numbers_db [None req-1d11aedf-527c-4aae-84fd-50d0afc9c5d1 cd81f69b4ce340d986ae745d7df160e7 e5935aaa7e3d4ea5822540b817340386 - - default default] Successfully bumped revision number for resource 7702def0-c0a7-4859-95ef-d086ca25953f (type: security_group_rules) to 0
2026-04-23 01:29:52.297 9 INFO neutron.db.ovn_revision_numbers_db [None req-1d11aedf-527c-4aae-84fd-50d0afc9c5d1 cd81f69b4ce340d986ae745d7df160e7 e5935aaa7e3d4ea5822540b817340386 - - default default] Successfully bumped revision number for resource 8f2b148d-5fdf-4d86-9009-bf87cff1391b (type: security_group_rules) to 0
2026-04-23 01:29:52.320 9 INFO neutron.wsgi [None req-1d11aedf-527c-4aae-84fd-50d0afc9c5d1 cd81f69b4ce340d986ae745d7df160e7 e5935aaa7e3d4ea5822540b817340386 - - default default] 10.0.0.104 "GET /v2.0/security-groups?tenant_id=cc3e338733964284a7b2d0d2b8121e7a&name=default HTTP/1.1" status: 200 len: 3000 time: 0.3850782
2026-04-23 01:29:52.507 9 INFO neutron.wsgi [None req-38622d95-0d80-4b2b-bb8f-26a898d816f5 cd81f69b4ce340d986ae745d7df160e7 e5935aaa7e3d4ea5822540b817340386 - - default default] 10.0.0.104 "DELETE /v2.0/security-groups/47f497ae-1a9d-40db-b78c-7a8e3467e2e7 HTTP/1.1" status: 204 len: 168 time: 0.1801116
2026-04-23 01:29:52.736 9 INFO neutron.db.ovn_revision_numbers_db [None req-de846a8b-c282-488b-9c7e-339d08370d6b cd81f69b4ce340d986ae745d7df160e7 e5935aaa7e3d4ea5822540b817340386 - - default default] Successfully bumped revision number for resource 0852c3e7-7dd4-4fa8-8b96-3bf87c1be1a0 (type: security_groups) to 1
2026-04-23 01:29:52.750 9 INFO neutron.db.ovn_revision_numbers_db [None req-de846a8b-c282-488b-9c7e-339d08370d6b cd81f69b4ce340d986ae745d7df160e7 e5935aaa7e3d4ea5822540b817340386 - - default default] Successfully bumped revision number for resource 5aa5dd39-8c98-41e2-afb3-3cec7635e7c4 (type: security_group_rules) to 0
2026-04-23 01:29:52.764 9 INFO neutron.db.ovn_revision_numbers_db [None req-de846a8b-c282-488b-9c7e-339d08370d6b cd81f69b4ce340d986ae745d7df160e7 e5935aaa7e3d4ea5822540b817340386 - - default default] Successfully bumped revision number for resource 8b9f6849-bfab-4625-8634-c0537666b56e (type: security_group_rules) to 0
2026-04-23 01:29:52.797 9 INFO neutron.db.ovn_revision_numbers_db [None req-de846a8b-c282-488b-9c7e-339d08370d6b cd81f69b4ce340d986ae745d7df160e7 e5935aaa7e3d4ea5822540b817340386 - - default default] Successfully bumped revision number for resource 92c5db8b-c860-4de5-ae0e-b387f3a6cf0e (type: security_group_rules) to 0
2026-04-23 01:29:52.811 9 INFO neutron.db.ovn_revision_numbers_db [None req-de846a8b-c282-488b-9c7e-339d08370d6b cd81f69b4ce340d986ae745d7df160e7 e5935aaa7e3d4ea5822540b817340386 - - default default] Successfully bumped revision number for resource ae19d600-33b7-47a1-bcef-84f3d70bdc38 (type: security_group_rules) to 0
2026-04-23 01:29:52.835 9 INFO neutron.wsgi [None req-de846a8b-c282-488b-9c7e-339d08370d6b cd81f69b4ce340d986ae745d7df160e7 e5935aaa7e3d4ea5822540b817340386 - - default default] 10.0.0.104 "GET /v2.0/security-groups?tenant_id=1c535da3685746aaabbb2dbda50596de&name=default HTTP/1.1" status: 200 len: 3000 time: 0.2220595
2026-04-23 01:29:53.063 9 INFO neutron.wsgi [None req-f704e2b4-17ab-45f8-afbb-7b5269a1a339 cd81f69b4ce340d986ae745d7df160e7 e5935aaa7e3d4ea5822540b817340386 - - default default] 10.0.0.104 "DELETE /v2.0/security-groups/0852c3e7-7dd4-4fa8-8b96-3bf87c1be1a0 HTTP/1.1" status: 204 len: 168 time: 0.2235813
2026-04-23 01:29:53.281 10 INFO neutron.wsgi [None req-bf81009e-5bae-45cc-a7a0-f7c2afa140cf cd81f69b4ce340d986ae745d7df160e7 e5935aaa7e3d4ea5822540b817340386 - - default default] 10.0.0.104 "GET /v2.0/security-groups?tenant_id=7a7465b629564e9ab90c8b646af38811&name=default HTTP/1.1" status: 200 len: 3000 time: 0.0509748
2026-04-23 01:29:53.475 10 INFO neutron.wsgi [None req-2a109035-1d60-48dd-bdb5-dbb5efb379a3 cd81f69b4ce340d986ae745d7df160e7 e5935aaa7e3d4ea5822540b817340386 - - default default] 10.0.0.104 "DELETE /v2.0/security-groups/bd25ecec-60ae-4d36-99f2-e56e1c6b5d0c HTTP/1.1" status: 204 len: 168 time: 0.1889281
2026-04-23 01:29:54.326 9 INFO neutron.wsgi [None req-493d3e8f-9cae-4b6f-a83d-9e60a6ea199f 571f88159e7b4573bfcd34bed83cfeef 96c7996826714f01b01e44878a06771d - - default default] 10.0.0.104 "POST /v2.0/qos/policies HTTP/1.1" status: 201 len: 558 time: 0.1246274
2026-04-23 01:29:54.362 9 INFO neutron.wsgi [None req-34a06091-3a15-4508-b421-6f128f52c9b7 571f88159e7b4573bfcd34bed83cfeef 96c7996826714f01b01e44878a06771d - - default default] 10.0.0.104 "PUT /v2.0/policies/85397c4b-7fdf-42ae-bb05-6e87e5d354c8/tags HTTP/1.1" status: 200 len: 218 time: 0.0228896
2026-04-23 01:29:54.378 9 INFO neutron.wsgi [None req-e5420537-07e2-42f8-9b3c-a9e69187e47f 571f88159e7b4573bfcd34bed83cfeef 96c7996826714f01b01e44878a06771d - - default default] 10.0.0.104 "GET /v2.0/policies/85397c4b-7fdf-42ae-bb05-6e87e5d354c8/tags HTTP/1.1" status: 200 len: 218 time: 0.0117326
2026-04-23 01:29:54.404 9 INFO neutron.wsgi [None req-c48989b3-8b2a-443d-8712-f35800d8b87e 571f88159e7b4573bfcd34bed83cfeef 96c7996826714f01b01e44878a06771d - - default default] 10.0.0.104 "PUT /v2.0/policies/85397c4b-7fdf-42ae-bb05-6e87e5d354c8/tags/green HTTP/1.1" status: 201 len: 201 time: 0.0215435
2026-04-23 01:29:54.426 10 INFO neutron.wsgi [None req-2c3ff0c7-1f54-4e05-a173-95c27154e38f 571f88159e7b4573bfcd34bed83cfeef 96c7996826714f01b01e44878a06771d - - default default] 10.0.0.104 "GET /v2.0/policies/85397c4b-7fdf-42ae-bb05-6e87e5d354c8/tags HTTP/1.1" status: 200 len: 227 time: 0.0175660
2026-04-23 01:29:54.441 10 INFO neutron.wsgi [None req-6d0ef9bf-bf13-4371-81d6-115607ae4171 571f88159e7b4573bfcd34bed83cfeef 96c7996826714f01b01e44878a06771d - - default default] 10.0.0.104 "PUT /v2.0/policies/85397c4b-7fdf-42ae-bb05-6e87e5d354c8/tags/red HTTP/1.1" status: 201 len: 201 time: 0.0103557
2026-04-23 01:29:54.457 9 INFO neutron.wsgi [None req-4af9539e-ec6f-4363-8754-21b6ac666571 571f88159e7b4573bfcd34bed83cfeef 96c7996826714f01b01e44878a06771d - - default default] 10.0.0.104 "GET /v2.0/policies/85397c4b-7fdf-42ae-bb05-6e87e5d354c8/tags HTTP/1.1" status: 200 len: 227 time: 0.0121927
2026-04-23 01:29:54.482 10 INFO neutron.wsgi [None req-3dbe93eb-a649-4986-94f5-fdf274efc3f6 571f88159e7b4573bfcd34bed83cfeef 96c7996826714f01b01e44878a06771d - - default default] 10.0.0.104 "PUT /v2.0/policies/85397c4b-7fdf-42ae-bb05-6e87e5d354c8/tags/black.or.white HTTP/1.1" status: 201 len: 201 time: 0.0202835
2026-04-23 01:29:54.512 10 INFO neutron.wsgi [None req-4e572f98-387b-4586-a851-19a79b94e087 571f88159e7b4573bfcd34bed83cfeef 96c7996826714f01b01e44878a06771d - - default default] 10.0.0.104 "GET /v2.0/policies/85397c4b-7fdf-42ae-bb05-6e87e5d354c8/tags HTTP/1.1" status: 200 len: 245 time: 0.0254025
2026-04-23 01:29:54.546 10 INFO neutron.wsgi [None req-3795e4eb-60a7-49de-9c66-8c5fd13240f9 571f88159e7b4573bfcd34bed83cfeef 96c7996826714f01b01e44878a06771d - - default default] 10.0.0.104 "PUT /v2.0/policies/85397c4b-7fdf-42ae-bb05-6e87e5d354c8/tags HTTP/1.1" status: 200 len: 230 time: 0.0285165
2026-04-23 01:29:54.567 10 INFO neutron.wsgi [None req-81fffc36-132e-427b-90e6-2aa767e9b634 571f88159e7b4573bfcd34bed83cfeef 96c7996826714f01b01e44878a06771d - - default default] 10.0.0.104 "GET /v2.0/policies/85397c4b-7fdf-42ae-bb05-6e87e5d354c8/tags HTTP/1.1" status: 200 len: 230 time: 0.0127890
2026-04-23 01:29:54.582 10 INFO neutron.wsgi [None req-20bf3f96-9722-47ac-a70e-71b51e1e1242 571f88159e7b4573bfcd34bed83cfeef 96c7996826714f01b01e44878a06771d - - default default] 10.0.0.104 "GET /v2.0/policies/85397c4b-7fdf-42ae-bb05-6e87e5d354c8/tags/red HTTP/1.1" status: 204 len: 168 time: 0.0117214
2026-04-23 01:29:54.600 10 INFO neutron.api.v2.resource [None req-b8b87c78-1f34-4277-b0ea-357e0060620f 571f88159e7b4573bfcd34bed83cfeef 96c7996826714f01b01e44878a06771d - - default default] show failed (client error): The resource could not be found.
2026-04-23 01:29:54.601 10 INFO neutron.wsgi [None req-b8b87c78-1f34-4277-b0ea-357e0060620f 571f88159e7b4573bfcd34bed83cfeef 96c7996826714f01b01e44878a06771d - - default default] 10.0.0.104 "GET /v2.0/policies/85397c4b-7fdf-42ae-bb05-6e87e5d354c8/tags/green HTTP/1.1" status: 404 len: 299 time: 0.0149393
2026-04-23 01:29:54.629 10 INFO neutron.wsgi [None req-85193e39-f3eb-4f71-b020-9d0a9bdcf09c 571f88159e7b4573bfcd34bed83cfeef 96c7996826714f01b01e44878a06771d - - default default] 10.0.0.104 "DELETE /v2.0/policies/85397c4b-7fdf-42ae-bb05-6e87e5d354c8/tags/red HTTP/1.1" status: 204 len: 168 time: 0.0240862
2026-04-23 01:29:54.655 10 INFO neutron.wsgi [None req-2b2de75a-0c30-4a53-a2b9-46cbbc62c176 571f88159e7b4573bfcd34bed83cfeef 96c7996826714f01b01e44878a06771d - - default default] 10.0.0.104 "GET /v2.0/policies/85397c4b-7fdf-42ae-bb05-6e87e5d354c8/tags HTTP/1.1" status: 200 len: 223 time: 0.0147176
2026-04-23 01:29:54.680 10 INFO neutron.api.v2.resource [None req-2f8f6854-f00d-47b7-97c1-03d392fa087a 571f88159e7b4573bfcd34bed83cfeef 96c7996826714f01b01e44878a06771d - - default default] delete failed (client error): The resource could not be found.
2026-04-23 01:29:54.681 10 INFO neutron.wsgi [None req-2f8f6854-f00d-47b7-97c1-03d392fa087a 571f88159e7b4573bfcd34bed83cfeef 96c7996826714f01b01e44878a06771d - - default default] 10.0.0.104 "DELETE /v2.0/policies/85397c4b-7fdf-42ae-bb05-6e87e5d354c8/tags/green HTTP/1.1" status: 404 len: 299 time: 0.0205905
2026-04-23 01:29:54.710 10 INFO neutron.wsgi [None req-13dc14fa-e3d5-48bf-9c42-a0d21a9d2410 571f88159e7b4573bfcd34bed83cfeef 96c7996826714f01b01e44878a06771d - - default default] 10.0.0.104 "DELETE /v2.0/policies/85397c4b-7fdf-42ae-bb05-6e87e5d354c8/tags HTTP/1.1" status: 204 len: 168 time: 0.0252004
2026-04-23 01:29:54.725 10 INFO neutron.wsgi [None req-b7654673-e40b-4398-b6f9-08acb9d99666 571f88159e7b4573bfcd34bed83cfeef 96c7996826714f01b01e44878a06771d - - default default] 10.0.0.104 "GET /v2.0/policies/85397c4b-7fdf-42ae-bb05-6e87e5d354c8/tags HTTP/1.1" status: 200 len: 205 time: 0.0114219
2026-04-23 01:29:54.822 10 INFO neutron.wsgi [None req-30012082-67e2-483d-b3e2-121f5f1f3c77 571f88159e7b4573bfcd34bed83cfeef 96c7996826714f01b01e44878a06771d - - default default] 10.0.0.104 "DELETE /v2.0/qos/policies/85397c4b-7fdf-42ae-bb05-6e87e5d354c8 HTTP/1.1" status: 204 len: 168 time: 0.0861659
2026-04-23 01:29:55.801 10 INFO neutron.db.ovn_revision_numbers_db [None req-b5b56b8d-2a40-4e8f-9ee3-73535709a813 cd81f69b4ce340d986ae745d7df160e7 e5935aaa7e3d4ea5822540b817340386 - - default default] Successfully bumped revision number for resource 8b2478c8-f36e-4578-98a8-baea3bccbd12 (type: security_groups) to 1
2026-04-23 01:29:55.816 10 INFO neutron.db.ovn_revision_numbers_db [None req-b5b56b8d-2a40-4e8f-9ee3-73535709a813 cd81f69b4ce340d986ae745d7df160e7 e5935aaa7e3d4ea5822540b817340386 - - default default] Successfully bumped revision number for resource 3fa844a1-9094-40df-848a-86e6f22a9fa9 (type: security_group_rules) to 0
2026-04-23 01:29:55.832 10 INFO neutron.db.ovn_revision_numbers_db [None req-b5b56b8d-2a40-4e8f-9ee3-73535709a813 cd81f69b4ce340d986ae745d7df160e7 e5935aaa7e3d4ea5822540b817340386 - - default default] Successfully bumped revision number for resource 458f498f-91c6-458d-8348-6fe2d0c392a5 (type: security_group_rules) to 0
2026-04-23 01:29:55.849 10 INFO neutron.db.ovn_revision_numbers_db [None req-b5b56b8d-2a40-4e8f-9ee3-73535709a813 cd81f69b4ce340d986ae745d7df160e7 e5935aaa7e3d4ea5822540b817340386 - - default default] Successfully bumped revision number for resource 5b7409ec-e8b8-466e-bbd0-1993c77cfc13 (type: security_group_rules) to 0
2026-04-23 01:29:55.865 10 INFO neutron.db.ovn_revision_numbers_db [None req-b5b56b8d-2a40-4e8f-9ee3-73535709a813 cd81f69b4ce340d986ae745d7df160e7 e5935aaa7e3d4ea5822540b817340386 - - default default] Successfully bumped revision number for resource 9c0d3aaa-d273-48df-a321-9d543d00f7d9 (type: security_group_rules) to 0
2026-04-23 01:29:55.888 10 INFO neutron.wsgi [None req-b5b56b8d-2a40-4e8f-9ee3-73535709a813 cd81f69b4ce340d986ae745d7df160e7 e5935aaa7e3d4ea5822540b817340386 - - default default] 10.0.0.104 "GET /v2.0/security-groups?tenant_id=96c7996826714f01b01e44878a06771d&name=default HTTP/1.1" status: 200 len: 3000 time: 0.2914808
2026-04-23 01:29:55.999 9 INFO neutron.db.ovn_revision_numbers_db [None req-d53f42aa-61bf-44b0-8fd7-38566806de25 cdee5c14ad774fcb99f5cf3c1da0c73b b0c869a3876047ed84a447f7c73a7bfe - - default default] Successfully bumped revision number for resource a83775c6-03c4-46cd-bcdc-799e25cc3253 (type: security_groups) to 1
2026-04-23 01:29:56.012 9 INFO neutron.db.ovn_revision_numbers_db [None req-d53f42aa-61bf-44b0-8fd7-38566806de25 cdee5c14ad774fcb99f5cf3c1da0c73b b0c869a3876047ed84a447f7c73a7bfe - - default default] Successfully bumped revision number for resource 2cd18fd9-e5e1-4451-90b5-297be56cd722 (type: security_group_rules) to 0
2026-04-23 01:29:56.029 9 INFO neutron.db.ovn_revision_numbers_db [None req-d53f42aa-61bf-44b0-8fd7-38566806de25 cdee5c14ad774fcb99f5cf3c1da0c73b b0c869a3876047ed84a447f7c73a7bfe - - default default] Successfully bumped revision number for resource 3e6211e9-af7e-4481-ac6a-ad4427ef6132 (type: security_group_rules) to 0
2026-04-23 01:29:56.044 9 INFO neutron.db.ovn_revision_numbers_db [None req-d53f42aa-61bf-44b0-8fd7-38566806de25 cdee5c14ad774fcb99f5cf3c1da0c73b b0c869a3876047ed84a447f7c73a7bfe - - default default] Successfully bumped revision number for resource 45f233dc-d15e-4623-b4bc-2aeffb00d82c (type: security_group_rules) to 0
2026-04-23 01:29:56.058 9 INFO neutron.db.ovn_revision_numbers_db [None req-d53f42aa-61bf-44b0-8fd7-38566806de25 cdee5c14ad774fcb99f5cf3c1da0c73b b0c869a3876047ed84a447f7c73a7bfe - - default default] Successfully bumped revision number for resource d1237258-ec68-45aa-9799-77be2f23b04b (type: security_group_rules) to 0
2026-04-23 01:29:56.077 10 INFO neutron.wsgi [None req-9c29522f-2660-4719-9e07-a0fcccfeca2b cd81f69b4ce340d986ae745d7df160e7 e5935aaa7e3d4ea5822540b817340386 - - default default] 10.0.0.104 "DELETE /v2.0/security-groups/8b2478c8-f36e-4578-98a8-baea3bccbd12 HTTP/1.1" status: 204 len: 168 time: 0.1838381
2026-04-23 01:29:56.106 9 INFO neutron.db.segments_db [None req-d53f42aa-61bf-44b0-8fd7-38566806de25 cdee5c14ad774fcb99f5cf3c1da0c73b b0c869a3876047ed84a447f7c73a7bfe - - default default] Added segment d1c5cebd-e855-4f68-b3f5-d84ff9beb289 of type geneve for network 00c65d46-af8b-4815-9772-a961d4d71058
2026-04-23 01:29:56.352 10 INFO neutron.db.ovn_revision_numbers_db [None req-23bb6482-d4a1-4711-ae35-fe14abb40fe3 cd81f69b4ce340d986ae745d7df160e7 e5935aaa7e3d4ea5822540b817340386 - - default default] Successfully bumped revision number for resource a01374cf-fc06-4612-a388-318a35cd2679 (type: security_groups) to 1
2026-04-23 01:29:56.364 10 INFO neutron.db.ovn_revision_numbers_db [None req-23bb6482-d4a1-4711-ae35-fe14abb40fe3 cd81f69b4ce340d986ae745d7df160e7 e5935aaa7e3d4ea5822540b817340386 - - default default] Successfully bumped revision number for resource 101a5612-d06b-430e-99d5-c17b24140dbf (type: security_group_rules) to 0
2026-04-23 01:29:56.377 10 INFO neutron.db.ovn_revision_numbers_db [None req-23bb6482-d4a1-4711-ae35-fe14abb40fe3 cd81f69b4ce340d986ae745d7df160e7 e5935aaa7e3d4ea5822540b817340386 - - default default] Successfully bumped revision number for resource dc46f21c-4393-44e0-823d-41032385563d (type: security_group_rules) to 0
2026-04-23 01:29:56.391 10 INFO neutron.db.ovn_revision_numbers_db [None req-23bb6482-d4a1-4711-ae35-fe14abb40fe3 cd81f69b4ce340d986ae745d7df160e7 e5935aaa7e3d4ea5822540b817340386 - - default default] Successfully bumped revision number for resource e6fe6f8d-2530-4e9e-809e-e582134b67f1 (type: security_group_rules) to 0
2026-04-23 01:29:56.406 10 INFO neutron.db.ovn_revision_numbers_db [None req-23bb6482-d4a1-4711-ae35-fe14abb40fe3 cd81f69b4ce340d986ae745d7df160e7 e5935aaa7e3d4ea5822540b817340386 - - default default] Successfully bumped revision number for resource fc00dc69-61de-48fa-800f-8cb6ed0fe85e (type: security_group_rules) to 0
2026-04-23 01:29:56.430 10 INFO neutron.wsgi [None req-23bb6482-d4a1-4711-ae35-fe14abb40fe3 cd81f69b4ce340d986ae745d7df160e7 e5935aaa7e3d4ea5822540b817340386 - - default default] 10.0.0.104 "GET /v2.0/security-groups?tenant_id=45ccdb9c4a6548aba2381c1fb843626a&name=default HTTP/1.1" status: 200 len: 3000 time: 0.1893744
2026-04-23 01:29:56.470 9 INFO neutron.db.ovn_revision_numbers_db [None req-d53f42aa-61bf-44b0-8fd7-38566806de25 cdee5c14ad774fcb99f5cf3c1da0c73b b0c869a3876047ed84a447f7c73a7bfe - - default default] Successfully bumped revision number for resource 00c65d46-af8b-4815-9772-a961d4d71058 (type: networks) to 1
2026-04-23 01:29:56.619 10 INFO neutron.wsgi [None req-62736576-5804-429e-9b6a-a3adca307af8 cd81f69b4ce340d986ae745d7df160e7 e5935aaa7e3d4ea5822540b817340386 - - default default] 10.0.0.104 "DELETE /v2.0/security-groups/a01374cf-fc06-4612-a388-318a35cd2679 HTTP/1.1" status: 204 len: 168 time: 0.1824150
2026-04-23 01:29:56.674 9 WARNING neutron.scheduler.dhcp_agent_scheduler [None req-d53f42aa-61bf-44b0-8fd7-38566806de25 cdee5c14ad774fcb99f5cf3c1da0c73b b0c869a3876047ed84a447f7c73a7bfe - - default default] No more DHCP agents
2026-04-23 01:29:56.676 9 WARNING neutron.api.rpc.agentnotifiers.dhcp_rpc_agent_api [None req-d53f42aa-61bf-44b0-8fd7-38566806de25 cdee5c14ad774fcb99f5cf3c1da0c73b b0c869a3876047ed84a447f7c73a7bfe - - default default] Unable to schedule network 00c65d46-af8b-4815-9772-a961d4d71058: no agents available; will retry on subsequent port and subnet creation events.
2026-04-23 01:29:56.764 9 INFO neutron.db.ovn_revision_numbers_db [None req-d53f42aa-61bf-44b0-8fd7-38566806de25 cdee5c14ad774fcb99f5cf3c1da0c73b b0c869a3876047ed84a447f7c73a7bfe - - default default] Successfully bumped revision number for resource 89a541df-51cb-472e-af04-0bf7bc36dec6 (type: ports) to 1
2026-04-23 01:29:56.786 9 INFO neutron.wsgi [None req-d53f42aa-61bf-44b0-8fd7-38566806de25 cdee5c14ad774fcb99f5cf3c1da0c73b b0c869a3876047ed84a447f7c73a7bfe - - default default] 10.0.0.104 "POST /v2.0/networks HTTP/1.1" status: 201 len: 839 time: 0.9874897
2026-04-23 01:29:57.013 9 WARNING neutron.scheduler.dhcp_agent_scheduler [None req-34540be1-1f99-4147-b095-dafe2394ec73 cdee5c14ad774fcb99f5cf3c1da0c73b b0c869a3876047ed84a447f7c73a7bfe - - default default] No more DHCP agents
2026-04-23 01:29:57.018 9 WARNING neutron.api.rpc.agentnotifiers.dhcp_rpc_agent_api [None req-34540be1-1f99-4147-b095-dafe2394ec73 cdee5c14ad774fcb99f5cf3c1da0c73b b0c869a3876047ed84a447f7c73a7bfe - - default default] Unable to schedule network 00c65d46-af8b-4815-9772-a961d4d71058: no agents available; will retry on subsequent port and subnet creation events.
2026-04-23 01:29:57.197 10 WARNING neutron.scheduler.dhcp_agent_scheduler [None req-f1d2727f-d864-4e47-8127-18dcdbff8c6e bc06cf21720a423fbed01e3350ee042e d91ce49ae32e4a1593e2e492d3107dc6 - - default default] No more DHCP agents
2026-04-23 01:29:57.199 10 WARNING neutron.api.rpc.agentnotifiers.dhcp_rpc_agent_api [None req-f1d2727f-d864-4e47-8127-18dcdbff8c6e bc06cf21720a423fbed01e3350ee042e d91ce49ae32e4a1593e2e492d3107dc6 - - default default] Unable to schedule network c2c20274-476f-4978-a5dc-5eb24dc41987: no agents available; will retry on subsequent port and subnet creation events.
2026-04-23 01:29:57.494 9 INFO neutron.db.ovn_revision_numbers_db [None req-34540be1-1f99-4147-b095-dafe2394ec73 cdee5c14ad774fcb99f5cf3c1da0c73b b0c869a3876047ed84a447f7c73a7bfe - - default default] Successfully bumped revision number for resource 89a541df-51cb-472e-af04-0bf7bc36dec6 (type: ports) to 2
2026-04-23 01:29:57.507 10 INFO neutron.db.ovn_revision_numbers_db [None req-f1d2727f-d864-4e47-8127-18dcdbff8c6e bc06cf21720a423fbed01e3350ee042e d91ce49ae32e4a1593e2e492d3107dc6 - - default default] Successfully bumped revision number for resource 1a115f51-5d09-4dac-b420-4384459478a9 (type: floatingips) to 0
2026-04-23 01:29:57.520 10 INFO neutron.wsgi [None req-f1d2727f-d864-4e47-8127-18dcdbff8c6e bc06cf21720a423fbed01e3350ee042e d91ce49ae32e4a1593e2e492d3107dc6 - - default default] 10.0.0.104 "POST /v2.0/floatingips HTTP/1.1" status: 201 len: 751 time: 0.7788553
2026-04-23 01:29:57.522 9 INFO neutron.db.ovn_revision_numbers_db [None req-34540be1-1f99-4147-b095-dafe2394ec73 cdee5c14ad774fcb99f5cf3c1da0c73b b0c869a3876047ed84a447f7c73a7bfe - - default default] Successfully bumped revision number for resource 28579086-d8ff-45bf-a596-50e501e06a1f (type: subnets) to 0
2026-04-23 01:29:57.551 9 INFO neutron.wsgi [None req-34540be1-1f99-4147-b095-dafe2394ec73 cdee5c14ad774fcb99f5cf3c1da0c73b b0c869a3876047ed84a447f7c73a7bfe - - default default] 10.0.0.104 "POST /v2.0/subnets HTTP/1.1" status: 201 len: 832 time: 0.7597959
2026-04-23 01:29:57.560 9 INFO neutron.wsgi [None req-1169346a-3e10-45f7-899d-1689ba2ed783 bc06cf21720a423fbed01e3350ee042e d91ce49ae32e4a1593e2e492d3107dc6 - - default default] 10.0.0.104 "PUT /v2.0/floatingips/1a115f51-5d09-4dac-b420-4384459478a9/tags HTTP/1.1" status: 200 len: 218 time: 0.0344214
2026-04-23 01:29:57.589 10 INFO neutron.wsgi [None req-513f4173-a824-442d-a70f-014479496f06 bc06cf21720a423fbed01e3350ee042e d91ce49ae32e4a1593e2e492d3107dc6 - - default default] 10.0.0.104 "GET /v2.0/floatingips/1a115f51-5d09-4dac-b420-4384459478a9/tags HTTP/1.1" status: 200 len: 218 time: 0.0249789
2026-04-23 01:29:57.624 10 INFO neutron.wsgi [None req-ca9b6c65-0e52-46ce-b6e8-f40beb37687f bc06cf21720a423fbed01e3350ee042e d91ce49ae32e4a1593e2e492d3107dc6 - - default default] 10.0.0.104 "PUT /v2.0/floatingips/1a115f51-5d09-4dac-b420-4384459478a9/tags/green HTTP/1.1" status: 201 len: 201 time: 0.0315888
2026-04-23 01:29:57.651 10 INFO neutron.wsgi [None req-f2ca5c3e-c693-4e6d-924b-78c90bfa8858 bc06cf21720a423fbed01e3350ee042e d91ce49ae32e4a1593e2e492d3107dc6 - - default default] 10.0.0.104 "GET /v2.0/floatingips/1a115f51-5d09-4dac-b420-4384459478a9/tags HTTP/1.1" status: 200 len: 227 time: 0.0222352
2026-04-23 01:29:57.682 10 INFO neutron.wsgi [None req-171b575f-e5db-494d-879f-8aeff56d7c71 bc06cf21720a423fbed01e3350ee042e d91ce49ae32e4a1593e2e492d3107dc6 - - default default] 10.0.0.104 "PUT /v2.0/floatingips/1a115f51-5d09-4dac-b420-4384459478a9/tags/red HTTP/1.1" status: 201 len: 201 time: 0.0261197
2026-04-23 01:29:57.716 10 INFO neutron.wsgi [None req-d05312c0-ef61-4536-8f0e-86794897c30a bc06cf21720a423fbed01e3350ee042e d91ce49ae32e4a1593e2e492d3107dc6 - - default default] 10.0.0.104 "GET /v2.0/floatingips/1a115f51-5d09-4dac-b420-4384459478a9/tags HTTP/1.1" status: 200 len: 227 time: 0.0299156
2026-04-23 01:29:57.718 10 INFO neutron.wsgi [None req-50eee5c9-ebfd-4755-81b6-ec253049a98e d65304185af8467daa45bc8fc09ba511 94fc1cc94233494b9446499a49450683 - - default default] 10.0.0.104 "GET /v2.0/subnetpools?name=shared-default-subnetpool-v6 HTTP/1.1" status: 200 len: 212 time: 0.1621127
2026-04-23 01:29:57.752 10 INFO neutron.wsgi [None req-5bc812c2-0b3a-4775-a0ff-4bc1806637fb bc06cf21720a423fbed01e3350ee042e d91ce49ae32e4a1593e2e492d3107dc6 - - default default] 10.0.0.104 "PUT /v2.0/floatingips/1a115f51-5d09-4dac-b420-4384459478a9/tags/black.or.white HTTP/1.1" status: 201 len: 201 time: 0.0307086
2026-04-23 01:29:57.781 10 INFO neutron.wsgi [None req-9614668e-c5d2-41c0-b4d3-c100f38e1140 bc06cf21720a423fbed01e3350ee042e d91ce49ae32e4a1593e2e492d3107dc6 - - default default] 10.0.0.104 "GET /v2.0/floatingips/1a115f51-5d09-4dac-b420-4384459478a9/tags HTTP/1.1" status: 200 len: 245 time: 0.0240545
2026-04-23 01:29:57.819 10 INFO neutron.wsgi [None req-32ccfec7-47c8-4483-8e3b-a93ea0f4170d bc06cf21720a423fbed01e3350ee042e d91ce49ae32e4a1593e2e492d3107dc6 - - default default] 10.0.0.104 "PUT /v2.0/floatingips/1a115f51-5d09-4dac-b420-4384459478a9/tags HTTP/1.1" status: 200 len: 230 time: 0.0326176
2026-04-23 01:29:57.850 10 INFO neutron.wsgi [None req-b270ca7c-7a1e-4637-9e16-1d57688bbc81 bc06cf21720a423fbed01e3350ee042e d91ce49ae32e4a1593e2e492d3107dc6 - - default default] 10.0.0.104 "GET /v2.0/floatingips/1a115f51-5d09-4dac-b420-4384459478a9/tags HTTP/1.1" status: 200 len: 230 time: 0.0255458
2026-04-23 01:29:57.880 9 INFO neutron.wsgi [None req-529e5aaa-e8cd-4639-b751-19e59fd84a07 bc06cf21720a423fbed01e3350ee042e d91ce49ae32e4a1593e2e492d3107dc6 - - default default] 10.0.0.104 "GET /v2.0/floatingips/1a115f51-5d09-4dac-b420-4384459478a9/tags/red HTTP/1.1" status: 204 len: 168 time: 0.0260684
2026-04-23 01:29:57.911 9 INFO neutron.api.v2.resource [None req-4f6c754c-6c40-44e3-96fc-9fd1c6a65836 bc06cf21720a423fbed01e3350ee042e d91ce49ae32e4a1593e2e492d3107dc6 - - default default] show failed (client error): The resource could not be found.
2026-04-23 01:29:57.912 9 INFO neutron.wsgi [None req-4f6c754c-6c40-44e3-96fc-9fd1c6a65836 bc06cf21720a423fbed01e3350ee042e d91ce49ae32e4a1593e2e492d3107dc6 - - default default] 10.0.0.104 "GET /v2.0/floatingips/1a115f51-5d09-4dac-b420-4384459478a9/tags/green HTTP/1.1" status: 404 len: 299 time: 0.0272925
2026-04-23 01:29:57.955 10 INFO neutron.wsgi [None req-cb829b98-4f9d-4228-910a-4f193fb6e37a bc06cf21720a423fbed01e3350ee042e d91ce49ae32e4a1593e2e492d3107dc6 - - default default] 10.0.0.104 "DELETE /v2.0/floatingips/1a115f51-5d09-4dac-b420-4384459478a9/tags/red HTTP/1.1" status: 204 len: 168 time: 0.0378399
2026-04-23 01:29:57.977 9 WARNING neutron.scheduler.dhcp_agent_scheduler [None req-56bb49bc-1944-4e9b-8cef-c9bb64b115a3 cdee5c14ad774fcb99f5cf3c1da0c73b b0c869a3876047ed84a447f7c73a7bfe - - default default] No more DHCP agents
2026-04-23 01:29:57.979 9 WARNING neutron.api.rpc.agentnotifiers.dhcp_rpc_agent_api [None req-56bb49bc-1944-4e9b-8cef-c9bb64b115a3 cdee5c14ad774fcb99f5cf3c1da0c73b b0c869a3876047ed84a447f7c73a7bfe - - default default] Unable to schedule network 00c65d46-af8b-4815-9772-a961d4d71058: no agents available; will retry on subsequent port and subnet creation events.
2026-04-23 01:29:57.992 10 INFO neutron.wsgi [None req-813f1e55-2a99-41d9-8756-1ede21dddeaf bc06cf21720a423fbed01e3350ee042e d91ce49ae32e4a1593e2e492d3107dc6 - - default default] 10.0.0.104 "GET /v2.0/floatingips/1a115f51-5d09-4dac-b420-4384459478a9/tags HTTP/1.1" status: 200 len: 223 time: 0.0316153
2026-04-23 01:29:58.006 9 INFO neutron.db.ovn_revision_numbers_db [None req-56bb49bc-1944-4e9b-8cef-c9bb64b115a3 cdee5c14ad774fcb99f5cf3c1da0c73b b0c869a3876047ed84a447f7c73a7bfe - - default default] Successfully bumped revision number for resource 2b654baa-10e1-41d8-8562-c1351494b298 (type: subnets) to 0
2026-04-23 01:29:58.017 9 INFO neutron.wsgi [None req-56bb49bc-1944-4e9b-8cef-c9bb64b115a3 cdee5c14ad774fcb99f5cf3c1da0c73b b0c869a3876047ed84a447f7c73a7bfe - - default default] 10.0.0.104 "POST /v2.0/subnets HTTP/1.1" status: 201 len: 907 time: 0.2945158
2026-04-23 01:29:58.021 10 INFO neutron.api.v2.resource [None req-639ebf66-6a99-48e2-a84d-f5acf4334b87 bc06cf21720a423fbed01e3350ee042e d91ce49ae32e4a1593e2e492d3107dc6 - - default default] delete failed (client error): The resource could not be found.
2026-04-23 01:29:58.023 10 INFO neutron.wsgi [None req-639ebf66-6a99-48e2-a84d-f5acf4334b87 bc06cf21720a423fbed01e3350ee042e d91ce49ae32e4a1593e2e492d3107dc6 - - default default] 10.0.0.104 "DELETE /v2.0/floatingips/1a115f51-5d09-4dac-b420-4384459478a9/tags/green HTTP/1.1" status: 404 len: 299 time: 0.0270305
2026-04-23 01:29:58.067 10 INFO neutron.wsgi [None req-6ca2eb4a-5506-49b5-b7e3-e212b935d0a5 bc06cf21720a423fbed01e3350ee042e d91ce49ae32e4a1593e2e492d3107dc6 - - default default] 10.0.0.104 "DELETE /v2.0/floatingips/1a115f51-5d09-4dac-b420-4384459478a9/tags HTTP/1.1" status: 204 len: 168 time: 0.0400712
2026-04-23 01:29:58.096 9 INFO neutron.wsgi [None req-8bb30ffd-4e04-4eee-9448-5e1d9fba57ad bc06cf21720a423fbed01e3350ee042e d91ce49ae32e4a1593e2e492d3107dc6 - - default default] 10.0.0.104 "GET /v2.0/floatingips/1a115f51-5d09-4dac-b420-4384459478a9/tags HTTP/1.1" status: 200 len: 205 time: 0.0242386
2026-04-23 01:29:58.097 9 INFO neutron.db.segments_db [None req-8d079c59-0709-4cf6-a93d-07cfd50dded9 cdee5c14ad774fcb99f5cf3c1da0c73b b0c869a3876047ed84a447f7c73a7bfe - - default default] Added segment 98eb51cf-ac1f-469b-ad6e-dca41352de10 of type geneve for network afc5b15a-5d0d-4b66-bbf9-02d04c05ee22
2026-04-23 01:29:58.270 9 INFO neutron.db.ovn_revision_numbers_db [None req-8d079c59-0709-4cf6-a93d-07cfd50dded9 cdee5c14ad774fcb99f5cf3c1da0c73b b0c869a3876047ed84a447f7c73a7bfe - - default default] Successfully bumped revision number for resource afc5b15a-5d0d-4b66-bbf9-02d04c05ee22 (type: networks) to 1
2026-04-23 01:29:58.464 9 WARNING neutron.scheduler.dhcp_agent_scheduler [None req-8d079c59-0709-4cf6-a93d-07cfd50dded9 cdee5c14ad774fcb99f5cf3c1da0c73b b0c869a3876047ed84a447f7c73a7bfe - - default default] No more DHCP agents
2026-04-23 01:29:58.467 9 WARNING neutron.api.rpc.agentnotifiers.dhcp_rpc_agent_api [None req-8d079c59-0709-4cf6-a93d-07cfd50dded9 cdee5c14ad774fcb99f5cf3c1da0c73b b0c869a3876047ed84a447f7c73a7bfe - - default default] Unable to schedule network afc5b15a-5d0d-4b66-bbf9-02d04c05ee22: no agents available; will retry on subsequent port and subnet creation events.
2026-04-23 01:29:58.504 9 INFO neutron.wsgi [None req-bb964f9b-2b50-49e2-b148-ecad4a7b365b bc06cf21720a423fbed01e3350ee042e d91ce49ae32e4a1593e2e492d3107dc6 - - default default] 10.0.0.104 "DELETE /v2.0/floatingips/1a115f51-5d09-4dac-b420-4384459478a9 HTTP/1.1" status: 204 len: 168 time: 0.4030597
2026-04-23 01:29:58.538 9 INFO neutron.db.ovn_revision_numbers_db [None req-8d079c59-0709-4cf6-a93d-07cfd50dded9 cdee5c14ad774fcb99f5cf3c1da0c73b b0c869a3876047ed84a447f7c73a7bfe - - default default] Successfully bumped revision number for resource 67169bb3-ba1f-490a-a75a-5a65cdbed642 (type: ports) to 1
2026-04-23 01:29:58.572 9 INFO neutron.wsgi [None req-8d079c59-0709-4cf6-a93d-07cfd50dded9 cdee5c14ad774fcb99f5cf3c1da0c73b b0c869a3876047ed84a447f7c73a7bfe - - default default] 10.0.0.104 "POST /v2.0/networks HTTP/1.1" status: 201 len: 837 time: 0.5498605
2026-04-23 01:29:58.815 10 WARNING neutron.scheduler.dhcp_agent_scheduler [None req-ed01d8c3-780a-47c9-87d9-8111a35c62a7 cdee5c14ad774fcb99f5cf3c1da0c73b b0c869a3876047ed84a447f7c73a7bfe - - default default] No more DHCP agents
2026-04-23 01:29:58.817 10 WARNING neutron.api.rpc.agentnotifiers.dhcp_rpc_agent_api [None req-ed01d8c3-780a-47c9-87d9-8111a35c62a7 cdee5c14ad774fcb99f5cf3c1da0c73b b0c869a3876047ed84a447f7c73a7bfe - - default default] Unable to schedule network afc5b15a-5d0d-4b66-bbf9-02d04c05ee22: no agents available; will retry on subsequent port and subnet creation events.
2026-04-23 01:29:59.302 10 INFO neutron.db.ovn_revision_numbers_db [None req-ed01d8c3-780a-47c9-87d9-8111a35c62a7 cdee5c14ad774fcb99f5cf3c1da0c73b b0c869a3876047ed84a447f7c73a7bfe - - default default] Successfully bumped revision number for resource 67169bb3-ba1f-490a-a75a-5a65cdbed642 (type: ports) to 2
2026-04-23 01:29:59.335 10 INFO neutron.db.ovn_revision_numbers_db [None req-ed01d8c3-780a-47c9-87d9-8111a35c62a7 cdee5c14ad774fcb99f5cf3c1da0c73b b0c869a3876047ed84a447f7c73a7bfe - - default default] Successfully bumped revision number for resource 5e920a89-f400-40d3-822b-9d21f305fbe1 (type: subnets) to 0
2026-04-23 01:29:59.351 10 INFO neutron.wsgi [None req-ed01d8c3-780a-47c9-87d9-8111a35c62a7 cdee5c14ad774fcb99f5cf3c1da0c73b b0c869a3876047ed84a447f7c73a7bfe - - default default] 10.0.0.104 "POST /v2.0/subnets HTTP/1.1" status: 201 len: 830 time: 0.7695258
2026-04-23 01:29:59.428 9 INFO neutron.db.ovn_revision_numbers_db [None req-6e65c550-7355-417f-98bc-3578b5d9d732 cd81f69b4ce340d986ae745d7df160e7 e5935aaa7e3d4ea5822540b817340386 - - default default] Successfully bumped revision number for resource 660305c8-ea50-49fb-85d6-7e98301e145e (type: security_groups) to 1
2026-04-23 01:29:59.442 9 INFO neutron.db.ovn_revision_numbers_db [None req-6e65c550-7355-417f-98bc-3578b5d9d732 cd81f69b4ce340d986ae745d7df160e7 e5935aaa7e3d4ea5822540b817340386 - - default default] Successfully bumped revision number for resource 302d2195-320a-4f6b-bbae-d3fb84c6c47c (type: security_group_rules) to 0
2026-04-23 01:29:59.460 9 INFO neutron.db.ovn_revision_numbers_db [None req-6e65c550-7355-417f-98bc-3578b5d9d732 cd81f69b4ce340d986ae745d7df160e7 e5935aaa7e3d4ea5822540b817340386 - - default default] Successfully bumped revision number for resource 726efb50-0886-49d2-89b7-95019f796d27 (type: security_group_rules) to 0
2026-04-23 01:29:59.476 9 INFO neutron.db.ovn_revision_numbers_db [None req-6e65c550-7355-417f-98bc-3578b5d9d732 cd81f69b4ce340d986ae745d7df160e7 e5935aaa7e3d4ea5822540b817340386 - - default default] Successfully bumped revision number for resource 90d16a92-aa90-4c51-a43e-838fba4373d0 (type: security_group_rules) to 0
2026-04-23 01:29:59.491 9 INFO neutron.db.ovn_revision_numbers_db [None req-6e65c550-7355-417f-98bc-3578b5d9d732 cd81f69b4ce340d986ae745d7df160e7 e5935aaa7e3d4ea5822540b817340386 - - default default] Successfully bumped revision number for resource f5ae7e77-3e70-4649-92ff-343112d9503f (type: security_group_rules) to 0
2026-04-23 01:29:59.511 9 INFO neutron.wsgi [None req-6e65c550-7355-417f-98bc-3578b5d9d732 cd81f69b4ce340d986ae745d7df160e7 e5935aaa7e3d4ea5822540b817340386 - - default default] 10.0.0.104 "GET /v2.0/security-groups?tenant_id=a64d4a17de0443d9befaf968f2abb727&name=default HTTP/1.1" status: 200 len: 3000 time: 0.3147519
2026-04-23 01:29:59.624 10 WARNING neutron.scheduler.dhcp_agent_scheduler [None req-43d2ed0b-099f-446a-94a8-e07982f6b98d cdee5c14ad774fcb99f5cf3c1da0c73b b0c869a3876047ed84a447f7c73a7bfe - - default default] No more DHCP agents
2026-04-23 01:29:59.626 10 WARNING neutron.api.rpc.agentnotifiers.dhcp_rpc_agent_api [None req-43d2ed0b-099f-446a-94a8-e07982f6b98d cdee5c14ad774fcb99f5cf3c1da0c73b b0c869a3876047ed84a447f7c73a7bfe - - default default] Unable to schedule network afc5b15a-5d0d-4b66-bbf9-02d04c05ee22: no agents available; will retry on subsequent port and subnet creation events.
2026-04-23 01:29:59.656 10 INFO neutron.db.ovn_revision_numbers_db [None req-43d2ed0b-099f-446a-94a8-e07982f6b98d cdee5c14ad774fcb99f5cf3c1da0c73b b0c869a3876047ed84a447f7c73a7bfe - - default default] Successfully bumped revision number for resource 12b70001-6d6d-47fb-9e83-ab80e83a2c28 (type: subnets) to 0
2026-04-23 01:29:59.677 10 INFO neutron.wsgi [None req-43d2ed0b-099f-446a-94a8-e07982f6b98d cdee5c14ad774fcb99f5cf3c1da0c73b b0c869a3876047ed84a447f7c73a7bfe - - default default] 10.0.0.104 "POST /v2.0/subnets HTTP/1.1" status: 201 len: 901 time: 0.3198123
2026-04-23 01:29:59.700 9 INFO neutron.wsgi [None req-b5fe01c1-fc3d-43d9-ae81-e4afd3c786f1 cd81f69b4ce340d986ae745d7df160e7 e5935aaa7e3d4ea5822540b817340386 - - default default] 10.0.0.104 "DELETE /v2.0/security-groups/660305c8-ea50-49fb-85d6-7e98301e145e HTTP/1.1" status: 204 len: 168 time: 0.1857512
2026-04-23 01:29:59.767 10 INFO neutron.db.segments_db [None req-4b368ab7-1430-44c8-ab0f-c501c7df12b3 cdee5c14ad774fcb99f5cf3c1da0c73b b0c869a3876047ed84a447f7c73a7bfe - - default default] Added segment 7285383a-1ae7-4ee8-8b60-68aca66e3b65 of type geneve for network c096c6cd-8aea-4909-ae49-8c4500f5fdf8
2026-04-23 01:29:59.916 9 INFO neutron.db.ovn_revision_numbers_db [None req-c3c01292-ad2e-41da-bda1-494d8d1213c6 cd81f69b4ce340d986ae745d7df160e7 e5935aaa7e3d4ea5822540b817340386 - - default default] Successfully bumped revision number for resource 98c3d74f-ab5f-4857-b41d-f1c171fea0e4 (type: security_groups) to 1
2026-04-23 01:29:59.929 9 INFO neutron.db.ovn_revision_numbers_db [None req-c3c01292-ad2e-41da-bda1-494d8d1213c6 cd81f69b4ce340d986ae745d7df160e7 e5935aaa7e3d4ea5822540b817340386 - - default default] Successfully bumped revision number for resource 361a6cab-0b98-40d5-8615-a83dab56fb5c (type: security_group_rules) to 0
2026-04-23 01:29:59.943 9 INFO neutron.db.ovn_revision_numbers_db [None req-c3c01292-ad2e-41da-bda1-494d8d1213c6 cd81f69b4ce340d986ae745d7df160e7 e5935aaa7e3d4ea5822540b817340386 - - default default] Successfully bumped revision number for resource 8593cbd1-8c13-40f2-9bfa-b97e28a49ade (type: security_group_rules) to 0
2026-04-23 01:29:59.957 9 INFO neutron.db.ovn_revision_numbers_db [None req-c3c01292-ad2e-41da-bda1-494d8d1213c6 cd81f69b4ce340d986ae745d7df160e7 e5935aaa7e3d4ea5822540b817340386 - - default default] Successfully bumped revision number for resource ad54070a-42fa-48f9-a8b2-caa6d8e902a4 (type: security_group_rules) to 0
2026-04-23 01:29:59.970 9 INFO neutron.db.ovn_revision_numbers_db [None req-c3c01292-ad2e-41da-bda1-494d8d1213c6 cd81f69b4ce340d986ae745d7df160e7 e5935aaa7e3d4ea5822540b817340386 - - default default] Successfully bumped revision number for resource b9ebc861-c667-41fb-a843-0452bd9bfecc (type: security_group_rules) to 0
2026-04-23 01:29:59.998 9 INFO neutron.wsgi [None req-c3c01292-ad2e-41da-bda1-494d8d1213c6 cd81f69b4ce340d986ae745d7df160e7 e5935aaa7e3d4ea5822540b817340386 - - default default] 10.0.0.104 "GET /v2.0/security-groups?tenant_id=d91ce49ae32e4a1593e2e492d3107dc6&name=default HTTP/1.1" status: 200 len: 3000 time: 0.1961415
2026-04-23 01:30:00.218 9 INFO neutron.wsgi [None req-4070dc7f-029e-419d-813c-af2aa83f7506 cd81f69b4ce340d986ae745d7df160e7 e5935aaa7e3d4ea5822540b817340386 - - default default] 10.0.0.104 "DELETE /v2.0/security-groups/98c3d74f-ab5f-4857-b41d-f1c171fea0e4 HTTP/1.1" status: 204 len: 168 time: 0.2160342
2026-04-23 01:30:00.220 10 INFO neutron.db.ovn_revision_numbers_db [None req-4b368ab7-1430-44c8-ab0f-c501c7df12b3 cdee5c14ad774fcb99f5cf3c1da0c73b b0c869a3876047ed84a447f7c73a7bfe - - default default] Successfully bumped revision number for resource c096c6cd-8aea-4909-ae49-8c4500f5fdf8 (type: networks) to 1
2026-04-23 01:30:00.344 10 INFO neutron.db.ovn_revision_numbers_db [None req-96aea2a9-0104-4c26-9354-8c724883dd24 27cbac6752e44a9a8a026555c170316a 84ebc55ab5954534bf63f049132484cb - - default default] Successfully bumped revision number for resource 100919fb-dfcc-4ea2-8a1d-145d2fac55ca (type: security_groups) to 1
2026-04-23 01:30:00.369 10 INFO neutron.db.ovn_revision_numbers_db [None req-96aea2a9-0104-4c26-9354-8c724883dd24 27cbac6752e44a9a8a026555c170316a 84ebc55ab5954534bf63f049132484cb - - default default] Successfully bumped revision number for resource 3f8855ed-04ff-4cdc-bcb3-b1b184096791 (type: security_group_rules) to 0
2026-04-23 01:30:00.388 10 INFO neutron.db.ovn_revision_numbers_db [None req-96aea2a9-0104-4c26-9354-8c724883dd24 27cbac6752e44a9a8a026555c170316a 84ebc55ab5954534bf63f049132484cb - - default default] Successfully bumped revision number for resource 5b12e091-8f23-49b1-b71a-1f240327232c (type: security_group_rules) to 0
2026-04-23 01:30:00.417 10 WARNING neutron.scheduler.dhcp_agent_scheduler [None req-4b368ab7-1430-44c8-ab0f-c501c7df12b3 cdee5c14ad774fcb99f5cf3c1da0c73b b0c869a3876047ed84a447f7c73a7bfe - - default default] No more DHCP agents
2026-04-23 01:30:00.420 10 WARNING neutron.api.rpc.agentnotifiers.dhcp_rpc_agent_api [None req-4b368ab7-1430-44c8-ab0f-c501c7df12b3 cdee5c14ad774fcb99f5cf3c1da0c73b b0c869a3876047ed84a447f7c73a7bfe - - default default] Unable to schedule network c096c6cd-8aea-4909-ae49-8c4500f5fdf8: no agents available; will retry on subsequent port and subnet creation events.
2026-04-23 01:30:00.423 10 INFO neutron.db.ovn_revision_numbers_db [None req-96aea2a9-0104-4c26-9354-8c724883dd24 27cbac6752e44a9a8a026555c170316a 84ebc55ab5954534bf63f049132484cb - - default default] Successfully bumped revision number for resource 6a96331e-5029-4dda-af6d-5edb85e6059a (type: security_group_rules) to 0
2026-04-23 01:30:00.450 10 INFO neutron.db.ovn_revision_numbers_db [None req-96aea2a9-0104-4c26-9354-8c724883dd24 27cbac6752e44a9a8a026555c170316a 84ebc55ab5954534bf63f049132484cb - - default default] Successfully bumped revision number for resource ab27ab92-c162-40a2-b066-06d5e0359c91 (type: security_group_rules) to 0
2026-04-23 01:30:00.550 10 INFO neutron.db.ovn_revision_numbers_db [None req-4b368ab7-1430-44c8-ab0f-c501c7df12b3 cdee5c14ad774fcb99f5cf3c1da0c73b b0c869a3876047ed84a447f7c73a7bfe - - default default] Successfully bumped revision number for resource 50b0976f-9bd0-45f7-9dec-fa4779b5b0f7 (type: ports) to 1
2026-04-23 01:30:00.581 10 INFO neutron.db.ovn_revision_numbers_db [None req-96aea2a9-0104-4c26-9354-8c724883dd24 27cbac6752e44a9a8a026555c170316a 84ebc55ab5954534bf63f049132484cb - - default default] Successfully bumped revision number for resource e5b35ae4-5ac0-4462-abb3-527ac6b469de (type: security_groups) to 1
2026-04-23 01:30:00.586 10 INFO neutron.wsgi [None req-4b368ab7-1430-44c8-ab0f-c501c7df12b3 cdee5c14ad774fcb99f5cf3c1da0c73b b0c869a3876047ed84a447f7c73a7bfe - - default default] 10.0.0.104 "POST /v2.0/networks HTTP/1.1" status: 201 len: 837 time: 0.9019387
2026-04-23 01:30:00.610 10 INFO neutron.db.ovn_revision_numbers_db [None req-96aea2a9-0104-4c26-9354-8c724883dd24 27cbac6752e44a9a8a026555c170316a 84ebc55ab5954534bf63f049132484cb - - default default] Successfully bumped revision number for resource 23f9cbfd-90d7-4efe-b5b1-2216dd9d787f (type: security_group_rules) to 0
2026-04-23 01:30:00.633 10 INFO neutron.db.ovn_revision_numbers_db [None req-96aea2a9-0104-4c26-9354-8c724883dd24 27cbac6752e44a9a8a026555c170316a 84ebc55ab5954534bf63f049132484cb - - default default] Successfully bumped revision number for resource 380bd914-bb24-48d4-8333-93435ad3bb65 (type: security_group_rules) to 0
2026-04-23 01:30:00.652 10 INFO neutron.wsgi [None req-96aea2a9-0104-4c26-9354-8c724883dd24 27cbac6752e44a9a8a026555c170316a 84ebc55ab5954534bf63f049132484cb - - default default] 10.0.0.104 "POST /v2.0/security-groups HTTP/1.1" status: 201 len: 1739 time: 0.8629582
2026-04-23 01:30:00.687 9 INFO neutron.wsgi [None req-c83eb822-e624-4270-9884-78eb480311b3 27cbac6752e44a9a8a026555c170316a 84ebc55ab5954534bf63f049132484cb - - default default] 10.0.0.104 "PUT /v2.0/security-groups/e5b35ae4-5ac0-4462-abb3-527ac6b469de/tags HTTP/1.1" status: 200 len: 218 time: 0.0288062
2026-04-23 01:30:00.711 9 INFO neutron.wsgi [None req-38464f6a-dc75-459f-b19c-180f94fc55d2 27cbac6752e44a9a8a026555c170316a 84ebc55ab5954534bf63f049132484cb - - default default] 10.0.0.104 "GET /v2.0/security-groups/e5b35ae4-5ac0-4462-abb3-527ac6b469de/tags HTTP/1.1" status: 200 len: 218 time: 0.0179310
2026-04-23 01:30:00.742 9 INFO neutron.wsgi [None req-940c940a-c2a0-47d5-bb0c-efedb11cd7ce 27cbac6752e44a9a8a026555c170316a 84ebc55ab5954534bf63f049132484cb - - default default] 10.0.0.104 "PUT /v2.0/security-groups/e5b35ae4-5ac0-4462-abb3-527ac6b469de/tags/green HTTP/1.1" status: 201 len: 201 time: 0.0257058
2026-04-23 01:30:00.772 9 INFO neutron.wsgi [None req-c7fe289e-e7a0-4300-b909-7d90f20700a0 27cbac6752e44a9a8a026555c170316a 84ebc55ab5954534bf63f049132484cb - - default default] 10.0.0.104 "GET /v2.0/security-groups/e5b35ae4-5ac0-4462-abb3-527ac6b469de/tags HTTP/1.1" status: 200 len: 227 time: 0.0248706
2026-04-23 01:30:00.790 9 INFO neutron.wsgi [None req-d8cfe7cc-099f-45dd-b685-bf39b8ac48d0 27cbac6752e44a9a8a026555c170316a 84ebc55ab5954534bf63f049132484cb - - default default] 10.0.0.104 "PUT /v2.0/security-groups/e5b35ae4-5ac0-4462-abb3-527ac6b469de/tags/red HTTP/1.1" status: 201 len: 201 time: 0.0136995
2026-04-23 01:30:00.807 9 INFO neutron.wsgi [None req-cfe08a8a-8980-4fca-aaa4-925a439b61d1 27cbac6752e44a9a8a026555c170316a 84ebc55ab5954534bf63f049132484cb - - default default] 10.0.0.104 "GET /v2.0/security-groups/e5b35ae4-5ac0-4462-abb3-527ac6b469de/tags HTTP/1.1" status: 200 len: 227 time: 0.0139639
