2026-04-23 01:26:25.523 9 INFO neutron.db.ovn_revision_numbers_db [None req-c9b091a7-f566-453c-af55-cdee894eabb5 55c07156c54a4ee6be31ded32f97ff39 587206ece67d4f3a9dfa638d9a4aa195 - - default default] Successfully bumped revision number for resource e48b5aa0-35ad-45ca-9e61-43608203f179 (type: floatingips) to 0
2026-04-23 01:26:25.537 9 INFO neutron.wsgi [None req-c9b091a7-f566-453c-af55-cdee894eabb5 55c07156c54a4ee6be31ded32f97ff39 587206ece67d4f3a9dfa638d9a4aa195 - - default default] 10.0.0.104 "POST /v2.0/floatingips HTTP/1.1" status: 201 len: 751 time: 0.8152568
2026-04-23 01:26:25.544 10 INFO neutron.db.ovn_revision_numbers_db [None req-9abb0fcb-fcc7-4868-9963-dea8e255c42b 356fd3d0a94e44dc996ac56b059db293 85ecb9efd9ca4b07bd58b9fb8c601e47 - - default default] Successfully bumped revision number for resource 593479ca-23e1-40a7-8dcd-686eb6b4a3b5 (type: networks) to 1
2026-04-23 01:26:25.721 10 WARNING neutron.scheduler.dhcp_agent_scheduler [None req-9abb0fcb-fcc7-4868-9963-dea8e255c42b 356fd3d0a94e44dc996ac56b059db293 85ecb9efd9ca4b07bd58b9fb8c601e47 - - default default] No more DHCP agents
2026-04-23 01:26:25.723 10 WARNING neutron.api.rpc.agentnotifiers.dhcp_rpc_agent_api [None req-9abb0fcb-fcc7-4868-9963-dea8e255c42b 356fd3d0a94e44dc996ac56b059db293 85ecb9efd9ca4b07bd58b9fb8c601e47 - - default default] Unable to schedule network 593479ca-23e1-40a7-8dcd-686eb6b4a3b5: no agents available; will retry on subsequent port and subnet creation events.
2026-04-23 01:26:25.787 10 INFO neutron.db.ovn_revision_numbers_db [None req-9abb0fcb-fcc7-4868-9963-dea8e255c42b 356fd3d0a94e44dc996ac56b059db293 85ecb9efd9ca4b07bd58b9fb8c601e47 - - default default] Successfully bumped revision number for resource f7664b9b-198d-4aca-8fba-3441d677a0ff (type: ports) to 1
2026-04-23 01:26:25.804 10 INFO neutron.wsgi [None req-9abb0fcb-fcc7-4868-9963-dea8e255c42b 356fd3d0a94e44dc996ac56b059db293 85ecb9efd9ca4b07bd58b9fb8c601e47 - - default default] 10.0.0.104 "POST /v2.0/networks HTTP/1.1" status: 201 len: 853 time: 0.5095978
2026-04-23 01:26:25.942 10 INFO neutron.wsgi [req-44b2b33e-7209-4205-8b72-a5267ea24476 req-76d56124-1206-43e3-b78d-63f6eb80457f bdbfff08a2d94cc3bb2f8bf9e1390a87 9d112057a9764404990c20bc305580b1 - - default default] 10.0.0.14 "GET /v2.0/security-groups?name=tempest-securitygroup--415693712&fields=id&tenant_id=9d112057a9764404990c20bc305580b1 HTTP/1.1" status: 200 len: 267 time: 0.0428331
2026-04-23 01:26:25.973 10 INFO neutron.wsgi [req-08929e40-4e23-4526-87ca-2fc924f6359e req-0599a0e1-1aa4-4b5b-8a5f-9224b94da5d3 55c07156c54a4ee6be31ded32f97ff39 587206ece67d4f3a9dfa638d9a4aa195 - - default default] 10.0.0.14 "GET /v2.0/security-groups?name=tempest-securitygroup--574133201&fields=id&tenant_id=587206ece67d4f3a9dfa638d9a4aa195 HTTP/1.1" status: 200 len: 267 time: 0.0466397
2026-04-23 01:26:26.034 10 INFO neutron.wsgi [req-44b2b33e-7209-4205-8b72-a5267ea24476 req-87674d68-8eb9-4347-880b-3e4176847656 bdbfff08a2d94cc3bb2f8bf9e1390a87 9d112057a9764404990c20bc305580b1 - - default default] 10.0.0.14 "GET /v2.0/networks?id=db025a0b-1451-4df7-8bfc-792dc58b7b03 HTTP/1.1" status: 200 len: 868 time: 0.0847273
2026-04-23 01:26:26.059 10 INFO neutron.wsgi [req-08929e40-4e23-4526-87ca-2fc924f6359e req-2e8f241c-4b41-4b8d-b215-dcdad805e152 55c07156c54a4ee6be31ded32f97ff39 587206ece67d4f3a9dfa638d9a4aa195 - - default default] 10.0.0.14 "GET /v2.0/networks?id=de437a9f-784a-4a41-b5ee-65a574d87375 HTTP/1.1" status: 200 len: 875 time: 0.0744960
2026-04-23 01:26:26.062 10 INFO neutron.wsgi [req-44b2b33e-7209-4205-8b72-a5267ea24476 req-38fc217e-730b-4a1e-be8c-99a1d1c9fde3 bdbfff08a2d94cc3bb2f8bf9e1390a87 9d112057a9764404990c20bc305580b1 - - default default] 10.0.0.14 "GET /v2.0/quotas/9d112057a9764404990c20bc305580b1 HTTP/1.1" status: 200 len: 386 time: 0.0184867
2026-04-23 01:26:26.106 10 INFO neutron.wsgi [req-08929e40-4e23-4526-87ca-2fc924f6359e req-43621821-6db5-4314-9a2f-f1b7b7770593 55c07156c54a4ee6be31ded32f97ff39 587206ece67d4f3a9dfa638d9a4aa195 - - default default] 10.0.0.14 "GET /v2.0/quotas/587206ece67d4f3a9dfa638d9a4aa195 HTTP/1.1" status: 200 len: 386 time: 0.0372055
2026-04-23 01:26:26.223 10 INFO neutron.wsgi [req-44b2b33e-7209-4205-8b72-a5267ea24476 req-fd7e6512-97d0-49db-936c-6f4eac608d16 bdbfff08a2d94cc3bb2f8bf9e1390a87 9d112057a9764404990c20bc305580b1 - - default default] 10.0.0.14 "GET /v2.0/ports?tenant_id=9d112057a9764404990c20bc305580b1&fields=id HTTP/1.1" status: 200 len: 302 time: 0.1533341
2026-04-23 01:26:26.231 10 INFO neutron.wsgi [req-08929e40-4e23-4526-87ca-2fc924f6359e req-45b819cc-b384-499f-8be5-f25625908bc8 55c07156c54a4ee6be31ded32f97ff39 587206ece67d4f3a9dfa638d9a4aa195 - - default default] 10.0.0.14 "GET /v2.0/ports?tenant_id=587206ece67d4f3a9dfa638d9a4aa195&fields=id HTTP/1.1" status: 200 len: 302 time: 0.1171863
2026-04-23 01:26:26.315 10 INFO neutron.wsgi [req-08929e40-4e23-4526-87ca-2fc924f6359e req-2d573987-af94-422a-aa1a-ec50d5a6577a 9a6a79e89edb49438e22b9cd985d8a87 8530f5d1750e47dda86fe21c2b8ff17c - - b40207c8c5154d35bfb0dddc2457a134 b40207c8c5154d35bfb0dddc2457a134] 10.0.0.14 "GET /v2.0/networks/de437a9f-784a-4a41-b5ee-65a574d87375?fields=segments HTTP/1.1" status: 200 len: 212 time: 0.0687516
2026-04-23 01:26:26.386 10 INFO neutron.wsgi [req-08929e40-4e23-4526-87ca-2fc924f6359e req-43bdabc6-9645-4a09-ad7c-6bcee202e7d0 9a6a79e89edb49438e22b9cd985d8a87 8530f5d1750e47dda86fe21c2b8ff17c - - b40207c8c5154d35bfb0dddc2457a134 b40207c8c5154d35bfb0dddc2457a134] 10.0.0.14 "GET /v2.0/networks/de437a9f-784a-4a41-b5ee-65a574d87375?fields=provider%3Aphysical_network&fields=provider%3Anetwork_type HTTP/1.1" status: 200 len: 277 time: 0.0634048
2026-04-23 01:26:26.550 10 INFO neutron.wsgi [req-a6bb9a75-f412-4f8e-a6be-8f82c7ae7c19 req-78e1cec8-b4d8-4bd8-93a0-7509da34ec8a 55c07156c54a4ee6be31ded32f97ff39 587206ece67d4f3a9dfa638d9a4aa195 - - default default] 10.0.0.14 "GET /v2.0/ports?device_id=3c0c7bc9-05a7-4a88-98ed-8728e98ff1cb HTTP/1.1" status: 200 len: 210 time: 0.0319340
2026-04-23 01:26:26.638 10 INFO neutron.wsgi [req-44b2b33e-7209-4205-8b72-a5267ea24476 req-4de548e0-4b76-4ccb-84bf-67dad5deef92 9a6a79e89edb49438e22b9cd985d8a87 8530f5d1750e47dda86fe21c2b8ff17c - - b40207c8c5154d35bfb0dddc2457a134 b40207c8c5154d35bfb0dddc2457a134] 10.0.0.14 "GET /v2.0/extensions HTTP/1.1" status: 200 len: 16525 time: 0.0721645
2026-04-23 01:26:26.715 10 INFO neutron.wsgi [req-44b2b33e-7209-4205-8b72-a5267ea24476 req-ed009147-a785-4343-835e-782f2b7fcbd8 9a6a79e89edb49438e22b9cd985d8a87 8530f5d1750e47dda86fe21c2b8ff17c - - b40207c8c5154d35bfb0dddc2457a134 b40207c8c5154d35bfb0dddc2457a134] 10.0.0.14 "GET /v2.0/networks/db025a0b-1451-4df7-8bfc-792dc58b7b03?fields=segments HTTP/1.1" status: 200 len: 212 time: 0.0695024
2026-04-23 01:26:26.724 9 WARNING neutron.scheduler.dhcp_agent_scheduler [None req-9300c16a-4478-40cd-b34b-d41b088b14e5 356fd3d0a94e44dc996ac56b059db293 85ecb9efd9ca4b07bd58b9fb8c601e47 - - default default] No more DHCP agents
2026-04-23 01:26:26.735 9 WARNING neutron.api.rpc.agentnotifiers.dhcp_rpc_agent_api [None req-9300c16a-4478-40cd-b34b-d41b088b14e5 356fd3d0a94e44dc996ac56b059db293 85ecb9efd9ca4b07bd58b9fb8c601e47 - - default default] Unable to schedule network e3eda36d-aa10-474e-a676-8f9017a0a53e: no agents available; will retry on subsequent port and subnet creation events.
2026-04-23 01:26:26.762 9 INFO neutron.db.ovn_revision_numbers_db [None req-9300c16a-4478-40cd-b34b-d41b088b14e5 356fd3d0a94e44dc996ac56b059db293 85ecb9efd9ca4b07bd58b9fb8c601e47 - - default default] Successfully bumped revision number for resource 6337ac33-22a7-453e-b9d7-8a071949749b (type: subnets) to 0
2026-04-23 01:26:26.786 10 INFO neutron.wsgi [req-44b2b33e-7209-4205-8b72-a5267ea24476 req-f24b7c03-beda-442f-b11a-8f443e00c81b 9a6a79e89edb49438e22b9cd985d8a87 8530f5d1750e47dda86fe21c2b8ff17c - - b40207c8c5154d35bfb0dddc2457a134 b40207c8c5154d35bfb0dddc2457a134] 10.0.0.14 "GET /v2.0/networks/db025a0b-1451-4df7-8bfc-792dc58b7b03?fields=provider%3Aphysical_network&fields=provider%3Anetwork_type HTTP/1.1" status: 200 len: 277 time: 0.0624342
2026-04-23 01:26:26.789 9 WARNING neutron.scheduler.dhcp_agent_scheduler [None req-9300c16a-4478-40cd-b34b-d41b088b14e5 356fd3d0a94e44dc996ac56b059db293 85ecb9efd9ca4b07bd58b9fb8c601e47 - - default default] No more DHCP agents
2026-04-23 01:26:26.790 9 WARNING neutron.api.rpc.agentnotifiers.dhcp_rpc_agent_api [None req-9300c16a-4478-40cd-b34b-d41b088b14e5 356fd3d0a94e44dc996ac56b059db293 85ecb9efd9ca4b07bd58b9fb8c601e47 - - default default] Unable to schedule network 593479ca-23e1-40a7-8dcd-686eb6b4a3b5: no agents available; will retry on subsequent port and subnet creation events.
2026-04-23 01:26:26.824 9 INFO neutron.db.ovn_revision_numbers_db [None req-9300c16a-4478-40cd-b34b-d41b088b14e5 356fd3d0a94e44dc996ac56b059db293 85ecb9efd9ca4b07bd58b9fb8c601e47 - - default default] Successfully bumped revision number for resource 3e13430b-5aaa-4130-afae-8f4c15783983 (type: subnets) to 0
2026-04-23 01:26:26.841 9 INFO neutron.wsgi [None req-9300c16a-4478-40cd-b34b-d41b088b14e5 356fd3d0a94e44dc996ac56b059db293 85ecb9efd9ca4b07bd58b9fb8c601e47 - - default default] 10.0.0.104 "POST /v2.0/subnets HTTP/1.1" status: 201 len: 1475 time: 0.5612066
2026-04-23 01:26:26.905 9 INFO neutron.wsgi [None req-e1ed8df4-a47d-46c6-a6bd-10ff952d9938 356fd3d0a94e44dc996ac56b059db293 85ecb9efd9ca4b07bd58b9fb8c601e47 - - default default] 10.0.0.104 "GET /v2.0/subnets HTTP/1.1" status: 200 len: 2083 time: 0.0589252
2026-04-23 01:26:26.963 10 INFO neutron.wsgi [req-baba32b3-d042-41f2-921a-63777d3bba5b req-3ce412e7-950a-4d0d-b574-29552a6d2997 bdbfff08a2d94cc3bb2f8bf9e1390a87 9d112057a9764404990c20bc305580b1 - - default default] 10.0.0.14 "GET /v2.0/ports?device_id=fd75fcfb-7a5e-4300-bf69-0bdc0d6941f7 HTTP/1.1" status: 200 len: 210 time: 0.0242448
2026-04-23 01:26:27.097 9 INFO neutron.wsgi [None req-13978c3b-7723-4078-934b-d4b6d06b28f5 356fd3d0a94e44dc996ac56b059db293 85ecb9efd9ca4b07bd58b9fb8c601e47 - - default default] 10.0.0.104 "DELETE /v2.0/subnets/6337ac33-22a7-453e-b9d7-8a071949749b HTTP/1.1" status: 204 len: 168 time: 0.1772592
2026-04-23 01:26:27.279 9 INFO neutron.wsgi [None req-6eeec8fc-2776-436d-b7cb-6cded25156dc 356fd3d0a94e44dc996ac56b059db293 85ecb9efd9ca4b07bd58b9fb8c601e47 - - default default] 10.0.0.104 "DELETE /v2.0/subnets/3e13430b-5aaa-4130-afae-8f4c15783983 HTTP/1.1" status: 204 len: 168 time: 0.1740026
2026-04-23 01:26:27.317 9 INFO neutron.wsgi [None req-1e0c8ec6-1ef7-4618-8ea6-489ce2e836eb 356fd3d0a94e44dc996ac56b059db293 85ecb9efd9ca4b07bd58b9fb8c601e47 - - default default] 10.0.0.104 "GET /v2.0/subnets HTTP/1.1" status: 200 len: 820 time: 0.0323646
2026-04-23 01:26:27.646 10 INFO neutron.wsgi [req-412bcaa7-f43b-4771-b298-f22e1aeb268d req-580720b6-cbac-4cea-87b4-4d98fa740595 55c07156c54a4ee6be31ded32f97ff39 587206ece67d4f3a9dfa638d9a4aa195 - - default default] 10.0.0.14 "GET /v2.0/ports?device_id=3c0c7bc9-05a7-4a88-98ed-8728e98ff1cb HTTP/1.1" status: 200 len: 210 time: 0.0184979
2026-04-23 01:26:27.675 9 INFO neutron.wsgi [req-08929e40-4e23-4526-87ca-2fc924f6359e req-5662c7bb-fa80-4a6e-86e0-05aaa6d6c58b 55c07156c54a4ee6be31ded32f97ff39 587206ece67d4f3a9dfa638d9a4aa195 - - default default] 199.204.45.244 "GET /v2.0/networks?id=de437a9f-784a-4a41-b5ee-65a574d87375 HTTP/1.1" status: 200 len: 875 time: 0.0857549
2026-04-23 01:26:27.759 9 INFO neutron.wsgi [req-08929e40-4e23-4526-87ca-2fc924f6359e req-8bbc76e4-42cc-420f-99c0-af12368c06a9 55c07156c54a4ee6be31ded32f97ff39 587206ece67d4f3a9dfa638d9a4aa195 - - default default] 199.204.45.244 "GET /v2.0/security-groups?fields=id&fields=name&tenant_id=587206ece67d4f3a9dfa638d9a4aa195 HTTP/1.1" status: 200 len: 379 time: 0.0548239
2026-04-23 01:26:27.781 10 INFO neutron.wsgi [req-44b2b33e-7209-4205-8b72-a5267ea24476 req-902cefe7-9703-4e05-9496-4be375f4ba35 bdbfff08a2d94cc3bb2f8bf9e1390a87 9d112057a9764404990c20bc305580b1 - - default default] 199.204.45.244 "GET /v2.0/networks?id=db025a0b-1451-4df7-8bfc-792dc58b7b03 HTTP/1.1" status: 200 len: 868 time: 0.0720015
2026-04-23 01:26:27.828 10 INFO neutron.wsgi [req-44b2b33e-7209-4205-8b72-a5267ea24476 req-96789c65-cc5f-4b59-9e18-11ea957f8dc7 bdbfff08a2d94cc3bb2f8bf9e1390a87 9d112057a9764404990c20bc305580b1 - - default default] 199.204.45.244 "GET /v2.0/security-groups?fields=id&fields=name&tenant_id=9d112057a9764404990c20bc305580b1 HTTP/1.1" status: 200 len: 379 time: 0.0377374
2026-04-23 01:26:27.919 9 INFO neutron.services.segments.plugin [-] Segment a3ea267d-db43-43ae-8500-dcc0da234fea resource provider aggregate not found
2026-04-23 01:26:27.925 9 INFO neutron.services.segments.plugin [-] Segment a3ea267d-db43-43ae-8500-dcc0da234fea resource provider aggregate not found
2026-04-23 01:26:27.944 9 INFO neutron.services.segments.plugin [-] Segment a3ea267d-db43-43ae-8500-dcc0da234fea resource provider not found; error: Placement Client Error (4xx): {"errors": [{"status": 404, "title": "Not Found", "detail": "The resource could not be found.\n\n No resource provider with uuid a3ea267d-db43-43ae-8500-dcc0da234fea found for delete ", "request_id": "req-ba566023-a9f1-42a8-aafe-c6ee8be16d77"}]}
2026-04-23 01:26:27.945 9 INFO neutron.services.segments.plugin [-] Segment a3ea267d-db43-43ae-8500-dcc0da234fea resource provider not found; error: Placement Client Error (4xx): {"errors": [{"status": 404, "title": "Not Found", "detail": "The resource could not be found.\n\n No resource provider with uuid a3ea267d-db43-43ae-8500-dcc0da234fea found for delete ", "request_id": "req-0e2e2d4a-6dd1-4e58-82ed-f937f84bf957"}]}
2026-04-23 01:26:27.980 9 INFO neutron.wsgi [None req-8256692c-7491-437b-a3bf-f8852dea4fe5 356fd3d0a94e44dc996ac56b059db293 85ecb9efd9ca4b07bd58b9fb8c601e47 - - default default] 10.0.0.104 "DELETE /v2.0/networks/593479ca-23e1-40a7-8dcd-686eb6b4a3b5 HTTP/1.1" status: 204 len: 168 time: 0.6553955
2026-04-23 01:26:28.055 10 INFO neutron.wsgi [req-0a8733c9-563e-43fd-a16e-412e0bbc2dd2 req-ff3b3e61-a570-4dde-9522-9628fd6bb3d6 bdbfff08a2d94cc3bb2f8bf9e1390a87 9d112057a9764404990c20bc305580b1 - - default default] 10.0.0.14 "GET /v2.0/ports?device_id=fd75fcfb-7a5e-4300-bf69-0bdc0d6941f7 HTTP/1.1" status: 200 len: 210 time: 0.0206130
2026-04-23 01:26:28.193 10 WARNING neutron.scheduler.dhcp_agent_scheduler [req-44b2b33e-7209-4205-8b72-a5267ea24476 req-12305336-0ee0-4b3c-a6d6-b5de29a980df bdbfff08a2d94cc3bb2f8bf9e1390a87 9d112057a9764404990c20bc305580b1 - - default default] No more DHCP agents
2026-04-23 01:26:28.196 10 WARNING neutron.api.rpc.agentnotifiers.dhcp_rpc_agent_api [req-44b2b33e-7209-4205-8b72-a5267ea24476 req-12305336-0ee0-4b3c-a6d6-b5de29a980df bdbfff08a2d94cc3bb2f8bf9e1390a87 9d112057a9764404990c20bc305580b1 - - default default] Unable to schedule network db025a0b-1451-4df7-8bfc-792dc58b7b03: no agents available; will retry on subsequent port and subnet creation events.
2026-04-23 01:26:28.254 9 WARNING neutron.scheduler.dhcp_agent_scheduler [req-08929e40-4e23-4526-87ca-2fc924f6359e req-a54c4efc-6824-4d32-8ad0-2b8fab8657fd 55c07156c54a4ee6be31ded32f97ff39 587206ece67d4f3a9dfa638d9a4aa195 - - default default] No more DHCP agents
2026-04-23 01:26:28.258 9 WARNING neutron.api.rpc.agentnotifiers.dhcp_rpc_agent_api [req-08929e40-4e23-4526-87ca-2fc924f6359e req-a54c4efc-6824-4d32-8ad0-2b8fab8657fd 55c07156c54a4ee6be31ded32f97ff39 587206ece67d4f3a9dfa638d9a4aa195 - - default default] Unable to schedule network de437a9f-784a-4a41-b5ee-65a574d87375: no agents available; will retry on subsequent port and subnet creation events.
2026-04-23 01:26:28.358 10 INFO neutron.db.ovn_revision_numbers_db [req-44b2b33e-7209-4205-8b72-a5267ea24476 req-12305336-0ee0-4b3c-a6d6-b5de29a980df bdbfff08a2d94cc3bb2f8bf9e1390a87 9d112057a9764404990c20bc305580b1 - - default default] Successfully bumped revision number for resource f8db4560-7fa7-48e7-ba82-a5d8430a1cb4 (type: ports) to 1
2026-04-23 01:26:28.379 10 INFO neutron.wsgi [req-44b2b33e-7209-4205-8b72-a5267ea24476 req-12305336-0ee0-4b3c-a6d6-b5de29a980df bdbfff08a2d94cc3bb2f8bf9e1390a87 9d112057a9764404990c20bc305580b1 - - default default] 199.204.45.244 "POST /v2.0/ports HTTP/1.1" status: 201 len: 1162 time: 0.5460124 /var/lib/openstack/lib/python3.10/site-packages/pycadf/identifier.py:71: UserWarning: Invalid uuid: neutron. To ensure interoperability, identifiers should be a valid uuid. warnings.warn(('Invalid uuid: %s. To ensure interoperability, '
2026-04-23 01:26:28.399 9 WARNING neutron.plugins.ml2.drivers.ovn.mech_driver.ovsdb.ovn_client [None req-18b6f71d-ec2c-4757-80ef-0f51bb9302b7 - - - - - -] No hosting information found for port 8b8c252e-59ee-4c5e-b14d-15d913735d9c: RuntimeError: No hosting information found for port 8b8c252e-59ee-4c5e-b14d-15d913735d9c
2026-04-23 01:26:28.399 9 INFO neutron.plugins.ml2.drivers.ovn.mech_driver.mech_driver [None req-18b6f71d-ec2c-4757-80ef-0f51bb9302b7 - - - - - -] OVN reports status up for port: 77c3f3fb-1753-4141-ae48-d0833616c91d
2026-04-23 01:26:28.426 9 INFO neutron.plugins.ml2.plugin [None req-18b6f71d-ec2c-4757-80ef-0f51bb9302b7 - - - - - -] Attempt 1 to provision port 77c3f3fb-1753-4141-ae48-d0833616c91d
2026-04-23 01:26:28.481 9 INFO neutron.wsgi [None req-b4d3924f-3d35-4cb0-a97c-5bc7859b8289 356fd3d0a94e44dc996ac56b059db293 85ecb9efd9ca4b07bd58b9fb8c601e47 - - default default] 10.0.0.104 "DELETE /v2.0/networks/e3eda36d-aa10-474e-a676-8f9017a0a53e HTTP/1.1" status: 204 len: 168 time: 0.4956617
2026-04-23 01:26:28.483 9 INFO neutron.db.ovn_revision_numbers_db [req-08929e40-4e23-4526-87ca-2fc924f6359e req-a54c4efc-6824-4d32-8ad0-2b8fab8657fd 55c07156c54a4ee6be31ded32f97ff39 587206ece67d4f3a9dfa638d9a4aa195 - - default default] Successfully bumped revision number for resource ec59df12-e153-4299-984f-b8ecdec058cf (type: ports) to 1 /var/lib/openstack/lib/python3.10/site-packages/pycadf/identifier.py:71: UserWarning: Invalid uuid: neutron. To ensure interoperability, identifiers should be a valid uuid. warnings.warn(('Invalid uuid: %s. To ensure interoperability, '
2026-04-23 01:26:28.531 9 INFO neutron.wsgi [req-08929e40-4e23-4526-87ca-2fc924f6359e req-a54c4efc-6824-4d32-8ad0-2b8fab8657fd 55c07156c54a4ee6be31ded32f97ff39 587206ece67d4f3a9dfa638d9a4aa195 - - default default] 199.204.45.244 "POST /v2.0/ports HTTP/1.1" status: 201 len: 1158 time: 0.7621615 /var/lib/openstack/lib/python3.10/site-packages/pycadf/identifier.py:71: UserWarning: Invalid uuid: neutron. To ensure interoperability, identifiers should be a valid uuid. warnings.warn(('Invalid uuid: %s. To ensure interoperability, '
2026-04-23 01:26:28.747 10 INFO neutron.wsgi [req-7dd246ac-ea5b-4356-8231-3951d9eefe9f req-2011cc5c-9b1b-4a75-874e-d487786c7ac9 55c07156c54a4ee6be31ded32f97ff39 587206ece67d4f3a9dfa638d9a4aa195 - - default default] 10.0.0.14 "GET /v2.0/ports?device_id=3c0c7bc9-05a7-4a88-98ed-8728e98ff1cb HTTP/1.1" status: 200 len: 1156 time: 0.0318623
2026-04-23 01:26:28.792 10 INFO neutron.wsgi [req-7dd246ac-ea5b-4356-8231-3951d9eefe9f req-fb5b574c-9789-4535-8ad6-d45fad5f426f 55c07156c54a4ee6be31ded32f97ff39 587206ece67d4f3a9dfa638d9a4aa195 - - default default] 10.0.0.14 "GET /v2.0/security-groups?id=9a8a3aa1-1128-4f70-b29a-59abf1a39237&fields=id&fields=name HTTP/1.1" status: 200 len: 312 time: 0.0365851
2026-04-23 01:26:28.793 10 INFO neutron.db.ovn_revision_numbers_db [req-44b2b33e-7209-4205-8b72-a5267ea24476 req-b82c1119-6d5b-4f1a-b1d3-51a3f98d3208 9a6a79e89edb49438e22b9cd985d8a87 8530f5d1750e47dda86fe21c2b8ff17c - - b40207c8c5154d35bfb0dddc2457a134 b40207c8c5154d35bfb0dddc2457a134] Successfully bumped revision number for resource f8db4560-7fa7-48e7-ba82-a5d8430a1cb4 (type: ports) to 2
2026-04-23 01:26:28.837 9 INFO neutron.db.ovn_revision_numbers_db [None req-18b6f71d-ec2c-4757-80ef-0f51bb9302b7 - - - - - -] Successfully bumped revision number for resource 77c3f3fb-1753-4141-ae48-d0833616c91d (type: ports) to 2
2026-04-23 01:26:28.971 10 INFO neutron.db.ovn_revision_numbers_db [req-44b2b33e-7209-4205-8b72-a5267ea24476 req-b82c1119-6d5b-4f1a-b1d3-51a3f98d3208 9a6a79e89edb49438e22b9cd985d8a87 8530f5d1750e47dda86fe21c2b8ff17c - - b40207c8c5154d35bfb0dddc2457a134 b40207c8c5154d35bfb0dddc2457a134] Successfully bumped revision number for resource f8db4560-7fa7-48e7-ba82-a5d8430a1cb4 (type: ports) to 2
2026-04-23 01:26:28.984 10 INFO neutron.wsgi [req-44b2b33e-7209-4205-8b72-a5267ea24476 req-b82c1119-6d5b-4f1a-b1d3-51a3f98d3208 9a6a79e89edb49438e22b9cd985d8a87 8530f5d1750e47dda86fe21c2b8ff17c - - b40207c8c5154d35bfb0dddc2457a134 b40207c8c5154d35bfb0dddc2457a134] 199.204.45.244 "PUT /v2.0/ports/f8db4560-7fa7-48e7-ba82-a5d8430a1cb4 HTTP/1.1" status: 200 len: 1380 time: 0.5970578 /var/lib/openstack/lib/python3.10/site-packages/pycadf/identifier.py:71: UserWarning: Invalid uuid: neutron. To ensure interoperability, identifiers should be a valid uuid. warnings.warn(('Invalid uuid: %s. To ensure interoperability, '
2026-04-23 01:26:29.064 10 INFO neutron.wsgi [req-44b2b33e-7209-4205-8b72-a5267ea24476 req-c2a6a62b-27a1-476c-9e63-699e3f9c1b51 9a6a79e89edb49438e22b9cd985d8a87 8530f5d1750e47dda86fe21c2b8ff17c - - b40207c8c5154d35bfb0dddc2457a134 b40207c8c5154d35bfb0dddc2457a134] 199.204.45.244 "GET /v2.0/ports?tenant_id=9d112057a9764404990c20bc305580b1&device_id=fd75fcfb-7a5e-4300-bf69-0bdc0d6941f7 HTTP/1.1" status: 200 len: 1411 time: 0.0425909
2026-04-23 01:26:29.065 9 INFO neutron.db.ovn_revision_numbers_db [None req-18b6f71d-ec2c-4757-80ef-0f51bb9302b7 - - - - - -] Successfully bumped revision number for resource 77c3f3fb-1753-4141-ae48-d0833616c91d (type: router_ports) to 2
2026-04-23 01:26:29.070 10 INFO neutron.notifiers.nova [-] Nova event matching ['req-7d679366-459e-43e1-99c7-57c7e681260a'] response: {'name': 'network-changed', 'server_uuid': 'fd75fcfb-7a5e-4300-bf69-0bdc0d6941f7', 'tag': 'f8db4560-7fa7-48e7-ba82-a5d8430a1cb4', 'status': 'completed', 'code': 200}
2026-04-23 01:26:29.099 9 INFO neutron.wsgi [None req-3db4a08d-54d5-40d5-9eca-fca5c7a1a32f 356fd3d0a94e44dc996ac56b059db293 85ecb9efd9ca4b07bd58b9fb8c601e47 - - default default] 10.0.0.104 "DELETE /v2.0/networks/5cd597d5-f83c-447a-ae9e-49b11898de0f HTTP/1.1" status: 204 len: 168 time: 0.6112905 /var/lib/openstack/lib/python3.10/site-packages/pycadf/identifier.py:71: UserWarning: Invalid uuid: neutron. To ensure interoperability, identifiers should be a valid uuid. warnings.warn(('Invalid uuid: %s. To ensure interoperability, '
2026-04-23 01:26:29.178 9 INFO neutron.db.ovn_revision_numbers_db [req-08929e40-4e23-4526-87ca-2fc924f6359e req-2221ba85-8dbf-43a8-8800-7c654fdffa09 9a6a79e89edb49438e22b9cd985d8a87 8530f5d1750e47dda86fe21c2b8ff17c - - b40207c8c5154d35bfb0dddc2457a134 b40207c8c5154d35bfb0dddc2457a134] Successfully bumped revision number for resource ec59df12-e153-4299-984f-b8ecdec058cf (type: ports) to 2
2026-04-23 01:26:29.289 10 INFO neutron.wsgi [req-44b2b33e-7209-4205-8b72-a5267ea24476 req-8a6891a8-5833-41a5-882b-d8ce7d173f1e 9a6a79e89edb49438e22b9cd985d8a87 8530f5d1750e47dda86fe21c2b8ff17c - - b40207c8c5154d35bfb0dddc2457a134 b40207c8c5154d35bfb0dddc2457a134] 199.204.45.244 "GET /v2.0/floatingips?fixed_ip_address=10.100.0.13&port_id=f8db4560-7fa7-48e7-ba82-a5d8430a1cb4 HTTP/1.1" status: 200 len: 217 time: 0.2165027
2026-04-23 01:26:29.330 10 INFO neutron.wsgi [req-a232c8eb-83a5-4461-9fc4-055197a17f79 req-b1fa05c8-4d11-4cfe-94ce-ac8788e6ddc7 bdbfff08a2d94cc3bb2f8bf9e1390a87 9d112057a9764404990c20bc305580b1 - - default default] 10.0.0.14 "GET /v2.0/ports?device_id=fd75fcfb-7a5e-4300-bf69-0bdc0d6941f7 HTTP/1.1" status: 200 len: 1172 time: 0.0605984
2026-04-23 01:26:29.347 10 INFO neutron.wsgi [req-44b2b33e-7209-4205-8b72-a5267ea24476 req-326f1792-182c-4cd2-a93f-45f211198967 9a6a79e89edb49438e22b9cd985d8a87 8530f5d1750e47dda86fe21c2b8ff17c - - b40207c8c5154d35bfb0dddc2457a134 b40207c8c5154d35bfb0dddc2457a134] 199.204.45.244 "GET /v2.0/subnets?id=fa52748e-7302-4edd-8edd-a691f33c18ed HTTP/1.1" status: 200 len: 862 time: 0.0505311
2026-04-23 01:26:29.380 10 INFO neutron.wsgi [req-44b2b33e-7209-4205-8b72-a5267ea24476 req-8f8c0841-ae63-4835-8a9a-282061ebe823 9a6a79e89edb49438e22b9cd985d8a87 8530f5d1750e47dda86fe21c2b8ff17c - - b40207c8c5154d35bfb0dddc2457a134 b40207c8c5154d35bfb0dddc2457a134] 199.204.45.244 "GET /v2.0/ports?network_id=db025a0b-1451-4df7-8bfc-792dc58b7b03&device_owner=network%3Adhcp HTTP/1.1" status: 200 len: 210 time: 0.0273304
2026-04-23 01:26:29.389 10 INFO neutron.wsgi [req-a232c8eb-83a5-4461-9fc4-055197a17f79 req-1f6496af-92ac-4c33-9354-ae9ccad44a52 bdbfff08a2d94cc3bb2f8bf9e1390a87 9d112057a9764404990c20bc305580b1 - - default default] 10.0.0.14 "GET /v2.0/security-groups?id=fe035377-a2ca-4f4f-ace1-9a9246f19156&fields=id&fields=name HTTP/1.1" status: 200 len: 312 time: 0.0509307
2026-04-23 01:26:29.447 10 INFO neutron.wsgi [req-44b2b33e-7209-4205-8b72-a5267ea24476 req-72d2c3bc-95cc-42e4-bfc4-252c02ed2a5a 9a6a79e89edb49438e22b9cd985d8a87 8530f5d1750e47dda86fe21c2b8ff17c - - b40207c8c5154d35bfb0dddc2457a134 b40207c8c5154d35bfb0dddc2457a134] 199.204.45.244 "GET /v2.0/networks/db025a0b-1451-4df7-8bfc-792dc58b7b03?fields=segments HTTP/1.1" status: 200 len: 212 time: 0.0573628
2026-04-23 01:26:29.512 10 INFO neutron.wsgi [req-44b2b33e-7209-4205-8b72-a5267ea24476 req-5ef50cf5-bebd-4971-b100-c0642e5d1cf5 9a6a79e89edb49438e22b9cd985d8a87 8530f5d1750e47dda86fe21c2b8ff17c - - b40207c8c5154d35bfb0dddc2457a134 b40207c8c5154d35bfb0dddc2457a134] 199.204.45.244 "GET /v2.0/networks/db025a0b-1451-4df7-8bfc-792dc58b7b03?fields=provider%3Aphysical_network&fields=provider%3Anetwork_type HTTP/1.1" status: 200 len: 277 time: 0.0580020
2026-04-23 01:26:29.571 9 INFO neutron.db.ovn_revision_numbers_db [req-08929e40-4e23-4526-87ca-2fc924f6359e req-2221ba85-8dbf-43a8-8800-7c654fdffa09 9a6a79e89edb49438e22b9cd985d8a87 8530f5d1750e47dda86fe21c2b8ff17c - - b40207c8c5154d35bfb0dddc2457a134 b40207c8c5154d35bfb0dddc2457a134] Successfully bumped revision number for resource ec59df12-e153-4299-984f-b8ecdec058cf (type: ports) to 2
2026-04-23 01:26:29.581 10 INFO neutron.wsgi [req-97f2584b-e7bd-475f-9368-27d367200249 req-85404728-6e1e-4cb2-9417-1bea579a0fbe 9a6a79e89edb49438e22b9cd985d8a87 8530f5d1750e47dda86fe21c2b8ff17c - - b40207c8c5154d35bfb0dddc2457a134 b40207c8c5154d35bfb0dddc2457a134] 199.204.45.244 "GET /v2.0/ports?tenant_id=9d112057a9764404990c20bc305580b1&device_id=fd75fcfb-7a5e-4300-bf69-0bdc0d6941f7 HTTP/1.1" status: 200 len: 1411 time: 0.0327635
2026-04-23 01:26:29.598 9 INFO neutron.wsgi [req-08929e40-4e23-4526-87ca-2fc924f6359e req-2221ba85-8dbf-43a8-8800-7c654fdffa09 9a6a79e89edb49438e22b9cd985d8a87 8530f5d1750e47dda86fe21c2b8ff17c - - b40207c8c5154d35bfb0dddc2457a134 b40207c8c5154d35bfb0dddc2457a134] 199.204.45.244 "PUT /v2.0/ports/ec59df12-e153-4299-984f-b8ecdec058cf HTTP/1.1" status: 200 len: 1376 time: 1.0598760 /var/lib/openstack/lib/python3.10/site-packages/pycadf/identifier.py:71: UserWarning: Invalid uuid: neutron. To ensure interoperability, identifiers should be a valid uuid. warnings.warn(('Invalid uuid: %s. To ensure interoperability, '
2026-04-23 01:26:29.639 9 INFO neutron.notifiers.nova [-] Nova event matching ['req-37d1c4e1-26ce-43e7-b11c-8ff80cd8618e'] response: {'name': 'network-changed', 'server_uuid': '3c0c7bc9-05a7-4a88-98ed-8728e98ff1cb', 'tag': 'ec59df12-e153-4299-984f-b8ecdec058cf', 'status': 'completed', 'code': 200}
2026-04-23 01:26:29.660 10 INFO neutron.wsgi [req-97f2584b-e7bd-475f-9368-27d367200249 req-162d3b10-b51f-4a5f-8d43-8baf4bf7b5cb 9a6a79e89edb49438e22b9cd985d8a87 8530f5d1750e47dda86fe21c2b8ff17c - - b40207c8c5154d35bfb0dddc2457a134 b40207c8c5154d35bfb0dddc2457a134] 199.204.45.244 "GET /v2.0/networks?id=db025a0b-1451-4df7-8bfc-792dc58b7b03 HTTP/1.1" status: 200 len: 967 time: 0.0675709
2026-04-23 01:26:29.671 9 INFO neutron.wsgi [req-08929e40-4e23-4526-87ca-2fc924f6359e req-56b83ee8-6047-4683-8362-11fc1cf191d6 9a6a79e89edb49438e22b9cd985d8a87 8530f5d1750e47dda86fe21c2b8ff17c - - b40207c8c5154d35bfb0dddc2457a134 b40207c8c5154d35bfb0dddc2457a134] 199.204.45.244 "GET /v2.0/ports?tenant_id=587206ece67d4f3a9dfa638d9a4aa195&device_id=3c0c7bc9-05a7-4a88-98ed-8728e98ff1cb HTTP/1.1" status: 200 len: 1407 time: 0.0426583
2026-04-23 01:26:29.694 9 INFO neutron.wsgi [req-08929e40-4e23-4526-87ca-2fc924f6359e req-22d57a19-5183-4aa3-b9ae-e659709fb9ee 9a6a79e89edb49438e22b9cd985d8a87 8530f5d1750e47dda86fe21c2b8ff17c - - b40207c8c5154d35bfb0dddc2457a134 b40207c8c5154d35bfb0dddc2457a134] 199.204.45.244 "GET /v2.0/floatingips?fixed_ip_address=10.100.0.8&port_id=ec59df12-e153-4299-984f-b8ecdec058cf HTTP/1.1" status: 200 len: 217 time: 0.0166211
2026-04-23 01:26:29.699 10 INFO neutron.wsgi [req-97f2584b-e7bd-475f-9368-27d367200249 req-303d6b3f-e535-44d4-a1f2-9310b7684e85 9a6a79e89edb49438e22b9cd985d8a87 8530f5d1750e47dda86fe21c2b8ff17c - - b40207c8c5154d35bfb0dddc2457a134 b40207c8c5154d35bfb0dddc2457a134] 199.204.45.244 "GET /v2.0/floatingips?fixed_ip_address=10.100.0.13&port_id=f8db4560-7fa7-48e7-ba82-a5d8430a1cb4 HTTP/1.1" status: 200 len: 217 time: 0.0302134
2026-04-23 01:26:29.721 10 INFO neutron.plugins.ml2.drivers.ovn.mech_driver.mech_driver [None req-cf6414a4-30e0-4e6b-a5a3-dfce29d33029 - - - - - -] OVN reports status up for port: f8db4560-7fa7-48e7-ba82-a5d8430a1cb4
2026-04-23 01:26:29.729 9 INFO neutron.wsgi [None req-9a21408e-fad1-4511-a4c8-c315de12605b 356fd3d0a94e44dc996ac56b059db293 85ecb9efd9ca4b07bd58b9fb8c601e47 - - default default] 10.0.0.104 "DELETE /v2.0/networks/e5c527e8-7789-4a03-b33c-fd3ca7e0eaf2 HTTP/1.1" status: 204 len: 168 time: 0.6164210
2026-04-23 01:26:29.739 10 INFO neutron.plugins.ml2.plugin [None req-cf6414a4-30e0-4e6b-a5a3-dfce29d33029 - - - - - -] Attempt 1 to provision port f8db4560-7fa7-48e7-ba82-a5d8430a1cb4
2026-04-23 01:26:29.744 10 INFO neutron.wsgi [req-97f2584b-e7bd-475f-9368-27d367200249 req-f585ed27-7b90-4e54-b240-c66854cc9361 9a6a79e89edb49438e22b9cd985d8a87 8530f5d1750e47dda86fe21c2b8ff17c - - b40207c8c5154d35bfb0dddc2457a134 b40207c8c5154d35bfb0dddc2457a134] 199.204.45.244 "GET /v2.0/subnets?id=fa52748e-7302-4edd-8edd-a691f33c18ed HTTP/1.1" status: 200 len: 862 time: 0.0361149
2026-04-23 01:26:29.753 9 INFO neutron.wsgi [req-08929e40-4e23-4526-87ca-2fc924f6359e req-d1163f84-5794-487b-9df9-2cd9ca416aad 9a6a79e89edb49438e22b9cd985d8a87 8530f5d1750e47dda86fe21c2b8ff17c - - b40207c8c5154d35bfb0dddc2457a134 b40207c8c5154d35bfb0dddc2457a134] 199.204.45.244 "GET /v2.0/subnets?id=4d37183c-8e37-4071-8f9c-695048e3d738 HTTP/1.1" status: 200 len: 869 time: 0.0449176
2026-04-23 01:26:29.781 10 INFO neutron.wsgi [req-97f2584b-e7bd-475f-9368-27d367200249 req-14a6e34a-4cae-4920-ac69-03cc340ae255 9a6a79e89edb49438e22b9cd985d8a87 8530f5d1750e47dda86fe21c2b8ff17c - - b40207c8c5154d35bfb0dddc2457a134 b40207c8c5154d35bfb0dddc2457a134] 199.204.45.244 "GET /v2.0/ports?network_id=db025a0b-1451-4df7-8bfc-792dc58b7b03&device_owner=network%3Adhcp HTTP/1.1" status: 200 len: 210 time: 0.0255995
2026-04-23 01:26:29.784 9 INFO neutron.wsgi [req-08929e40-4e23-4526-87ca-2fc924f6359e req-29b3ca33-f658-447a-bc31-a9e62f479cfb 9a6a79e89edb49438e22b9cd985d8a87 8530f5d1750e47dda86fe21c2b8ff17c - - b40207c8c5154d35bfb0dddc2457a134 b40207c8c5154d35bfb0dddc2457a134] 199.204.45.244 "GET /v2.0/ports?network_id=de437a9f-784a-4a41-b5ee-65a574d87375&device_owner=network%3Adhcp HTTP/1.1" status: 200 len: 210 time: 0.0281498
2026-04-23 01:26:29.850 9 INFO neutron.wsgi [req-08929e40-4e23-4526-87ca-2fc924f6359e req-e3748d11-dede-409c-98ae-685d13110904 9a6a79e89edb49438e22b9cd985d8a87 8530f5d1750e47dda86fe21c2b8ff17c - - b40207c8c5154d35bfb0dddc2457a134 b40207c8c5154d35bfb0dddc2457a134] 199.204.45.244 "GET /v2.0/networks/de437a9f-784a-4a41-b5ee-65a574d87375?fields=segments HTTP/1.1" status: 200 len: 212 time: 0.0590181
2026-04-23 01:26:29.861 10 INFO neutron.wsgi [req-97f2584b-e7bd-475f-9368-27d367200249 req-cdade74d-fef0-47c9-993f-a6db91d5806d 9a6a79e89edb49438e22b9cd985d8a87 8530f5d1750e47dda86fe21c2b8ff17c - - b40207c8c5154d35bfb0dddc2457a134 b40207c8c5154d35bfb0dddc2457a134] 199.204.45.244 "GET /v2.0/networks/db025a0b-1451-4df7-8bfc-792dc58b7b03?fields=segments HTTP/1.1" status: 200 len: 212 time: 0.0706666
2026-04-23 01:26:29.915 9 INFO neutron.wsgi [req-08929e40-4e23-4526-87ca-2fc924f6359e req-69852440-6c07-4725-9a69-b284de6f4c85 9a6a79e89edb49438e22b9cd985d8a87 8530f5d1750e47dda86fe21c2b8ff17c - - b40207c8c5154d35bfb0dddc2457a134 b40207c8c5154d35bfb0dddc2457a134] 199.204.45.244 "GET /v2.0/networks/de437a9f-784a-4a41-b5ee-65a574d87375?fields=provider%3Aphysical_network&fields=provider%3Anetwork_type HTTP/1.1" status: 200 len: 277 time: 0.0569851
2026-04-23 01:26:29.916 10 INFO neutron.wsgi [req-3e231263-d971-4092-a2f0-d9cb3ea08c0f req-ecbbbad8-1176-49e5-a2fe-e2eb2105466e 55c07156c54a4ee6be31ded32f97ff39 587206ece67d4f3a9dfa638d9a4aa195 - - default default] 10.0.0.14 "GET /v2.0/ports?device_id=3c0c7bc9-05a7-4a88-98ed-8728e98ff1cb HTTP/1.1" status: 200 len: 1168 time: 0.0524437
2026-04-23 01:26:29.962 10 INFO neutron.wsgi [req-97f2584b-e7bd-475f-9368-27d367200249 req-76f53bc8-7e7c-4d3d-b508-6163a301f9f2 9a6a79e89edb49438e22b9cd985d8a87 8530f5d1750e47dda86fe21c2b8ff17c - - b40207c8c5154d35bfb0dddc2457a134 b40207c8c5154d35bfb0dddc2457a134] 199.204.45.244 "GET /v2.0/networks/db025a0b-1451-4df7-8bfc-792dc58b7b03?fields=provider%3Aphysical_network&fields=provider%3Anetwork_type HTTP/1.1" status: 200 len: 277 time: 0.0912440
2026-04-23 01:26:29.973 9 INFO neutron.services.segments.plugin [-] Segment 8a856cf3-a720-42f0-b46a-adccc47b2017 resource provider aggregate not found
2026-04-23 01:26:29.980 9 INFO neutron.services.segments.plugin [-] Segment 8a856cf3-a720-42f0-b46a-adccc47b2017 resource provider aggregate not found
2026-04-23 01:26:29.991 9 INFO neutron.services.segments.plugin [-] Segment 8a856cf3-a720-42f0-b46a-adccc47b2017 resource provider not found; error: Placement Client Error (4xx): {"errors": [{"status": 404, "title": "Not Found", "detail": "The resource could not be found.\n\n No resource provider with uuid 8a856cf3-a720-42f0-b46a-adccc47b2017 found for delete ", "request_id": "req-372ffc4f-c67b-4fdc-99aa-ed9eefcfa50b"}]}
2026-04-23 01:26:29.997 9 INFO neutron.services.segments.plugin [-] Segment 8a856cf3-a720-42f0-b46a-adccc47b2017 resource provider not found; error: Placement Client Error (4xx): {"errors": [{"status": 404, "title": "Not Found", "detail": "The resource could not be found.\n\n No resource provider with uuid 8a856cf3-a720-42f0-b46a-adccc47b2017 found for delete ", "request_id": "req-80a2d097-7397-49c2-b810-7f84dbacd5c4"}]}
2026-04-23 01:26:30.006 10 INFO neutron.wsgi [req-3e231263-d971-4092-a2f0-d9cb3ea08c0f req-9741677a-3f4c-4d51-a247-087cfefef5fe 55c07156c54a4ee6be31ded32f97ff39 587206ece67d4f3a9dfa638d9a4aa195 - - default default] 10.0.0.14 "GET /v2.0/security-groups?id=9a8a3aa1-1128-4f70-b29a-59abf1a39237&fields=id&fields=name HTTP/1.1" status: 200 len: 312 time: 0.0785213
2026-04-23 01:26:30.017 9 INFO neutron.services.segments.plugin [-] Segment 97514c03-9c43-42da-aea2-c41a6129ecbc resource provider aggregate not found
2026-04-23 01:26:30.025 9 INFO neutron.services.segments.plugin [-] Segment 97514c03-9c43-42da-aea2-c41a6129ecbc resource provider aggregate not found
2026-04-23 01:26:30.031 10 INFO neutron.wsgi [req-97ba8ec6-482b-448c-b2a5-1266c8eeeb84 req-ca5d3d67-6ce0-4519-8af4-7de949b652af 9a6a79e89edb49438e22b9cd985d8a87 8530f5d1750e47dda86fe21c2b8ff17c - - b40207c8c5154d35bfb0dddc2457a134 b40207c8c5154d35bfb0dddc2457a134] 199.204.45.244 "GET /v2.0/ports?tenant_id=587206ece67d4f3a9dfa638d9a4aa195&device_id=3c0c7bc9-05a7-4a88-98ed-8728e98ff1cb HTTP/1.1" status: 200 len: 1407 time: 0.0602479
2026-04-23 01:26:30.042 9 INFO neutron.services.segments.plugin [-] Segment 97514c03-9c43-42da-aea2-c41a6129ecbc resource provider not found; error: Placement Client Error (4xx): {"errors": [{"status": 404, "title": "Not Found", "detail": "The resource could not be found.\n\n No resource provider with uuid 97514c03-9c43-42da-aea2-c41a6129ecbc found for delete ", "request_id": "req-1adf572b-a509-46b8-bd18-889847e49260"}]}
2026-04-23 01:26:30.053 9 INFO neutron.services.segments.plugin [-] Segment 97514c03-9c43-42da-aea2-c41a6129ecbc resource provider not found; error: Placement Client Error (4xx): {"errors": [{"status": 404, "title": "Not Found", "detail": "The resource could not be found.\n\n No resource provider with uuid 97514c03-9c43-42da-aea2-c41a6129ecbc found for delete ", "request_id": "req-099d6da3-d494-4713-b7e5-6e3bfa87f65d"}]}
2026-04-23 01:26:30.072 9 INFO neutron.services.segments.plugin [-] Segment cd486683-13a5-4a70-9021-21f165915f89 resource provider aggregate not found
2026-04-23 01:26:30.085 9 INFO neutron.services.segments.plugin [-] Segment cd486683-13a5-4a70-9021-21f165915f89 resource provider aggregate not found
2026-04-23 01:26:30.095 9 INFO neutron.services.segments.plugin [-] Segment cd486683-13a5-4a70-9021-21f165915f89 resource provider not found; error: Placement Client Error (4xx): {"errors": [{"status": 404, "title": "Not Found", "detail": "The resource could not be found.\n\n No resource provider with uuid cd486683-13a5-4a70-9021-21f165915f89 found for delete ", "request_id": "req-d19a3b05-5a3a-49b4-b0f8-4f8099341df6"}]}
2026-04-23 01:26:30.101 9 INFO neutron.services.segments.plugin [-] Segment cd486683-13a5-4a70-9021-21f165915f89 resource provider not found; error: Placement Client Error (4xx): {"errors": [{"status": 404, "title": "Not Found", "detail": "The resource could not be found.\n\n No resource provider with uuid cd486683-13a5-4a70-9021-21f165915f89 found for delete ", "request_id": "req-978a95f2-354c-49b4-a60e-d1f8a22931bb"}]}
2026-04-23 01:26:30.123 10 INFO neutron.wsgi [req-97ba8ec6-482b-448c-b2a5-1266c8eeeb84 req-e155c615-dcad-4986-a9d0-16057b146db0 9a6a79e89edb49438e22b9cd985d8a87 8530f5d1750e47dda86fe21c2b8ff17c - - b40207c8c5154d35bfb0dddc2457a134 b40207c8c5154d35bfb0dddc2457a134] 199.204.45.244 "GET /v2.0/networks?id=de437a9f-784a-4a41-b5ee-65a574d87375 HTTP/1.1" status: 200 len: 974 time: 0.0868587
2026-04-23 01:26:30.156 10 INFO neutron.wsgi [req-97ba8ec6-482b-448c-b2a5-1266c8eeeb84 req-e7d26c1e-7dd7-486c-a4d6-e7d7991e213d 9a6a79e89edb49438e22b9cd985d8a87 8530f5d1750e47dda86fe21c2b8ff17c - - b40207c8c5154d35bfb0dddc2457a134 b40207c8c5154d35bfb0dddc2457a134] 199.204.45.244 "GET /v2.0/floatingips?fixed_ip_address=10.100.0.8&port_id=ec59df12-e153-4299-984f-b8ecdec058cf HTTP/1.1" status: 200 len: 217 time: 0.0268793
2026-04-23 01:26:30.221 10 INFO neutron.db.ovn_revision_numbers_db [None req-cf6414a4-30e0-4e6b-a5a3-dfce29d33029 - - - - - -] Successfully bumped revision number for resource f8db4560-7fa7-48e7-ba82-a5d8430a1cb4 (type: ports) to 4
2026-04-23 01:26:30.227 10 INFO neutron.wsgi [req-97ba8ec6-482b-448c-b2a5-1266c8eeeb84 req-bb66d16c-9993-4aba-bd08-d1e8da2349f3 9a6a79e89edb49438e22b9cd985d8a87 8530f5d1750e47dda86fe21c2b8ff17c - - b40207c8c5154d35bfb0dddc2457a134 b40207c8c5154d35bfb0dddc2457a134] 199.204.45.244 "GET /v2.0/subnets?id=4d37183c-8e37-4071-8f9c-695048e3d738 HTTP/1.1" status: 200 len: 869 time: 0.0596750
2026-04-23 01:26:30.270 10 INFO neutron.wsgi [req-97ba8ec6-482b-448c-b2a5-1266c8eeeb84 req-aba5e478-8dfb-4a80-8da1-6881f6b1aab6 9a6a79e89edb49438e22b9cd985d8a87 8530f5d1750e47dda86fe21c2b8ff17c - - b40207c8c5154d35bfb0dddc2457a134 b40207c8c5154d35bfb0dddc2457a134] 199.204.45.244 "GET /v2.0/ports?network_id=de437a9f-784a-4a41-b5ee-65a574d87375&device_owner=network%3Adhcp HTTP/1.1" status: 200 len: 210 time: 0.0378387
2026-04-23 01:26:30.310 10 INFO neutron.plugins.ml2.drivers.ovn.mech_driver.mech_driver [None req-cf6414a4-30e0-4e6b-a5a3-dfce29d33029 - - - - - -] OVN reports status up for port: ec59df12-e153-4299-984f-b8ecdec058cf
2026-04-23 01:26:30.332 10 INFO neutron.plugins.ml2.plugin [None req-cf6414a4-30e0-4e6b-a5a3-dfce29d33029 - - - - - -] Attempt 1 to provision port ec59df12-e153-4299-984f-b8ecdec058cf
2026-04-23 01:26:30.394 10 INFO neutron.wsgi [req-97ba8ec6-482b-448c-b2a5-1266c8eeeb84 req-b51339e6-7280-4da0-a029-8d7b8736b168 9a6a79e89edb49438e22b9cd985d8a87 8530f5d1750e47dda86fe21c2b8ff17c - - b40207c8c5154d35bfb0dddc2457a134 b40207c8c5154d35bfb0dddc2457a134] 199.204.45.244 "GET /v2.0/networks/de437a9f-784a-4a41-b5ee-65a574d87375?fields=segments HTTP/1.1" status: 200 len: 212 time: 0.1147981 /var/lib/openstack/lib/python3.10/site-packages/pycadf/identifier.py:71: UserWarning: Invalid uuid: neutron. To ensure interoperability, identifiers should be a valid uuid. warnings.warn(('Invalid uuid: %s. To ensure interoperability, '
2026-04-23 01:26:30.544 10 INFO neutron.wsgi [req-8a18d7e6-707a-45c3-8284-2098bba2a536 req-56c45b6e-b6c2-42c8-b245-27897212f3d5 bdbfff08a2d94cc3bb2f8bf9e1390a87 9d112057a9764404990c20bc305580b1 - - default default] 10.0.0.14 "GET /v2.0/ports?device_id=fd75fcfb-7a5e-4300-bf69-0bdc0d6941f7 HTTP/1.1" status: 200 len: 1174 time: 0.0815914
2026-04-23 01:26:30.568 10 INFO neutron.wsgi [req-97ba8ec6-482b-448c-b2a5-1266c8eeeb84 req-076ec409-e41e-49f4-bad9-2730398236ce 9a6a79e89edb49438e22b9cd985d8a87 8530f5d1750e47dda86fe21c2b8ff17c - - b40207c8c5154d35bfb0dddc2457a134 b40207c8c5154d35bfb0dddc2457a134] 199.204.45.244 "GET /v2.0/networks/de437a9f-784a-4a41-b5ee-65a574d87375?fields=provider%3Aphysical_network&fields=provider%3Anetwork_type HTTP/1.1" status: 200 len: 277 time: 0.1463122
2026-04-23 01:26:30.574 10 INFO neutron.wsgi [None req-a1a2bcac-dcc0-4e82-b6cf-1943af61db39 cd81f69b4ce340d986ae745d7df160e7 e5935aaa7e3d4ea5822540b817340386 - - default default] 10.0.0.104 "GET /v2.0/security-groups?tenant_id=85ecb9efd9ca4b07bd58b9fb8c601e47&name=default HTTP/1.1" status: 200 len: 2996 time: 0.2335842
2026-04-23 01:26:30.604 10 INFO neutron.wsgi [req-8a18d7e6-707a-45c3-8284-2098bba2a536 req-c51cb405-bd73-498d-b061-05775f53aa84 bdbfff08a2d94cc3bb2f8bf9e1390a87 9d112057a9764404990c20bc305580b1 - - default default] 10.0.0.14 "GET /v2.0/security-groups?id=fe035377-a2ca-4f4f-ace1-9a9246f19156&fields=id&fields=name HTTP/1.1" status: 200 len: 312 time: 0.0523324
2026-04-23 01:26:30.714 10 INFO neutron.db.ovn_revision_numbers_db [None req-cf6414a4-30e0-4e6b-a5a3-dfce29d33029 - - - - - -] Successfully bumped revision number for resource ec59df12-e153-4299-984f-b8ecdec058cf (type: ports) to 4
2026-04-23 01:26:30.762 9 INFO neutron.wsgi [None req-88892f4b-c129-4aed-9c66-090792d5bfe9 cd81f69b4ce340d986ae745d7df160e7 e5935aaa7e3d4ea5822540b817340386 - - default default] 10.0.0.104 "DELETE /v2.0/security-groups/6cf025dd-60c5-4e0f-92aa-58958ce72532 HTTP/1.1" status: 204 len: 168 time: 0.1796093 /var/lib/openstack/lib/python3.10/site-packages/pycadf/identifier.py:71: UserWarning: Invalid uuid: neutron. To ensure interoperability, identifiers should be a valid uuid. warnings.warn(('Invalid uuid: %s. To ensure interoperability, '
2026-04-23 01:26:31.121 10 INFO neutron.notifiers.nova [-] Nova event matching ['req-6255b8b0-d3e6-4776-bf83-9849e22b068f'] response: {'server_uuid': 'fd75fcfb-7a5e-4300-bf69-0bdc0d6941f7', 'name': 'network-vif-plugged', 'status': 'completed', 'tag': 'f8db4560-7fa7-48e7-ba82-a5d8430a1cb4', 'code': 200}
2026-04-23 01:26:31.121 10 INFO neutron.notifiers.nova [-] Nova event matching ['req-6255b8b0-d3e6-4776-bf83-9849e22b068f'] response: {'server_uuid': 'fd75fcfb-7a5e-4300-bf69-0bdc0d6941f7', 'name': 'network-vif-plugged', 'status': 'completed', 'tag': 'f8db4560-7fa7-48e7-ba82-a5d8430a1cb4', 'code': 200}
2026-04-23 01:26:31.121 10 INFO neutron.notifiers.nova [-] Nova event matching ['req-6255b8b0-d3e6-4776-bf83-9849e22b068f'] response: {'server_uuid': '3c0c7bc9-05a7-4a88-98ed-8728e98ff1cb', 'name': 'network-vif-plugged', 'status': 'completed', 'tag': 'ec59df12-e153-4299-984f-b8ecdec058cf', 'code': 200}
2026-04-23 01:26:31.121 10 INFO neutron.notifiers.nova [-] Nova event matching ['req-6255b8b0-d3e6-4776-bf83-9849e22b068f'] response: {'server_uuid': '3c0c7bc9-05a7-4a88-98ed-8728e98ff1cb', 'name': 'network-vif-plugged', 'status': 'completed', 'tag': 'ec59df12-e153-4299-984f-b8ecdec058cf', 'code': 200}
2026-04-23 01:26:31.127 10 INFO neutron.wsgi [req-20ae9bd7-3efa-4814-9f1e-bb55834871e8 req-f8778e2e-770d-4780-8105-94f185026a23 55c07156c54a4ee6be31ded32f97ff39 587206ece67d4f3a9dfa638d9a4aa195 - - default default] 10.0.0.14 "GET /v2.0/ports?device_id=3c0c7bc9-05a7-4a88-98ed-8728e98ff1cb HTTP/1.1" status: 200 len: 1170 time: 0.0471752
2026-04-23 01:26:31.196 10 INFO neutron.wsgi [req-20ae9bd7-3efa-4814-9f1e-bb55834871e8 req-e6b18f66-f52b-487d-bf26-132994c5fb59 55c07156c54a4ee6be31ded32f97ff39 587206ece67d4f3a9dfa638d9a4aa195 - - default default] 10.0.0.14 "GET /v2.0/security-groups?id=9a8a3aa1-1128-4f70-b29a-59abf1a39237&fields=id&fields=name HTTP/1.1" status: 200 len: 312 time: 0.0488908
2026-04-23 01:26:31.766 10 INFO neutron.wsgi [req-9e816824-5014-48aa-86b6-d777760660d2 req-853178af-62a8-4299-9d3c-60d2a94b6d32 bdbfff08a2d94cc3bb2f8bf9e1390a87 9d112057a9764404990c20bc305580b1 - - default default] 10.0.0.14 "GET /v2.0/ports?device_id=fd75fcfb-7a5e-4300-bf69-0bdc0d6941f7 HTTP/1.1" status: 200 len: 1174 time: 0.1039999
2026-04-23 01:26:31.812 10 INFO neutron.wsgi [req-9e816824-5014-48aa-86b6-d777760660d2 req-22d0b9c1-9f60-409a-9a51-6f15d85c6223 bdbfff08a2d94cc3bb2f8bf9e1390a87 9d112057a9764404990c20bc305580b1 - - default default] 10.0.0.14 "GET /v2.0/security-groups?id=fe035377-a2ca-4f4f-ace1-9a9246f19156&fields=id&fields=name HTTP/1.1" status: 200 len: 312 time: 0.0372472
2026-04-23 01:26:31.928 10 INFO neutron.wsgi [req-47884ca1-54c7-4514-b4d4-413045ca3b98 req-7dc073eb-d2c0-4463-8ce5-fe3ba61fbae9 bdbfff08a2d94cc3bb2f8bf9e1390a87 9d112057a9764404990c20bc305580b1 - - default default] 10.0.0.14 "GET /v2.0/ports?device_id=fd75fcfb-7a5e-4300-bf69-0bdc0d6941f7 HTTP/1.1" status: 200 len: 1174 time: 0.0385761
2026-04-23 01:26:32.174 10 INFO neutron.db.l3_db [None req-b6bbd7c1-f0da-49ef-ac0a-88a88de14912 bdbfff08a2d94cc3bb2f8bf9e1390a87 9d112057a9764404990c20bc305580b1 - - default default] Floating IP 0faad228-a3b2-44b7-96cd-0c1b1c063976 associated. External IP: 10.96.250.207, port: f8db4560-7fa7-48e7-ba82-a5d8430a1cb4.
2026-04-23 01:26:32.416 10 INFO neutron.wsgi [req-15d13bb9-e817-4aab-b7fc-7ca9360683e9 req-cf12dcde-1f2a-48df-9a7b-4c157ed1d6fb 55c07156c54a4ee6be31ded32f97ff39 587206ece67d4f3a9dfa638d9a4aa195 - - default default] 10.0.0.14 "GET /v2.0/ports?device_id=3c0c7bc9-05a7-4a88-98ed-8728e98ff1cb HTTP/1.1" status: 200 len: 1170 time: 0.1381357
2026-04-23 01:26:32.473 10 INFO neutron.wsgi [req-15d13bb9-e817-4aab-b7fc-7ca9360683e9 req-878dc648-3d9e-44df-a30a-9b2d0cc135cd 55c07156c54a4ee6be31ded32f97ff39 587206ece67d4f3a9dfa638d9a4aa195 - - default default] 10.0.0.14 "GET /v2.0/security-groups?id=9a8a3aa1-1128-4f70-b29a-59abf1a39237&fields=id&fields=name HTTP/1.1" status: 200 len: 312 time: 0.0493433
2026-04-23 01:26:32.474 10 INFO neutron.db.ovn_revision_numbers_db [None req-b6bbd7c1-f0da-49ef-ac0a-88a88de14912 bdbfff08a2d94cc3bb2f8bf9e1390a87 9d112057a9764404990c20bc305580b1 - - default default] Successfully bumped revision number for resource 0faad228-a3b2-44b7-96cd-0c1b1c063976 (type: floatingips) to 1
2026-04-23 01:26:32.599 10 INFO neutron.wsgi [req-f752aad7-1d45-4e28-ac7d-75f14ef82c1f req-10bc77f8-49cb-4350-9581-6986d2f67950 55c07156c54a4ee6be31ded32f97ff39 587206ece67d4f3a9dfa638d9a4aa195 - - default default] 10.0.0.14 "GET /v2.0/ports?device_id=3c0c7bc9-05a7-4a88-98ed-8728e98ff1cb HTTP/1.1" status: 200 len: 1170 time: 0.0487239
2026-04-23 01:26:32.632 10 INFO neutron.db.ovn_revision_numbers_db [None req-b6bbd7c1-f0da-49ef-ac0a-88a88de14912 bdbfff08a2d94cc3bb2f8bf9e1390a87 9d112057a9764404990c20bc305580b1 - - default default] Successfully bumped revision number for resource 0faad228-a3b2-44b7-96cd-0c1b1c063976 (type: floatingips) to 2
2026-04-23 01:26:32.677 10 INFO neutron.wsgi [None req-b6bbd7c1-f0da-49ef-ac0a-88a88de14912 bdbfff08a2d94cc3bb2f8bf9e1390a87 9d112057a9764404990c20bc305580b1 - - default default] 10.0.0.104 "PUT /v2.0/floatingips/0faad228-a3b2-44b7-96cd-0c1b1c063976 HTTP/1.1" status: 200 len: 1050 time: 0.7387810
2026-04-23 01:26:32.814 9 INFO neutron.wsgi [req-fa571c01-cc6f-4b30-8646-66f36f7f0d0f req-36668870-a5e8-427f-bf98-e04af9820b85 9a6a79e89edb49438e22b9cd985d8a87 8530f5d1750e47dda86fe21c2b8ff17c - - b40207c8c5154d35bfb0dddc2457a134 b40207c8c5154d35bfb0dddc2457a134] 10.0.0.243 "GET /v2.0/ports?device_id=e2da96fc-322c-445a-97ba-1722980f0628 HTTP/1.1" status: 200 len: 1409 time: 0.2426462
2026-04-23 01:26:32.867 9 INFO neutron.wsgi [req-fa571c01-cc6f-4b30-8646-66f36f7f0d0f req-533d849e-47a1-4237-b9cf-a20220ee5367 9a6a79e89edb49438e22b9cd985d8a87 8530f5d1750e47dda86fe21c2b8ff17c - - b40207c8c5154d35bfb0dddc2457a134 b40207c8c5154d35bfb0dddc2457a134] 10.0.0.243 "GET /v2.0/security-groups?id=b3318d86-3e4c-4634-b366-95766f5e3e97&fields=id&fields=name HTTP/1.1" status: 200 len: 312 time: 0.0477269
2026-04-23 01:26:32.975 10 INFO neutron.wsgi [req-d999a6df-e8bc-49bc-8db1-a0f82cde74b5 req-a92d7e87-a5c1-4057-be84-d0cc73d93ca7 bdbfff08a2d94cc3bb2f8bf9e1390a87 9d112057a9764404990c20bc305580b1 - - default default] 10.0.0.14 "GET /v2.0/ports?device_id=fd75fcfb-7a5e-4300-bf69-0bdc0d6941f7 HTTP/1.1" status: 200 len: 1174 time: 0.2338536
2026-04-23 01:26:33.046 10 INFO neutron.wsgi [req-d999a6df-e8bc-49bc-8db1-a0f82cde74b5 req-05d5373c-1351-434f-b32d-a641e3ba0ff2 bdbfff08a2d94cc3bb2f8bf9e1390a87 9d112057a9764404990c20bc305580b1 - - default default] 10.0.0.14 "GET /v2.0/security-groups?id=fe035377-a2ca-4f4f-ace1-9a9246f19156&fields=id&fields=name HTTP/1.1" status: 200 len: 312 time: 0.0610280
2026-04-23 01:26:33.067 10 INFO neutron.db.l3_db [None req-4673f010-0034-4f11-8053-71085cabdaf4 55c07156c54a4ee6be31ded32f97ff39 587206ece67d4f3a9dfa638d9a4aa195 - - default default] Floating IP e48b5aa0-35ad-45ca-9e61-43608203f179 associated. External IP: 10.96.250.220, port: ec59df12-e153-4299-984f-b8ecdec058cf.
2026-04-23 01:26:33.135 10 INFO neutron.db.ovn_revision_numbers_db [None req-14ae3b8a-00c0-4fa8-90dd-fe79647a01d4 10cd4865630240118f95ae590602ba2b 26cda39d76a74161801f1c4228e23ee4 - - default default] Successfully bumped revision number for resource b8c51d09-4d7d-409a-8c82-1ea1a1fccb7d (type: security_groups) to 1
