2026-04-23 01:29:34.923 10 INFO neutron.wsgi [None req-1d21d95f-7458-4acb-b707-3bdfea6cd243 0b9f0cba36de4557ae068dc8894afe8c d54b59e95e094176a7500bb5c71c1cbb - - default default] 10.0.0.104 "GET /v2.0/routers/bbac5107-e36f-464f-8704-18cf5dbcbc2e/tags HTTP/1.1" status: 200 len: 230 time: 0.0393803
2026-04-23 01:29:34.978 9 INFO neutron.wsgi [None req-b658554c-53f3-478e-918c-89ae9872a4f7 0b9f0cba36de4557ae068dc8894afe8c d54b59e95e094176a7500bb5c71c1cbb - - default default] 10.0.0.104 "GET /v2.0/routers/bbac5107-e36f-464f-8704-18cf5dbcbc2e/tags/red HTTP/1.1" status: 204 len: 168 time: 0.0506864
2026-04-23 01:29:35.027 10 INFO neutron.api.v2.resource [None req-710edbb4-3a34-404b-8578-98b00691906d 0b9f0cba36de4557ae068dc8894afe8c d54b59e95e094176a7500bb5c71c1cbb - - default default] show failed (client error): The resource could not be found.
2026-04-23 01:29:35.028 10 INFO neutron.wsgi [None req-710edbb4-3a34-404b-8578-98b00691906d 0b9f0cba36de4557ae068dc8894afe8c d54b59e95e094176a7500bb5c71c1cbb - - default default] 10.0.0.104 "GET /v2.0/routers/bbac5107-e36f-464f-8704-18cf5dbcbc2e/tags/green HTTP/1.1" status: 404 len: 299 time: 0.0450153
2026-04-23 01:29:35.029 9 WARNING neutron.scheduler.dhcp_agent_scheduler [None req-530d4e32-51c3-4d10-9618-aba0e9143fde e3882d0855e64145a5866bddd011c8fd 95760dda463d4703a0246c725cdb7ae7 - - default default] No more DHCP agents
2026-04-23 01:29:35.033 9 WARNING neutron.api.rpc.agentnotifiers.dhcp_rpc_agent_api [None req-530d4e32-51c3-4d10-9618-aba0e9143fde e3882d0855e64145a5866bddd011c8fd 95760dda463d4703a0246c725cdb7ae7 - - default default] Unable to schedule network 0ff06e7e-0b41-4312-b1f9-3d42f180e447: no agents available; will retry on subsequent port and subnet creation events.
2026-04-23 01:29:35.091 10 INFO neutron.wsgi [None req-7000667d-09ad-4a5a-9f87-5eb4dc9bbfc0 0b9f0cba36de4557ae068dc8894afe8c d54b59e95e094176a7500bb5c71c1cbb - - default default] 10.0.0.104 "DELETE /v2.0/routers/bbac5107-e36f-464f-8704-18cf5dbcbc2e/tags/red HTTP/1.1" status: 204 len: 168 time: 0.0570159
2026-04-23 01:29:35.106 9 INFO neutron.db.ovn_revision_numbers_db [None req-530d4e32-51c3-4d10-9618-aba0e9143fde e3882d0855e64145a5866bddd011c8fd 95760dda463d4703a0246c725cdb7ae7 - - default default] Successfully bumped revision number for resource a7858346-8f9e-479b-8618-db383843e140 (type: ports) to 1
2026-04-23 01:29:35.128 9 INFO neutron.wsgi [None req-530d4e32-51c3-4d10-9618-aba0e9143fde e3882d0855e64145a5866bddd011c8fd 95760dda463d4703a0246c725cdb7ae7 - - default default] 10.0.0.104 "POST /v2.0/ports HTTP/1.1" status: 201 len: 942 time: 0.3414650 /var/lib/openstack/lib/python3.10/site-packages/pycadf/identifier.py:71: UserWarning: Invalid uuid: neutron. To ensure interoperability, identifiers should be a valid uuid. warnings.warn(('Invalid uuid: %s. To ensure interoperability, '
2026-04-23 01:29:35.224 9 INFO neutron.db.segments_db [None req-1dfd4c25-dd0a-470b-a6d5-486678211581 e3882d0855e64145a5866bddd011c8fd 95760dda463d4703a0246c725cdb7ae7 - - default default] Added segment 76f12a51-c62f-4368-a03a-5228f30c2e96 of type geneve for network 7dcb2cc4-3e7e-4346-85c8-c1340979e798
2026-04-23 01:29:35.355 10 INFO neutron.wsgi [None req-50ca7293-c011-4edf-82e6-b5ab943bb0fb 0b9f0cba36de4557ae068dc8894afe8c d54b59e95e094176a7500bb5c71c1cbb - - default default] 10.0.0.104 "GET /v2.0/routers/bbac5107-e36f-464f-8704-18cf5dbcbc2e/tags HTTP/1.1" status: 200 len: 223 time: 0.2578435
2026-04-23 01:29:35.357 9 INFO neutron.db.ovn_revision_numbers_db [None req-1dfd4c25-dd0a-470b-a6d5-486678211581 e3882d0855e64145a5866bddd011c8fd 95760dda463d4703a0246c725cdb7ae7 - - default default] Successfully bumped revision number for resource 7dcb2cc4-3e7e-4346-85c8-c1340979e798 (type: networks) to 1
2026-04-23 01:29:35.397 10 INFO neutron.api.v2.resource [None req-3883899f-abd3-45d2-b860-20ce71433d4e 0b9f0cba36de4557ae068dc8894afe8c d54b59e95e094176a7500bb5c71c1cbb - - default default] delete failed (client error): The resource could not be found.
2026-04-23 01:29:35.398 10 INFO neutron.wsgi [None req-3883899f-abd3-45d2-b860-20ce71433d4e 0b9f0cba36de4557ae068dc8894afe8c d54b59e95e094176a7500bb5c71c1cbb - - default default] 10.0.0.104 "DELETE /v2.0/routers/bbac5107-e36f-464f-8704-18cf5dbcbc2e/tags/green HTTP/1.1" status: 404 len: 299 time: 0.0389655
2026-04-23 01:29:35.468 10 INFO neutron.wsgi [None req-16037021-5318-412a-b84c-62eb2942ba8e 0b9f0cba36de4557ae068dc8894afe8c d54b59e95e094176a7500bb5c71c1cbb - - default default] 10.0.0.104 "DELETE /v2.0/routers/bbac5107-e36f-464f-8704-18cf5dbcbc2e/tags HTTP/1.1" status: 204 len: 168 time: 0.0646279
2026-04-23 01:29:35.513 10 INFO neutron.wsgi [None req-32a0bafb-8c3c-439d-8d88-950fc70dadb6 0b9f0cba36de4557ae068dc8894afe8c d54b59e95e094176a7500bb5c71c1cbb - - default default] 10.0.0.104 "GET /v2.0/routers/bbac5107-e36f-464f-8704-18cf5dbcbc2e/tags HTTP/1.1" status: 200 len: 205 time: 0.0415163
2026-04-23 01:29:35.516 9 WARNING neutron.scheduler.dhcp_agent_scheduler [None req-1dfd4c25-dd0a-470b-a6d5-486678211581 e3882d0855e64145a5866bddd011c8fd 95760dda463d4703a0246c725cdb7ae7 - - default default] No more DHCP agents
2026-04-23 01:29:35.524 9 WARNING neutron.api.rpc.agentnotifiers.dhcp_rpc_agent_api [None req-1dfd4c25-dd0a-470b-a6d5-486678211581 e3882d0855e64145a5866bddd011c8fd 95760dda463d4703a0246c725cdb7ae7 - - default default] Unable to schedule network 7dcb2cc4-3e7e-4346-85c8-c1340979e798: no agents available; will retry on subsequent port and subnet creation events.
2026-04-23 01:29:35.554 10 INFO neutron.wsgi [None req-8d71af48-1186-403b-82f1-67252f6b8e8c 0b9f0cba36de4557ae068dc8894afe8c d54b59e95e094176a7500bb5c71c1cbb - - default default] 10.0.0.104 "GET /v2.0/routers/bbac5107-e36f-464f-8704-18cf5dbcbc2e HTTP/1.1" status: 200 len: 655 time: 0.0353458
2026-04-23 01:29:35.600 9 INFO neutron.db.ovn_revision_numbers_db [None req-1dfd4c25-dd0a-470b-a6d5-486678211581 e3882d0855e64145a5866bddd011c8fd 95760dda463d4703a0246c725cdb7ae7 - - default default] Successfully bumped revision number for resource 87afae38-f09c-4256-8a21-f2329cef4dfe (type: ports) to 1
2026-04-23 01:29:35.622 9 INFO neutron.wsgi [None req-1dfd4c25-dd0a-470b-a6d5-486678211581 e3882d0855e64145a5866bddd011c8fd 95760dda463d4703a0246c725cdb7ae7 - - default default] 10.0.0.104 "POST /v2.0/networks HTTP/1.1" status: 201 len: 830 time: 0.4888330
2026-04-23 01:29:35.773 10 INFO neutron.wsgi [-] 10.0.0.121 "GET / HTTP/1.1" status: 200 len: 247 time: 0.0013435
2026-04-23 01:29:35.775 10 INFO neutron.wsgi [-] 10.0.0.121 "GET / HTTP/1.1" status: 200 len: 247 time: 0.0008781
2026-04-23 01:29:35.861 9 WARNING neutron.scheduler.dhcp_agent_scheduler [None req-911aacb2-5ec3-47c6-8ae9-87fa0cda99f8 e3882d0855e64145a5866bddd011c8fd 95760dda463d4703a0246c725cdb7ae7 - - default default] No more DHCP agents
2026-04-23 01:29:35.862 9 WARNING neutron.api.rpc.agentnotifiers.dhcp_rpc_agent_api [None req-911aacb2-5ec3-47c6-8ae9-87fa0cda99f8 e3882d0855e64145a5866bddd011c8fd 95760dda463d4703a0246c725cdb7ae7 - - default default] Unable to schedule network 7dcb2cc4-3e7e-4346-85c8-c1340979e798: no agents available; will retry on subsequent port and subnet creation events.
2026-04-23 01:29:35.942 9 INFO neutron.db.ovn_revision_numbers_db [None req-911aacb2-5ec3-47c6-8ae9-87fa0cda99f8 e3882d0855e64145a5866bddd011c8fd 95760dda463d4703a0246c725cdb7ae7 - - default default] Successfully bumped revision number for resource 272feb3d-1b8f-4838-9b0d-bc045695e944 (type: ports) to 1
2026-04-23 01:29:35.965 9 INFO neutron.wsgi [None req-911aacb2-5ec3-47c6-8ae9-87fa0cda99f8 e3882d0855e64145a5866bddd011c8fd 95760dda463d4703a0246c725cdb7ae7 - - default default] 10.0.0.104 "POST /v2.0/ports HTTP/1.1" status: 201 len: 942 time: 0.3382583 /var/lib/openstack/lib/python3.10/site-packages/pycadf/identifier.py:71: UserWarning: Invalid uuid: neutron. To ensure interoperability, identifiers should be a valid uuid. warnings.warn(('Invalid uuid: %s. To ensure interoperability, '
2026-04-23 01:29:35.984 10 INFO neutron.db.ovn_revision_numbers_db [None req-81bbb492-28dd-4e51-ae90-add914d31e2c 0b9f0cba36de4557ae068dc8894afe8c d54b59e95e094176a7500bb5c71c1cbb - - default default] Successfully bumped revision number for resource bbac5107-e36f-464f-8704-18cf5dbcbc2e (type: routers) to 7
2026-04-23 01:29:35.987 10 INFO neutron.wsgi [None req-81bbb492-28dd-4e51-ae90-add914d31e2c 0b9f0cba36de4557ae068dc8894afe8c d54b59e95e094176a7500bb5c71c1cbb - - default default] 10.0.0.104 "PUT /v2.0/routers/bbac5107-e36f-464f-8704-18cf5dbcbc2e HTTP/1.1" status: 200 len: 655 time: 0.4281771
2026-04-23 01:29:36.014 10 INFO neutron.wsgi [None req-5724ee61-f522-45d8-954a-2bcf863d91cf 0b9f0cba36de4557ae068dc8894afe8c d54b59e95e094176a7500bb5c71c1cbb - - default default] 10.0.0.104 "GET /v2.0/ports?device_id=bbac5107-e36f-464f-8704-18cf5dbcbc2e HTTP/1.1" status: 200 len: 205 time: 0.0231292
2026-04-23 01:29:36.049 9 INFO neutron.db.segments_db [None req-9ae501c7-8d14-409d-b99e-63098aa047d6 e3882d0855e64145a5866bddd011c8fd 95760dda463d4703a0246c725cdb7ae7 - - default default] Added segment 96eee134-40c9-4e80-bc9f-e63ae6108dc5 of type geneve for network 1fd49630-9537-4281-8f96-0011ca598c63
2026-04-23 01:29:36.178 10 INFO neutron.wsgi [None req-1cf0ad34-f17a-4307-9818-4886a8e8ffbd 0b9f0cba36de4557ae068dc8894afe8c d54b59e95e094176a7500bb5c71c1cbb - - default default] 10.0.0.104 "DELETE /v2.0/routers/bbac5107-e36f-464f-8704-18cf5dbcbc2e HTTP/1.1" status: 204 len: 168 time: 0.1609392
2026-04-23 01:29:36.190 9 INFO neutron.db.ovn_revision_numbers_db [None req-9ae501c7-8d14-409d-b99e-63098aa047d6 e3882d0855e64145a5866bddd011c8fd 95760dda463d4703a0246c725cdb7ae7 - - default default] Successfully bumped revision number for resource 1fd49630-9537-4281-8f96-0011ca598c63 (type: networks) to 1
2026-04-23 01:29:36.336 9 WARNING neutron.scheduler.dhcp_agent_scheduler [None req-9ae501c7-8d14-409d-b99e-63098aa047d6 e3882d0855e64145a5866bddd011c8fd 95760dda463d4703a0246c725cdb7ae7 - - default default] No more DHCP agents
2026-04-23 01:29:36.338 9 WARNING neutron.api.rpc.agentnotifiers.dhcp_rpc_agent_api [None req-9ae501c7-8d14-409d-b99e-63098aa047d6 e3882d0855e64145a5866bddd011c8fd 95760dda463d4703a0246c725cdb7ae7 - - default default] Unable to schedule network 1fd49630-9537-4281-8f96-0011ca598c63: no agents available; will retry on subsequent port and subnet creation events.
2026-04-23 01:29:36.409 9 INFO neutron.db.ovn_revision_numbers_db [None req-9ae501c7-8d14-409d-b99e-63098aa047d6 e3882d0855e64145a5866bddd011c8fd 95760dda463d4703a0246c725cdb7ae7 - - default default] Successfully bumped revision number for resource e5a2970f-f237-436a-9077-781b34a72850 (type: ports) to 1
2026-04-23 01:29:36.436 9 INFO neutron.wsgi [None req-9ae501c7-8d14-409d-b99e-63098aa047d6 e3882d0855e64145a5866bddd011c8fd 95760dda463d4703a0246c725cdb7ae7 - - default default] 10.0.0.104 "POST /v2.0/networks HTTP/1.1" status: 201 len: 830 time: 0.4662981
2026-04-23 01:29:36.897 9 WARNING neutron.scheduler.dhcp_agent_scheduler [None req-4dadf030-ab82-40ad-aabd-4be1df60e917 e3882d0855e64145a5866bddd011c8fd 95760dda463d4703a0246c725cdb7ae7 - - default default] No more DHCP agents
2026-04-23 01:29:36.899 9 WARNING neutron.api.rpc.agentnotifiers.dhcp_rpc_agent_api [None req-4dadf030-ab82-40ad-aabd-4be1df60e917 e3882d0855e64145a5866bddd011c8fd 95760dda463d4703a0246c725cdb7ae7 - - default default] Unable to schedule network 1fd49630-9537-4281-8f96-0011ca598c63: no agents available; will retry on subsequent port and subnet creation events.
2026-04-23 01:29:36.951 10 INFO neutron.db.ovn_revision_numbers_db [None req-8e7be84e-8296-410b-8158-8b9a97e8e1ca 913ccf85199b4b5291eec5bf445a205a 9a0d176390924126876f3f9908d64143 - - default default] Successfully bumped revision number for resource dfbd2376-168c-4102-b2ff-eb421c7dc134 (type: security_groups) to 1
2026-04-23 01:29:36.963 10 INFO neutron.db.ovn_revision_numbers_db [None req-8e7be84e-8296-410b-8158-8b9a97e8e1ca 913ccf85199b4b5291eec5bf445a205a 9a0d176390924126876f3f9908d64143 - - default default] Successfully bumped revision number for resource c31d773e-8ff9-47d2-8f62-cbfb7211b58c (type: security_group_rules) to 0
2026-04-23 01:29:36.985 10 INFO neutron.db.ovn_revision_numbers_db [None req-8e7be84e-8296-410b-8158-8b9a97e8e1ca 913ccf85199b4b5291eec5bf445a205a 9a0d176390924126876f3f9908d64143 - - default default] Successfully bumped revision number for resource d0a019d0-73a0-4a1a-838e-cd81022d0872 (type: security_group_rules) to 0
2026-04-23 01:29:37.000 10 INFO neutron.db.ovn_revision_numbers_db [None req-1f49906d-8274-4ddc-8abf-0f8418ceff5b cd81f69b4ce340d986ae745d7df160e7 e5935aaa7e3d4ea5822540b817340386 - - default default] Successfully bumped revision number for resource 56e295dd-457a-4532-a52a-0db11653fc7f (type: security_groups) to 1
2026-04-23 01:29:37.001 10 INFO neutron.db.ovn_revision_numbers_db [None req-8e7be84e-8296-410b-8158-8b9a97e8e1ca 913ccf85199b4b5291eec5bf445a205a 9a0d176390924126876f3f9908d64143 - - default default] Successfully bumped revision number for resource dc6b31d7-53b7-4bfb-b6e8-3d633d983c2c (type: security_group_rules) to 0
2026-04-23 01:29:37.004 9 INFO neutron.db.ovn_revision_numbers_db [None req-4dadf030-ab82-40ad-aabd-4be1df60e917 e3882d0855e64145a5866bddd011c8fd 95760dda463d4703a0246c725cdb7ae7 - - default default] Successfully bumped revision number for resource 87a7056f-96a8-4c16-9a20-0c451db353cf (type: ports) to 1
2026-04-23 01:29:37.015 10 INFO neutron.db.ovn_revision_numbers_db [None req-1f49906d-8274-4ddc-8abf-0f8418ceff5b cd81f69b4ce340d986ae745d7df160e7 e5935aaa7e3d4ea5822540b817340386 - - default default] Successfully bumped revision number for resource 7fe15f8e-9f1f-4117-b7b8-9355c56e8662 (type: security_group_rules) to 0
2026-04-23 01:29:37.017 10 INFO neutron.db.ovn_revision_numbers_db [None req-8e7be84e-8296-410b-8158-8b9a97e8e1ca 913ccf85199b4b5291eec5bf445a205a 9a0d176390924126876f3f9908d64143 - - default default] Successfully bumped revision number for resource f1596918-0f56-4643-b6a3-45a94720bb68 (type: security_group_rules) to 0
2026-04-23 01:29:37.028 9 INFO neutron.wsgi [None req-4dadf030-ab82-40ad-aabd-4be1df60e917 e3882d0855e64145a5866bddd011c8fd 95760dda463d4703a0246c725cdb7ae7 - - default default] 10.0.0.104 "POST /v2.0/ports HTTP/1.1" status: 201 len: 942 time: 0.5765846
2026-04-23 01:29:37.035 10 INFO neutron.db.ovn_revision_numbers_db [None req-1f49906d-8274-4ddc-8abf-0f8418ceff5b cd81f69b4ce340d986ae745d7df160e7 e5935aaa7e3d4ea5822540b817340386 - - default default] Successfully bumped revision number for resource 932f89c3-12b4-4e5e-b6dd-30c9b93a4fec (type: security_group_rules) to 0 /var/lib/openstack/lib/python3.10/site-packages/pycadf/identifier.py:71: UserWarning: Invalid uuid: neutron. To ensure interoperability, identifiers should be a valid uuid. warnings.warn(('Invalid uuid: %s. To ensure interoperability, '
2026-04-23 01:29:37.048 10 INFO neutron.db.ovn_revision_numbers_db [None req-1f49906d-8274-4ddc-8abf-0f8418ceff5b cd81f69b4ce340d986ae745d7df160e7 e5935aaa7e3d4ea5822540b817340386 - - default default] Successfully bumped revision number for resource a3748081-b82b-4633-a2b1-417fe411c96c (type: security_group_rules) to 0
2026-04-23 01:29:37.071 10 INFO neutron.db.segments_db [None req-8e7be84e-8296-410b-8158-8b9a97e8e1ca 913ccf85199b4b5291eec5bf445a205a 9a0d176390924126876f3f9908d64143 - - default default] Added segment 11150409-454d-4c90-beed-4cf838ebb249 of type geneve for network d446137c-4315-438a-8af8-4c8bac17675a
2026-04-23 01:29:37.072 10 INFO neutron.db.ovn_revision_numbers_db [None req-1f49906d-8274-4ddc-8abf-0f8418ceff5b cd81f69b4ce340d986ae745d7df160e7 e5935aaa7e3d4ea5822540b817340386 - - default default] Successfully bumped revision number for resource a70d03a8-49ee-4a27-ab0b-9d142de52787 (type: security_group_rules) to 0
2026-04-23 01:29:37.074 9 INFO neutron.wsgi [None req-f287c4a5-452b-4430-a682-77d017d3caa7 e3882d0855e64145a5866bddd011c8fd 95760dda463d4703a0246c725cdb7ae7 - - default default] 10.0.0.104 "PUT /v2.0/ports/fbca6948-f3c6-4989-a8d0-3bb870bb7c0b/tags HTTP/1.1" status: 200 len: 210 time: 0.0407317
2026-04-23 01:29:37.107 10 INFO neutron.wsgi [None req-1f49906d-8274-4ddc-8abf-0f8418ceff5b cd81f69b4ce340d986ae745d7df160e7 e5935aaa7e3d4ea5822540b817340386 - - default default] 10.0.0.104 "GET /v2.0/security-groups?tenant_id=c1a0ecc32f914ac9ba3dab19890b7c65&name=default HTTP/1.1" status: 200 len: 2996 time: 0.2849588
2026-04-23 01:29:37.127 9 INFO neutron.wsgi [None req-a29bdd4f-6a14-4469-8723-f1586b8f7cb9 e3882d0855e64145a5866bddd011c8fd 95760dda463d4703a0246c725cdb7ae7 - - default default] 10.0.0.104 "PUT /v2.0/ports/282648ea-2dcf-4459-bcac-6a85c30f31bc/tags HTTP/1.1" status: 200 len: 218 time: 0.0472944
2026-04-23 01:29:37.182 9 INFO neutron.wsgi [None req-a9adb1df-aef2-4c08-a2cc-3c7420221d7c e3882d0855e64145a5866bddd011c8fd 95760dda463d4703a0246c725cdb7ae7 - - default default] 10.0.0.104 "PUT /v2.0/ports/a7858346-8f9e-479b-8618-db383843e140/tags HTTP/1.1" status: 200 len: 227 time: 0.0482149
2026-04-23 01:29:37.226 9 INFO neutron.wsgi [None req-d01f1fcc-9a86-4584-842e-2330fcc62b4c e3882d0855e64145a5866bddd011c8fd 95760dda463d4703a0246c725cdb7ae7 - - default default] 10.0.0.104 "PUT /v2.0/ports/272feb3d-1b8f-4838-9b0d-bc045695e944/tags HTTP/1.1" status: 200 len: 212 time: 0.0386553
2026-04-23 01:29:37.241 10 INFO neutron.db.ovn_revision_numbers_db [None req-8e7be84e-8296-410b-8158-8b9a97e8e1ca 913ccf85199b4b5291eec5bf445a205a 9a0d176390924126876f3f9908d64143 - - default default] Successfully bumped revision number for resource d446137c-4315-438a-8af8-4c8bac17675a (type: networks) to 1
2026-04-23 01:29:37.391 10 INFO neutron.wsgi [None req-90a17ff2-d3c0-499f-b569-d2ca61ea1f63 cd81f69b4ce340d986ae745d7df160e7 e5935aaa7e3d4ea5822540b817340386 - - default default] 10.0.0.104 "DELETE /v2.0/security-groups/56e295dd-457a-4532-a52a-0db11653fc7f HTTP/1.1" status: 204 len: 168 time: 0.2771161
2026-04-23 01:29:37.426 10 WARNING neutron.scheduler.dhcp_agent_scheduler [None req-8e7be84e-8296-410b-8158-8b9a97e8e1ca 913ccf85199b4b5291eec5bf445a205a 9a0d176390924126876f3f9908d64143 - - default default] No more DHCP agents
2026-04-23 01:29:37.428 10 WARNING neutron.api.rpc.agentnotifiers.dhcp_rpc_agent_api [None req-8e7be84e-8296-410b-8158-8b9a97e8e1ca 913ccf85199b4b5291eec5bf445a205a 9a0d176390924126876f3f9908d64143 - - default default] Unable to schedule network d446137c-4315-438a-8af8-4c8bac17675a: no agents available; will retry on subsequent port and subnet creation events.
2026-04-23 01:29:37.435 9 INFO neutron.wsgi [None req-5ca61766-6573-4605-b00a-43c320e2e0d8 e3882d0855e64145a5866bddd011c8fd 95760dda463d4703a0246c725cdb7ae7 - - default default] 10.0.0.104 "GET /v2.0/ports?tags=red HTTP/1.1" status: 200 len: 2448 time: 0.2035916
2026-04-23 01:29:37.514 10 INFO neutron.db.ovn_revision_numbers_db [None req-8e7be84e-8296-410b-8158-8b9a97e8e1ca 913ccf85199b4b5291eec5bf445a205a 9a0d176390924126876f3f9908d64143 - - default default] Successfully bumped revision number for resource bceb8c6e-349c-4b01-a7a7-a4f420357607 (type: ports) to 1
2026-04-23 01:29:37.518 9 INFO neutron.wsgi [None req-c9d9e447-b7d0-4749-9e3e-20638394f93a e3882d0855e64145a5866bddd011c8fd 95760dda463d4703a0246c725cdb7ae7 - - default default] 10.0.0.104 "GET /v2.0/ports?tags=red%2Cblue HTTP/1.1" status: 200 len: 1708 time: 0.0785909
2026-04-23 01:29:37.541 10 INFO neutron.wsgi [None req-8e7be84e-8296-410b-8158-8b9a97e8e1ca 913ccf85199b4b5291eec5bf445a205a 9a0d176390924126876f3f9908d64143 - - default default] 10.0.0.104 "POST /v2.0/networks HTTP/1.1" status: 201 len: 830 time: 0.8929338
2026-04-23 01:29:37.575 9 INFO neutron.wsgi [None req-648c8919-9d00-4af6-8f4c-6aeed63c688c e3882d0855e64145a5866bddd011c8fd 95760dda463d4703a0246c725cdb7ae7 - - default default] 10.0.0.104 "GET /v2.0/ports?tags-any=blue HTTP/1.1" status: 200 len: 1708 time: 0.0522563
2026-04-23 01:29:37.628 9 INFO neutron.wsgi [None req-4c7c1b54-bfc5-45bf-ae7a-8f934354ec35 e3882d0855e64145a5866bddd011c8fd 95760dda463d4703a0246c725cdb7ae7 - - default default] 10.0.0.104 "GET /v2.0/ports?tags-any=red%2Cblue HTTP/1.1" status: 200 len: 2448 time: 0.0458710
2026-04-23 01:29:37.680 10 INFO neutron.db.ovn_revision_numbers_db [None req-3dfb8ac8-cde3-43ad-bc31-4a8a9858d57b cd81f69b4ce340d986ae745d7df160e7 e5935aaa7e3d4ea5822540b817340386 - - default default] Successfully bumped revision number for resource 8d147b05-71fb-4b2e-8627-8515500feb61 (type: security_groups) to 1
2026-04-23 01:29:37.697 10 INFO neutron.db.ovn_revision_numbers_db [None req-3dfb8ac8-cde3-43ad-bc31-4a8a9858d57b cd81f69b4ce340d986ae745d7df160e7 e5935aaa7e3d4ea5822540b817340386 - - default default] Successfully bumped revision number for resource 2d201792-b3ab-48b8-88ab-efc2a2a703e7 (type: security_group_rules) to 0
2026-04-23 01:29:37.724 10 INFO neutron.db.ovn_revision_numbers_db [None req-3dfb8ac8-cde3-43ad-bc31-4a8a9858d57b cd81f69b4ce340d986ae745d7df160e7 e5935aaa7e3d4ea5822540b817340386 - - default default] Successfully bumped revision number for resource 64c81b08-5eff-47d4-8aac-75d609dbabf6 (type: security_group_rules) to 0
2026-04-23 01:29:37.749 10 INFO neutron.db.ovn_revision_numbers_db [None req-3dfb8ac8-cde3-43ad-bc31-4a8a9858d57b cd81f69b4ce340d986ae745d7df160e7 e5935aaa7e3d4ea5822540b817340386 - - default default] Successfully bumped revision number for resource e3261a10-f854-4136-94b0-ad6051ee7d6f (type: security_group_rules) to 0
2026-04-23 01:29:37.767 10 INFO neutron.db.ovn_revision_numbers_db [None req-3dfb8ac8-cde3-43ad-bc31-4a8a9858d57b cd81f69b4ce340d986ae745d7df160e7 e5935aaa7e3d4ea5822540b817340386 - - default default] Successfully bumped revision number for resource f1a26c91-bbf8-4f09-9cd6-cc9a96cd712b (type: security_group_rules) to 0
2026-04-23 01:29:37.776 9 INFO neutron.wsgi [None req-f40e1c06-bc1b-4cbc-ab67-eb468672ddbf e3882d0855e64145a5866bddd011c8fd 95760dda463d4703a0246c725cdb7ae7 - - default default] 10.0.0.104 "GET /v2.0/ports?not-tags=red HTTP/1.1" status: 200 len: 5463 time: 0.1424901
2026-04-23 01:29:37.800 10 INFO neutron.wsgi [None req-3dfb8ac8-cde3-43ad-bc31-4a8a9858d57b cd81f69b4ce340d986ae745d7df160e7 e5935aaa7e3d4ea5822540b817340386 - - default default] 10.0.0.104 "GET /v2.0/security-groups?tenant_id=d54b59e95e094176a7500bb5c71c1cbb&name=default HTTP/1.1" status: 200 len: 2996 time: 0.2830503
2026-04-23 01:29:37.833 10 WARNING neutron.scheduler.dhcp_agent_scheduler [None req-5e88b623-5575-47b6-84c1-2ca7938c53f9 913ccf85199b4b5291eec5bf445a205a 9a0d176390924126876f3f9908d64143 - - default default] No more DHCP agents
2026-04-23 01:29:37.835 10 WARNING neutron.api.rpc.agentnotifiers.dhcp_rpc_agent_api [None req-5e88b623-5575-47b6-84c1-2ca7938c53f9 913ccf85199b4b5291eec5bf445a205a 9a0d176390924126876f3f9908d64143 - - default default] Unable to schedule network d446137c-4315-438a-8af8-4c8bac17675a: no agents available; will retry on subsequent port and subnet creation events.
2026-04-23 01:29:37.862 9 INFO neutron.wsgi [None req-bdf9c165-3472-4d52-ace1-2ad13ae5aa68 e3882d0855e64145a5866bddd011c8fd 95760dda463d4703a0246c725cdb7ae7 - - default default] 10.0.0.104 "GET /v2.0/ports?not-tags=red%2Cblue HTTP/1.1" status: 200 len: 6203 time: 0.0804691
2026-04-23 01:29:37.924 10 INFO neutron.db.ovn_revision_numbers_db [None req-5e88b623-5575-47b6-84c1-2ca7938c53f9 913ccf85199b4b5291eec5bf445a205a 9a0d176390924126876f3f9908d64143 - - default default] Successfully bumped revision number for resource c30e48cc-8dec-4b6b-9d67-c0ed61ec097e (type: ports) to 1
2026-04-23 01:29:37.941 9 INFO neutron.wsgi [None req-0bfe97f0-c010-4d58-a4fd-aa6a06432ff6 e3882d0855e64145a5866bddd011c8fd 95760dda463d4703a0246c725cdb7ae7 - - default default] 10.0.0.104 "GET /v2.0/ports?not-tags-any=blue HTTP/1.1" status: 200 len: 6203 time: 0.0738025
2026-04-23 01:29:37.945 10 INFO neutron.wsgi [None req-5e88b623-5575-47b6-84c1-2ca7938c53f9 913ccf85199b4b5291eec5bf445a205a 9a0d176390924126876f3f9908d64143 - - default default] 10.0.0.104 "POST /v2.0/ports HTTP/1.1" status: 201 len: 942 time: 0.3980803 /var/lib/openstack/lib/python3.10/site-packages/pycadf/identifier.py:71: UserWarning: Invalid uuid: neutron. To ensure interoperability, identifiers should be a valid uuid. warnings.warn(('Invalid uuid: %s. To ensure interoperability, '
2026-04-23 01:29:38.135 9 INFO neutron.wsgi [None req-0e0d314e-6249-47a8-b141-1b92cd10183e cd81f69b4ce340d986ae745d7df160e7 e5935aaa7e3d4ea5822540b817340386 - - default default] 10.0.0.104 "DELETE /v2.0/security-groups/8d147b05-71fb-4b2e-8627-8515500feb61 HTTP/1.1" status: 204 len: 168 time: 0.3293853
2026-04-23 01:29:38.162 9 INFO neutron.wsgi [None req-9391d27d-24f1-4130-8a08-ffd3b855fffc 913ccf85199b4b5291eec5bf445a205a 9a0d176390924126876f3f9908d64143 - - default default] 10.0.0.104 "POST /v2.0/trunks HTTP/1.1" status: 201 len: 608 time: 0.2117362
2026-04-23 01:29:38.190 10 INFO neutron.wsgi [None req-f550f99e-f7d9-49c1-993d-17f89a20af19 e3882d0855e64145a5866bddd011c8fd 95760dda463d4703a0246c725cdb7ae7 - - default default] 10.0.0.104 "GET /v2.0/ports?not-tags-any=red%2Cblue HTTP/1.1" status: 200 len: 5463 time: 0.2444055
2026-04-23 01:29:38.234 9 INFO neutron.db.segments_db [None req-3ddd39d8-722f-4f86-b79b-7b38b3a235cb 913ccf85199b4b5291eec5bf445a205a 9a0d176390924126876f3f9908d64143 - - default default] Added segment 90f8b3f2-5e49-4ef1-8ece-60044d0e1cce of type geneve for network f6ad1c58-9629-43e1-81fb-3d78cc4d0d88
2026-04-23 01:29:38.363 9 INFO neutron.db.ovn_revision_numbers_db [None req-3ddd39d8-722f-4f86-b79b-7b38b3a235cb 913ccf85199b4b5291eec5bf445a205a 9a0d176390924126876f3f9908d64143 - - default default] Successfully bumped revision number for resource f6ad1c58-9629-43e1-81fb-3d78cc4d0d88 (type: networks) to 1
2026-04-23 01:29:38.435 10 INFO neutron.wsgi [None req-ac88964b-4d16-4b28-a1c1-4133579dc89a e3882d0855e64145a5866bddd011c8fd 95760dda463d4703a0246c725cdb7ae7 - - default default] 10.0.0.104 "DELETE /v2.0/ports/fbca6948-f3c6-4989-a8d0-3bb870bb7c0b HTTP/1.1" status: 204 len: 168 time: 0.2367721
2026-04-23 01:29:38.518 9 WARNING neutron.scheduler.dhcp_agent_scheduler [None req-3ddd39d8-722f-4f86-b79b-7b38b3a235cb 913ccf85199b4b5291eec5bf445a205a 9a0d176390924126876f3f9908d64143 - - default default] No more DHCP agents
2026-04-23 01:29:38.522 9 WARNING neutron.api.rpc.agentnotifiers.dhcp_rpc_agent_api [None req-3ddd39d8-722f-4f86-b79b-7b38b3a235cb 913ccf85199b4b5291eec5bf445a205a 9a0d176390924126876f3f9908d64143 - - default default] Unable to schedule network f6ad1c58-9629-43e1-81fb-3d78cc4d0d88: no agents available; will retry on subsequent port and subnet creation events.
2026-04-23 01:29:38.602 9 INFO neutron.db.ovn_revision_numbers_db [None req-3ddd39d8-722f-4f86-b79b-7b38b3a235cb 913ccf85199b4b5291eec5bf445a205a 9a0d176390924126876f3f9908d64143 - - default default] Successfully bumped revision number for resource ee50dc40-58d3-472f-bd55-ef312997f477 (type: ports) to 1
2026-04-23 01:29:38.619 9 INFO neutron.wsgi [None req-3ddd39d8-722f-4f86-b79b-7b38b3a235cb 913ccf85199b4b5291eec5bf445a205a 9a0d176390924126876f3f9908d64143 - - default default] 10.0.0.104 "POST /v2.0/networks HTTP/1.1" status: 201 len: 830 time: 0.4519048
2026-04-23 01:29:38.686 10 INFO neutron.wsgi [None req-9671f85c-30ed-4343-8c76-209233368a7d e3882d0855e64145a5866bddd011c8fd 95760dda463d4703a0246c725cdb7ae7 - - default default] 10.0.0.104 "DELETE /v2.0/ports/282648ea-2dcf-4459-bcac-6a85c30f31bc HTTP/1.1" status: 204 len: 168 time: 0.2460048
2026-04-23 01:29:38.953 10 WARNING neutron.scheduler.dhcp_agent_scheduler [None req-74166e88-f2d2-47ba-a4d6-f989df668c6a 913ccf85199b4b5291eec5bf445a205a 9a0d176390924126876f3f9908d64143 - - default default] No more DHCP agents
2026-04-23 01:29:38.956 10 WARNING neutron.api.rpc.agentnotifiers.dhcp_rpc_agent_api [None req-74166e88-f2d2-47ba-a4d6-f989df668c6a 913ccf85199b4b5291eec5bf445a205a 9a0d176390924126876f3f9908d64143 - - default default] Unable to schedule network f6ad1c58-9629-43e1-81fb-3d78cc4d0d88: no agents available; will retry on subsequent port and subnet creation events.
2026-04-23 01:29:39.019 10 INFO neutron.wsgi [None req-d8a5089b-16f1-48a8-9d48-cd1285cd1c2d e3882d0855e64145a5866bddd011c8fd 95760dda463d4703a0246c725cdb7ae7 - - default default] 10.0.0.104 "DELETE /v2.0/ports/a7858346-8f9e-479b-8618-db383843e140 HTTP/1.1" status: 204 len: 168 time: 0.3275182 /var/lib/openstack/lib/python3.10/site-packages/pycadf/identifier.py:71: UserWarning: Invalid uuid: neutron. To ensure interoperability, identifiers should be a valid uuid. warnings.warn(('Invalid uuid: %s. To ensure interoperability, '
2026-04-23 01:29:39.076 10 INFO neutron.db.ovn_revision_numbers_db [None req-74166e88-f2d2-47ba-a4d6-f989df668c6a 913ccf85199b4b5291eec5bf445a205a 9a0d176390924126876f3f9908d64143 - - default default] Successfully bumped revision number for resource 4943919c-66a2-41c1-bbf7-7fee66c7465b (type: ports) to 1
2026-04-23 01:29:39.109 10 INFO neutron.wsgi [None req-74166e88-f2d2-47ba-a4d6-f989df668c6a 913ccf85199b4b5291eec5bf445a205a 9a0d176390924126876f3f9908d64143 - - default default] 10.0.0.104 "POST /v2.0/ports HTTP/1.1" status: 201 len: 942 time: 0.4849048
2026-04-23 01:29:39.332 10 INFO neutron.wsgi [None req-228b9398-0730-4133-be17-0cda94c915ba e3882d0855e64145a5866bddd011c8fd 95760dda463d4703a0246c725cdb7ae7 - - default default] 10.0.0.104 "DELETE /v2.0/ports/272feb3d-1b8f-4838-9b0d-bc045695e944 HTTP/1.1" status: 204 len: 168 time: 0.3008251
2026-04-23 01:29:39.382 10 INFO neutron.wsgi [None req-718ee7e7-2764-43dd-86a4-e92b6904e96e 913ccf85199b4b5291eec5bf445a205a 9a0d176390924126876f3f9908d64143 - - default default] 10.0.0.104 "POST /v2.0/trunks HTTP/1.1" status: 201 len: 608 time: 0.2692564
2026-04-23 01:29:39.503 9 INFO neutron.db.segments_db [None req-a0670f36-b426-4f9a-b01d-695e41077d5f 913ccf85199b4b5291eec5bf445a205a 9a0d176390924126876f3f9908d64143 - - default default] Added segment fc31ec17-c832-44b3-bc39-f7748821f75d of type geneve for network f890bdd7-2e5a-48fd-8b7f-0fee893f23df
2026-04-23 01:29:39.630 9 INFO neutron.wsgi [None req-70d17e9c-3ca1-498b-842c-bc9e115ddb9b e3882d0855e64145a5866bddd011c8fd 95760dda463d4703a0246c725cdb7ae7 - - default default] 10.0.0.104 "DELETE /v2.0/ports/87a7056f-96a8-4c16-9a20-0c451db353cf HTTP/1.1" status: 204 len: 168 time: 0.2927020
2026-04-23 01:29:39.694 9 INFO neutron.db.ovn_revision_numbers_db [None req-a0670f36-b426-4f9a-b01d-695e41077d5f 913ccf85199b4b5291eec5bf445a205a 9a0d176390924126876f3f9908d64143 - - default default] Successfully bumped revision number for resource f890bdd7-2e5a-48fd-8b7f-0fee893f23df (type: networks) to 1
2026-04-23 01:29:39.880 9 WARNING neutron.scheduler.dhcp_agent_scheduler [None req-a0670f36-b426-4f9a-b01d-695e41077d5f 913ccf85199b4b5291eec5bf445a205a 9a0d176390924126876f3f9908d64143 - - default default] No more DHCP agents
2026-04-23 01:29:39.883 9 WARNING neutron.api.rpc.agentnotifiers.dhcp_rpc_agent_api [None req-a0670f36-b426-4f9a-b01d-695e41077d5f 913ccf85199b4b5291eec5bf445a205a 9a0d176390924126876f3f9908d64143 - - default default] Unable to schedule network f890bdd7-2e5a-48fd-8b7f-0fee893f23df: no agents available; will retry on subsequent port and subnet creation events.
2026-04-23 01:29:39.960 9 INFO neutron.db.ovn_revision_numbers_db [None req-a0670f36-b426-4f9a-b01d-695e41077d5f 913ccf85199b4b5291eec5bf445a205a 9a0d176390924126876f3f9908d64143 - - default default] Successfully bumped revision number for resource a1661a1b-9b92-4ffa-9acd-3f4195cc207c (type: ports) to 1
2026-04-23 01:29:39.983 9 INFO neutron.wsgi [None req-a0670f36-b426-4f9a-b01d-695e41077d5f 913ccf85199b4b5291eec5bf445a205a 9a0d176390924126876f3f9908d64143 - - default default] 10.0.0.104 "POST /v2.0/networks HTTP/1.1" status: 201 len: 831 time: 0.5970931
2026-04-23 01:29:40.202 10 INFO neutron.services.segments.plugin [-] Segment ef857730-271e-4d4c-a9f5-ab849af2a820 resource provider aggregate not found
2026-04-23 01:29:40.206 10 INFO neutron.services.segments.plugin [-] Segment ef857730-271e-4d4c-a9f5-ab849af2a820 resource provider aggregate not found
2026-04-23 01:29:40.222 10 INFO neutron.services.segments.plugin [-] Segment ef857730-271e-4d4c-a9f5-ab849af2a820 resource provider not found; error: Placement Client Error (4xx): {"errors": [{"status": 404, "title": "Not Found", "detail": "The resource could not be found.\n\n No resource provider with uuid ef857730-271e-4d4c-a9f5-ab849af2a820 found for delete ", "request_id": "req-df8ef00d-a4ff-40ef-963b-d57f6250ce38"}]}
2026-04-23 01:29:40.222 10 INFO neutron.services.segments.plugin [-] Segment ef857730-271e-4d4c-a9f5-ab849af2a820 resource provider not found; error: Placement Client Error (4xx): {"errors": [{"status": 404, "title": "Not Found", "detail": "The resource could not be found.\n\n No resource provider with uuid ef857730-271e-4d4c-a9f5-ab849af2a820 found for delete ", "request_id": "req-6b89c734-6065-4e3a-9c53-69b7b025e98b"}]}
2026-04-23 01:29:40.243 10 INFO neutron.wsgi [None req-438690bd-bf1d-4c5e-a656-8c2f33dbb831 e3882d0855e64145a5866bddd011c8fd 95760dda463d4703a0246c725cdb7ae7 - - default default] 10.0.0.104 "DELETE /v2.0/networks/18cf5edf-a4db-4914-acb1-cee40bd12652 HTTP/1.1" status: 204 len: 168 time: 0.6023378
2026-04-23 01:29:40.253 9 WARNING neutron.scheduler.dhcp_agent_scheduler [None req-f90d05be-2be3-4650-84dc-7908fd03f515 913ccf85199b4b5291eec5bf445a205a 9a0d176390924126876f3f9908d64143 - - default default] No more DHCP agents
2026-04-23 01:29:40.255 9 WARNING neutron.api.rpc.agentnotifiers.dhcp_rpc_agent_api [None req-f90d05be-2be3-4650-84dc-7908fd03f515 913ccf85199b4b5291eec5bf445a205a 9a0d176390924126876f3f9908d64143 - - default default] Unable to schedule network f890bdd7-2e5a-48fd-8b7f-0fee893f23df: no agents available; will retry on subsequent port and subnet creation events.
2026-04-23 01:29:40.353 9 INFO neutron.db.ovn_revision_numbers_db [None req-f90d05be-2be3-4650-84dc-7908fd03f515 913ccf85199b4b5291eec5bf445a205a 9a0d176390924126876f3f9908d64143 - - default default] Successfully bumped revision number for resource ba2a064b-1c92-42b5-8ea4-16b210b0e9b5 (type: ports) to 1
2026-04-23 01:29:40.376 9 INFO neutron.wsgi [None req-f90d05be-2be3-4650-84dc-7908fd03f515 913ccf85199b4b5291eec5bf445a205a 9a0d176390924126876f3f9908d64143 - - default default] 10.0.0.104 "POST /v2.0/ports HTTP/1.1" status: 201 len: 942 time: 0.3873601
2026-04-23 01:29:40.695 10 INFO neutron.wsgi [None req-0fb4ba10-f97f-41da-953a-4cec30a91ca2 913ccf85199b4b5291eec5bf445a205a 9a0d176390924126876f3f9908d64143 - - default default] 10.0.0.104 "POST /v2.0/trunks HTTP/1.1" status: 201 len: 608 time: 0.3141959
2026-04-23 01:29:40.725 10 INFO neutron.wsgi [None req-aa5d956e-d931-4b48-8a7d-60497e640752 e3882d0855e64145a5866bddd011c8fd 95760dda463d4703a0246c725cdb7ae7 - - default default] 10.0.0.104 "DELETE /v2.0/networks/af4df500-1982-4f51-9055-810a81d10525 HTTP/1.1" status: 204 len: 168 time: 0.4761603 /var/lib/openstack/lib/python3.10/site-packages/pycadf/identifier.py:71: UserWarning: Invalid uuid: neutron. To ensure interoperability, identifiers should be a valid uuid. warnings.warn(('Invalid uuid: %s. To ensure interoperability, '
2026-04-23 01:29:40.785 10 INFO neutron.db.segments_db [None req-a9ae55dc-359e-4039-bacf-b21e2d73a19f 913ccf85199b4b5291eec5bf445a205a 9a0d176390924126876f3f9908d64143 - - default default] Added segment 47337ca6-b6ae-48e2-aaa2-ccc9f1339a25 of type geneve for network 71fa9398-6b39-476f-9565-c5d4134c852c
2026-04-23 01:29:40.955 10 INFO neutron.db.ovn_revision_numbers_db [None req-a9ae55dc-359e-4039-bacf-b21e2d73a19f 913ccf85199b4b5291eec5bf445a205a 9a0d176390924126876f3f9908d64143 - - default default] Successfully bumped revision number for resource 71fa9398-6b39-476f-9565-c5d4134c852c (type: networks) to 1
2026-04-23 01:29:41.140 10 WARNING neutron.scheduler.dhcp_agent_scheduler [None req-a9ae55dc-359e-4039-bacf-b21e2d73a19f 913ccf85199b4b5291eec5bf445a205a 9a0d176390924126876f3f9908d64143 - - default default] No more DHCP agents
2026-04-23 01:29:41.144 10 WARNING neutron.api.rpc.agentnotifiers.dhcp_rpc_agent_api [None req-a9ae55dc-359e-4039-bacf-b21e2d73a19f 913ccf85199b4b5291eec5bf445a205a 9a0d176390924126876f3f9908d64143 - - default default] Unable to schedule network 71fa9398-6b39-476f-9565-c5d4134c852c: no agents available; will retry on subsequent port and subnet creation events.
2026-04-23 01:29:41.172 9 INFO neutron.services.segments.plugin [-] Segment cf0c91f9-6f43-4d79-8350-782d56a49d37 resource provider aggregate not found
2026-04-23 01:29:41.177 9 INFO neutron.services.segments.plugin [-] Segment cf0c91f9-6f43-4d79-8350-782d56a49d37 resource provider aggregate not found
2026-04-23 01:29:41.192 9 INFO neutron.services.segments.plugin [-] Segment cf0c91f9-6f43-4d79-8350-782d56a49d37 resource provider not found; error: Placement Client Error (4xx): {"errors": [{"status": 404, "title": "Not Found", "detail": "The resource could not be found.\n\n No resource provider with uuid cf0c91f9-6f43-4d79-8350-782d56a49d37 found for delete ", "request_id": "req-1341baaf-0c74-42dc-871f-ee6b026f8ffa"}]}
2026-04-23 01:29:41.193 9 INFO neutron.services.segments.plugin [-] Segment cf0c91f9-6f43-4d79-8350-782d56a49d37 resource provider not found; error: Placement Client Error (4xx): {"errors": [{"status": 404, "title": "Not Found", "detail": "The resource could not be found.\n\n No resource provider with uuid cf0c91f9-6f43-4d79-8350-782d56a49d37 found for delete ", "request_id": "req-30f306a3-77df-4c1f-93f6-7ed1288b3d72"}]}
2026-04-23 01:29:41.223 9 INFO neutron.wsgi [None req-9f2308a2-5840-4611-bd47-274cd4e928bb e3882d0855e64145a5866bddd011c8fd 95760dda463d4703a0246c725cdb7ae7 - - default default] 10.0.0.104 "DELETE /v2.0/networks/0ff06e7e-0b41-4312-b1f9-3d42f180e447 HTTP/1.1" status: 204 len: 168 time: 0.4933410
2026-04-23 01:29:41.250 10 INFO neutron.db.ovn_revision_numbers_db [None req-a9ae55dc-359e-4039-bacf-b21e2d73a19f 913ccf85199b4b5291eec5bf445a205a 9a0d176390924126876f3f9908d64143 - - default default] Successfully bumped revision number for resource d8a21960-e9cd-4062-ab52-8e0d9e217f6f (type: ports) to 1
2026-04-23 01:29:41.286 10 INFO neutron.wsgi [None req-a9ae55dc-359e-4039-bacf-b21e2d73a19f 913ccf85199b4b5291eec5bf445a205a 9a0d176390924126876f3f9908d64143 - - default default] 10.0.0.104 "POST /v2.0/networks HTTP/1.1" status: 201 len: 831 time: 0.5852854
2026-04-23 01:29:41.565 9 WARNING neutron.scheduler.dhcp_agent_scheduler [None req-86ecb4ca-ca9e-4313-8b96-cb4e8bb573a2 913ccf85199b4b5291eec5bf445a205a 9a0d176390924126876f3f9908d64143 - - default default] No more DHCP agents
2026-04-23 01:29:41.568 9 WARNING neutron.api.rpc.agentnotifiers.dhcp_rpc_agent_api [None req-86ecb4ca-ca9e-4313-8b96-cb4e8bb573a2 913ccf85199b4b5291eec5bf445a205a 9a0d176390924126876f3f9908d64143 - - default default] Unable to schedule network 71fa9398-6b39-476f-9565-c5d4134c852c: no agents available; will retry on subsequent port and subnet creation events.
2026-04-23 01:29:41.615 10 INFO neutron.wsgi [None req-4238410e-9f1a-4d8b-944a-577dc505fcc0 e3882d0855e64145a5866bddd011c8fd 95760dda463d4703a0246c725cdb7ae7 - - default default] 10.0.0.104 "DELETE /v2.0/networks/7dcb2cc4-3e7e-4346-85c8-c1340979e798 HTTP/1.1" status: 204 len: 168 time: 0.3861582
2026-04-23 01:29:41.674 9 INFO neutron.db.ovn_revision_numbers_db [None req-86ecb4ca-ca9e-4313-8b96-cb4e8bb573a2 913ccf85199b4b5291eec5bf445a205a 9a0d176390924126876f3f9908d64143 - - default default] Successfully bumped revision number for resource 6657ef92-0cdf-4a70-b93e-ab3b6a784033 (type: ports) to 1
2026-04-23 01:29:41.677 9 INFO neutron.db.ovn_revision_numbers_db [None req-848168eb-b32a-4c06-aa85-bf9bc3595e39 118134daf9d941629d17e6455665a659 1b89099a74b541bbbdb3607d04a045f4 - - default default] Successfully bumped revision number for resource 67965175-0ee6-46d6-9115-7cdcaf31ea08 (type: security_groups) to 1
2026-04-23 01:29:41.705 9 INFO neutron.db.ovn_revision_numbers_db [None req-848168eb-b32a-4c06-aa85-bf9bc3595e39 118134daf9d941629d17e6455665a659 1b89099a74b541bbbdb3607d04a045f4 - - default default] Successfully bumped revision number for resource 62d67f2c-d2b7-4676-ac3b-3a1c62497080 (type: security_group_rules) to 0
2026-04-23 01:29:41.710 9 INFO neutron.wsgi [None req-86ecb4ca-ca9e-4313-8b96-cb4e8bb573a2 913ccf85199b4b5291eec5bf445a205a 9a0d176390924126876f3f9908d64143 - - default default] 10.0.0.104 "POST /v2.0/ports HTTP/1.1" status: 201 len: 942 time: 0.4182224
2026-04-23 01:29:41.726 9 INFO neutron.db.ovn_revision_numbers_db [None req-848168eb-b32a-4c06-aa85-bf9bc3595e39 118134daf9d941629d17e6455665a659 1b89099a74b541bbbdb3607d04a045f4 - - default default] Successfully bumped revision number for resource 9778afaa-d13c-48c2-ab85-f0b7a7f8b7ce (type: security_group_rules) to 0
2026-04-23 01:29:41.742 9 INFO neutron.db.ovn_revision_numbers_db [None req-848168eb-b32a-4c06-aa85-bf9bc3595e39 118134daf9d941629d17e6455665a659 1b89099a74b541bbbdb3607d04a045f4 - - default default] Successfully bumped revision number for resource d8b04405-dfff-4d31-bab5-fb46da8a16ef (type: security_group_rules) to 0
2026-04-23 01:29:41.756 9 INFO neutron.db.ovn_revision_numbers_db [None req-848168eb-b32a-4c06-aa85-bf9bc3595e39 118134daf9d941629d17e6455665a659 1b89099a74b541bbbdb3607d04a045f4 - - default default] Successfully bumped revision number for resource feaa3613-04f1-47e6-b19d-61469805c6a9 (type: security_group_rules) to 0
2026-04-23 01:29:41.811 9 INFO neutron.db.segments_db [None req-848168eb-b32a-4c06-aa85-bf9bc3595e39 118134daf9d941629d17e6455665a659 1b89099a74b541bbbdb3607d04a045f4 - - default default] Added segment 43b8d5d6-b34c-4d48-9449-32c14438480e of type geneve for network c3beb8f5-a516-491a-85f5-23c104e8395d
2026-04-23 01:29:41.966 9 INFO neutron.db.ovn_revision_numbers_db [None req-848168eb-b32a-4c06-aa85-bf9bc3595e39 118134daf9d941629d17e6455665a659 1b89099a74b541bbbdb3607d04a045f4 - - default default] Successfully bumped revision number for resource c3beb8f5-a516-491a-85f5-23c104e8395d (type: networks) to 1
2026-04-23 01:29:41.990 10 INFO neutron.wsgi [None req-d99282f5-6ad8-49f0-af4c-82a5111ff8c3 913ccf85199b4b5291eec5bf445a205a 9a0d176390924126876f3f9908d64143 - - default default] 10.0.0.104 "POST /v2.0/trunks HTTP/1.1" status: 201 len: 608 time: 0.2746835
2026-04-23 01:29:42.081 10 INFO neutron.wsgi [None req-060714b7-7647-402c-8181-c5de5c4528ad e3882d0855e64145a5866bddd011c8fd 95760dda463d4703a0246c725cdb7ae7 - - default default] 10.0.0.104 "DELETE /v2.0/networks/1fd49630-9537-4281-8f96-0011ca598c63 HTTP/1.1" status: 204 len: 168 time: 0.4598234
2026-04-23 01:29:42.112 10 INFO neutron.db.segments_db [None req-3f621969-6aee-4ffc-ac76-5e8ce9f4f7bf 913ccf85199b4b5291eec5bf445a205a 9a0d176390924126876f3f9908d64143 - - default default] Added segment 068f9634-bdbc-4809-9624-7e0713806a7e of type geneve for network fcef6346-22ac-467b-941a-57de9f0cb0a2
2026-04-23 01:29:42.159 9 WARNING neutron.scheduler.dhcp_agent_scheduler [None req-848168eb-b32a-4c06-aa85-bf9bc3595e39 118134daf9d941629d17e6455665a659 1b89099a74b541bbbdb3607d04a045f4 - - default default] No more DHCP agents
2026-04-23 01:29:42.161 9 WARNING neutron.api.rpc.agentnotifiers.dhcp_rpc_agent_api [None req-848168eb-b32a-4c06-aa85-bf9bc3595e39 118134daf9d941629d17e6455665a659 1b89099a74b541bbbdb3607d04a045f4 - - default default] Unable to schedule network c3beb8f5-a516-491a-85f5-23c104e8395d: no agents available; will retry on subsequent port and subnet creation events.
2026-04-23 01:29:42.237 9 INFO neutron.db.ovn_revision_numbers_db [None req-848168eb-b32a-4c06-aa85-bf9bc3595e39 118134daf9d941629d17e6455665a659 1b89099a74b541bbbdb3607d04a045f4 - - default default] Successfully bumped revision number for resource 2b1df646-4b37-4785-9f42-2bbd2941365f (type: ports) to 1
2026-04-23 01:29:42.252 10 INFO neutron.services.segments.plugin [-] Segment 59d55c23-9322-4ccf-8f42-29e91b7b1c6d resource provider aggregate not found
2026-04-23 01:29:42.259 10 INFO neutron.services.segments.plugin [-] Segment 59d55c23-9322-4ccf-8f42-29e91b7b1c6d resource provider aggregate not found
2026-04-23 01:29:42.263 9 INFO neutron.wsgi [None req-848168eb-b32a-4c06-aa85-bf9bc3595e39 118134daf9d941629d17e6455665a659 1b89099a74b541bbbdb3607d04a045f4 - - default default] 10.0.0.104 "POST /v2.0/networks HTTP/1.1" status: 201 len: 829 time: 0.9854224 /var/lib/openstack/lib/python3.10/site-packages/pycadf/identifier.py:71: UserWarning: Invalid uuid: neutron. To ensure interoperability, identifiers should be a valid uuid. warnings.warn(('Invalid uuid: %s. To ensure interoperability, '
2026-04-23 01:29:42.283 10 INFO neutron.db.ovn_revision_numbers_db [None req-3f621969-6aee-4ffc-ac76-5e8ce9f4f7bf 913ccf85199b4b5291eec5bf445a205a 9a0d176390924126876f3f9908d64143 - - default default] Successfully bumped revision number for resource fcef6346-22ac-467b-941a-57de9f0cb0a2 (type: networks) to 1
2026-04-23 01:29:42.285 10 INFO neutron.services.segments.plugin [-] Segment 59d55c23-9322-4ccf-8f42-29e91b7b1c6d resource provider not found; error: Placement Client Error (4xx): {"errors": [{"status": 404, "title": "Not Found", "detail": "The resource could not be found.\n\n No resource provider with uuid 59d55c23-9322-4ccf-8f42-29e91b7b1c6d found for delete ", "request_id": "req-f20f6031-fbfb-4a05-9035-2b8707fa9e5c"}]}
2026-04-23 01:29:42.291 10 INFO neutron.services.segments.plugin [-] Segment 59d55c23-9322-4ccf-8f42-29e91b7b1c6d resource provider not found; error: Placement Client Error (4xx): {"errors": [{"status": 404, "title": "Not Found", "detail": "The resource could not be found.\n\n No resource provider with uuid 59d55c23-9322-4ccf-8f42-29e91b7b1c6d found for delete ", "request_id": "req-cc983bbe-b3f7-4759-b89d-cc5821eaaa30"}]}
2026-04-23 01:29:42.308 10 INFO neutron.services.segments.plugin [-] Segment 76f12a51-c62f-4368-a03a-5228f30c2e96 resource provider aggregate not found
2026-04-23 01:29:42.314 10 INFO neutron.services.segments.plugin [-] Segment 76f12a51-c62f-4368-a03a-5228f30c2e96 resource provider aggregate not found
2026-04-23 01:29:42.334 10 INFO neutron.services.segments.plugin [-] Segment 76f12a51-c62f-4368-a03a-5228f30c2e96 resource provider not found; error: Placement Client Error (4xx): {"errors": [{"status": 404, "title": "Not Found", "detail": "The resource could not be found.\n\n No resource provider with uuid 76f12a51-c62f-4368-a03a-5228f30c2e96 found for delete ", "request_id": "req-05095a8b-4432-4bba-8cea-6e5aca67c050"}]}
2026-04-23 01:29:42.340 10 INFO neutron.services.segments.plugin [-] Segment 76f12a51-c62f-4368-a03a-5228f30c2e96 resource provider not found; error: Placement Client Error (4xx): {"errors": [{"status": 404, "title": "Not Found", "detail": "The resource could not be found.\n\n No resource provider with uuid 76f12a51-c62f-4368-a03a-5228f30c2e96 found for delete ", "request_id": "req-107be242-660f-4e9e-b160-84fba2632cee"}]}
2026-04-23 01:29:42.356 10 INFO neutron.services.segments.plugin [-] Segment 96eee134-40c9-4e80-bc9f-e63ae6108dc5 resource provider aggregate not found
2026-04-23 01:29:42.361 10 INFO neutron.services.segments.plugin [-] Segment 96eee134-40c9-4e80-bc9f-e63ae6108dc5 resource provider aggregate not found
2026-04-23 01:29:42.375 10 INFO neutron.services.segments.plugin [-] Segment 96eee134-40c9-4e80-bc9f-e63ae6108dc5 resource provider not found; error: Placement Client Error (4xx): {"errors": [{"status": 404, "title": "Not Found", "detail": "The resource could not be found.\n\n No resource provider with uuid 96eee134-40c9-4e80-bc9f-e63ae6108dc5 found for delete ", "request_id": "req-7e39495f-a021-4a51-8c67-432d454dcbf5"}]}
2026-04-23 01:29:42.376 10 INFO neutron.services.segments.plugin [-] Segment 96eee134-40c9-4e80-bc9f-e63ae6108dc5 resource provider not found; error: Placement Client Error (4xx): {"errors": [{"status": 404, "title": "Not Found", "detail": "The resource could not be found.\n\n No resource provider with uuid 96eee134-40c9-4e80-bc9f-e63ae6108dc5 found for delete ", "request_id": "req-33720436-9803-4d48-a67e-fd62a7900d87"}]}
2026-04-23 01:29:42.518 9 WARNING neutron.scheduler.dhcp_agent_scheduler [None req-a3357351-add0-46ee-af08-39ce67eaf04e 118134daf9d941629d17e6455665a659 1b89099a74b541bbbdb3607d04a045f4 - - default default] No more DHCP agents
2026-04-23 01:29:42.523 9 WARNING neutron.api.rpc.agentnotifiers.dhcp_rpc_agent_api [None req-a3357351-add0-46ee-af08-39ce67eaf04e 118134daf9d941629d17e6455665a659 1b89099a74b541bbbdb3607d04a045f4 - - default default] Unable to schedule network c3beb8f5-a516-491a-85f5-23c104e8395d: no agents available; will retry on subsequent port and subnet creation events.
2026-04-23 01:29:42.552 10 WARNING neutron.scheduler.dhcp_agent_scheduler [None req-3f621969-6aee-4ffc-ac76-5e8ce9f4f7bf 913ccf85199b4b5291eec5bf445a205a 9a0d176390924126876f3f9908d64143 - - default default] No more DHCP agents
2026-04-23 01:29:42.553 10 WARNING neutron.api.rpc.agentnotifiers.dhcp_rpc_agent_api [None req-3f621969-6aee-4ffc-ac76-5e8ce9f4f7bf 913ccf85199b4b5291eec5bf445a205a 9a0d176390924126876f3f9908d64143 - - default default] Unable to schedule network fcef6346-22ac-467b-941a-57de9f0cb0a2: no agents available; will retry on subsequent port and subnet creation events.
2026-04-23 01:29:42.658 10 INFO neutron.db.ovn_revision_numbers_db [None req-3f621969-6aee-4ffc-ac76-5e8ce9f4f7bf 913ccf85199b4b5291eec5bf445a205a 9a0d176390924126876f3f9908d64143 - - default default] Successfully bumped revision number for resource d69fe1e0-98bc-4630-be44-fbc925902996 (type: ports) to 1
2026-04-23 01:29:42.682 10 INFO neutron.wsgi [None req-3f621969-6aee-4ffc-ac76-5e8ce9f4f7bf 913ccf85199b4b5291eec5bf445a205a 9a0d176390924126876f3f9908d64143 - - default default] 10.0.0.104 "POST /v2.0/networks HTTP/1.1" status: 201 len: 830 time: 0.6847169
