2026-04-23 01:28:15.129 9 INFO neutron.wsgi [None req-762ec6e3-a873-41d6-af26-c1bb43389721 43749c78dc2a4882aa76b0aced5d1667 4601206fdc7141d2bd37bbf22e99239a - - default default] 10.0.0.104 "DELETE /v2.0/ports/9eae739f-7bc4-41cc-8f91-afed898142ab HTTP/1.1" status: 204 len: 168 time: 0.3259330
2026-04-23 01:28:15.151 9 INFO neutron.pecan_wsgi.hooks.translation [None req-49a7fcf5-a42c-47e5-9c7b-678d4a507781 43749c78dc2a4882aa76b0aced5d1667 4601206fdc7141d2bd37bbf22e99239a - - default default] GET failed (client error): The resource could not be found.
2026-04-23 01:28:15.152 9 INFO neutron.wsgi [None req-49a7fcf5-a42c-47e5-9c7b-678d4a507781 43749c78dc2a4882aa76b0aced5d1667 4601206fdc7141d2bd37bbf22e99239a - - default default] 10.0.0.104 "GET /v2.0/ports/9eae739f-7bc4-41cc-8f91-afed898142ab HTTP/1.1" status: 404 len: 333 time: 0.0179205
2026-04-23 01:28:15.167 10 INFO neutron.wsgi [None req-342a967e-96ad-476b-bf15-8d73deafd322 205507aaed684eceb1b54e86f0c36e11 34507981eb034cb58cefd989dde6d7e0 - - default default] 10.0.0.104 "GET /v2.0/qos/policies?tags=red HTTP/1.1" status: 200 len: 1296 time: 0.2462873
2026-04-23 01:28:15.221 10 INFO neutron.wsgi [None req-2777c17d-6d5f-4738-8ea7-d007a6ddff1b 205507aaed684eceb1b54e86f0c36e11 34507981eb034cb58cefd989dde6d7e0 - - default default] 10.0.0.104 "GET /v2.0/qos/policies?tags=red%2Cblue HTTP/1.1" status: 200 len: 941 time: 0.0496466
2026-04-23 01:28:15.269 10 INFO neutron.wsgi [None req-69a617d8-5c9e-4a72-9985-763e83725099 205507aaed684eceb1b54e86f0c36e11 34507981eb034cb58cefd989dde6d7e0 - - default default] 10.0.0.104 "GET /v2.0/qos/policies?tags-any=blue HTTP/1.1" status: 200 len: 941 time: 0.0416138
2026-04-23 01:28:15.327 9 INFO neutron.wsgi [None req-bde6f3cd-1c2a-4288-8cd8-d63820726f1b 43749c78dc2a4882aa76b0aced5d1667 4601206fdc7141d2bd37bbf22e99239a - - default default] 10.0.0.104 "DELETE /v2.0/subnets/728f849c-a3b8-4ef4-9e8f-bfe55d1ff2a1 HTTP/1.1" status: 204 len: 168 time: 0.1700432
2026-04-23 01:28:15.330 10 INFO neutron.wsgi [None req-ddc87c74-b2bc-4413-b16c-a4f5d652b6e5 205507aaed684eceb1b54e86f0c36e11 34507981eb034cb58cefd989dde6d7e0 - - default default] 10.0.0.104 "GET /v2.0/qos/policies?tags-any=red%2Cblue HTTP/1.1" status: 200 len: 1296 time: 0.0561500
2026-04-23 01:28:15.388 9 INFO neutron.wsgi [None req-68340143-1fc6-4892-804d-d073dae70acf 205507aaed684eceb1b54e86f0c36e11 34507981eb034cb58cefd989dde6d7e0 - - default default] 10.0.0.104 "GET /v2.0/qos/policies?not-tags=red HTTP/1.1" status: 200 len: 913 time: 0.0537193
2026-04-23 01:28:15.462 9 INFO neutron.wsgi [None req-3b9bc6ad-2f4b-443e-a051-2856811e750b 205507aaed684eceb1b54e86f0c36e11 34507981eb034cb58cefd989dde6d7e0 - - default default] 10.0.0.104 "GET /v2.0/qos/policies?not-tags=red%2Cblue HTTP/1.1" status: 200 len: 1268 time: 0.0685244
2026-04-23 01:28:15.529 9 INFO neutron.wsgi [None req-6e5720f8-909c-42aa-b85e-693353ea9196 205507aaed684eceb1b54e86f0c36e11 34507981eb034cb58cefd989dde6d7e0 - - default default] 10.0.0.104 "GET /v2.0/qos/policies?not-tags-any=blue HTTP/1.1" status: 200 len: 1268 time: 0.0626552
2026-04-23 01:28:15.620 9 INFO neutron.db.ovn_revision_numbers_db [None req-fa5f866d-f27e-495e-a1c7-121af048d1f2 137935e3e57445ab82c2678cac75fd88 f46a8f968206433ba2efb50b217e19bf - - default default] Successfully bumped revision number for resource 51c872d0-0d34-4a6c-a256-32b8834e379c (type: security_groups) to 1
2026-04-23 01:28:15.626 10 INFO neutron.wsgi [None req-feb5d6e3-b842-4caf-8b6b-1a99c10e4d32 205507aaed684eceb1b54e86f0c36e11 34507981eb034cb58cefd989dde6d7e0 - - default default] 10.0.0.104 "GET /v2.0/qos/policies?not-tags-any=red%2Cblue HTTP/1.1" status: 200 len: 913 time: 0.0921268
2026-04-23 01:28:15.639 9 INFO neutron.db.ovn_revision_numbers_db [None req-fa5f866d-f27e-495e-a1c7-121af048d1f2 137935e3e57445ab82c2678cac75fd88 f46a8f968206433ba2efb50b217e19bf - - default default] Successfully bumped revision number for resource 376af2d0-8e45-43ad-9a3d-5e75f8b4f1bb (type: security_group_rules) to 0
2026-04-23 01:28:15.655 9 INFO neutron.db.ovn_revision_numbers_db [None req-fa5f866d-f27e-495e-a1c7-121af048d1f2 137935e3e57445ab82c2678cac75fd88 f46a8f968206433ba2efb50b217e19bf - - default default] Successfully bumped revision number for resource 977e2017-b760-4c37-b967-8172441eb700 (type: security_group_rules) to 0
2026-04-23 01:28:15.670 9 INFO neutron.db.ovn_revision_numbers_db [None req-fa5f866d-f27e-495e-a1c7-121af048d1f2 137935e3e57445ab82c2678cac75fd88 f46a8f968206433ba2efb50b217e19bf - - default default] Successfully bumped revision number for resource f8090155-2af9-44da-aca1-a562185b73c2 (type: security_group_rules) to 0
2026-04-23 01:28:15.677 10 INFO neutron.services.segments.plugin [-] Segment 5b081daf-8e2b-4d09-8540-b123d175cf1c resource provider aggregate not found
2026-04-23 01:28:15.683 10 INFO neutron.services.segments.plugin [-] Segment 5b081daf-8e2b-4d09-8540-b123d175cf1c resource provider aggregate not found
2026-04-23 01:28:15.686 9 INFO neutron.db.ovn_revision_numbers_db [None req-fa5f866d-f27e-495e-a1c7-121af048d1f2 137935e3e57445ab82c2678cac75fd88 f46a8f968206433ba2efb50b217e19bf - - default default] Successfully bumped revision number for resource f9de5420-3dd6-4917-98ba-2c8aa5ae5221 (type: security_group_rules) to 0
2026-04-23 01:28:15.694 9 INFO neutron.wsgi [None req-9f753475-4a16-4579-937c-6023e8a68f5e 974a666e31eb4dd9869146a2010551ac 47a95dc5db9846b682cec0b8c0b6e91d - - default default] 10.0.0.104 "DELETE /v2.0/qos/policies/bded5882-a722-4e09-ad97-d6d0b8b41002 HTTP/1.1" status: 204 len: 168 time: 0.0602100
2026-04-23 01:28:15.698 10 INFO neutron.services.segments.plugin [-] Segment 5b081daf-8e2b-4d09-8540-b123d175cf1c resource provider not found; error: Placement Client Error (4xx): {"errors": [{"status": 404, "title": "Not Found", "detail": "The resource could not be found.\n\n No resource provider with uuid 5b081daf-8e2b-4d09-8540-b123d175cf1c found for delete ", "request_id": "req-fefce114-afd3-4d29-af1f-481dc3f1b9da"}]}
2026-04-23 01:28:15.705 10 INFO neutron.services.segments.plugin [-] Segment 5b081daf-8e2b-4d09-8540-b123d175cf1c resource provider not found; error: Placement Client Error (4xx): {"errors": [{"status": 404, "title": "Not Found", "detail": "The resource could not be found.\n\n No resource provider with uuid 5b081daf-8e2b-4d09-8540-b123d175cf1c found for delete ", "request_id": "req-fd1ed14b-07e6-481c-8ed9-87c0603fa127"}]}
2026-04-23 01:28:15.725 10 INFO neutron.wsgi [None req-42404738-5d20-4f0e-97f8-1314d3bc4ae1 43749c78dc2a4882aa76b0aced5d1667 4601206fdc7141d2bd37bbf22e99239a - - default default] 10.0.0.104 "DELETE /v2.0/networks/56f9911e-642e-4baf-b7b3-fd182ea46ab8 HTTP/1.1" status: 204 len: 168 time: 0.3919253
2026-04-23 01:28:15.769 9 INFO neutron.db.ovn_revision_numbers_db [None req-fa5f866d-f27e-495e-a1c7-121af048d1f2 137935e3e57445ab82c2678cac75fd88 f46a8f968206433ba2efb50b217e19bf - - default default] Successfully bumped revision number for resource c99612ff-43d7-49d8-9dfa-dbc3ca0205df (type: security_groups) to 1
2026-04-23 01:28:15.781 10 INFO neutron.wsgi [None req-deb82059-fd96-4c82-a7d7-87b87e0a13aa 974a666e31eb4dd9869146a2010551ac 47a95dc5db9846b682cec0b8c0b6e91d - - default default] 10.0.0.104 "DELETE /v2.0/qos/policies/83885729-46e5-4f33-b465-7efbccff75c1 HTTP/1.1" status: 204 len: 168 time: 0.0819330
2026-04-23 01:28:15.783 9 INFO neutron.db.ovn_revision_numbers_db [None req-fa5f866d-f27e-495e-a1c7-121af048d1f2 137935e3e57445ab82c2678cac75fd88 f46a8f968206433ba2efb50b217e19bf - - default default] Successfully bumped revision number for resource 2d4b3915-f631-46bd-8424-5e9d3492b464 (type: security_group_rules) to 0
2026-04-23 01:28:15.797 9 INFO neutron.db.ovn_revision_numbers_db [None req-fa5f866d-f27e-495e-a1c7-121af048d1f2 137935e3e57445ab82c2678cac75fd88 f46a8f968206433ba2efb50b217e19bf - - default default] Successfully bumped revision number for resource efa51775-fbe4-41cb-980e-2c8ef68ec96c (type: security_group_rules) to 0
2026-04-23 01:28:15.816 9 INFO neutron.wsgi [None req-fa5f866d-f27e-495e-a1c7-121af048d1f2 137935e3e57445ab82c2678cac75fd88 f46a8f968206433ba2efb50b217e19bf - - default default] 10.0.0.104 "POST /v2.0/security-groups HTTP/1.1" status: 201 len: 1760 time: 0.3936515
2026-04-23 01:28:15.868 9 INFO neutron.wsgi [None req-bd255331-375f-4597-b12c-6f76cc6d04c4 137935e3e57445ab82c2678cac75fd88 f46a8f968206433ba2efb50b217e19bf - - default default] 10.0.0.104 "GET /v2.0/security-groups HTTP/1.1" status: 200 len: 4538 time: 0.0439293
2026-04-23 01:28:15.872 10 INFO neutron.wsgi [None req-27a87a37-0dc6-4395-89cb-404a05772bd1 974a666e31eb4dd9869146a2010551ac 47a95dc5db9846b682cec0b8c0b6e91d - - default default] 10.0.0.104 "DELETE /v2.0/qos/policies/f2393a78-d6b1-405a-958d-b71a5c2f46db HTTP/1.1" status: 204 len: 168 time: 0.0832396
2026-04-23 01:28:15.953 9 INFO neutron.db.ovn_revision_numbers_db [None req-ff12b5d7-c985-4a54-80c6-fff8e9d63e96 137935e3e57445ab82c2678cac75fd88 f46a8f968206433ba2efb50b217e19bf - - default default] Successfully bumped revision number for resource c99612ff-43d7-49d8-9dfa-dbc3ca0205df (type: security_groups) to 2
2026-04-23 01:28:15.956 9 INFO neutron.wsgi [None req-ff12b5d7-c985-4a54-80c6-fff8e9d63e96 137935e3e57445ab82c2678cac75fd88 f46a8f968206433ba2efb50b217e19bf - - default default] 10.0.0.104 "PUT /v2.0/security-groups/c99612ff-43d7-49d8-9dfa-dbc3ca0205df HTTP/1.1" status: 200 len: 1795 time: 0.0840309
2026-04-23 01:28:15.968 10 INFO neutron.wsgi [None req-cc1ed8cc-7f52-4d05-bd0a-73ba4c556516 974a666e31eb4dd9869146a2010551ac 47a95dc5db9846b682cec0b8c0b6e91d - - default default] 10.0.0.104 "DELETE /v2.0/qos/policies/e4d3efef-0e81-4be7-9187-313540a290ad HTTP/1.1" status: 204 len: 168 time: 0.0897827 /var/lib/openstack/lib/python3.10/site-packages/pycadf/identifier.py:71: UserWarning: Invalid uuid: neutron. To ensure interoperability, identifiers should be a valid uuid. warnings.warn(('Invalid uuid: %s. To ensure interoperability, '
2026-04-23 01:28:15.998 9 INFO neutron.wsgi [None req-05348265-d62f-4e70-b7a2-ab2366953beb 137935e3e57445ab82c2678cac75fd88 f46a8f968206433ba2efb50b217e19bf - - default default] 10.0.0.104 "GET /v2.0/security-groups/c99612ff-43d7-49d8-9dfa-dbc3ca0205df HTTP/1.1" status: 200 len: 1795 time: 0.0346138
2026-04-23 01:28:16.000 10 WARNING neutron.scheduler.dhcp_agent_scheduler [None req-f180dd05-dd6c-42f4-a30f-d5bde5731880 43749c78dc2a4882aa76b0aced5d1667 4601206fdc7141d2bd37bbf22e99239a - - default default] No more DHCP agents
2026-04-23 01:28:16.002 10 WARNING neutron.api.rpc.agentnotifiers.dhcp_rpc_agent_api [None req-f180dd05-dd6c-42f4-a30f-d5bde5731880 43749c78dc2a4882aa76b0aced5d1667 4601206fdc7141d2bd37bbf22e99239a - - default default] Unable to schedule network bb2a9c1f-5fea-45f2-b5de-b0fa95dfc85f: no agents available; will retry on subsequent port and subnet creation events.
2026-04-23 01:28:16.072 10 INFO neutron.wsgi [None req-927d18f0-e796-445b-94db-93a9f442324f 974a666e31eb4dd9869146a2010551ac 47a95dc5db9846b682cec0b8c0b6e91d - - default default] 10.0.0.104 "DELETE /v2.0/qos/policies/ad2160a1-4c68-4c5b-b66c-6f2322addb23 HTTP/1.1" status: 204 len: 168 time: 0.0976307
2026-04-23 01:28:16.088 10 INFO neutron.db.ovn_revision_numbers_db [None req-f180dd05-dd6c-42f4-a30f-d5bde5731880 43749c78dc2a4882aa76b0aced5d1667 4601206fdc7141d2bd37bbf22e99239a - - default default] Successfully bumped revision number for resource cf696d7b-382b-40e1-81e1-7a964e3c9418 (type: ports) to 1
2026-04-23 01:28:16.109 10 INFO neutron.wsgi [None req-f180dd05-dd6c-42f4-a30f-d5bde5731880 43749c78dc2a4882aa76b0aced5d1667 4601206fdc7141d2bd37bbf22e99239a - - default default] 10.0.0.104 "POST /v2.0/ports HTTP/1.1" status: 201 len: 977 time: 0.3761120 /var/lib/openstack/lib/python3.10/site-packages/pycadf/identifier.py:71: UserWarning: Invalid uuid: neutron. To ensure interoperability, identifiers should be a valid uuid. warnings.warn(('Invalid uuid: %s. To ensure interoperability, '
2026-04-23 01:28:16.137 9 INFO neutron.wsgi [None req-7fe9e3ec-fd4e-4d09-8c74-8f52b92eebfb 137935e3e57445ab82c2678cac75fd88 f46a8f968206433ba2efb50b217e19bf - - default default] 10.0.0.104 "DELETE /v2.0/security-groups/c99612ff-43d7-49d8-9dfa-dbc3ca0205df HTTP/1.1" status: 204 len: 168 time: 0.1319032
2026-04-23 01:28:16.183 9 INFO neutron.wsgi [None req-59b20b12-42c7-4adf-af58-852eafa453a1 137935e3e57445ab82c2678cac75fd88 f46a8f968206433ba2efb50b217e19bf - - default default] 10.0.0.104 "GET /v2.0/security-groups HTTP/1.1" status: 200 len: 2996 time: 0.0418131
2026-04-23 01:28:16.197 9 INFO neutron.api.v2.resource [None req-1f2dc5e5-0984-41ef-b686-7903d4448128 137935e3e57445ab82c2678cac75fd88 f46a8f968206433ba2efb50b217e19bf - - default default] delete failed (client error): The resource could not be found.
2026-04-23 01:28:16.200 9 INFO neutron.wsgi [None req-1f2dc5e5-0984-41ef-b686-7903d4448128 137935e3e57445ab82c2678cac75fd88 f46a8f968206433ba2efb50b217e19bf - - default default] 10.0.0.104 "DELETE /v2.0/security-groups/c99612ff-43d7-49d8-9dfa-dbc3ca0205df HTTP/1.1" status: 404 len: 347 time: 0.0127842
2026-04-23 01:28:16.326 9 INFO neutron.db.ovn_revision_numbers_db [None req-18f94257-0cc4-4fed-9c68-ca73debf469f 137935e3e57445ab82c2678cac75fd88 f46a8f968206433ba2efb50b217e19bf - - default default] Successfully bumped revision number for resource 2079fc70-deb5-4a41-a786-4b68ba62f327 (type: security_groups) to 1
2026-04-23 01:28:16.338 9 INFO neutron.db.ovn_revision_numbers_db [None req-18f94257-0cc4-4fed-9c68-ca73debf469f 137935e3e57445ab82c2678cac75fd88 f46a8f968206433ba2efb50b217e19bf - - default default] Successfully bumped revision number for resource 064cf08f-456e-4c87-9eb8-63de68b49faf (type: security_group_rules) to 0
2026-04-23 01:28:16.352 9 INFO neutron.db.ovn_revision_numbers_db [None req-18f94257-0cc4-4fed-9c68-ca73debf469f 137935e3e57445ab82c2678cac75fd88 f46a8f968206433ba2efb50b217e19bf - - default default] Successfully bumped revision number for resource 1e1cdfd1-c6ce-4ceb-aeb9-9c7f3632c8cf (type: security_group_rules) to 0
2026-04-23 01:28:16.360 9 INFO neutron.plugins.ml2.drivers.ovn.mech_driver.mech_driver [None req-18b6f71d-ec2c-4757-80ef-0f51bb9302b7 - - - - - -] OVN reports status down for port: cf696d7b-382b-40e1-81e1-7a964e3c9418
2026-04-23 01:28:16.385 10 INFO neutron.db.ovn_revision_numbers_db [None req-eca6404c-b406-41a2-a60e-002f40e56c83 43749c78dc2a4882aa76b0aced5d1667 4601206fdc7141d2bd37bbf22e99239a - - default default] Successfully bumped revision number for resource cf696d7b-382b-40e1-81e1-7a964e3c9418 (type: ports) to 2
2026-04-23 01:28:16.392 9 INFO neutron.wsgi [None req-18f94257-0cc4-4fed-9c68-ca73debf469f 137935e3e57445ab82c2678cac75fd88 f46a8f968206433ba2efb50b217e19bf - - default default] 10.0.0.104 "POST /v2.0/security-groups HTTP/1.1" status: 201 len: 1760 time: 0.1843331
2026-04-23 01:28:16.393 10 INFO neutron.wsgi [None req-eca6404c-b406-41a2-a60e-002f40e56c83 43749c78dc2a4882aa76b0aced5d1667 4601206fdc7141d2bd37bbf22e99239a - - default default] 10.0.0.104 "PUT /v2.0/ports/cf696d7b-382b-40e1-81e1-7a964e3c9418 HTTP/1.1" status: 200 len: 946 time: 0.2762616 /var/lib/openstack/lib/python3.10/site-packages/pycadf/identifier.py:71: UserWarning: Invalid uuid: neutron. To ensure interoperability, identifiers should be a valid uuid. warnings.warn(('Invalid uuid: %s. To ensure interoperability, '
2026-04-23 01:28:16.501 10 INFO neutron.db.ovn_revision_numbers_db [None req-c211098b-7e45-4fc1-9173-45beca50c1fa 137935e3e57445ab82c2678cac75fd88 f46a8f968206433ba2efb50b217e19bf - - default default] Successfully bumped revision number for resource e6ce3c6d-2e74-49f3-bd5d-d60e438527e6 (type: security_group_rules) to 0
2026-04-23 01:28:16.526 10 INFO neutron.wsgi [None req-c211098b-7e45-4fc1-9173-45beca50c1fa 137935e3e57445ab82c2678cac75fd88 f46a8f968206433ba2efb50b217e19bf - - default default] 10.0.0.104 "POST /v2.0/security-group-rules HTTP/1.1" status: 201 len: 768 time: 0.1290858
2026-04-23 01:28:16.545 10 INFO neutron.wsgi [None req-699a792c-1833-4dd0-a286-6d44a62ffe20 137935e3e57445ab82c2678cac75fd88 f46a8f968206433ba2efb50b217e19bf - - default default] 10.0.0.104 "GET /v2.0/security-group-rules/e6ce3c6d-2e74-49f3-bd5d-d60e438527e6 HTTP/1.1" status: 200 len: 763 time: 0.0136664
2026-04-23 01:28:16.583 10 INFO neutron.wsgi [None req-acb4af5a-f37d-4809-b773-8b3e5608ca70 137935e3e57445ab82c2678cac75fd88 f46a8f968206433ba2efb50b217e19bf - - default default] 10.0.0.104 "GET /v2.0/security-group-rules HTTP/1.1" status: 200 len: 4113 time: 0.0323699
2026-04-23 01:28:16.599 9 INFO neutron.wsgi [None req-bf875178-4908-4f44-8d3b-77a4b87190f8 43749c78dc2a4882aa76b0aced5d1667 4601206fdc7141d2bd37bbf22e99239a - - default default] 10.0.0.104 "DELETE /v2.0/ports/cf696d7b-382b-40e1-81e1-7a964e3c9418 HTTP/1.1" status: 204 len: 168 time: 0.2009356
2026-04-23 01:28:16.695 10 INFO neutron.wsgi [None req-16909b13-0b11-4984-b14f-b9d94ba2c8c9 43749c78dc2a4882aa76b0aced5d1667 4601206fdc7141d2bd37bbf22e99239a - - default default] 10.0.0.104 "GET /v2.0/ports HTTP/1.1" status: 200 len: 1732 time: 0.0898004
2026-04-23 01:28:16.722 10 INFO neutron.pecan_wsgi.hooks.translation [None req-0f775b44-105f-4124-a13a-84b3886273fb 43749c78dc2a4882aa76b0aced5d1667 4601206fdc7141d2bd37bbf22e99239a - - default default] GET failed (client error): The resource could not be found.
2026-04-23 01:28:16.724 10 INFO neutron.wsgi [None req-0f775b44-105f-4124-a13a-84b3886273fb 43749c78dc2a4882aa76b0aced5d1667 4601206fdc7141d2bd37bbf22e99239a - - default default] 10.0.0.104 "GET /v2.0/ports/cf696d7b-382b-40e1-81e1-7a964e3c9418 HTTP/1.1" status: 404 len: 333 time: 0.0220027
2026-04-23 01:28:16.771 10 INFO neutron.wsgi [None req-bc7a89c3-b064-43d3-9e62-b3f2f25615b4 43749c78dc2a4882aa76b0aced5d1667 4601206fdc7141d2bd37bbf22e99239a - - default default] 10.0.0.104 "GET /v2.0/ports HTTP/1.1" status: 200 len: 1732 time: 0.0419960
2026-04-23 01:28:16.806 10 INFO neutron.wsgi [None req-5cede25a-0f1b-4171-9bca-f59a5ab0ceeb 137935e3e57445ab82c2678cac75fd88 f46a8f968206433ba2efb50b217e19bf - - default default] 10.0.0.104 "DELETE /v2.0/security-group-rules/e6ce3c6d-2e74-49f3-bd5d-d60e438527e6 HTTP/1.1" status: 204 len: 168 time: 0.2192338
2026-04-23 01:28:16.820 10 INFO neutron.wsgi [None req-64d8889c-890c-4e2d-8a31-25ac20237f18 43749c78dc2a4882aa76b0aced5d1667 4601206fdc7141d2bd37bbf22e99239a - - default default] 10.0.0.104 "GET /v2.0/ports/e2d05bfa-5958-44a4-b0a2-f10cb3ac8d77 HTTP/1.1" status: 200 len: 972 time: 0.0391598
2026-04-23 01:28:16.840 10 INFO neutron.pecan_wsgi.hooks.translation [None req-8b7fa0f3-f5a0-49fd-b1cd-49bc872553ae 43749c78dc2a4882aa76b0aced5d1667 4601206fdc7141d2bd37bbf22e99239a - - default default] DELETE failed (client error): The resource could not be found.
2026-04-23 01:28:16.841 10 INFO neutron.wsgi [None req-8b7fa0f3-f5a0-49fd-b1cd-49bc872553ae 43749c78dc2a4882aa76b0aced5d1667 4601206fdc7141d2bd37bbf22e99239a - - default default] 10.0.0.104 "DELETE /v2.0/ports/9eae739f-7bc4-41cc-8f91-afed898142ab HTTP/1.1" status: 404 len: 333 time: 0.0157275
2026-04-23 01:28:16.854 9 INFO neutron.wsgi [None req-197f295f-adf2-4af1-8509-59f33220a373 137935e3e57445ab82c2678cac75fd88 f46a8f968206433ba2efb50b217e19bf - - default default] 10.0.0.104 "GET /v2.0/security-group-rules HTTP/1.1" status: 200 len: 3567 time: 0.0423622
2026-04-23 01:28:16.860 10 INFO neutron.pecan_wsgi.hooks.translation [None req-fe466ed8-9fbd-4ce9-b57c-9534e4ce695e 43749c78dc2a4882aa76b0aced5d1667 4601206fdc7141d2bd37bbf22e99239a - - default default] DELETE failed (client error): The resource could not be found.
2026-04-23 01:28:16.862 10 INFO neutron.wsgi [None req-fe466ed8-9fbd-4ce9-b57c-9534e4ce695e 43749c78dc2a4882aa76b0aced5d1667 4601206fdc7141d2bd37bbf22e99239a - - default default] 10.0.0.104 "DELETE /v2.0/subnets/728f849c-a3b8-4ef4-9e8f-bfe55d1ff2a1 HTTP/1.1" status: 404 len: 337 time: 0.0167153
2026-04-23 01:28:16.879 10 INFO neutron.pecan_wsgi.hooks.translation [None req-9cd00630-aa40-4463-9408-d1cdbeb4aea5 43749c78dc2a4882aa76b0aced5d1667 4601206fdc7141d2bd37bbf22e99239a - - default default] DELETE failed (client error): The resource could not be found.
2026-04-23 01:28:16.882 10 INFO neutron.wsgi [None req-9cd00630-aa40-4463-9408-d1cdbeb4aea5 43749c78dc2a4882aa76b0aced5d1667 4601206fdc7141d2bd37bbf22e99239a - - default default] 10.0.0.104 "DELETE /v2.0/subnets/cc614d31-3dc3-4aa1-9bf9-dc2623c96cd8 HTTP/1.1" status: 404 len: 337 time: 0.0153451
2026-04-23 01:28:16.960 9 INFO neutron.db.ovn_revision_numbers_db [None req-b5c86553-7e36-424d-bab4-429df4d7e716 137935e3e57445ab82c2678cac75fd88 f46a8f968206433ba2efb50b217e19bf - - default default] Successfully bumped revision number for resource 5c26a03e-e8c6-46da-958d-a44d7d266570 (type: security_group_rules) to 0
2026-04-23 01:28:16.984 9 INFO neutron.wsgi [None req-b5c86553-7e36-424d-bab4-429df4d7e716 137935e3e57445ab82c2678cac75fd88 f46a8f968206433ba2efb50b217e19bf - - default default] 10.0.0.104 "POST /v2.0/security-group-rules HTTP/1.1" status: 201 len: 768 time: 0.1256406
2026-04-23 01:28:17.005 9 INFO neutron.wsgi [None req-aa46b476-831e-4ed6-afa4-166ef384770f 137935e3e57445ab82c2678cac75fd88 f46a8f968206433ba2efb50b217e19bf - - default default] 10.0.0.104 "GET /v2.0/security-group-rules/5c26a03e-e8c6-46da-958d-a44d7d266570 HTTP/1.1" status: 200 len: 763 time: 0.0167432
2026-04-23 01:28:17.049 9 INFO neutron.wsgi [None req-f4ecd143-30c3-46fd-b2ff-a74334a38aa2 137935e3e57445ab82c2678cac75fd88 f46a8f968206433ba2efb50b217e19bf - - default default] 10.0.0.104 "GET /v2.0/security-group-rules HTTP/1.1" status: 200 len: 4113 time: 0.0396552
2026-04-23 01:28:17.102 10 INFO neutron.wsgi [None req-513255e2-1ce7-4136-ab51-3de41a8b16ba 43749c78dc2a4882aa76b0aced5d1667 4601206fdc7141d2bd37bbf22e99239a - - default default] 10.0.0.104 "DELETE /v2.0/ports/e2d05bfa-5958-44a4-b0a2-f10cb3ac8d77 HTTP/1.1" status: 204 len: 168 time: 0.2157469
2026-04-23 01:28:17.111 9 INFO neutron.db.ovn_revision_numbers_db [None req-ff6d89a8-cc17-48af-aff4-e5c9dd405cef cd81f69b4ce340d986ae745d7df160e7 e5935aaa7e3d4ea5822540b817340386 - - default default] Successfully bumped revision number for resource 91f79ef7-b1d8-482d-baca-fbfe0df14efa (type: security_groups) to 1
2026-04-23 01:28:17.125 9 INFO neutron.db.ovn_revision_numbers_db [None req-ff6d89a8-cc17-48af-aff4-e5c9dd405cef cd81f69b4ce340d986ae745d7df160e7 e5935aaa7e3d4ea5822540b817340386 - - default default] Successfully bumped revision number for resource 3182957c-3de7-4252-b3b0-593adddf92b5 (type: security_group_rules) to 0
2026-04-23 01:28:17.139 9 INFO neutron.db.ovn_revision_numbers_db [None req-ff6d89a8-cc17-48af-aff4-e5c9dd405cef cd81f69b4ce340d986ae745d7df160e7 e5935aaa7e3d4ea5822540b817340386 - - default default] Successfully bumped revision number for resource 39d86503-709d-49cd-949c-8f1a436a474c (type: security_group_rules) to 0
2026-04-23 01:28:17.153 9 INFO neutron.db.ovn_revision_numbers_db [None req-ff6d89a8-cc17-48af-aff4-e5c9dd405cef cd81f69b4ce340d986ae745d7df160e7 e5935aaa7e3d4ea5822540b817340386 - - default default] Successfully bumped revision number for resource 4fa13b26-495f-4500-837a-efcf8735e785 (type: security_group_rules) to 0
2026-04-23 01:28:17.165 9 INFO neutron.db.ovn_revision_numbers_db [None req-ff6d89a8-cc17-48af-aff4-e5c9dd405cef cd81f69b4ce340d986ae745d7df160e7 e5935aaa7e3d4ea5822540b817340386 - - default default] Successfully bumped revision number for resource d4fcdcbc-83c2-41c4-9f51-25d029793f13 (type: security_group_rules) to 0
2026-04-23 01:28:17.188 9 INFO neutron.wsgi [None req-ff6d89a8-cc17-48af-aff4-e5c9dd405cef cd81f69b4ce340d986ae745d7df160e7 e5935aaa7e3d4ea5822540b817340386 - - default default] 10.0.0.104 "GET /v2.0/security-groups?tenant_id=566e57f33f6a4e009c552655a206da3c&name=default HTTP/1.1" status: 200 len: 2996 time: 0.3187499
2026-04-23 01:28:17.194 10 INFO neutron.wsgi [None req-eda6e31c-9771-4962-9a14-74a238447812 137935e3e57445ab82c2678cac75fd88 f46a8f968206433ba2efb50b217e19bf - - default default] 10.0.0.104 "DELETE /v2.0/security-group-rules/5c26a03e-e8c6-46da-958d-a44d7d266570 HTTP/1.1" status: 204 len: 168 time: 0.1403677
2026-04-23 01:28:17.244 10 INFO neutron.wsgi [None req-52d90844-b51c-43ac-8b7b-e30019f5aecf 137935e3e57445ab82c2678cac75fd88 f46a8f968206433ba2efb50b217e19bf - - default default] 10.0.0.104 "GET /v2.0/security-group-rules HTTP/1.1" status: 200 len: 3567 time: 0.0464766
2026-04-23 01:28:17.381 9 INFO neutron.db.ovn_revision_numbers_db [None req-e0e67e13-94dc-42a0-bf0b-782667bb1d68 137935e3e57445ab82c2678cac75fd88 f46a8f968206433ba2efb50b217e19bf - - default default] Successfully bumped revision number for resource 906117df-769e-4be2-8091-f6c2e3acb697 (type: security_group_rules) to 0
2026-04-23 01:28:17.409 9 INFO neutron.wsgi [None req-5288681b-9cbf-4add-bbe9-3543011023ad cd81f69b4ce340d986ae745d7df160e7 e5935aaa7e3d4ea5822540b817340386 - - default default] 10.0.0.104 "DELETE /v2.0/security-groups/91f79ef7-b1d8-482d-baca-fbfe0df14efa HTTP/1.1" status: 204 len: 168 time: 0.2164671
2026-04-23 01:28:17.413 9 INFO neutron.wsgi [None req-e0e67e13-94dc-42a0-bf0b-782667bb1d68 137935e3e57445ab82c2678cac75fd88 f46a8f968206433ba2efb50b217e19bf - - default default] 10.0.0.104 "POST /v2.0/security-group-rules HTTP/1.1" status: 201 len: 769 time: 0.1631227
2026-04-23 01:28:17.431 9 INFO neutron.wsgi [None req-916d26f2-8cc9-454d-8e69-eb0ef1f1f9ab 137935e3e57445ab82c2678cac75fd88 f46a8f968206433ba2efb50b217e19bf - - default default] 10.0.0.104 "GET /v2.0/security-group-rules/906117df-769e-4be2-8091-f6c2e3acb697 HTTP/1.1" status: 200 len: 764 time: 0.0133586
2026-04-23 01:28:17.472 9 INFO neutron.wsgi [None req-34a17d8f-b789-4134-98ca-9dd429cc209f 137935e3e57445ab82c2678cac75fd88 f46a8f968206433ba2efb50b217e19bf - - default default] 10.0.0.104 "GET /v2.0/security-group-rules HTTP/1.1" status: 200 len: 4114 time: 0.0357158
2026-04-23 01:28:17.474 10 INFO neutron.wsgi [None req-4760dc68-2472-4be8-9eeb-d394a7bab20b 43749c78dc2a4882aa76b0aced5d1667 4601206fdc7141d2bd37bbf22e99239a - - default default] 10.0.0.104 "DELETE /v2.0/networks/bb2a9c1f-5fea-45f2-b5de-b0fa95dfc85f HTTP/1.1" status: 204 len: 168 time: 0.3665903
2026-04-23 01:28:17.581 9 INFO neutron.wsgi [None req-86057b3a-7964-4edd-981c-f4eb45cff373 137935e3e57445ab82c2678cac75fd88 f46a8f968206433ba2efb50b217e19bf - - default default] 10.0.0.104 "DELETE /v2.0/security-group-rules/906117df-769e-4be2-8091-f6c2e3acb697 HTTP/1.1" status: 204 len: 168 time: 0.1049449
2026-04-23 01:28:17.605 10 INFO neutron.db.ovn_revision_numbers_db [None req-619f7df4-b09d-4b4a-a88d-89564977c0a9 cd81f69b4ce340d986ae745d7df160e7 e5935aaa7e3d4ea5822540b817340386 - - default default] Successfully bumped revision number for resource 8597c70f-07a5-4d83-9c0f-af61267600a1 (type: security_groups) to 1
2026-04-23 01:28:17.622 9 INFO neutron.wsgi [None req-9a11bbef-6dbf-487b-b71c-a99b2e7de150 137935e3e57445ab82c2678cac75fd88 f46a8f968206433ba2efb50b217e19bf - - default default] 10.0.0.104 "GET /v2.0/security-group-rules HTTP/1.1" status: 200 len: 3567 time: 0.0354590
2026-04-23 01:28:17.622 10 INFO neutron.db.ovn_revision_numbers_db [None req-619f7df4-b09d-4b4a-a88d-89564977c0a9 cd81f69b4ce340d986ae745d7df160e7 e5935aaa7e3d4ea5822540b817340386 - - default default] Successfully bumped revision number for resource 467e0388-ead5-4b6c-953d-28d7f06aa058 (type: security_group_rules) to 0
2026-04-23 01:28:17.638 10 INFO neutron.db.ovn_revision_numbers_db [None req-619f7df4-b09d-4b4a-a88d-89564977c0a9 cd81f69b4ce340d986ae745d7df160e7 e5935aaa7e3d4ea5822540b817340386 - - default default] Successfully bumped revision number for resource a72542f4-3dc9-4096-8766-9740578e69b0 (type: security_group_rules) to 0
2026-04-23 01:28:17.653 10 INFO neutron.db.ovn_revision_numbers_db [None req-619f7df4-b09d-4b4a-a88d-89564977c0a9 cd81f69b4ce340d986ae745d7df160e7 e5935aaa7e3d4ea5822540b817340386 - - default default] Successfully bumped revision number for resource c5376c6c-3172-4a80-97b9-fd8504bf1695 (type: security_group_rules) to 0
2026-04-23 01:28:17.667 10 INFO neutron.db.ovn_revision_numbers_db [None req-619f7df4-b09d-4b4a-a88d-89564977c0a9 cd81f69b4ce340d986ae745d7df160e7 e5935aaa7e3d4ea5822540b817340386 - - default default] Successfully bumped revision number for resource e859554a-da57-411b-8829-30ec82fff0b7 (type: security_group_rules) to 0
2026-04-23 01:28:17.692 10 INFO neutron.wsgi [None req-619f7df4-b09d-4b4a-a88d-89564977c0a9 cd81f69b4ce340d986ae745d7df160e7 e5935aaa7e3d4ea5822540b817340386 - - default default] 10.0.0.104 "GET /v2.0/security-groups?tenant_id=34507981eb034cb58cefd989dde6d7e0&name=default HTTP/1.1" status: 200 len: 2996 time: 0.1915965
2026-04-23 01:28:17.735 10 INFO neutron.services.segments.plugin [-] Segment 5ecb02f4-6b57-42ce-ad2d-75958ae2457b resource provider aggregate not found
2026-04-23 01:28:17.740 9 INFO neutron.wsgi [None req-3ac9eb47-2c44-485a-a3f1-e029655025d1 137935e3e57445ab82c2678cac75fd88 f46a8f968206433ba2efb50b217e19bf - - default default] 10.0.0.104 "DELETE /v2.0/security-groups/2079fc70-deb5-4a41-a786-4b68ba62f327 HTTP/1.1" status: 204 len: 168 time: 0.1121156
2026-04-23 01:28:17.756 10 INFO neutron.services.segments.plugin [-] Segment 5ecb02f4-6b57-42ce-ad2d-75958ae2457b resource provider not found; error: Placement Client Error (4xx): {"errors": [{"status": 404, "title": "Not Found", "detail": "The resource could not be found.\n\n No resource provider with uuid 5ecb02f4-6b57-42ce-ad2d-75958ae2457b found for delete ", "request_id": "req-8c52deb6-15b5-4ae0-8e71-6b97a753cb02"}]}
2026-04-23 01:28:17.756 10 INFO neutron.services.segments.plugin [-] Segment 5ecb02f4-6b57-42ce-ad2d-75958ae2457b resource provider aggregate not found
2026-04-23 01:28:17.882 10 INFO neutron.services.segments.plugin [-] Segment 5ecb02f4-6b57-42ce-ad2d-75958ae2457b resource provider not found; error: Placement Client Error (4xx): {"errors": [{"status": 404, "title": "Not Found", "detail": "The resource could not be found.\n\n No resource provider with uuid 5ecb02f4-6b57-42ce-ad2d-75958ae2457b found for delete ", "request_id": "req-3c9bec48-92b1-46ae-b2ef-8833d43e32a0"}]}
2026-04-23 01:28:17.884 9 INFO neutron.wsgi [None req-51c24d92-f539-461c-a08d-13c70d31c8cb 137935e3e57445ab82c2678cac75fd88 f46a8f968206433ba2efb50b217e19bf - - default default] 10.0.0.104 "GET /v2.0/security-groups HTTP/1.1" status: 200 len: 2996 time: 0.1398571
2026-04-23 01:28:17.924 9 INFO neutron.wsgi [None req-540a24f4-dd53-4ed1-a9b9-982cc7e98de8 137935e3e57445ab82c2678cac75fd88 f46a8f968206433ba2efb50b217e19bf - - default default] 10.0.0.104 "GET /v2.0/security-groups HTTP/1.1" status: 200 len: 2996 time: 0.0350325
2026-04-23 01:28:18.050 10 INFO neutron.wsgi [None req-66c9cd0f-6545-4524-9a23-ddfcf5fc1414 cd81f69b4ce340d986ae745d7df160e7 e5935aaa7e3d4ea5822540b817340386 - - default default] 10.0.0.104 "DELETE /v2.0/security-groups/8597c70f-07a5-4d83-9c0f-af61267600a1 HTTP/1.1" status: 204 len: 168 time: 0.3521740
2026-04-23 01:28:18.253 9 INFO neutron.wsgi [None req-37bd1538-fa21-4aae-adea-bf17f154982e cd81f69b4ce340d986ae745d7df160e7 e5935aaa7e3d4ea5822540b817340386 - - default default] 10.0.0.104 "GET /v2.0/security-groups?tenant_id=4601206fdc7141d2bd37bbf22e99239a&name=default HTTP/1.1" status: 200 len: 2996 time: 0.2425978
2026-04-23 01:28:18.330 9 INFO neutron.db.ovn_revision_numbers_db [None req-a76e96f5-29bd-46a8-9669-42edb98a56ed cd81f69b4ce340d986ae745d7df160e7 e5935aaa7e3d4ea5822540b817340386 - - default default] Successfully bumped revision number for resource a57b02ab-27c1-45fa-bb72-ccfc340d7202 (type: security_groups) to 1
2026-04-23 01:28:18.344 9 INFO neutron.db.ovn_revision_numbers_db [None req-a76e96f5-29bd-46a8-9669-42edb98a56ed cd81f69b4ce340d986ae745d7df160e7 e5935aaa7e3d4ea5822540b817340386 - - default default] Successfully bumped revision number for resource 655ee5d6-a7df-4f60-b99e-de8fc5784e7a (type: security_group_rules) to 0
2026-04-23 01:28:18.364 9 INFO neutron.db.ovn_revision_numbers_db [None req-a76e96f5-29bd-46a8-9669-42edb98a56ed cd81f69b4ce340d986ae745d7df160e7 e5935aaa7e3d4ea5822540b817340386 - - default default] Successfully bumped revision number for resource 89f01768-6c16-49d8-80db-150d2db9eca7 (type: security_group_rules) to 0
2026-04-23 01:28:18.381 9 INFO neutron.db.ovn_revision_numbers_db [None req-a76e96f5-29bd-46a8-9669-42edb98a56ed cd81f69b4ce340d986ae745d7df160e7 e5935aaa7e3d4ea5822540b817340386 - - default default] Successfully bumped revision number for resource d058d022-f27b-49c8-9708-10d96eaf66cb (type: security_group_rules) to 0
2026-04-23 01:28:18.397 9 INFO neutron.db.ovn_revision_numbers_db [None req-a76e96f5-29bd-46a8-9669-42edb98a56ed cd81f69b4ce340d986ae745d7df160e7 e5935aaa7e3d4ea5822540b817340386 - - default default] Successfully bumped revision number for resource e173155f-a2a6-4d12-8218-b21972a02ae7 (type: security_group_rules) to 0
2026-04-23 01:28:18.423 9 INFO neutron.wsgi [None req-a76e96f5-29bd-46a8-9669-42edb98a56ed cd81f69b4ce340d986ae745d7df160e7 e5935aaa7e3d4ea5822540b817340386 - - default default] 10.0.0.104 "GET /v2.0/security-groups?tenant_id=47a95dc5db9846b682cec0b8c0b6e91d&name=default HTTP/1.1" status: 200 len: 2996 time: 0.2295239
2026-04-23 01:28:18.498 10 INFO neutron.wsgi [None req-8017c804-f04d-44b2-8856-5ce2d987f877 cd81f69b4ce340d986ae745d7df160e7 e5935aaa7e3d4ea5822540b817340386 - - default default] 10.0.0.104 "DELETE /v2.0/security-groups/ced9e766-6586-442e-8d7f-e3c78727916e HTTP/1.1" status: 204 len: 168 time: 0.2362697
2026-04-23 01:28:18.574 10 INFO neutron.wsgi [None req-04401319-82c8-48cd-ac40-ef7c6c342c22 cd81f69b4ce340d986ae745d7df160e7 e5935aaa7e3d4ea5822540b817340386 - - default default] 10.0.0.104 "GET /v2.0/security-groups?tenant_id=f46a8f968206433ba2efb50b217e19bf&name=default HTTP/1.1" status: 200 len: 2996 time: 0.1421936
2026-04-23 01:28:18.652 10 INFO neutron.wsgi [None req-07196d35-d76f-4fd4-8040-03ff42a2d40b cd81f69b4ce340d986ae745d7df160e7 e5935aaa7e3d4ea5822540b817340386 - - default default] 10.0.0.104 "DELETE /v2.0/security-groups/a57b02ab-27c1-45fa-bb72-ccfc340d7202 HTTP/1.1" status: 204 len: 168 time: 0.2220035
2026-04-23 01:28:18.749 9 INFO neutron.wsgi [None req-179d4088-1960-4f25-b804-c5fa3756a5f1 cd81f69b4ce340d986ae745d7df160e7 e5935aaa7e3d4ea5822540b817340386 - - default default] 10.0.0.104 "DELETE /v2.0/security-groups/51c872d0-0d34-4a6c-a256-32b8834e379c HTTP/1.1" status: 204 len: 168 time: 0.1703939
2026-04-23 01:28:20.474 10 INFO neutron.db.ovn_revision_numbers_db [None req-638ea5cf-2f86-4138-bfb2-3dbeceebdf55 6f3d1abc4da24bfd8ddf74d58b3baf83 6cde4f68d7704f96aff22add0211ae4f - - default default] Successfully bumped revision number for resource e13f7802-98ca-4f85-948f-09cf24a4fc0b (type: security_groups) to 1
2026-04-23 01:28:20.488 10 INFO neutron.db.ovn_revision_numbers_db [None req-638ea5cf-2f86-4138-bfb2-3dbeceebdf55 6f3d1abc4da24bfd8ddf74d58b3baf83 6cde4f68d7704f96aff22add0211ae4f - - default default] Successfully bumped revision number for resource 532157c0-a1c1-4771-958d-72ec70eef045 (type: security_group_rules) to 0
2026-04-23 01:28:20.503 10 INFO neutron.db.ovn_revision_numbers_db [None req-638ea5cf-2f86-4138-bfb2-3dbeceebdf55 6f3d1abc4da24bfd8ddf74d58b3baf83 6cde4f68d7704f96aff22add0211ae4f - - default default] Successfully bumped revision number for resource 9b8ad745-c3ae-4b50-87da-97588e7229bb (type: security_group_rules) to 0
2026-04-23 01:28:20.517 10 INFO neutron.db.ovn_revision_numbers_db [None req-638ea5cf-2f86-4138-bfb2-3dbeceebdf55 6f3d1abc4da24bfd8ddf74d58b3baf83 6cde4f68d7704f96aff22add0211ae4f - - default default] Successfully bumped revision number for resource ae28a286-31f9-4d77-a828-c10367da0276 (type: security_group_rules) to 0
2026-04-23 01:28:20.535 10 INFO neutron.db.ovn_revision_numbers_db [None req-638ea5cf-2f86-4138-bfb2-3dbeceebdf55 6f3d1abc4da24bfd8ddf74d58b3baf83 6cde4f68d7704f96aff22add0211ae4f - - default default] Successfully bumped revision number for resource e5ac4269-7f8a-45d6-ac26-ec068b5f10d7 (type: security_group_rules) to 0
2026-04-23 01:28:20.594 10 INFO neutron.db.segments_db [None req-638ea5cf-2f86-4138-bfb2-3dbeceebdf55 6f3d1abc4da24bfd8ddf74d58b3baf83 6cde4f68d7704f96aff22add0211ae4f - - default default] Added segment 6823721b-752b-4f4e-a444-d6d3465910ba of type geneve for network 238b59da-439c-4be8-b0e6-91f4f2d17687
2026-04-23 01:28:20.640 10 INFO neutron.wsgi [None req-f0d41083-e61e-48c1-97c5-15a8fa374c9e 32ca4f06abf54b088c35f82a0d82a568 cd1dcb6875fc41f7ab2c4de6d6b07cb8 - - default default] 10.0.0.104 "POST /v2.0/subnetpools HTTP/1.1" status: 201 len: 747 time: 0.1151533
2026-04-23 01:28:20.675 9 INFO neutron.wsgi [None req-f4eb4dab-8d24-46d0-b30f-0eef72a3b31d 32ca4f06abf54b088c35f82a0d82a568 cd1dcb6875fc41f7ab2c4de6d6b07cb8 - - default default] 10.0.0.104 "GET /v2.0/subnetpools/95a3f9c1-1826-4798-9c10-e90254fec319 HTTP/1.1" status: 200 len: 742 time: 0.0283933
2026-04-23 01:28:20.736 10 INFO neutron.db.ovn_revision_numbers_db [None req-638ea5cf-2f86-4138-bfb2-3dbeceebdf55 6f3d1abc4da24bfd8ddf74d58b3baf83 6cde4f68d7704f96aff22add0211ae4f - - default default] Successfully bumped revision number for resource 238b59da-439c-4be8-b0e6-91f4f2d17687 (type: networks) to 1
2026-04-23 01:28:20.749 9 INFO neutron.wsgi [None req-2a1e8417-2941-4b4d-afc3-c4a94d560eb8 32ca4f06abf54b088c35f82a0d82a568 cd1dcb6875fc41f7ab2c4de6d6b07cb8 - - default default] 10.0.0.104 "PUT /v2.0/subnetpools/95a3f9c1-1826-4798-9c10-e90254fec319 HTTP/1.1" status: 200 len: 694 time: 0.0664053
2026-04-23 01:28:20.774 9 INFO neutron.wsgi [-] 10.0.0.121 "GET / HTTP/1.1" status: 200 len: 247 time: 0.0018163
2026-04-23 01:28:20.776 9 INFO neutron.wsgi [-] 10.0.0.121 "GET / HTTP/1.1" status: 200 len: 247 time: 0.0017705
2026-04-23 01:28:20.817 9 INFO neutron.wsgi [None req-b7b732b8-1dc3-4126-b97e-331c2c341993 32ca4f06abf54b088c35f82a0d82a568 cd1dcb6875fc41f7ab2c4de6d6b07cb8 - - default default] 10.0.0.104 "DELETE /v2.0/subnetpools/95a3f9c1-1826-4798-9c10-e90254fec319 HTTP/1.1" status: 204 len: 168 time: 0.0618653
2026-04-23 01:28:20.837 10 INFO neutron.api.v2.resource [None req-6ac2a107-c3b1-4111-8533-8742fafe34f8 32ca4f06abf54b088c35f82a0d82a568 cd1dcb6875fc41f7ab2c4de6d6b07cb8 - - default default] show failed (client error): The resource could not be found.
2026-04-23 01:28:20.839 10 INFO neutron.wsgi [None req-6ac2a107-c3b1-4111-8533-8742fafe34f8 32ca4f06abf54b088c35f82a0d82a568 cd1dcb6875fc41f7ab2c4de6d6b07cb8 - - default default] 10.0.0.104 "GET /v2.0/subnetpools/95a3f9c1-1826-4798-9c10-e90254fec319 HTTP/1.1" status: 404 len: 346 time: 0.0168357
2026-04-23 01:28:20.868 9 INFO neutron.api.v2.resource [None req-3093289d-26e4-48fa-9a88-1c42213980df 32ca4f06abf54b088c35f82a0d82a568 cd1dcb6875fc41f7ab2c4de6d6b07cb8 - - default default] delete failed (client error): The resource could not be found.
2026-04-23 01:28:20.870 9 INFO neutron.wsgi [None req-3093289d-26e4-48fa-9a88-1c42213980df 32ca4f06abf54b088c35f82a0d82a568 cd1dcb6875fc41f7ab2c4de6d6b07cb8 - - default default] 10.0.0.104 "DELETE /v2.0/subnetpools/95a3f9c1-1826-4798-9c10-e90254fec319 HTTP/1.1" status: 404 len: 346 time: 0.0255263
2026-04-23 01:28:20.969 10 WARNING neutron.scheduler.dhcp_agent_scheduler [None req-638ea5cf-2f86-4138-bfb2-3dbeceebdf55 6f3d1abc4da24bfd8ddf74d58b3baf83 6cde4f68d7704f96aff22add0211ae4f - - default default] No more DHCP agents
2026-04-23 01:28:20.971 10 WARNING neutron.api.rpc.agentnotifiers.dhcp_rpc_agent_api [None req-638ea5cf-2f86-4138-bfb2-3dbeceebdf55 6f3d1abc4da24bfd8ddf74d58b3baf83 6cde4f68d7704f96aff22add0211ae4f - - default default] Unable to schedule network 238b59da-439c-4be8-b0e6-91f4f2d17687: no agents available; will retry on subsequent port and subnet creation events.
2026-04-23 01:28:21.084 10 INFO neutron.db.ovn_revision_numbers_db [None req-638ea5cf-2f86-4138-bfb2-3dbeceebdf55 6f3d1abc4da24bfd8ddf74d58b3baf83 6cde4f68d7704f96aff22add0211ae4f - - default default] Successfully bumped revision number for resource 0759d312-8fb8-4d0a-b44e-d1e9a650ac34 (type: ports) to 1
2026-04-23 01:28:21.107 10 INFO neutron.wsgi [None req-638ea5cf-2f86-4138-bfb2-3dbeceebdf55 6f3d1abc4da24bfd8ddf74d58b3baf83 6cde4f68d7704f96aff22add0211ae4f - - default default] 10.0.0.104 "POST /v2.0/networks HTTP/1.1" status: 201 len: 829 time: 0.9144278
2026-04-23 01:28:21.474 10 INFO neutron.db.segments_db [None req-2206360a-d58d-438c-a0ee-7cc72f31f102 6f3d1abc4da24bfd8ddf74d58b3baf83 6cde4f68d7704f96aff22add0211ae4f - - default default] Added segment 064d3627-8cc5-4caa-990d-54e42c8c1760 of type geneve for network e9c32bce-37c2-4ca8-b40f-694867d240be
2026-04-23 01:28:21.612 10 INFO neutron.db.ovn_revision_numbers_db [None req-2206360a-d58d-438c-a0ee-7cc72f31f102 6f3d1abc4da24bfd8ddf74d58b3baf83 6cde4f68d7704f96aff22add0211ae4f - - default default] Successfully bumped revision number for resource e9c32bce-37c2-4ca8-b40f-694867d240be (type: networks) to 1
2026-04-23 01:28:21.711 9 INFO neutron.db.ovn_revision_numbers_db [None req-b59e5960-2414-4acd-87a6-7ea6056472f3 cd81f69b4ce340d986ae745d7df160e7 e5935aaa7e3d4ea5822540b817340386 - - default default] Successfully bumped revision number for resource 75f9f35b-2052-40c4-bda2-26b4ca9ada71 (type: security_groups) to 1
2026-04-23 01:28:21.727 9 INFO neutron.db.ovn_revision_numbers_db [None req-b59e5960-2414-4acd-87a6-7ea6056472f3 cd81f69b4ce340d986ae745d7df160e7 e5935aaa7e3d4ea5822540b817340386 - - default default] Successfully bumped revision number for resource 3ea27878-7c88-410d-8dd6-924cd2204287 (type: security_group_rules) to 0
2026-04-23 01:28:21.753 9 INFO neutron.db.ovn_revision_numbers_db [None req-b59e5960-2414-4acd-87a6-7ea6056472f3 cd81f69b4ce340d986ae745d7df160e7 e5935aaa7e3d4ea5822540b817340386 - - default default] Successfully bumped revision number for resource 5c7ca869-0e87-4d9f-8614-29aafadf2f2e (type: security_group_rules) to 0
2026-04-23 01:28:21.777 9 INFO neutron.db.ovn_revision_numbers_db [None req-b59e5960-2414-4acd-87a6-7ea6056472f3 cd81f69b4ce340d986ae745d7df160e7 e5935aaa7e3d4ea5822540b817340386 - - default default] Successfully bumped revision number for resource 707fb00b-aeb0-4ca0-ab7c-21683a9e5089 (type: security_group_rules) to 0
2026-04-23 01:28:21.787 10 WARNING neutron.scheduler.dhcp_agent_scheduler [None req-2206360a-d58d-438c-a0ee-7cc72f31f102 6f3d1abc4da24bfd8ddf74d58b3baf83 6cde4f68d7704f96aff22add0211ae4f - - default default] No more DHCP agents
2026-04-23 01:28:21.789 10 WARNING neutron.api.rpc.agentnotifiers.dhcp_rpc_agent_api [None req-2206360a-d58d-438c-a0ee-7cc72f31f102 6f3d1abc4da24bfd8ddf74d58b3baf83 6cde4f68d7704f96aff22add0211ae4f - - default default] Unable to schedule network e9c32bce-37c2-4ca8-b40f-694867d240be: no agents available; will retry on subsequent port and subnet creation events.
2026-04-23 01:28:21.791 9 INFO neutron.db.ovn_revision_numbers_db [None req-b59e5960-2414-4acd-87a6-7ea6056472f3 cd81f69b4ce340d986ae745d7df160e7 e5935aaa7e3d4ea5822540b817340386 - - default default] Successfully bumped revision number for resource 994ffabf-ab51-4c46-8305-c6259c137161 (type: security_group_rules) to 0
2026-04-23 01:28:21.814 9 INFO neutron.wsgi [None req-b59e5960-2414-4acd-87a6-7ea6056472f3 cd81f69b4ce340d986ae745d7df160e7 e5935aaa7e3d4ea5822540b817340386 - - default default] 10.0.0.104 "GET /v2.0/security-groups?tenant_id=cd1dcb6875fc41f7ab2c4de6d6b07cb8&name=default HTTP/1.1" status: 200 len: 2996 time: 0.4345067
2026-04-23 01:28:21.865 10 INFO neutron.db.ovn_revision_numbers_db [None req-2206360a-d58d-438c-a0ee-7cc72f31f102 6f3d1abc4da24bfd8ddf74d58b3baf83 6cde4f68d7704f96aff22add0211ae4f - - default default] Successfully bumped revision number for resource bd1cdb02-ecef-4400-a943-d88d5c43e78d (type: ports) to 1
2026-04-23 01:28:21.911 10 INFO neutron.wsgi [None req-2206360a-d58d-438c-a0ee-7cc72f31f102 6f3d1abc4da24bfd8ddf74d58b3baf83 6cde4f68d7704f96aff22add0211ae4f - - default default] 10.0.0.104 "POST /v2.0/networks HTTP/1.1" status: 201 len: 829 time: 0.7992475
2026-04-23 01:28:22.085 9 INFO neutron.wsgi [None req-4d05d7d0-1447-4cb9-a4fb-5236597e206f cd81f69b4ce340d986ae745d7df160e7 e5935aaa7e3d4ea5822540b817340386 - - default default] 10.0.0.104 "DELETE /v2.0/security-groups/75f9f35b-2052-40c4-bda2-26b4ca9ada71 HTTP/1.1" status: 204 len: 168 time: 0.2610130
2026-04-23 01:28:22.162 9 WARNING neutron.scheduler.dhcp_agent_scheduler [None req-1df293e3-87e7-4bbe-8416-f5e33ce237fd 6f3d1abc4da24bfd8ddf74d58b3baf83 6cde4f68d7704f96aff22add0211ae4f - - default default] No more DHCP agents
2026-04-23 01:28:22.165 9 WARNING neutron.api.rpc.agentnotifiers.dhcp_rpc_agent_api [None req-1df293e3-87e7-4bbe-8416-f5e33ce237fd 6f3d1abc4da24bfd8ddf74d58b3baf83 6cde4f68d7704f96aff22add0211ae4f - - default default] Unable to schedule network 238b59da-439c-4be8-b0e6-91f4f2d17687: no agents available; will retry on subsequent port and subnet creation events.
2026-04-23 01:28:22.606 9 INFO neutron.db.ovn_revision_numbers_db [None req-1df293e3-87e7-4bbe-8416-f5e33ce237fd 6f3d1abc4da24bfd8ddf74d58b3baf83 6cde4f68d7704f96aff22add0211ae4f - - default default] Successfully bumped revision number for resource 0759d312-8fb8-4d0a-b44e-d1e9a650ac34 (type: ports) to 2
2026-04-23 01:28:22.643 9 INFO neutron.db.ovn_revision_numbers_db [None req-1df293e3-87e7-4bbe-8416-f5e33ce237fd 6f3d1abc4da24bfd8ddf74d58b3baf83 6cde4f68d7704f96aff22add0211ae4f - - default default] Successfully bumped revision number for resource 75b2aed2-a32e-433e-b4a9-bd502978d22e (type: subnets) to 0
2026-04-23 01:28:22.659 9 INFO neutron.wsgi [None req-1df293e3-87e7-4bbe-8416-f5e33ce237fd 6f3d1abc4da24bfd8ddf74d58b3baf83 6cde4f68d7704f96aff22add0211ae4f - - default default] 10.0.0.104 "POST /v2.0/subnets HTTP/1.1" status: 201 len: 801 time: 0.7377884
2026-04-23 01:28:22.902 9 WARNING neutron.scheduler.dhcp_agent_scheduler [None req-e64001ec-ae3d-440c-b283-787083bd95b0 6f3d1abc4da24bfd8ddf74d58b3baf83 6cde4f68d7704f96aff22add0211ae4f - - default default] No more DHCP agents
2026-04-23 01:28:22.904 9 WARNING neutron.api.rpc.agentnotifiers.dhcp_rpc_agent_api [None req-e64001ec-ae3d-440c-b283-787083bd95b0 6f3d1abc4da24bfd8ddf74d58b3baf83 6cde4f68d7704f96aff22add0211ae4f - - default default] Unable to schedule network e9c32bce-37c2-4ca8-b40f-694867d240be: no agents available; will retry on subsequent port and subnet creation events.
2026-04-23 01:28:23.198 10 INFO neutron.wsgi [None req-8b7d46c1-465c-4a1f-b05a-15db7385ea55 e6fd1e77ee4f48798b638961b324d558 0118239820c84b1bb97f8968d09f46c2 - - default default] 10.0.0.104 "POST /v2.0/subnetpools HTTP/1.1" status: 201 len: 715 time: 0.3159618
2026-04-23 01:28:23.263 10 INFO neutron.wsgi [None req-905dab7d-17a2-4365-8ade-fb1f1ec5e8c0 e6fd1e77ee4f48798b638961b324d558 0118239820c84b1bb97f8968d09f46c2 - - default default] 10.0.0.104 "POST /v2.0/subnetpools HTTP/1.1" status: 201 len: 715 time: 0.0547333
2026-04-23 01:28:23.319 10 INFO neutron.wsgi [None req-23441768-4b61-4b29-984a-5f78ad583521 e6fd1e77ee4f48798b638961b324d558 0118239820c84b1bb97f8968d09f46c2 - - default default] 10.0.0.104 "POST /v2.0/subnetpools HTTP/1.1" status: 201 len: 715 time: 0.0458696
2026-04-23 01:28:23.371 9 INFO neutron.wsgi [req-ee6182ec-5ed5-4e30-b114-ee93f9a93858 req-631ba6d7-478e-45df-9bfe-92ab800fd0de 9a6a79e89edb49438e22b9cd985d8a87 8530f5d1750e47dda86fe21c2b8ff17c - - b40207c8c5154d35bfb0dddc2457a134 b40207c8c5154d35bfb0dddc2457a134] 10.0.0.243 "GET /v2.0/ports?device_id=59dd00e1-1c19-417d-8b9f-90cd360398eb HTTP/1.1" status: 200 len: 1413 time: 0.0570655
2026-04-23 01:28:23.376 10 INFO neutron.wsgi [None req-a36089d2-3e90-473a-830c-320ecbcb2aab e6fd1e77ee4f48798b638961b324d558 0118239820c84b1bb97f8968d09f46c2 - - default default] 10.0.0.104 "POST /v2.0/subnetpools HTTP/1.1" status: 201 len: 715 time: 0.0530193
2026-04-23 01:28:23.434 10 INFO neutron.wsgi [None req-9549a01e-e1b9-4206-b2e9-402fef9ccd04 e6fd1e77ee4f48798b638961b324d558 0118239820c84b1bb97f8968d09f46c2 - - default default] 10.0.0.104 "POST /v2.0/subnetpools HTTP/1.1" status: 201 len: 715 time: 0.0497949
2026-04-23 01:28:23.469 10 INFO neutron.wsgi [None req-9d4ea0bd-33d3-426e-8e3e-e533f8e6e02a e6fd1e77ee4f48798b638961b324d558 0118239820c84b1bb97f8968d09f46c2 - - default default] 10.0.0.104 "PUT /v2.0/subnetpools/74a37e89-fb6a-4aaf-b93d-a11464a74bb7/tags HTTP/1.1" status: 200 len: 210 time: 0.0265229
2026-04-23 01:28:23.506 10 INFO neutron.wsgi [None req-895aabf2-0df7-4b1f-85a6-141482eeae49 e6fd1e77ee4f48798b638961b324d558 0118239820c84b1bb97f8968d09f46c2 - - default default] 10.0.0.104 "PUT /v2.0/subnetpools/fa809ece-e31b-4efd-8cc9-8b311ee9c29d/tags HTTP/1.1" status: 200 len: 218 time: 0.0327168
2026-04-23 01:28:23.535 10 INFO neutron.wsgi [None req-ff4d8883-51a3-4360-b067-daed3f2e719f e6fd1e77ee4f48798b638961b324d558 0118239820c84b1bb97f8968d09f46c2 - - default default] 10.0.0.104 "PUT /v2.0/subnetpools/bc6b647e-1bee-4cbd-a3d4-45bf0b054d3d/tags HTTP/1.1" status: 200 len: 227 time: 0.0256631
2026-04-23 01:28:23.562 10 INFO neutron.wsgi [None req-8ca64557-add9-4257-8af8-1a4d540af05b e6fd1e77ee4f48798b638961b324d558 0118239820c84b1bb97f8968d09f46c2 - - default default] 10.0.0.104 "PUT /v2.0/subnetpools/8fbeb39e-7a87-4add-9686-84ccb8c63138/tags HTTP/1.1" status: 200 len: 212 time: 0.0223975
2026-04-23 01:28:23.593 10 INFO neutron.wsgi [None req-a7f4cfee-d274-4d04-82f1-1329aaad20d8 e6fd1e77ee4f48798b638961b324d558 0118239820c84b1bb97f8968d09f46c2 - - default default] 10.0.0.104 "GET /v2.0/subnetpools?tags=red HTTP/1.1" status: 200 len: 1758 time: 0.0269802
2026-04-23 01:28:23.597 9 INFO neutron.wsgi [req-ee6182ec-5ed5-4e30-b114-ee93f9a93858 req-e73e0cbd-e07c-4f55-84c5-5d488e5c9808 9a6a79e89edb49438e22b9cd985d8a87 8530f5d1750e47dda86fe21c2b8ff17c - - b40207c8c5154d35bfb0dddc2457a134 b40207c8c5154d35bfb0dddc2457a134] 10.0.0.243 "GET /v2.0/security-groups?id=779467fb-3332-439c-a6cc-720940c0aabf&fields=id&fields=name HTTP/1.1" status: 200 len: 313 time: 0.2193758
