2026-04-23 01:28:38.147 10 INFO neutron.db.segments_db [None req-d3c01bab-74c6-4aa9-a677-4fb359765a84 5c8ee0ec91664f30b3507e7c1c78ba0c e5424ad17d74437da8a64349c542e27a - - default default] Added segment 492222db-923e-4236-b14c-ba8156e2d48d of type geneve for network 140c2761-d6ed-46f5-8ee2-c49c0d5c26d6
2026-04-23 01:28:38.209 9 WARNING neutron.scheduler.dhcp_agent_scheduler [None req-756ed237-b073-4169-a0c3-4cb4d0ee9672 cd81f69b4ce340d986ae745d7df160e7 e5935aaa7e3d4ea5822540b817340386 - - default default] No more DHCP agents
2026-04-23 01:28:38.213 9 WARNING neutron.api.rpc.agentnotifiers.dhcp_rpc_agent_api [None req-756ed237-b073-4169-a0c3-4cb4d0ee9672 cd81f69b4ce340d986ae745d7df160e7 e5935aaa7e3d4ea5822540b817340386 - - default default] Unable to schedule network fbe6a5d8-8af8-4ca1-9482-83e5a5989325: no agents available; will retry on subsequent port and subnet creation events.
2026-04-23 01:28:38.226 9 INFO neutron.wsgi [req-5dd2fce2-ccfd-452b-8ddc-06b090646676 req-158d12cf-822c-4b63-8099-ae9a1103441b 9a6a79e89edb49438e22b9cd985d8a87 8530f5d1750e47dda86fe21c2b8ff17c - - b40207c8c5154d35bfb0dddc2457a134 b40207c8c5154d35bfb0dddc2457a134] 199.204.45.244 "GET /v2.0/ports?device_id=59dd00e1-1c19-417d-8b9f-90cd360398eb&fields=binding%3Ahost_id&fields=binding%3Avif_type HTTP/1.1" status: 200 len: 265 time: 0.0383003
2026-04-23 01:28:38.314 9 INFO neutron.wsgi [req-5dd2fce2-ccfd-452b-8ddc-06b090646676 req-636be76d-7c04-4541-941c-0fb605d172c9 9a6a79e89edb49438e22b9cd985d8a87 8530f5d1750e47dda86fe21c2b8ff17c - - b40207c8c5154d35bfb0dddc2457a134 b40207c8c5154d35bfb0dddc2457a134] 199.204.45.244 "GET /v2.0/ports?tenant_id=551213c81ad74b48b0a94cdf49254e96&device_id=59dd00e1-1c19-417d-8b9f-90cd360398eb HTTP/1.1" status: 200 len: 1413 time: 0.0385213
2026-04-23 01:28:38.318 9 INFO neutron.db.ovn_revision_numbers_db [None req-756ed237-b073-4169-a0c3-4cb4d0ee9672 cd81f69b4ce340d986ae745d7df160e7 e5935aaa7e3d4ea5822540b817340386 - - default default] Successfully bumped revision number for resource 4b648115-9f3f-49b9-92a6-faf12b70186a (type: ports) to 1
2026-04-23 01:28:38.336 9 INFO neutron.wsgi [None req-756ed237-b073-4169-a0c3-4cb4d0ee9672 cd81f69b4ce340d986ae745d7df160e7 e5935aaa7e3d4ea5822540b817340386 - - default default] 10.0.0.104 "POST /v2.0/networks HTTP/1.1" status: 201 len: 943 time: 0.7668712
2026-04-23 01:28:38.352 10 INFO neutron.db.ovn_revision_numbers_db [None req-d3c01bab-74c6-4aa9-a677-4fb359765a84 5c8ee0ec91664f30b3507e7c1c78ba0c e5424ad17d74437da8a64349c542e27a - - default default] Successfully bumped revision number for resource 140c2761-d6ed-46f5-8ee2-c49c0d5c26d6 (type: networks) to 1
2026-04-23 01:28:38.400 9 INFO neutron.wsgi [req-5dd2fce2-ccfd-452b-8ddc-06b090646676 req-fd7f9653-2783-48e2-9193-ba0ff0f9b794 9a6a79e89edb49438e22b9cd985d8a87 8530f5d1750e47dda86fe21c2b8ff17c - - b40207c8c5154d35bfb0dddc2457a134 b40207c8c5154d35bfb0dddc2457a134] 199.204.45.244 "GET /v2.0/networks?id=95a5fd93-ec1f-4dc5-a691-0ced6659f828 HTTP/1.1" status: 200 len: 959 time: 0.0669837
2026-04-23 01:28:38.426 9 INFO neutron.wsgi [req-5dd2fce2-ccfd-452b-8ddc-06b090646676 req-b623b9a4-4ac6-4dfc-99f5-3af4791886ab 9a6a79e89edb49438e22b9cd985d8a87 8530f5d1750e47dda86fe21c2b8ff17c - - b40207c8c5154d35bfb0dddc2457a134 b40207c8c5154d35bfb0dddc2457a134] 199.204.45.244 "GET /v2.0/floatingips?fixed_ip_address=10.100.0.13&port_id=97f44357-6e08-4831-ab70-3d996293e860 HTTP/1.1" status: 200 len: 217 time: 0.0195234
2026-04-23 01:28:38.469 9 INFO neutron.wsgi [req-5dd2fce2-ccfd-452b-8ddc-06b090646676 req-532a38a9-a263-40fe-b7ee-79801fe0ea1e 9a6a79e89edb49438e22b9cd985d8a87 8530f5d1750e47dda86fe21c2b8ff17c - - b40207c8c5154d35bfb0dddc2457a134 b40207c8c5154d35bfb0dddc2457a134] 199.204.45.244 "GET /v2.0/subnets?id=9b5c837a-297a-479f-a760-a0dbd66ec1a1 HTTP/1.1" status: 200 len: 853 time: 0.0377755
2026-04-23 01:28:38.495 9 INFO neutron.wsgi [req-5dd2fce2-ccfd-452b-8ddc-06b090646676 req-16e7db89-5eea-4bbb-8c34-e0b2fd54333c 9a6a79e89edb49438e22b9cd985d8a87 8530f5d1750e47dda86fe21c2b8ff17c - - b40207c8c5154d35bfb0dddc2457a134 b40207c8c5154d35bfb0dddc2457a134] 199.204.45.244 "GET /v2.0/ports?network_id=95a5fd93-ec1f-4dc5-a691-0ced6659f828&device_owner=network%3Adhcp HTTP/1.1" status: 200 len: 210 time: 0.0188949
2026-04-23 01:28:38.544 10 INFO neutron.db.ovn_revision_numbers_db [None req-bfa68362-d63a-4798-a1c8-613a31e5cea7 6f3d1abc4da24bfd8ddf74d58b3baf83 6cde4f68d7704f96aff22add0211ae4f - - default default] Successfully bumped revision number for resource 333a1861-4a5d-43c2-ad93-c8ff1838caa5 (type: ports) to 2
2026-04-23 01:28:38.556 10 WARNING neutron.scheduler.dhcp_agent_scheduler [None req-d3c01bab-74c6-4aa9-a677-4fb359765a84 5c8ee0ec91664f30b3507e7c1c78ba0c e5424ad17d74437da8a64349c542e27a - - default default] No more DHCP agents
2026-04-23 01:28:38.559 10 WARNING neutron.api.rpc.agentnotifiers.dhcp_rpc_agent_api [None req-d3c01bab-74c6-4aa9-a677-4fb359765a84 5c8ee0ec91664f30b3507e7c1c78ba0c e5424ad17d74437da8a64349c542e27a - - default default] Unable to schedule network 140c2761-d6ed-46f5-8ee2-c49c0d5c26d6: no agents available; will retry on subsequent port and subnet creation events.
2026-04-23 01:28:38.607 10 INFO neutron.db.ovn_revision_numbers_db [None req-bfa68362-d63a-4798-a1c8-613a31e5cea7 6f3d1abc4da24bfd8ddf74d58b3baf83 6cde4f68d7704f96aff22add0211ae4f - - default default] Successfully bumped revision number for resource 0dfe93c2-8c75-432d-9ac2-34a03453cc7c (type: subnets) to 0
2026-04-23 01:28:38.634 10 INFO neutron.wsgi [None req-bfa68362-d63a-4798-a1c8-613a31e5cea7 6f3d1abc4da24bfd8ddf74d58b3baf83 6cde4f68d7704f96aff22add0211ae4f - - default default] 10.0.0.104 "POST /v2.0/subnets HTTP/1.1" status: 201 len: 801 time: 0.9415114
2026-04-23 01:28:38.653 10 INFO neutron.db.ovn_revision_numbers_db [None req-d3c01bab-74c6-4aa9-a677-4fb359765a84 5c8ee0ec91664f30b3507e7c1c78ba0c e5424ad17d74437da8a64349c542e27a - - default default] Successfully bumped revision number for resource 90225f1d-8981-4df3-b4cd-c30373e739a4 (type: ports) to 1
2026-04-23 01:28:38.674 10 INFO neutron.wsgi [None req-d3c01bab-74c6-4aa9-a677-4fb359765a84 5c8ee0ec91664f30b3507e7c1c78ba0c e5424ad17d74437da8a64349c542e27a - - default default] 10.0.0.104 "POST /v2.0/networks HTTP/1.1" status: 201 len: 831 time: 0.9007297
2026-04-23 01:28:38.795 9 WARNING neutron.scheduler.dhcp_agent_scheduler [None req-cc467a20-1c96-43a1-b8be-ad8f63948f4d cd81f69b4ce340d986ae745d7df160e7 e5935aaa7e3d4ea5822540b817340386 - - default default] No more DHCP agents
2026-04-23 01:28:38.797 10 INFO neutron.db.segments_db [None req-cc85c4f3-d271-4dc0-8a7b-ded88edf8492 5c8ee0ec91664f30b3507e7c1c78ba0c e5424ad17d74437da8a64349c542e27a - - default default] Added segment 15494fe1-ba3e-424e-a6c2-ccf75cdcff08 of type geneve for network 04e9ee71-5c05-4c01-a276-f07b13a3cc62
2026-04-23 01:28:38.800 9 WARNING neutron.api.rpc.agentnotifiers.dhcp_rpc_agent_api [None req-cc467a20-1c96-43a1-b8be-ad8f63948f4d cd81f69b4ce340d986ae745d7df160e7 e5935aaa7e3d4ea5822540b817340386 - - default default] Unable to schedule network fbe6a5d8-8af8-4ca1-9482-83e5a5989325: no agents available; will retry on subsequent port and subnet creation events.
2026-04-23 01:28:38.800 10 INFO neutron.db.ovn_revision_numbers_db [None req-9652205b-0857-4ff4-a70b-9eef102e61f7 6f3d1abc4da24bfd8ddf74d58b3baf83 6cde4f68d7704f96aff22add0211ae4f - - default default] Successfully bumped revision number for resource 8f2d53d3-ba6e-4ba9-842d-c2a46395d779 (type: routers) to 1
2026-04-23 01:28:38.825 10 INFO neutron.wsgi [None req-9652205b-0857-4ff4-a70b-9eef102e61f7 6f3d1abc4da24bfd8ddf74d58b3baf83 6cde4f68d7704f96aff22add0211ae4f - - default default] 10.0.0.104 "POST /v2.0/routers HTTP/1.1" status: 201 len: 686 time: 0.1868260
2026-04-23 01:28:38.825 9 INFO neutron.wsgi [req-5dd2fce2-ccfd-452b-8ddc-06b090646676 req-1d0ddea2-51a8-4e60-bdae-248f2d1cdd05 9a6a79e89edb49438e22b9cd985d8a87 8530f5d1750e47dda86fe21c2b8ff17c - - b40207c8c5154d35bfb0dddc2457a134 b40207c8c5154d35bfb0dddc2457a134] 199.204.45.244 "GET /v2.0/networks/95a5fd93-ec1f-4dc5-a691-0ced6659f828?fields=segments HTTP/1.1" status: 200 len: 212 time: 0.3167667
2026-04-23 01:28:38.904 9 INFO neutron.wsgi [req-5dd2fce2-ccfd-452b-8ddc-06b090646676 req-f664219d-0ebd-4533-ae27-71a41aa5d73d 9a6a79e89edb49438e22b9cd985d8a87 8530f5d1750e47dda86fe21c2b8ff17c - - b40207c8c5154d35bfb0dddc2457a134 b40207c8c5154d35bfb0dddc2457a134] 199.204.45.244 "GET /v2.0/networks/95a5fd93-ec1f-4dc5-a691-0ced6659f828?fields=provider%3Aphysical_network&fields=provider%3Anetwork_type HTTP/1.1" status: 200 len: 277 time: 0.0705168
2026-04-23 01:28:38.986 10 INFO neutron.db.ovn_revision_numbers_db [None req-cc85c4f3-d271-4dc0-8a7b-ded88edf8492 5c8ee0ec91664f30b3507e7c1c78ba0c e5424ad17d74437da8a64349c542e27a - - default default] Successfully bumped revision number for resource 04e9ee71-5c05-4c01-a276-f07b13a3cc62 (type: networks) to 1
2026-04-23 01:28:39.215 10 WARNING neutron.scheduler.dhcp_agent_scheduler [None req-cc85c4f3-d271-4dc0-8a7b-ded88edf8492 5c8ee0ec91664f30b3507e7c1c78ba0c e5424ad17d74437da8a64349c542e27a - - default default] No more DHCP agents
2026-04-23 01:28:39.219 10 WARNING neutron.api.rpc.agentnotifiers.dhcp_rpc_agent_api [None req-cc85c4f3-d271-4dc0-8a7b-ded88edf8492 5c8ee0ec91664f30b3507e7c1c78ba0c e5424ad17d74437da8a64349c542e27a - - default default] Unable to schedule network 04e9ee71-5c05-4c01-a276-f07b13a3cc62: no agents available; will retry on subsequent port and subnet creation events.
2026-04-23 01:28:39.279 9 INFO neutron.db.ovn_revision_numbers_db [None req-cc467a20-1c96-43a1-b8be-ad8f63948f4d cd81f69b4ce340d986ae745d7df160e7 e5935aaa7e3d4ea5822540b817340386 - - default default] Successfully bumped revision number for resource 4b648115-9f3f-49b9-92a6-faf12b70186a (type: ports) to 2
2026-04-23 01:28:39.318 9 INFO neutron.db.ovn_revision_numbers_db [None req-cc467a20-1c96-43a1-b8be-ad8f63948f4d cd81f69b4ce340d986ae745d7df160e7 e5935aaa7e3d4ea5822540b817340386 - - default default] Successfully bumped revision number for resource 7986a651-adc6-49c2-85d7-0234d2f7efc5 (type: subnets) to 0
2026-04-23 01:28:39.326 10 WARNING neutron.scheduler.dhcp_agent_scheduler [None req-011d3b65-e4a7-40e6-959d-823b2da00226 6f3d1abc4da24bfd8ddf74d58b3baf83 6cde4f68d7704f96aff22add0211ae4f - - default default] No more DHCP agents
2026-04-23 01:28:39.328 10 INFO neutron.db.ovn_revision_numbers_db [None req-cc85c4f3-d271-4dc0-8a7b-ded88edf8492 5c8ee0ec91664f30b3507e7c1c78ba0c e5424ad17d74437da8a64349c542e27a - - default default] Successfully bumped revision number for resource c060d749-3e78-4be6-9774-d2b91bfd6bf2 (type: ports) to 1
2026-04-23 01:28:39.329 10 WARNING neutron.api.rpc.agentnotifiers.dhcp_rpc_agent_api [None req-011d3b65-e4a7-40e6-959d-823b2da00226 6f3d1abc4da24bfd8ddf74d58b3baf83 6cde4f68d7704f96aff22add0211ae4f - - default default] Unable to schedule network 28911614-b183-431a-967c-1235022e16ce: no agents available; will retry on subsequent port and subnet creation events.
2026-04-23 01:28:39.334 9 INFO neutron.wsgi [None req-cc467a20-1c96-43a1-b8be-ad8f63948f4d cd81f69b4ce340d986ae745d7df160e7 e5935aaa7e3d4ea5822540b817340386 - - default default] 10.0.0.104 "POST /v2.0/subnets HTTP/1.1" status: 201 len: 863 time: 0.9929249
2026-04-23 01:28:39.354 10 INFO neutron.wsgi [None req-cc85c4f3-d271-4dc0-8a7b-ded88edf8492 5c8ee0ec91664f30b3507e7c1c78ba0c e5424ad17d74437da8a64349c542e27a - - default default] 10.0.0.104 "POST /v2.0/networks HTTP/1.1" status: 201 len: 831 time: 0.6669838
2026-04-23 01:28:39.426 9 INFO neutron.wsgi [None req-8dd2a8fc-0f92-41c9-b4ba-cccac2d7673f 5c8ee0ec91664f30b3507e7c1c78ba0c e5424ad17d74437da8a64349c542e27a - - default default] 10.0.0.104 "PUT /v2.0/networks/140c2761-d6ed-46f5-8ee2-c49c0d5c26d6/tags HTTP/1.1" status: 200 len: 218 time: 0.0640645
2026-04-23 01:28:39.495 9 INFO neutron.wsgi [None req-43950f2a-bdd1-4e7f-bc8c-e5fe53f4a048 5c8ee0ec91664f30b3507e7c1c78ba0c e5424ad17d74437da8a64349c542e27a - - default default] 10.0.0.104 "GET /v2.0/networks/140c2761-d6ed-46f5-8ee2-c49c0d5c26d6/tags HTTP/1.1" status: 200 len: 218 time: 0.0562422
2026-04-23 01:28:39.561 9 INFO neutron.wsgi [None req-fabfc639-acfa-46e2-a956-77a2711ebf6f 5c8ee0ec91664f30b3507e7c1c78ba0c e5424ad17d74437da8a64349c542e27a - - default default] 10.0.0.104 "PUT /v2.0/networks/04e9ee71-5c05-4c01-a276-f07b13a3cc62/tags HTTP/1.1" status: 200 len: 210 time: 0.0610006
2026-04-23 01:28:39.622 9 INFO neutron.wsgi [None req-be671d85-d83b-4887-b64a-72547c770509 5c8ee0ec91664f30b3507e7c1c78ba0c e5424ad17d74437da8a64349c542e27a - - default default] 10.0.0.104 "GET /v2.0/networks/04e9ee71-5c05-4c01-a276-f07b13a3cc62/tags HTTP/1.1" status: 200 len: 210 time: 0.0551836
2026-04-23 01:28:39.675 10 INFO neutron.wsgi [None req-d843181e-3d85-4e6e-800e-fb89b1902fd0 5c8ee0ec91664f30b3507e7c1c78ba0c e5424ad17d74437da8a64349c542e27a - - default default] 10.0.0.104 "PUT /v2.0/networks/04e9ee71-5c05-4c01-a276-f07b13a3cc62/tags HTTP/1.1" status: 200 len: 205 time: 0.0483618
2026-04-23 01:28:39.700 10 INFO neutron.db.ovn_revision_numbers_db [None req-011d3b65-e4a7-40e6-959d-823b2da00226 6f3d1abc4da24bfd8ddf74d58b3baf83 6cde4f68d7704f96aff22add0211ae4f - - default default] Successfully bumped revision number for resource 48533563-4008-480b-be63-577d9d9626a1 (type: ports) to 1
2026-04-23 01:28:39.723 9 INFO neutron.wsgi [None req-67acd9f3-2b01-420a-9ac7-742e43e7b32a 5c8ee0ec91664f30b3507e7c1c78ba0c e5424ad17d74437da8a64349c542e27a - - default default] 10.0.0.104 "GET /v2.0/networks/04e9ee71-5c05-4c01-a276-f07b13a3cc62/tags HTTP/1.1" status: 200 len: 205 time: 0.0366766
2026-04-23 01:28:39.769 10 INFO neutron.wsgi [None req-0da95fe2-a1c3-4632-80b1-8ca8577daa10 5c8ee0ec91664f30b3507e7c1c78ba0c e5424ad17d74437da8a64349c542e27a - - default default] 10.0.0.104 "GET /v2.0/networks/140c2761-d6ed-46f5-8ee2-c49c0d5c26d6/tags HTTP/1.1" status: 200 len: 218 time: 0.0418637
2026-04-23 01:28:39.878 9 WARNING neutron.scheduler.dhcp_agent_scheduler [None req-166dfeab-18ae-495f-b027-67e05cac3abb cd81f69b4ce340d986ae745d7df160e7 e5935aaa7e3d4ea5822540b817340386 - - default default] No more DHCP agents
2026-04-23 01:28:39.881 9 WARNING neutron.api.rpc.agentnotifiers.dhcp_rpc_agent_api [None req-166dfeab-18ae-495f-b027-67e05cac3abb cd81f69b4ce340d986ae745d7df160e7 e5935aaa7e3d4ea5822540b817340386 - - default default] Unable to schedule network c2c20274-476f-4978-a5dc-5eb24dc41987: no agents available; will retry on subsequent port and subnet creation events.
2026-04-23 01:28:39.914 10 WARNING neutron.plugins.ml2.drivers.ovn.mech_driver.ovsdb.ovn_client [None req-cf6414a4-30e0-4e6b-a5a3-dfce29d33029 - - - - - -] No port found with ID eab12843-8042-4516-b2b2-9132b1154904: RuntimeError: No port found with ID eab12843-8042-4516-b2b2-9132b1154904
2026-04-23 01:28:40.056 9 INFO neutron.plugins.ml2.drivers.ovn.mech_driver.mech_driver [None req-18b6f71d-ec2c-4757-80ef-0f51bb9302b7 - - - - - -] OVN reports status up for port: 48533563-4008-480b-be63-577d9d9626a1
2026-04-23 01:28:40.058 9 INFO neutron.db.ovn_revision_numbers_db [None req-166dfeab-18ae-495f-b027-67e05cac3abb cd81f69b4ce340d986ae745d7df160e7 e5935aaa7e3d4ea5822540b817340386 - - default default] Successfully bumped revision number for resource 05541e86-7438-4a8f-b324-e48be704b76a (type: ports) to 1
2026-04-23 01:28:40.068 9 INFO neutron.plugins.ml2.plugin [None req-18b6f71d-ec2c-4757-80ef-0f51bb9302b7 - - - - - -] Attempt 1 to provision port 48533563-4008-480b-be63-577d9d9626a1
2026-04-23 01:28:40.082 10 INFO neutron.db.ovn_revision_numbers_db [None req-011d3b65-e4a7-40e6-959d-823b2da00226 6f3d1abc4da24bfd8ddf74d58b3baf83 6cde4f68d7704f96aff22add0211ae4f - - default default] Successfully bumped revision number for resource 48533563-4008-480b-be63-577d9d9626a1 (type: router_ports) to 1
2026-04-23 01:28:40.226 9 INFO neutron.services.segments.plugin [-] Segment 492222db-923e-4236-b14c-ba8156e2d48d resource provider aggregate not found
2026-04-23 01:28:40.233 10 INFO neutron.db.ovn_revision_numbers_db [None req-011d3b65-e4a7-40e6-959d-823b2da00226 6f3d1abc4da24bfd8ddf74d58b3baf83 6cde4f68d7704f96aff22add0211ae4f - - default default] Successfully bumped revision number for resource 48533563-4008-480b-be63-577d9d9626a1 (type: ports) to 1
2026-04-23 01:28:40.233 9 INFO neutron.services.segments.plugin [-] Segment 492222db-923e-4236-b14c-ba8156e2d48d resource provider aggregate not found
2026-04-23 01:28:40.243 9 INFO neutron.services.segments.plugin [-] Segment 492222db-923e-4236-b14c-ba8156e2d48d resource provider not found; error: Placement Client Error (4xx): {"errors": [{"status": 404, "title": "Not Found", "detail": "The resource could not be found.\n\n No resource provider with uuid 492222db-923e-4236-b14c-ba8156e2d48d found for delete ", "request_id": "req-f6b5de02-8d21-4d79-8a43-862f7583b703"}]}
2026-04-23 01:28:40.252 9 INFO neutron.services.segments.plugin [-] Segment 492222db-923e-4236-b14c-ba8156e2d48d resource provider not found; error: Placement Client Error (4xx): {"errors": [{"status": 404, "title": "Not Found", "detail": "The resource could not be found.\n\n No resource provider with uuid 492222db-923e-4236-b14c-ba8156e2d48d found for delete ", "request_id": "req-b4b43be0-e860-4a50-9296-23b009ed3f55"}]}
2026-04-23 01:28:40.292 9 INFO neutron.wsgi [None req-675c1be4-2880-40fb-a5b4-d6dd83f6cf78 5c8ee0ec91664f30b3507e7c1c78ba0c e5424ad17d74437da8a64349c542e27a - - default default] 10.0.0.104 "DELETE /v2.0/networks/140c2761-d6ed-46f5-8ee2-c49c0d5c26d6 HTTP/1.1" status: 204 len: 168 time: 0.5031662
2026-04-23 01:28:40.298 10 WARNING neutron.scheduler.dhcp_agent_scheduler [None req-011d3b65-e4a7-40e6-959d-823b2da00226 6f3d1abc4da24bfd8ddf74d58b3baf83 6cde4f68d7704f96aff22add0211ae4f - - default default] No more DHCP agents
2026-04-23 01:28:40.306 10 WARNING neutron.api.rpc.agentnotifiers.dhcp_rpc_agent_api [None req-011d3b65-e4a7-40e6-959d-823b2da00226 6f3d1abc4da24bfd8ddf74d58b3baf83 6cde4f68d7704f96aff22add0211ae4f - - default default] Unable to schedule network 28911614-b183-431a-967c-1235022e16ce: no agents available; will retry on subsequent port and subnet creation events.
2026-04-23 01:28:40.491 9 INFO neutron.db.ovn_revision_numbers_db [None req-18b6f71d-ec2c-4757-80ef-0f51bb9302b7 - - - - - -] Successfully bumped revision number for resource 48533563-4008-480b-be63-577d9d9626a1 (type: ports) to 2
2026-04-23 01:28:40.562 10 INFO neutron.db.ovn_revision_numbers_db [None req-011d3b65-e4a7-40e6-959d-823b2da00226 6f3d1abc4da24bfd8ddf74d58b3baf83 6cde4f68d7704f96aff22add0211ae4f - - default default] Successfully bumped revision number for resource 48533563-4008-480b-be63-577d9d9626a1 (type: router_ports) to 2
2026-04-23 01:28:40.564 10 INFO neutron.wsgi [None req-011d3b65-e4a7-40e6-959d-823b2da00226 6f3d1abc4da24bfd8ddf74d58b3baf83 6cde4f68d7704f96aff22add0211ae4f - - default default] 10.0.0.104 "PUT /v2.0/routers/8f2d53d3-ba6e-4ba9-842d-c2a46395d779/add_router_interface HTTP/1.1" status: 200 len: 503 time: 1.7320819
2026-04-23 01:28:40.608 10 INFO neutron.wsgi [None req-7c413ebf-3ecf-464a-b764-1adef63d0289 6f3d1abc4da24bfd8ddf74d58b3baf83 6cde4f68d7704f96aff22add0211ae4f - - default default] 10.0.0.104 "GET /v2.0/ports/48533563-4008-480b-be63-577d9d9626a1 HTTP/1.1" status: 200 len: 1137 time: 0.0372415
2026-04-23 01:28:40.663 10 INFO neutron.wsgi [None req-000bf6b5-0e1a-49e6-b116-ddb2492fdd11 6f3d1abc4da24bfd8ddf74d58b3baf83 6cde4f68d7704f96aff22add0211ae4f - - default default] 10.0.0.104 "GET /v2.0/ports/48533563-4008-480b-be63-577d9d9626a1 HTTP/1.1" status: 200 len: 1137 time: 0.0500436
2026-04-23 01:28:40.763 10 INFO neutron.services.segments.plugin [-] Segment 15494fe1-ba3e-424e-a6c2-ccf75cdcff08 resource provider aggregate not found
2026-04-23 01:28:40.769 10 INFO neutron.services.segments.plugin [-] Segment 15494fe1-ba3e-424e-a6c2-ccf75cdcff08 resource provider aggregate not found
2026-04-23 01:28:40.782 10 INFO neutron.services.segments.plugin [-] Segment 15494fe1-ba3e-424e-a6c2-ccf75cdcff08 resource provider not found; error: Placement Client Error (4xx): {"errors": [{"status": 404, "title": "Not Found", "detail": "The resource could not be found.\n\n No resource provider with uuid 15494fe1-ba3e-424e-a6c2-ccf75cdcff08 found for delete ", "request_id": "req-af7edd7e-1790-4755-8929-268c8f0a2b42"}]}
2026-04-23 01:28:40.792 10 INFO neutron.services.segments.plugin [-] Segment 15494fe1-ba3e-424e-a6c2-ccf75cdcff08 resource provider not found; error: Placement Client Error (4xx): {"errors": [{"status": 404, "title": "Not Found", "detail": "The resource could not be found.\n\n No resource provider with uuid 15494fe1-ba3e-424e-a6c2-ccf75cdcff08 found for delete ", "request_id": "req-6fdb8a30-bf38-4907-ad1f-9bb59ed3303c"}]}
2026-04-23 01:28:40.822 10 INFO neutron.wsgi [None req-e6a9dcc6-f580-401a-9372-e6ed966ecc15 5c8ee0ec91664f30b3507e7c1c78ba0c e5424ad17d74437da8a64349c542e27a - - default default] 10.0.0.104 "DELETE /v2.0/networks/04e9ee71-5c05-4c01-a276-f07b13a3cc62 HTTP/1.1" status: 204 len: 168 time: 0.5249510
2026-04-23 01:28:41.068 9 INFO neutron.plugins.ml2.drivers.ovn.mech_driver.ovsdb.ovsdb_monitor [None req-7d2eae2a-d088-4c46-bc06-9616ea5274f4 - - - - - -] Router d410c240-15b4-4e6c-a343-1e77fc16acbb is bound to host instance
2026-04-23 01:28:41.111 9 INFO neutron.db.ovn_revision_numbers_db [None req-166dfeab-18ae-495f-b027-67e05cac3abb cd81f69b4ce340d986ae745d7df160e7 e5935aaa7e3d4ea5822540b817340386 - - default default] Successfully bumped revision number for resource 05541e86-7438-4a8f-b324-e48be704b76a (type: router_ports) to 1
2026-04-23 01:28:41.206 9 INFO neutron.db.ovn_revision_numbers_db [None req-166dfeab-18ae-495f-b027-67e05cac3abb cd81f69b4ce340d986ae745d7df160e7 e5935aaa7e3d4ea5822540b817340386 - - default default] Successfully bumped revision number for resource d410c240-15b4-4e6c-a343-1e77fc16acbb (type: routers) to 2
2026-04-23 01:28:41.224 9 INFO neutron.wsgi [None req-166dfeab-18ae-495f-b027-67e05cac3abb cd81f69b4ce340d986ae745d7df160e7 e5935aaa7e3d4ea5822540b817340386 - - default default] 10.0.0.104 "POST /v2.0/routers HTTP/1.1" status: 201 len: 874 time: 1.8841529
2026-04-23 01:28:41.353 10 INFO neutron.wsgi [None req-b3583a1a-4ede-428b-9c2d-8ce4ad2b9e52 6f3d1abc4da24bfd8ddf74d58b3baf83 6cde4f68d7704f96aff22add0211ae4f - - default default] 10.0.0.104 "PUT /v2.0/routers/8f2d53d3-ba6e-4ba9-842d-c2a46395d779/remove_router_interface HTTP/1.1" status: 200 len: 503 time: 0.6837528 /var/lib/openstack/lib/python3.10/site-packages/pycadf/identifier.py:71: UserWarning: Invalid uuid: neutron. To ensure interoperability, identifiers should be a valid uuid. warnings.warn(('Invalid uuid: %s. To ensure interoperability, '
2026-04-23 01:28:41.392 10 INFO neutron.wsgi [None req-1eac49b1-fefe-44fd-9e90-82598c08e26a 6f3d1abc4da24bfd8ddf74d58b3baf83 6cde4f68d7704f96aff22add0211ae4f - - default default] 10.0.0.104 "GET /v2.0/ports?device_id=8f2d53d3-ba6e-4ba9-842d-c2a46395d779 HTTP/1.1" status: 200 len: 205 time: 0.0350773
2026-04-23 01:28:41.615 10 INFO neutron.wsgi [None req-fc6ce500-299e-45a4-aa14-548557e540a9 6f3d1abc4da24bfd8ddf74d58b3baf83 6cde4f68d7704f96aff22add0211ae4f - - default default] 10.0.0.104 "DELETE /v2.0/routers/8f2d53d3-ba6e-4ba9-842d-c2a46395d779 HTTP/1.1" status: 204 len: 168 time: 0.2158985
2026-04-23 01:28:41.714 10 INFO neutron.wsgi [None req-29d72b25-d0ff-4916-95ef-6ac1f453828c cd81f69b4ce340d986ae745d7df160e7 e5935aaa7e3d4ea5822540b817340386 - - default default] 10.0.0.104 "GET /v2.0/security-groups?tenant_id=e5424ad17d74437da8a64349c542e27a&name=default HTTP/1.1" status: 200 len: 2996 time: 0.1739171
2026-04-23 01:28:41.790 9 INFO neutron.db.ovn_revision_numbers_db [None req-7d2eae2a-d088-4c46-bc06-9616ea5274f4 - - - - - -] Successfully bumped revision number for resource 05541e86-7438-4a8f-b324-e48be704b76a (type: ports) to 1
2026-04-23 01:28:41.811 9 WARNING neutron.scheduler.dhcp_agent_scheduler [None req-f6c9ee2d-6e8c-413b-9e00-9a26df61fc5c cd81f69b4ce340d986ae745d7df160e7 e5935aaa7e3d4ea5822540b817340386 - - default default] No more DHCP agents
2026-04-23 01:28:41.814 9 WARNING neutron.api.rpc.agentnotifiers.dhcp_rpc_agent_api [None req-f6c9ee2d-6e8c-413b-9e00-9a26df61fc5c cd81f69b4ce340d986ae745d7df160e7 e5935aaa7e3d4ea5822540b817340386 - - default default] Unable to schedule network fbe6a5d8-8af8-4ca1-9482-83e5a5989325: no agents available; will retry on subsequent port and subnet creation events.
2026-04-23 01:28:41.882 10 INFO neutron.wsgi [None req-55f25971-60bc-4ba4-a2cd-fefc208dfbb8 6f3d1abc4da24bfd8ddf74d58b3baf83 6cde4f68d7704f96aff22add0211ae4f - - default default] 10.0.0.104 "DELETE /v2.0/subnets/0dfe93c2-8c75-432d-9ac2-34a03453cc7c HTTP/1.1" status: 204 len: 168 time: 0.2614694
2026-04-23 01:28:42.020 10 INFO neutron.wsgi [None req-520584fd-587c-4076-8c3f-253e0aecd5f9 cd81f69b4ce340d986ae745d7df160e7 e5935aaa7e3d4ea5822540b817340386 - - default default] 10.0.0.104 "DELETE /v2.0/security-groups/081fd553-d202-4d7d-a3af-c6b3909ea436 HTTP/1.1" status: 204 len: 168 time: 0.3028715
2026-04-23 01:28:42.035 9 INFO neutron.db.ovn_revision_numbers_db [None req-f6c9ee2d-6e8c-413b-9e00-9a26df61fc5c cd81f69b4ce340d986ae745d7df160e7 e5935aaa7e3d4ea5822540b817340386 - - default default] Successfully bumped revision number for resource 264e4061-de60-4e2d-ae40-b17f1c6e56d7 (type: ports) to 1
2026-04-23 01:28:42.098 9 INFO neutron.db.ovn_revision_numbers_db [None req-7d2eae2a-d088-4c46-bc06-9616ea5274f4 - - - - - -] Successfully bumped revision number for resource 05541e86-7438-4a8f-b324-e48be704b76a (type: router_ports) to 3
2026-04-23 01:28:42.257 10 INFO neutron.db.ovn_revision_numbers_db [None req-f86724fd-a1bf-4084-9c95-33161fb970b5 cd81f69b4ce340d986ae745d7df160e7 e5935aaa7e3d4ea5822540b817340386 - - default default] Successfully bumped revision number for resource e17d2b4d-2b4b-46de-9a79-2504ac752c4c (type: security_groups) to 1
2026-04-23 01:28:42.274 10 INFO neutron.db.ovn_revision_numbers_db [None req-f86724fd-a1bf-4084-9c95-33161fb970b5 cd81f69b4ce340d986ae745d7df160e7 e5935aaa7e3d4ea5822540b817340386 - - default default] Successfully bumped revision number for resource 191ddda6-4705-4a47-a177-e2900ace08e9 (type: security_group_rules) to 0
2026-04-23 01:28:42.281 9 INFO neutron.db.ovn_revision_numbers_db [None req-7d2eae2a-d088-4c46-bc06-9616ea5274f4 - - - - - -] Successfully bumped revision number for resource 05541e86-7438-4a8f-b324-e48be704b76a (type: ports) to 2
2026-04-23 01:28:42.300 10 INFO neutron.db.ovn_revision_numbers_db [None req-f86724fd-a1bf-4084-9c95-33161fb970b5 cd81f69b4ce340d986ae745d7df160e7 e5935aaa7e3d4ea5822540b817340386 - - default default] Successfully bumped revision number for resource 24eae947-4681-44c8-959c-8812ff9be44d (type: security_group_rules) to 0
2026-04-23 01:28:42.322 10 INFO neutron.db.ovn_revision_numbers_db [None req-f86724fd-a1bf-4084-9c95-33161fb970b5 cd81f69b4ce340d986ae745d7df160e7 e5935aaa7e3d4ea5822540b817340386 - - default default] Successfully bumped revision number for resource a0dcb187-820b-4269-bbbc-fcadadeb7617 (type: security_group_rules) to 0
2026-04-23 01:28:42.337 10 INFO neutron.wsgi [None req-67a7500c-8bbe-4dea-b63a-e314f0cf8acc 6f3d1abc4da24bfd8ddf74d58b3baf83 6cde4f68d7704f96aff22add0211ae4f - - default default] 10.0.0.104 "DELETE /v2.0/networks/28911614-b183-431a-967c-1235022e16ce HTTP/1.1" status: 204 len: 168 time: 0.4476762
2026-04-23 01:28:42.353 10 INFO neutron.db.ovn_revision_numbers_db [None req-f86724fd-a1bf-4084-9c95-33161fb970b5 cd81f69b4ce340d986ae745d7df160e7 e5935aaa7e3d4ea5822540b817340386 - - default default] Successfully bumped revision number for resource a757eb90-baa7-4e60-aab4-afd0b72520f3 (type: security_group_rules) to 0
2026-04-23 01:28:42.376 10 INFO neutron.wsgi [None req-f86724fd-a1bf-4084-9c95-33161fb970b5 cd81f69b4ce340d986ae745d7df160e7 e5935aaa7e3d4ea5822540b817340386 - - default default] 10.0.0.104 "GET /v2.0/security-groups?tenant_id=c2d72552418f4075905ddd6bd66cedc6&name=default HTTP/1.1" status: 200 len: 2996 time: 0.2556386
2026-04-23 01:28:42.618 9 INFO neutron.db.ovn_revision_numbers_db [None req-f6c9ee2d-6e8c-413b-9e00-9a26df61fc5c cd81f69b4ce340d986ae745d7df160e7 e5935aaa7e3d4ea5822540b817340386 - - default default] Successfully bumped revision number for resource 264e4061-de60-4e2d-ae40-b17f1c6e56d7 (type: router_ports) to 1
2026-04-23 01:28:42.621 10 INFO neutron.plugins.ml2.drivers.ovn.mech_driver.mech_driver [None req-cf6414a4-30e0-4e6b-a5a3-dfce29d33029 - - - - - -] OVN reports status up for port: 264e4061-de60-4e2d-ae40-b17f1c6e56d7
2026-04-23 01:28:42.637 10 INFO neutron.plugins.ml2.plugin [None req-cf6414a4-30e0-4e6b-a5a3-dfce29d33029 - - - - - -] Attempt 1 to provision port 264e4061-de60-4e2d-ae40-b17f1c6e56d7
2026-04-23 01:28:42.651 9 INFO neutron.db.ovn_revision_numbers_db [None req-7d2eae2a-d088-4c46-bc06-9616ea5274f4 - - - - - -] Successfully bumped revision number for resource 05541e86-7438-4a8f-b324-e48be704b76a (type: ports) to 4
2026-04-23 01:28:42.784 10 INFO neutron.wsgi [None req-2201010b-80dc-425c-ac1b-c338f5eeb90d cd81f69b4ce340d986ae745d7df160e7 e5935aaa7e3d4ea5822540b817340386 - - default default] 10.0.0.139 "GET /v2.0/ports HTTP/1.1" status: 200 len: 15194 time: 0.1727326
2026-04-23 01:28:42.809 10 INFO neutron.services.segments.plugin [-] Segment 2fcf7394-14e5-498b-97c6-0244f3fc389d resource provider aggregate not found
2026-04-23 01:28:42.814 10 INFO neutron.services.segments.plugin [-] Segment 2fcf7394-14e5-498b-97c6-0244f3fc389d resource provider aggregate not found
2026-04-23 01:28:42.825 10 INFO neutron.services.segments.plugin [-] Segment 2fcf7394-14e5-498b-97c6-0244f3fc389d resource provider not found; error: Placement Client Error (4xx): {"errors": [{"status": 404, "title": "Not Found", "detail": "The resource could not be found.\n\n No resource provider with uuid 2fcf7394-14e5-498b-97c6-0244f3fc389d found for delete ", "request_id": "req-69e59002-913b-4667-9a70-4d194b4075e3"}]}
2026-04-23 01:28:42.829 10 INFO neutron.wsgi [None req-ef4d68bb-92af-4167-87a5-83187aa1cda1 cd81f69b4ce340d986ae745d7df160e7 e5935aaa7e3d4ea5822540b817340386 - - default default] 10.0.0.139 "GET /v2.0/agents HTTP/1.1" status: 200 len: 997 time: 0.0297506
2026-04-23 01:28:42.838 10 INFO neutron.services.segments.plugin [-] Segment 2fcf7394-14e5-498b-97c6-0244f3fc389d resource provider not found; error: Placement Client Error (4xx): {"errors": [{"status": 404, "title": "Not Found", "detail": "The resource could not be found.\n\n No resource provider with uuid 2fcf7394-14e5-498b-97c6-0244f3fc389d found for delete ", "request_id": "req-26b780ae-ed73-47fc-98e9-6984e14ad2af"}]}
2026-04-23 01:28:42.980 9 INFO neutron.wsgi [None req-2e486f87-c3a6-43d3-aed5-9cf940ae45a4 cd81f69b4ce340d986ae745d7df160e7 e5935aaa7e3d4ea5822540b817340386 - - default default] 10.0.0.104 "DELETE /v2.0/security-groups/e17d2b4d-2b4b-46de-9a79-2504ac752c4c HTTP/1.1" status: 204 len: 168 time: 0.5985835
2026-04-23 01:28:42.980 10 INFO neutron.wsgi [None req-f1aa5ba0-5792-4b35-afa1-6e4b2e7ff521 cd81f69b4ce340d986ae745d7df160e7 e5935aaa7e3d4ea5822540b817340386 - - default default] 10.0.0.139 "GET /v2.0/routers HTTP/1.1" status: 200 len: 2008 time: 0.1483650
2026-04-23 01:28:43.016 10 INFO neutron.wsgi [None req-34713ecf-2969-4cb8-b0a1-0244675efaf5 cd81f69b4ce340d986ae745d7df160e7 e5935aaa7e3d4ea5822540b817340386 - - default default] 10.0.0.139 "GET /v2.0/agents?binary=ovn-controller HTTP/1.1" status: 200 len: 591 time: 0.0322404
2026-04-23 01:28:43.062 9 INFO neutron.db.ovn_revision_numbers_db [None req-f6c9ee2d-6e8c-413b-9e00-9a26df61fc5c cd81f69b4ce340d986ae745d7df160e7 e5935aaa7e3d4ea5822540b817340386 - - default default] Successfully bumped revision number for resource 264e4061-de60-4e2d-ae40-b17f1c6e56d7 (type: ports) to 1
2026-04-23 01:28:43.144 9 WARNING neutron.scheduler.dhcp_agent_scheduler [None req-f6c9ee2d-6e8c-413b-9e00-9a26df61fc5c cd81f69b4ce340d986ae745d7df160e7 e5935aaa7e3d4ea5822540b817340386 - - default default] No more DHCP agents
2026-04-23 01:28:43.150 9 WARNING neutron.api.rpc.agentnotifiers.dhcp_rpc_agent_api [None req-f6c9ee2d-6e8c-413b-9e00-9a26df61fc5c cd81f69b4ce340d986ae745d7df160e7 e5935aaa7e3d4ea5822540b817340386 - - default default] Unable to schedule network fbe6a5d8-8af8-4ca1-9482-83e5a5989325: no agents available; will retry on subsequent port and subnet creation events.
2026-04-23 01:28:43.157 10 INFO neutron.wsgi [None req-43cf8ac6-f02f-476b-966b-c671fb3c52d8 cd81f69b4ce340d986ae745d7df160e7 e5935aaa7e3d4ea5822540b817340386 - - default default] 10.0.0.139 "GET /v2.0/networks HTTP/1.1" status: 200 len: 3854 time: 0.1371462
2026-04-23 01:28:43.190 9 INFO neutron.db.ovn_revision_numbers_db [None req-7d2eae2a-d088-4c46-bc06-9616ea5274f4 - - - - - -] Successfully bumped revision number for resource 05541e86-7438-4a8f-b324-e48be704b76a (type: router_ports) to 4
2026-04-23 01:28:43.230 10 INFO neutron.wsgi [None req-0afdc936-62c4-463b-928d-b05301ba6af8 cd81f69b4ce340d986ae745d7df160e7 e5935aaa7e3d4ea5822540b817340386 - - default default] 10.0.0.139 "GET /v2.0/subnets HTTP/1.1" status: 200 len: 2732 time: 0.0696495
2026-04-23 01:28:43.253 10 INFO neutron.wsgi [None req-a1653217-af91-42b8-a3bd-98d678a9d6db cd81f69b4ce340d986ae745d7df160e7 e5935aaa7e3d4ea5822540b817340386 - - default default] 10.0.0.139 "GET /v2.0/network-ip-availabilities HTTP/1.1" status: 200 len: 2199 time: 0.0190465
2026-04-23 01:28:43.265 10 INFO neutron.db.ovn_revision_numbers_db [None req-cf6414a4-30e0-4e6b-a5a3-dfce29d33029 - - - - - -] Successfully bumped revision number for resource 264e4061-de60-4e2d-ae40-b17f1c6e56d7 (type: ports) to 2
2026-04-23 01:28:43.330 10 INFO neutron.wsgi [None req-eb0674a5-5fb4-486c-9325-a355f3ec56b6 cd81f69b4ce340d986ae745d7df160e7 e5935aaa7e3d4ea5822540b817340386 - - default default] 10.0.0.139 "GET /v2.0/floatingips HTTP/1.1" status: 200 len: 1036 time: 0.0755701
2026-04-23 01:28:43.370 10 WARNING neutron.scheduler.dhcp_agent_scheduler [None req-29dc3937-d544-4fc4-8f54-45f3056e01a3 6f3d1abc4da24bfd8ddf74d58b3baf83 6cde4f68d7704f96aff22add0211ae4f - - default default] No more DHCP agents
2026-04-23 01:28:43.373 10 WARNING neutron.api.rpc.agentnotifiers.dhcp_rpc_agent_api [None req-29dc3937-d544-4fc4-8f54-45f3056e01a3 6f3d1abc4da24bfd8ddf74d58b3baf83 6cde4f68d7704f96aff22add0211ae4f - - default default] Unable to schedule network c2c20274-476f-4978-a5dc-5eb24dc41987: no agents available; will retry on subsequent port and subnet creation events.
2026-04-23 01:28:43.656 10 INFO neutron.wsgi [None req-755be7d4-1f38-437a-982d-66a2b685fdf7 cd81f69b4ce340d986ae745d7df160e7 e5935aaa7e3d4ea5822540b817340386 - - default default] 10.0.0.139 "GET /v2.0/security-groups HTTP/1.1" status: 200 len: 35325 time: 0.3208859
2026-04-23 01:28:43.728 10 INFO neutron.wsgi [None req-9690bd3b-86e5-42a3-8894-55fe88f33182 cd81f69b4ce340d986ae745d7df160e7 e5935aaa7e3d4ea5822540b817340386 - - default default] 10.0.0.139 "GET /v2.0/subnets HTTP/1.1" status: 200 len: 2732 time: 0.0494049
2026-04-23 01:28:43.729 10 INFO neutron.db.ovn_revision_numbers_db [None req-cf6414a4-30e0-4e6b-a5a3-dfce29d33029 - - - - - -] Successfully bumped revision number for resource 264e4061-de60-4e2d-ae40-b17f1c6e56d7 (type: router_ports) to 2
2026-04-23 01:28:43.736 9 INFO neutron.db.ovn_revision_numbers_db [None req-f6c9ee2d-6e8c-413b-9e00-9a26df61fc5c cd81f69b4ce340d986ae745d7df160e7 e5935aaa7e3d4ea5822540b817340386 - - default default] Successfully bumped revision number for resource 264e4061-de60-4e2d-ae40-b17f1c6e56d7 (type: router_ports) to 2
2026-04-23 01:28:43.739 9 INFO neutron.wsgi [None req-f6c9ee2d-6e8c-413b-9e00-9a26df61fc5c cd81f69b4ce340d986ae745d7df160e7 e5935aaa7e3d4ea5822540b817340386 - - default default] 10.0.0.104 "PUT /v2.0/routers/d410c240-15b4-4e6c-a343-1e77fc16acbb/add_router_interface HTTP/1.1" status: 200 len: 503 time: 2.5084167
2026-04-23 01:28:43.752 10 INFO neutron.wsgi [None req-204474a3-5a5e-4eb0-8afb-d14ebe715755 cd81f69b4ce340d986ae745d7df160e7 e5935aaa7e3d4ea5822540b817340386 - - default default] 10.0.0.139 "GET /v2.0/subnetpools HTTP/1.1" status: 200 len: 193 time: 0.0219200
2026-04-23 01:28:43.827 10 INFO neutron.db.ovn_revision_numbers_db [None req-29dc3937-d544-4fc4-8f54-45f3056e01a3 6f3d1abc4da24bfd8ddf74d58b3baf83 6cde4f68d7704f96aff22add0211ae4f - - default default] Successfully bumped revision number for resource 0e6ffadd-fa08-4ce1-9e2f-4d492159dee4 (type: ports) to 1
2026-04-23 01:28:44.368 10 INFO neutron.db.ovn_revision_numbers_db [None req-29dc3937-d544-4fc4-8f54-45f3056e01a3 6f3d1abc4da24bfd8ddf74d58b3baf83 6cde4f68d7704f96aff22add0211ae4f - - default default] Successfully bumped revision number for resource 0e6ffadd-fa08-4ce1-9e2f-4d492159dee4 (type: router_ports) to 1
2026-04-23 01:28:44.431 10 INFO neutron.db.ovn_revision_numbers_db [None req-29dc3937-d544-4fc4-8f54-45f3056e01a3 6f3d1abc4da24bfd8ddf74d58b3baf83 6cde4f68d7704f96aff22add0211ae4f - - default default] Successfully bumped revision number for resource 7c1ca021-0c90-4ef8-896a-e15a3fa4aca1 (type: routers) to 2
2026-04-23 01:28:44.443 10 INFO neutron.wsgi [None req-29dc3937-d544-4fc4-8f54-45f3056e01a3 6f3d1abc4da24bfd8ddf74d58b3baf83 6cde4f68d7704f96aff22add0211ae4f - - default default] 10.0.0.104 "POST /v2.0/routers HTTP/1.1" status: 201 len: 867 time: 2.0987177
2026-04-23 01:28:44.533 10 INFO neutron.wsgi [None req-f8557d37-dcbc-4325-b933-1924c5dc9863 6f3d1abc4da24bfd8ddf74d58b3baf83 6cde4f68d7704f96aff22add0211ae4f - - default default] 10.0.0.104 "GET /v2.0/routers/7c1ca021-0c90-4ef8-896a-e15a3fa4aca1 HTTP/1.1" status: 200 len: 868 time: 0.0852227
2026-04-23 01:28:44.643 10 INFO neutron.wsgi [None req-55b966ed-fbb0-4dc2-9590-b67683a6f022 6f3d1abc4da24bfd8ddf74d58b3baf83 6cde4f68d7704f96aff22add0211ae4f - - default default] 10.0.0.104 "GET /v2.0/routers HTTP/1.1" status: 200 len: 871 time: 0.1046224
2026-04-23 01:28:44.900 10 INFO neutron.db.ovn_revision_numbers_db [None req-dd8ee254-48c0-4482-b03a-3f2f02b8cd34 cd81f69b4ce340d986ae745d7df160e7 e5935aaa7e3d4ea5822540b817340386 - - default default] Successfully bumped revision number for resource 67fdaf0e-6cb1-442d-b398-7abca8980a4a (type: security_groups) to 1
2026-04-23 01:28:44.913 10 INFO neutron.db.ovn_revision_numbers_db [None req-dd8ee254-48c0-4482-b03a-3f2f02b8cd34 cd81f69b4ce340d986ae745d7df160e7 e5935aaa7e3d4ea5822540b817340386 - - default default] Successfully bumped revision number for resource 0fadfd67-dcb5-40bf-be9f-256b898c589f (type: security_group_rules) to 0
2026-04-23 01:28:44.926 10 INFO neutron.db.ovn_revision_numbers_db [None req-dd8ee254-48c0-4482-b03a-3f2f02b8cd34 cd81f69b4ce340d986ae745d7df160e7 e5935aaa7e3d4ea5822540b817340386 - - default default] Successfully bumped revision number for resource 1a4d23ec-5ae9-49d3-b314-d3962fceaf6d (type: security_group_rules) to 0
2026-04-23 01:28:44.939 10 INFO neutron.db.ovn_revision_numbers_db [None req-dd8ee254-48c0-4482-b03a-3f2f02b8cd34 cd81f69b4ce340d986ae745d7df160e7 e5935aaa7e3d4ea5822540b817340386 - - default default] Successfully bumped revision number for resource adabca5f-75e6-4157-a9c2-a34bae484e2f (type: security_group_rules) to 0
2026-04-23 01:28:44.951 10 INFO neutron.db.ovn_revision_numbers_db [None req-dd8ee254-48c0-4482-b03a-3f2f02b8cd34 cd81f69b4ce340d986ae745d7df160e7 e5935aaa7e3d4ea5822540b817340386 - - default default] Successfully bumped revision number for resource f4753f32-e6a0-4303-9155-381502fe8f8c (type: security_group_rules) to 0
2026-04-23 01:28:45.001 10 INFO neutron.db.segments_db [None req-dd8ee254-48c0-4482-b03a-3f2f02b8cd34 cd81f69b4ce340d986ae745d7df160e7 e5935aaa7e3d4ea5822540b817340386 - - default default] Added segment b29f00a9-8ed1-48b6-8d2e-4f4806218490 of type geneve for network 52fe6f95-a8aa-4b38-8c79-b51a2878716a
2026-04-23 01:28:45.089 9 INFO neutron.db.ovn_revision_numbers_db [None req-57001576-fe02-4898-bc9b-02055330c57f 6f3d1abc4da24bfd8ddf74d58b3baf83 6cde4f68d7704f96aff22add0211ae4f - - default default] Successfully bumped revision number for resource 7c1ca021-0c90-4ef8-896a-e15a3fa4aca1 (type: routers) to 3
2026-04-23 01:28:45.093 9 INFO neutron.wsgi [None req-57001576-fe02-4898-bc9b-02055330c57f 6f3d1abc4da24bfd8ddf74d58b3baf83 6cde4f68d7704f96aff22add0211ae4f - - default default] 10.0.0.104 "PUT /v2.0/routers/7c1ca021-0c90-4ef8-896a-e15a3fa4aca1 HTTP/1.1" status: 200 len: 875 time: 0.4441173
2026-04-23 01:28:45.132 10 INFO neutron.db.ovn_revision_numbers_db [None req-dd8ee254-48c0-4482-b03a-3f2f02b8cd34 cd81f69b4ce340d986ae745d7df160e7 e5935aaa7e3d4ea5822540b817340386 - - default default] Successfully bumped revision number for resource 52fe6f95-a8aa-4b38-8c79-b51a2878716a (type: networks) to 1
2026-04-23 01:28:45.168 9 INFO neutron.wsgi [None req-4f00d557-fc6c-4e68-9441-057f398b0381 6f3d1abc4da24bfd8ddf74d58b3baf83 6cde4f68d7704f96aff22add0211ae4f - - default default] 10.0.0.104 "GET /v2.0/routers/7c1ca021-0c90-4ef8-896a-e15a3fa4aca1 HTTP/1.1" status: 200 len: 875 time: 0.0693283
2026-04-23 01:28:45.195 9 INFO neutron.wsgi [None req-339aaf04-09f8-4f44-aa3e-a3414865a88a 6f3d1abc4da24bfd8ddf74d58b3baf83 6cde4f68d7704f96aff22add0211ae4f - - default default] 10.0.0.104 "GET /v2.0/ports?device_id=7c1ca021-0c90-4ef8-896a-e15a3fa4aca1 HTTP/1.1" status: 200 len: 205 time: 0.0215833
2026-04-23 01:28:45.300 9 WARNING neutron.plugins.ml2.drivers.ovn.mech_driver.ovsdb.ovn_client [None req-18b6f71d-ec2c-4757-80ef-0f51bb9302b7 - - - - - -] No port found with ID 48533563-4008-480b-be63-577d9d9626a1: RuntimeError: No port found with ID 48533563-4008-480b-be63-577d9d9626a1
2026-04-23 01:28:45.300 9 INFO neutron.plugins.ml2.drivers.ovn.mech_driver.mech_driver [None req-18b6f71d-ec2c-4757-80ef-0f51bb9302b7 - - - - - -] OVN reports status up for port: 05541e86-7438-4a8f-b324-e48be704b76a
2026-04-23 01:28:45.309 9 INFO neutron.plugins.ml2.plugin [None req-18b6f71d-ec2c-4757-80ef-0f51bb9302b7 - - - - - -] Attempt 1 to provision port 05541e86-7438-4a8f-b324-e48be704b76a
2026-04-23 01:28:45.324 10 WARNING neutron.scheduler.dhcp_agent_scheduler [None req-dd8ee254-48c0-4482-b03a-3f2f02b8cd34 cd81f69b4ce340d986ae745d7df160e7 e5935aaa7e3d4ea5822540b817340386 - - default default] No more DHCP agents
2026-04-23 01:28:45.329 10 WARNING neutron.api.rpc.agentnotifiers.dhcp_rpc_agent_api [None req-dd8ee254-48c0-4482-b03a-3f2f02b8cd34 cd81f69b4ce340d986ae745d7df160e7 e5935aaa7e3d4ea5822540b817340386 - - default default] Unable to schedule network 52fe6f95-a8aa-4b38-8c79-b51a2878716a: no agents available; will retry on subsequent port and subnet creation events.
2026-04-23 01:28:45.424 10 INFO neutron.db.ovn_revision_numbers_db [None req-dd8ee254-48c0-4482-b03a-3f2f02b8cd34 cd81f69b4ce340d986ae745d7df160e7 e5935aaa7e3d4ea5822540b817340386 - - default default] Successfully bumped revision number for resource de5a4336-6e04-406c-9d50-1f387f0eae7e (type: ports) to 1
2026-04-23 01:28:45.448 10 INFO neutron.wsgi [None req-dd8ee254-48c0-4482-b03a-3f2f02b8cd34 cd81f69b4ce340d986ae745d7df160e7 e5935aaa7e3d4ea5822540b817340386 - - default default] 10.0.0.104 "POST /v2.0/networks HTTP/1.1" status: 201 len: 943 time: 0.6789706
2026-04-23 01:28:45.609 9 WARNING neutron.scheduler.dhcp_agent_scheduler [None req-a6b1ea41-bb9c-41b0-8a6f-e54836b942e2 cd81f69b4ce340d986ae745d7df160e7 e5935aaa7e3d4ea5822540b817340386 - - default default] No more DHCP agents
2026-04-23 01:28:45.612 9 WARNING neutron.api.rpc.agentnotifiers.dhcp_rpc_agent_api [None req-a6b1ea41-bb9c-41b0-8a6f-e54836b942e2 cd81f69b4ce340d986ae745d7df160e7 e5935aaa7e3d4ea5822540b817340386 - - default default] Unable to schedule network 52fe6f95-a8aa-4b38-8c79-b51a2878716a: no agents available; will retry on subsequent port and subnet creation events.
2026-04-23 01:28:45.747 10 INFO neutron.wsgi [None req-83e4d11c-229d-4c14-ae13-2ab03a2501a2 6f3d1abc4da24bfd8ddf74d58b3baf83 6cde4f68d7704f96aff22add0211ae4f - - default default] 10.0.0.104 "DELETE /v2.0/routers/7c1ca021-0c90-4ef8-896a-e15a3fa4aca1 HTTP/1.1" status: 204 len: 168 time: 0.5468824
2026-04-23 01:28:45.768 10 INFO neutron.wsgi [None req-4ff755b5-0bc7-4492-8d1d-4b2b428de480 6f3d1abc4da24bfd8ddf74d58b3baf83 6cde4f68d7704f96aff22add0211ae4f - - default default] 10.0.0.104 "GET /v2.0/ports?device_id=7c1ca021-0c90-4ef8-896a-e15a3fa4aca1 HTTP/1.1" status: 200 len: 205 time: 0.0158756
2026-04-23 01:28:45.796 10 INFO neutron.api.v2.resource [None req-906a7e4c-4c2f-4c83-ac33-756d6efec515 6f3d1abc4da24bfd8ddf74d58b3baf83 6cde4f68d7704f96aff22add0211ae4f - - default default] delete failed (client error): The resource could not be found.
2026-04-23 01:28:45.797 10 INFO neutron.wsgi [None req-906a7e4c-4c2f-4c83-ac33-756d6efec515 6f3d1abc4da24bfd8ddf74d58b3baf83 6cde4f68d7704f96aff22add0211ae4f - - default default] 10.0.0.104 "DELETE /v2.0/routers/7c1ca021-0c90-4ef8-896a-e15a3fa4aca1 HTTP/1.1" status: 404 len: 336 time: 0.0240843
2026-04-23 01:28:45.823 10 INFO neutron.wsgi [None req-066fe8f1-37b5-4a22-a11b-06f8be6f6bdb 6f3d1abc4da24bfd8ddf74d58b3baf83 6cde4f68d7704f96aff22add0211ae4f - - default default] 10.0.0.104 "GET /v2.0/ports?device_id=8f2d53d3-ba6e-4ba9-842d-c2a46395d779 HTTP/1.1" status: 200 len: 205 time: 0.0203896
2026-04-23 01:28:45.850 10 INFO neutron.api.v2.resource [None req-724fc8d1-7412-4dd9-a143-8abe85b17bf8 6f3d1abc4da24bfd8ddf74d58b3baf83 6cde4f68d7704f96aff22add0211ae4f - - default default] delete failed (client error): The resource could not be found.
2026-04-23 01:28:45.852 10 INFO neutron.wsgi [None req-724fc8d1-7412-4dd9-a143-8abe85b17bf8 6f3d1abc4da24bfd8ddf74d58b3baf83 6cde4f68d7704f96aff22add0211ae4f - - default default] 10.0.0.104 "DELETE /v2.0/routers/8f2d53d3-ba6e-4ba9-842d-c2a46395d779 HTTP/1.1" status: 404 len: 336 time: 0.0230994
2026-04-23 01:28:45.873 10 INFO neutron.pecan_wsgi.hooks.translation [None req-536f021e-3894-4d14-8cd2-983de47516ab 6f3d1abc4da24bfd8ddf74d58b3baf83 6cde4f68d7704f96aff22add0211ae4f - - default default] DELETE failed (client error): The resource could not be found.
2026-04-23 01:28:45.875 10 INFO neutron.wsgi [None req-536f021e-3894-4d14-8cd2-983de47516ab 6f3d1abc4da24bfd8ddf74d58b3baf83 6cde4f68d7704f96aff22add0211ae4f - - default default] 10.0.0.104 "DELETE /v2.0/subnets/0dfe93c2-8c75-432d-9ac2-34a03453cc7c HTTP/1.1" status: 404 len: 337 time: 0.0182459
2026-04-23 01:28:45.898 10 INFO neutron.wsgi [None req-a6aae1a7-0a78-4b93-92f2-274e6ca1b859 6f3d1abc4da24bfd8ddf74d58b3baf83 6cde4f68d7704f96aff22add0211ae4f - - default default] 10.0.0.104 "GET /v2.0/ports?device_id=8b20ea85-1e9e-4960-8437-0073c772ba8e HTTP/1.1" status: 200 len: 205 time: 0.0183516
2026-04-23 01:28:45.924 10 INFO neutron.api.v2.resource [None req-18c51b96-df93-4f14-8788-71db9d27b221 6f3d1abc4da24bfd8ddf74d58b3baf83 6cde4f68d7704f96aff22add0211ae4f - - default default] delete failed (client error): The resource could not be found.
2026-04-23 01:28:45.925 10 INFO neutron.wsgi [None req-18c51b96-df93-4f14-8788-71db9d27b221 6f3d1abc4da24bfd8ddf74d58b3baf83 6cde4f68d7704f96aff22add0211ae4f - - default default] 10.0.0.104 "DELETE /v2.0/routers/8b20ea85-1e9e-4960-8437-0073c772ba8e HTTP/1.1" status: 404 len: 336 time: 0.0213666
2026-04-23 01:28:45.945 10 INFO neutron.pecan_wsgi.hooks.translation [None req-c68c2f32-03e3-4b22-b7b0-341c9e02e729 6f3d1abc4da24bfd8ddf74d58b3baf83 6cde4f68d7704f96aff22add0211ae4f - - default default] DELETE failed (client error): The resource could not be found.
2026-04-23 01:28:45.947 10 INFO neutron.wsgi [None req-c68c2f32-03e3-4b22-b7b0-341c9e02e729 6f3d1abc4da24bfd8ddf74d58b3baf83 6cde4f68d7704f96aff22add0211ae4f - - default default] 10.0.0.104 "DELETE /v2.0/subnets/fd9b66b1-eb20-4429-9e88-a3f78441f6f0 HTTP/1.1" status: 404 len: 337 time: 0.0170138
2026-04-23 01:28:45.969 10 INFO neutron.wsgi [None req-bb65fd1c-c756-49cf-bf52-8f11c01ad2d9 6f3d1abc4da24bfd8ddf74d58b3baf83 6cde4f68d7704f96aff22add0211ae4f - - default default] 10.0.0.104 "GET /v2.0/ports?device_id=8bd39681-95d2-4abd-97be-36a19339940c HTTP/1.1" status: 200 len: 205 time: 0.0171995
2026-04-23 01:28:45.994 10 INFO neutron.api.v2.resource [None req-210f2ec8-3fc5-4a0d-bf87-6b99d9b51b02 6f3d1abc4da24bfd8ddf74d58b3baf83 6cde4f68d7704f96aff22add0211ae4f - - default default] delete failed (client error): The resource could not be found.
2026-04-23 01:28:45.995 10 INFO neutron.wsgi [None req-210f2ec8-3fc5-4a0d-bf87-6b99d9b51b02 6f3d1abc4da24bfd8ddf74d58b3baf83 6cde4f68d7704f96aff22add0211ae4f - - default default] 10.0.0.104 "DELETE /v2.0/routers/8bd39681-95d2-4abd-97be-36a19339940c HTTP/1.1" status: 404 len: 336 time: 0.0218098
2026-04-23 01:28:46.014 10 INFO neutron.pecan_wsgi.hooks.translation [None req-483cdea1-5924-4341-b037-52f290fb294f 6f3d1abc4da24bfd8ddf74d58b3baf83 6cde4f68d7704f96aff22add0211ae4f - - default default] DELETE failed (client error): The resource could not be found.
2026-04-23 01:28:46.016 10 INFO neutron.wsgi [None req-483cdea1-5924-4341-b037-52f290fb294f 6f3d1abc4da24bfd8ddf74d58b3baf83 6cde4f68d7704f96aff22add0211ae4f - - default default] 10.0.0.104 "DELETE /v2.0/subnets/49842628-f4b0-42c3-bd33-2b7c878a153e HTTP/1.1" status: 404 len: 337 time: 0.0160918
2026-04-23 01:28:46.032 10 INFO neutron.pecan_wsgi.hooks.translation [None req-f3a648b8-b0ba-4c9d-a0ca-f50886e3db45 6f3d1abc4da24bfd8ddf74d58b3baf83 6cde4f68d7704f96aff22add0211ae4f - - default default] DELETE failed (client error): The resource could not be found.
2026-04-23 01:28:46.034 10 INFO neutron.wsgi [None req-f3a648b8-b0ba-4c9d-a0ca-f50886e3db45 6f3d1abc4da24bfd8ddf74d58b3baf83 6cde4f68d7704f96aff22add0211ae4f - - default default] 10.0.0.104 "DELETE /v2.0/subnets/75b2aed2-a32e-433e-b4a9-bd502978d22e HTTP/1.1" status: 404 len: 337 time: 0.0141721
2026-04-23 01:28:46.069 9 INFO neutron.db.ovn_revision_numbers_db [None req-a6b1ea41-bb9c-41b0-8a6f-e54836b942e2 cd81f69b4ce340d986ae745d7df160e7 e5935aaa7e3d4ea5822540b817340386 - - default default] Successfully bumped revision number for resource de5a4336-6e04-406c-9d50-1f387f0eae7e (type: ports) to 2
