2026-04-23 01:26:33.162 10 INFO neutron.db.ovn_revision_numbers_db [None req-14ae3b8a-00c0-4fa8-90dd-fe79647a01d4 10cd4865630240118f95ae590602ba2b 26cda39d76a74161801f1c4228e23ee4 - - default default] Successfully bumped revision number for resource 0f927598-0722-416d-a080-1c2f1d139ecb (type: security_group_rules) to 0
2026-04-23 01:26:33.186 10 INFO neutron.notifiers.nova [-] Nova event matching ['req-0fab9a88-2522-407a-8577-21cb817a57b7'] response: {'name': 'network-changed', 'server_uuid': 'fd75fcfb-7a5e-4300-bf69-0bdc0d6941f7', 'tag': 'f8db4560-7fa7-48e7-ba82-a5d8430a1cb4', 'status': 'completed', 'code': 200}
2026-04-23 01:26:33.224 10 INFO neutron.db.ovn_revision_numbers_db [None req-14ae3b8a-00c0-4fa8-90dd-fe79647a01d4 10cd4865630240118f95ae590602ba2b 26cda39d76a74161801f1c4228e23ee4 - - default default] Successfully bumped revision number for resource 91a3b3db-754e-43bc-babf-34a05e5e8d0d (type: security_group_rules) to 0
2026-04-23 01:26:33.252 10 INFO neutron.db.ovn_revision_numbers_db [None req-14ae3b8a-00c0-4fa8-90dd-fe79647a01d4 10cd4865630240118f95ae590602ba2b 26cda39d76a74161801f1c4228e23ee4 - - default default] Successfully bumped revision number for resource 9680c65c-1579-4382-b22e-61af2dd51946 (type: security_group_rules) to 0
2026-04-23 01:26:33.258 10 INFO neutron.wsgi [req-58d80e1b-fc9d-4333-9c0b-5b8e3c607c00 req-65695aaf-cc19-43aa-b204-9a62f2985691 9a6a79e89edb49438e22b9cd985d8a87 8530f5d1750e47dda86fe21c2b8ff17c - - b40207c8c5154d35bfb0dddc2457a134 b40207c8c5154d35bfb0dddc2457a134] 199.204.45.244 "GET /v2.0/ports?tenant_id=9d112057a9764404990c20bc305580b1&device_id=fd75fcfb-7a5e-4300-bf69-0bdc0d6941f7 HTTP/1.1" status: 200 len: 1413 time: 0.0530260
2026-04-23 01:26:33.291 10 INFO neutron.db.ovn_revision_numbers_db [None req-14ae3b8a-00c0-4fa8-90dd-fe79647a01d4 10cd4865630240118f95ae590602ba2b 26cda39d76a74161801f1c4228e23ee4 - - default default] Successfully bumped revision number for resource 9d246421-944f-409f-b89e-17cff13b3c14 (type: security_group_rules) to 0
2026-04-23 01:26:33.378 10 INFO neutron.db.segments_db [None req-14ae3b8a-00c0-4fa8-90dd-fe79647a01d4 10cd4865630240118f95ae590602ba2b 26cda39d76a74161801f1c4228e23ee4 - - default default] Added segment db693adb-b703-49bc-9c84-6c6fbb1955a3 of type geneve for network 140a4c9c-cf1e-4905-b058-566ea8368167
2026-04-23 01:26:33.401 10 INFO neutron.wsgi [req-58d80e1b-fc9d-4333-9c0b-5b8e3c607c00 req-ef0551bd-afc5-4c33-af46-fc516426102e 9a6a79e89edb49438e22b9cd985d8a87 8530f5d1750e47dda86fe21c2b8ff17c - - b40207c8c5154d35bfb0dddc2457a134 b40207c8c5154d35bfb0dddc2457a134] 199.204.45.244 "GET /v2.0/networks?id=db025a0b-1451-4df7-8bfc-792dc58b7b03 HTTP/1.1" status: 200 len: 967 time: 0.1320951
2026-04-23 01:26:33.403 10 INFO neutron.db.ovn_revision_numbers_db [None req-4673f010-0034-4f11-8053-71085cabdaf4 55c07156c54a4ee6be31ded32f97ff39 587206ece67d4f3a9dfa638d9a4aa195 - - default default] Successfully bumped revision number for resource e48b5aa0-35ad-45ca-9e61-43608203f179 (type: floatingips) to 1
2026-04-23 01:26:33.465 10 INFO neutron.plugins.ml2.drivers.ovn.mech_driver.mech_driver [None req-cf6414a4-30e0-4e6b-a5a3-dfce29d33029 - - - - - -] OVN reports status down for port: f8db4560-7fa7-48e7-ba82-a5d8430a1cb4
2026-04-23 01:26:33.530 10 INFO neutron.wsgi [req-5c30735e-467a-47d8-b479-a663cbc6a187 req-9cdc1b83-e1bd-484c-826e-5fa346df0f2c bdbfff08a2d94cc3bb2f8bf9e1390a87 9d112057a9764404990c20bc305580b1 - - default default] 10.0.0.14 "GET /v2.0/ports?device_id=fd75fcfb-7a5e-4300-bf69-0bdc0d6941f7 HTTP/1.1" status: 200 len: 1174 time: 0.1099355
2026-04-23 01:26:33.539 10 INFO neutron.wsgi [req-58d80e1b-fc9d-4333-9c0b-5b8e3c607c00 req-6308af19-fabb-4963-a86f-4e86754e505f 9a6a79e89edb49438e22b9cd985d8a87 8530f5d1750e47dda86fe21c2b8ff17c - - b40207c8c5154d35bfb0dddc2457a134 b40207c8c5154d35bfb0dddc2457a134] 199.204.45.244 "GET /v2.0/floatingips?fixed_ip_address=10.100.0.13&port_id=f8db4560-7fa7-48e7-ba82-a5d8430a1cb4 HTTP/1.1" status: 200 len: 1060 time: 0.1318333
2026-04-23 01:26:33.634 10 INFO neutron.wsgi [req-58d80e1b-fc9d-4333-9c0b-5b8e3c607c00 req-386e7a94-8192-4f47-8d49-43813969d5b6 9a6a79e89edb49438e22b9cd985d8a87 8530f5d1750e47dda86fe21c2b8ff17c - - b40207c8c5154d35bfb0dddc2457a134 b40207c8c5154d35bfb0dddc2457a134] 199.204.45.244 "GET /v2.0/subnets?id=fa52748e-7302-4edd-8edd-a691f33c18ed HTTP/1.1" status: 200 len: 862 time: 0.0807192
2026-04-23 01:26:33.644 10 INFO neutron.wsgi [req-5c30735e-467a-47d8-b479-a663cbc6a187 req-1d7de215-776f-4a96-9994-1fced47afe65 bdbfff08a2d94cc3bb2f8bf9e1390a87 9d112057a9764404990c20bc305580b1 - - default default] 10.0.0.14 "GET /v2.0/security-groups?id=fe035377-a2ca-4f4f-ace1-9a9246f19156&fields=id&fields=name HTTP/1.1" status: 200 len: 312 time: 0.1027980
2026-04-23 01:26:33.684 10 INFO neutron.wsgi [req-58d80e1b-fc9d-4333-9c0b-5b8e3c607c00 req-d1ce02f0-e5ea-469f-bf93-3a92ece5a120 9a6a79e89edb49438e22b9cd985d8a87 8530f5d1750e47dda86fe21c2b8ff17c - - b40207c8c5154d35bfb0dddc2457a134 b40207c8c5154d35bfb0dddc2457a134] 199.204.45.244 "GET /v2.0/ports?network_id=db025a0b-1451-4df7-8bfc-792dc58b7b03&device_owner=network%3Adhcp HTTP/1.1" status: 200 len: 210 time: 0.0375016
2026-04-23 01:26:33.780 10 INFO neutron.db.ovn_revision_numbers_db [None req-14ae3b8a-00c0-4fa8-90dd-fe79647a01d4 10cd4865630240118f95ae590602ba2b 26cda39d76a74161801f1c4228e23ee4 - - default default] Successfully bumped revision number for resource 140a4c9c-cf1e-4905-b058-566ea8368167 (type: networks) to 1
2026-04-23 01:26:33.785 10 INFO neutron.db.ovn_revision_numbers_db [None req-4673f010-0034-4f11-8053-71085cabdaf4 55c07156c54a4ee6be31ded32f97ff39 587206ece67d4f3a9dfa638d9a4aa195 - - default default] Successfully bumped revision number for resource e48b5aa0-35ad-45ca-9e61-43608203f179 (type: floatingips) to 2
2026-04-23 01:26:33.840 10 INFO neutron.wsgi [None req-4673f010-0034-4f11-8053-71085cabdaf4 55c07156c54a4ee6be31ded32f97ff39 587206ece67d4f3a9dfa638d9a4aa195 - - default default] 10.0.0.104 "PUT /v2.0/floatingips/e48b5aa0-35ad-45ca-9e61-43608203f179 HTTP/1.1" status: 200 len: 1049 time: 1.2291803
2026-04-23 01:26:33.846 10 INFO neutron.wsgi [req-58d80e1b-fc9d-4333-9c0b-5b8e3c607c00 req-d29d5f7f-1214-4127-8360-174c3f4d237b 9a6a79e89edb49438e22b9cd985d8a87 8530f5d1750e47dda86fe21c2b8ff17c - - b40207c8c5154d35bfb0dddc2457a134 b40207c8c5154d35bfb0dddc2457a134] 199.204.45.244 "GET /v2.0/networks/db025a0b-1451-4df7-8bfc-792dc58b7b03?fields=segments HTTP/1.1" status: 200 len: 212 time: 0.1536329
2026-04-23 01:26:33.889 9 INFO neutron.wsgi [req-85895ace-5f78-4be4-9ad8-4a36d238550b req-a4c08a42-68e1-4ed9-9498-87e679518a34 bdbfff08a2d94cc3bb2f8bf9e1390a87 9d112057a9764404990c20bc305580b1 - - default default] 199.204.45.244 "GET /v2.0/ports?device_id=fd75fcfb-7a5e-4300-bf69-0bdc0d6941f7 HTTP/1.1" status: 200 len: 1172 time: 0.1132596
2026-04-23 01:26:33.953 10 INFO neutron.wsgi [req-4c35ca26-3822-49a7-95d3-67413357f453 req-ad65e77e-6e57-429b-bc5d-83f945d35419 55c07156c54a4ee6be31ded32f97ff39 587206ece67d4f3a9dfa638d9a4aa195 - - default default] 10.0.0.14 "GET /v2.0/ports?device_id=3c0c7bc9-05a7-4a88-98ed-8728e98ff1cb HTTP/1.1" status: 200 len: 1170 time: 0.0699158
2026-04-23 01:26:33.973 10 INFO neutron.wsgi [req-58d80e1b-fc9d-4333-9c0b-5b8e3c607c00 req-f03429d8-a42e-4a55-bb40-11f934cd6925 9a6a79e89edb49438e22b9cd985d8a87 8530f5d1750e47dda86fe21c2b8ff17c - - b40207c8c5154d35bfb0dddc2457a134 b40207c8c5154d35bfb0dddc2457a134] 199.204.45.244 "GET /v2.0/networks/db025a0b-1451-4df7-8bfc-792dc58b7b03?fields=provider%3Aphysical_network&fields=provider%3Anetwork_type HTTP/1.1" status: 200 len: 277 time: 0.1233947
2026-04-23 01:26:34.044 10 INFO neutron.wsgi [req-4c35ca26-3822-49a7-95d3-67413357f453 req-841bbbb8-939e-497b-bb73-2a1e4d96b6b9 55c07156c54a4ee6be31ded32f97ff39 587206ece67d4f3a9dfa638d9a4aa195 - - default default] 10.0.0.14 "GET /v2.0/security-groups?id=9a8a3aa1-1128-4f70-b29a-59abf1a39237&fields=id&fields=name HTTP/1.1" status: 200 len: 312 time: 0.0788977
2026-04-23 01:26:34.078 10 INFO neutron.db.ovn_revision_numbers_db [None req-cf6414a4-30e0-4e6b-a5a3-dfce29d33029 - - - - - -] Successfully bumped revision number for resource f8db4560-7fa7-48e7-ba82-a5d8430a1cb4 (type: ports) to 5
2026-04-23 01:26:34.092 10 WARNING neutron.scheduler.dhcp_agent_scheduler [None req-14ae3b8a-00c0-4fa8-90dd-fe79647a01d4 10cd4865630240118f95ae590602ba2b 26cda39d76a74161801f1c4228e23ee4 - - default default] No more DHCP agents
2026-04-23 01:26:34.096 10 WARNING neutron.api.rpc.agentnotifiers.dhcp_rpc_agent_api [None req-14ae3b8a-00c0-4fa8-90dd-fe79647a01d4 10cd4865630240118f95ae590602ba2b 26cda39d76a74161801f1c4228e23ee4 - - default default] Unable to schedule network 140a4c9c-cf1e-4905-b058-566ea8368167: no agents available; will retry on subsequent port and subnet creation events.
2026-04-23 01:26:34.217 10 INFO neutron.db.ovn_revision_numbers_db [None req-14ae3b8a-00c0-4fa8-90dd-fe79647a01d4 10cd4865630240118f95ae590602ba2b 26cda39d76a74161801f1c4228e23ee4 - - default default] Successfully bumped revision number for resource e046c170-fc79-4e90-aba0-98536da842d7 (type: ports) to 1
2026-04-23 01:26:34.251 10 INFO neutron.wsgi [None req-14ae3b8a-00c0-4fa8-90dd-fe79647a01d4 10cd4865630240118f95ae590602ba2b 26cda39d76a74161801f1c4228e23ee4 - - default default] 10.0.0.104 "POST /v2.0/networks HTTP/1.1" status: 201 len: 843 time: 1.6067872 /var/lib/openstack/lib/python3.10/site-packages/pycadf/identifier.py:71: UserWarning: Invalid uuid: neutron. To ensure interoperability, identifiers should be a valid uuid. warnings.warn(('Invalid uuid: %s. To ensure interoperability, '
2026-04-23 01:26:34.288 9 INFO neutron.db.l3_db [req-85895ace-5f78-4be4-9ad8-4a36d238550b req-a77d1b54-c84d-4858-bc08-6fa3d64da090 bdbfff08a2d94cc3bb2f8bf9e1390a87 9d112057a9764404990c20bc305580b1 - - default default] Floating IP 0faad228-a3b2-44b7-96cd-0c1b1c063976 disassociated. External IP: 10.96.250.207, port: f8db4560-7fa7-48e7-ba82-a5d8430a1cb4.
2026-04-23 01:26:34.344 10 INFO neutron.plugins.ml2.drivers.ovn.mech_driver.mech_driver [None req-cf6414a4-30e0-4e6b-a5a3-dfce29d33029 - - - - - -] OVN reports status down for port: ec59df12-e153-4299-984f-b8ecdec058cf
2026-04-23 01:26:34.352 9 WARNING neutron.plugins.ml2.drivers.ovn.mech_driver.ovsdb.ovn_client [None req-18b6f71d-ec2c-4757-80ef-0f51bb9302b7 - - - - - -] No hosting information found for port 77c3f3fb-1753-4141-ae48-d0833616c91d: RuntimeError: No hosting information found for port 77c3f3fb-1753-4141-ae48-d0833616c91d
2026-04-23 01:26:34.390 10 INFO neutron.wsgi [req-cd1d8c49-6814-4bc5-bf6b-bf41d033de67 req-ddbe5bfe-933c-4901-b639-f8b150f19557 55c07156c54a4ee6be31ded32f97ff39 587206ece67d4f3a9dfa638d9a4aa195 - - default default] 10.0.0.14 "GET /v2.0/ports?device_id=3c0c7bc9-05a7-4a88-98ed-8728e98ff1cb HTTP/1.1" status: 200 len: 1170 time: 0.0614307
2026-04-23 01:26:34.483 10 INFO neutron.wsgi [req-cd1d8c49-6814-4bc5-bf6b-bf41d033de67 req-a69a6fef-66a1-4c4f-9080-c4f0ad8449a1 55c07156c54a4ee6be31ded32f97ff39 587206ece67d4f3a9dfa638d9a4aa195 - - default default] 10.0.0.14 "GET /v2.0/security-groups?id=9a8a3aa1-1128-4f70-b29a-59abf1a39237&fields=id&fields=name HTTP/1.1" status: 200 len: 312 time: 0.0789206
2026-04-23 01:26:34.561 9 INFO neutron.wsgi [req-85895ace-5f78-4be4-9ad8-4a36d238550b req-a77d1b54-c84d-4858-bc08-6fa3d64da090 bdbfff08a2d94cc3bb2f8bf9e1390a87 9d112057a9764404990c20bc305580b1 - - default default] 199.204.45.244 "DELETE /v2.0/ports/f8db4560-7fa7-48e7-ba82-a5d8430a1cb4 HTTP/1.1" status: 204 len: 173 time: 0.6691020
2026-04-23 01:26:34.598 9 INFO neutron.notifiers.nova [-] Nova event matching ['req-b10e86de-37a2-4172-91c2-61b9289465b6'] response: {'server_uuid': 'fd75fcfb-7a5e-4300-bf69-0bdc0d6941f7', 'name': 'network-vif-deleted', 'tag': 'f8db4560-7fa7-48e7-ba82-a5d8430a1cb4', 'status': 'completed', 'code': 200} /var/lib/openstack/lib/python3.10/site-packages/pycadf/identifier.py:71: UserWarning: Invalid uuid: neutron. To ensure interoperability, identifiers should be a valid uuid. warnings.warn(('Invalid uuid: %s. To ensure interoperability, '
2026-04-23 01:26:34.791 9 INFO neutron.wsgi [req-c13b3b1b-854d-4fcb-83ea-80c613b2a96c req-fc7d4096-cec2-4f0f-975d-a9f4a153645c 55c07156c54a4ee6be31ded32f97ff39 587206ece67d4f3a9dfa638d9a4aa195 - - default default] 199.204.45.244 "GET /v2.0/ports?device_id=3c0c7bc9-05a7-4a88-98ed-8728e98ff1cb HTTP/1.1" status: 200 len: 1168 time: 0.1199422
2026-04-23 01:26:34.809 10 INFO neutron.wsgi [req-86bfe263-422a-494b-b1c9-bfdafb9fcd27 req-3daf3607-5628-4a79-af07-b7f54d492916 bdbfff08a2d94cc3bb2f8bf9e1390a87 9d112057a9764404990c20bc305580b1 - - default default] 10.0.0.14 "GET /v2.0/ports?device_id=fd75fcfb-7a5e-4300-bf69-0bdc0d6941f7 HTTP/1.1" status: 200 len: 210 time: 0.0282919
2026-04-23 01:26:34.899 10 WARNING neutron.scheduler.dhcp_agent_scheduler [None req-fe6e1ea8-fa69-4331-abf0-2e178880bcfa 10cd4865630240118f95ae590602ba2b 26cda39d76a74161801f1c4228e23ee4 - - default default] No more DHCP agents
2026-04-23 01:26:34.902 10 WARNING neutron.api.rpc.agentnotifiers.dhcp_rpc_agent_api [None req-fe6e1ea8-fa69-4331-abf0-2e178880bcfa 10cd4865630240118f95ae590602ba2b 26cda39d76a74161801f1c4228e23ee4 - - default default] Unable to schedule network 140a4c9c-cf1e-4905-b058-566ea8368167: no agents available; will retry on subsequent port and subnet creation events.
2026-04-23 01:26:35.027 10 INFO neutron.db.ovn_revision_numbers_db [None req-cf6414a4-30e0-4e6b-a5a3-dfce29d33029 - - - - - -] Successfully bumped revision number for resource ec59df12-e153-4299-984f-b8ecdec058cf (type: ports) to 5
2026-04-23 01:26:35.109 9 INFO neutron.db.l3_db [req-c13b3b1b-854d-4fcb-83ea-80c613b2a96c req-ecaa773d-8dac-4015-bb41-53c448480799 55c07156c54a4ee6be31ded32f97ff39 587206ece67d4f3a9dfa638d9a4aa195 - - default default] Floating IP e48b5aa0-35ad-45ca-9e61-43608203f179 disassociated. External IP: 10.96.250.220, port: ec59df12-e153-4299-984f-b8ecdec058cf.
2026-04-23 01:26:35.228 10 INFO neutron.notifiers.nova [-] Nova event matching ['req-2814566b-63c3-4094-845e-7ee378fa65c5'] response: {'server_uuid': 'fd75fcfb-7a5e-4300-bf69-0bdc0d6941f7', 'name': 'network-vif-unplugged', 'status': 'completed', 'tag': 'f8db4560-7fa7-48e7-ba82-a5d8430a1cb4', 'code': 200}
2026-04-23 01:26:35.228 10 INFO neutron.notifiers.nova [-] Nova event matching ['req-2814566b-63c3-4094-845e-7ee378fa65c5'] response: {'name': 'network-changed', 'server_uuid': '3c0c7bc9-05a7-4a88-98ed-8728e98ff1cb', 'tag': 'ec59df12-e153-4299-984f-b8ecdec058cf', 'status': 'completed', 'code': 200}
2026-04-23 01:26:35.228 10 INFO neutron.notifiers.nova [-] Nova event matching ['req-2814566b-63c3-4094-845e-7ee378fa65c5'] response: {'server_uuid': 'fd75fcfb-7a5e-4300-bf69-0bdc0d6941f7', 'name': 'network-vif-plugged', 'status': 'completed', 'tag': 'f8db4560-7fa7-48e7-ba82-a5d8430a1cb4', 'code': 200}
2026-04-23 01:26:35.228 10 INFO neutron.notifiers.nova [-] Nova event matching ['req-2814566b-63c3-4094-845e-7ee378fa65c5'] response: {'server_uuid': '3c0c7bc9-05a7-4a88-98ed-8728e98ff1cb', 'name': 'network-vif-unplugged', 'status': 'completed', 'tag': 'ec59df12-e153-4299-984f-b8ecdec058cf', 'code': 200}
2026-04-23 01:26:35.228 10 INFO neutron.notifiers.nova [-] Nova event matching ['req-2814566b-63c3-4094-845e-7ee378fa65c5'] response: {'server_uuid': '3c0c7bc9-05a7-4a88-98ed-8728e98ff1cb', 'name': 'network-vif-plugged', 'status': 'completed', 'tag': 'ec59df12-e153-4299-984f-b8ecdec058cf', 'code': 200} /var/lib/openstack/lib/python3.10/site-packages/pycadf/identifier.py:71: UserWarning: Invalid uuid: neutron. To ensure interoperability, identifiers should be a valid uuid. warnings.warn(('Invalid uuid: %s. To ensure interoperability, '
2026-04-23 01:26:35.274 10 INFO neutron.wsgi [req-a78247f7-6e70-46b5-9bbc-5e2dd313bbb5 req-2911b24e-08f2-4f53-be6e-ebb3bb30f3c0 9a6a79e89edb49438e22b9cd985d8a87 8530f5d1750e47dda86fe21c2b8ff17c - - b40207c8c5154d35bfb0dddc2457a134 b40207c8c5154d35bfb0dddc2457a134] 199.204.45.244 "GET /v2.0/ports?tenant_id=587206ece67d4f3a9dfa638d9a4aa195&device_id=3c0c7bc9-05a7-4a88-98ed-8728e98ff1cb HTTP/1.1" status: 200 len: 210 time: 0.0191245
2026-04-23 01:26:35.304 9 INFO neutron.wsgi [req-c13b3b1b-854d-4fcb-83ea-80c613b2a96c req-ecaa773d-8dac-4015-bb41-53c448480799 55c07156c54a4ee6be31ded32f97ff39 587206ece67d4f3a9dfa638d9a4aa195 - - default default] 199.204.45.244 "DELETE /v2.0/ports/ec59df12-e153-4299-984f-b8ecdec058cf HTTP/1.1" status: 204 len: 173 time: 0.5087712
2026-04-23 01:26:35.435 10 INFO neutron.db.ovn_revision_numbers_db [None req-fe6e1ea8-fa69-4331-abf0-2e178880bcfa 10cd4865630240118f95ae590602ba2b 26cda39d76a74161801f1c4228e23ee4 - - default default] Successfully bumped revision number for resource e046c170-fc79-4e90-aba0-98536da842d7 (type: ports) to 2
2026-04-23 01:26:35.470 10 INFO neutron.db.ovn_revision_numbers_db [None req-fe6e1ea8-fa69-4331-abf0-2e178880bcfa 10cd4865630240118f95ae590602ba2b 26cda39d76a74161801f1c4228e23ee4 - - default default] Successfully bumped revision number for resource 037fcd29-f839-4203-b652-494c84f5ca51 (type: subnets) to 0
2026-04-23 01:26:35.487 10 INFO neutron.wsgi [None req-fe6e1ea8-fa69-4331-abf0-2e178880bcfa 10cd4865630240118f95ae590602ba2b 26cda39d76a74161801f1c4228e23ee4 - - default default] 10.0.0.104 "POST /v2.0/subnets HTTP/1.1" status: 201 len: 816 time: 1.2022822
2026-04-23 01:26:35.581 10 INFO neutron.wsgi [req-73a9a50a-5eb1-4fc0-95da-cb3b579b21ad req-87222c6f-aca2-4023-b654-d276e0876450 55c07156c54a4ee6be31ded32f97ff39 587206ece67d4f3a9dfa638d9a4aa195 - - default default] 10.0.0.14 "GET /v2.0/ports?device_id=3c0c7bc9-05a7-4a88-98ed-8728e98ff1cb HTTP/1.1" status: 200 len: 210 time: 0.0221865
2026-04-23 01:26:35.582 10 INFO neutron.db.segments_db [None req-284fee33-df60-4763-91c8-98c9d23f5e49 10cd4865630240118f95ae590602ba2b 26cda39d76a74161801f1c4228e23ee4 - - default default] Added segment bb955f18-8fa4-4649-b6e2-0e5e629ebecb of type geneve for network 76dc7aed-36de-4038-841e-79e137b5c008
2026-04-23 01:26:35.721 10 INFO neutron.db.ovn_revision_numbers_db [None req-284fee33-df60-4763-91c8-98c9d23f5e49 10cd4865630240118f95ae590602ba2b 26cda39d76a74161801f1c4228e23ee4 - - default default] Successfully bumped revision number for resource 76dc7aed-36de-4038-841e-79e137b5c008 (type: networks) to 1
2026-04-23 01:26:35.773 10 INFO neutron.wsgi [-] 10.0.0.121 "GET / HTTP/1.1" status: 200 len: 247 time: 0.0018744
2026-04-23 01:26:35.776 9 INFO neutron.wsgi [-] 10.0.0.121 "GET / HTTP/1.1" status: 200 len: 247 time: 0.0047181
2026-04-23 01:26:35.896 10 WARNING neutron.scheduler.dhcp_agent_scheduler [None req-284fee33-df60-4763-91c8-98c9d23f5e49 10cd4865630240118f95ae590602ba2b 26cda39d76a74161801f1c4228e23ee4 - - default default] No more DHCP agents
2026-04-23 01:26:35.899 10 WARNING neutron.api.rpc.agentnotifiers.dhcp_rpc_agent_api [None req-284fee33-df60-4763-91c8-98c9d23f5e49 10cd4865630240118f95ae590602ba2b 26cda39d76a74161801f1c4228e23ee4 - - default default] Unable to schedule network 76dc7aed-36de-4038-841e-79e137b5c008: no agents available; will retry on subsequent port and subnet creation events. /var/lib/openstack/lib/python3.10/site-packages/pycadf/identifier.py:71: UserWarning: Invalid uuid: neutron. To ensure interoperability, identifiers should be a valid uuid. warnings.warn(('Invalid uuid: %s. To ensure interoperability, '
2026-04-23 01:26:35.978 10 INFO neutron.db.ovn_revision_numbers_db [None req-284fee33-df60-4763-91c8-98c9d23f5e49 10cd4865630240118f95ae590602ba2b 26cda39d76a74161801f1c4228e23ee4 - - default default] Successfully bumped revision number for resource d76d7172-8f11-4b2c-bfd5-2c6b58800ca3 (type: ports) to 1
2026-04-23 01:26:36.001 10 INFO neutron.wsgi [None req-284fee33-df60-4763-91c8-98c9d23f5e49 10cd4865630240118f95ae590602ba2b 26cda39d76a74161801f1c4228e23ee4 - - default default] 10.0.0.104 "POST /v2.0/networks HTTP/1.1" status: 201 len: 843 time: 0.5065598
2026-04-23 01:26:36.057 9 INFO neutron.wsgi [None req-fe618fa5-fa24-4e71-96c4-6a5ea6a03842 bdbfff08a2d94cc3bb2f8bf9e1390a87 9d112057a9764404990c20bc305580b1 - - default default] 10.0.0.104 "DELETE /v2.0/security-groups/fe035377-a2ca-4f4f-ace1-9a9246f19156 HTTP/1.1" status: 204 len: 168 time: 0.1372581
2026-04-23 01:26:36.078 10 INFO neutron.api.v2.resource [None req-37df7b58-2910-4b05-b2fb-cb1f79740105 bdbfff08a2d94cc3bb2f8bf9e1390a87 9d112057a9764404990c20bc305580b1 - - default default] show failed (client error): The resource could not be found.
2026-04-23 01:26:36.080 10 INFO neutron.wsgi [None req-37df7b58-2910-4b05-b2fb-cb1f79740105 bdbfff08a2d94cc3bb2f8bf9e1390a87 9d112057a9764404990c20bc305580b1 - - default default] 10.0.0.104 "GET /v2.0/security-groups/fe035377-a2ca-4f4f-ace1-9a9246f19156 HTTP/1.1" status: 404 len: 347 time: 0.0159814
2026-04-23 01:26:36.215 9 INFO neutron.db.ovn_revision_numbers_db [None req-ef5b285e-92bd-4ea4-a66f-0633a3b7380a 10cd4865630240118f95ae590602ba2b 26cda39d76a74161801f1c4228e23ee4 - - default default] Successfully bumped revision number for resource 76dc7aed-36de-4038-841e-79e137b5c008 (type: networks) to 2
2026-04-23 01:26:36.218 9 INFO neutron.wsgi [None req-ef5b285e-92bd-4ea4-a66f-0633a3b7380a 10cd4865630240118f95ae590602ba2b 26cda39d76a74161801f1c4228e23ee4 - - default default] 10.0.0.104 "PUT /v2.0/networks/76dc7aed-36de-4038-841e-79e137b5c008 HTTP/1.1" status: 200 len: 792 time: 0.2105780
2026-04-23 01:26:36.221 9 INFO neutron.wsgi [req-1daffb12-731f-4ba0-980c-bc5920b6626a req-aa2b7062-5ac1-4f2b-a5ab-a7ffd7f11f1a 9a6a79e89edb49438e22b9cd985d8a87 8530f5d1750e47dda86fe21c2b8ff17c - - b40207c8c5154d35bfb0dddc2457a134 b40207c8c5154d35bfb0dddc2457a134] 199.204.45.244 "GET /v2.0/ports?device_id=e2da96fc-322c-445a-97ba-1722980f0628&fields=binding%3Ahost_id&fields=binding%3Avif_type HTTP/1.1" status: 200 len: 265 time: 0.0386071
2026-04-23 01:26:36.457 10 INFO neutron.wsgi [None req-201b0cb2-404e-4294-9a04-26c223cd76e5 bdbfff08a2d94cc3bb2f8bf9e1390a87 9d112057a9764404990c20bc305580b1 - - default default] 10.0.0.104 "DELETE /v2.0/floatingips/0faad228-a3b2-44b7-96cd-0c1b1c063976 HTTP/1.1" status: 204 len: 168 time: 0.3732526
2026-04-23 01:26:36.479 9 INFO neutron.wsgi [req-1daffb12-731f-4ba0-980c-bc5920b6626a req-c4df5a01-abdb-4ea9-a990-db61cc8f0b68 9a6a79e89edb49438e22b9cd985d8a87 8530f5d1750e47dda86fe21c2b8ff17c - - b40207c8c5154d35bfb0dddc2457a134 b40207c8c5154d35bfb0dddc2457a134] 199.204.45.244 "GET /v2.0/ports?tenant_id=49cd454193fe4e69936fb9da332e685a&device_id=e2da96fc-322c-445a-97ba-1722980f0628 HTTP/1.1" status: 200 len: 1409 time: 0.0353999
2026-04-23 01:26:36.582 9 INFO neutron.wsgi [req-1daffb12-731f-4ba0-980c-bc5920b6626a req-e056e74f-4a82-4e11-91c5-2e4974ba904f 9a6a79e89edb49438e22b9cd985d8a87 8530f5d1750e47dda86fe21c2b8ff17c - - b40207c8c5154d35bfb0dddc2457a134 b40207c8c5154d35bfb0dddc2457a134] 199.204.45.244 "GET /v2.0/networks?id=e1d5683d-e8b1-4138-86d2-52130a869a9b HTTP/1.1" status: 200 len: 982 time: 0.0850694
2026-04-23 01:26:36.640 9 INFO neutron.notifiers.nova [-] Nova event matching ['req-94bf7c39-7b2f-4e19-a6c8-d963376ff432'] response: {'server_uuid': '3c0c7bc9-05a7-4a88-98ed-8728e98ff1cb', 'name': 'network-vif-deleted', 'tag': 'ec59df12-e153-4299-984f-b8ecdec058cf', 'status': 'completed', 'code': 200}
2026-04-23 01:26:36.656 9 INFO neutron.wsgi [req-1daffb12-731f-4ba0-980c-bc5920b6626a req-7c24f80f-6d1e-4d63-9d0a-6879b865425a 9a6a79e89edb49438e22b9cd985d8a87 8530f5d1750e47dda86fe21c2b8ff17c - - b40207c8c5154d35bfb0dddc2457a134 b40207c8c5154d35bfb0dddc2457a134] 199.204.45.244 "GET /v2.0/floatingips?fixed_ip_address=10.100.0.8&port_id=88d432f6-0597-436b-b48b-ae755951c917 HTTP/1.1" status: 200 len: 1059 time: 0.0678089
2026-04-23 01:26:36.719 9 INFO neutron.wsgi [req-1daffb12-731f-4ba0-980c-bc5920b6626a req-87eb1c4e-7fb2-4180-94f8-d5dbbe37bcad 9a6a79e89edb49438e22b9cd985d8a87 8530f5d1750e47dda86fe21c2b8ff17c - - b40207c8c5154d35bfb0dddc2457a134 b40207c8c5154d35bfb0dddc2457a134] 199.204.45.244 "GET /v2.0/subnets?id=081f34a2-7ea6-4f1a-8640-d665791e1b3b HTTP/1.1" status: 200 len: 877 time: 0.0465486
2026-04-23 01:26:36.762 9 WARNING neutron.scheduler.dhcp_agent_scheduler [None req-0d064539-4f05-4b15-92ce-ebc77636324a 10cd4865630240118f95ae590602ba2b 26cda39d76a74161801f1c4228e23ee4 - - default default] No more DHCP agents
2026-04-23 01:26:36.764 9 INFO neutron.wsgi [req-1daffb12-731f-4ba0-980c-bc5920b6626a req-2934b5ee-d831-40b3-bf41-3db11533c6be 9a6a79e89edb49438e22b9cd985d8a87 8530f5d1750e47dda86fe21c2b8ff17c - - b40207c8c5154d35bfb0dddc2457a134 b40207c8c5154d35bfb0dddc2457a134] 199.204.45.244 "GET /v2.0/ports?network_id=e1d5683d-e8b1-4138-86d2-52130a869a9b&device_owner=network%3Adhcp HTTP/1.1" status: 200 len: 210 time: 0.0350723
2026-04-23 01:26:36.767 9 WARNING neutron.api.rpc.agentnotifiers.dhcp_rpc_agent_api [None req-0d064539-4f05-4b15-92ce-ebc77636324a 10cd4865630240118f95ae590602ba2b 26cda39d76a74161801f1c4228e23ee4 - - default default] Unable to schedule network 76dc7aed-36de-4038-841e-79e137b5c008: no agents available; will retry on subsequent port and subnet creation events.
2026-04-23 01:26:36.856 9 INFO neutron.wsgi [req-1daffb12-731f-4ba0-980c-bc5920b6626a req-768ffb6c-533e-4cb0-804b-db8bbd2b6191 9a6a79e89edb49438e22b9cd985d8a87 8530f5d1750e47dda86fe21c2b8ff17c - - b40207c8c5154d35bfb0dddc2457a134 b40207c8c5154d35bfb0dddc2457a134] 199.204.45.244 "GET /v2.0/networks/e1d5683d-e8b1-4138-86d2-52130a869a9b?fields=segments HTTP/1.1" status: 200 len: 212 time: 0.0857646
2026-04-23 01:26:36.926 9 INFO neutron.wsgi [None req-b449087c-7ee3-404c-90f7-01bd6f4ed27d 55c07156c54a4ee6be31ded32f97ff39 587206ece67d4f3a9dfa638d9a4aa195 - - default default] 10.0.0.104 "DELETE /v2.0/security-groups/9a8a3aa1-1128-4f70-b29a-59abf1a39237 HTTP/1.1" status: 204 len: 168 time: 0.2659090
2026-04-23 01:26:36.948 10 INFO neutron.api.v2.resource [None req-449f84a4-1752-47ba-af1b-1f141c6e38a9 55c07156c54a4ee6be31ded32f97ff39 587206ece67d4f3a9dfa638d9a4aa195 - - default default] show failed (client error): The resource could not be found.
2026-04-23 01:26:36.949 10 INFO neutron.wsgi [None req-449f84a4-1752-47ba-af1b-1f141c6e38a9 55c07156c54a4ee6be31ded32f97ff39 587206ece67d4f3a9dfa638d9a4aa195 - - default default] 10.0.0.104 "GET /v2.0/security-groups/9a8a3aa1-1128-4f70-b29a-59abf1a39237 HTTP/1.1" status: 404 len: 347 time: 0.0112996
2026-04-23 01:26:36.949 9 INFO neutron.wsgi [req-1daffb12-731f-4ba0-980c-bc5920b6626a req-7fb42c7c-096c-4a00-8009-3e03178cb773 9a6a79e89edb49438e22b9cd985d8a87 8530f5d1750e47dda86fe21c2b8ff17c - - b40207c8c5154d35bfb0dddc2457a134 b40207c8c5154d35bfb0dddc2457a134] 199.204.45.244 "GET /v2.0/networks/e1d5683d-e8b1-4138-86d2-52130a869a9b?fields=provider%3Aphysical_network&fields=provider%3Anetwork_type HTTP/1.1" status: 200 len: 277 time: 0.0854430
2026-04-23 01:26:37.316 9 INFO neutron.db.ovn_revision_numbers_db [None req-0d064539-4f05-4b15-92ce-ebc77636324a 10cd4865630240118f95ae590602ba2b 26cda39d76a74161801f1c4228e23ee4 - - default default] Successfully bumped revision number for resource d76d7172-8f11-4b2c-bfd5-2c6b58800ca3 (type: ports) to 2
2026-04-23 01:26:37.350 9 INFO neutron.db.ovn_revision_numbers_db [None req-0d064539-4f05-4b15-92ce-ebc77636324a 10cd4865630240118f95ae590602ba2b 26cda39d76a74161801f1c4228e23ee4 - - default default] Successfully bumped revision number for resource 8a6db6b9-a60d-410b-aea1-736656c231c7 (type: subnets) to 0
2026-04-23 01:26:37.354 10 INFO neutron.wsgi [None req-a8ee79a6-94aa-498d-80d3-bcda307ca52e 55c07156c54a4ee6be31ded32f97ff39 587206ece67d4f3a9dfa638d9a4aa195 - - default default] 10.0.0.104 "DELETE /v2.0/floatingips/e48b5aa0-35ad-45ca-9e61-43608203f179 HTTP/1.1" status: 204 len: 168 time: 0.4002111
2026-04-23 01:26:37.372 9 INFO neutron.wsgi [None req-0d064539-4f05-4b15-92ce-ebc77636324a 10cd4865630240118f95ae590602ba2b 26cda39d76a74161801f1c4228e23ee4 - - default default] 10.0.0.104 "POST /v2.0/subnets HTTP/1.1" status: 201 len: 801 time: 1.1481619
2026-04-23 01:26:37.655 9 INFO neutron.db.ovn_revision_numbers_db [None req-5eb8191e-c78d-460c-a3e1-5446d63a8ad8 10cd4865630240118f95ae590602ba2b 26cda39d76a74161801f1c4228e23ee4 - - default default] Successfully bumped revision number for resource 8a6db6b9-a60d-410b-aea1-736656c231c7 (type: subnets) to 1
2026-04-23 01:26:37.658 9 INFO neutron.wsgi [None req-5eb8191e-c78d-460c-a3e1-5446d63a8ad8 10cd4865630240118f95ae590602ba2b 26cda39d76a74161801f1c4228e23ee4 - - default default] 10.0.0.104 "PUT /v2.0/subnets/8a6db6b9-a60d-410b-aea1-736656c231c7 HTTP/1.1" status: 200 len: 806 time: 0.2809701
2026-04-23 01:26:37.894 10 INFO neutron.wsgi [None req-52e5adba-2a3a-46f5-b2cf-46cb601f8fa0 cd81f69b4ce340d986ae745d7df160e7 e5935aaa7e3d4ea5822540b817340386 - - default default] 10.0.0.104 "PUT /v2.0/routers/a0597426-d94f-480f-b5c3-90962512ae7d/remove_router_interface HTTP/1.1" status: 200 len: 503 time: 1.4288874
2026-04-23 01:26:38.254 9 INFO neutron.services.segments.plugin [-] Segment bb955f18-8fa4-4649-b6e2-0e5e629ebecb resource provider aggregate not found
2026-04-23 01:26:38.258 9 INFO neutron.services.segments.plugin [-] Segment bb955f18-8fa4-4649-b6e2-0e5e629ebecb resource provider aggregate not found
2026-04-23 01:26:38.277 9 INFO neutron.services.segments.plugin [-] Segment bb955f18-8fa4-4649-b6e2-0e5e629ebecb resource provider not found; error: Placement Client Error (4xx): {"errors": [{"status": 404, "title": "Not Found", "detail": "The resource could not be found.\n\n No resource provider with uuid bb955f18-8fa4-4649-b6e2-0e5e629ebecb found for delete ", "request_id": "req-e78fae9f-c61e-4182-ac08-972af2a30d23"}]}
2026-04-23 01:26:38.282 9 INFO neutron.services.segments.plugin [-] Segment bb955f18-8fa4-4649-b6e2-0e5e629ebecb resource provider not found; error: Placement Client Error (4xx): {"errors": [{"status": 404, "title": "Not Found", "detail": "The resource could not be found.\n\n No resource provider with uuid bb955f18-8fa4-4649-b6e2-0e5e629ebecb found for delete ", "request_id": "req-60ab26af-63a7-4207-bfdc-3f2966c5ced9"}]}
2026-04-23 01:26:38.322 9 INFO neutron.wsgi [None req-f858b3ca-942d-45bc-813d-c9598bd2bdbe 10cd4865630240118f95ae590602ba2b 26cda39d76a74161801f1c4228e23ee4 - - default default] 10.0.0.104 "DELETE /v2.0/networks/76dc7aed-36de-4038-841e-79e137b5c008 HTTP/1.1" status: 204 len: 168 time: 0.6585956
2026-04-23 01:26:38.343 9 INFO neutron.pecan_wsgi.hooks.translation [None req-b6e9efa8-2660-4153-ab46-4f570424b24b 10cd4865630240118f95ae590602ba2b 26cda39d76a74161801f1c4228e23ee4 - - default default] DELETE failed (client error): The resource could not be found.
2026-04-23 01:26:38.346 9 INFO neutron.wsgi [None req-b6e9efa8-2660-4153-ab46-4f570424b24b 10cd4865630240118f95ae590602ba2b 26cda39d76a74161801f1c4228e23ee4 - - default default] 10.0.0.104 "DELETE /v2.0/networks/76dc7aed-36de-4038-841e-79e137b5c008 HTTP/1.1" status: 404 len: 339 time: 0.0161035 /var/lib/openstack/lib/python3.10/site-packages/pycadf/identifier.py:71: UserWarning: Invalid uuid: neutron. To ensure interoperability, identifiers should be a valid uuid. warnings.warn(('Invalid uuid: %s. To ensure interoperability, '
2026-04-23 01:26:38.495 10 INFO neutron.wsgi [None req-87a6c1ec-6bf3-4f5f-92ff-e64ae403c0a9 10cd4865630240118f95ae590602ba2b 26cda39d76a74161801f1c4228e23ee4 - - default default] 10.0.0.104 "GET /v2.0/networks?router%3Aexternal=True HTTP/1.1" status: 200 len: 845 time: 0.1391549
2026-04-23 01:26:38.577 9 INFO neutron.wsgi [None req-cc43b6e1-4eb2-478e-9bee-7d17100517f6 10cd4865630240118f95ae590602ba2b 26cda39d76a74161801f1c4228e23ee4 - - default default] 10.0.0.104 "GET /v2.0/subnets?network_id=c2c20274-476f-4978-a5dc-5eb24dc41987 HTTP/1.1" status: 200 len: 820 time: 0.0732675
2026-04-23 01:26:38.591 10 INFO neutron.wsgi [None req-80d3f769-82c1-4b36-bfb9-55766c708fb1 10cd4865630240118f95ae590602ba2b 26cda39d76a74161801f1c4228e23ee4 - - default default] 10.0.0.104 "GET /v2.0/extensions HTTP/1.1" status: 200 len: 16520 time: 0.0067146
2026-04-23 01:26:38.623 9 INFO neutron.wsgi [None req-a1eaa989-cc18-4eb0-8be1-0babf53b1197 cd81f69b4ce340d986ae745d7df160e7 e5935aaa7e3d4ea5822540b817340386 - - default default] 10.0.0.104 "DELETE /v2.0/routers/a0597426-d94f-480f-b5c3-90962512ae7d HTTP/1.1" status: 204 len: 168 time: 0.7246411
2026-04-23 01:26:38.702 10 INFO neutron.wsgi [None req-c3a49415-e62d-47fc-88d3-43db154c278a 10cd4865630240118f95ae590602ba2b 26cda39d76a74161801f1c4228e23ee4 - - default default] 10.0.0.104 "GET /v2.0/networks HTTP/1.1" status: 200 len: 1504 time: 0.1081195
2026-04-23 01:26:38.761 10 INFO neutron.wsgi [None req-e25a8b9e-0251-4185-84e9-719914620750 10cd4865630240118f95ae590602ba2b 26cda39d76a74161801f1c4228e23ee4 - - default default] 10.0.0.104 "GET /v2.0/subnets HTTP/1.1" status: 200 len: 1428 time: 0.0522387
2026-04-23 01:26:38.810 10 INFO neutron.wsgi [None req-2adf54fa-02cb-4029-a258-09c68264ffd6 cd81f69b4ce340d986ae745d7df160e7 e5935aaa7e3d4ea5822540b817340386 - - default default] 10.0.0.104 "PUT /v2.0/routers/46056ebd-37cf-4508-8559-33647d4e0681/remove_router_interface HTTP/1.1" status: 200 len: 503 time: 1.4516447 /var/lib/openstack/lib/python3.10/site-packages/pycadf/identifier.py:71: UserWarning: Invalid uuid: neutron. To ensure interoperability, identifiers should be a valid uuid. warnings.warn(('Invalid uuid: %s. To ensure interoperability, '
2026-04-23 01:26:38.843 9 INFO neutron.wsgi [None req-7c0814bd-7a1e-41b7-8928-161504e5d9cf 10cd4865630240118f95ae590602ba2b 26cda39d76a74161801f1c4228e23ee4 - - default default] 10.0.0.104 "GET /v2.0/networks/140a4c9c-cf1e-4905-b058-566ea8368167 HTTP/1.1" status: 200 len: 863 time: 0.0762451
2026-04-23 01:26:38.846 9 INFO neutron.wsgi [None req-33d05d7e-d837-4225-ae41-fa3425f3206e cd81f69b4ce340d986ae745d7df160e7 e5935aaa7e3d4ea5822540b817340386 - - default default] 10.0.0.104 "DELETE /v2.0/subnets/fa52748e-7302-4edd-8edd-a691f33c18ed HTTP/1.1" status: 204 len: 168 time: 0.2177916
2026-04-23 01:26:38.900 9 INFO neutron.wsgi [None req-2a8a6b01-369b-44f5-b80e-13de7ede18c1 10cd4865630240118f95ae590602ba2b 26cda39d76a74161801f1c4228e23ee4 - - default default] 10.0.0.104 "GET /v2.0/subnets/037fcd29-f839-4203-b652-494c84f5ca51 HTTP/1.1" status: 200 len: 811 time: 0.0508778
2026-04-23 01:26:38.920 9 INFO neutron.pecan_wsgi.hooks.translation [None req-0afc1223-3899-4b92-94b6-38729b6d683e 10cd4865630240118f95ae590602ba2b 26cda39d76a74161801f1c4228e23ee4 - - default default] DELETE failed (client error): The resource could not be found.
2026-04-23 01:26:38.922 9 INFO neutron.wsgi [None req-0afc1223-3899-4b92-94b6-38729b6d683e 10cd4865630240118f95ae590602ba2b 26cda39d76a74161801f1c4228e23ee4 - - default default] 10.0.0.104 "DELETE /v2.0/subnets/8a6db6b9-a60d-410b-aea1-736656c231c7 HTTP/1.1" status: 404 len: 337 time: 0.0156314
2026-04-23 01:26:38.944 9 INFO neutron.pecan_wsgi.hooks.translation [None req-a96afd50-b059-49a6-8a9a-6189ddc4da24 10cd4865630240118f95ae590602ba2b 26cda39d76a74161801f1c4228e23ee4 - - default default] DELETE failed (client error): The resource could not be found.
2026-04-23 01:26:38.946 9 INFO neutron.wsgi [None req-a96afd50-b059-49a6-8a9a-6189ddc4da24 10cd4865630240118f95ae590602ba2b 26cda39d76a74161801f1c4228e23ee4 - - default default] 10.0.0.104 "DELETE /v2.0/networks/76dc7aed-36de-4038-841e-79e137b5c008 HTTP/1.1" status: 404 len: 339 time: 0.0187879
2026-04-23 01:26:39.192 9 INFO neutron.wsgi [None req-b0388935-64f3-4a25-9448-3132d1121d73 10cd4865630240118f95ae590602ba2b 26cda39d76a74161801f1c4228e23ee4 - - default default] 10.0.0.104 "DELETE /v2.0/subnets/037fcd29-f839-4203-b652-494c84f5ca51 HTTP/1.1" status: 204 len: 168 time: 0.2403626
2026-04-23 01:26:39.297 9 INFO neutron.wsgi [None req-c72ee2a9-2348-4db3-8f69-1ab7c98a8624 cd81f69b4ce340d986ae745d7df160e7 e5935aaa7e3d4ea5822540b817340386 - - default default] 10.0.0.104 "DELETE /v2.0/networks/db025a0b-1451-4df7-8bfc-792dc58b7b03 HTTP/1.1" status: 204 len: 168 time: 0.4470646
2026-04-23 01:26:39.370 10 INFO neutron.wsgi [None req-39b3a5fc-ddfb-4624-9e6e-89020a79d93a cd81f69b4ce340d986ae745d7df160e7 e5935aaa7e3d4ea5822540b817340386 - - default default] 10.0.0.104 "DELETE /v2.0/routers/46056ebd-37cf-4508-8559-33647d4e0681 HTTP/1.1" status: 204 len: 168 time: 0.5551724
2026-04-23 01:26:39.562 10 INFO neutron.wsgi [None req-ca33ece1-d2d1-4bbf-8fea-57c1b04df49f cd81f69b4ce340d986ae745d7df160e7 e5935aaa7e3d4ea5822540b817340386 - - default default] 10.0.0.104 "GET /v2.0/security-groups?tenant_id=9d112057a9764404990c20bc305580b1&name=default HTTP/1.1" status: 200 len: 2996 time: 0.0792687
2026-04-23 01:26:39.588 10 INFO neutron.wsgi [req-17e7f27a-85a1-49d7-938e-c6f6ebd40783 req-d7f6a95d-dd56-4345-9d1a-75d24bdf7e38 d605d6ffc6c2461498fa5f70b7ba051d 49cd454193fe4e69936fb9da332e685a - - default default] 10.0.0.14 "GET /v2.0/ports?device_id=e2da96fc-322c-445a-97ba-1722980f0628 HTTP/1.1" status: 200 len: 1170 time: 0.0997851
2026-04-23 01:26:39.593 10 INFO neutron.wsgi [None req-0618e250-5a6d-48ae-9b90-94b455e2b1e8 cd81f69b4ce340d986ae745d7df160e7 e5935aaa7e3d4ea5822540b817340386 - - default default] 10.0.0.104 "DELETE /v2.0/subnets/4d37183c-8e37-4071-8f9c-695048e3d738 HTTP/1.1" status: 204 len: 168 time: 0.2187915
2026-04-23 01:26:39.704 10 INFO neutron.wsgi [req-e69d093f-0187-4751-8b17-3db1f94696e5 req-a7184b60-794e-4cbc-acdb-584a55e94f0b d605d6ffc6c2461498fa5f70b7ba051d 49cd454193fe4e69936fb9da332e685a - - default default] 10.0.0.14 "GET /v2.0/ports/88d432f6-0597-436b-b48b-ae755951c917 HTTP/1.1" status: 200 len: 1167 time: 0.0477104
2026-04-23 01:26:39.739 9 INFO neutron.wsgi [None req-5f0d7092-30d1-4b75-9390-ac558c6a520a 10cd4865630240118f95ae590602ba2b 26cda39d76a74161801f1c4228e23ee4 - - default default] 10.0.0.104 "DELETE /v2.0/networks/140a4c9c-cf1e-4905-b058-566ea8368167 HTTP/1.1" status: 204 len: 168 time: 0.5416281
2026-04-23 01:26:39.797 9 INFO neutron.wsgi [None req-1bf07e0f-9fb1-4002-a1ac-6d003c185f57 cd81f69b4ce340d986ae745d7df160e7 e5935aaa7e3d4ea5822540b817340386 - - default default] 10.0.0.104 "DELETE /v2.0/security-groups/b2a9b926-37ff-4bb5-8608-ba50668aeb11 HTTP/1.1" status: 204 len: 168 time: 0.2286100
2026-04-23 01:26:39.883 9 INFO neutron.wsgi [req-c3c59854-0344-465c-96c2-bee7c9f1d99a req-0236dd0d-d9c9-41bd-925a-8617d09f859a d605d6ffc6c2461498fa5f70b7ba051d 49cd454193fe4e69936fb9da332e685a - - default default] 199.204.45.244 "GET /v2.0/subnets?network_id=e1d5683d-e8b1-4138-86d2-52130a869a9b HTTP/1.1" status: 200 len: 859 time: 0.0344336
2026-04-23 01:26:39.993 9 INFO neutron.wsgi [req-c3c59854-0344-465c-96c2-bee7c9f1d99a req-89cfa6ec-ea97-4f22-8973-171d2428f50b d605d6ffc6c2461498fa5f70b7ba051d 49cd454193fe4e69936fb9da332e685a - - default default] 199.204.45.244 "GET /v2.0/ports?device_id=e2da96fc-322c-445a-97ba-1722980f0628&device_owner=compute%3Anova&network_id=e1d5683d-e8b1-4138-86d2-52130a869a9b HTTP/1.1" status: 200 len: 1170 time: 0.1061840
2026-04-23 01:26:40.201 10 INFO neutron.services.segments.plugin [-] Segment e515f068-f8ec-4a19-88a1-82de3cd0d46a resource provider aggregate not found
2026-04-23 01:26:40.206 10 INFO neutron.services.segments.plugin [-] Segment e515f068-f8ec-4a19-88a1-82de3cd0d46a resource provider aggregate not found
2026-04-23 01:26:40.217 10 INFO neutron.services.segments.plugin [-] Segment e515f068-f8ec-4a19-88a1-82de3cd0d46a resource provider not found; error: Placement Client Error (4xx): {"errors": [{"status": 404, "title": "Not Found", "detail": "The resource could not be found.\n\n No resource provider with uuid e515f068-f8ec-4a19-88a1-82de3cd0d46a found for delete ", "request_id": "req-e6f95215-7c15-4ef4-a4e6-ffde01c8b7c5"}]}
2026-04-23 01:26:40.225 10 INFO neutron.services.segments.plugin [-] Segment e515f068-f8ec-4a19-88a1-82de3cd0d46a resource provider not found; error: Placement Client Error (4xx): {"errors": [{"status": 404, "title": "Not Found", "detail": "The resource could not be found.\n\n No resource provider with uuid e515f068-f8ec-4a19-88a1-82de3cd0d46a found for delete ", "request_id": "req-e13b121b-effe-4d3a-abbe-3569a39a8422"}]}
2026-04-23 01:26:40.245 10 INFO neutron.wsgi [None req-1b95e93e-a7b4-4005-a9f6-312a36d6cab9 cd81f69b4ce340d986ae745d7df160e7 e5935aaa7e3d4ea5822540b817340386 - - default default] 10.0.0.104 "DELETE /v2.0/networks/de437a9f-784a-4a41-b5ee-65a574d87375 HTTP/1.1" status: 204 len: 168 time: 0.6401052
2026-04-23 01:26:40.293 9 INFO neutron.services.segments.plugin [-] Segment 330e56b6-e474-4a45-824e-becfb315153c resource provider aggregate not found
2026-04-23 01:26:40.299 9 INFO neutron.services.segments.plugin [-] Segment 330e56b6-e474-4a45-824e-becfb315153c resource provider aggregate not found
2026-04-23 01:26:40.310 9 INFO neutron.services.segments.plugin [-] Segment 330e56b6-e474-4a45-824e-becfb315153c resource provider not found; error: Placement Client Error (4xx): {"errors": [{"status": 404, "title": "Not Found", "detail": "The resource could not be found.\n\n No resource provider with uuid 330e56b6-e474-4a45-824e-becfb315153c found for delete ", "request_id": "req-19943680-8cf1-47c5-a58b-d90b4494fbe0"}]}
2026-04-23 01:26:40.319 9 INFO neutron.services.segments.plugin [-] Segment 330e56b6-e474-4a45-824e-becfb315153c resource provider not found; error: Placement Client Error (4xx): {"errors": [{"status": 404, "title": "Not Found", "detail": "The resource could not be found.\n\n No resource provider with uuid 330e56b6-e474-4a45-824e-becfb315153c found for delete ", "request_id": "req-55c9ac16-8491-49ce-bd63-3a0e81730bf8"}]}
2026-04-23 01:26:40.325 9 INFO neutron.services.segments.plugin [-] Segment db693adb-b703-49bc-9c84-6c6fbb1955a3 resource provider aggregate not found
2026-04-23 01:26:40.336 9 INFO neutron.services.segments.plugin [-] Segment db693adb-b703-49bc-9c84-6c6fbb1955a3 resource provider aggregate not found
2026-04-23 01:26:40.342 9 INFO neutron.services.segments.plugin [-] Segment db693adb-b703-49bc-9c84-6c6fbb1955a3 resource provider not found; error: Placement Client Error (4xx): {"errors": [{"status": 404, "title": "Not Found", "detail": "The resource could not be found.\n\n No resource provider with uuid db693adb-b703-49bc-9c84-6c6fbb1955a3 found for delete ", "request_id": "req-75faa045-5f0c-4b40-8eef-4936598bbc6b"}]}
2026-04-23 01:26:40.352 9 INFO neutron.services.segments.plugin [-] Segment db693adb-b703-49bc-9c84-6c6fbb1955a3 resource provider not found; error: Placement Client Error (4xx): {"errors": [{"status": 404, "title": "Not Found", "detail": "The resource could not be found.\n\n No resource provider with uuid db693adb-b703-49bc-9c84-6c6fbb1955a3 found for delete ", "request_id": "req-f911ee74-4abf-4fa9-849d-35e2411293ae"}]}
2026-04-23 01:26:40.437 9 INFO neutron.wsgi [None req-7b3a60bb-092b-401c-bc96-a986cb389ef3 cd81f69b4ce340d986ae745d7df160e7 e5935aaa7e3d4ea5822540b817340386 - - default default] 10.0.0.104 "GET /v2.0/security-groups?tenant_id=587206ece67d4f3a9dfa638d9a4aa195&name=default HTTP/1.1" status: 200 len: 2996 time: 0.0444088 /var/lib/openstack/lib/python3.10/site-packages/pycadf/identifier.py:71: UserWarning: Invalid uuid: neutron. To ensure interoperability, identifiers should be a valid uuid. warnings.warn(('Invalid uuid: %s. To ensure interoperability, '
2026-04-23 01:26:40.457 10 INFO neutron.wsgi [None req-ae3dd1ac-4e66-4536-9325-3ba07806bc7c cd81f69b4ce340d986ae745d7df160e7 e5935aaa7e3d4ea5822540b817340386 - - default default] 10.0.0.104 "GET /v2.0/security-groups?tenant_id=26cda39d76a74161801f1c4228e23ee4&name=default HTTP/1.1" status: 200 len: 2996 time: 0.1758780
2026-04-23 01:26:40.495 9 INFO neutron.db.ovn_revision_numbers_db [req-c3c59854-0344-465c-96c2-bee7c9f1d99a req-d12227ef-f11b-4fd8-9672-62923a06a317 d605d6ffc6c2461498fa5f70b7ba051d 49cd454193fe4e69936fb9da332e685a - - default default] Successfully bumped revision number for resource 88d432f6-0597-436b-b48b-ae755951c917 (type: ports) to 5
2026-04-23 01:26:40.507 9 INFO neutron.wsgi [req-c3c59854-0344-465c-96c2-bee7c9f1d99a req-d12227ef-f11b-4fd8-9672-62923a06a317 d605d6ffc6c2461498fa5f70b7ba051d 49cd454193fe4e69936fb9da332e685a - - default default] 199.204.45.244 "PUT /v2.0/ports/88d432f6-0597-436b-b48b-ae755951c917 HTTP/1.1" status: 200 len: 1349 time: 0.5066755
2026-04-23 01:26:40.546 9 INFO neutron.notifiers.nova [-] Nova event matching ['req-43cf0aba-fd78-4763-a9cd-77b703380bd1'] response: {'name': 'network-changed', 'server_uuid': 'e2da96fc-322c-445a-97ba-1722980f0628', 'tag': '88d432f6-0597-436b-b48b-ae755951c917', 'status': 'completed', 'code': 200}
2026-04-23 01:26:40.559 9 INFO neutron.wsgi [req-c3c59854-0344-465c-96c2-bee7c9f1d99a req-ba49ca0e-4afb-4ba2-8e9b-68dbb2f166ba 9a6a79e89edb49438e22b9cd985d8a87 8530f5d1750e47dda86fe21c2b8ff17c - - b40207c8c5154d35bfb0dddc2457a134 b40207c8c5154d35bfb0dddc2457a134] 199.204.45.244 "GET /v2.0/ports?tenant_id=49cd454193fe4e69936fb9da332e685a&device_id=e2da96fc-322c-445a-97ba-1722980f0628 HTTP/1.1" status: 200 len: 1590 time: 0.0328267
2026-04-23 01:26:40.631 9 INFO neutron.wsgi [req-c3c59854-0344-465c-96c2-bee7c9f1d99a req-19688208-e4fb-4509-865d-5dd3aa3765eb 9a6a79e89edb49438e22b9cd985d8a87 8530f5d1750e47dda86fe21c2b8ff17c - - b40207c8c5154d35bfb0dddc2457a134 b40207c8c5154d35bfb0dddc2457a134] 199.204.45.244 "GET /v2.0/networks?id=e1d5683d-e8b1-4138-86d2-52130a869a9b HTTP/1.1" status: 200 len: 982 time: 0.0614400
2026-04-23 01:26:40.650 10 INFO neutron.wsgi [None req-98d25671-583d-40c6-91c4-1216f53970a3 cd81f69b4ce340d986ae745d7df160e7 e5935aaa7e3d4ea5822540b817340386 - - default default] 10.0.0.104 "DELETE /v2.0/security-groups/b8c51d09-4d7d-409a-8c82-1ea1a1fccb7d HTTP/1.1" status: 204 len: 168 time: 0.1880448
2026-04-23 01:26:40.661 9 INFO neutron.wsgi [req-c3c59854-0344-465c-96c2-bee7c9f1d99a req-763a00d8-5af2-46e7-a071-5eaec4ccbbb9 9a6a79e89edb49438e22b9cd985d8a87 8530f5d1750e47dda86fe21c2b8ff17c - - b40207c8c5154d35bfb0dddc2457a134 b40207c8c5154d35bfb0dddc2457a134] 199.204.45.244 "GET /v2.0/floatingips?fixed_ip_address=10.100.0.10&port_id=88d432f6-0597-436b-b48b-ae755951c917 HTTP/1.1" status: 200 len: 217 time: 0.0195374
2026-04-23 01:26:40.706 9 INFO neutron.wsgi [None req-d78581e7-ec00-4db5-a87f-8ff071b6d8bf cd81f69b4ce340d986ae745d7df160e7 e5935aaa7e3d4ea5822540b817340386 - - default default] 10.0.0.104 "DELETE /v2.0/security-groups/2d91cf7d-9b4a-43e2-8a02-82829aa06979 HTTP/1.1" status: 204 len: 168 time: 0.2644875
2026-04-23 01:26:40.710 9 INFO neutron.wsgi [req-c3c59854-0344-465c-96c2-bee7c9f1d99a req-c0dcf7a5-2b43-4088-a8bc-dba54dcba5d5 9a6a79e89edb49438e22b9cd985d8a87 8530f5d1750e47dda86fe21c2b8ff17c - - b40207c8c5154d35bfb0dddc2457a134 b40207c8c5154d35bfb0dddc2457a134] 199.204.45.244 "GET /v2.0/floatingips?fixed_ip_address=10.100.0.8&port_id=88d432f6-0597-436b-b48b-ae755951c917 HTTP/1.1" status: 200 len: 1059 time: 0.0417643
2026-04-23 01:26:40.747 9 INFO neutron.wsgi [req-c3c59854-0344-465c-96c2-bee7c9f1d99a req-d5a76e6c-4d35-477d-a472-fc3535e2a0f4 9a6a79e89edb49438e22b9cd985d8a87 8530f5d1750e47dda86fe21c2b8ff17c - - b40207c8c5154d35bfb0dddc2457a134 b40207c8c5154d35bfb0dddc2457a134] 199.204.45.244 "GET /v2.0/subnets?id=081f34a2-7ea6-4f1a-8640-d665791e1b3b HTTP/1.1" status: 200 len: 877 time: 0.0308492
2026-04-23 01:26:40.771 9 INFO neutron.wsgi [req-c3c59854-0344-465c-96c2-bee7c9f1d99a req-9e6afe39-8fdf-4531-81cb-86f244dbb135 9a6a79e89edb49438e22b9cd985d8a87 8530f5d1750e47dda86fe21c2b8ff17c - - b40207c8c5154d35bfb0dddc2457a134 b40207c8c5154d35bfb0dddc2457a134] 199.204.45.244 "GET /v2.0/ports?network_id=e1d5683d-e8b1-4138-86d2-52130a869a9b&device_owner=network%3Adhcp HTTP/1.1" status: 200 len: 210 time: 0.0176814
2026-04-23 01:26:40.845 9 INFO neutron.wsgi [req-c3c59854-0344-465c-96c2-bee7c9f1d99a req-0a1ccd2b-16b9-4af3-bf5a-b47a60fdc5aa 9a6a79e89edb49438e22b9cd985d8a87 8530f5d1750e47dda86fe21c2b8ff17c - - b40207c8c5154d35bfb0dddc2457a134 b40207c8c5154d35bfb0dddc2457a134] 199.204.45.244 "GET /v2.0/networks/e1d5683d-e8b1-4138-86d2-52130a869a9b?fields=segments HTTP/1.1" status: 200 len: 212 time: 0.0662830
2026-04-23 01:26:40.908 9 INFO neutron.wsgi [req-c3c59854-0344-465c-96c2-bee7c9f1d99a req-9a4dd9ab-6322-4b6e-8f7d-069275511f29 9a6a79e89edb49438e22b9cd985d8a87 8530f5d1750e47dda86fe21c2b8ff17c - - b40207c8c5154d35bfb0dddc2457a134 b40207c8c5154d35bfb0dddc2457a134] 199.204.45.244 "GET /v2.0/networks/e1d5683d-e8b1-4138-86d2-52130a869a9b?fields=provider%3Aphysical_network&fields=provider%3Anetwork_type HTTP/1.1" status: 200 len: 277 time: 0.0564501
2026-04-23 01:26:40.989 9 INFO neutron.wsgi [req-a334e182-dafc-40ce-862e-e28b50acce48 req-1ba7e892-8c05-405d-9f46-1e3cf1618205 9a6a79e89edb49438e22b9cd985d8a87 8530f5d1750e47dda86fe21c2b8ff17c - - b40207c8c5154d35bfb0dddc2457a134 b40207c8c5154d35bfb0dddc2457a134] 199.204.45.244 "GET /v2.0/ports?tenant_id=49cd454193fe4e69936fb9da332e685a&device_id=e2da96fc-322c-445a-97ba-1722980f0628 HTTP/1.1" status: 200 len: 1590 time: 0.0310280
2026-04-23 01:26:41.079 9 INFO neutron.wsgi [req-a334e182-dafc-40ce-862e-e28b50acce48 req-79fb50d9-78d2-4aae-9d74-3c93b4fb01e5 9a6a79e89edb49438e22b9cd985d8a87 8530f5d1750e47dda86fe21c2b8ff17c - - b40207c8c5154d35bfb0dddc2457a134 b40207c8c5154d35bfb0dddc2457a134] 199.204.45.244 "GET /v2.0/networks?id=e1d5683d-e8b1-4138-86d2-52130a869a9b HTTP/1.1" status: 200 len: 982 time: 0.0843341
2026-04-23 01:26:41.108 9 INFO neutron.wsgi [req-a334e182-dafc-40ce-862e-e28b50acce48 req-0a9ad26a-d4d4-4b7f-b08a-aabbef9dc910 9a6a79e89edb49438e22b9cd985d8a87 8530f5d1750e47dda86fe21c2b8ff17c - - b40207c8c5154d35bfb0dddc2457a134 b40207c8c5154d35bfb0dddc2457a134] 199.204.45.244 "GET /v2.0/floatingips?fixed_ip_address=10.100.0.10&port_id=88d432f6-0597-436b-b48b-ae755951c917 HTTP/1.1" status: 200 len: 217 time: 0.0235412
2026-04-23 01:26:41.156 9 INFO neutron.wsgi [req-a334e182-dafc-40ce-862e-e28b50acce48 req-76e06329-3561-4c09-8615-d16ace4c46e5 9a6a79e89edb49438e22b9cd985d8a87 8530f5d1750e47dda86fe21c2b8ff17c - - b40207c8c5154d35bfb0dddc2457a134 b40207c8c5154d35bfb0dddc2457a134] 199.204.45.244 "GET /v2.0/floatingips?fixed_ip_address=10.100.0.8&port_id=88d432f6-0597-436b-b48b-ae755951c917 HTTP/1.1" status: 200 len: 1059 time: 0.0413988
