2026-04-23 01:26:04.216 10 INFO neutron.db.ovn_revision_numbers_db [None req-14cc10b5-4f32-4513-a414-0be1ea3b26e3 cd81f69b4ce340d986ae745d7df160e7 e5935aaa7e3d4ea5822540b817340386 - - default default] Successfully bumped revision number for resource 7a2edc6b-4db4-44a8-97bf-f2d36e4869fe (type: router_ports) to 1
2026-04-23 01:26:04.381 9 WARNING neutron.scheduler.dhcp_agent_scheduler [None req-22f338b6-740d-4c05-9475-1391cf14504b cd81f69b4ce340d986ae745d7df160e7 e5935aaa7e3d4ea5822540b817340386 - - default default] No more DHCP agents
2026-04-23 01:26:04.384 9 WARNING neutron.api.rpc.agentnotifiers.dhcp_rpc_agent_api [None req-22f338b6-740d-4c05-9475-1391cf14504b cd81f69b4ce340d986ae745d7df160e7 e5935aaa7e3d4ea5822540b817340386 - - default default] Unable to schedule network c4cce68c-6354-43df-a8eb-e2ed40cfbd60: no agents available; will retry on subsequent port and subnet creation events.
2026-04-23 01:26:04.392 10 INFO neutron.db.ovn_revision_numbers_db [None req-14cc10b5-4f32-4513-a414-0be1ea3b26e3 cd81f69b4ce340d986ae745d7df160e7 e5935aaa7e3d4ea5822540b817340386 - - default default] Successfully bumped revision number for resource 7a2edc6b-4db4-44a8-97bf-f2d36e4869fe (type: ports) to 1
2026-04-23 01:26:04.437 9 INFO neutron.db.ovn_revision_numbers_db [None req-7d2eae2a-d088-4c46-bc06-9616ea5274f4 - - - - - -] Successfully bumped revision number for resource a0d849ff-98e1-49e5-b42c-26a95123cd03 (type: ports) to 2
2026-04-23 01:26:04.440 10 INFO neutron.db.ovn_revision_numbers_db [None req-4ece53be-94fc-41fa-b861-9c71f8aeddcb - - - - - -] Successfully bumped revision number for resource 925ad7d1-4962-4dd8-91b6-b616b5ddf614 (type: router_ports) to 3
2026-04-23 01:26:04.468 10 WARNING neutron.scheduler.dhcp_agent_scheduler [None req-14cc10b5-4f32-4513-a414-0be1ea3b26e3 cd81f69b4ce340d986ae745d7df160e7 e5935aaa7e3d4ea5822540b817340386 - - default default] No more DHCP agents
2026-04-23 01:26:04.473 10 WARNING neutron.api.rpc.agentnotifiers.dhcp_rpc_agent_api [None req-14cc10b5-4f32-4513-a414-0be1ea3b26e3 cd81f69b4ce340d986ae745d7df160e7 e5935aaa7e3d4ea5822540b817340386 - - default default] Unable to schedule network 3ee8aecf-1e10-42d8-aba5-c4efc74b1ff2: no agents available; will retry on subsequent port and subnet creation events.
2026-04-23 01:26:04.479 9 WARNING neutron.scheduler.dhcp_agent_scheduler [None req-3f112dd2-829f-4c28-897c-4cf1fee8ee6d cd81f69b4ce340d986ae745d7df160e7 e5935aaa7e3d4ea5822540b817340386 - - default default] No more DHCP agents
2026-04-23 01:26:04.484 9 WARNING neutron.api.rpc.agentnotifiers.dhcp_rpc_agent_api [None req-3f112dd2-829f-4c28-897c-4cf1fee8ee6d cd81f69b4ce340d986ae745d7df160e7 e5935aaa7e3d4ea5822540b817340386 - - default default] Unable to schedule network e1d5683d-e8b1-4138-86d2-52130a869a9b: no agents available; will retry on subsequent port and subnet creation events.
2026-04-23 01:26:04.573 9 INFO neutron.db.ovn_revision_numbers_db [None req-22f338b6-740d-4c05-9475-1391cf14504b cd81f69b4ce340d986ae745d7df160e7 e5935aaa7e3d4ea5822540b817340386 - - default default] Successfully bumped revision number for resource 7789b7e7-5331-45ad-94ea-2c0403191746 (type: ports) to 1
2026-04-23 01:26:04.612 10 INFO neutron.db.ovn_revision_numbers_db [None req-4ece53be-94fc-41fa-b861-9c71f8aeddcb - - - - - -] Successfully bumped revision number for resource 925ad7d1-4962-4dd8-91b6-b616b5ddf614 (type: ports) to 2
2026-04-23 01:26:04.723 9 INFO neutron.db.ovn_revision_numbers_db [None req-3f112dd2-829f-4c28-897c-4cf1fee8ee6d cd81f69b4ce340d986ae745d7df160e7 e5935aaa7e3d4ea5822540b817340386 - - default default] Successfully bumped revision number for resource 91b4988d-969b-4991-b9c6-4056c2396d60 (type: ports) to 1
2026-04-23 01:26:04.800 10 INFO neutron.plugins.ml2.drivers.ovn.mech_driver.mech_driver [None req-cf6414a4-30e0-4e6b-a5a3-dfce29d33029 - - - - - -] OVN reports status up for port: 925ad7d1-4962-4dd8-91b6-b616b5ddf614
2026-04-23 01:26:04.818 10 INFO neutron.plugins.ml2.plugin [None req-cf6414a4-30e0-4e6b-a5a3-dfce29d33029 - - - - - -] Attempt 1 to provision port 925ad7d1-4962-4dd8-91b6-b616b5ddf614
2026-04-23 01:26:04.963 9 INFO neutron.db.ovn_revision_numbers_db [None req-7d2eae2a-d088-4c46-bc06-9616ea5274f4 - - - - - -] Successfully bumped revision number for resource a0d849ff-98e1-49e5-b42c-26a95123cd03 (type: ports) to 4
2026-04-23 01:26:05.051 10 INFO neutron.db.ovn_revision_numbers_db [None req-4ece53be-94fc-41fa-b861-9c71f8aeddcb - - - - - -] Successfully bumped revision number for resource 925ad7d1-4962-4dd8-91b6-b616b5ddf614 (type: ports) to 4
2026-04-23 01:26:05.332 10 INFO neutron.db.ovn_revision_numbers_db [None req-14cc10b5-4f32-4513-a414-0be1ea3b26e3 cd81f69b4ce340d986ae745d7df160e7 e5935aaa7e3d4ea5822540b817340386 - - default default] Successfully bumped revision number for resource 7a2edc6b-4db4-44a8-97bf-f2d36e4869fe (type: router_ports) to 1
2026-04-23 01:26:05.334 10 INFO neutron.wsgi [None req-14cc10b5-4f32-4513-a414-0be1ea3b26e3 cd81f69b4ce340d986ae745d7df160e7 e5935aaa7e3d4ea5822540b817340386 - - default default] 10.0.0.104 "PUT /v2.0/routers/8a00f5d3-858b-4a2d-90c2-54abc1a7f925/add_router_interface HTTP/1.1" status: 200 len: 503 time: 2.5828190
2026-04-23 01:26:05.366 10 INFO neutron.db.ovn_revision_numbers_db [None req-4ece53be-94fc-41fa-b861-9c71f8aeddcb - - - - - -] Successfully bumped revision number for resource 925ad7d1-4962-4dd8-91b6-b616b5ddf614 (type: router_ports) to 4
2026-04-23 01:26:05.377 9 INFO neutron.db.ovn_revision_numbers_db [None req-7d2eae2a-d088-4c46-bc06-9616ea5274f4 - - - - - -] Successfully bumped revision number for resource a0d849ff-98e1-49e5-b42c-26a95123cd03 (type: router_ports) to 4
2026-04-23 01:26:05.415 9 INFO neutron.plugins.ml2.drivers.ovn.mech_driver.ovsdb.ovsdb_monitor [None req-7d2eae2a-d088-4c46-bc06-9616ea5274f4 - - - - - -] Router 51494677-1c50-4bd4-9aeb-4d5e653a0d4e is bound to host instance
2026-04-23 01:26:05.423 10 INFO neutron.plugins.ml2.drivers.ovn.mech_driver.mech_driver [None req-cf6414a4-30e0-4e6b-a5a3-dfce29d33029 - - - - - -] OVN reports status up for port: 7789b7e7-5331-45ad-94ea-2c0403191746
2026-04-23 01:26:05.430 10 INFO neutron.plugins.ml2.plugin [None req-cf6414a4-30e0-4e6b-a5a3-dfce29d33029 - - - - - -] Attempt 1 to provision port 7789b7e7-5331-45ad-94ea-2c0403191746
2026-04-23 01:26:05.463 9 INFO neutron.db.ovn_revision_numbers_db [None req-22f338b6-740d-4c05-9475-1391cf14504b cd81f69b4ce340d986ae745d7df160e7 e5935aaa7e3d4ea5822540b817340386 - - default default] Successfully bumped revision number for resource 7789b7e7-5331-45ad-94ea-2c0403191746 (type: router_ports) to 1
2026-04-23 01:26:05.507 9 INFO neutron.db.ovn_revision_numbers_db [None req-3f112dd2-829f-4c28-897c-4cf1fee8ee6d cd81f69b4ce340d986ae745d7df160e7 e5935aaa7e3d4ea5822540b817340386 - - default default] Successfully bumped revision number for resource 91b4988d-969b-4991-b9c6-4056c2396d60 (type: router_ports) to 1
2026-04-23 01:26:05.652 10 INFO neutron.db.ovn_revision_numbers_db [None req-cf6414a4-30e0-4e6b-a5a3-dfce29d33029 - - - - - -] Successfully bumped revision number for resource 7789b7e7-5331-45ad-94ea-2c0403191746 (type: ports) to 2
2026-04-23 01:26:05.753 9 ERROR ovsdbapp.backend.ovs_idl.transaction [None req-22f338b6-740d-4c05-9475-1391cf14504b cd81f69b4ce340d986ae745d7df160e7 e5935aaa7e3d4ea5822540b817340386 - - default default]
Traceback (most recent call last): File "/var/lib/openstack/lib/python3.10/site-packages/ovsdbapp/backend/ovs_idl/connection.py", line 118, in run txn.results.put(txn.do_commit())
File "/var/lib/openstack/lib/python3.10/site-packages/ovsdbapp/backend/ovs_idl/transaction.py", line 92, in do_commit command.run_idl(txn)
File "/var/lib/openstack/lib/python3.10/site-packages/neutron/plugins/ml2/drivers/ovn/mech_driver/ovsdb/commands.py", line 825, in run_idl raise ovn_exc.RevisionConflict( neutron.common.ovn.exceptions.RevisionConflict: OVN revision number for 7789b7e7-5331-45ad-94ea-2c0403191746 (type: ports) is higher than the given resource. Skipping update 
2026-04-23 01:26:05.753 9 INFO neutron.plugins.ml2.drivers.ovn.mech_driver.ovsdb.impl_idl_ovn [None req-22f338b6-740d-4c05-9475-1391cf14504b cd81f69b4ce340d986ae745d7df160e7 e5935aaa7e3d4ea5822540b817340386 - - default default] Transaction aborted. Reason: OVN revision number for 7789b7e7-5331-45ad-94ea-2c0403191746 (type: ports) is higher than the given resource. Skipping update
2026-04-23 01:26:05.773 10 INFO neutron.wsgi [-] 10.0.0.121 "GET / HTTP/1.1" status: 200 len: 247 time: 0.0017066
2026-04-23 01:26:05.775 10 INFO neutron.wsgi [-] 10.0.0.121 "GET / HTTP/1.1" status: 200 len: 247 time: 0.0013123
2026-04-23 01:26:05.781 10 INFO neutron.db.ovn_revision_numbers_db [None req-cf6414a4-30e0-4e6b-a5a3-dfce29d33029 - - - - - -] Successfully bumped revision number for resource 7789b7e7-5331-45ad-94ea-2c0403191746 (type: router_ports) to 2
2026-04-23 01:26:05.847 9 INFO neutron.db.ovn_revision_numbers_db [None req-3f112dd2-829f-4c28-897c-4cf1fee8ee6d cd81f69b4ce340d986ae745d7df160e7 e5935aaa7e3d4ea5822540b817340386 - - default default] Successfully bumped revision number for resource 91b4988d-969b-4991-b9c6-4056c2396d60 (type: ports) to 1
2026-04-23 01:26:05.884 9 WARNING neutron.scheduler.dhcp_agent_scheduler [None req-22f338b6-740d-4c05-9475-1391cf14504b cd81f69b4ce340d986ae745d7df160e7 e5935aaa7e3d4ea5822540b817340386 - - default default] No more DHCP agents
2026-04-23 01:26:05.898 9 WARNING neutron.api.rpc.agentnotifiers.dhcp_rpc_agent_api [None req-22f338b6-740d-4c05-9475-1391cf14504b cd81f69b4ce340d986ae745d7df160e7 e5935aaa7e3d4ea5822540b817340386 - - default default] Unable to schedule network c4cce68c-6354-43df-a8eb-e2ed40cfbd60: no agents available; will retry on subsequent port and subnet creation events.
2026-04-23 01:26:05.986 9 WARNING neutron.scheduler.dhcp_agent_scheduler [None req-3f112dd2-829f-4c28-897c-4cf1fee8ee6d cd81f69b4ce340d986ae745d7df160e7 e5935aaa7e3d4ea5822540b817340386 - - default default] No more DHCP agents
2026-04-23 01:26:05.989 9 WARNING neutron.api.rpc.agentnotifiers.dhcp_rpc_agent_api [None req-3f112dd2-829f-4c28-897c-4cf1fee8ee6d cd81f69b4ce340d986ae745d7df160e7 e5935aaa7e3d4ea5822540b817340386 - - default default] Unable to schedule network e1d5683d-e8b1-4138-86d2-52130a869a9b: no agents available; will retry on subsequent port and subnet creation events.
2026-04-23 01:26:06.518 9 INFO neutron.db.ovn_revision_numbers_db [None req-7d2eae2a-d088-4c46-bc06-9616ea5274f4 - - - - - -] Successfully bumped revision number for resource 6d025d6a-3562-4d16-b6a1-89a8deee28e3 (type: ports) to 1
2026-04-23 01:26:06.550 10 INFO neutron.db.ovn_revision_numbers_db [req-9ae6d68f-8166-4ee0-979b-4a5acaeee605 req-d71968df-6bfa-4fd2-8326-57756500a7aa aec0b811482240f1a45fb6d0f22d38c9 ab5845942d2e48f4bc2d87d26d3343ee - - default default] Successfully bumped revision number for resource 28bc7390-41d0-42b4-ae60-ddfac1c163ee (type: security_groups) to 1
2026-04-23 01:26:06.569 10 INFO neutron.db.ovn_revision_numbers_db [req-9ae6d68f-8166-4ee0-979b-4a5acaeee605 req-d71968df-6bfa-4fd2-8326-57756500a7aa aec0b811482240f1a45fb6d0f22d38c9 ab5845942d2e48f4bc2d87d26d3343ee - - default default] Successfully bumped revision number for resource 8d09e374-7e56-4dc5-81da-b0508407c4bd (type: security_group_rules) to 0
2026-04-23 01:26:06.586 10 INFO neutron.db.ovn_revision_numbers_db [req-9ae6d68f-8166-4ee0-979b-4a5acaeee605 req-d71968df-6bfa-4fd2-8326-57756500a7aa aec0b811482240f1a45fb6d0f22d38c9 ab5845942d2e48f4bc2d87d26d3343ee - - default default] Successfully bumped revision number for resource 9abdc1b5-e733-4c90-a9b4-084eb3162c87 (type: security_group_rules) to 0
2026-04-23 01:26:06.611 10 INFO neutron.wsgi [req-9ae6d68f-8166-4ee0-979b-4a5acaeee605 req-d71968df-6bfa-4fd2-8326-57756500a7aa aec0b811482240f1a45fb6d0f22d38c9 ab5845942d2e48f4bc2d87d26d3343ee - - default default] 10.0.0.14 "POST /v2.0/security-groups HTTP/1.1" status: 201 len: 1820 time: 0.2775502
2026-04-23 01:26:06.649 10 INFO neutron.db.ovn_revision_numbers_db [None req-ba236e33-451f-40c3-b357-6bedd8e52e1f cd81f69b4ce340d986ae745d7df160e7 e5935aaa7e3d4ea5822540b817340386 - - default default] Successfully bumped revision number for resource 70765ce3-7432-4d56-9ea8-c4f9ed69954e (type: security_groups) to 1
2026-04-23 01:26:06.664 10 INFO neutron.db.ovn_revision_numbers_db [None req-ba236e33-451f-40c3-b357-6bedd8e52e1f cd81f69b4ce340d986ae745d7df160e7 e5935aaa7e3d4ea5822540b817340386 - - default default] Successfully bumped revision number for resource 4430004e-bf51-4b4a-abae-ba2f53d42278 (type: security_group_rules) to 0
2026-04-23 01:26:06.678 10 INFO neutron.db.ovn_revision_numbers_db [None req-ba236e33-451f-40c3-b357-6bedd8e52e1f cd81f69b4ce340d986ae745d7df160e7 e5935aaa7e3d4ea5822540b817340386 - - default default] Successfully bumped revision number for resource 9ab4732f-8749-4ea9-ac22-929b30cfeb4f (type: security_group_rules) to 0
2026-04-23 01:26:06.692 10 INFO neutron.db.ovn_revision_numbers_db [None req-ba236e33-451f-40c3-b357-6bedd8e52e1f cd81f69b4ce340d986ae745d7df160e7 e5935aaa7e3d4ea5822540b817340386 - - default default] Successfully bumped revision number for resource dd97a493-6c10-4600-89fe-1e7235364cad (type: security_group_rules) to 0
2026-04-23 01:26:06.719 10 INFO neutron.db.ovn_revision_numbers_db [None req-ba236e33-451f-40c3-b357-6bedd8e52e1f cd81f69b4ce340d986ae745d7df160e7 e5935aaa7e3d4ea5822540b817340386 - - default default] Successfully bumped revision number for resource f5ba8544-680a-4f18-9d9f-b74d02cb07be (type: security_group_rules) to 0
2026-04-23 01:26:06.740 10 INFO neutron.wsgi [None req-ba236e33-451f-40c3-b357-6bedd8e52e1f cd81f69b4ce340d986ae745d7df160e7 e5935aaa7e3d4ea5822540b817340386 - - default default] 10.0.0.104 "GET /v2.0/security-groups?tenant_id=47956fed7ef947d5a93cfd55af5df01b&name=default HTTP/1.1" status: 200 len: 2992 time: 0.2533488
2026-04-23 01:26:06.922 10 INFO neutron.wsgi [None req-421afd59-c1e3-4c6b-b4ef-3a5f02cb28ff cd81f69b4ce340d986ae745d7df160e7 e5935aaa7e3d4ea5822540b817340386 - - default default] 10.0.0.104 "DELETE /v2.0/security-groups/70765ce3-7432-4d56-9ea8-c4f9ed69954e HTTP/1.1" status: 204 len: 168 time: 0.1773176
2026-04-23 01:26:07.065 9 INFO neutron.db.ovn_revision_numbers_db [None req-7d2eae2a-d088-4c46-bc06-9616ea5274f4 - - - - - -] Successfully bumped revision number for resource 6d025d6a-3562-4d16-b6a1-89a8deee28e3 (type: router_ports) to 3
2026-04-23 01:26:07.086 9 INFO neutron.db.ovn_revision_numbers_db [None req-22f338b6-740d-4c05-9475-1391cf14504b cd81f69b4ce340d986ae745d7df160e7 e5935aaa7e3d4ea5822540b817340386 - - default default] Successfully bumped revision number for resource 7789b7e7-5331-45ad-94ea-2c0403191746 (type: router_ports) to 2
2026-04-23 01:26:07.088 9 INFO neutron.wsgi [None req-22f338b6-740d-4c05-9475-1391cf14504b cd81f69b4ce340d986ae745d7df160e7 e5935aaa7e3d4ea5822540b817340386 - - default default] 10.0.0.104 "PUT /v2.0/routers/3b9d15da-67dd-402e-8462-e23c9e95ce00/add_router_interface HTTP/1.1" status: 200 len: 503 time: 3.4935467
2026-04-23 01:26:07.098 10 INFO neutron.db.ovn_revision_numbers_db [req-991cfe20-1fc5-4a85-a20e-7fc0c63df2ae req-686657eb-e362-41fd-bd81-c8fc69da0525 aec0b811482240f1a45fb6d0f22d38c9 ab5845942d2e48f4bc2d87d26d3343ee - - default default] Successfully bumped revision number for resource dd5707b9-7357-4251-9e5c-ab3026974b40 (type: security_groups) to 1
2026-04-23 01:26:07.113 10 INFO neutron.db.ovn_revision_numbers_db [req-991cfe20-1fc5-4a85-a20e-7fc0c63df2ae req-686657eb-e362-41fd-bd81-c8fc69da0525 aec0b811482240f1a45fb6d0f22d38c9 ab5845942d2e48f4bc2d87d26d3343ee - - default default] Successfully bumped revision number for resource 8cfdb980-1278-415c-b578-2732a165f75f (type: security_group_rules) to 0
2026-04-23 01:26:07.138 10 INFO neutron.db.ovn_revision_numbers_db [req-991cfe20-1fc5-4a85-a20e-7fc0c63df2ae req-686657eb-e362-41fd-bd81-c8fc69da0525 aec0b811482240f1a45fb6d0f22d38c9 ab5845942d2e48f4bc2d87d26d3343ee - - default default] Successfully bumped revision number for resource dc5c42a4-f0ab-479d-aeaa-1df8627772a5 (type: security_group_rules) to 0
2026-04-23 01:26:07.146 9 INFO neutron.db.ovn_revision_numbers_db [None req-3f112dd2-829f-4c28-897c-4cf1fee8ee6d cd81f69b4ce340d986ae745d7df160e7 e5935aaa7e3d4ea5822540b817340386 - - default default] Successfully bumped revision number for resource 91b4988d-969b-4991-b9c6-4056c2396d60 (type: router_ports) to 1
2026-04-23 01:26:07.148 9 INFO neutron.wsgi [None req-3f112dd2-829f-4c28-897c-4cf1fee8ee6d cd81f69b4ce340d986ae745d7df160e7 e5935aaa7e3d4ea5822540b817340386 - - default default] 10.0.0.104 "PUT /v2.0/routers/51494677-1c50-4bd4-9aeb-4d5e653a0d4e/add_router_interface HTTP/1.1" status: 200 len: 503 time: 3.4751453
2026-04-23 01:26:07.160 10 INFO neutron.wsgi [req-991cfe20-1fc5-4a85-a20e-7fc0c63df2ae req-686657eb-e362-41fd-bd81-c8fc69da0525 aec0b811482240f1a45fb6d0f22d38c9 ab5845942d2e48f4bc2d87d26d3343ee - - default default] 10.0.0.14 "POST /v2.0/security-groups HTTP/1.1" status: 201 len: 1820 time: 0.2086532
2026-04-23 01:26:07.213 9 INFO neutron.db.ovn_revision_numbers_db [None req-7d2eae2a-d088-4c46-bc06-9616ea5274f4 - - - - - -] Successfully bumped revision number for resource 6d025d6a-3562-4d16-b6a1-89a8deee28e3 (type: ports) to 2
2026-04-23 01:26:07.276 10 INFO neutron.db.ovn_revision_numbers_db [None req-ab5d399c-e589-4b73-99d7-732d7b798159 cd81f69b4ce340d986ae745d7df160e7 e5935aaa7e3d4ea5822540b817340386 - - default default] Successfully bumped revision number for resource 57befbd5-575a-4441-9611-807124100a28 (type: security_groups) to 1
2026-04-23 01:26:07.290 10 INFO neutron.db.ovn_revision_numbers_db [None req-ab5d399c-e589-4b73-99d7-732d7b798159 cd81f69b4ce340d986ae745d7df160e7 e5935aaa7e3d4ea5822540b817340386 - - default default] Successfully bumped revision number for resource 06ee6c42-7343-4b8e-bbfd-590dca08c097 (type: security_group_rules) to 0
2026-04-23 01:26:07.310 10 INFO neutron.db.ovn_revision_numbers_db [None req-ab5d399c-e589-4b73-99d7-732d7b798159 cd81f69b4ce340d986ae745d7df160e7 e5935aaa7e3d4ea5822540b817340386 - - default default] Successfully bumped revision number for resource 43375b05-609d-4f34-a3c5-32c247e281f1 (type: security_group_rules) to 0
2026-04-23 01:26:07.328 10 INFO neutron.db.ovn_revision_numbers_db [None req-ab5d399c-e589-4b73-99d7-732d7b798159 cd81f69b4ce340d986ae745d7df160e7 e5935aaa7e3d4ea5822540b817340386 - - default default] Successfully bumped revision number for resource 6c671b56-714b-478b-8e62-e7bcaad64729 (type: security_group_rules) to 0
2026-04-23 01:26:07.346 10 INFO neutron.db.ovn_revision_numbers_db [None req-ab5d399c-e589-4b73-99d7-732d7b798159 cd81f69b4ce340d986ae745d7df160e7 e5935aaa7e3d4ea5822540b817340386 - - default default] Successfully bumped revision number for resource f169db00-c1ec-40cb-8d7f-a56f80353804 (type: security_group_rules) to 0
2026-04-23 01:26:07.369 10 INFO neutron.wsgi [None req-ab5d399c-e589-4b73-99d7-732d7b798159 cd81f69b4ce340d986ae745d7df160e7 e5935aaa7e3d4ea5822540b817340386 - - default default] 10.0.0.104 "GET /v2.0/security-groups?tenant_id=7319036c8ec141189d7effaf8dd0bfcd&name=default HTTP/1.1" status: 200 len: 2993 time: 0.2986565
2026-04-23 01:26:07.391 10 INFO neutron.db.ovn_revision_numbers_db [req-a155e4b4-4214-4b5b-a4a4-ec94ee3eb988 req-6d20e5a5-e2fb-4210-9b0f-9b91eebd9b53 aec0b811482240f1a45fb6d0f22d38c9 ab5845942d2e48f4bc2d87d26d3343ee - - default default] Successfully bumped revision number for resource fb97e3ad-08e5-42b3-a14a-0549133e2978 (type: security_groups) to 1
2026-04-23 01:26:07.403 10 INFO neutron.db.ovn_revision_numbers_db [req-a155e4b4-4214-4b5b-a4a4-ec94ee3eb988 req-6d20e5a5-e2fb-4210-9b0f-9b91eebd9b53 aec0b811482240f1a45fb6d0f22d38c9 ab5845942d2e48f4bc2d87d26d3343ee - - default default] Successfully bumped revision number for resource 1a9b0e10-5276-4481-87e5-7f3505ebd8cb (type: security_group_rules) to 0
2026-04-23 01:26:07.416 10 INFO neutron.db.ovn_revision_numbers_db [req-a155e4b4-4214-4b5b-a4a4-ec94ee3eb988 req-6d20e5a5-e2fb-4210-9b0f-9b91eebd9b53 aec0b811482240f1a45fb6d0f22d38c9 ab5845942d2e48f4bc2d87d26d3343ee - - default default] Successfully bumped revision number for resource 9a2cebb6-12e3-4944-8c9b-3b96abea1093 (type: security_group_rules) to 0
2026-04-23 01:26:07.433 10 INFO neutron.wsgi [req-a155e4b4-4214-4b5b-a4a4-ec94ee3eb988 req-6d20e5a5-e2fb-4210-9b0f-9b91eebd9b53 aec0b811482240f1a45fb6d0f22d38c9 ab5845942d2e48f4bc2d87d26d3343ee - - default default] 10.0.0.14 "POST /v2.0/security-groups HTTP/1.1" status: 201 len: 1822 time: 0.1724136
2026-04-23 01:26:07.511 10 INFO neutron.wsgi [req-621401da-8c85-473d-9363-4f53b3cded8b req-6032a602-3c65-4df9-b038-80d88af35482 aec0b811482240f1a45fb6d0f22d38c9 ab5845942d2e48f4bc2d87d26d3343ee - - default default] 10.0.0.14 "GET /v2.0/security-groups?tenant_id=ab5845942d2e48f4bc2d87d26d3343ee HTTP/1.1" status: 200 len: 7790 time: 0.0486777
2026-04-23 01:26:07.541 10 INFO neutron.wsgi [req-621401da-8c85-473d-9363-4f53b3cded8b req-c395154a-1cd2-4e76-8221-9f634b24892f aec0b811482240f1a45fb6d0f22d38c9 ab5845942d2e48f4bc2d87d26d3343ee - - default default] 10.0.0.14 "GET /v2.0/security-groups/95fb4268-0c0a-4d30-ac41-c95153bf8166 HTTP/1.1" status: 200 len: 2994 time: 0.0246708
2026-04-23 01:26:07.554 9 INFO neutron.db.ovn_revision_numbers_db [None req-7d2eae2a-d088-4c46-bc06-9616ea5274f4 - - - - - -] Successfully bumped revision number for resource 6d025d6a-3562-4d16-b6a1-89a8deee28e3 (type: ports) to 4
2026-04-23 01:26:07.591 10 INFO neutron.wsgi [req-621401da-8c85-473d-9363-4f53b3cded8b req-0a206cfb-0067-4b8c-9b07-675e71d9edc1 aec0b811482240f1a45fb6d0f22d38c9 ab5845942d2e48f4bc2d87d26d3343ee - - default default] 10.0.0.14 "GET /v2.0/security-groups/95fb4268-0c0a-4d30-ac41-c95153bf8166 HTTP/1.1" status: 200 len: 2994 time: 0.0396576
2026-04-23 01:26:07.662 9 INFO neutron.wsgi [None req-4e13543e-7b00-4ed4-aa1e-7de2a102c34a cd81f69b4ce340d986ae745d7df160e7 e5935aaa7e3d4ea5822540b817340386 - - default default] 10.0.0.104 "DELETE /v2.0/security-groups/57befbd5-575a-4441-9611-807124100a28 HTTP/1.1" status: 204 len: 168 time: 0.2840605
2026-04-23 01:26:07.726 10 INFO neutron.db.ovn_revision_numbers_db [req-12f26610-df8a-4d56-9294-e66cd22b40ec req-2fe85360-17b3-4f04-81a4-10a45e4b4229 8b7dc450b7544167a39e44769beb4478 8e3ac0e90bf24d8e8a27819f939cf581 - - default default] Successfully bumped revision number for resource 265182f6-88e8-40c2-9c28-0babd95d1a82 (type: security_groups) to 1
2026-04-23 01:26:07.752 10 INFO neutron.db.ovn_revision_numbers_db [req-12f26610-df8a-4d56-9294-e66cd22b40ec req-2fe85360-17b3-4f04-81a4-10a45e4b4229 8b7dc450b7544167a39e44769beb4478 8e3ac0e90bf24d8e8a27819f939cf581 - - default default] Successfully bumped revision number for resource 4e205417-eddd-48f1-8820-36394f763107 (type: security_group_rules) to 0
2026-04-23 01:26:07.814 10 INFO neutron.db.ovn_revision_numbers_db [req-12f26610-df8a-4d56-9294-e66cd22b40ec req-2fe85360-17b3-4f04-81a4-10a45e4b4229 8b7dc450b7544167a39e44769beb4478 8e3ac0e90bf24d8e8a27819f939cf581 - - default default] Successfully bumped revision number for resource eb157246-13bc-432b-a2eb-cf4a50e42101 (type: security_group_rules) to 0
2026-04-23 01:26:07.815 9 INFO neutron.db.ovn_revision_numbers_db [None req-7d2eae2a-d088-4c46-bc06-9616ea5274f4 - - - - - -] Successfully bumped revision number for resource 6d025d6a-3562-4d16-b6a1-89a8deee28e3 (type: router_ports) to 4
2026-04-23 01:26:07.842 10 INFO neutron.wsgi [req-12f26610-df8a-4d56-9294-e66cd22b40ec req-2fe85360-17b3-4f04-81a4-10a45e4b4229 8b7dc450b7544167a39e44769beb4478 8e3ac0e90bf24d8e8a27819f939cf581 - - default default] 10.0.0.14 "POST /v2.0/security-groups HTTP/1.1" status: 201 len: 1826 time: 0.2461214
2026-04-23 01:26:07.854 10 INFO neutron.wsgi [req-ea3bcafc-288f-433c-913b-702f2cabd628 req-ee016ba0-f77e-4721-b473-660ef8330973 aec0b811482240f1a45fb6d0f22d38c9 ab5845942d2e48f4bc2d87d26d3343ee - - default default] 10.0.0.14 "GET /v2.0/security-groups/28bc7390-41d0-42b4-ae60-ddfac1c163ee HTTP/1.1" status: 200 len: 1815 time: 0.0742896
2026-04-23 01:26:07.906 10 INFO neutron.wsgi [req-c7190ebc-1e1f-41ac-a65f-42b558596636 req-cfbcac3e-f910-4763-a9e1-bd7b07d51074 8b7dc450b7544167a39e44769beb4478 8e3ac0e90bf24d8e8a27819f939cf581 - - default default] 10.0.0.14 "GET /v2.0/security-groups/265182f6-88e8-40c2-9c28-0babd95d1a82 HTTP/1.1" status: 200 len: 1821 time: 0.0368998
2026-04-23 01:26:07.971 10 INFO neutron.db.ovn_revision_numbers_db [None req-7df5d880-ba35-44d4-b62d-c46a11662930 d605d6ffc6c2461498fa5f70b7ba051d 49cd454193fe4e69936fb9da332e685a - - default default] Successfully bumped revision number for resource b3318d86-3e4c-4634-b366-95766f5e3e97 (type: security_groups) to 1
2026-04-23 01:26:07.979 9 INFO neutron.plugins.ml2.drivers.ovn.mech_driver.mech_driver [None req-18b6f71d-ec2c-4757-80ef-0f51bb9302b7 - - - - - -] OVN reports status up for port: 7a2edc6b-4db4-44a8-97bf-f2d36e4869fe
2026-04-23 01:26:07.985 9 INFO neutron.plugins.ml2.plugin [None req-18b6f71d-ec2c-4757-80ef-0f51bb9302b7 - - - - - -] Attempt 1 to provision port 7a2edc6b-4db4-44a8-97bf-f2d36e4869fe
2026-04-23 01:26:07.994 10 INFO neutron.db.ovn_revision_numbers_db [None req-7df5d880-ba35-44d4-b62d-c46a11662930 d605d6ffc6c2461498fa5f70b7ba051d 49cd454193fe4e69936fb9da332e685a - - default default] Successfully bumped revision number for resource 2c25c447-b524-4392-91fb-6ed67fbf91fc (type: security_group_rules) to 0
2026-04-23 01:26:08.014 10 INFO neutron.db.ovn_revision_numbers_db [None req-7df5d880-ba35-44d4-b62d-c46a11662930 d605d6ffc6c2461498fa5f70b7ba051d 49cd454193fe4e69936fb9da332e685a - - default default] Successfully bumped revision number for resource 7a038035-ed03-4888-b74a-63326dc842c8 (type: security_group_rules) to 0
2026-04-23 01:26:08.043 10 INFO neutron.wsgi [None req-7df5d880-ba35-44d4-b62d-c46a11662930 d605d6ffc6c2461498fa5f70b7ba051d 49cd454193fe4e69936fb9da332e685a - - default default] 10.0.0.104 "POST /v2.0/security-groups HTTP/1.1" status: 201 len: 1796 time: 0.2789378
2026-04-23 01:26:08.056 10 INFO neutron.wsgi [req-ea3bcafc-288f-433c-913b-702f2cabd628 req-d39f7a86-f957-41f7-9a40-f00171853c9e aec0b811482240f1a45fb6d0f22d38c9 ab5845942d2e48f4bc2d87d26d3343ee - - default default] 10.0.0.14 "DELETE /v2.0/security-groups/28bc7390-41d0-42b4-ae60-ddfac1c163ee HTTP/1.1" status: 204 len: 173 time: 0.1948199
2026-04-23 01:26:08.094 10 INFO neutron.api.v2.resource [req-f0a98182-894d-4f71-a344-26983064b3b1 req-18500208-7202-4537-a260-8aac0e39aefa aec0b811482240f1a45fb6d0f22d38c9 ab5845942d2e48f4bc2d87d26d3343ee - - default default] show failed (client error): The resource could not be found.
2026-04-23 01:26:08.096 10 INFO neutron.wsgi [req-f0a98182-894d-4f71-a344-26983064b3b1 req-18500208-7202-4537-a260-8aac0e39aefa aec0b811482240f1a45fb6d0f22d38c9 ab5845942d2e48f4bc2d87d26d3343ee - - default default] 10.0.0.14 "GET /v2.0/security-groups/28bc7390-41d0-42b4-ae60-ddfac1c163ee HTTP/1.1" status: 404 len: 352 time: 0.0203443
2026-04-23 01:26:08.155 10 INFO neutron.wsgi [req-e713589c-d308-4ef6-acff-f096057e992c req-9c779ec2-a5bb-4dab-bfa5-4471c53442fc aec0b811482240f1a45fb6d0f22d38c9 ab5845942d2e48f4bc2d87d26d3343ee - - default default] 10.0.0.14 "GET /v2.0/security-groups/dd5707b9-7357-4251-9e5c-ab3026974b40 HTTP/1.1" status: 200 len: 1815 time: 0.0374653
2026-04-23 01:26:08.163 10 INFO neutron.db.ovn_revision_numbers_db [req-c7190ebc-1e1f-41ac-a65f-42b558596636 req-24c82258-6c35-4db2-a6e4-f59c813b3e32 8b7dc450b7544167a39e44769beb4478 8e3ac0e90bf24d8e8a27819f939cf581 - - default default] Successfully bumped revision number for resource 95cdfdf9-e0e1-42e1-abe2-44da9662aa29 (type: security_group_rules) to 0
2026-04-23 01:26:08.197 9 INFO neutron.db.ovn_revision_numbers_db [None req-8b5677d8-0f48-4e0a-9ce6-494cf80e45b5 d605d6ffc6c2461498fa5f70b7ba051d 49cd454193fe4e69936fb9da332e685a - - default default] Successfully bumped revision number for resource fffb4aa1-48d7-4c5b-8fa1-934841534982 (type: security_group_rules) to 0
2026-04-23 01:26:08.224 10 INFO neutron.wsgi [req-c7190ebc-1e1f-41ac-a65f-42b558596636 req-24c82258-6c35-4db2-a6e4-f59c813b3e32 8b7dc450b7544167a39e44769beb4478 8e3ac0e90bf24d8e8a27819f939cf581 - - default default] 10.0.0.14 "POST /v2.0/security-group-rules HTTP/1.1" status: 201 len: 786 time: 0.3028719
2026-04-23 01:26:08.231 9 INFO neutron.wsgi [None req-8b5677d8-0f48-4e0a-9ce6-494cf80e45b5 d605d6ffc6c2461498fa5f70b7ba051d 49cd454193fe4e69936fb9da332e685a - - default default] 10.0.0.104 "POST /v2.0/security-group-rules HTTP/1.1" status: 201 len: 764 time: 0.1831341
2026-04-23 01:26:08.285 9 INFO neutron.db.ovn_revision_numbers_db [None req-18b6f71d-ec2c-4757-80ef-0f51bb9302b7 - - - - - -] Successfully bumped revision number for resource 7a2edc6b-4db4-44a8-97bf-f2d36e4869fe (type: ports) to 2
2026-04-23 01:26:08.360 10 INFO neutron.wsgi [req-e713589c-d308-4ef6-acff-f096057e992c req-2d510bff-fdef-4b11-b3b0-68c6c984e881 aec0b811482240f1a45fb6d0f22d38c9 ab5845942d2e48f4bc2d87d26d3343ee - - default default] 10.0.0.14 "DELETE /v2.0/security-groups/dd5707b9-7357-4251-9e5c-ab3026974b40 HTTP/1.1" status: 204 len: 173 time: 0.1954517
2026-04-23 01:26:08.383 9 INFO neutron.db.ovn_revision_numbers_db [None req-18b6f71d-ec2c-4757-80ef-0f51bb9302b7 - - - - - -] Successfully bumped revision number for resource 7a2edc6b-4db4-44a8-97bf-f2d36e4869fe (type: router_ports) to 2
2026-04-23 01:26:08.402 10 INFO neutron.api.v2.resource [req-33259093-4f65-49af-9023-4b0749b77f69 req-0c0bfeb8-66d7-47e1-9e2e-af8b522511ed aec0b811482240f1a45fb6d0f22d38c9 ab5845942d2e48f4bc2d87d26d3343ee - - default default] show failed (client error): The resource could not be found.
2026-04-23 01:26:08.403 10 INFO neutron.wsgi [req-33259093-4f65-49af-9023-4b0749b77f69 req-0c0bfeb8-66d7-47e1-9e2e-af8b522511ed aec0b811482240f1a45fb6d0f22d38c9 ab5845942d2e48f4bc2d87d26d3343ee - - default default] 10.0.0.14 "GET /v2.0/security-groups/dd5707b9-7357-4251-9e5c-ab3026974b40 HTTP/1.1" status: 404 len: 352 time: 0.0181551
2026-04-23 01:26:08.422 10 INFO neutron.db.ovn_revision_numbers_db [None req-c7a73b15-4525-4230-bc28-92511cbe8384 d605d6ffc6c2461498fa5f70b7ba051d 49cd454193fe4e69936fb9da332e685a - - default default] Successfully bumped revision number for resource 212fb12c-e19f-41d4-94bb-a449fd4f91c6 (type: security_group_rules) to 0
2026-04-23 01:26:08.433 10 INFO neutron.db.ovn_revision_numbers_db [req-7b4cf937-b31c-41ad-a635-bca6173d3114 req-7ea4f0fd-118b-4d39-b010-a6d796dfb879 8b7dc450b7544167a39e44769beb4478 8e3ac0e90bf24d8e8a27819f939cf581 - - default default] Successfully bumped revision number for resource 1398c843-e8d1-487b-96a5-de5b5bed8baa (type: security_groups) to 1
2026-04-23 01:26:08.457 10 INFO neutron.wsgi [None req-c7a73b15-4525-4230-bc28-92511cbe8384 d605d6ffc6c2461498fa5f70b7ba051d 49cd454193fe4e69936fb9da332e685a - - default default] 10.0.0.104 "POST /v2.0/security-group-rules HTTP/1.1" status: 201 len: 769 time: 0.2173061
2026-04-23 01:26:08.467 10 INFO neutron.db.ovn_revision_numbers_db [req-7b4cf937-b31c-41ad-a635-bca6173d3114 req-7ea4f0fd-118b-4d39-b010-a6d796dfb879 8b7dc450b7544167a39e44769beb4478 8e3ac0e90bf24d8e8a27819f939cf581 - - default default] Successfully bumped revision number for resource 28cb0517-6251-42a1-98ab-b571ced94384 (type: security_group_rules) to 0
2026-04-23 01:26:08.478 10 INFO neutron.wsgi [req-ff190a77-00d1-4d15-a5ee-1a583c088e7f req-c401b1ff-74d9-43fa-8043-57099ab887ae aec0b811482240f1a45fb6d0f22d38c9 ab5845942d2e48f4bc2d87d26d3343ee - - default default] 10.0.0.14 "GET /v2.0/security-groups/fb97e3ad-08e5-42b3-a14a-0549133e2978 HTTP/1.1" status: 200 len: 1817 time: 0.0513446
2026-04-23 01:26:08.484 10 INFO neutron.db.ovn_revision_numbers_db [req-7b4cf937-b31c-41ad-a635-bca6173d3114 req-7ea4f0fd-118b-4d39-b010-a6d796dfb879 8b7dc450b7544167a39e44769beb4478 8e3ac0e90bf24d8e8a27819f939cf581 - - default default] Successfully bumped revision number for resource 875ca2dd-3e5e-4cb3-97df-59e6948558e9 (type: security_group_rules) to 0
2026-04-23 01:26:08.512 10 INFO neutron.wsgi [req-7b4cf937-b31c-41ad-a635-bca6173d3114 req-7ea4f0fd-118b-4d39-b010-a6d796dfb879 8b7dc450b7544167a39e44769beb4478 8e3ac0e90bf24d8e8a27819f939cf581 - - default default] 10.0.0.14 "POST /v2.0/security-groups HTTP/1.1" status: 201 len: 1825 time: 0.2500679
2026-04-23 01:26:08.581 10 INFO neutron.wsgi [req-65396178-b5de-4a39-ab4d-e994676f7da4 req-d1de90ea-7538-4e73-9c80-66ca2a3fe259 8b7dc450b7544167a39e44769beb4478 8e3ac0e90bf24d8e8a27819f939cf581 - - default default] 10.0.0.14 "GET /v2.0/security-groups/1398c843-e8d1-487b-96a5-de5b5bed8baa HTTP/1.1" status: 200 len: 1820 time: 0.0412824
2026-04-23 01:26:08.641 10 INFO neutron.wsgi [req-ff190a77-00d1-4d15-a5ee-1a583c088e7f req-14d1a87e-a18e-4073-a1ec-b0676c870888 aec0b811482240f1a45fb6d0f22d38c9 ab5845942d2e48f4bc2d87d26d3343ee - - default default] 10.0.0.14 "DELETE /v2.0/security-groups/fb97e3ad-08e5-42b3-a14a-0549133e2978 HTTP/1.1" status: 204 len: 173 time: 0.1548791
2026-04-23 01:26:08.678 10 INFO neutron.api.v2.resource [req-7d8907ed-01ce-4f95-80ef-d7953718cae2 req-7666c6cc-40fe-4b94-b470-1896b06120cf aec0b811482240f1a45fb6d0f22d38c9 ab5845942d2e48f4bc2d87d26d3343ee - - default default] show failed (client error): The resource could not be found.
2026-04-23 01:26:08.680 10 INFO neutron.wsgi [req-7d8907ed-01ce-4f95-80ef-d7953718cae2 req-7666c6cc-40fe-4b94-b470-1896b06120cf aec0b811482240f1a45fb6d0f22d38c9 ab5845942d2e48f4bc2d87d26d3343ee - - default default] 10.0.0.14 "GET /v2.0/security-groups/fb97e3ad-08e5-42b3-a14a-0549133e2978 HTTP/1.1" status: 404 len: 352 time: 0.0205772
2026-04-23 01:26:08.693 9 WARNING neutron.scheduler.dhcp_agent_scheduler [None req-672d798c-bf0f-49b6-a361-e502d6132321 d605d6ffc6c2461498fa5f70b7ba051d 49cd454193fe4e69936fb9da332e685a - - default default] No more DHCP agents
2026-04-23 01:26:08.695 9 WARNING neutron.api.rpc.agentnotifiers.dhcp_rpc_agent_api [None req-672d798c-bf0f-49b6-a361-e502d6132321 d605d6ffc6c2461498fa5f70b7ba051d 49cd454193fe4e69936fb9da332e685a - - default default] Unable to schedule network c2c20274-476f-4978-a5dc-5eb24dc41987: no agents available; will retry on subsequent port and subnet creation events.
2026-04-23 01:26:08.724 10 INFO neutron.db.ovn_revision_numbers_db [req-65396178-b5de-4a39-ab4d-e994676f7da4 req-d55bdb7c-b2a4-48b3-8183-263aa3c84249 8b7dc450b7544167a39e44769beb4478 8e3ac0e90bf24d8e8a27819f939cf581 - - default default] Successfully bumped revision number for resource 71bd6f32-3a4e-473c-a36b-c01de456d32c (type: security_group_rules) to 0
2026-04-23 01:26:08.744 10 INFO neutron.wsgi [req-15b02167-a212-4ac3-bb1c-1088825069bf req-0eb11c85-4413-43f3-bc38-6847f7d7f7fb aec0b811482240f1a45fb6d0f22d38c9 ab5845942d2e48f4bc2d87d26d3343ee - - default default] 10.0.0.14 "GET /v2.0/security-groups?tenant_id=ab5845942d2e48f4bc2d87d26d3343ee HTTP/1.1" status: 200 len: 2997 time: 0.0434186
2026-04-23 01:26:08.761 10 INFO neutron.wsgi [req-65396178-b5de-4a39-ab4d-e994676f7da4 req-d55bdb7c-b2a4-48b3-8183-263aa3c84249 8b7dc450b7544167a39e44769beb4478 8e3ac0e90bf24d8e8a27819f939cf581 - - default default] 10.0.0.14 "POST /v2.0/security-group-rules HTTP/1.1" status: 201 len: 786 time: 0.1698923
2026-04-23 01:26:08.808 10 INFO neutron.wsgi [req-15b02167-a212-4ac3-bb1c-1088825069bf req-1a6d7b8e-f015-4a0f-bb89-9eeb5bf156e7 aec0b811482240f1a45fb6d0f22d38c9 ab5845942d2e48f4bc2d87d26d3343ee - - default default] 10.0.0.14 "GET /v2.0/security-groups/95fb4268-0c0a-4d30-ac41-c95153bf8166 HTTP/1.1" status: 200 len: 2994 time: 0.0566902
2026-04-23 01:26:08.828 10 INFO neutron.wsgi [req-5bff61c2-e665-407d-9afb-7c80c3af50bc req-230f2455-e351-479c-a427-242f2e44319f 8b7dc450b7544167a39e44769beb4478 8e3ac0e90bf24d8e8a27819f939cf581 - - default default] 10.0.0.14 "GET /v2.0/security-groups/1398c843-e8d1-487b-96a5-de5b5bed8baa HTTP/1.1" status: 200 len: 2413 time: 0.0443721
2026-04-23 01:26:08.851 10 INFO neutron.wsgi [req-15b02167-a212-4ac3-bb1c-1088825069bf req-56392d40-ff29-4fc6-9162-b940c2752846 aec0b811482240f1a45fb6d0f22d38c9 ab5845942d2e48f4bc2d87d26d3343ee - - default default] 10.0.0.14 "GET /v2.0/security-groups/95fb4268-0c0a-4d30-ac41-c95153bf8166 HTTP/1.1" status: 200 len: 2994 time: 0.0357823
2026-04-23 01:26:08.898 10 INFO neutron.api.v2.resource [req-ba26c00b-6e49-4b9c-aedd-d712631b304c req-93127e34-aa3c-4b46-9f92-a7c1653c5cc3 aec0b811482240f1a45fb6d0f22d38c9 ab5845942d2e48f4bc2d87d26d3343ee - - default default] show failed (client error): The resource could not be found.
2026-04-23 01:26:08.899 10 INFO neutron.wsgi [req-ba26c00b-6e49-4b9c-aedd-d712631b304c req-93127e34-aa3c-4b46-9f92-a7c1653c5cc3 aec0b811482240f1a45fb6d0f22d38c9 ab5845942d2e48f4bc2d87d26d3343ee - - default default] 10.0.0.14 "GET /v2.0/security-groups/fb97e3ad-08e5-42b3-a14a-0549133e2978 HTTP/1.1" status: 404 len: 352 time: 0.0175903
2026-04-23 01:26:08.933 10 INFO neutron.api.v2.resource [req-050dedfd-fb5a-44b3-8bfa-e8d64d642d05 req-b4a2fe59-e1d5-43f5-9dab-b1de9f349f2f aec0b811482240f1a45fb6d0f22d38c9 ab5845942d2e48f4bc2d87d26d3343ee - - default default] show failed (client error): The resource could not be found.
2026-04-23 01:26:08.934 10 INFO neutron.wsgi [req-050dedfd-fb5a-44b3-8bfa-e8d64d642d05 req-b4a2fe59-e1d5-43f5-9dab-b1de9f349f2f aec0b811482240f1a45fb6d0f22d38c9 ab5845942d2e48f4bc2d87d26d3343ee - - default default] 10.0.0.14 "GET /v2.0/security-groups/dd5707b9-7357-4251-9e5c-ab3026974b40 HTTP/1.1" status: 404 len: 352 time: 0.0157003
2026-04-23 01:26:08.965 10 INFO neutron.api.v2.resource [req-9ee6d1b2-0a32-449a-b035-1d88950d413d req-091657e2-4257-447a-8c59-5510685172e7 aec0b811482240f1a45fb6d0f22d38c9 ab5845942d2e48f4bc2d87d26d3343ee - - default default] show failed (client error): The resource could not be found.
2026-04-23 01:26:08.966 10 INFO neutron.wsgi [req-9ee6d1b2-0a32-449a-b035-1d88950d413d req-091657e2-4257-447a-8c59-5510685172e7 aec0b811482240f1a45fb6d0f22d38c9 ab5845942d2e48f4bc2d87d26d3343ee - - default default] 10.0.0.14 "GET /v2.0/security-groups/28bc7390-41d0-42b4-ae60-ddfac1c163ee HTTP/1.1" status: 404 len: 352 time: 0.0144329
2026-04-23 01:26:08.973 10 INFO neutron.db.ovn_revision_numbers_db [req-5bff61c2-e665-407d-9afb-7c80c3af50bc req-4753ed62-20a7-4aa7-8be0-62a8d364047a 8b7dc450b7544167a39e44769beb4478 8e3ac0e90bf24d8e8a27819f939cf581 - - default default] Successfully bumped revision number for resource 303ba45b-9880-4a3a-8691-8fb57eccbc27 (type: security_group_rules) to 0
2026-04-23 01:26:09.023 9 INFO neutron.db.ovn_revision_numbers_db [None req-672d798c-bf0f-49b6-a361-e502d6132321 d605d6ffc6c2461498fa5f70b7ba051d 49cd454193fe4e69936fb9da332e685a - - default default] Successfully bumped revision number for resource 2fb22d47-dc5d-45f6-a735-4fe2c072aed8 (type: floatingips) to 0
2026-04-23 01:26:09.027 10 INFO neutron.wsgi [req-5bff61c2-e665-407d-9afb-7c80c3af50bc req-4753ed62-20a7-4aa7-8be0-62a8d364047a 8b7dc450b7544167a39e44769beb4478 8e3ac0e90bf24d8e8a27819f939cf581 - - default default] 10.0.0.14 "POST /v2.0/security-group-rules HTTP/1.1" status: 201 len: 791 time: 0.1907585
2026-04-23 01:26:09.039 9 INFO neutron.wsgi [None req-672d798c-bf0f-49b6-a361-e502d6132321 d605d6ffc6c2461498fa5f70b7ba051d 49cd454193fe4e69936fb9da332e685a - - default default] 10.0.0.104 "POST /v2.0/floatingips HTTP/1.1" status: 201 len: 751 time: 0.5773282
2026-04-23 01:26:09.099 10 INFO neutron.wsgi [req-a2576e24-e95e-4bdc-8e76-e5f7c54d5f57 req-766116db-4508-42df-a84c-70d7c7a1e853 8b7dc450b7544167a39e44769beb4478 8e3ac0e90bf24d8e8a27819f939cf581 - - default default] 10.0.0.14 "GET /v2.0/security-groups/1398c843-e8d1-487b-96a5-de5b5bed8baa HTTP/1.1" status: 200 len: 3011 time: 0.0487602
2026-04-23 01:26:09.163 10 INFO neutron.wsgi [req-84c82cc1-6c71-4fa5-bebc-1ceca6a4fec2 req-1212fbd7-8a0b-4f1c-b74e-bc1f86e39a35 8b7dc450b7544167a39e44769beb4478 8e3ac0e90bf24d8e8a27819f939cf581 - - default default] 10.0.0.14 "GET /v2.0/security-group-rules/303ba45b-9880-4a3a-8691-8fb57eccbc27 HTTP/1.1" status: 200 len: 783 time: 0.0332601
2026-04-23 01:26:09.228 10 INFO neutron.wsgi [req-84c82cc1-6c71-4fa5-bebc-1ceca6a4fec2 req-11e89e06-91b3-4701-a355-526ef66c5c83 8b7dc450b7544167a39e44769beb4478 8e3ac0e90bf24d8e8a27819f939cf581 - - default default] 10.0.0.14 "GET /v2.0/security-groups/1398c843-e8d1-487b-96a5-de5b5bed8baa HTTP/1.1" status: 200 len: 3011 time: 0.0562730
2026-04-23 01:26:09.410 10 INFO neutron.wsgi [req-84c82cc1-6c71-4fa5-bebc-1ceca6a4fec2 req-fed4235a-46d3-4f49-929d-49e629d4b750 8b7dc450b7544167a39e44769beb4478 8e3ac0e90bf24d8e8a27819f939cf581 - - default default] 10.0.0.14 "DELETE /v2.0/security-group-rules/303ba45b-9880-4a3a-8691-8fb57eccbc27 HTTP/1.1" status: 204 len: 173 time: 0.1716378
2026-04-23 01:26:09.708 10 INFO neutron.wsgi [req-4fd3ec56-ce20-4d4e-acd8-424169ee8af8 req-ff02cbe9-350d-4ca8-8150-4bebcc1d934f d605d6ffc6c2461498fa5f70b7ba051d 49cd454193fe4e69936fb9da332e685a - - default default] 10.0.0.14 "GET /v2.0/security-groups?name=tempest-securitygroup--682742528&fields=id&tenant_id=49cd454193fe4e69936fb9da332e685a HTTP/1.1" status: 200 len: 267 time: 0.0603662
2026-04-23 01:26:09.734 10 INFO neutron.wsgi [req-26009bd3-c964-4384-a55a-450cce5d47cc req-3c2334a3-1633-477a-9589-70e5b2ba88d0 8b7dc450b7544167a39e44769beb4478 8e3ac0e90bf24d8e8a27819f939cf581 - - default default] 10.0.0.14 "GET /v2.0/security-groups/1398c843-e8d1-487b-96a5-de5b5bed8baa HTTP/1.1" status: 200 len: 2413 time: 0.0878384
2026-04-23 01:26:09.847 10 INFO neutron.wsgi [req-4fd3ec56-ce20-4d4e-acd8-424169ee8af8 req-1c067b26-b020-4c53-a647-224ab766dc5f d605d6ffc6c2461498fa5f70b7ba051d 49cd454193fe4e69936fb9da332e685a - - default default] 10.0.0.14 "GET /v2.0/networks?id=e1d5683d-e8b1-4138-86d2-52130a869a9b HTTP/1.1" status: 200 len: 883 time: 0.1113698
2026-04-23 01:26:09.875 10 INFO neutron.wsgi [req-4fd3ec56-ce20-4d4e-acd8-424169ee8af8 req-00aa7968-245a-403a-a751-4ffdda809d9f d605d6ffc6c2461498fa5f70b7ba051d 49cd454193fe4e69936fb9da332e685a - - default default] 10.0.0.14 "GET /v2.0/quotas/49cd454193fe4e69936fb9da332e685a HTTP/1.1" status: 200 len: 386 time: 0.0190041
2026-04-23 01:26:09.999 10 INFO neutron.wsgi [req-26009bd3-c964-4384-a55a-450cce5d47cc req-2d170004-8379-4988-961d-18fd2fdf65e7 8b7dc450b7544167a39e44769beb4478 8e3ac0e90bf24d8e8a27819f939cf581 - - default default] 10.0.0.14 "DELETE /v2.0/security-groups/1398c843-e8d1-487b-96a5-de5b5bed8baa HTTP/1.1" status: 204 len: 173 time: 0.2548254
2026-04-23 01:26:10.051 10 INFO neutron.wsgi [req-4fd3ec56-ce20-4d4e-acd8-424169ee8af8 req-6820b558-77fd-4641-91ad-659313659e28 d605d6ffc6c2461498fa5f70b7ba051d 49cd454193fe4e69936fb9da332e685a - - default default] 10.0.0.14 "GET /v2.0/ports?tenant_id=49cd454193fe4e69936fb9da332e685a&fields=id HTTP/1.1" status: 200 len: 302 time: 0.1669383
2026-04-23 01:26:10.067 10 INFO neutron.wsgi [req-90a1078f-3865-43d5-bf83-9a3273cc0118 req-fc5b115a-ff8f-4a64-94cd-ceff9a0323be 8b7dc450b7544167a39e44769beb4478 8e3ac0e90bf24d8e8a27819f939cf581 - - default default] 10.0.0.14 "GET /v2.0/security-groups/265182f6-88e8-40c2-9c28-0babd95d1a82 HTTP/1.1" status: 200 len: 2414 time: 0.0498531
2026-04-23 01:26:10.241 10 INFO neutron.wsgi [req-90a1078f-3865-43d5-bf83-9a3273cc0118 req-a25e7470-9897-4624-af67-8b9fc016e2c6 8b7dc450b7544167a39e44769beb4478 8e3ac0e90bf24d8e8a27819f939cf581 - - default default] 10.0.0.14 "DELETE /v2.0/security-groups/265182f6-88e8-40c2-9c28-0babd95d1a82 HTTP/1.1" status: 204 len: 173 time: 0.1643131
2026-04-23 01:26:10.442 9 INFO neutron.db.ovn_revision_numbers_db [None req-0268e36b-cf36-4c8e-8aca-3d710145a5e4 cd81f69b4ce340d986ae745d7df160e7 e5935aaa7e3d4ea5822540b817340386 - - default default] Successfully bumped revision number for resource 3c03ab7d-2708-4524-bfaf-71bde14f4692 (type: security_groups) to 1
2026-04-23 01:26:10.462 10 INFO neutron.wsgi [req-4fd3ec56-ce20-4d4e-acd8-424169ee8af8 req-5e37674a-3930-4c81-bc61-1c697b7cbdd4 9a6a79e89edb49438e22b9cd985d8a87 8530f5d1750e47dda86fe21c2b8ff17c - - b40207c8c5154d35bfb0dddc2457a134 b40207c8c5154d35bfb0dddc2457a134] 10.0.0.14 "GET /v2.0/extensions HTTP/1.1" status: 200 len: 16525 time: 0.0476823
2026-04-23 01:26:10.462 9 INFO neutron.db.ovn_revision_numbers_db [None req-0268e36b-cf36-4c8e-8aca-3d710145a5e4 cd81f69b4ce340d986ae745d7df160e7 e5935aaa7e3d4ea5822540b817340386 - - default default] Successfully bumped revision number for resource 0a28430b-50e1-4d18-bf24-0fa894a1be16 (type: security_group_rules) to 0
2026-04-23 01:26:10.482 9 INFO neutron.db.ovn_revision_numbers_db [None req-0268e36b-cf36-4c8e-8aca-3d710145a5e4 cd81f69b4ce340d986ae745d7df160e7 e5935aaa7e3d4ea5822540b817340386 - - default default] Successfully bumped revision number for resource 43234475-49e3-462d-a516-d0be765d65e6 (type: security_group_rules) to 0
2026-04-23 01:26:10.495 9 INFO neutron.db.ovn_revision_numbers_db [None req-0268e36b-cf36-4c8e-8aca-3d710145a5e4 cd81f69b4ce340d986ae745d7df160e7 e5935aaa7e3d4ea5822540b817340386 - - default default] Successfully bumped revision number for resource 583e3a64-17c2-4359-845c-f2ecb9a5604a (type: security_group_rules) to 0
2026-04-23 01:26:10.512 9 INFO neutron.db.ovn_revision_numbers_db [None req-0268e36b-cf36-4c8e-8aca-3d710145a5e4 cd81f69b4ce340d986ae745d7df160e7 e5935aaa7e3d4ea5822540b817340386 - - default default] Successfully bumped revision number for resource d4b10af8-293b-4a5f-9275-6f104fa49934 (type: security_group_rules) to 0
2026-04-23 01:26:10.543 9 INFO neutron.wsgi [None req-0268e36b-cf36-4c8e-8aca-3d710145a5e4 cd81f69b4ce340d986ae745d7df160e7 e5935aaa7e3d4ea5822540b817340386 - - default default] 10.0.0.104 "GET /v2.0/security-groups?tenant_id=686dbd2f55c24fd4bfa8f64b4240b81a&name=default HTTP/1.1" status: 200 len: 2996 time: 0.4948099
2026-04-23 01:26:10.696 10 INFO neutron.wsgi [req-4fd3ec56-ce20-4d4e-acd8-424169ee8af8 req-6de58089-e4e8-4f73-8845-041a3f8560a3 9a6a79e89edb49438e22b9cd985d8a87 8530f5d1750e47dda86fe21c2b8ff17c - - b40207c8c5154d35bfb0dddc2457a134 b40207c8c5154d35bfb0dddc2457a134] 10.0.0.14 "GET /v2.0/networks/e1d5683d-e8b1-4138-86d2-52130a869a9b?fields=segments HTTP/1.1" status: 200 len: 212 time: 0.2182169
2026-04-23 01:26:10.767 10 INFO neutron.wsgi [req-4fd3ec56-ce20-4d4e-acd8-424169ee8af8 req-24e77298-6304-466e-84c4-07fd50f5040f 9a6a79e89edb49438e22b9cd985d8a87 8530f5d1750e47dda86fe21c2b8ff17c - - b40207c8c5154d35bfb0dddc2457a134 b40207c8c5154d35bfb0dddc2457a134] 10.0.0.14 "GET /v2.0/networks/e1d5683d-e8b1-4138-86d2-52130a869a9b?fields=provider%3Aphysical_network&fields=provider%3Anetwork_type HTTP/1.1" status: 200 len: 277 time: 0.0645933
2026-04-23 01:26:10.823 9 INFO neutron.wsgi [None req-81be2656-8175-41bf-9bcf-7183f1315236 cd81f69b4ce340d986ae745d7df160e7 e5935aaa7e3d4ea5822540b817340386 - - default default] 10.0.0.104 "DELETE /v2.0/security-groups/3c03ab7d-2708-4524-bfaf-71bde14f4692 HTTP/1.1" status: 204 len: 168 time: 0.2745664
2026-04-23 01:26:10.835 10 INFO neutron.wsgi [None req-2bfd5c06-a346-409e-ab6e-8f6b04a92ae5 cd81f69b4ce340d986ae745d7df160e7 e5935aaa7e3d4ea5822540b817340386 - - default default] 10.0.0.104 "PUT /v2.0/routers/8a00f5d3-858b-4a2d-90c2-54abc1a7f925/remove_router_interface HTTP/1.1" status: 200 len: 503 time: 1.8581879 /var/lib/openstack/lib/python3.10/site-packages/pycadf/identifier.py:71: UserWarning: Invalid uuid: neutron. To ensure interoperability, identifiers should be a valid uuid. warnings.warn(('Invalid uuid: %s. To ensure interoperability, '
2026-04-23 01:26:10.973 10 WARNING neutron.plugins.ml2.drivers.ovn.mech_driver.ovsdb.ovn_client [None req-cf6414a4-30e0-4e6b-a5a3-dfce29d33029 - - - - - -] No port found with ID 7789b7e7-5331-45ad-94ea-2c0403191746: RuntimeError: No port found with ID 7789b7e7-5331-45ad-94ea-2c0403191746
2026-04-23 01:26:10.973 10 INFO neutron.plugins.ml2.drivers.ovn.mech_driver.mech_driver [None req-cf6414a4-30e0-4e6b-a5a3-dfce29d33029 - - - - - -] OVN reports status up for port: 91b4988d-969b-4991-b9c6-4056c2396d60
2026-04-23 01:26:11.015 10 INFO neutron.wsgi [req-afad3ec5-6502-48e9-8224-1396cb922723 req-0c722e8d-6454-4f26-86b4-e9bd98d467dc d605d6ffc6c2461498fa5f70b7ba051d 49cd454193fe4e69936fb9da332e685a - - default default] 10.0.0.14 "GET /v2.0/ports?device_id=e2da96fc-322c-445a-97ba-1722980f0628 HTTP/1.1" status: 200 len: 210 time: 0.0439577
2026-04-23 01:26:11.024 10 INFO neutron.plugins.ml2.plugin [None req-cf6414a4-30e0-4e6b-a5a3-dfce29d33029 - - - - - -] Attempt 1 to provision port 91b4988d-969b-4991-b9c6-4056c2396d60
2026-04-23 01:26:11.410 9 INFO neutron.wsgi [None req-aff5eb8a-aebf-4915-9319-3a96aca5af16 cd81f69b4ce340d986ae745d7df160e7 e5935aaa7e3d4ea5822540b817340386 - - default default] 10.0.0.104 "PUT /v2.0/routers/3b9d15da-67dd-402e-8462-e23c9e95ce00/remove_router_interface HTTP/1.1" status: 200 len: 503 time: 1.1605971
2026-04-23 01:26:11.411 10 INFO neutron.db.ovn_revision_numbers_db [None req-cf6414a4-30e0-4e6b-a5a3-dfce29d33029 - - - - - -] Successfully bumped revision number for resource 91b4988d-969b-4991-b9c6-4056c2396d60 (type: ports) to 2 /var/lib/openstack/lib/python3.10/site-packages/pycadf/identifier.py:71: UserWarning: Invalid uuid: neutron. To ensure interoperability, identifiers should be a valid uuid. warnings.warn(('Invalid uuid: %s. To ensure interoperability, '
2026-04-23 01:26:11.600 10 INFO neutron.db.ovn_revision_numbers_db [None req-cf6414a4-30e0-4e6b-a5a3-dfce29d33029 - - - - - -] Successfully bumped revision number for resource 91b4988d-969b-4991-b9c6-4056c2396d60 (type: router_ports) to 2
2026-04-23 01:26:11.605 10 INFO neutron.wsgi [None req-59008cde-d4a0-447f-8013-af7714556941 cd81f69b4ce340d986ae745d7df160e7 e5935aaa7e3d4ea5822540b817340386 - - default default] 10.0.0.104 "DELETE /v2.0/routers/8a00f5d3-858b-4a2d-90c2-54abc1a7f925 HTTP/1.1" status: 204 len: 168 time: 0.7664356
2026-04-23 01:26:11.853 9 INFO neutron.wsgi [None req-1fc5ff74-b8eb-4f23-9db3-3a0bb6312e5c cd81f69b4ce340d986ae745d7df160e7 e5935aaa7e3d4ea5822540b817340386 - - default default] 10.0.0.104 "DELETE /v2.0/subnets/0b893fc8-ad6d-4a49-b55f-a7d3a6e119ab HTTP/1.1" status: 204 len: 168 time: 0.2243531
