2026-04-23 01:28:56.508 9 INFO neutron.notifiers.nova [-] Nova event matching ['req-84c8efa6-7669-416d-bd70-824aefba6230'] response: {'name': 'network-changed', 'server_uuid': '138f829e-b22c-451b-bfea-75f235ce91f9', 'tag': '28e892b8-270d-4ab2-a60f-08ff4d2e3bdf', 'status': 'completed', 'code': 200}
2026-04-23 01:28:56.510 9 INFO neutron.wsgi [req-e59ef004-f2d0-4bda-8dcd-362386ffd05b req-d378ade6-d1b4-46a1-869e-1c327728a980 9a6a79e89edb49438e22b9cd985d8a87 8530f5d1750e47dda86fe21c2b8ff17c - - b40207c8c5154d35bfb0dddc2457a134 b40207c8c5154d35bfb0dddc2457a134] 199.204.45.244 "GET /v2.0/floatingips?fixed_ip_address=10.100.0.6&port_id=28e892b8-270d-4ab2-a60f-08ff4d2e3bdf HTTP/1.1" status: 200 len: 217 time: 0.0234296
2026-04-23 01:28:56.520 10 INFO neutron.db.ovn_revision_numbers_db [None req-1ae52d22-e1e5-4c95-b437-3cf7db5d3f08 cd81f69b4ce340d986ae745d7df160e7 e5935aaa7e3d4ea5822540b817340386 - - default default] Successfully bumped revision number for resource aef5054e-0861-461a-83bc-93bef1f2730a (type: security_group_rules) to 0
2026-04-23 01:28:56.552 9 INFO neutron.wsgi [req-e59ef004-f2d0-4bda-8dcd-362386ffd05b req-0b53274f-1a91-4c4d-910a-3f4faa350ec5 9a6a79e89edb49438e22b9cd985d8a87 8530f5d1750e47dda86fe21c2b8ff17c - - b40207c8c5154d35bfb0dddc2457a134 b40207c8c5154d35bfb0dddc2457a134] 199.204.45.244 "GET /v2.0/subnets?id=7986a651-adc6-49c2-85d7-0234d2f7efc5 HTTP/1.1" status: 200 len: 866 time: 0.0355117
2026-04-23 01:28:56.568 10 INFO neutron.wsgi [None req-1ae52d22-e1e5-4c95-b437-3cf7db5d3f08 cd81f69b4ce340d986ae745d7df160e7 e5935aaa7e3d4ea5822540b817340386 - - default default] 10.0.0.104 "GET /v2.0/security-groups?tenant_id=5490f522f842447d93e72ed96eb8f6d3&name=default HTTP/1.1" status: 200 len: 2996 time: 0.5560567
2026-04-23 01:28:56.581 9 INFO neutron.wsgi [req-e59ef004-f2d0-4bda-8dcd-362386ffd05b req-abe6710c-29c5-422b-a378-df8d68b2fdfc 9a6a79e89edb49438e22b9cd985d8a87 8530f5d1750e47dda86fe21c2b8ff17c - - b40207c8c5154d35bfb0dddc2457a134 b40207c8c5154d35bfb0dddc2457a134] 199.204.45.244 "GET /v2.0/ports?network_id=fbe6a5d8-8af8-4ca1-9482-83e5a5989325&device_owner=network%3Adhcp HTTP/1.1" status: 200 len: 210 time: 0.0244703
2026-04-23 01:28:56.664 9 INFO neutron.wsgi [req-e59ef004-f2d0-4bda-8dcd-362386ffd05b req-c4c5b64c-9758-441a-9312-39edc4f2150e 9a6a79e89edb49438e22b9cd985d8a87 8530f5d1750e47dda86fe21c2b8ff17c - - b40207c8c5154d35bfb0dddc2457a134 b40207c8c5154d35bfb0dddc2457a134] 199.204.45.244 "GET /v2.0/networks/fbe6a5d8-8af8-4ca1-9482-83e5a5989325?fields=segments HTTP/1.1" status: 200 len: 212 time: 0.0761707
2026-04-23 01:28:56.738 9 INFO neutron.wsgi [req-e59ef004-f2d0-4bda-8dcd-362386ffd05b req-9ff75c7b-7138-41c4-92f6-18bd14fd2cc2 9a6a79e89edb49438e22b9cd985d8a87 8530f5d1750e47dda86fe21c2b8ff17c - - b40207c8c5154d35bfb0dddc2457a134 b40207c8c5154d35bfb0dddc2457a134] 199.204.45.244 "GET /v2.0/networks/fbe6a5d8-8af8-4ca1-9482-83e5a5989325?fields=provider%3Aphysical_network&fields=provider%3Anetwork_type HTTP/1.1" status: 200 len: 277 time: 0.0676992
2026-04-23 01:28:56.816 9 INFO neutron.wsgi [req-a7c89cc3-98a2-4a4c-a3ed-772280d4980e req-9655868d-28da-4e35-b820-68eae4322105 9a6a79e89edb49438e22b9cd985d8a87 8530f5d1750e47dda86fe21c2b8ff17c - - b40207c8c5154d35bfb0dddc2457a134 b40207c8c5154d35bfb0dddc2457a134] 199.204.45.244 "GET /v2.0/ports?tenant_id=72b926f47d904f4caff32e3bba7d45c1&device_id=138f829e-b22c-451b-bfea-75f235ce91f9 HTTP/1.1" status: 200 len: 1446 time: 0.0355487
2026-04-23 01:28:56.900 10 INFO neutron.wsgi [None req-a4b1d5e4-451e-484e-aa04-7af568eefac5 f71d0bd491f0483d97ad7111adbc7286 551213c81ad74b48b0a94cdf49254e96 - - default default] 10.0.0.104 "DELETE /v2.0/routers/336dcaca-c471-4fcb-9bd4-4907407bbc35 HTTP/1.1" status: 204 len: 168 time: 0.7151318
2026-04-23 01:28:56.929 9 INFO neutron.wsgi [None req-97ab14df-facf-4df7-914e-cfe6ac7c263c cd81f69b4ce340d986ae745d7df160e7 e5935aaa7e3d4ea5822540b817340386 - - default default] 10.0.0.104 "DELETE /v2.0/security-groups/c6495c26-e360-4c50-b02f-7bdcdef0a991 HTTP/1.1" status: 204 len: 168 time: 0.3552973
2026-04-23 01:28:56.932 9 INFO neutron.wsgi [req-a7c89cc3-98a2-4a4c-a3ed-772280d4980e req-b684a4a7-3364-444e-b772-16695449d5c6 9a6a79e89edb49438e22b9cd985d8a87 8530f5d1750e47dda86fe21c2b8ff17c - - b40207c8c5154d35bfb0dddc2457a134 b40207c8c5154d35bfb0dddc2457a134] 199.204.45.244 "GET /v2.0/networks?id=fbe6a5d8-8af8-4ca1-9482-83e5a5989325 HTTP/1.1" status: 200 len: 971 time: 0.1005268
2026-04-23 01:28:56.958 9 INFO neutron.wsgi [req-a7c89cc3-98a2-4a4c-a3ed-772280d4980e req-bbd452ae-354d-4b3a-95ff-4d8bba10b654 9a6a79e89edb49438e22b9cd985d8a87 8530f5d1750e47dda86fe21c2b8ff17c - - b40207c8c5154d35bfb0dddc2457a134 b40207c8c5154d35bfb0dddc2457a134] 199.204.45.244 "GET /v2.0/floatingips?fixed_ip_address=10.100.0.6&port_id=28e892b8-270d-4ab2-a60f-08ff4d2e3bdf HTTP/1.1" status: 200 len: 217 time: 0.0194869
2026-04-23 01:28:56.987 10 INFO neutron.wsgi [req-f5418114-6982-4372-9cad-27634f09ad09 req-4ab181fe-1f25-4283-a57e-39aea6cc1de4 9a6a79e89edb49438e22b9cd985d8a87 8530f5d1750e47dda86fe21c2b8ff17c - - b40207c8c5154d35bfb0dddc2457a134 b40207c8c5154d35bfb0dddc2457a134] 199.204.45.244 "GET /v2.0/ports?device_id=138f829e-b22c-451b-bfea-75f235ce91f9 HTTP/1.1" status: 200 len: 1446 time: 0.0596316
2026-04-23 01:28:56.994 9 INFO neutron.wsgi [req-a7c89cc3-98a2-4a4c-a3ed-772280d4980e req-c165af74-e0b2-42e7-9f06-008f6c8d2f74 9a6a79e89edb49438e22b9cd985d8a87 8530f5d1750e47dda86fe21c2b8ff17c - - b40207c8c5154d35bfb0dddc2457a134 b40207c8c5154d35bfb0dddc2457a134] 199.204.45.244 "GET /v2.0/subnets?id=7986a651-adc6-49c2-85d7-0234d2f7efc5 HTTP/1.1" status: 200 len: 866 time: 0.0298297
2026-04-23 01:28:57.028 9 INFO neutron.wsgi [req-a7c89cc3-98a2-4a4c-a3ed-772280d4980e req-b45d3f98-4a0a-4817-a52f-a48756d58482 9a6a79e89edb49438e22b9cd985d8a87 8530f5d1750e47dda86fe21c2b8ff17c - - b40207c8c5154d35bfb0dddc2457a134 b40207c8c5154d35bfb0dddc2457a134] 199.204.45.244 "GET /v2.0/ports?network_id=fbe6a5d8-8af8-4ca1-9482-83e5a5989325&device_owner=network%3Adhcp HTTP/1.1" status: 200 len: 210 time: 0.0257497
2026-04-23 01:28:57.054 10 INFO neutron.wsgi [req-f5418114-6982-4372-9cad-27634f09ad09 req-3a8cf6a9-8ee3-406f-b924-77e68efa6b8a 9a6a79e89edb49438e22b9cd985d8a87 8530f5d1750e47dda86fe21c2b8ff17c - - b40207c8c5154d35bfb0dddc2457a134 b40207c8c5154d35bfb0dddc2457a134] 199.204.45.244 "GET /v2.0/security-groups?id=f253e5fe-cb33-4cc7-9b39-cd9f24c18f89&id=393af7bc-c7be-4266-af38-26210caf919f&fields=id&fields=name HTTP/1.1" status: 200 len: 403 time: 0.0601416
2026-04-23 01:28:57.102 9 INFO neutron.wsgi [req-a7c89cc3-98a2-4a4c-a3ed-772280d4980e req-8d1c1a4c-d176-4228-8937-b9d733cc3367 9a6a79e89edb49438e22b9cd985d8a87 8530f5d1750e47dda86fe21c2b8ff17c - - b40207c8c5154d35bfb0dddc2457a134 b40207c8c5154d35bfb0dddc2457a134] 199.204.45.244 "GET /v2.0/networks/fbe6a5d8-8af8-4ca1-9482-83e5a5989325?fields=segments HTTP/1.1" status: 200 len: 212 time: 0.0629168
2026-04-23 01:28:57.175 10 INFO neutron.plugins.ml2.drivers.ovn.mech_driver.mech_driver [None req-cf6414a4-30e0-4e6b-a5a3-dfce29d33029 - - - - - -] OVN reports status up for port: 28e892b8-270d-4ab2-a60f-08ff4d2e3bdf
2026-04-23 01:28:57.177 9 INFO neutron.wsgi [req-a7c89cc3-98a2-4a4c-a3ed-772280d4980e req-6e39b935-5c68-472e-afd7-1e4cafc427e6 9a6a79e89edb49438e22b9cd985d8a87 8530f5d1750e47dda86fe21c2b8ff17c - - b40207c8c5154d35bfb0dddc2457a134 b40207c8c5154d35bfb0dddc2457a134] 199.204.45.244 "GET /v2.0/networks/fbe6a5d8-8af8-4ca1-9482-83e5a5989325?fields=provider%3Aphysical_network&fields=provider%3Anetwork_type HTTP/1.1" status: 200 len: 277 time: 0.0646703
2026-04-23 01:28:57.205 10 INFO neutron.plugins.ml2.plugin [None req-cf6414a4-30e0-4e6b-a5a3-dfce29d33029 - - - - - -] Attempt 1 to provision port 28e892b8-270d-4ab2-a60f-08ff4d2e3bdf
2026-04-23 01:28:57.381 10 INFO neutron.services.segments.plugin [-] Segment 134a5dac-541f-4252-8f31-233d6c4ba573 resource provider aggregate not found
2026-04-23 01:28:57.386 10 INFO neutron.services.segments.plugin [-] Segment 134a5dac-541f-4252-8f31-233d6c4ba573 resource provider aggregate not found
2026-04-23 01:28:57.403 10 INFO neutron.services.segments.plugin [-] Segment 134a5dac-541f-4252-8f31-233d6c4ba573 resource provider not found; error: Placement Client Error (4xx): {"errors": [{"status": 404, "title": "Not Found", "detail": "The resource could not be found.\n\n No resource provider with uuid 134a5dac-541f-4252-8f31-233d6c4ba573 found for delete ", "request_id": "req-96acdd8a-0676-4705-8f57-17cb81d80d6f"}]}
2026-04-23 01:28:57.421 10 INFO neutron.notifiers.nova [-] Nova event matching ['req-d3f37a67-b603-45ac-999e-d5b3ec20bef4'] response: {'server_uuid': '138f829e-b22c-451b-bfea-75f235ce91f9', 'name': 'network-vif-plugged', 'status': 'completed', 'tag': '28e892b8-270d-4ab2-a60f-08ff4d2e3bdf', 'code': 200}
2026-04-23 01:28:57.423 10 INFO neutron.services.segments.plugin [-] Segment 134a5dac-541f-4252-8f31-233d6c4ba573 resource provider not found; error: Placement Client Error (4xx): {"errors": [{"status": 404, "title": "Not Found", "detail": "The resource could not be found.\n\n No resource provider with uuid 134a5dac-541f-4252-8f31-233d6c4ba573 found for delete ", "request_id": "req-a2dda32a-3aa8-4ab0-abc6-56327db6e4bd"}]}
2026-04-23 01:28:57.480 10 INFO neutron.wsgi [None req-7ffaf0e0-6bae-4786-82a3-cd0e6b3db840 f71d0bd491f0483d97ad7111adbc7286 551213c81ad74b48b0a94cdf49254e96 - - default default] 10.0.0.104 "DELETE /v2.0/networks/95a5fd93-ec1f-4dc5-a691-0ced6659f828 HTTP/1.1" status: 204 len: 168 time: 0.5703385
2026-04-23 01:28:57.683 10 INFO neutron.wsgi [req-45a5b6b2-3a97-46b5-a77d-f14f7e1ea656 req-ab321647-d5b4-4ee5-a370-d0b781098785 be8154a65dd249fc832127530343c917 72b926f47d904f4caff32e3bba7d45c1 - - default default] 10.0.0.14 "GET /v2.0/ports?device_id=138f829e-b22c-451b-bfea-75f235ce91f9 HTTP/1.1" status: 200 len: 1210 time: 0.0734468
2026-04-23 01:28:57.699 10 INFO neutron.db.ovn_revision_numbers_db [None req-cf6414a4-30e0-4e6b-a5a3-dfce29d33029 - - - - - -] Successfully bumped revision number for resource 28e892b8-270d-4ab2-a60f-08ff4d2e3bdf (type: ports) to 4
2026-04-23 01:28:57.760 10 INFO neutron.wsgi [req-45a5b6b2-3a97-46b5-a77d-f14f7e1ea656 req-7910285a-61ee-48fe-94bd-0095ef45bb39 be8154a65dd249fc832127530343c917 72b926f47d904f4caff32e3bba7d45c1 - - default default] 10.0.0.14 "GET /v2.0/security-groups?id=393af7bc-c7be-4266-af38-26210caf919f&id=f253e5fe-cb33-4cc7-9b39-cd9f24c18f89&fields=id&fields=name HTTP/1.1" status: 200 len: 403 time: 0.0668705 /var/lib/openstack/lib/python3.10/site-packages/pycadf/identifier.py:71: UserWarning: Invalid uuid: neutron. To ensure interoperability, identifiers should be a valid uuid. warnings.warn(('Invalid uuid: %s. To ensure interoperability, '
2026-04-23 01:28:58.430 10 INFO neutron.db.ovn_revision_numbers_db [None req-d715fcc1-1d2f-4b15-b5bd-38538bccc714 cd81f69b4ce340d986ae745d7df160e7 e5935aaa7e3d4ea5822540b817340386 - - default default] Successfully bumped revision number for resource 2d43ca7b-0f08-4d76-b398-ab4b69c29749 (type: security_groups) to 1
2026-04-23 01:28:58.443 10 INFO neutron.db.ovn_revision_numbers_db [None req-d715fcc1-1d2f-4b15-b5bd-38538bccc714 cd81f69b4ce340d986ae745d7df160e7 e5935aaa7e3d4ea5822540b817340386 - - default default] Successfully bumped revision number for resource 1378b239-50f3-444b-910e-946b0dcdf14c (type: security_group_rules) to 0
2026-04-23 01:28:58.454 10 INFO neutron.db.ovn_revision_numbers_db [None req-d715fcc1-1d2f-4b15-b5bd-38538bccc714 cd81f69b4ce340d986ae745d7df160e7 e5935aaa7e3d4ea5822540b817340386 - - default default] Successfully bumped revision number for resource 33f3bb45-575d-48c3-9682-5d4ff744d6fe (type: security_group_rules) to 0
2026-04-23 01:28:58.467 10 INFO neutron.db.ovn_revision_numbers_db [None req-d715fcc1-1d2f-4b15-b5bd-38538bccc714 cd81f69b4ce340d986ae745d7df160e7 e5935aaa7e3d4ea5822540b817340386 - - default default] Successfully bumped revision number for resource 907b1f8d-a7ba-4293-aca9-f2a1e179c25f (type: security_group_rules) to 0
2026-04-23 01:28:58.478 10 INFO neutron.db.ovn_revision_numbers_db [None req-d715fcc1-1d2f-4b15-b5bd-38538bccc714 cd81f69b4ce340d986ae745d7df160e7 e5935aaa7e3d4ea5822540b817340386 - - default default] Successfully bumped revision number for resource f6179b48-f479-4821-901e-daac97fe97b3 (type: security_group_rules) to 0
2026-04-23 01:28:58.499 10 INFO neutron.wsgi [None req-d715fcc1-1d2f-4b15-b5bd-38538bccc714 cd81f69b4ce340d986ae745d7df160e7 e5935aaa7e3d4ea5822540b817340386 - - default default] 10.0.0.104 "GET /v2.0/security-groups?tenant_id=74adf0d4cc734a23b5020545cf17ab6d&name=default HTTP/1.1" status: 200 len: 2996 time: 0.3324609
2026-04-23 01:28:58.781 10 INFO neutron.wsgi [None req-a6bb626a-62cb-47ea-b5b0-1cb9325128c1 cd81f69b4ce340d986ae745d7df160e7 e5935aaa7e3d4ea5822540b817340386 - - default default] 10.0.0.104 "DELETE /v2.0/security-groups/2d43ca7b-0f08-4d76-b398-ab4b69c29749 HTTP/1.1" status: 204 len: 168 time: 0.2750485
2026-04-23 01:28:58.890 10 INFO neutron.wsgi [req-dee711c7-8b52-4bd8-8bac-99c867a2525d req-b2affb50-460c-4cde-b7f1-f9405a59e94b be8154a65dd249fc832127530343c917 72b926f47d904f4caff32e3bba7d45c1 - - default default] 10.0.0.14 "GET /v2.0/ports?device_id=138f829e-b22c-451b-bfea-75f235ce91f9 HTTP/1.1" status: 200 len: 1210 time: 0.0511065
2026-04-23 01:28:58.946 10 INFO neutron.wsgi [req-dee711c7-8b52-4bd8-8bac-99c867a2525d req-63dbc1f0-17f0-4c62-bb9e-ff256abb4796 be8154a65dd249fc832127530343c917 72b926f47d904f4caff32e3bba7d45c1 - - default default] 10.0.0.14 "GET /v2.0/security-groups?id=393af7bc-c7be-4266-af38-26210caf919f&id=f253e5fe-cb33-4cc7-9b39-cd9f24c18f89&fields=id&fields=name HTTP/1.1" status: 200 len: 403 time: 0.0476112
2026-04-23 01:28:59.017 9 INFO neutron.wsgi [None req-d72c1664-c205-4ca4-9309-e9d73fa6226a cd81f69b4ce340d986ae745d7df160e7 e5935aaa7e3d4ea5822540b817340386 - - default default] 10.0.0.104 "GET /v2.0/security-groups?tenant_id=551213c81ad74b48b0a94cdf49254e96&name=default HTTP/1.1" status: 200 len: 2996 time: 0.0369072
2026-04-23 01:28:59.124 10 INFO neutron.wsgi [req-302e6375-7c2d-4cbb-8491-0166a9a9c997 req-a99e1125-4023-4164-b02e-1ca77a65f518 be8154a65dd249fc832127530343c917 72b926f47d904f4caff32e3bba7d45c1 - - default default] 10.0.0.14 "GET /v2.0/ports?device_id=138f829e-b22c-451b-bfea-75f235ce91f9 HTTP/1.1" status: 200 len: 1210 time: 0.0970953
2026-04-23 01:28:59.201 9 INFO neutron.wsgi [None req-a4b62ce6-d76a-4a22-ab55-986e86312353 cd81f69b4ce340d986ae745d7df160e7 e5935aaa7e3d4ea5822540b817340386 - - default default] 10.0.0.104 "DELETE /v2.0/security-groups/0db82e1c-4060-440b-b0d0-990df55da7ff HTTP/1.1" status: 204 len: 168 time: 0.1770437
2026-04-23 01:28:59.372 10 INFO neutron.db.l3_db [None req-eae7fcfb-8045-490a-8a4a-fe0984938b7f be8154a65dd249fc832127530343c917 72b926f47d904f4caff32e3bba7d45c1 - - default default] Floating IP d1cbba3d-6bee-4a67-92c7-f34ea5abcb8f associated. External IP: 10.96.250.206, port: 28e892b8-270d-4ab2-a60f-08ff4d2e3bdf.
2026-04-23 01:28:59.462 10 INFO neutron.notifiers.nova [-] Nova event matching ['req-f9cd2ce6-eae1-4d23-8914-f4f3f20924d9'] response: {'server_uuid': '138f829e-b22c-451b-bfea-75f235ce91f9', 'name': 'network-vif-plugged', 'status': 'completed', 'tag': '28e892b8-270d-4ab2-a60f-08ff4d2e3bdf', 'code': 200}
2026-04-23 01:28:59.594 10 INFO neutron.db.ovn_revision_numbers_db [None req-eae7fcfb-8045-490a-8a4a-fe0984938b7f be8154a65dd249fc832127530343c917 72b926f47d904f4caff32e3bba7d45c1 - - default default] Successfully bumped revision number for resource d1cbba3d-6bee-4a67-92c7-f34ea5abcb8f (type: floatingips) to 1
2026-04-23 01:28:59.706 10 INFO neutron.db.ovn_revision_numbers_db [None req-eae7fcfb-8045-490a-8a4a-fe0984938b7f be8154a65dd249fc832127530343c917 72b926f47d904f4caff32e3bba7d45c1 - - default default] Successfully bumped revision number for resource d1cbba3d-6bee-4a67-92c7-f34ea5abcb8f (type: floatingips) to 2
2026-04-23 01:28:59.738 10 INFO neutron.wsgi [None req-eae7fcfb-8045-490a-8a4a-fe0984938b7f be8154a65dd249fc832127530343c917 72b926f47d904f4caff32e3bba7d45c1 - - default default] 10.0.0.104 "PUT /v2.0/floatingips/d1cbba3d-6bee-4a67-92c7-f34ea5abcb8f HTTP/1.1" status: 200 len: 1049 time: 0.6015060
2026-04-23 01:29:00.224 9 INFO neutron.wsgi [None req-acd3e112-16f8-49ad-8267-e5e876ee42c8 c686977c904b43c59128af764dcb4b69 1061d8ee65b04fa088d20d4783cc89b6 - - default default] 10.0.0.229 "GET /v2.0/extensions HTTP/1.1" status: 200 len: 16525 time: 0.2269597
2026-04-23 01:29:00.327 9 INFO neutron.wsgi [None req-9f881602-603f-4087-9e60-d595fab2ccd7 c686977c904b43c59128af764dcb4b69 1061d8ee65b04fa088d20d4783cc89b6 - - default default] 10.0.0.229 "GET /v2.0/quotas/1061d8ee65b04fa088d20d4783cc89b6/details HTTP/1.1" status: 200 len: 756 time: 0.0891562
2026-04-23 01:29:01.506 10 INFO neutron.notifiers.nova [-] Nova event matching ['req-f481a5d9-6adc-40a3-a923-a986b38a98c2'] response: {'name': 'network-changed', 'server_uuid': '138f829e-b22c-451b-bfea-75f235ce91f9', 'tag': '28e892b8-270d-4ab2-a60f-08ff4d2e3bdf', 'status': 'completed', 'code': 200}
2026-04-23 01:29:01.562 9 INFO neutron.wsgi [req-c917f038-b326-4303-b2c9-3cfbbc6f7ad2 req-677cdd9f-270c-451f-bada-7d5e18542463 9a6a79e89edb49438e22b9cd985d8a87 8530f5d1750e47dda86fe21c2b8ff17c - - b40207c8c5154d35bfb0dddc2457a134 b40207c8c5154d35bfb0dddc2457a134] 199.204.45.244 "GET /v2.0/ports?tenant_id=72b926f47d904f4caff32e3bba7d45c1&device_id=138f829e-b22c-451b-bfea-75f235ce91f9 HTTP/1.1" status: 200 len: 1448 time: 0.0335586
2026-04-23 01:29:01.641 9 INFO neutron.wsgi [req-c917f038-b326-4303-b2c9-3cfbbc6f7ad2 req-22e7e1a7-e268-4053-9e1f-00fa6d0c1665 9a6a79e89edb49438e22b9cd985d8a87 8530f5d1750e47dda86fe21c2b8ff17c - - b40207c8c5154d35bfb0dddc2457a134 b40207c8c5154d35bfb0dddc2457a134] 199.204.45.244 "GET /v2.0/networks?id=fbe6a5d8-8af8-4ca1-9482-83e5a5989325 HTTP/1.1" status: 200 len: 971 time: 0.0731382
2026-04-23 01:29:01.700 9 INFO neutron.wsgi [req-c917f038-b326-4303-b2c9-3cfbbc6f7ad2 req-6b7d362e-022c-43ca-aa3b-70a24a922fc1 9a6a79e89edb49438e22b9cd985d8a87 8530f5d1750e47dda86fe21c2b8ff17c - - b40207c8c5154d35bfb0dddc2457a134 b40207c8c5154d35bfb0dddc2457a134] 199.204.45.244 "GET /v2.0/floatingips?fixed_ip_address=10.100.0.6&port_id=28e892b8-270d-4ab2-a60f-08ff4d2e3bdf HTTP/1.1" status: 200 len: 1059 time: 0.0537972
2026-04-23 01:29:01.743 9 INFO neutron.wsgi [req-c917f038-b326-4303-b2c9-3cfbbc6f7ad2 req-64352020-8191-4f7c-813b-80de8451260a 9a6a79e89edb49438e22b9cd985d8a87 8530f5d1750e47dda86fe21c2b8ff17c - - b40207c8c5154d35bfb0dddc2457a134 b40207c8c5154d35bfb0dddc2457a134] 199.204.45.244 "GET /v2.0/subnets?id=7986a651-adc6-49c2-85d7-0234d2f7efc5 HTTP/1.1" status: 200 len: 866 time: 0.0366182
2026-04-23 01:29:01.769 9 INFO neutron.wsgi [req-c917f038-b326-4303-b2c9-3cfbbc6f7ad2 req-e2a4bc1b-82c5-4e68-a757-97544d10b249 9a6a79e89edb49438e22b9cd985d8a87 8530f5d1750e47dda86fe21c2b8ff17c - - b40207c8c5154d35bfb0dddc2457a134 b40207c8c5154d35bfb0dddc2457a134] 199.204.45.244 "GET /v2.0/ports?network_id=fbe6a5d8-8af8-4ca1-9482-83e5a5989325&device_owner=network%3Adhcp HTTP/1.1" status: 200 len: 210 time: 0.0190377
2026-04-23 01:29:01.866 9 INFO neutron.wsgi [req-c917f038-b326-4303-b2c9-3cfbbc6f7ad2 req-6441c66f-1203-4c08-b1d1-844ad486165f 9a6a79e89edb49438e22b9cd985d8a87 8530f5d1750e47dda86fe21c2b8ff17c - - b40207c8c5154d35bfb0dddc2457a134 b40207c8c5154d35bfb0dddc2457a134] 199.204.45.244 "GET /v2.0/networks/fbe6a5d8-8af8-4ca1-9482-83e5a5989325?fields=segments HTTP/1.1" status: 200 len: 212 time: 0.0884037
2026-04-23 01:29:01.933 9 INFO neutron.wsgi [req-c917f038-b326-4303-b2c9-3cfbbc6f7ad2 req-19af8b6d-4cc2-42dd-be83-72fb818eceee 9a6a79e89edb49438e22b9cd985d8a87 8530f5d1750e47dda86fe21c2b8ff17c - - b40207c8c5154d35bfb0dddc2457a134 b40207c8c5154d35bfb0dddc2457a134] 199.204.45.244 "GET /v2.0/networks/fbe6a5d8-8af8-4ca1-9482-83e5a5989325?fields=provider%3Aphysical_network&fields=provider%3Anetwork_type HTTP/1.1" status: 200 len: 277 time: 0.0596871 /var/lib/openstack/lib/python3.10/site-packages/pycadf/identifier.py:71: UserWarning: Invalid uuid: neutron. To ensure interoperability, identifiers should be a valid uuid. warnings.warn(('Invalid uuid: %s. To ensure interoperability, '
2026-04-23 01:29:02.794 10 INFO neutron.wsgi [None req-e420defe-62e8-457d-b4ad-ae3a51745cf8 c686977c904b43c59128af764dcb4b69 1061d8ee65b04fa088d20d4783cc89b6 - - default default] 10.0.0.229 "GET /v2.0/extensions HTTP/1.1" status: 200 len: 16525 time: 0.0090487
2026-04-23 01:29:02.899 10 INFO neutron.wsgi [None req-f32ac9b2-2b18-49bd-902c-9c39ba31076f c686977c904b43c59128af764dcb4b69 1061d8ee65b04fa088d20d4783cc89b6 - - default default] 10.0.0.229 "GET /v2.0/quotas/1061d8ee65b04fa088d20d4783cc89b6/details HTTP/1.1" status: 200 len: 756 time: 0.0890932
2026-04-23 01:29:03.486 9 INFO neutron.db.ovn_revision_numbers_db [None req-a1f58070-16a1-495e-a0f0-0149824aefae 2cd429da0a914812bee0221dfb3e518d 434968dc544846d39b7627344a7fcb49 - - default default] Successfully bumped revision number for resource 109379c4-4875-44d8-b7ea-1f3804c59b10 (type: security_groups) to 1
2026-04-23 01:29:03.500 9 INFO neutron.db.ovn_revision_numbers_db [None req-a1f58070-16a1-495e-a0f0-0149824aefae 2cd429da0a914812bee0221dfb3e518d 434968dc544846d39b7627344a7fcb49 - - default default] Successfully bumped revision number for resource 3b325135-6975-4783-b05d-bc0f01faa37e (type: security_group_rules) to 0
2026-04-23 01:29:03.513 9 INFO neutron.db.ovn_revision_numbers_db [None req-a1f58070-16a1-495e-a0f0-0149824aefae 2cd429da0a914812bee0221dfb3e518d 434968dc544846d39b7627344a7fcb49 - - default default] Successfully bumped revision number for resource 51fedaf5-2ea0-45d8-845b-9ca34c17e7e1 (type: security_group_rules) to 0
2026-04-23 01:29:03.525 9 INFO neutron.db.ovn_revision_numbers_db [None req-a1f58070-16a1-495e-a0f0-0149824aefae 2cd429da0a914812bee0221dfb3e518d 434968dc544846d39b7627344a7fcb49 - - default default] Successfully bumped revision number for resource 6ee7f51a-8591-4122-a49b-e0292185b6cc (type: security_group_rules) to 0
2026-04-23 01:29:03.539 9 INFO neutron.db.ovn_revision_numbers_db [None req-a1f58070-16a1-495e-a0f0-0149824aefae 2cd429da0a914812bee0221dfb3e518d 434968dc544846d39b7627344a7fcb49 - - default default] Successfully bumped revision number for resource 780cda4f-5708-423a-8cbe-387ee93faafd (type: security_group_rules) to 0
2026-04-23 01:29:03.589 9 INFO neutron.db.segments_db [None req-a1f58070-16a1-495e-a0f0-0149824aefae 2cd429da0a914812bee0221dfb3e518d 434968dc544846d39b7627344a7fcb49 - - default default] Added segment 30bc6edf-5762-4f70-8054-ac33f89e5377 of type geneve for network 37d45475-6773-4ba8-a6e6-dbb3031a105f
2026-04-23 01:29:03.750 9 INFO neutron.db.ovn_revision_numbers_db [None req-a1f58070-16a1-495e-a0f0-0149824aefae 2cd429da0a914812bee0221dfb3e518d 434968dc544846d39b7627344a7fcb49 - - default default] Successfully bumped revision number for resource 37d45475-6773-4ba8-a6e6-dbb3031a105f (type: networks) to 1
2026-04-23 01:29:03.902 9 WARNING neutron.scheduler.dhcp_agent_scheduler [None req-a1f58070-16a1-495e-a0f0-0149824aefae 2cd429da0a914812bee0221dfb3e518d 434968dc544846d39b7627344a7fcb49 - - default default] No more DHCP agents
2026-04-23 01:29:03.903 9 WARNING neutron.api.rpc.agentnotifiers.dhcp_rpc_agent_api [None req-a1f58070-16a1-495e-a0f0-0149824aefae 2cd429da0a914812bee0221dfb3e518d 434968dc544846d39b7627344a7fcb49 - - default default] Unable to schedule network 37d45475-6773-4ba8-a6e6-dbb3031a105f: no agents available; will retry on subsequent port and subnet creation events.
2026-04-23 01:29:03.978 9 INFO neutron.db.ovn_revision_numbers_db [None req-a1f58070-16a1-495e-a0f0-0149824aefae 2cd429da0a914812bee0221dfb3e518d 434968dc544846d39b7627344a7fcb49 - - default default] Successfully bumped revision number for resource 840e1737-8407-45a0-b627-eb83cadcd38f (type: ports) to 1
2026-04-23 01:29:03.999 9 INFO neutron.wsgi [None req-a1f58070-16a1-495e-a0f0-0149824aefae 2cd429da0a914812bee0221dfb3e518d 434968dc544846d39b7627344a7fcb49 - - default default] 10.0.0.104 "POST /v2.0/networks HTTP/1.1" status: 201 len: 929 time: 0.7252698
2026-04-23 01:29:04.155 9 WARNING neutron.scheduler.dhcp_agent_scheduler [None req-32b62675-ab9b-47fa-a160-87bcdf44bcef 2cd429da0a914812bee0221dfb3e518d 434968dc544846d39b7627344a7fcb49 - - default default] No more DHCP agents
2026-04-23 01:29:04.157 9 WARNING neutron.api.rpc.agentnotifiers.dhcp_rpc_agent_api [None req-32b62675-ab9b-47fa-a160-87bcdf44bcef 2cd429da0a914812bee0221dfb3e518d 434968dc544846d39b7627344a7fcb49 - - default default] Unable to schedule network 37d45475-6773-4ba8-a6e6-dbb3031a105f: no agents available; will retry on subsequent port and subnet creation events.
2026-04-23 01:29:04.838 9 INFO neutron.db.ovn_revision_numbers_db [None req-32b62675-ab9b-47fa-a160-87bcdf44bcef 2cd429da0a914812bee0221dfb3e518d 434968dc544846d39b7627344a7fcb49 - - default default] Successfully bumped revision number for resource 840e1737-8407-45a0-b627-eb83cadcd38f (type: ports) to 2
2026-04-23 01:29:04.870 9 INFO neutron.db.ovn_revision_numbers_db [None req-32b62675-ab9b-47fa-a160-87bcdf44bcef 2cd429da0a914812bee0221dfb3e518d 434968dc544846d39b7627344a7fcb49 - - default default] Successfully bumped revision number for resource 3cf009b1-3b47-4f38-85e2-a62ddbcb713b (type: subnets) to 0
2026-04-23 01:29:04.901 9 INFO neutron.wsgi [None req-32b62675-ab9b-47fa-a160-87bcdf44bcef 2cd429da0a914812bee0221dfb3e518d 434968dc544846d39b7627344a7fcb49 - - default default] 10.0.0.104 "POST /v2.0/subnets HTTP/1.1" status: 201 len: 819 time: 0.8931887
2026-04-23 01:29:04.910 9 WARNING neutron.api.v2.base [None req-388a8c03-452a-47d9-b3ce-8f658f99e709 2cd429da0a914812bee0221dfb3e518d 434968dc544846d39b7627344a7fcb49 - - default default] An exception happened while processing the request body. The exception message is [Invalid input for target_tenant. Reason: 'None' is not a valid string.].: webob.exc.HTTPBadRequest: Invalid input for target_tenant. Reason: 'None' is not a valid string.
2026-04-23 01:29:04.911 9 INFO neutron.api.v2.resource [None req-388a8c03-452a-47d9-b3ce-8f658f99e709 2cd429da0a914812bee0221dfb3e518d 434968dc544846d39b7627344a7fcb49 - - default default] create failed (client error): Invalid input for target_tenant. Reason: 'None' is not a valid string.
2026-04-23 01:29:04.912 9 INFO neutron.wsgi [None req-388a8c03-452a-47d9-b3ce-8f658f99e709 2cd429da0a914812bee0221dfb3e518d 434968dc544846d39b7627344a7fcb49 - - default default] 10.0.0.104 "POST /v2.0/rbac-policies HTTP/1.1" status: 400 len: 346 time: 0.0065086
2026-04-23 01:29:05.410 9 INFO neutron.services.segments.plugin [-] Segment 30bc6edf-5762-4f70-8054-ac33f89e5377 resource provider aggregate not found
2026-04-23 01:29:05.414 9 INFO neutron.services.segments.plugin [-] Segment 30bc6edf-5762-4f70-8054-ac33f89e5377 resource provider aggregate not found
2026-04-23 01:29:05.427 9 INFO neutron.services.segments.plugin [-] Segment 30bc6edf-5762-4f70-8054-ac33f89e5377 resource provider not found; error: Placement Client Error (4xx): {"errors": [{"status": 404, "title": "Not Found", "detail": "The resource could not be found.\n\n No resource provider with uuid 30bc6edf-5762-4f70-8054-ac33f89e5377 found for delete ", "request_id": "req-b092e194-0fe6-4ec2-a66a-26b9a1873ad5"}]}
2026-04-23 01:29:05.440 9 INFO neutron.services.segments.plugin [-] Segment 30bc6edf-5762-4f70-8054-ac33f89e5377 resource provider not found; error: Placement Client Error (4xx): {"errors": [{"status": 404, "title": "Not Found", "detail": "The resource could not be found.\n\n No resource provider with uuid 30bc6edf-5762-4f70-8054-ac33f89e5377 found for delete ", "request_id": "req-3b7e1576-cb24-4cc6-a003-c476e8c76f07"}]}
2026-04-23 01:29:05.467 9 INFO neutron.wsgi [None req-b8d3c3e2-6949-4435-a2a9-f8e57716826a 2cd429da0a914812bee0221dfb3e518d 434968dc544846d39b7627344a7fcb49 - - default default] 10.0.0.104 "DELETE /v2.0/networks/37d45475-6773-4ba8-a6e6-dbb3031a105f HTTP/1.1" status: 204 len: 168 time: 0.5506768
2026-04-23 01:29:05.468 9 INFO neutron.db.ovn_revision_numbers_db [None req-7986023b-ae5c-464b-a6f1-585b21da4168 cd81f69b4ce340d986ae745d7df160e7 e5935aaa7e3d4ea5822540b817340386 - - default default] Successfully bumped revision number for resource 715907c9-c528-4ed6-a919-8fc606e1334f (type: security_groups) to 1
2026-04-23 01:29:05.482 9 INFO neutron.db.ovn_revision_numbers_db [None req-7986023b-ae5c-464b-a6f1-585b21da4168 cd81f69b4ce340d986ae745d7df160e7 e5935aaa7e3d4ea5822540b817340386 - - default default] Successfully bumped revision number for resource 17c1489c-122f-4085-a70a-ef052a3fd527 (type: security_group_rules) to 0
2026-04-23 01:29:05.495 9 INFO neutron.db.ovn_revision_numbers_db [None req-7986023b-ae5c-464b-a6f1-585b21da4168 cd81f69b4ce340d986ae745d7df160e7 e5935aaa7e3d4ea5822540b817340386 - - default default] Successfully bumped revision number for resource 371d313d-d5c1-437a-b939-f8dd7398cc65 (type: security_group_rules) to 0
2026-04-23 01:29:05.508 9 INFO neutron.db.ovn_revision_numbers_db [None req-7986023b-ae5c-464b-a6f1-585b21da4168 cd81f69b4ce340d986ae745d7df160e7 e5935aaa7e3d4ea5822540b817340386 - - default default] Successfully bumped revision number for resource 48b89598-e120-4a75-970e-1a90019b5ea9 (type: security_group_rules) to 0
2026-04-23 01:29:05.521 9 INFO neutron.db.ovn_revision_numbers_db [None req-7986023b-ae5c-464b-a6f1-585b21da4168 cd81f69b4ce340d986ae745d7df160e7 e5935aaa7e3d4ea5822540b817340386 - - default default] Successfully bumped revision number for resource 49ea8647-43c5-4947-ac18-ec5f56140ff6 (type: security_group_rules) to 0
2026-04-23 01:29:05.540 9 INFO neutron.wsgi [None req-7986023b-ae5c-464b-a6f1-585b21da4168 cd81f69b4ce340d986ae745d7df160e7 e5935aaa7e3d4ea5822540b817340386 - - default default] 10.0.0.104 "GET /v2.0/security-groups?tenant_id=1061d8ee65b04fa088d20d4783cc89b6&name=default HTTP/1.1" status: 200 len: 2996 time: 0.3326299
2026-04-23 01:29:05.554 10 INFO neutron.db.segments_db [None req-db291fab-6a5a-4f62-bf48-054766e38174 2cd429da0a914812bee0221dfb3e518d 434968dc544846d39b7627344a7fcb49 - - default default] Added segment 6b19a8d3-e154-417b-823d-62f89c4b207f of type geneve for network f6fbd174-5d5f-42f4-aca9-512d48b62bee
2026-04-23 01:29:05.679 10 INFO neutron.db.ovn_revision_numbers_db [None req-db291fab-6a5a-4f62-bf48-054766e38174 2cd429da0a914812bee0221dfb3e518d 434968dc544846d39b7627344a7fcb49 - - default default] Successfully bumped revision number for resource f6fbd174-5d5f-42f4-aca9-512d48b62bee (type: networks) to 1
2026-04-23 01:29:05.716 9 INFO neutron.wsgi [None req-f0d000ca-ebe7-4011-ac20-4096694cbcc4 cd81f69b4ce340d986ae745d7df160e7 e5935aaa7e3d4ea5822540b817340386 - - default default] 10.0.0.104 "DELETE /v2.0/security-groups/715907c9-c528-4ed6-a919-8fc606e1334f HTTP/1.1" status: 204 len: 168 time: 0.1711862
2026-04-23 01:29:05.773 10 INFO neutron.wsgi [-] 10.0.0.121 "GET / HTTP/1.1" status: 200 len: 247 time: 0.0012012
2026-04-23 01:29:05.774 9 INFO neutron.wsgi [-] 10.0.0.121 "GET / HTTP/1.1" status: 200 len: 247 time: 0.0022373
2026-04-23 01:29:05.834 10 WARNING neutron.scheduler.dhcp_agent_scheduler [None req-db291fab-6a5a-4f62-bf48-054766e38174 2cd429da0a914812bee0221dfb3e518d 434968dc544846d39b7627344a7fcb49 - - default default] No more DHCP agents
2026-04-23 01:29:05.838 10 WARNING neutron.api.rpc.agentnotifiers.dhcp_rpc_agent_api [None req-db291fab-6a5a-4f62-bf48-054766e38174 2cd429da0a914812bee0221dfb3e518d 434968dc544846d39b7627344a7fcb49 - - default default] Unable to schedule network f6fbd174-5d5f-42f4-aca9-512d48b62bee: no agents available; will retry on subsequent port and subnet creation events.
2026-04-23 01:29:05.915 10 INFO neutron.db.ovn_revision_numbers_db [None req-db291fab-6a5a-4f62-bf48-054766e38174 2cd429da0a914812bee0221dfb3e518d 434968dc544846d39b7627344a7fcb49 - - default default] Successfully bumped revision number for resource 71093523-214c-475f-963c-53c56dcae9b8 (type: ports) to 1
2026-04-23 01:29:05.935 10 INFO neutron.wsgi [None req-db291fab-6a5a-4f62-bf48-054766e38174 2cd429da0a914812bee0221dfb3e518d 434968dc544846d39b7627344a7fcb49 - - default default] 10.0.0.104 "POST /v2.0/networks HTTP/1.1" status: 201 len: 928 time: 0.4603035
2026-04-23 01:29:06.082 10 WARNING neutron.scheduler.dhcp_agent_scheduler [None req-d95e0fc4-6c85-4f12-80b8-2c8869edf0b4 2cd429da0a914812bee0221dfb3e518d 434968dc544846d39b7627344a7fcb49 - - default default] No more DHCP agents
2026-04-23 01:29:06.086 10 WARNING neutron.api.rpc.agentnotifiers.dhcp_rpc_agent_api [None req-d95e0fc4-6c85-4f12-80b8-2c8869edf0b4 2cd429da0a914812bee0221dfb3e518d 434968dc544846d39b7627344a7fcb49 - - default default] Unable to schedule network f6fbd174-5d5f-42f4-aca9-512d48b62bee: no agents available; will retry on subsequent port and subnet creation events.
2026-04-23 01:29:06.761 10 INFO neutron.db.ovn_revision_numbers_db [None req-d95e0fc4-6c85-4f12-80b8-2c8869edf0b4 2cd429da0a914812bee0221dfb3e518d 434968dc544846d39b7627344a7fcb49 - - default default] Successfully bumped revision number for resource 71093523-214c-475f-963c-53c56dcae9b8 (type: ports) to 2
2026-04-23 01:29:06.791 10 INFO neutron.db.ovn_revision_numbers_db [None req-d95e0fc4-6c85-4f12-80b8-2c8869edf0b4 2cd429da0a914812bee0221dfb3e518d 434968dc544846d39b7627344a7fcb49 - - default default] Successfully bumped revision number for resource f4634b64-2aba-41b2-9862-d41616feeb07 (type: subnets) to 0
2026-04-23 01:29:06.805 10 INFO neutron.wsgi [None req-d95e0fc4-6c85-4f12-80b8-2c8869edf0b4 2cd429da0a914812bee0221dfb3e518d 434968dc544846d39b7627344a7fcb49 - - default default] 10.0.0.104 "POST /v2.0/subnets HTTP/1.1" status: 201 len: 822 time: 0.8643620
2026-04-23 01:29:06.815 9 WARNING neutron.api.v2.base [None req-1a5f1680-8d67-45ba-ac4d-b3d03d9e55bc 2cd429da0a914812bee0221dfb3e518d 434968dc544846d39b7627344a7fcb49 - - default default] An exception happened while processing the request body. The exception message is [Invalid input for target_tenant. Reason: '1234123412341234123412341234123412341234123412341234123412341234123412341234123412341234123412341234123412341234123412341234123412341234123412341234123412341234123412341234123412341234123412341234123412341234123412341234123412341234123412341234123412341234123412341234123412341234123412341234123412341234123412341234123412341234123412341234123412341234123412341234123412341234123412341234123412341234' exceeds maximum length of 255.].: webob.exc.HTTPBadRequest: Invalid input for target_tenant. Reason: '1234123412341234123412341234123412341234123412341234123412341234123412341234123412341234123412341234123412341234123412341234123412341234123412341234123412341234123412341234123412341234123412341234123412341234123412341234123412341234123412341234123412341234123412341234123412341234123412341234123412341234123412341234123412341234123412341234123412341234123412341234123412341234123412341234123412341234' exceeds maximum length of 255.
2026-04-23 01:29:06.816 9 INFO neutron.api.v2.resource [None req-1a5f1680-8d67-45ba-ac4d-b3d03d9e55bc 2cd429da0a914812bee0221dfb3e518d 434968dc544846d39b7627344a7fcb49 - - default default] create failed (client error): Invalid input for target_tenant. Reason: '1234123412341234123412341234123412341234123412341234123412341234123412341234123412341234123412341234123412341234123412341234123412341234123412341234123412341234123412341234123412341234123412341234123412341234123412341234123412341234123412341234123412341234123412341234123412341234123412341234123412341234123412341234123412341234123412341234123412341234123412341234123412341234123412341234123412341234' exceeds maximum length of 255.
2026-04-23 01:29:06.818 9 INFO neutron.wsgi [None req-1a5f1680-8d67-45ba-ac4d-b3d03d9e55bc 2cd429da0a914812bee0221dfb3e518d 434968dc544846d39b7627344a7fcb49 - - default default] 10.0.0.104 "POST /v2.0/rbac-policies HTTP/1.1" status: 400 len: 750 time: 0.0074885
2026-04-23 01:29:07.317 9 INFO neutron.wsgi [None req-393b6272-1487-4a15-bd19-7182061794d1 2cd429da0a914812bee0221dfb3e518d 434968dc544846d39b7627344a7fcb49 - - default default] 10.0.0.104 "DELETE /v2.0/networks/f6fbd174-5d5f-42f4-aca9-512d48b62bee HTTP/1.1" status: 204 len: 168 time: 0.4962962
2026-04-23 01:29:07.402 10 INFO neutron.db.segments_db [None req-c94adcb4-0b60-4efb-bbed-ae829d4fd000 2cd429da0a914812bee0221dfb3e518d 434968dc544846d39b7627344a7fcb49 - - default default] Added segment 7b5a8736-27d7-496a-a9a2-4d7f11e36536 of type geneve for network ff04ff47-86dc-41ca-b885-34f34e2bd763
2026-04-23 01:29:07.462 9 INFO neutron.services.segments.plugin [-] Segment 6b19a8d3-e154-417b-823d-62f89c4b207f resource provider aggregate not found
2026-04-23 01:29:07.476 9 INFO neutron.services.segments.plugin [-] Segment 6b19a8d3-e154-417b-823d-62f89c4b207f resource provider not found; error: Placement Client Error (4xx): {"errors": [{"status": 404, "title": "Not Found", "detail": "The resource could not be found.\n\n No resource provider with uuid 6b19a8d3-e154-417b-823d-62f89c4b207f found for delete ", "request_id": "req-bf0e7a9c-e69f-466a-85e5-e895ad27d8ba"}]}
2026-04-23 01:29:07.486 9 INFO neutron.services.segments.plugin [-] Segment 6b19a8d3-e154-417b-823d-62f89c4b207f resource provider aggregate not found
2026-04-23 01:29:07.502 9 INFO neutron.services.segments.plugin [-] Segment 6b19a8d3-e154-417b-823d-62f89c4b207f resource provider not found; error: Placement Client Error (4xx): {"errors": [{"status": 404, "title": "Not Found", "detail": "The resource could not be found.\n\n No resource provider with uuid 6b19a8d3-e154-417b-823d-62f89c4b207f found for delete ", "request_id": "req-89ffdd7f-296f-4944-9440-3c0fe6d2774c"}]}
2026-04-23 01:29:07.549 10 INFO neutron.db.ovn_revision_numbers_db [None req-c94adcb4-0b60-4efb-bbed-ae829d4fd000 2cd429da0a914812bee0221dfb3e518d 434968dc544846d39b7627344a7fcb49 - - default default] Successfully bumped revision number for resource ff04ff47-86dc-41ca-b885-34f34e2bd763 (type: networks) to 1
2026-04-23 01:29:07.737 10 WARNING neutron.scheduler.dhcp_agent_scheduler [None req-c94adcb4-0b60-4efb-bbed-ae829d4fd000 2cd429da0a914812bee0221dfb3e518d 434968dc544846d39b7627344a7fcb49 - - default default] No more DHCP agents
2026-04-23 01:29:07.741 10 WARNING neutron.api.rpc.agentnotifiers.dhcp_rpc_agent_api [None req-c94adcb4-0b60-4efb-bbed-ae829d4fd000 2cd429da0a914812bee0221dfb3e518d 434968dc544846d39b7627344a7fcb49 - - default default] Unable to schedule network ff04ff47-86dc-41ca-b885-34f34e2bd763: no agents available; will retry on subsequent port and subnet creation events.
2026-04-23 01:29:07.873 10 INFO neutron.db.ovn_revision_numbers_db [None req-c94adcb4-0b60-4efb-bbed-ae829d4fd000 2cd429da0a914812bee0221dfb3e518d 434968dc544846d39b7627344a7fcb49 - - default default] Successfully bumped revision number for resource d243dbdb-1d44-4716-b39c-734c78df9183 (type: ports) to 1
2026-04-23 01:29:07.894 10 INFO neutron.wsgi [None req-c94adcb4-0b60-4efb-bbed-ae829d4fd000 2cd429da0a914812bee0221dfb3e518d 434968dc544846d39b7627344a7fcb49 - - default default] 10.0.0.104 "POST /v2.0/networks HTTP/1.1" status: 201 len: 928 time: 0.5686638
2026-04-23 01:29:08.027 10 WARNING neutron.scheduler.dhcp_agent_scheduler [None req-6cbc9759-1685-479c-8309-68425e9b144e 2cd429da0a914812bee0221dfb3e518d 434968dc544846d39b7627344a7fcb49 - - default default] No more DHCP agents
2026-04-23 01:29:08.030 10 WARNING neutron.api.rpc.agentnotifiers.dhcp_rpc_agent_api [None req-6cbc9759-1685-479c-8309-68425e9b144e 2cd429da0a914812bee0221dfb3e518d 434968dc544846d39b7627344a7fcb49 - - default default] Unable to schedule network ff04ff47-86dc-41ca-b885-34f34e2bd763: no agents available; will retry on subsequent port and subnet creation events.
2026-04-23 01:29:08.464 10 INFO neutron.db.ovn_revision_numbers_db [None req-6cbc9759-1685-479c-8309-68425e9b144e 2cd429da0a914812bee0221dfb3e518d 434968dc544846d39b7627344a7fcb49 - - default default] Successfully bumped revision number for resource d243dbdb-1d44-4716-b39c-734c78df9183 (type: ports) to 2
2026-04-23 01:29:08.498 10 INFO neutron.db.ovn_revision_numbers_db [None req-6cbc9759-1685-479c-8309-68425e9b144e 2cd429da0a914812bee0221dfb3e518d 434968dc544846d39b7627344a7fcb49 - - default default] Successfully bumped revision number for resource 018b535b-9d51-41e1-8a0e-d5326971745d (type: subnets) to 0
2026-04-23 01:29:08.512 10 INFO neutron.wsgi [None req-6cbc9759-1685-479c-8309-68425e9b144e 2cd429da0a914812bee0221dfb3e518d 434968dc544846d39b7627344a7fcb49 - - default default] 10.0.0.104 "POST /v2.0/subnets HTTP/1.1" status: 201 len: 822 time: 0.6126614
2026-04-23 01:29:08.820 10 INFO neutron.wsgi [None req-2526b577-0a6d-4a24-8bc6-9e151014ccf5 2cd429da0a914812bee0221dfb3e518d 434968dc544846d39b7627344a7fcb49 - - default default] 10.0.0.104 "POST /v2.0/rbac-policies HTTP/1.1" status: 201 len: 523 time: 0.3018229
2026-04-23 01:29:09.393 9 INFO neutron.wsgi [None req-532a9357-c3cb-4fdf-a0b0-cbaceebd6c82 86543e92072c4b508c8d2a58561fc853 d1c289bd8b6e41e383052f7af5da10f3 - - default default] 10.0.0.104 "GET /v2.0/networks/ff04ff47-86dc-41ca-b885-34f34e2bd763 HTTP/1.1" status: 200 len: 848 time: 0.2171245
2026-04-23 01:29:09.803 9 INFO neutron.pecan_wsgi.hooks.translation [None req-1a9d0ec1-b263-47aa-b6a7-a313b687ff1c 7bfc3c9b20e74bb281abb4dd9106e79d 3c388341806141a7afb5f8101935accc - - default default] GET failed (client error): The resource could not be found.
2026-04-23 01:29:09.805 9 INFO neutron.wsgi [None req-1a9d0ec1-b263-47aa-b6a7-a313b687ff1c 7bfc3c9b20e74bb281abb4dd9106e79d 3c388341806141a7afb5f8101935accc - - default default] 10.0.0.104 "GET /v2.0/networks/ff04ff47-86dc-41ca-b885-34f34e2bd763 HTTP/1.1" status: 404 len: 339 time: 0.0643256
2026-04-23 01:29:09.953 9 WARNING neutron.scheduler.dhcp_agent_scheduler [None req-621d0863-8f5b-46d8-bf7f-cb4e5c6feffb 3fcf4712a0c042d69f8c7b4128d689bb c85fea76ad6b49aaa748c39e3fabb3e7 - - default default] No more DHCP agents
2026-04-23 01:29:09.955 9 WARNING neutron.api.rpc.agentnotifiers.dhcp_rpc_agent_api [None req-621d0863-8f5b-46d8-bf7f-cb4e5c6feffb 3fcf4712a0c042d69f8c7b4128d689bb c85fea76ad6b49aaa748c39e3fabb3e7 - - default default] Unable to schedule network c2c20274-476f-4978-a5dc-5eb24dc41987: no agents available; will retry on subsequent port and subnet creation events.
2026-04-23 01:29:10.258 9 INFO neutron.db.ovn_revision_numbers_db [None req-621d0863-8f5b-46d8-bf7f-cb4e5c6feffb 3fcf4712a0c042d69f8c7b4128d689bb c85fea76ad6b49aaa748c39e3fabb3e7 - - default default] Successfully bumped revision number for resource fd4b39d3-f8c5-4aa7-a83f-846e7eb074f4 (type: floatingips) to 0
2026-04-23 01:29:10.272 9 INFO neutron.wsgi [None req-621d0863-8f5b-46d8-bf7f-cb4e5c6feffb 3fcf4712a0c042d69f8c7b4128d689bb c85fea76ad6b49aaa748c39e3fabb3e7 - - default default] 10.0.0.104 "POST /v2.0/floatingips HTTP/1.1" status: 201 len: 751 time: 0.6002345
2026-04-23 01:29:10.324 10 INFO neutron.services.segments.plugin [-] Segment 7b5a8736-27d7-496a-a9a2-4d7f11e36536 resource provider aggregate not found
2026-04-23 01:29:10.338 10 INFO neutron.services.segments.plugin [-] Segment 7b5a8736-27d7-496a-a9a2-4d7f11e36536 resource provider aggregate not found
2026-04-23 01:29:10.348 10 INFO neutron.services.segments.plugin [-] Segment 7b5a8736-27d7-496a-a9a2-4d7f11e36536 resource provider not found; error: Placement Client Error (4xx): {"errors": [{"status": 404, "title": "Not Found", "detail": "The resource could not be found.\n\n No resource provider with uuid 7b5a8736-27d7-496a-a9a2-4d7f11e36536 found for delete ", "request_id": "req-cb7d8857-57f1-4a8f-9edf-26ffb4129b5a"}]}
2026-04-23 01:29:10.359 10 INFO neutron.services.segments.plugin [-] Segment 7b5a8736-27d7-496a-a9a2-4d7f11e36536 resource provider not found; error: Placement Client Error (4xx): {"errors": [{"status": 404, "title": "Not Found", "detail": "The resource could not be found.\n\n No resource provider with uuid 7b5a8736-27d7-496a-a9a2-4d7f11e36536 found for delete ", "request_id": "req-f72d5444-251e-4734-94aa-3bb3c358afee"}]}
2026-04-23 01:29:10.375 10 INFO neutron.wsgi [None req-7ce4ebe9-7eaa-4b44-a7d4-9efbcac26aec 2cd429da0a914812bee0221dfb3e518d 434968dc544846d39b7627344a7fcb49 - - default default] 10.0.0.104 "DELETE /v2.0/networks/ff04ff47-86dc-41ca-b885-34f34e2bd763 HTTP/1.1" status: 204 len: 168 time: 0.5645690
2026-04-23 01:29:10.394 10 INFO neutron.pecan_wsgi.hooks.translation [None req-77888e10-1a02-4cb3-a1d8-0eec3b85c5f9 2cd429da0a914812bee0221dfb3e518d 434968dc544846d39b7627344a7fcb49 - - default default] DELETE failed (client error): The resource could not be found.
2026-04-23 01:29:10.396 10 INFO neutron.wsgi [None req-77888e10-1a02-4cb3-a1d8-0eec3b85c5f9 2cd429da0a914812bee0221dfb3e518d 434968dc544846d39b7627344a7fcb49 - - default default] 10.0.0.104 "DELETE /v2.0/subnets/3cf009b1-3b47-4f38-85e2-a62ddbcb713b HTTP/1.1" status: 404 len: 337 time: 0.0152125
2026-04-23 01:29:10.413 10 INFO neutron.pecan_wsgi.hooks.translation [None req-fc536f51-f10a-470a-801f-733453a14945 2cd429da0a914812bee0221dfb3e518d 434968dc544846d39b7627344a7fcb49 - - default default] DELETE failed (client error): The resource could not be found.
2026-04-23 01:29:10.416 10 INFO neutron.wsgi [None req-fc536f51-f10a-470a-801f-733453a14945 2cd429da0a914812bee0221dfb3e518d 434968dc544846d39b7627344a7fcb49 - - default default] 10.0.0.104 "DELETE /v2.0/subnets/f4634b64-2aba-41b2-9862-d41616feeb07 HTTP/1.1" status: 404 len: 337 time: 0.0153763
2026-04-23 01:29:10.433 10 INFO neutron.pecan_wsgi.hooks.translation [None req-c29cf0bc-a2a6-4108-bbc5-d7e5eadd19fb 2cd429da0a914812bee0221dfb3e518d 434968dc544846d39b7627344a7fcb49 - - default default] DELETE failed (client error): The resource could not be found.
2026-04-23 01:29:10.435 10 INFO neutron.wsgi [None req-c29cf0bc-a2a6-4108-bbc5-d7e5eadd19fb 2cd429da0a914812bee0221dfb3e518d 434968dc544846d39b7627344a7fcb49 - - default default] 10.0.0.104 "DELETE /v2.0/subnets/018b535b-9d51-41e1-8a0e-d5326971745d HTTP/1.1" status: 404 len: 337 time: 0.0147116
2026-04-23 01:29:10.527 9 WARNING neutron.scheduler.dhcp_agent_scheduler [None req-a383da5b-bc9a-4d1c-a46e-594343915abb 3fcf4712a0c042d69f8c7b4128d689bb c85fea76ad6b49aaa748c39e3fabb3e7 - - default default] No more DHCP agents
2026-04-23 01:29:10.530 9 WARNING neutron.api.rpc.agentnotifiers.dhcp_rpc_agent_api [None req-a383da5b-bc9a-4d1c-a46e-594343915abb 3fcf4712a0c042d69f8c7b4128d689bb c85fea76ad6b49aaa748c39e3fabb3e7 - - default default] Unable to schedule network c2c20274-476f-4978-a5dc-5eb24dc41987: no agents available; will retry on subsequent port and subnet creation events.
2026-04-23 01:29:10.861 9 INFO neutron.db.ovn_revision_numbers_db [None req-a383da5b-bc9a-4d1c-a46e-594343915abb 3fcf4712a0c042d69f8c7b4128d689bb c85fea76ad6b49aaa748c39e3fabb3e7 - - default default] Successfully bumped revision number for resource 5fc996d6-1e11-4a39-a627-6bcbd7b32115 (type: floatingips) to 0
2026-04-23 01:29:10.875 9 INFO neutron.wsgi [None req-a383da5b-bc9a-4d1c-a46e-594343915abb 3fcf4712a0c042d69f8c7b4128d689bb c85fea76ad6b49aaa748c39e3fabb3e7 - - default default] 10.0.0.104 "POST /v2.0/floatingips HTTP/1.1" status: 201 len: 751 time: 0.5978136
2026-04-23 01:29:11.143 9 WARNING neutron.scheduler.dhcp_agent_scheduler [None req-b5e216f9-7214-43a6-b340-476622b6f0b4 3fcf4712a0c042d69f8c7b4128d689bb c85fea76ad6b49aaa748c39e3fabb3e7 - - default default] No more DHCP agents
2026-04-23 01:29:11.146 9 WARNING neutron.api.rpc.agentnotifiers.dhcp_rpc_agent_api [None req-b5e216f9-7214-43a6-b340-476622b6f0b4 3fcf4712a0c042d69f8c7b4128d689bb c85fea76ad6b49aaa748c39e3fabb3e7 - - default default] Unable to schedule network c2c20274-476f-4978-a5dc-5eb24dc41987: no agents available; will retry on subsequent port and subnet creation events.
2026-04-23 01:29:11.467 9 INFO neutron.db.ovn_revision_numbers_db [None req-b5e216f9-7214-43a6-b340-476622b6f0b4 3fcf4712a0c042d69f8c7b4128d689bb c85fea76ad6b49aaa748c39e3fabb3e7 - - default default] Successfully bumped revision number for resource 6a0d0453-f3f0-45f0-8235-99b82e9c4c6e (type: floatingips) to 0
2026-04-23 01:29:11.482 9 INFO neutron.wsgi [None req-b5e216f9-7214-43a6-b340-476622b6f0b4 3fcf4712a0c042d69f8c7b4128d689bb c85fea76ad6b49aaa748c39e3fabb3e7 - - default default] 10.0.0.104 "POST /v2.0/floatingips HTTP/1.1" status: 201 len: 751 time: 0.6021996
2026-04-23 01:29:11.580 10 INFO neutron.db.ovn_revision_numbers_db [None req-3b25f914-99ed-4442-834b-f8d9db612d82 cd81f69b4ce340d986ae745d7df160e7 e5935aaa7e3d4ea5822540b817340386 - - default default] Successfully bumped revision number for resource 1e45ff21-0ddf-4078-b376-f44d68ada95f (type: security_groups) to 1
2026-04-23 01:29:11.593 10 INFO neutron.db.ovn_revision_numbers_db [None req-3b25f914-99ed-4442-834b-f8d9db612d82 cd81f69b4ce340d986ae745d7df160e7 e5935aaa7e3d4ea5822540b817340386 - - default default] Successfully bumped revision number for resource 57da5246-2e13-450b-81d2-1a89eac12743 (type: security_group_rules) to 0
2026-04-23 01:29:11.610 10 INFO neutron.db.ovn_revision_numbers_db [None req-3b25f914-99ed-4442-834b-f8d9db612d82 cd81f69b4ce340d986ae745d7df160e7 e5935aaa7e3d4ea5822540b817340386 - - default default] Successfully bumped revision number for resource 645a2545-361d-40b1-bbed-acbbee394929 (type: security_group_rules) to 0
2026-04-23 01:29:11.640 10 INFO neutron.db.ovn_revision_numbers_db [None req-3b25f914-99ed-4442-834b-f8d9db612d82 cd81f69b4ce340d986ae745d7df160e7 e5935aaa7e3d4ea5822540b817340386 - - default default] Successfully bumped revision number for resource 86f18dcf-4fd7-489f-b843-8209ee8cd322 (type: security_group_rules) to 0
2026-04-23 01:29:11.656 10 INFO neutron.db.ovn_revision_numbers_db [None req-3b25f914-99ed-4442-834b-f8d9db612d82 cd81f69b4ce340d986ae745d7df160e7 e5935aaa7e3d4ea5822540b817340386 - - default default] Successfully bumped revision number for resource fa3417f5-f0ca-45e2-aabb-5a665e197425 (type: security_group_rules) to 0
