Apr 21 13:28:14.799920 np0000168686 systemd[1]: Starting devstack@n-api-meta.service - Devstack devstack@n-api-meta.service...
Apr 21 13:28:14.806801 np0000168686 devstack@n-api-meta.service[109506]: [uWSGI] getting INI configuration from /etc/nova/nova-metadata-uwsgi.ini
Apr 21 13:28:14.807490 np0000168686 devstack@n-api-meta.service[109506]: open("./http_plugin.so"): No such file or directory [core/utils.c line 3709]
Apr 21 13:28:14.807490 np0000168686 devstack@n-api-meta.service[109506]: !!! UNABLE to load uWSGI plugin: ./http_plugin.so: cannot open shared object file: No such file or directory !!!
Apr 21 13:28:14.807490 np0000168686 devstack@n-api-meta.service[109506]: open("./python3_plugin.so"): No such file or directory [core/utils.c line 3709]
Apr 21 13:28:14.807490 np0000168686 devstack@n-api-meta.service[109506]: !!! UNABLE to load uWSGI plugin: ./python3_plugin.so: cannot open shared object file: No such file or directory !!!
Apr 21 13:28:14.807490 np0000168686 devstack@n-api-meta.service[109506]: *** Starting uWSGI 2.0.31 (64bit) on [Tue Apr 21 13:28:14 2026] ***
Apr 21 13:28:14.807490 np0000168686 devstack@n-api-meta.service[109506]: compiled with version: 13.3.0 on 21 April 2026 13:18:19
Apr 21 13:28:14.807490 np0000168686 devstack@n-api-meta.service[109506]: os: Linux-6.8.0-110-generic #110-Ubuntu SMP PREEMPT_DYNAMIC Thu Mar 19 15:09:20 UTC 2026
Apr 21 13:28:14.807490 np0000168686 devstack@n-api-meta.service[109506]: nodename: np0000168686
Apr 21 13:28:14.807490 np0000168686 devstack@n-api-meta.service[109506]: machine: x86_64
Apr 21 13:28:14.807490 np0000168686 devstack@n-api-meta.service[109506]: clock source: unix
Apr 21 13:28:14.807490 np0000168686 devstack@n-api-meta.service[109506]: pcre jit disabled
Apr 21 13:28:14.807490 np0000168686 devstack@n-api-meta.service[109506]: detected number of CPU cores: 16
Apr 21 13:28:14.807490 np0000168686 devstack@n-api-meta.service[109506]: current working directory: /
Apr 21 13:28:14.807490 np0000168686 devstack@n-api-meta.service[109506]: detected binary path: /opt/stack/data/venv/bin/uwsgi
Apr 21 13:28:14.807490 np0000168686 devstack@n-api-meta.service[109506]: your processes number limit is 256917
Apr 21 13:28:14.807490 np0000168686 devstack@n-api-meta.service[109506]: your memory page size is 4096 bytes
Apr 21 13:28:14.807490 np0000168686 devstack@n-api-meta.service[109506]: detected max file descriptor number: 2048
Apr 21 13:28:14.807490 np0000168686 devstack@n-api-meta.service[109506]: lock engine: pthread robust mutexes
Apr 21 13:28:14.807490 np0000168686 devstack@n-api-meta.service[109506]: thunder lock: enabled
Apr 21 13:28:14.808395 np0000168686 devstack@n-api-meta.service[109506]: uWSGI http bound on 0.0.0.0:8775 fd 5
Apr 21 13:28:14.808395 np0000168686 devstack@n-api-meta.service[109506]: uwsgi socket 0 bound to TCP address 127.0.0.1:39417 (port auto-assigned) fd 4
Apr 21 13:28:14.808395 np0000168686 devstack@n-api-meta.service[109506]: Python version: 3.12.3 (main, Mar 3 2026, 12:15:18) [GCC 13.3.0]
Apr 21 13:28:14.808395 np0000168686 devstack@n-api-meta.service[109506]: PEP 405 virtualenv detected: /opt/stack/data/venv
Apr 21 13:28:14.808395 np0000168686 devstack@n-api-meta.service[109506]: Set PythonHome to /opt/stack/data/venv
Apr 21 13:28:14.843709 np0000168686 devstack@n-api-meta.service[109506]: Python main interpreter initialized at 0x7c268b8a3668
Apr 21 13:28:14.843709 np0000168686 devstack@n-api-meta.service[109506]: python threads support enabled
Apr 21 13:28:14.843709 np0000168686 devstack@n-api-meta.service[109506]: your server socket listen backlog is limited to 100 connections
Apr 21 13:28:14.843709 np0000168686 devstack@n-api-meta.service[109506]: your mercy for graceful operations on workers is 80 seconds
Apr 21 13:28:14.844158 np0000168686 devstack@n-api-meta.service[109506]: mapped 671795 bytes (656 KB) for 4 cores
Apr 21 13:28:14.844342 np0000168686 devstack@n-api-meta.service[109506]: *** Operational MODE: preforking ***
Apr 21 13:28:14.844585 np0000168686 devstack@n-api-meta.service[109506]: *** uWSGI is running in multiple interpreter mode ***
Apr 21 13:28:14.844585 np0000168686 devstack@n-api-meta.service[109506]: spawned uWSGI master process (pid: 109506)
Apr 21 13:28:14.844713 np0000168686 systemd[1]: Started devstack@n-api-meta.service - Devstack devstack@n-api-meta.service.
Apr 21 13:28:14.845270 np0000168686 devstack@n-api-meta.service[109506]: spawned uWSGI worker 1 (pid: 109507, cores: 1)
Apr 21 13:28:14.845787 np0000168686 devstack@n-api-meta.service[109506]: spawned uWSGI worker 2 (pid: 109508, cores: 1)
Apr 21 13:28:14.846249 np0000168686 devstack@n-api-meta.service[109506]: spawned uWSGI worker 3 (pid: 109509, cores: 1)
Apr 21 13:28:14.846689 np0000168686 devstack@n-api-meta.service[109506]: spawned uWSGI worker 4 (pid: 109510, cores: 1)
Apr 21 13:28:14.847212 np0000168686 devstack@n-api-meta.service[109506]: spawned uWSGI http 1 (pid: 109511)
Apr 21 13:28:14.847212 np0000168686 devstack@n-api-meta.service[109506]: running "unix_signal:15 gracefully_kill_them_all" (master-start)...
Apr 21 13:28:15.150527 np0000168686 devstack@n-api-meta.service[109510]: /opt/stack/data/venv/lib/python3.12/site-packages/oslo_concurrency/lockutils.py:41: EventletDeprecationWarning:
Apr 21 13:28:15.150527 np0000168686 devstack@n-api-meta.service[109510]: Eventlet is deprecated. It is currently being maintained in bugfix mode, and
Apr 21 13:28:15.150527 np0000168686 devstack@n-api-meta.service[109510]: we strongly recommend against using it for new projects.
Apr 21 13:28:15.150527 np0000168686 devstack@n-api-meta.service[109510]: If you are already using Eventlet, we recommend migrating to a different
Apr 21 13:28:15.150527 np0000168686 devstack@n-api-meta.service[109510]: framework. For more detail see
Apr 21 13:28:15.150527 np0000168686 devstack@n-api-meta.service[109510]: https://eventlet.readthedocs.io/en/latest/asyncio/migration.html
Apr 21 13:28:15.150527 np0000168686 devstack@n-api-meta.service[109510]: import eventlet
Apr 21 13:28:15.154264 np0000168686 devstack@n-api-meta.service[109507]: /opt/stack/data/venv/lib/python3.12/site-packages/oslo_concurrency/lockutils.py:41: EventletDeprecationWarning:
Apr 21 13:28:15.154264 np0000168686 devstack@n-api-meta.service[109507]: Eventlet is deprecated. It is currently being maintained in bugfix mode, and
Apr 21 13:28:15.154264 np0000168686 devstack@n-api-meta.service[109507]: we strongly recommend against using it for new projects.
Apr 21 13:28:15.154264 np0000168686 devstack@n-api-meta.service[109507]: If you are already using Eventlet, we recommend migrating to a different
Apr 21 13:28:15.154264 np0000168686 devstack@n-api-meta.service[109507]: framework. For more detail see
Apr 21 13:28:15.154264 np0000168686 devstack@n-api-meta.service[109507]: https://eventlet.readthedocs.io/en/latest/asyncio/migration.html
Apr 21 13:28:15.154264 np0000168686 devstack@n-api-meta.service[109507]: import eventlet
Apr 21 13:28:15.160883 np0000168686 devstack@n-api-meta.service[109509]: /opt/stack/data/venv/lib/python3.12/site-packages/oslo_concurrency/lockutils.py:41: EventletDeprecationWarning:
Apr 21 13:28:15.160883 np0000168686 devstack@n-api-meta.service[109509]: Eventlet is deprecated. It is currently being maintained in bugfix mode, and
Apr 21 13:28:15.160883 np0000168686 devstack@n-api-meta.service[109509]: we strongly recommend against using it for new projects.
Apr 21 13:28:15.160883 np0000168686 devstack@n-api-meta.service[109509]: If you are already using Eventlet, we recommend migrating to a different
Apr 21 13:28:15.160883 np0000168686 devstack@n-api-meta.service[109509]: framework. For more detail see
Apr 21 13:28:15.160883 np0000168686 devstack@n-api-meta.service[109509]: https://eventlet.readthedocs.io/en/latest/asyncio/migration.html
Apr 21 13:28:15.160883 np0000168686 devstack@n-api-meta.service[109509]: import eventlet
Apr 21 13:28:15.173082 np0000168686 devstack@n-api-meta.service[109508]: /opt/stack/data/venv/lib/python3.12/site-packages/oslo_concurrency/lockutils.py:41: EventletDeprecationWarning:
Apr 21 13:28:15.173082 np0000168686 devstack@n-api-meta.service[109508]: Eventlet is deprecated. It is currently being maintained in bugfix mode, and
Apr 21 13:28:15.173082 np0000168686 devstack@n-api-meta.service[109508]: we strongly recommend against using it for new projects.
Apr 21 13:28:15.173082 np0000168686 devstack@n-api-meta.service[109508]: If you are already using Eventlet, we recommend migrating to a different
Apr 21 13:28:15.173082 np0000168686 devstack@n-api-meta.service[109508]: framework. For more detail see
Apr 21 13:28:15.173082 np0000168686 devstack@n-api-meta.service[109508]: https://eventlet.readthedocs.io/en/latest/asyncio/migration.html
Apr 21 13:28:15.173082 np0000168686 devstack@n-api-meta.service[109508]: import eventlet
Apr 21 13:28:15.196657 np0000168686 devstack@n-api-meta.service[109510]: Service is starting with native threading. This is currently experimental. Do not use it in production without first testing it in pre-production.
Apr 21 13:28:15.206041 np0000168686 devstack@n-api-meta.service[109509]: Service is starting with native threading. This is currently experimental. Do not use it in production without first testing it in pre-production.
Apr 21 13:28:15.207076 np0000168686 devstack@n-api-meta.service[109507]: Service is starting with native threading. This is currently experimental. Do not use it in production without first testing it in pre-production.
Apr 21 13:28:15.240341 np0000168686 devstack@n-api-meta.service[109508]: Service is starting with native threading. This is currently experimental. Do not use it in production without first testing it in pre-production.
Apr 21 13:28:16.592604 np0000168686 devstack@n-api-meta.service[109510]: INFO dbcounter [None req-7565c47c-e7c6-498f-b344-07f8a21787da None None] Registered counter for database nova_api
Apr 21 13:28:16.601240 np0000168686 devstack@n-api-meta.service[109509]: INFO dbcounter [None req-f58d4d49-464c-46a4-a501-36e428383e2a None None] Registered counter for database nova_api
Apr 21 13:28:16.612637 np0000168686 devstack@n-api-meta.service[109510]: DEBUG oslo_db.sqlalchemy.engines [None req-7565c47c-e7c6-498f-b344-07f8a21787da None None] MySQL server mode set to STRICT_TRANS_TABLES,STRICT_ALL_TABLES,NO_ZERO_IN_DATE,NO_ZERO_DATE,ERROR_FOR_DIVISION_BY_ZERO,TRADITIONAL,NO_ENGINE_SUBSTITUTION {{(pid=109510) _check_effective_sql_mode /opt/stack/data/venv/lib/python3.12/site-packages/oslo_db/sqlalchemy/engines.py:325}}
Apr 21 13:28:16.614501 np0000168686 devstack@n-api-meta.service[109507]: INFO dbcounter [None req-2310c249-ab69-4b08-b4a4-c4bf8f86c99e None None] Registered counter for database nova_api
Apr 21 13:28:16.618550 np0000168686 devstack@n-api-meta.service[109509]: DEBUG oslo_db.sqlalchemy.engines [None req-f58d4d49-464c-46a4-a501-36e428383e2a None None] MySQL server mode set to STRICT_TRANS_TABLES,STRICT_ALL_TABLES,NO_ZERO_IN_DATE,NO_ZERO_DATE,ERROR_FOR_DIVISION_BY_ZERO,TRADITIONAL,NO_ENGINE_SUBSTITUTION {{(pid=109509) _check_effective_sql_mode /opt/stack/data/venv/lib/python3.12/site-packages/oslo_db/sqlalchemy/engines.py:325}}
Apr 21 13:28:16.630455 np0000168686 devstack@n-api-meta.service[109507]: DEBUG oslo_db.sqlalchemy.engines [None req-2310c249-ab69-4b08-b4a4-c4bf8f86c99e None None] MySQL server mode set to STRICT_TRANS_TABLES,STRICT_ALL_TABLES,NO_ZERO_IN_DATE,NO_ZERO_DATE,ERROR_FOR_DIVISION_BY_ZERO,TRADITIONAL,NO_ENGINE_SUBSTITUTION {{(pid=109507) _check_effective_sql_mode /opt/stack/data/venv/lib/python3.12/site-packages/oslo_db/sqlalchemy/engines.py:325}}
Apr 21 13:28:16.645855 np0000168686 devstack@n-api-meta.service[109510]: DEBUG dbcounter [-] [109510] Writer thread running {{(pid=109510) stat_writer /opt/stack/data/venv/lib/python3.12/site-packages/dbcounter.py:102}}
Apr 21 13:28:16.648056 np0000168686 devstack@n-api-meta.service[109510]: DEBUG nova.context [None req-7565c47c-e7c6-498f-b344-07f8a21787da None None] Found 2 cells: 00000000-0000-0000-0000-000000000000(cell0),3e6e3b47-cc2b-4666-9ae3-b92c039afa1e(cell1) {{(pid=109510) load_cells /opt/stack/nova/nova/context.py:509}}
Apr 21 13:28:16.648347 np0000168686 devstack@n-api-meta.service[109510]: INFO nova.utils [None req-7565c47c-e7c6-498f-b344-07f8a21787da None None] The cell worker thread pool MainProcess.cell_worker is initialized
Apr 21 13:28:16.650555 np0000168686 devstack@n-api-meta.service[109510]: DEBUG oslo_concurrency.lockutils [None req-7565c47c-e7c6-498f-b344-07f8a21787da None None] Acquiring lock "00000000-0000-0000-0000-000000000000" by "nova.context.set_target_cell..get_or_set_cached_cell_and_set_connections" {{(pid=109510) inner /opt/stack/data/venv/lib/python3.12/site-packages/oslo_concurrency/lockutils.py:506}}
Apr 21 13:28:16.650770 np0000168686 devstack@n-api-meta.service[109510]: DEBUG oslo_concurrency.lockutils [None req-7565c47c-e7c6-498f-b344-07f8a21787da None None] Lock "00000000-0000-0000-0000-000000000000" acquired by "nova.context.set_target_cell..get_or_set_cached_cell_and_set_connections" :: waited 0.000s {{(pid=109510) inner /opt/stack/data/venv/lib/python3.12/site-packages/oslo_concurrency/lockutils.py:519}}
Apr 21 13:28:16.651272 np0000168686 devstack@n-api-meta.service[109510]: DEBUG oslo_concurrency.lockutils [None req-7565c47c-e7c6-498f-b344-07f8a21787da None None] Lock "00000000-0000-0000-0000-000000000000" "released" by "nova.context.set_target_cell..get_or_set_cached_cell_and_set_connections" :: held 0.000s {{(pid=109510) inner /opt/stack/data/venv/lib/python3.12/site-packages/oslo_concurrency/lockutils.py:538}}
Apr 21 13:28:16.652250 np0000168686 devstack@n-api-meta.service[109510]: DEBUG oslo_concurrency.lockutils [None req-7565c47c-e7c6-498f-b344-07f8a21787da None None] Acquiring lock "3e6e3b47-cc2b-4666-9ae3-b92c039afa1e" by "nova.context.set_target_cell..get_or_set_cached_cell_and_set_connections" {{(pid=109510) inner /opt/stack/data/venv/lib/python3.12/site-packages/oslo_concurrency/lockutils.py:506}}
Apr 21 13:28:16.653279 np0000168686 devstack@n-api-meta.service[109510]: DEBUG oslo_concurrency.lockutils [None req-7565c47c-e7c6-498f-b344-07f8a21787da None None] Lock "3e6e3b47-cc2b-4666-9ae3-b92c039afa1e" acquired by "nova.context.set_target_cell..get_or_set_cached_cell_and_set_connections" :: waited 0.000s {{(pid=109510) inner /opt/stack/data/venv/lib/python3.12/site-packages/oslo_concurrency/lockutils.py:519}}
Apr 21 13:28:16.653536 np0000168686 devstack@n-api-meta.service[109510]: DEBUG oslo_concurrency.lockutils [None req-7565c47c-e7c6-498f-b344-07f8a21787da None None] Lock "3e6e3b47-cc2b-4666-9ae3-b92c039afa1e" "released" by "nova.context.set_target_cell..get_or_set_cached_cell_and_set_connections" :: held 0.001s {{(pid=109510) inner /opt/stack/data/venv/lib/python3.12/site-packages/oslo_concurrency/lockutils.py:538}}
Apr 21 13:28:16.654316 np0000168686 devstack@n-api-meta.service[109509]: DEBUG dbcounter [-] [109509] Writer thread running {{(pid=109509) stat_writer /opt/stack/data/venv/lib/python3.12/site-packages/dbcounter.py:102}}
Apr 21 13:28:16.656812 np0000168686 devstack@n-api-meta.service[109509]: DEBUG nova.context [None req-f58d4d49-464c-46a4-a501-36e428383e2a None None] Found 2 cells: 00000000-0000-0000-0000-000000000000(cell0),3e6e3b47-cc2b-4666-9ae3-b92c039afa1e(cell1) {{(pid=109509) load_cells /opt/stack/nova/nova/context.py:509}}
Apr 21 13:28:16.656961 np0000168686 devstack@n-api-meta.service[109510]: INFO dbcounter [None req-7565c47c-e7c6-498f-b344-07f8a21787da None None] Registered counter for database nova_cell0
Apr 21 13:28:16.657103 np0000168686 devstack@n-api-meta.service[109509]: INFO nova.utils [None req-f58d4d49-464c-46a4-a501-36e428383e2a None None] The cell worker thread pool MainProcess.cell_worker is initialized
Apr 21 13:28:16.659332 np0000168686 devstack@n-api-meta.service[109509]: DEBUG oslo_concurrency.lockutils [None req-f58d4d49-464c-46a4-a501-36e428383e2a None None] Acquiring lock "00000000-0000-0000-0000-000000000000" by "nova.context.set_target_cell..get_or_set_cached_cell_and_set_connections" {{(pid=109509) inner /opt/stack/data/venv/lib/python3.12/site-packages/oslo_concurrency/lockutils.py:506}}
Apr 21 13:28:16.659570 np0000168686 devstack@n-api-meta.service[109509]: DEBUG oslo_concurrency.lockutils [None req-f58d4d49-464c-46a4-a501-36e428383e2a None None] Lock "00000000-0000-0000-0000-000000000000" acquired by "nova.context.set_target_cell..get_or_set_cached_cell_and_set_connections" :: waited 0.000s {{(pid=109509) inner /opt/stack/data/venv/lib/python3.12/site-packages/oslo_concurrency/lockutils.py:519}}
Apr 21 13:28:16.660015 np0000168686 devstack@n-api-meta.service[109509]: DEBUG oslo_concurrency.lockutils [None req-f58d4d49-464c-46a4-a501-36e428383e2a None None] Lock "00000000-0000-0000-0000-000000000000" "released" by "nova.context.set_target_cell..get_or_set_cached_cell_and_set_connections" :: held 0.000s {{(pid=109509) inner /opt/stack/data/venv/lib/python3.12/site-packages/oslo_concurrency/lockutils.py:538}}
Apr 21 13:28:16.660910 np0000168686 devstack@n-api-meta.service[109509]: DEBUG oslo_concurrency.lockutils [None req-f58d4d49-464c-46a4-a501-36e428383e2a None None] Acquiring lock "3e6e3b47-cc2b-4666-9ae3-b92c039afa1e" by "nova.context.set_target_cell..get_or_set_cached_cell_and_set_connections" {{(pid=109509) inner /opt/stack/data/venv/lib/python3.12/site-packages/oslo_concurrency/lockutils.py:506}}
Apr 21 13:28:16.661098 np0000168686 devstack@n-api-meta.service[109509]: DEBUG oslo_concurrency.lockutils [None req-f58d4d49-464c-46a4-a501-36e428383e2a None None] Lock "3e6e3b47-cc2b-4666-9ae3-b92c039afa1e" acquired by "nova.context.set_target_cell..get_or_set_cached_cell_and_set_connections" :: waited 0.000s {{(pid=109509) inner /opt/stack/data/venv/lib/python3.12/site-packages/oslo_concurrency/lockutils.py:519}}
Apr 21 13:28:16.663967 np0000168686 devstack@n-api-meta.service[109507]: DEBUG dbcounter [-] [109507] Writer thread running {{(pid=109507) stat_writer /opt/stack/data/venv/lib/python3.12/site-packages/dbcounter.py:102}}
Apr 21 13:28:16.665840 np0000168686 devstack@n-api-meta.service[109509]: DEBUG oslo_concurrency.lockutils [None req-f58d4d49-464c-46a4-a501-36e428383e2a None None] Lock "3e6e3b47-cc2b-4666-9ae3-b92c039afa1e" "released" by "nova.context.set_target_cell..get_or_set_cached_cell_and_set_connections" :: held 0.004s {{(pid=109509) inner /opt/stack/data/venv/lib/python3.12/site-packages/oslo_concurrency/lockutils.py:538}}
Apr 21 13:28:16.665966 np0000168686 devstack@n-api-meta.service[109510]: INFO dbcounter [None req-7565c47c-e7c6-498f-b344-07f8a21787da None None] Registered counter for database nova_cell1
Apr 21 13:28:16.667259 np0000168686 devstack@n-api-meta.service[109507]: DEBUG nova.context [None req-2310c249-ab69-4b08-b4a4-c4bf8f86c99e None None] Found 2 cells: 00000000-0000-0000-0000-000000000000(cell0),3e6e3b47-cc2b-4666-9ae3-b92c039afa1e(cell1) {{(pid=109507) load_cells /opt/stack/nova/nova/context.py:509}}
Apr 21 13:28:16.667539 np0000168686 devstack@n-api-meta.service[109507]: INFO nova.utils [None req-2310c249-ab69-4b08-b4a4-c4bf8f86c99e None None] The cell worker thread pool MainProcess.cell_worker is initialized
Apr 21 13:28:16.669241 np0000168686 devstack@n-api-meta.service[109509]: INFO dbcounter [None req-f58d4d49-464c-46a4-a501-36e428383e2a None None] Registered counter for database nova_cell0
Apr 21 13:28:16.669342 np0000168686 devstack@n-api-meta.service[109507]: DEBUG oslo_concurrency.lockutils [None req-2310c249-ab69-4b08-b4a4-c4bf8f86c99e None None] Acquiring lock "00000000-0000-0000-0000-000000000000" by "nova.context.set_target_cell..get_or_set_cached_cell_and_set_connections" {{(pid=109507) inner /opt/stack/data/venv/lib/python3.12/site-packages/oslo_concurrency/lockutils.py:506}}
Apr 21 13:28:16.669510 np0000168686 devstack@n-api-meta.service[109507]: DEBUG oslo_concurrency.lockutils [None req-2310c249-ab69-4b08-b4a4-c4bf8f86c99e None None] Lock "00000000-0000-0000-0000-000000000000" acquired by "nova.context.set_target_cell..get_or_set_cached_cell_and_set_connections" :: waited 0.000s {{(pid=109507) inner /opt/stack/data/venv/lib/python3.12/site-packages/oslo_concurrency/lockutils.py:519}}
Apr 21 13:28:16.669933 np0000168686 devstack@n-api-meta.service[109507]: DEBUG oslo_concurrency.lockutils [None req-2310c249-ab69-4b08-b4a4-c4bf8f86c99e None None] Lock "00000000-0000-0000-0000-000000000000" "released" by "nova.context.set_target_cell..get_or_set_cached_cell_and_set_connections" :: held 0.000s {{(pid=109507) inner /opt/stack/data/venv/lib/python3.12/site-packages/oslo_concurrency/lockutils.py:538}}
Apr 21 13:28:16.670674 np0000168686 devstack@n-api-meta.service[109507]: DEBUG oslo_concurrency.lockutils [None req-2310c249-ab69-4b08-b4a4-c4bf8f86c99e None None] Acquiring lock "3e6e3b47-cc2b-4666-9ae3-b92c039afa1e" by "nova.context.set_target_cell..get_or_set_cached_cell_and_set_connections" {{(pid=109507) inner /opt/stack/data/venv/lib/python3.12/site-packages/oslo_concurrency/lockutils.py:506}}
Apr 21 13:28:16.670815 np0000168686 devstack@n-api-meta.service[109507]: DEBUG oslo_concurrency.lockutils [None req-2310c249-ab69-4b08-b4a4-c4bf8f86c99e None None] Lock "3e6e3b47-cc2b-4666-9ae3-b92c039afa1e" acquired by "nova.context.set_target_cell..get_or_set_cached_cell_and_set_connections" :: waited 0.000s {{(pid=109507) inner /opt/stack/data/venv/lib/python3.12/site-packages/oslo_concurrency/lockutils.py:519}}
Apr 21 13:28:16.672401 np0000168686 devstack@n-api-meta.service[109507]: DEBUG oslo_concurrency.lockutils [None req-2310c249-ab69-4b08-b4a4-c4bf8f86c99e None None] Lock "3e6e3b47-cc2b-4666-9ae3-b92c039afa1e" "released" by "nova.context.set_target_cell..get_or_set_cached_cell_and_set_connections" :: held 0.001s {{(pid=109507) inner /opt/stack/data/venv/lib/python3.12/site-packages/oslo_concurrency/lockutils.py:538}}
Apr 21 13:28:16.673399 np0000168686 devstack@n-api-meta.service[109509]: INFO dbcounter [None req-f58d4d49-464c-46a4-a501-36e428383e2a None None] Registered counter for database nova_cell1
Apr 21 13:28:16.674850 np0000168686 devstack@n-api-meta.service[109507]: INFO dbcounter [None req-2310c249-ab69-4b08-b4a4-c4bf8f86c99e None None] Registered counter for database nova_cell0
Apr 21 13:28:16.675635 np0000168686 devstack@n-api-meta.service[109510]: DEBUG oslo_db.sqlalchemy.engines [None req-7565c47c-e7c6-498f-b344-07f8a21787da None None] MySQL server mode set to STRICT_TRANS_TABLES,STRICT_ALL_TABLES,NO_ZERO_IN_DATE,NO_ZERO_DATE,ERROR_FOR_DIVISION_BY_ZERO,TRADITIONAL,NO_ENGINE_SUBSTITUTION {{(pid=109510) _check_effective_sql_mode /opt/stack/data/venv/lib/python3.12/site-packages/oslo_db/sqlalchemy/engines.py:325}}
Apr 21 13:28:16.680550 np0000168686 devstack@n-api-meta.service[109507]: INFO dbcounter [None req-2310c249-ab69-4b08-b4a4-c4bf8f86c99e None None] Registered counter for database nova_cell1
Apr 21 13:28:16.680633 np0000168686 devstack@n-api-meta.service[109510]: DEBUG oslo_db.sqlalchemy.engines [None req-7565c47c-e7c6-498f-b344-07f8a21787da None None] MySQL server mode set to STRICT_TRANS_TABLES,STRICT_ALL_TABLES,NO_ZERO_IN_DATE,NO_ZERO_DATE,ERROR_FOR_DIVISION_BY_ZERO,TRADITIONAL,NO_ENGINE_SUBSTITUTION {{(pid=109510) _check_effective_sql_mode /opt/stack/data/venv/lib/python3.12/site-packages/oslo_db/sqlalchemy/engines.py:325}}
Apr 21 13:28:16.684844 np0000168686 devstack@n-api-meta.service[109509]: DEBUG oslo_db.sqlalchemy.engines [None req-f58d4d49-464c-46a4-a501-36e428383e2a None None] MySQL server mode set to STRICT_TRANS_TABLES,STRICT_ALL_TABLES,NO_ZERO_IN_DATE,NO_ZERO_DATE,ERROR_FOR_DIVISION_BY_ZERO,TRADITIONAL,NO_ENGINE_SUBSTITUTION {{(pid=109509) _check_effective_sql_mode /opt/stack/data/venv/lib/python3.12/site-packages/oslo_db/sqlalchemy/engines.py:325}}
Apr 21 13:28:16.689701 np0000168686 devstack@n-api-meta.service[109509]: DEBUG oslo_db.sqlalchemy.engines [None req-f58d4d49-464c-46a4-a501-36e428383e2a None None] MySQL server mode set to STRICT_TRANS_TABLES,STRICT_ALL_TABLES,NO_ZERO_IN_DATE,NO_ZERO_DATE,ERROR_FOR_DIVISION_BY_ZERO,TRADITIONAL,NO_ENGINE_SUBSTITUTION {{(pid=109509) _check_effective_sql_mode /opt/stack/data/venv/lib/python3.12/site-packages/oslo_db/sqlalchemy/engines.py:325}}
Apr 21 13:28:16.696769 np0000168686 devstack@n-api-meta.service[109507]: DEBUG oslo_db.sqlalchemy.engines [None req-2310c249-ab69-4b08-b4a4-c4bf8f86c99e None None] MySQL server mode set to STRICT_TRANS_TABLES,STRICT_ALL_TABLES,NO_ZERO_IN_DATE,NO_ZERO_DATE,ERROR_FOR_DIVISION_BY_ZERO,TRADITIONAL,NO_ENGINE_SUBSTITUTION {{(pid=109507) _check_effective_sql_mode /opt/stack/data/venv/lib/python3.12/site-packages/oslo_db/sqlalchemy/engines.py:325}}
Apr 21 13:28:16.709247 np0000168686 devstack@n-api-meta.service[109507]: DEBUG oslo_db.sqlalchemy.engines [None req-2310c249-ab69-4b08-b4a4-c4bf8f86c99e None None] MySQL server mode set to STRICT_TRANS_TABLES,STRICT_ALL_TABLES,NO_ZERO_IN_DATE,NO_ZERO_DATE,ERROR_FOR_DIVISION_BY_ZERO,TRADITIONAL,NO_ENGINE_SUBSTITUTION {{(pid=109507) _check_effective_sql_mode /opt/stack/data/venv/lib/python3.12/site-packages/oslo_db/sqlalchemy/engines.py:325}}
Apr 21 13:28:16.774586 np0000168686 devstack@n-api-meta.service[109510]: DEBUG dbcounter [-] [109510] Writer thread running {{(pid=109510) stat_writer /opt/stack/data/venv/lib/python3.12/site-packages/dbcounter.py:102}}
Apr 21 13:28:16.775385 np0000168686 devstack@n-api-meta.service[109510]: DEBUG dbcounter [-] [109510] Writer thread running {{(pid=109510) stat_writer /opt/stack/data/venv/lib/python3.12/site-packages/dbcounter.py:102}}
Apr 21 13:28:16.782072 np0000168686 devstack@n-api-meta.service[109510]: INFO dbcounter [None req-7565c47c-e7c6-498f-b344-07f8a21787da None None] Registered counter for database nova_cell0
Apr 21 13:28:16.786615 np0000168686 devstack@n-api-meta.service[109508]: INFO dbcounter [None req-c4eaa958-e9e0-479b-b733-e9b3b11dc30d None None] Registered counter for database nova_api
Apr 21 13:28:16.790334 np0000168686 devstack@n-api-meta.service[109509]: DEBUG dbcounter [-] [109509] Writer thread running {{(pid=109509) stat_writer /opt/stack/data/venv/lib/python3.12/site-packages/dbcounter.py:102}}
Apr 21 13:28:16.793012 np0000168686 devstack@n-api-meta.service[109509]: DEBUG dbcounter [-] [109509] Writer thread running {{(pid=109509) stat_writer /opt/stack/data/venv/lib/python3.12/site-packages/dbcounter.py:102}}
Apr 21 13:28:16.793079 np0000168686 devstack@n-api-meta.service[109510]: DEBUG oslo_db.sqlalchemy.engines [None req-7565c47c-e7c6-498f-b344-07f8a21787da None None] MySQL server mode set to STRICT_TRANS_TABLES,STRICT_ALL_TABLES,NO_ZERO_IN_DATE,NO_ZERO_DATE,ERROR_FOR_DIVISION_BY_ZERO,TRADITIONAL,NO_ENGINE_SUBSTITUTION {{(pid=109510) _check_effective_sql_mode /opt/stack/data/venv/lib/python3.12/site-packages/oslo_db/sqlalchemy/engines.py:325}}
Apr 21 13:28:16.796580 np0000168686 devstack@n-api-meta.service[109509]: INFO dbcounter [None req-f58d4d49-464c-46a4-a501-36e428383e2a None None] Registered counter for database nova_cell0
Apr 21 13:28:16.799661 np0000168686 devstack@n-api-meta.service[109507]: DEBUG dbcounter [-] [109507] Writer thread running {{(pid=109507) stat_writer /opt/stack/data/venv/lib/python3.12/site-packages/dbcounter.py:102}}
Apr 21 13:28:16.806223 np0000168686 devstack@n-api-meta.service[109510]: DEBUG dbcounter [-] [109510] Writer thread running {{(pid=109510) stat_writer /opt/stack/data/venv/lib/python3.12/site-packages/dbcounter.py:102}}
Apr 21 13:28:16.806400 np0000168686 devstack@n-api-meta.service[109508]: DEBUG oslo_db.sqlalchemy.engines [None req-c4eaa958-e9e0-479b-b733-e9b3b11dc30d None None] MySQL server mode set to STRICT_TRANS_TABLES,STRICT_ALL_TABLES,NO_ZERO_IN_DATE,NO_ZERO_DATE,ERROR_FOR_DIVISION_BY_ZERO,TRADITIONAL,NO_ENGINE_SUBSTITUTION {{(pid=109508) _check_effective_sql_mode /opt/stack/data/venv/lib/python3.12/site-packages/oslo_db/sqlalchemy/engines.py:325}}
Apr 21 13:28:16.808148 np0000168686 devstack@n-api-meta.service[109507]: DEBUG dbcounter [-] [109507] Writer thread running {{(pid=109507) stat_writer /opt/stack/data/venv/lib/python3.12/site-packages/dbcounter.py:102}}
Apr 21 13:28:16.809500 np0000168686 devstack@n-api-meta.service[109509]: DEBUG oslo_db.sqlalchemy.engines [None req-f58d4d49-464c-46a4-a501-36e428383e2a None None] MySQL server mode set to STRICT_TRANS_TABLES,STRICT_ALL_TABLES,NO_ZERO_IN_DATE,NO_ZERO_DATE,ERROR_FOR_DIVISION_BY_ZERO,TRADITIONAL,NO_ENGINE_SUBSTITUTION {{(pid=109509) _check_effective_sql_mode /opt/stack/data/venv/lib/python3.12/site-packages/oslo_db/sqlalchemy/engines.py:325}}
Apr 21 13:28:16.817731 np0000168686 devstack@n-api-meta.service[109507]: INFO dbcounter [None req-2310c249-ab69-4b08-b4a4-c4bf8f86c99e None None] Registered counter for database nova_cell0
Apr 21 13:28:16.822630 np0000168686 devstack@n-api-meta.service[109509]: DEBUG dbcounter [-] [109509] Writer thread running {{(pid=109509) stat_writer /opt/stack/data/venv/lib/python3.12/site-packages/dbcounter.py:102}}
Apr 21 13:28:16.826947 np0000168686 devstack@n-api-meta.service[109507]: DEBUG oslo_db.sqlalchemy.engines [None req-2310c249-ab69-4b08-b4a4-c4bf8f86c99e None None] MySQL server mode set to STRICT_TRANS_TABLES,STRICT_ALL_TABLES,NO_ZERO_IN_DATE,NO_ZERO_DATE,ERROR_FOR_DIVISION_BY_ZERO,TRADITIONAL,NO_ENGINE_SUBSTITUTION {{(pid=109507) _check_effective_sql_mode /opt/stack/data/venv/lib/python3.12/site-packages/oslo_db/sqlalchemy/engines.py:325}}
Apr 21 13:28:16.836244 np0000168686 devstack@n-api-meta.service[109507]: DEBUG dbcounter [-] [109507] Writer thread running {{(pid=109507) stat_writer /opt/stack/data/venv/lib/python3.12/site-packages/dbcounter.py:102}}
Apr 21 13:28:16.841556 np0000168686 devstack@n-api-meta.service[109508]: DEBUG dbcounter [-] [109508] Writer thread running {{(pid=109508) stat_writer /opt/stack/data/venv/lib/python3.12/site-packages/dbcounter.py:102}}
Apr 21 13:28:16.844111 np0000168686 devstack@n-api-meta.service[109508]: DEBUG nova.context [None req-c4eaa958-e9e0-479b-b733-e9b3b11dc30d None None] Found 2 cells: 00000000-0000-0000-0000-000000000000(cell0),3e6e3b47-cc2b-4666-9ae3-b92c039afa1e(cell1) {{(pid=109508) load_cells /opt/stack/nova/nova/context.py:509}}
Apr 21 13:28:16.844268 np0000168686 devstack@n-api-meta.service[109508]: INFO nova.utils [None req-c4eaa958-e9e0-479b-b733-e9b3b11dc30d None None] The cell worker thread pool MainProcess.cell_worker is initialized
Apr 21 13:28:16.844940 np0000168686 devstack@n-api-meta.service[109510]: WARNING nova.api.metadata.handler [None req-7565c47c-e7c6-498f-b344-07f8a21787da None None] metadata_proxy_shared_secret is not configured, the metadata information returned by the proxy cannot be trusted
Apr 21 13:28:16.845970 np0000168686 devstack@n-api-meta.service[109508]: DEBUG oslo_concurrency.lockutils [None req-c4eaa958-e9e0-479b-b733-e9b3b11dc30d None None] Acquiring lock "00000000-0000-0000-0000-000000000000" by "nova.context.set_target_cell..get_or_set_cached_cell_and_set_connections" {{(pid=109508) inner /opt/stack/data/venv/lib/python3.12/site-packages/oslo_concurrency/lockutils.py:506}}
Apr 21 13:28:16.846131 np0000168686 devstack@n-api-meta.service[109508]: DEBUG oslo_concurrency.lockutils [None req-c4eaa958-e9e0-479b-b733-e9b3b11dc30d None None] Lock "00000000-0000-0000-0000-000000000000" acquired by "nova.context.set_target_cell..get_or_set_cached_cell_and_set_connections" :: waited 0.000s {{(pid=109508) inner /opt/stack/data/venv/lib/python3.12/site-packages/oslo_concurrency/lockutils.py:519}}
Apr 21 13:28:16.846487 np0000168686 devstack@n-api-meta.service[109508]: DEBUG oslo_concurrency.lockutils [None req-c4eaa958-e9e0-479b-b733-e9b3b11dc30d None None] Lock "00000000-0000-0000-0000-000000000000" "released" by "nova.context.set_target_cell..get_or_set_cached_cell_and_set_connections" :: held 0.000s {{(pid=109508) inner /opt/stack/data/venv/lib/python3.12/site-packages/oslo_concurrency/lockutils.py:538}}
Apr 21 13:28:16.847138 np0000168686 devstack@n-api-meta.service[109510]: DEBUG nova.api.openstack.wsgi_app [None req-7565c47c-e7c6-498f-b344-07f8a21787da None None] ******************************************************************************** {{(pid=109510) log_opt_values /opt/stack/data/venv/lib/python3.12/site-packages/oslo_config/cfg.py:2979}}
Apr 21 13:28:16.847223 np0000168686 devstack@n-api-meta.service[109508]: DEBUG oslo_concurrency.lockutils [None req-c4eaa958-e9e0-479b-b733-e9b3b11dc30d None None] Acquiring lock "3e6e3b47-cc2b-4666-9ae3-b92c039afa1e" by "nova.context.set_target_cell..get_or_set_cached_cell_and_set_connections" {{(pid=109508) inner /opt/stack/data/venv/lib/python3.12/site-packages/oslo_concurrency/lockutils.py:506}}
Apr 21 13:28:16.847287 np0000168686 devstack@n-api-meta.service[109510]: DEBUG nova.api.openstack.wsgi_app [None req-7565c47c-e7c6-498f-b344-07f8a21787da None None] Configuration options gathered from: {{(pid=109510) log_opt_values /opt/stack/data/venv/lib/python3.12/site-packages/oslo_config/cfg.py:2980}}
Apr 21 13:28:16.847354 np0000168686 devstack@n-api-meta.service[109508]: DEBUG oslo_concurrency.lockutils [None req-c4eaa958-e9e0-479b-b733-e9b3b11dc30d None None] Lock "3e6e3b47-cc2b-4666-9ae3-b92c039afa1e" acquired by "nova.context.set_target_cell..get_or_set_cached_cell_and_set_connections" :: waited 0.000s {{(pid=109508) inner /opt/stack/data/venv/lib/python3.12/site-packages/oslo_concurrency/lockutils.py:519}}
Apr 21 13:28:16.847458 np0000168686 devstack@n-api-meta.service[109510]: DEBUG nova.api.openstack.wsgi_app [None req-7565c47c-e7c6-498f-b344-07f8a21787da None None] command line args: [] {{(pid=109510) log_opt_values /opt/stack/data/venv/lib/python3.12/site-packages/oslo_config/cfg.py:2981}}
Apr 21 13:28:16.847538 np0000168686 devstack@n-api-meta.service[109510]: DEBUG nova.api.openstack.wsgi_app [None req-7565c47c-e7c6-498f-b344-07f8a21787da None None] config files: ['/etc/nova/api-paste.ini', '/etc/nova/nova.conf'] {{(pid=109510) log_opt_values /opt/stack/data/venv/lib/python3.12/site-packages/oslo_config/cfg.py:2982}}
Apr 21 13:28:16.847632 np0000168686 devstack@n-api-meta.service[109510]: DEBUG nova.api.openstack.wsgi_app [None req-7565c47c-e7c6-498f-b344-07f8a21787da None None] ================================================================================ {{(pid=109510) log_opt_values /opt/stack/data/venv/lib/python3.12/site-packages/oslo_config/cfg.py:2987}}
Apr 21 13:28:16.847819 np0000168686 devstack@n-api-meta.service[109510]: DEBUG nova.api.openstack.wsgi_app [None req-7565c47c-e7c6-498f-b344-07f8a21787da None None] allow_resize_to_same_host = True {{(pid=109510) log_opt_values /opt/stack/data/venv/lib/python3.12/site-packages/oslo_config/cfg.py:2995}}
Apr 21 13:28:16.847941 np0000168686 devstack@n-api-meta.service[109510]: DEBUG nova.api.openstack.wsgi_app [None req-7565c47c-e7c6-498f-b344-07f8a21787da None None] arq_binding_timeout = 300 {{(pid=109510) log_opt_values /opt/stack/data/venv/lib/python3.12/site-packages/oslo_config/cfg.py:2995}}
Apr 21 13:28:16.848101 np0000168686 devstack@n-api-meta.service[109510]: DEBUG nova.api.openstack.wsgi_app [None req-7565c47c-e7c6-498f-b344-07f8a21787da None None] block_device_allocate_retries = 60 {{(pid=109510) log_opt_values /opt/stack/data/venv/lib/python3.12/site-packages/oslo_config/cfg.py:2995}}
Apr 21 13:28:16.848180 np0000168686 devstack@n-api-meta.service[109508]: DEBUG oslo_concurrency.lockutils [None req-c4eaa958-e9e0-479b-b733-e9b3b11dc30d None None] Lock "3e6e3b47-cc2b-4666-9ae3-b92c039afa1e" "released" by "nova.context.set_target_cell..get_or_set_cached_cell_and_set_connections" :: held 0.001s {{(pid=109508) inner /opt/stack/data/venv/lib/python3.12/site-packages/oslo_concurrency/lockutils.py:538}}
Apr 21 13:28:16.848248 np0000168686 devstack@n-api-meta.service[109510]: DEBUG nova.api.openstack.wsgi_app [None req-7565c47c-e7c6-498f-b344-07f8a21787da None None] block_device_allocate_retries_interval = 3 {{(pid=109510) log_opt_values /opt/stack/data/venv/lib/python3.12/site-packages/oslo_config/cfg.py:2995}}
Apr 21 13:28:16.848354 np0000168686 devstack@n-api-meta.service[109510]: DEBUG nova.api.openstack.wsgi_app [None req-7565c47c-e7c6-498f-b344-07f8a21787da None None] cell_worker_thread_pool_size = 5 {{(pid=109510) log_opt_values /opt/stack/data/venv/lib/python3.12/site-packages/oslo_config/cfg.py:2995}}
Apr 21 13:28:16.848491 np0000168686 devstack@n-api-meta.service[109510]: DEBUG nova.api.openstack.wsgi_app [None req-7565c47c-e7c6-498f-b344-07f8a21787da None None] cert = self.pem {{(pid=109510) log_opt_values /opt/stack/data/venv/lib/python3.12/site-packages/oslo_config/cfg.py:2995}}
Apr 21 13:28:16.848626 np0000168686 devstack@n-api-meta.service[109510]: DEBUG nova.api.openstack.wsgi_app [None req-7565c47c-e7c6-498f-b344-07f8a21787da None None] compute_driver = libvirt.LibvirtDriver {{(pid=109510) log_opt_values /opt/stack/data/venv/lib/python3.12/site-packages/oslo_config/cfg.py:2995}}
Apr 21 13:28:16.848757 np0000168686 devstack@n-api-meta.service[109510]: DEBUG nova.api.openstack.wsgi_app [None req-7565c47c-e7c6-498f-b344-07f8a21787da None None] compute_monitors = [] {{(pid=109510) log_opt_values /opt/stack/data/venv/lib/python3.12/site-packages/oslo_config/cfg.py:2995}}
Apr 21 13:28:16.848887 np0000168686 devstack@n-api-meta.service[109510]: DEBUG nova.api.openstack.wsgi_app [None req-7565c47c-e7c6-498f-b344-07f8a21787da None None] config_dir = [] {{(pid=109510) log_opt_values /opt/stack/data/venv/lib/python3.12/site-packages/oslo_config/cfg.py:2995}}
Apr 21 13:28:16.849026 np0000168686 devstack@n-api-meta.service[109510]: DEBUG nova.api.openstack.wsgi_app [None req-7565c47c-e7c6-498f-b344-07f8a21787da None None] config_drive_format = iso9660 {{(pid=109510) log_opt_values /opt/stack/data/venv/lib/python3.12/site-packages/oslo_config/cfg.py:2995}}
Apr 21 13:28:16.849126 np0000168686 devstack@n-api-meta.service[109510]: DEBUG nova.api.openstack.wsgi_app [None req-7565c47c-e7c6-498f-b344-07f8a21787da None None] config_file = ['/etc/nova/api-paste.ini', '/etc/nova/nova.conf'] {{(pid=109510) log_opt_values /opt/stack/data/venv/lib/python3.12/site-packages/oslo_config/cfg.py:2995}}
Apr 21 13:28:16.849255 np0000168686 devstack@n-api-meta.service[109510]: DEBUG nova.api.openstack.wsgi_app [None req-7565c47c-e7c6-498f-b344-07f8a21787da None None] config_source = [] {{(pid=109510) log_opt_values /opt/stack/data/venv/lib/python3.12/site-packages/oslo_config/cfg.py:2995}}
Apr 21 13:28:16.849387 np0000168686 devstack@n-api-meta.service[109510]: DEBUG nova.api.openstack.wsgi_app [None req-7565c47c-e7c6-498f-b344-07f8a21787da None None] console_host = np0000168686 {{(pid=109510) log_opt_values /opt/stack/data/venv/lib/python3.12/site-packages/oslo_config/cfg.py:2995}}
Apr 21 13:28:16.849536 np0000168686 devstack@n-api-meta.service[109510]: DEBUG nova.api.openstack.wsgi_app [None req-7565c47c-e7c6-498f-b344-07f8a21787da None None] control_exchange = nova {{(pid=109510) log_opt_values /opt/stack/data/venv/lib/python3.12/site-packages/oslo_config/cfg.py:2995}}
Apr 21 13:28:16.849662 np0000168686 devstack@n-api-meta.service[109510]: DEBUG nova.api.openstack.wsgi_app [None req-7565c47c-e7c6-498f-b344-07f8a21787da None None] cpu_allocation_ratio = None {{(pid=109510) log_opt_values /opt/stack/data/venv/lib/python3.12/site-packages/oslo_config/cfg.py:2995}}
Apr 21 13:28:16.849786 np0000168686 devstack@n-api-meta.service[109510]: DEBUG nova.api.openstack.wsgi_app [None req-7565c47c-e7c6-498f-b344-07f8a21787da None None] daemon = False {{(pid=109510) log_opt_values /opt/stack/data/venv/lib/python3.12/site-packages/oslo_config/cfg.py:2995}}
Apr 21 13:28:16.849915 np0000168686 devstack@n-api-meta.service[109510]: DEBUG nova.api.openstack.wsgi_app [None req-7565c47c-e7c6-498f-b344-07f8a21787da None None] debug = True {{(pid=109510) log_opt_values /opt/stack/data/venv/lib/python3.12/site-packages/oslo_config/cfg.py:2995}}
Apr 21 13:28:16.850040 np0000168686 devstack@n-api-meta.service[109510]: DEBUG nova.api.openstack.wsgi_app [None req-7565c47c-e7c6-498f-b344-07f8a21787da None None] default_access_ip_network_name = None {{(pid=109510) log_opt_values /opt/stack/data/venv/lib/python3.12/site-packages/oslo_config/cfg.py:2995}}
Apr 21 13:28:16.850170 np0000168686 devstack@n-api-meta.service[109510]: DEBUG nova.api.openstack.wsgi_app [None req-7565c47c-e7c6-498f-b344-07f8a21787da None None] default_availability_zone = nova {{(pid=109510) log_opt_values /opt/stack/data/venv/lib/python3.12/site-packages/oslo_config/cfg.py:2995}}
Apr 21 13:28:16.850298 np0000168686 devstack@n-api-meta.service[109510]: DEBUG nova.api.openstack.wsgi_app [None req-7565c47c-e7c6-498f-b344-07f8a21787da None None] default_ephemeral_format = ext4 {{(pid=109510) log_opt_values /opt/stack/data/venv/lib/python3.12/site-packages/oslo_config/cfg.py:2995}}
Apr 21 13:28:16.850442 np0000168686 devstack@n-api-meta.service[109510]: DEBUG nova.api.openstack.wsgi_app [None req-7565c47c-e7c6-498f-b344-07f8a21787da None None] default_green_pool_size = 1000 {{(pid=109510) log_opt_values /opt/stack/data/venv/lib/python3.12/site-packages/oslo_config/cfg.py:2995}}
Apr 21 13:28:16.850661 np0000168686 devstack@n-api-meta.service[109510]: DEBUG nova.api.openstack.wsgi_app [None req-7565c47c-e7c6-498f-b344-07f8a21787da None None] default_log_levels = ['amqp=WARN', 'boto=WARN', 'sqlalchemy=WARN', 'suds=INFO', 'oslo.messaging=INFO', 'oslo_messaging=INFO', 'iso8601=WARN', 'requests.packages.urllib3.connectionpool=WARN', 'urllib3.connectionpool=WARN', 'websocket=WARN', 'requests.packages.urllib3.util.retry=WARN', 'urllib3.util.retry=WARN', 'keystonemiddleware=WARN', 'routes.middleware=WARN', 'stevedore=WARN', 'taskflow=WARN', 'keystoneauth=WARN', 'oslo.cache=INFO', 'oslo_policy=INFO', 'dogpile.core.dogpile=INFO', 'glanceclient=WARN', 'oslo.privsep.daemon=INFO'] {{(pid=109510) log_opt_values /opt/stack/data/venv/lib/python3.12/site-packages/oslo_config/cfg.py:2995}}
Apr 21 13:28:16.850812 np0000168686 devstack@n-api-meta.service[109510]: DEBUG nova.api.openstack.wsgi_app [None req-7565c47c-e7c6-498f-b344-07f8a21787da None None] default_schedule_zone = None {{(pid=109510) log_opt_values /opt/stack/data/venv/lib/python3.12/site-packages/oslo_config/cfg.py:2995}}
Apr 21 13:28:16.850874 np0000168686 devstack@n-api-meta.service[109508]: INFO dbcounter [None req-c4eaa958-e9e0-479b-b733-e9b3b11dc30d None None] Registered counter for database nova_cell0
Apr 21 13:28:16.850942 np0000168686 devstack@n-api-meta.service[109510]: DEBUG nova.api.openstack.wsgi_app [None req-7565c47c-e7c6-498f-b344-07f8a21787da None None] default_thread_pool_size = 10 {{(pid=109510) log_opt_values /opt/stack/data/venv/lib/python3.12/site-packages/oslo_config/cfg.py:2995}}
Apr 21 13:28:16.851009 np0000168686 devstack@n-api-meta.service[109510]: DEBUG nova.api.openstack.wsgi_app [None req-7565c47c-e7c6-498f-b344-07f8a21787da None None] disk_allocation_ratio = None {{(pid=109510) log_opt_values /opt/stack/data/venv/lib/python3.12/site-packages/oslo_config/cfg.py:2995}}
Apr 21 13:28:16.851139 np0000168686 devstack@n-api-meta.service[109510]: DEBUG nova.api.openstack.wsgi_app [None req-7565c47c-e7c6-498f-b344-07f8a21787da None None] enable_new_services = True {{(pid=109510) log_opt_values /opt/stack/data/venv/lib/python3.12/site-packages/oslo_config/cfg.py:2995}}
Apr 21 13:28:16.851261 np0000168686 devstack@n-api-meta.service[109510]: DEBUG nova.api.openstack.wsgi_app [None req-7565c47c-e7c6-498f-b344-07f8a21787da None None] flat_injected = False {{(pid=109510) log_opt_values /opt/stack/data/venv/lib/python3.12/site-packages/oslo_config/cfg.py:2995}}
Apr 21 13:28:16.851386 np0000168686 devstack@n-api-meta.service[109510]: DEBUG nova.api.openstack.wsgi_app [None req-7565c47c-e7c6-498f-b344-07f8a21787da None None] force_config_drive = False {{(pid=109510) log_opt_values /opt/stack/data/venv/lib/python3.12/site-packages/oslo_config/cfg.py:2995}}
Apr 21 13:28:16.851528 np0000168686 devstack@n-api-meta.service[109510]: DEBUG nova.api.openstack.wsgi_app [None req-7565c47c-e7c6-498f-b344-07f8a21787da None None] force_raw_images = True {{(pid=109510) log_opt_values /opt/stack/data/venv/lib/python3.12/site-packages/oslo_config/cfg.py:2995}}
Apr 21 13:28:16.851662 np0000168686 devstack@n-api-meta.service[109510]: DEBUG nova.api.openstack.wsgi_app [None req-7565c47c-e7c6-498f-b344-07f8a21787da None None] graceful_shutdown_timeout = 5 {{(pid=109510) log_opt_values /opt/stack/data/venv/lib/python3.12/site-packages/oslo_config/cfg.py:2995}}
Apr 21 13:28:16.851790 np0000168686 devstack@n-api-meta.service[109510]: DEBUG nova.api.openstack.wsgi_app [None req-7565c47c-e7c6-498f-b344-07f8a21787da None None] heal_instance_info_cache_interval = -1 {{(pid=109510) log_opt_values /opt/stack/data/venv/lib/python3.12/site-packages/oslo_config/cfg.py:2995}}
Apr 21 13:28:16.851955 np0000168686 devstack@n-api-meta.service[109509]: WARNING nova.api.metadata.handler [None req-f58d4d49-464c-46a4-a501-36e428383e2a None None] metadata_proxy_shared_secret is not configured, the metadata information returned by the proxy cannot be trusted
Apr 21 13:28:16.852020 np0000168686 devstack@n-api-meta.service[109510]: DEBUG nova.api.openstack.wsgi_app [None req-7565c47c-e7c6-498f-b344-07f8a21787da None None] host = np0000168686 {{(pid=109510) log_opt_values /opt/stack/data/venv/lib/python3.12/site-packages/oslo_config/cfg.py:2995}}
Apr 21 13:28:16.852137 np0000168686 devstack@n-api-meta.service[109510]: DEBUG nova.api.openstack.wsgi_app [None req-7565c47c-e7c6-498f-b344-07f8a21787da None None] initial_cpu_allocation_ratio = 4.0 {{(pid=109510) log_opt_values /opt/stack/data/venv/lib/python3.12/site-packages/oslo_config/cfg.py:2995}}
Apr 21 13:28:16.852245 np0000168686 devstack@n-api-meta.service[109510]: DEBUG nova.api.openstack.wsgi_app [None req-7565c47c-e7c6-498f-b344-07f8a21787da None None] initial_disk_allocation_ratio = 1.0 {{(pid=109510) log_opt_values /opt/stack/data/venv/lib/python3.12/site-packages/oslo_config/cfg.py:2995}}
Apr 21 13:28:16.852369 np0000168686 devstack@n-api-meta.service[109510]: DEBUG nova.api.openstack.wsgi_app [None req-7565c47c-e7c6-498f-b344-07f8a21787da None None] initial_ram_allocation_ratio = 1.0 {{(pid=109510) log_opt_values /opt/stack/data/venv/lib/python3.12/site-packages/oslo_config/cfg.py:2995}}
Apr 21 13:28:16.852552 np0000168686 devstack@n-api-meta.service[109510]: DEBUG nova.api.openstack.wsgi_app [None req-7565c47c-e7c6-498f-b344-07f8a21787da None None] injected_network_template = /opt/stack/nova/nova/virt/interfaces.template {{(pid=109510) log_opt_values /opt/stack/data/venv/lib/python3.12/site-packages/oslo_config/cfg.py:2995}}
Apr 21 13:28:16.852680 np0000168686 devstack@n-api-meta.service[109510]: DEBUG nova.api.openstack.wsgi_app [None req-7565c47c-e7c6-498f-b344-07f8a21787da None None] instance_build_timeout = 0 {{(pid=109510) log_opt_values /opt/stack/data/venv/lib/python3.12/site-packages/oslo_config/cfg.py:2995}}
Apr 21 13:28:16.852813 np0000168686 devstack@n-api-meta.service[109510]: DEBUG nova.api.openstack.wsgi_app [None req-7565c47c-e7c6-498f-b344-07f8a21787da None None] instance_delete_interval = 300 {{(pid=109510) log_opt_values /opt/stack/data/venv/lib/python3.12/site-packages/oslo_config/cfg.py:2995}}
Apr 21 13:28:16.852945 np0000168686 devstack@n-api-meta.service[109510]: DEBUG nova.api.openstack.wsgi_app [None req-7565c47c-e7c6-498f-b344-07f8a21787da None None] instance_format = [instance: %(uuid)s] {{(pid=109510) log_opt_values /opt/stack/data/venv/lib/python3.12/site-packages/oslo_config/cfg.py:2995}}
Apr 21 13:28:16.853070 np0000168686 devstack@n-api-meta.service[109510]: DEBUG nova.api.openstack.wsgi_app [None req-7565c47c-e7c6-498f-b344-07f8a21787da None None] instance_name_template = instance-%08x {{(pid=109510) log_opt_values /opt/stack/data/venv/lib/python3.12/site-packages/oslo_config/cfg.py:2995}}
Apr 21 13:28:16.853195 np0000168686 devstack@n-api-meta.service[109510]: DEBUG nova.api.openstack.wsgi_app [None req-7565c47c-e7c6-498f-b344-07f8a21787da None None] instance_usage_audit = False {{(pid=109510) log_opt_values /opt/stack/data/venv/lib/python3.12/site-packages/oslo_config/cfg.py:2995}}
Apr 21 13:28:16.853327 np0000168686 devstack@n-api-meta.service[109510]: DEBUG nova.api.openstack.wsgi_app [None req-7565c47c-e7c6-498f-b344-07f8a21787da None None] instance_usage_audit_period = month {{(pid=109510) log_opt_values /opt/stack/data/venv/lib/python3.12/site-packages/oslo_config/cfg.py:2995}}
Apr 21 13:28:16.853475 np0000168686 devstack@n-api-meta.service[109510]: DEBUG nova.api.openstack.wsgi_app [None req-7565c47c-e7c6-498f-b344-07f8a21787da None None] instance_uuid_format = [instance: %(uuid)s] {{(pid=109510) log_opt_values /opt/stack/data/venv/lib/python3.12/site-packages/oslo_config/cfg.py:2995}}
Apr 21 13:28:16.853605 np0000168686 devstack@n-api-meta.service[109510]: DEBUG nova.api.openstack.wsgi_app [None req-7565c47c-e7c6-498f-b344-07f8a21787da None None] instances_path = /opt/stack/data/nova/instances {{(pid=109510) log_opt_values /opt/stack/data/venv/lib/python3.12/site-packages/oslo_config/cfg.py:2995}}
Apr 21 13:28:16.853734 np0000168686 devstack@n-api-meta.service[109510]: DEBUG nova.api.openstack.wsgi_app [None req-7565c47c-e7c6-498f-b344-07f8a21787da None None] internal_service_availability_zone = internal {{(pid=109510) log_opt_values /opt/stack/data/venv/lib/python3.12/site-packages/oslo_config/cfg.py:2995}}
Apr 21 13:28:16.853856 np0000168686 devstack@n-api-meta.service[109510]: DEBUG nova.api.openstack.wsgi_app [None req-7565c47c-e7c6-498f-b344-07f8a21787da None None] key = None {{(pid=109510) log_opt_values /opt/stack/data/venv/lib/python3.12/site-packages/oslo_config/cfg.py:2995}}
Apr 21 13:28:16.853979 np0000168686 devstack@n-api-meta.service[109510]: DEBUG nova.api.openstack.wsgi_app [None req-7565c47c-e7c6-498f-b344-07f8a21787da None None] live_migration_retry_count = 30 {{(pid=109510) log_opt_values /opt/stack/data/venv/lib/python3.12/site-packages/oslo_config/cfg.py:2995}}
