Apr 25 16:18:54.095394 np0000170197 devstack@neutron-api.service[104518]: DEBUG neutron.plugins.ml2.db [None req-6499cd7e-c392-47e5-9938-639b149039ce service neutron] For port 008cd539-55e4-41d3-b9ef-01d137e19e6c, host np0000170197, cleared binding levels {{(pid=104518) clear_binding_levels /opt/stack/neutron/neutron/plugins/ml2/db.py:87}}
Apr 25 16:18:54.098739 np0000170197 devstack@neutron-api.service[104518]: DEBUG neutron.plugins.ml2.db [None req-6499cd7e-c392-47e5-9938-639b149039ce service neutron] For port 008cd539-55e4-41d3-b9ef-01d137e19e6c, host np0000170197, set binding levels [PortBindingLevel(driver='ovn',host='np0000170197',level=0,port_id=008cd539-55e4-41d3-b9ef-01d137e19e6c,segment=NetworkSegment(8cc79c31-3039-4abf-9240-f81d208b8ebd),segment_id=8cc79c31-3039-4abf-9240-f81d208b8ebd)] {{(pid=104518) set_binding_levels /opt/stack/neutron/neutron/plugins/ml2/db.py:59}}
Apr 25 16:18:54.100054 np0000170197 devstack@neutron-api.service[104518]: DEBUG neutron.plugins.ml2.drivers.ovn.mech_driver.mech_driver [None req-6499cd7e-c392-47e5-9938-639b149039ce service neutron] No provisioning block for port 008cd539-55e4-41d3-b9ef-01d137e19e6c since host unchanged {{(pid=104518) _is_port_provisioning_required /opt/stack/neutron/neutron/plugins/ml2/drivers/ovn/mech_driver/mech_driver.py:899}}
Apr 25 16:18:54.107553 np0000170197 devstack@neutron-api.service[104518]: DEBUG neutron_lib.callbacks.manager [None req-6499cd7e-c392-47e5-9938-639b149039ce service neutron] Publish callbacks ['neutron.plugins.ml2.ovo_rpc._ObjectChangeHandler.handle_event-6834620', 'neutron.db.l3_db.L3RpcNotifierMixin._notify_gateway_port_ip_changed-7982696084390', 'neutron.services.ovn_l3.plugin.OVNL3RouterPlugin._port_update-7982694686630'] for port (008cd539-55e4-41d3-b9ef-01d137e19e6c), after_update {{(pid=104518) _notify_loop /opt/stack/data/venv/lib/python3.12/site-packages/neutron_lib/callbacks/manager.py:184}}
Apr 25 16:18:54.140216 np0000170197 devstack@neutron-api.service[104518]: DEBUG neutron.api.rpc.handlers.resources_rpc [None req-6499cd7e-c392-47e5-9938-639b149039ce service neutron] Pushing event updated for resources: {'Port': ['ID=008cd539-55e4-41d3-b9ef-01d137e19e6c,revision_number=3']} {{(pid=104518) push /opt/stack/neutron/neutron/api/rpc/handlers/resources_rpc.py:237}}
Apr 25 16:18:54.167808 np0000170197 devstack@neutron-api.service[104518]: DEBUG ovsdbapp.backend.ovs_idl.transaction [None req-2c632ad8-99e6-4b36-8f25-30b9629e5235 None None] Running txn n=1 command(idx=0): CheckRevisionNumberCommand(_result=None, name=008cd539-55e4-41d3-b9ef-01d137e19e6c, resource={'id': '008cd539-55e4-41d3-b9ef-01d137e19e6c', 'name': '', 'network_id': '39ecff04-f817-46c1-a80a-a043bfba48aa', 'project_id': 'fdd25532a09845899c0366f732c823b4', 'mac_address': 'fa:16:3e:f6:6d:fc', 'admin_state_up': True, 'status': 'DOWN', 'device_id': 'manila-admin-share', 'device_owner': 'manila:share', 'standard_attr_id': 46, 'fixed_ips': [{'subnet_id': '150ce285-ae47-4318-9dba-d21624c84af6', 'ip_address': '10.2.5.78'}], 'allowed_address_pairs': [], 'extra_dhcp_opts': [], 'security_groups': [], 'description': '', 'binding:vnic_type': 'normal', 'binding:profile': {}, 'binding:host_id': 'np0000170197', 'binding:vif_type': 'ovs', 'binding:vif_details': {'port_filter': True, 'connectivity': 'l2', 'ovs_create_tap': False, 'bridge_name': 'br-int', 'datapath_type': 'system', 'bound_drivers': {'0': 'ovn'}}, 'port_security_enabled': False, 'tags': [], 'created_at': '2026-04-25T16:18:53Z', 'updated_at': '2026-04-25T16:18:54Z', 'revision_number': 3, 'tenant_id': 'fdd25532a09845899c0366f732c823b4', 'network': {'id': '39ecff04-f817-46c1-a80a-a043bfba48aa', 'name': 'admin_net', 'tenant_id': 'fdd25532a09845899c0366f732c823b4', 'project_id': 'fdd25532a09845899c0366f732c823b4', 'admin_state_up': True, 'mtu': 1372, 'status': 'ACTIVE', 'subnets': ['150ce285-ae47-4318-9dba-d21624c84af6'], 'standard_attr_id': 42, 'shared': False, 'availability_zone_hints': [], 'availability_zones': [], 'ipv4_address_scope': None, 'ipv6_address_scope': None, 'router:external': False, 'qinq': False, 'vlan_transparent': False, 'description': '', 'port_security_enabled': True, 'tags': [], 'created_at': '2026-04-25T16:18:46Z', 'updated_at': '2026-04-25T16:18:48Z', 'revision_number': 2, 'provider:network_type': 'geneve', 'provider:physical_network': None, 'provider:segmentation_id': 44251}}, resource_type=ports, if_exists=True) {{(pid=104518) do_commit /opt/stack/data/venv/lib/python3.12/site-packages/ovsdbapp/backend/ovs_idl/transaction.py:89}}
Apr 25 16:18:54.168531 np0000170197 devstack@neutron-api.service[104518]: DEBUG ovsdbapp.backend.ovs_idl.transaction [None req-2c632ad8-99e6-4b36-8f25-30b9629e5235 None None] Running txn n=1 command(idx=1): SetLSwitchPortCommand(_result=None, lport=008cd539-55e4-41d3-b9ef-01d137e19e6c, external_ids_update=None, columns={'external_ids': {'neutron:port_name': '', 'neutron:device_id': 'manila-admin-share', 'neutron:project_id': 'fdd25532a09845899c0366f732c823b4', 'neutron:cidrs': '10.2.5.78/24', 'neutron:device_owner': 'manila:share', 'neutron:subnet_pool_addr_scope4': '', 'neutron:subnet_pool_addr_scope6': '', 'neutron:network_name': 'neutron-39ecff04-f817-46c1-a80a-a043bfba48aa', 'neutron:security_group_ids': '', 'neutron:revision_number': '3', 'neutron:vnic_type': 'normal', 'neutron:port_capabilities': '', 'neutron:mtu': ''}, 'parent_name': [], 'tag': [], 'options': {'requested-chassis': 'np0000170197'}, 'enabled': True, 'port_security': [], 'dhcpv4_options': [UUID('c65b2e15-2f80-44b4-b3e7-95951cbd99f5')], 'dhcpv6_options': [], 'type': '', 'addresses': ['fa:16:3e:f6:6d:fc 10.2.5.78', 'unknown'], 'ha_chassis_group': []}, if_exists=False) {{(pid=104518) do_commit /opt/stack/data/venv/lib/python3.12/site-packages/ovsdbapp/backend/ovs_idl/transaction.py:89}}
Apr 25 16:18:54.170079 np0000170197 devstack@neutron-api.service[104518]: DEBUG ovsdbapp.backend.ovs_idl.transaction [None req-2c632ad8-99e6-4b36-8f25-30b9629e5235 None None] Running txn n=1 command(idx=2): PgDelPortCommand(_result=None, port_group=neutron_pg_drop, lsp=['008cd539-55e4-41d3-b9ef-01d137e19e6c'], if_exists=False) {{(pid=104518) do_commit /opt/stack/data/venv/lib/python3.12/site-packages/ovsdbapp/backend/ovs_idl/transaction.py:89}}
Apr 25 16:18:54.173046 np0000170197 devstack@neutron-api.service[104518]: DEBUG neutron.plugins.ml2.drivers.ovn.mech_driver.ovsdb.ovsdb_monitor [None req-2c632ad8-99e6-4b36-8f25-30b9629e5235 None None] Hash Ring: Node 1c5fc9532ac555fd9792466e1add46a6 (host: np0000170197) handling event "update" for row 66b729fd-d128-4df1-8c3d-9fbd74a6a0a6 (table: Logical_Switch_Port) {{(pid=104518) notify /opt/stack/neutron/neutron/plugins/ml2/drivers/ovn/mech_driver/ovsdb/ovsdb_monitor.py:914}}
Apr 25 16:18:54.180399 np0000170197 devstack@neutron-api.service[104521]: DEBUG neutron.plugins.ml2.drivers.ovn.mech_driver.ovsdb.ovsdb_monitor [None req-6e9665d1-0de6-42f9-86ea-b5420db61ffd None None] Hash Ring: Node dc30e54b5ee25cd88591f2444b551f2c (host: np0000170197) handling event "update" for row ef0a7280-a6f4-4aea-a7b5-b6887967886d (table: Port_Binding) {{(pid=104521) notify /opt/stack/neutron/neutron/plugins/ml2/drivers/ovn/mech_driver/ovsdb/ovsdb_monitor.py:914}}
Apr 25 16:18:54.221732 np0000170197 devstack@neutron-api.service[104518]: INFO neutron.db.ovn_revision_numbers_db [None req-6499cd7e-c392-47e5-9938-639b149039ce service neutron] Successfully bumped revision number for resource 008cd539-55e4-41d3-b9ef-01d137e19e6c (type: ports) to 3
Apr 25 16:18:54.235366 np0000170197 devstack@neutron-api.service[104518]: DEBUG neutron.pecan_wsgi.hooks.policy_enforcement [None req-6499cd7e-c392-47e5-9938-639b149039ce service neutron] Attributes excluded by policy engine: ['standard_attr_id'] {{(pid=104518) _exclude_attributes_by_policy /opt/stack/neutron/neutron/pecan_wsgi/hooks/policy_enforcement.py:256}}
Apr 25 16:18:54.235719 np0000170197 devstack@neutron-api.service[104518]: DEBUG neutron_lib.callbacks.manager [None req-6499cd7e-c392-47e5-9938-639b149039ce service neutron] Publish callbacks ['neutron.notifiers.nova.Notifier._send_nova_notification-188039'] for port (None), before_response {{(pid=104518) _notify_loop /opt/stack/data/venv/lib/python3.12/site-packages/neutron_lib/callbacks/manager.py:184}}
Apr 25 16:18:54.249542 np0000170197 devstack@neutron-api.service[104518]: [pid: 104518|app: 0|req: 26/104] 199.204.45.153 () {68 vars in 1304 bytes} [Sat Apr 25 16:18:53 2026] POST /networking/v2.0/ports => generated 926 bytes in 595 msecs (HTTP/1.1 201) 4 headers in 162 bytes (1 switches on core 0)
Apr 25 16:18:54.604827 np0000170197 devstack@neutron-api.service[104521]: DEBUG neutron.plugins.ml2.drivers.ovn.mech_driver.ovsdb.ovsdb_monitor [None req-6e9665d1-0de6-42f9-86ea-b5420db61ffd None None] Hash Ring: Node dc30e54b5ee25cd88591f2444b551f2c (host: np0000170197) handling event "update" for row ef0a7280-a6f4-4aea-a7b5-b6887967886d (table: Port_Binding) {{(pid=104521) notify /opt/stack/neutron/neutron/plugins/ml2/drivers/ovn/mech_driver/ovsdb/ovsdb_monitor.py:914}}
Apr 25 16:18:54.648084 np0000170197 devstack@neutron-api.service[104521]: DEBUG neutron.plugins.ml2.drivers.ovn.mech_driver.ovsdb.ovsdb_monitor [None req-6e9665d1-0de6-42f9-86ea-b5420db61ffd None None] Hash Ring: Node dc30e54b5ee25cd88591f2444b551f2c (host: np0000170197) handling event "update" for row ef0a7280-a6f4-4aea-a7b5-b6887967886d (table: Port_Binding) {{(pid=104521) notify /opt/stack/neutron/neutron/plugins/ml2/drivers/ovn/mech_driver/ovsdb/ovsdb_monitor.py:914}}
Apr 25 16:18:54.649448 np0000170197 devstack@neutron-api.service[104518]: DEBUG neutron.plugins.ml2.drivers.ovn.mech_driver.ovsdb.ovsdb_monitor [None req-2c632ad8-99e6-4b36-8f25-30b9629e5235 None None] Hash Ring: Node 1c5fc9532ac555fd9792466e1add46a6 (host: np0000170197) handling event "update" for row 66b729fd-d128-4df1-8c3d-9fbd74a6a0a6 (table: Logical_Switch_Port) {{(pid=104518) notify /opt/stack/neutron/neutron/plugins/ml2/drivers/ovn/mech_driver/ovsdb/ovsdb_monitor.py:914}}
Apr 25 16:18:54.651850 np0000170197 devstack@neutron-api.service[104518]: DEBUG ovsdbapp.backend.ovs_idl.event [None req-2c632ad8-99e6-4b36-8f25-30b9629e5235 None None] Matched UPDATE: LogicalSwitchPortUpdateUpEvent(events=('update',), table='Logical_Switch_Port', conditions=None, old_conditions=None), priority=20 to row=Logical_Switch_Port(uuid=66b729fd-d128-4df1-8c3d-9fbd74a6a0a6, addresses=['fa:16:3e:f6:6d:fc 10.2.5.78', 'unknown'], dhcpv4_options=c65b2e15-2f80-44b4-b3e7-95951cbd99f5, dhcpv6_options=[], dynamic_addresses=[], enabled=True, external_ids={'neutron:cidrs': '10.2.5.78/24', 'neutron:device_id': 'manila-admin-share', 'neutron:device_owner': 'manila:share', 'neutron:mtu': '', 'neutron:network_name': 'neutron-39ecff04-f817-46c1-a80a-a043bfba48aa', 'neutron:port_capabilities': '', 'neutron:port_name': '', 'neutron:project_id': 'fdd25532a09845899c0366f732c823b4', 'neutron:revision_number': '3', 'neutron:security_group_ids': '', 'neutron:subnet_pool_addr_scope4': '', 'neutron:subnet_pool_addr_scope6': '', 'neutron:vnic_type': 'normal'}, ha_chassis_group=[], mirror_rules=[], name='008cd539-55e4-41d3-b9ef-01d137e19e6c', options={'requested-chassis': 'np0000170197'}, parent_name=[], port_security=[], tag=[], tag_request=[], type='', up=True) old=Logical_Switch_Port(uuid=66b729fd-d128-4df1-8c3d-9fbd74a6a0a6, up=False) {{(pid=104518) matches /opt/stack/data/venv/lib/python3.12/site-packages/ovsdbapp/backend/ovs_idl/event.py:55}}
Apr 25 16:18:54.652981 np0000170197 devstack@neutron-api.service[104518]: INFO neutron.plugins.ml2.drivers.ovn.mech_driver.mech_driver [None req-6b2e59ff-b110-4ad0-966a-2813616e5fa7 None None] OVN reports status up for port: 008cd539-55e4-41d3-b9ef-01d137e19e6c
Apr 25 16:18:54.659226 np0000170197 devstack@neutron-api.service[104518]: DEBUG neutron.db.provisioning_blocks [None req-6b2e59ff-b110-4ad0-966a-2813616e5fa7 None None] Provisioning for port 008cd539-55e4-41d3-b9ef-01d137e19e6c completed by entity L2. {{(pid=104518) provisioning_complete /opt/stack/neutron/neutron/db/provisioning_blocks.py:133}}
Apr 25 16:18:54.671421 np0000170197 devstack@neutron-api.service[104518]: DEBUG neutron.db.provisioning_blocks [None req-6b2e59ff-b110-4ad0-966a-2813616e5fa7 None None] Provisioning complete for port 008cd539-55e4-41d3-b9ef-01d137e19e6c triggered by entity L2. {{(pid=104518) provisioning_complete /opt/stack/neutron/neutron/db/provisioning_blocks.py:141}}
Apr 25 16:18:54.672020 np0000170197 devstack@neutron-api.service[104518]: DEBUG neutron_lib.callbacks.manager [None req-6b2e59ff-b110-4ad0-966a-2813616e5fa7 None None] Publish callbacks ['neutron.plugins.ml2.plugin.Ml2Plugin._port_provisioned-246731'] for port (008cd539-55e4-41d3-b9ef-01d137e19e6c), provisioning_complete {{(pid=104518) _notify_loop /opt/stack/data/venv/lib/python3.12/site-packages/neutron_lib/callbacks/manager.py:184}}
Apr 25 16:18:54.672020 np0000170197 devstack@neutron-api.service[104518]: INFO neutron.plugins.ml2.plugin [None req-6b2e59ff-b110-4ad0-966a-2813616e5fa7 None None] Attempt 1 to provision port 008cd539-55e4-41d3-b9ef-01d137e19e6c
Apr 25 16:18:54.714382 np0000170197 devstack@neutron-api.service[104518]: DEBUG neutron.plugins.ml2.plugin [None req-6b2e59ff-b110-4ad0-966a-2813616e5fa7 None None] Current status of the port 008cd539-55e4-41d3-b9ef-01d137e19e6c is: DOWN; New status is: ACTIVE {{(pid=104518) _update_individual_port_db_status /opt/stack/neutron/neutron/plugins/ml2/plugin.py:2468}}
Apr 25 16:18:54.714579 np0000170197 devstack@neutron-api.service[104518]: DEBUG neutron_lib.callbacks.manager [None req-6b2e59ff-b110-4ad0-966a-2813616e5fa7 None None] Publish callbacks ['neutron.plugins.ml2.plugin.SecurityGroupDbMixin._ensure_default_security_group_handler-1008775', 'neutron.services.ovn_l3.plugin.OVNL3RouterPlugin._port_update-7982694686630', 'neutron.db.l3_db.L3_NAT_dbonly_mixin._prevent_internal_ip_change_for_fip-7982696208578'] for port (008cd539-55e4-41d3-b9ef-01d137e19e6c), before_update {{(pid=104518) _notify_loop /opt/stack/data/venv/lib/python3.12/site-packages/neutron_lib/callbacks/manager.py:184}}
Apr 25 16:18:54.735701 np0000170197 devstack@neutron-api.service[104518]: DEBUG neutron.plugins.ml2.db [None req-6b2e59ff-b110-4ad0-966a-2813616e5fa7 None None] For port 008cd539-55e4-41d3-b9ef-01d137e19e6c, host np0000170197, got binding levels [PortBindingLevel(driver='ovn',host='np0000170197',level=0,port_id=008cd539-55e4-41d3-b9ef-01d137e19e6c,segment=NetworkSegment(8cc79c31-3039-4abf-9240-f81d208b8ebd),segment_id=8cc79c31-3039-4abf-9240-f81d208b8ebd)] {{(pid=104518) get_binding_level_objs /opt/stack/neutron/neutron/plugins/ml2/db.py:74}}
Apr 25 16:18:54.736078 np0000170197 devstack@neutron-api.service[104518]: DEBUG neutron.plugins.ml2.drivers.ovn.mech_driver.mech_driver [None req-6b2e59ff-b110-4ad0-966a-2813616e5fa7 None None] No provisioning block for port 008cd539-55e4-41d3-b9ef-01d137e19e6c since it is active {{(pid=104518) _is_port_provisioning_required /opt/stack/neutron/neutron/plugins/ml2/drivers/ovn/mech_driver/mech_driver.py:889}}
Apr 25 16:18:54.798546 np0000170197 devstack@neutron-api.service[104518]: DEBUG ovsdbapp.backend.ovs_idl.transaction [None req-2c632ad8-99e6-4b36-8f25-30b9629e5235 None None] Running txn n=1 command(idx=0): CheckRevisionNumberCommand(_result=None, name=008cd539-55e4-41d3-b9ef-01d137e19e6c, resource={'id': '008cd539-55e4-41d3-b9ef-01d137e19e6c', 'name': '', 'network_id': '39ecff04-f817-46c1-a80a-a043bfba48aa', 'project_id': 'fdd25532a09845899c0366f732c823b4', 'mac_address': 'fa:16:3e:f6:6d:fc', 'admin_state_up': True, 'status': 'ACTIVE', 'device_id': 'manila-admin-share', 'device_owner': 'manila:share', 'standard_attr_id': 46, 'fixed_ips': [{'subnet_id': '150ce285-ae47-4318-9dba-d21624c84af6', 'ip_address': '10.2.5.78'}], 'allowed_address_pairs': [], 'extra_dhcp_opts': [], 'security_groups': [], 'description': '', 'binding:vnic_type': 'normal', 'binding:profile': {}, 'binding:host_id': 'np0000170197', 'binding:vif_type': 'ovs', 'binding:vif_details': {'port_filter': True, 'connectivity': 'l2', 'ovs_create_tap': False, 'bridge_name': 'br-int', 'datapath_type': 'system', 'bound_drivers': {'0': 'ovn'}}, 'port_security_enabled': False, 'tags': [], 'created_at': '2026-04-25T16:18:53Z', 'updated_at': '2026-04-25T16:18:54Z', 'revision_number': 4, 'tenant_id': 'fdd25532a09845899c0366f732c823b4', 'network': {'id': '39ecff04-f817-46c1-a80a-a043bfba48aa', 'name': 'admin_net', 'tenant_id': 'fdd25532a09845899c0366f732c823b4', 'project_id': 'fdd25532a09845899c0366f732c823b4', 'admin_state_up': True, 'mtu': 1372, 'status': 'ACTIVE', 'subnets': ['150ce285-ae47-4318-9dba-d21624c84af6'], 'standard_attr_id': 42, 'shared': False, 'availability_zone_hints': [], 'availability_zones': [], 'ipv4_address_scope': None, 'ipv6_address_scope': None, 'router:external': False, 'qinq': False, 'vlan_transparent': False, 'description': '', 'port_security_enabled': True, 'tags': [], 'created_at': '2026-04-25T16:18:46Z', 'updated_at': '2026-04-25T16:18:48Z', 'revision_number': 2, 'provider:network_type': 'geneve', 'provider:physical_network': None, 'provider:segmentation_id': 44251}}, resource_type=ports, if_exists=True) {{(pid=104518) do_commit /opt/stack/data/venv/lib/python3.12/site-packages/ovsdbapp/backend/ovs_idl/transaction.py:89}}
Apr 25 16:18:54.799258 np0000170197 devstack@neutron-api.service[104518]: DEBUG ovsdbapp.backend.ovs_idl.transaction [None req-2c632ad8-99e6-4b36-8f25-30b9629e5235 None None] Running txn n=1 command(idx=1): SetLSwitchPortCommand(_result=None, lport=008cd539-55e4-41d3-b9ef-01d137e19e6c, external_ids_update=None, columns={'external_ids': {'neutron:port_name': '', 'neutron:device_id': 'manila-admin-share', 'neutron:project_id': 'fdd25532a09845899c0366f732c823b4', 'neutron:cidrs': '10.2.5.78/24', 'neutron:device_owner': 'manila:share', 'neutron:subnet_pool_addr_scope4': '', 'neutron:subnet_pool_addr_scope6': '', 'neutron:network_name': 'neutron-39ecff04-f817-46c1-a80a-a043bfba48aa', 'neutron:security_group_ids': '', 'neutron:revision_number': '4', 'neutron:vnic_type': 'normal', 'neutron:port_capabilities': '', 'neutron:mtu': ''}, 'parent_name': [], 'tag': [], 'options': {'requested-chassis': 'np0000170197'}, 'enabled': True, 'port_security': [], 'dhcpv4_options': [UUID('c65b2e15-2f80-44b4-b3e7-95951cbd99f5')], 'dhcpv6_options': [], 'type': '', 'addresses': ['fa:16:3e:f6:6d:fc 10.2.5.78', 'unknown'], 'ha_chassis_group': []}, if_exists=False) {{(pid=104518) do_commit /opt/stack/data/venv/lib/python3.12/site-packages/ovsdbapp/backend/ovs_idl/transaction.py:89}}
Apr 25 16:18:54.800753 np0000170197 devstack@neutron-api.service[104518]: DEBUG ovsdbapp.backend.ovs_idl.transaction [None req-2c632ad8-99e6-4b36-8f25-30b9629e5235 None None] Running txn n=1 command(idx=2): PgDelPortCommand(_result=None, port_group=neutron_pg_drop, lsp=['008cd539-55e4-41d3-b9ef-01d137e19e6c'], if_exists=False) {{(pid=104518) do_commit /opt/stack/data/venv/lib/python3.12/site-packages/ovsdbapp/backend/ovs_idl/transaction.py:89}}
Apr 25 16:18:54.803618 np0000170197 devstack@neutron-api.service[104518]: DEBUG neutron.plugins.ml2.drivers.ovn.mech_driver.ovsdb.ovsdb_monitor [None req-2c632ad8-99e6-4b36-8f25-30b9629e5235 None None] Hash Ring: Node 1c5fc9532ac555fd9792466e1add46a6 (host: np0000170197) handling event "update" for row 66b729fd-d128-4df1-8c3d-9fbd74a6a0a6 (table: Logical_Switch_Port) {{(pid=104518) notify /opt/stack/neutron/neutron/plugins/ml2/drivers/ovn/mech_driver/ovsdb/ovsdb_monitor.py:914}}
Apr 25 16:18:54.809153 np0000170197 devstack@neutron-api.service[104521]: DEBUG neutron.plugins.ml2.drivers.ovn.mech_driver.ovsdb.ovsdb_monitor [None req-6e9665d1-0de6-42f9-86ea-b5420db61ffd None None] Hash Ring: Node dc30e54b5ee25cd88591f2444b551f2c (host: np0000170197) handling event "update" for row ef0a7280-a6f4-4aea-a7b5-b6887967886d (table: Port_Binding) {{(pid=104521) notify /opt/stack/neutron/neutron/plugins/ml2/drivers/ovn/mech_driver/ovsdb/ovsdb_monitor.py:914}}
Apr 25 16:18:54.833196 np0000170197 devstack@neutron-api.service[104518]: INFO neutron.db.ovn_revision_numbers_db [None req-6b2e59ff-b110-4ad0-966a-2813616e5fa7 None None] Successfully bumped revision number for resource 008cd539-55e4-41d3-b9ef-01d137e19e6c (type: ports) to 4
Apr 25 16:18:54.836931 np0000170197 devstack@neutron-api.service[104518]: DEBUG neutron_lib.callbacks.manager [None req-6b2e59ff-b110-4ad0-966a-2813616e5fa7 None None] Publish callbacks ['neutron.plugins.ml2.ovo_rpc._ObjectChangeHandler.handle_event-6834620', 'neutron.db.l3_db.L3RpcNotifierMixin._notify_gateway_port_ip_changed-7982696084390', 'neutron.services.ovn_l3.plugin.OVNL3RouterPlugin._port_update-7982694686630'] for port (008cd539-55e4-41d3-b9ef-01d137e19e6c), after_update {{(pid=104518) _notify_loop /opt/stack/data/venv/lib/python3.12/site-packages/neutron_lib/callbacks/manager.py:184}}
Apr 25 16:18:54.859922 np0000170197 devstack@neutron-api.service[104518]: DEBUG neutron.api.rpc.handlers.resources_rpc [None req-34bad8cc-2c1f-41d0-8f0c-ffab75d03263 None None] Pushing event updated for resources: {'Port': ['ID=008cd539-55e4-41d3-b9ef-01d137e19e6c,revision_number=4']} {{(pid=104518) push /opt/stack/neutron/neutron/api/rpc/handlers/resources_rpc.py:237}}
Apr 25 16:18:54.876040 np0000170197 devstack@neutron-api.service[104518]: DEBUG ovsdbapp.backend.ovs_idl.transaction [None req-2c632ad8-99e6-4b36-8f25-30b9629e5235 None None] Running txn n=1 command(idx=0): DbSetCommand(_result=None, table=Logical_Switch_Port, record=008cd539-55e4-41d3-b9ef-01d137e19e6c, col_values=(('external_ids', {'neutron:host_id': 'np0000170197'}),), if_exists=True) {{(pid=104518) do_commit /opt/stack/data/venv/lib/python3.12/site-packages/ovsdbapp/backend/ovs_idl/transaction.py:89}}
Apr 25 16:18:54.879725 np0000170197 devstack@neutron-api.service[104518]: DEBUG neutron.plugins.ml2.drivers.ovn.mech_driver.ovsdb.ovsdb_monitor [None req-2c632ad8-99e6-4b36-8f25-30b9629e5235 None None] Hash Ring: Node 1c5fc9532ac555fd9792466e1add46a6 (host: np0000170197) handling event "update" for row 66b729fd-d128-4df1-8c3d-9fbd74a6a0a6 (table: Logical_Switch_Port) {{(pid=104518) notify /opt/stack/neutron/neutron/plugins/ml2/drivers/ovn/mech_driver/ovsdb/ovsdb_monitor.py:914}}
Apr 25 16:18:54.884262 np0000170197 devstack@neutron-api.service[104521]: DEBUG neutron.plugins.ml2.drivers.ovn.mech_driver.ovsdb.ovsdb_monitor [None req-6e9665d1-0de6-42f9-86ea-b5420db61ffd None None] Hash Ring: Node dc30e54b5ee25cd88591f2444b551f2c (host: np0000170197) handling event "update" for row ef0a7280-a6f4-4aea-a7b5-b6887967886d (table: Port_Binding) {{(pid=104521) notify /opt/stack/neutron/neutron/plugins/ml2/drivers/ovn/mech_driver/ovsdb/ovsdb_monitor.py:914}}
Apr 25 16:18:55.426967 np0000170197 devstack@neutron-api.service[104519]: DEBUG neutron.pecan_wsgi.hooks.policy_enforcement [None req-46a3c41f-c9a7-4ded-bcd4-36cb815e8bab service neutron] Attributes excluded by policy engine: ['standard_attr_id', 'shared'] {{(pid=104519) _exclude_attributes_by_policy /opt/stack/neutron/neutron/pecan_wsgi/hooks/policy_enforcement.py:256}}
Apr 25 16:18:55.426967 np0000170197 devstack@neutron-api.service[104519]: [pid: 104519|app: 0|req: 26/105] 199.204.45.153 () {64 vars in 1367 bytes} [Sat Apr 25 16:18:55 2026] GET /networking/v2.0/subnets/150ce285-ae47-4318-9dba-d21624c84af6 => generated 625 bytes in 33 msecs (HTTP/1.1 200) 4 headers in 157 bytes (1 switches on core 0)
Apr 25 16:18:56.290133 np0000170197 devstack@neutron-api.service[104520]: DEBUG neutron.pecan_wsgi.hooks.policy_enforcement [None req-47961041-aeba-427c-844a-ef7de8b473c1 service neutron] Attributes excluded by policy engine: ['standard_attr_id'] {{(pid=104520) _exclude_attributes_by_policy /opt/stack/neutron/neutron/pecan_wsgi/hooks/policy_enforcement.py:256}}
Apr 25 16:18:56.290835 np0000170197 devstack@neutron-api.service[104520]: [pid: 104520|app: 0|req: 28/106] 199.204.45.153 () {64 vars in 1369 bytes} [Sat Apr 25 16:18:56 2026] GET /networking/v2.0/ports?device_id=manila-admin-share&binding%3Ahost_id=np0000170197 => generated 931 bytes in 50 msecs (HTTP/1.1 200) 4 headers in 157 bytes (1 switches on core 0)
Apr 25 16:18:56.763386 np0000170197 devstack@neutron-api.service[104521]: DEBUG neutron.pecan_wsgi.hooks.policy_enforcement [None req-bd3192be-9faa-425c-b81b-e8a8e2237bf1 service neutron] Attributes excluded by policy engine: ['standard_attr_id', 'shared'] {{(pid=104521) _exclude_attributes_by_policy /opt/stack/neutron/neutron/pecan_wsgi/hooks/policy_enforcement.py:256}}
Apr 25 16:18:56.764410 np0000170197 devstack@neutron-api.service[104521]: [pid: 104521|app: 0|req: 27/107] 199.204.45.153 () {64 vars in 1367 bytes} [Sat Apr 25 16:18:56 2026] GET /networking/v2.0/subnets/150ce285-ae47-4318-9dba-d21624c84af6 => generated 625 bytes in 26 msecs (HTTP/1.1 200) 4 headers in 157 bytes (1 switches on core 0)
Apr 25 16:18:57.401166 np0000170197 devstack@neutron-api.service[104520]: DEBUG futurist.periodics [-] Submitting periodic callback 'neutron.plugins.ml2.drivers.ovn.mech_driver.ovsdb.maintenance.HashRingHealthCheckPeriodics.touch_hash_ring_node' {{(pid=104520) _process_scheduled /opt/stack/data/venv/lib/python3.12/site-packages/futurist/periodics.py:784}}
Apr 25 16:18:57.401734 np0000170197 devstack@neutron-api.service[104520]: DEBUG neutron.plugins.ml2.drivers.ovn.mech_driver.ovsdb.maintenance [-] Touching Hash Ring node "66ec9a41d9b5544484761e54f3f95728" from periodic health check thread {{(pid=104520) touch_hash_ring_node /opt/stack/neutron/neutron/plugins/ml2/drivers/ovn/mech_driver/ovsdb/maintenance.py:1449}}
Apr 25 16:18:58.291347 np0000170197 devstack@neutron-api.service[104521]: DEBUG futurist.periodics [-] Submitting periodic callback 'neutron.plugins.ml2.drivers.ovn.mech_driver.ovsdb.maintenance.HashRingHealthCheckPeriodics.touch_hash_ring_node' {{(pid=104521) _process_scheduled /opt/stack/data/venv/lib/python3.12/site-packages/futurist/periodics.py:784}}
Apr 25 16:18:58.292039 np0000170197 devstack@neutron-api.service[104521]: DEBUG neutron.plugins.ml2.drivers.ovn.mech_driver.ovsdb.maintenance [-] Touching Hash Ring node "dc30e54b5ee25cd88591f2444b551f2c" from periodic health check thread {{(pid=104521) touch_hash_ring_node /opt/stack/neutron/neutron/plugins/ml2/drivers/ovn/mech_driver/ovsdb/maintenance.py:1449}}
Apr 25 16:18:58.311427 np0000170197 devstack@neutron-api.service[104519]: DEBUG futurist.periodics [-] Submitting periodic callback 'neutron.plugins.ml2.drivers.ovn.mech_driver.ovsdb.maintenance.HashRingHealthCheckPeriodics.touch_hash_ring_node' {{(pid=104519) _process_scheduled /opt/stack/data/venv/lib/python3.12/site-packages/futurist/periodics.py:784}}
Apr 25 16:18:58.312043 np0000170197 devstack@neutron-api.service[104519]: DEBUG neutron.plugins.ml2.drivers.ovn.mech_driver.ovsdb.maintenance [-] Touching Hash Ring node "bab1f3cbffad5b43bd16dad105863d9d" from periodic health check thread {{(pid=104519) touch_hash_ring_node /opt/stack/neutron/neutron/plugins/ml2/drivers/ovn/mech_driver/ovsdb/maintenance.py:1449}}
Apr 25 16:18:58.324538 np0000170197 devstack@neutron-api.service[104518]: DEBUG futurist.periodics [-] Submitting periodic callback 'neutron.plugins.ml2.drivers.ovn.mech_driver.ovsdb.maintenance.HashRingHealthCheckPeriodics.touch_hash_ring_node' {{(pid=104518) _process_scheduled /opt/stack/data/venv/lib/python3.12/site-packages/futurist/periodics.py:784}}
Apr 25 16:18:58.325099 np0000170197 devstack@neutron-api.service[104518]: DEBUG neutron.plugins.ml2.drivers.ovn.mech_driver.ovsdb.maintenance [-] Touching Hash Ring node "1c5fc9532ac555fd9792466e1add46a6" from periodic health check thread {{(pid=104518) touch_hash_ring_node /opt/stack/neutron/neutron/plugins/ml2/drivers/ovn/mech_driver/ovsdb/maintenance.py:1449}}
Apr 25 16:19:07.413687 np0000170197 devstack@neutron-api.service[104520]: DEBUG dbcounter [-] [104520] Writing DB stats neutron:UPDATE=2,neutron:SELECT=27 {{(pid=104520) stat_writer /opt/stack/data/venv/lib/python3.12/site-packages/dbcounter.py:115}}
Apr 25 16:19:08.302439 np0000170197 devstack@neutron-api.service[104521]: DEBUG dbcounter [-] [104521] Writing DB stats neutron:UPDATE=7,neutron:SELECT=281,neutron:INSERT=12,neutron:DELETE=2 {{(pid=104521) stat_writer /opt/stack/data/venv/lib/python3.12/site-packages/dbcounter.py:115}}
Apr 25 16:19:08.322325 np0000170197 devstack@neutron-api.service[104519]: DEBUG dbcounter [-] [104519] Writing DB stats neutron:UPDATE=17,neutron:SELECT=202,neutron:INSERT=29,neutron:DELETE=2 {{(pid=104519) stat_writer /opt/stack/data/venv/lib/python3.12/site-packages/dbcounter.py:115}}
Apr 25 16:19:08.336465 np0000170197 devstack@neutron-api.service[104518]: DEBUG dbcounter [-] [104518] Writing DB stats neutron:UPDATE=15,neutron:SELECT=310,neutron:INSERT=11,neutron:DELETE=3 {{(pid=104518) stat_writer /opt/stack/data/venv/lib/python3.12/site-packages/dbcounter.py:115}}
Apr 25 16:19:09.589144 np0000170197 devstack@neutron-api.service[104518]: DEBUG neutron.pecan_wsgi.hooks.policy_enforcement [None req-6c431dde-8fb5-4c74-aa77-95768a0617c3 demo demo] Attributes excluded by policy engine: ['standard_attr_id', 'provider:network_type', 'provider:physical_network', 'provider:segmentation_id'] {{(pid=104518) _exclude_attributes_by_policy /opt/stack/neutron/neutron/pecan_wsgi/hooks/policy_enforcement.py:256}}
Apr 25 16:19:09.589921 np0000170197 devstack@neutron-api.service[104518]: [pid: 104518|app: 0|req: 27/108] 199.204.45.153 () {64 vars in 1304 bytes} [Sat Apr 25 16:19:09 2026] GET /networking/v2.0/networks?router%3Aexternal=True => generated 659 bytes in 52 msecs (HTTP/1.1 200) 4 headers in 157 bytes (1 switches on core 0)
Apr 25 16:19:12.402741 np0000170197 devstack@neutron-api.service[104520]: DEBUG futurist.periodics [-] Submitting periodic callback 'neutron.plugins.ml2.drivers.ovn.mech_driver.ovsdb.maintenance.HashRingHealthCheckPeriodics.touch_hash_ring_node' {{(pid=104520) _process_scheduled /opt/stack/data/venv/lib/python3.12/site-packages/futurist/periodics.py:784}}
Apr 25 16:19:12.403252 np0000170197 devstack@neutron-api.service[104520]: DEBUG neutron.plugins.ml2.drivers.ovn.mech_driver.ovsdb.maintenance [-] Touching Hash Ring node "66ec9a41d9b5544484761e54f3f95728" from periodic health check thread {{(pid=104520) touch_hash_ring_node /opt/stack/neutron/neutron/plugins/ml2/drivers/ovn/mech_driver/ovsdb/maintenance.py:1449}}
Apr 25 16:19:13.292246 np0000170197 devstack@neutron-api.service[104521]: DEBUG futurist.periodics [-] Submitting periodic callback 'neutron.plugins.ml2.drivers.ovn.mech_driver.ovsdb.maintenance.HashRingHealthCheckPeriodics.touch_hash_ring_node' {{(pid=104521) _process_scheduled /opt/stack/data/venv/lib/python3.12/site-packages/futurist/periodics.py:784}}
Apr 25 16:19:13.292864 np0000170197 devstack@neutron-api.service[104521]: DEBUG neutron.plugins.ml2.drivers.ovn.mech_driver.ovsdb.maintenance [-] Touching Hash Ring node "dc30e54b5ee25cd88591f2444b551f2c" from periodic health check thread {{(pid=104521) touch_hash_ring_node /opt/stack/neutron/neutron/plugins/ml2/drivers/ovn/mech_driver/ovsdb/maintenance.py:1449}}
Apr 25 16:19:13.312668 np0000170197 devstack@neutron-api.service[104519]: DEBUG futurist.periodics [-] Submitting periodic callback 'neutron.plugins.ml2.drivers.ovn.mech_driver.ovsdb.maintenance.HashRingHealthCheckPeriodics.touch_hash_ring_node' {{(pid=104519) _process_scheduled /opt/stack/data/venv/lib/python3.12/site-packages/futurist/periodics.py:784}}
Apr 25 16:19:13.313059 np0000170197 devstack@neutron-api.service[104519]: DEBUG neutron.plugins.ml2.drivers.ovn.mech_driver.ovsdb.maintenance [-] Touching Hash Ring node "bab1f3cbffad5b43bd16dad105863d9d" from periodic health check thread {{(pid=104519) touch_hash_ring_node /opt/stack/neutron/neutron/plugins/ml2/drivers/ovn/mech_driver/ovsdb/maintenance.py:1449}}
Apr 25 16:19:13.325284 np0000170197 devstack@neutron-api.service[104518]: DEBUG futurist.periodics [-] Submitting periodic callback 'neutron.plugins.ml2.drivers.ovn.mech_driver.ovsdb.maintenance.HashRingHealthCheckPeriodics.touch_hash_ring_node' {{(pid=104518) _process_scheduled /opt/stack/data/venv/lib/python3.12/site-packages/futurist/periodics.py:784}}
Apr 25 16:19:13.325909 np0000170197 devstack@neutron-api.service[104518]: DEBUG neutron.plugins.ml2.drivers.ovn.mech_driver.ovsdb.maintenance [-] Touching Hash Ring node "1c5fc9532ac555fd9792466e1add46a6" from periodic health check thread {{(pid=104518) touch_hash_ring_node /opt/stack/neutron/neutron/plugins/ml2/drivers/ovn/mech_driver/ovsdb/maintenance.py:1449}}
Apr 25 16:19:14.306555 np0000170197 devstack@neutron-api.service[104519]: DEBUG neutron.pecan_wsgi.hooks.policy_enforcement [None req-88066310-3c86-4089-a5fd-ba12720bf3f2 demo demo] Attributes excluded by policy engine: ['standard_attr_id', 'provider:network_type', 'provider:physical_network', 'provider:segmentation_id'] {{(pid=104519) _exclude_attributes_by_policy /opt/stack/neutron/neutron/pecan_wsgi/hooks/policy_enforcement.py:256}}
Apr 25 16:19:14.307530 np0000170197 devstack@neutron-api.service[104519]: [pid: 104519|app: 0|req: 27/109] 199.204.45.153 () {64 vars in 1304 bytes} [Sat Apr 25 16:19:14 2026] GET /networking/v2.0/networks?router%3Aexternal=True => generated 659 bytes in 48 msecs (HTTP/1.1 200) 4 headers in 157 bytes (1 switches on core 0)
Apr 25 16:19:21.583392 np0000170197 devstack@neutron-api.service[104520]: DEBUG neutron.pecan_wsgi.hooks.policy_enforcement [None req-c19179db-cff3-4814-85c1-92ebb3606a6a demo demo] Attributes excluded by policy engine: ['standard_attr_id', 'provider:network_type', 'provider:physical_network', 'provider:segmentation_id'] {{(pid=104520) _exclude_attributes_by_policy /opt/stack/neutron/neutron/pecan_wsgi/hooks/policy_enforcement.py:256}}
Apr 25 16:19:21.584131 np0000170197 devstack@neutron-api.service[104520]: [pid: 104520|app: 0|req: 29/110] 199.204.45.153 () {64 vars in 1328 bytes} [Sat Apr 25 16:19:21 2026] GET /networking/v2.0/networks?name=public&router%3Aexternal=True => generated 659 bytes in 54 msecs (HTTP/1.1 200) 4 headers in 157 bytes (1 switches on core 0)
Apr 25 16:19:22.194146 np0000170197 devstack@neutron-api.service[104521]: [pid: 104521|app: 0|req: 28/111] 199.204.45.153 () {64 vars in 1267 bytes} [Sat Apr 25 16:19:22 2026] GET /networking/ => generated 130 bytes in 2 msecs (HTTP/1.1 200) 3 headers in 91 bytes (1 switches on core 0)
Apr 25 16:19:22.351050 np0000170197 devstack@neutron-api.service[104518]: DEBUG neutron.pecan_wsgi.hooks.policy_enforcement [None req-ff1d3b05-1b04-45d3-b603-1f375cde9619 demo demo] Attributes excluded by policy engine: ['standard_attr_id', 'provider:network_type', 'provider:physical_network', 'provider:segmentation_id'] {{(pid=104518) _exclude_attributes_by_policy /opt/stack/neutron/neutron/pecan_wsgi/hooks/policy_enforcement.py:256}}
Apr 25 16:19:22.351050 np0000170197 devstack@neutron-api.service[104518]: [pid: 104518|app: 0|req: 28/112] 199.204.45.153 () {64 vars in 1416 bytes} [Sat Apr 25 16:19:22 2026] GET /networking/v2.0/networks/cc30daf8-1391-4d3a-b201-eab08419704b => generated 656 bytes in 148 msecs (HTTP/1.1 200) 4 headers in 157 bytes (1 switches on core 0)
Apr 25 16:19:22.385391 np0000170197 devstack@neutron-api.service[104519]: [pid: 104519|app: 0|req: 28/113] 199.204.45.153 () {64 vars in 1410 bytes} [Sat Apr 25 16:19:22 2026] GET /networking/v2.0/networks?name=k8s-clusterapi-cluster-magnum-system-kube-cgrza => generated 15 bytes in 22 msecs (HTTP/1.1 200) 4 headers in 156 bytes (1 switches on core 0)
Apr 25 16:19:22.400110 np0000170197 devstack@neutron-api.service[104520]: DEBUG neutron.api.v2.base [None req-392ca624-973b-4873-8033-bcb1042b9396 demo demo] Request body: {'network': {'admin_state_up': True, 'name': 'k8s-clusterapi-cluster-magnum-system-kube-cgrza'}} {{(pid=104520) prepare_request_body /opt/stack/neutron/neutron/api/v2/base.py:727}}
Apr 25 16:19:22.416790 np0000170197 devstack@neutron-api.service[104520]: DEBUG neutron.pecan_wsgi.hooks.quota_enforcement [None req-392ca624-973b-4873-8033-bcb1042b9396 demo demo] Made reservation on behalf of 84d7674b3fbc4e8893b40d3bf905e7f8 for: {'network': 1} {{(pid=104520) before /opt/stack/neutron/neutron/pecan_wsgi/hooks/quota_enforcement.py:66}}
Apr 25 16:19:22.421498 np0000170197 devstack@neutron-api.service[104520]: DEBUG neutron_lib.callbacks.manager [None req-392ca624-973b-4873-8033-bcb1042b9396 demo demo] Publish callbacks ['neutron.plugins.ml2.plugin.SecurityGroupDbMixin._ensure_default_security_group_handler-55543'] for network (None), before_create {{(pid=104520) _notify_loop /opt/stack/data/venv/lib/python3.12/site-packages/neutron_lib/callbacks/manager.py:184}}
Apr 25 16:19:22.425853 np0000170197 devstack@neutron-api.service[104520]: DEBUG neutron_lib.callbacks.manager [None req-392ca624-973b-4873-8033-bcb1042b9396 demo demo] Publish callbacks [] for security_group (None), before_create {{(pid=104520) _notify_loop /opt/stack/data/venv/lib/python3.12/site-packages/neutron_lib/callbacks/manager.py:184}}
Apr 25 16:19:22.496502 np0000170197 devstack@neutron-api.service[104520]: DEBUG neutron_lib.callbacks.manager [None req-392ca624-973b-4873-8033-bcb1042b9396 demo demo] Publish callbacks ['neutron.plugins.ml2.drivers.ovn.mech_driver.mech_driver.OVNMechanismDriver._create_security_group_precommit-389894'] for security_group (84c3d4d2-bdee-439d-8981-33b411f0f764), precommit_create {{(pid=104520) _notify_loop /opt/stack/data/venv/lib/python3.12/site-packages/neutron_lib/callbacks/manager.py:184}}
Apr 25 16:19:22.496655 np0000170197 devstack@neutron-api.service[104520]: DEBUG neutron.db.ovn_revision_numbers_db [None req-392ca624-973b-4873-8033-bcb1042b9396 demo demo] create_initial_revision uuid=84c3d4d2-bdee-439d-8981-33b411f0f764, type=security_groups, rev=-1 {{(pid=104520) create_initial_revision /opt/stack/neutron/neutron/db/ovn_revision_numbers_db.py:98}}
Apr 25 16:19:22.497738 np0000170197 devstack@neutron-api.service[104520]: DEBUG neutron.db.ovn_revision_numbers_db [None req-392ca624-973b-4873-8033-bcb1042b9396 demo demo] create_initial_revision uuid=43f7c23b-87bf-4879-b487-d91d7ddcbe7d, type=security_group_rules, rev=-1 {{(pid=104520) create_initial_revision /opt/stack/neutron/neutron/db/ovn_revision_numbers_db.py:98}}
Apr 25 16:19:22.499224 np0000170197 devstack@neutron-api.service[104520]: DEBUG neutron.db.ovn_revision_numbers_db [None req-392ca624-973b-4873-8033-bcb1042b9396 demo demo] create_initial_revision uuid=49a1df55-42ec-482f-84ed-d39c1f5b9d0d, type=security_group_rules, rev=-1 {{(pid=104520) create_initial_revision /opt/stack/neutron/neutron/db/ovn_revision_numbers_db.py:98}}
Apr 25 16:19:22.500115 np0000170197 devstack@neutron-api.service[104520]: DEBUG neutron.db.ovn_revision_numbers_db [None req-392ca624-973b-4873-8033-bcb1042b9396 demo demo] create_initial_revision uuid=a52eeb01-cd46-4128-af04-a61d1d48dff6, type=security_group_rules, rev=-1 {{(pid=104520) create_initial_revision /opt/stack/neutron/neutron/db/ovn_revision_numbers_db.py:98}}
Apr 25 16:19:22.501171 np0000170197 devstack@neutron-api.service[104520]: DEBUG neutron.db.ovn_revision_numbers_db [None req-392ca624-973b-4873-8033-bcb1042b9396 demo demo] create_initial_revision uuid=f49e6fe9-e25e-4de6-b4c2-859ec42ca4ca, type=security_group_rules, rev=-1 {{(pid=104520) create_initial_revision /opt/stack/neutron/neutron/db/ovn_revision_numbers_db.py:98}}
Apr 25 16:19:22.509112 np0000170197 devstack@neutron-api.service[104520]: DEBUG neutron_lib.callbacks.manager [None req-392ca624-973b-4873-8033-bcb1042b9396 demo demo] Publish callbacks ['neutron.plugins.ml2.drivers.ovn.mech_driver.mech_driver.OVNMechanismDriver._create_security_group-390136', 'neutron.plugins.ml2.ovo_rpc._ObjectChangeHandler.handle_event-7059956'] for security_group (84c3d4d2-bdee-439d-8981-33b411f0f764), after_create {{(pid=104520) _notify_loop /opt/stack/data/venv/lib/python3.12/site-packages/neutron_lib/callbacks/manager.py:184}}
Apr 25 16:19:22.510091 np0000170197 devstack@neutron-api.service[104520]: DEBUG ovsdbapp.backend.ovs_idl.transaction [None req-19b3f02f-4cf9-4e86-a356-9fc30aa6759a None None] Running txn n=1 command(idx=0): PgAddCommand(_result=None, name=pg_84c3d4d2_bdee_439d_8981_33b411f0f764, may_exist=False, columns={'acls': [], 'external_ids': {'neutron:security_group_id': '84c3d4d2-bdee-439d-8981-33b411f0f764'}}) {{(pid=104520) do_commit /opt/stack/data/venv/lib/python3.12/site-packages/ovsdbapp/backend/ovs_idl/transaction.py:89}}
Apr 25 16:19:22.510649 np0000170197 devstack@neutron-api.service[104520]: DEBUG ovsdbapp.backend.ovs_idl.transaction [None req-19b3f02f-4cf9-4e86-a356-9fc30aa6759a None None] Running txn n=1 command(idx=1): PgAclAddCommand(_result=None, entity=pg_84c3d4d2_bdee_439d_8981_33b411f0f764, direction=to-lport, priority=1002, match=outport == @pg_84c3d4d2_bdee_439d_8981_33b411f0f764 && ip6 && ip6.src == $pg_84c3d4d2_bdee_439d_8981_33b411f0f764_ip6, action=allow-related, log=False, may_exist=True, severity=[], name=[], meter=[], external_ids={'neutron:security_group_rule_id': '43f7c23b-87bf-4879-b487-d91d7ddcbe7d'}) {{(pid=104520) do_commit /opt/stack/data/venv/lib/python3.12/site-packages/ovsdbapp/backend/ovs_idl/transaction.py:89}}
Apr 25 16:19:22.511315 np0000170197 devstack@neutron-api.service[104520]: DEBUG ovsdbapp.backend.ovs_idl.transaction [None req-19b3f02f-4cf9-4e86-a356-9fc30aa6759a None None] Running txn n=1 command(idx=2): PgAclAddCommand(_result=None, entity=pg_84c3d4d2_bdee_439d_8981_33b411f0f764, direction=to-lport, priority=1002, match=outport == @pg_84c3d4d2_bdee_439d_8981_33b411f0f764 && ip4 && ip4.src == $pg_84c3d4d2_bdee_439d_8981_33b411f0f764_ip4, action=allow-related, log=False, may_exist=True, severity=[], name=[], meter=[], external_ids={'neutron:security_group_rule_id': '49a1df55-42ec-482f-84ed-d39c1f5b9d0d'}) {{(pid=104520) do_commit /opt/stack/data/venv/lib/python3.12/site-packages/ovsdbapp/backend/ovs_idl/transaction.py:89}}
Apr 25 16:19:22.512078 np0000170197 devstack@neutron-api.service[104520]: DEBUG ovsdbapp.backend.ovs_idl.transaction [None req-19b3f02f-4cf9-4e86-a356-9fc30aa6759a None None] Running txn n=1 command(idx=3): PgAclAddCommand(_result=None, entity=pg_84c3d4d2_bdee_439d_8981_33b411f0f764, direction=from-lport, priority=1002, match=inport == @pg_84c3d4d2_bdee_439d_8981_33b411f0f764 && ip4, action=allow-related, log=False, may_exist=True, severity=[], name=[], meter=[], external_ids={'neutron:security_group_rule_id': 'a52eeb01-cd46-4128-af04-a61d1d48dff6'}) {{(pid=104520) do_commit /opt/stack/data/venv/lib/python3.12/site-packages/ovsdbapp/backend/ovs_idl/transaction.py:89}}
Apr 25 16:19:22.512511 np0000170197 devstack@neutron-api.service[104520]: DEBUG ovsdbapp.backend.ovs_idl.transaction [None req-19b3f02f-4cf9-4e86-a356-9fc30aa6759a None None] Running txn n=1 command(idx=4): PgAclAddCommand(_result=None, entity=pg_84c3d4d2_bdee_439d_8981_33b411f0f764, direction=from-lport, priority=1002, match=inport == @pg_84c3d4d2_bdee_439d_8981_33b411f0f764 && ip6, action=allow-related, log=False, may_exist=True, severity=[], name=[], meter=[], external_ids={'neutron:security_group_rule_id': 'f49e6fe9-e25e-4de6-b4c2-859ec42ca4ca'}) {{(pid=104520) do_commit /opt/stack/data/venv/lib/python3.12/site-packages/ovsdbapp/backend/ovs_idl/transaction.py:89}}
Apr 25 16:19:22.520607 np0000170197 devstack@neutron-api.service[104520]: DEBUG neutron.plugins.ml2.drivers.ovn.mech_driver.ovsdb.ovsdb_monitor [None req-19b3f02f-4cf9-4e86-a356-9fc30aa6759a None None] Touching Hash Ring node "66ec9a41d9b5544484761e54f3f95728" from IDL notify handler {{(pid=104520) notify /opt/stack/neutron/neutron/plugins/ml2/drivers/ovn/mech_driver/ovsdb/ovsdb_monitor.py:906}}
Apr 25 16:19:22.525911 np0000170197 devstack@neutron-api.service[104521]: DEBUG neutron.plugins.ml2.drivers.ovn.mech_driver.ovsdb.ovsdb_monitor [None req-d76246a3-648a-4b43-94f0-a7c1d2dcd5e3 None None] Touching Hash Ring node "dc30e54b5ee25cd88591f2444b551f2c" from IDL notify handler {{(pid=104521) notify /opt/stack/neutron/neutron/plugins/ml2/drivers/ovn/mech_driver/ovsdb/ovsdb_monitor.py:906}}
Apr 25 16:19:22.527455 np0000170197 devstack@neutron-api.service[104520]: DEBUG neutron.plugins.ml2.drivers.ovn.mech_driver.ovsdb.ovsdb_monitor [None req-19b3f02f-4cf9-4e86-a356-9fc30aa6759a None None] Hash Ring: Node 66ec9a41d9b5544484761e54f3f95728 (host: np0000170197) handling event "create" for row e4d3e036-1b67-4394-89ca-76d5fe73c7f4 (table: ACL) {{(pid=104520) notify /opt/stack/neutron/neutron/plugins/ml2/drivers/ovn/mech_driver/ovsdb/ovsdb_monitor.py:914}}
Apr 25 16:19:22.535618 np0000170197 devstack@neutron-api.service[104521]: DEBUG neutron.plugins.ml2.drivers.ovn.mech_driver.ovsdb.ovsdb_monitor [None req-d76246a3-648a-4b43-94f0-a7c1d2dcd5e3 None None] Hash Ring: Node dc30e54b5ee25cd88591f2444b551f2c (host: np0000170197) handling event "create" for row 0c60552b-8fdb-427f-ba98-0c61e28ffff6 (table: ACL) {{(pid=104521) notify /opt/stack/neutron/neutron/plugins/ml2/drivers/ovn/mech_driver/ovsdb/ovsdb_monitor.py:914}}
Apr 25 16:19:22.536686 np0000170197 devstack@neutron-api.service[104521]: DEBUG neutron.plugins.ml2.drivers.ovn.mech_driver.ovsdb.ovsdb_monitor [None req-d76246a3-648a-4b43-94f0-a7c1d2dcd5e3 None None] Touching Hash Ring node "dc30e54b5ee25cd88591f2444b551f2c" from IDL notify handler {{(pid=104521) notify /opt/stack/neutron/neutron/plugins/ml2/drivers/ovn/mech_driver/ovsdb/ovsdb_monitor.py:906}}
Apr 25 16:19:22.540224 np0000170197 devstack@neutron-api.service[104521]: DEBUG neutron.plugins.ml2.drivers.ovn.mech_driver.ovsdb.ovsdb_monitor [None req-d76246a3-648a-4b43-94f0-a7c1d2dcd5e3 None None] Hash Ring: Node dc30e54b5ee25cd88591f2444b551f2c (host: np0000170197) handling event "create" for row 88120fa1-34dd-4261-9a42-7dc395db8861 (table: ACL) {{(pid=104521) notify /opt/stack/neutron/neutron/plugins/ml2/drivers/ovn/mech_driver/ovsdb/ovsdb_monitor.py:914}}
Apr 25 16:19:22.541527 np0000170197 devstack@neutron-api.service[104521]: DEBUG neutron.plugins.ml2.drivers.ovn.mech_driver.ovsdb.ovsdb_monitor [None req-d76246a3-648a-4b43-94f0-a7c1d2dcd5e3 None None] Touching Hash Ring node "dc30e54b5ee25cd88591f2444b551f2c" from IDL notify handler {{(pid=104521) notify /opt/stack/neutron/neutron/plugins/ml2/drivers/ovn/mech_driver/ovsdb/ovsdb_monitor.py:906}}
Apr 25 16:19:22.543482 np0000170197 devstack@neutron-api.service[104521]: DEBUG neutron.plugins.ml2.drivers.ovn.mech_driver.ovsdb.ovsdb_monitor [None req-d76246a3-648a-4b43-94f0-a7c1d2dcd5e3 None None] Hash Ring: Node dc30e54b5ee25cd88591f2444b551f2c (host: np0000170197) handling event "create" for row d3867769-4a71-4420-93cd-0e1031e3983e (table: ACL) {{(pid=104521) notify /opt/stack/neutron/neutron/plugins/ml2/drivers/ovn/mech_driver/ovsdb/ovsdb_monitor.py:914}}
Apr 25 16:19:22.544453 np0000170197 devstack@neutron-api.service[104521]: DEBUG neutron.plugins.ml2.drivers.ovn.mech_driver.ovsdb.ovsdb_monitor [None req-d76246a3-648a-4b43-94f0-a7c1d2dcd5e3 None None] Touching Hash Ring node "dc30e54b5ee25cd88591f2444b551f2c" from IDL notify handler {{(pid=104521) notify /opt/stack/neutron/neutron/plugins/ml2/drivers/ovn/mech_driver/ovsdb/ovsdb_monitor.py:906}}
Apr 25 16:19:22.546933 np0000170197 devstack@neutron-api.service[104521]: DEBUG neutron.plugins.ml2.drivers.ovn.mech_driver.ovsdb.ovsdb_monitor [None req-d76246a3-648a-4b43-94f0-a7c1d2dcd5e3 None None] Hash Ring: Node dc30e54b5ee25cd88591f2444b551f2c (host: np0000170197) handling event "create" for row 8106e922-da61-4d9c-86b3-56dcd9fcaf67 (table: Port_Group) {{(pid=104521) notify /opt/stack/neutron/neutron/plugins/ml2/drivers/ovn/mech_driver/ovsdb/ovsdb_monitor.py:914}}
Apr 25 16:19:22.547188 np0000170197 devstack@neutron-api.service[104520]: INFO neutron.db.ovn_revision_numbers_db [None req-392ca624-973b-4873-8033-bcb1042b9396 demo demo] Successfully bumped revision number for resource 84c3d4d2-bdee-439d-8981-33b411f0f764 (type: security_groups) to 1
Apr 25 16:19:22.559838 np0000170197 devstack@neutron-api.service[104520]: INFO neutron.db.ovn_revision_numbers_db [None req-392ca624-973b-4873-8033-bcb1042b9396 demo demo] Successfully bumped revision number for resource 43f7c23b-87bf-4879-b487-d91d7ddcbe7d (type: security_group_rules) to 0
Apr 25 16:19:22.573178 np0000170197 devstack@neutron-api.service[104520]: INFO neutron.db.ovn_revision_numbers_db [None req-392ca624-973b-4873-8033-bcb1042b9396 demo demo] Successfully bumped revision number for resource 49a1df55-42ec-482f-84ed-d39c1f5b9d0d (type: security_group_rules) to 0
Apr 25 16:19:22.587769 np0000170197 devstack@neutron-api.service[104520]: INFO neutron.db.ovn_revision_numbers_db [None req-392ca624-973b-4873-8033-bcb1042b9396 demo demo] Successfully bumped revision number for resource a52eeb01-cd46-4128-af04-a61d1d48dff6 (type: security_group_rules) to 0
Apr 25 16:19:22.603248 np0000170197 devstack@neutron-api.service[104520]: INFO neutron.db.ovn_revision_numbers_db [None req-392ca624-973b-4873-8033-bcb1042b9396 demo demo] Successfully bumped revision number for resource f49e6fe9-e25e-4de6-b4c2-859ec42ca4ca (type: security_group_rules) to 0
Apr 25 16:19:22.639363 np0000170197 devstack@neutron-api.service[104520]: DEBUG neutron.api.rpc.handlers.resources_rpc [None req-392ca624-973b-4873-8033-bcb1042b9396 demo demo] Pushing event updated for resources: {'SecurityGroup': ['ID=84c3d4d2-bdee-439d-8981-33b411f0f764,revision_number=1']} {{(pid=104520) push /opt/stack/neutron/neutron/api/rpc/handlers/resources_rpc.py:237}}
Apr 25 16:19:22.644337 np0000170197 devstack@neutron-api.service[104520]: DEBUG neutron.api.rpc.callbacks.version_manager [None req-392ca624-973b-4873-8033-bcb1042b9396 demo demo] Tracked resource versions report:
Apr 25 16:19:22.644337 np0000170197 devstack@neutron-api.service[104520]: pushed versions:
Apr 25 16:19:22.644337 np0000170197 devstack@neutron-api.service[104520]: { 'AddressGroup': {'1.2'},
Apr 25 16:19:22.644337 np0000170197 devstack@neutron-api.service[104520]: 'Agent': {'1.1'},
