+ COMMAND=start + start + for KEYSTONE_WSGI_SCRIPT in keystone-wsgi-public ++ type -p keystone-wsgi-public + cp -a /var/lib/openstack/bin/keystone-wsgi-public /var/www/cgi-bin/keystone/ + '[' -f /etc/apache2/envvars ']' + source /etc/apache2/envvars ++ unset HOME ++ '[' '' '!=' '' ']' ++ SUFFIX= ++ export APACHE_RUN_USER=www-data ++ APACHE_RUN_USER=www-data ++ export APACHE_RUN_GROUP=www-data ++ APACHE_RUN_GROUP=www-data ++ export APACHE_PID_FILE=/var/run/apache2/apache2.pid ++ APACHE_PID_FILE=/var/run/apache2/apache2.pid ++ export APACHE_RUN_DIR=/var/run/apache2 ++ APACHE_RUN_DIR=/var/run/apache2 ++ export APACHE_LOCK_DIR=/var/lock/apache2 ++ APACHE_LOCK_DIR=/var/lock/apache2 ++ export APACHE_LOG_DIR=/var/log/apache2 ++ APACHE_LOG_DIR=/var/log/apache2 ++ export LANG=C ++ LANG=C ++ export LANG + '[' -f /var/run/apache2/apache2.pid ']' + exec apache2 -DFOREGROUND AH00558: apache2: Could not reliably determine the server's fully qualified domain name, using 10.0.0.32. Set the 'ServerName' directive globally to suppress this message AH00558: apache2: Could not reliably determine the server's fully qualified domain name, using 10.0.0.32. Set the 'ServerName' directive globally to suppress this message
[Tue Jul 21 06:49:05.264739 2026] [mpm_event:notice] [pid 1:tid 140205713975168] AH00489: Apache/2.4.58 (Ubuntu) mod_wsgi/5.0.0 Python/3.12 configured -- resuming normal operations
[Tue Jul 21 06:49:05.264912 2026] [core:notice] [pid 1:tid 140205713975168] AH00094: Command line: 'apache2 -D FOREGROUND'
[Tue Jul 21 06:50:04.199162 2026] [wsgi:error] [pid 10:tid 140205076154048] /var/lib/openstack/lib/python3.12/site-packages/oslo_utils/importutils.py:77: EventletDeprecationWarning:
[Tue Jul 21 06:50:04.199202 2026] [wsgi:error] [pid 10:tid 140205076154048] Eventlet is deprecated. It is currently being maintained in bugfix mode, and
[Tue Jul 21 06:50:04.199203 2026] [wsgi:error] [pid 10:tid 140205076154048] we strongly recommend against using it for new projects.
[Tue Jul 21 06:50:04.199205 2026] [wsgi:error] [pid 10:tid 140205076154048]
[Tue Jul 21 06:50:04.199206 2026] [wsgi:error] [pid 10:tid 140205076154048] If you are already using Eventlet, we recommend migrating to a different
[Tue Jul 21 06:50:04.199207 2026] [wsgi:error] [pid 10:tid 140205076154048] framework. For more detail see
[Tue Jul 21 06:50:04.199208 2026] [wsgi:error] [pid 10:tid 140205076154048] https://eventlet.readthedocs.io/en/latest/asyncio/migration.html
[Tue Jul 21 06:50:04.199209 2026] [wsgi:error] [pid 10:tid 140205076154048]
[Tue Jul 21 06:50:04.199210 2026] [wsgi:error] [pid 10:tid 140205076154048] __import__(import_str)
[Tue Jul 21 06:50:04.202422 2026] [wsgi:error] [pid 12:tid 140205076154048] /var/lib/openstack/lib/python3.12/site-packages/oslo_utils/importutils.py:77: EventletDeprecationWarning:
[Tue Jul 21 06:50:04.202464 2026] [wsgi:error] [pid 12:tid 140205076154048] Eventlet is deprecated. It is currently being maintained in bugfix mode, and
[Tue Jul 21 06:50:04.202466 2026] [wsgi:error] [pid 12:tid 140205076154048] we strongly recommend against using it for new projects.
[Tue Jul 21 06:50:04.202468 2026] [wsgi:error] [pid 12:tid 140205076154048]
[Tue Jul 21 06:50:04.202469 2026] [wsgi:error] [pid 12:tid 140205076154048] If you are already using Eventlet, we recommend migrating to a different
[Tue Jul 21 06:50:04.202471 2026] [wsgi:error] [pid 12:tid 140205076154048] framework. For more detail see
[Tue Jul 21 06:50:04.202473 2026] [wsgi:error] [pid 12:tid 140205076154048] https://eventlet.readthedocs.io/en/latest/asyncio/migration.html
[Tue Jul 21 06:50:04.202474 2026] [wsgi:error] [pid 12:tid 140205076154048]
[Tue Jul 21 06:50:04.202476 2026] [wsgi:error] [pid 12:tid 140205076154048] __import__(import_str) 10.0.0.172 - - [21/Jul/2026:06:50:03 +0000] "GET /v3/ HTTP/1.1" 200 249 10.0.0.172 - - [21/Jul/2026:06:50:03 +0000] "GET /v3/ HTTP/1.1" 200 249
[Tue Jul 21 06:50:09.956328 2026] [wsgi:error] [pid 9:tid 140205076154048] /var/lib/openstack/lib/python3.12/site-packages/oslo_utils/importutils.py:77: EventletDeprecationWarning:
[Tue Jul 21 06:50:09.956376 2026] [wsgi:error] [pid 9:tid 140205076154048] Eventlet is deprecated. It is currently being maintained in bugfix mode, and
[Tue Jul 21 06:50:09.956378 2026] [wsgi:error] [pid 9:tid 140205076154048] we strongly recommend against using it for new projects.
[Tue Jul 21 06:50:09.956379 2026] [wsgi:error] [pid 9:tid 140205076154048]
[Tue Jul 21 06:50:09.956380 2026] [wsgi:error] [pid 9:tid 140205076154048] If you are already using Eventlet, we recommend migrating to a different
[Tue Jul 21 06:50:09.956382 2026] [wsgi:error] [pid 9:tid 140205076154048] framework. For more detail see
[Tue Jul 21 06:50:09.956383 2026] [wsgi:error] [pid 9:tid 140205076154048] https://eventlet.readthedocs.io/en/latest/asyncio/migration.html
[Tue Jul 21 06:50:09.956384 2026] [wsgi:error] [pid 9:tid 140205076154048]
[Tue Jul 21 06:50:09.956385 2026] [wsgi:error] [pid 9:tid 140205076154048] __import__(import_str) 10.0.0.172 - - [21/Jul/2026:06:50:09 +0000] "GET /v3/ HTTP/1.1" 200 249
[Tue Jul 21 06:50:18.485693 2026] [wsgi:error] [pid 11:tid 140205076154048] /var/lib/openstack/lib/python3.12/site-packages/oslo_utils/importutils.py:77: EventletDeprecationWarning:
[Tue Jul 21 06:50:18.485733 2026] [wsgi:error] [pid 11:tid 140205076154048] Eventlet is deprecated. It is currently being maintained in bugfix mode, and
[Tue Jul 21 06:50:18.485735 2026] [wsgi:error] [pid 11:tid 140205076154048] we strongly recommend against using it for new projects.
[Tue Jul 21 06:50:18.485736 2026] [wsgi:error] [pid 11:tid 140205076154048]
[Tue Jul 21 06:50:18.485738 2026] [wsgi:error] [pid 11:tid 140205076154048] If you are already using Eventlet, we recommend migrating to a different
[Tue Jul 21 06:50:18.485739 2026] [wsgi:error] [pid 11:tid 140205076154048] framework. For more detail see
[Tue Jul 21 06:50:18.485740 2026] [wsgi:error] [pid 11:tid 140205076154048] https://eventlet.readthedocs.io/en/latest/asyncio/migration.html
[Tue Jul 21 06:50:18.485741 2026] [wsgi:error] [pid 11:tid 140205076154048]
[Tue Jul 21 06:50:18.485742 2026] [wsgi:error] [pid 11:tid 140205076154048] __import__(import_str) 10.0.0.105 - - [21/Jul/2026:06:50:17 +0000] "GET / HTTP/1.1" 300 295
[Tue Jul 21 06:50:23.335072 2026] [wsgi:error] [pid 12:tid 140205076154048] [remote 10.0.0.105:36702] 2026-07-21 06:50:23.332 12 WARNING keystone.identity.core [None req-98df9a71-6398-4d04-aaab-1e31b516d032 - - - - - -] Invalid domain name (atmosphere) found in config file name: keystone.exception.DomainNotFound: Could not find domain: atmosphere.
[Tue Jul 21 06:50:23.388180 2026] [wsgi:error] [pid 12:tid 140205076154048] [remote 10.0.0.105:36702] 2026-07-21 06:50:23.387 12 WARNING keystone.common.password_hashing [None req-98df9a71-6398-4d04-aaab-1e31b516d032 - - - - - -] Truncating password to algorithm specific maximum length 72 characters.
[Tue Jul 21 06:50:23.673830 2026] [wsgi:error] [pid 12:tid 140205076154048] [remote 10.0.0.105:36702] 2026-07-21 06:50:23.673 12 WARNING keystone.common.fernet_utils [None req-98df9a71-6398-4d04-aaab-1e31b516d032 - - - - - -] key_repository is world readable: /etc/keystone/fernet-keys/ 10.0.0.105 - - [21/Jul/2026:06:50:23 +0000] "POST /v3/auth/tokens HTTP/1.1" 201 1359
[Tue Jul 21 06:50:24.089667 2026] [wsgi:error] [pid 10:tid 140205076154048] [remote 10.0.0.105:36702] 2026-07-21 06:50:24.086 10 WARNING keystone.identity.core [None req-63f1f190-c30e-4225-bc91-233d78098667 - - - - - -] Invalid domain name (atmosphere) found in config file name: keystone.exception.DomainNotFound: Could not find domain: atmosphere. 10.0.0.105 - - [21/Jul/2026:06:50:23 +0000] "POST /v3/domains HTTP/1.1" 201 261 10.0.0.199 - - [21/Jul/2026:06:50:35 +0000] "GET / HTTP/1.1" 300 295
[Tue Jul 21 06:50:36.214383 2026] [wsgi:error] [pid 11:tid 140205076154048] [remote 10.0.0.199:59514] 2026-07-21 06:50:36.213 11 WARNING keystone.common.password_hashing [None req-4d74ed47-2de7-4beb-a6c5-eb15b4b7dbd6 - - - - - -] Truncating password to algorithm specific maximum length 72 characters.
[Tue Jul 21 06:50:36.494900 2026] [wsgi:error] [pid 11:tid 140205076154048] [remote 10.0.0.199:59514] 2026-07-21 06:50:36.493 11 WARNING keystone.common.fernet_utils [None req-4d74ed47-2de7-4beb-a6c5-eb15b4b7dbd6 - - - - - -] key_repository is world readable: /etc/keystone/fernet-keys/ 10.0.0.199 - - [21/Jul/2026:06:50:35 +0000] "POST /v3/auth/tokens HTTP/1.1" 201 1359 10.0.0.199 - - [21/Jul/2026:06:50:36 +0000] "GET /v3/roles/admin HTTP/1.1" 404 83
[Tue Jul 21 06:50:36.784830 2026] [wsgi:error] [pid 10:tid 140205076154048] [remote 10.0.0.199:59514] 2026-07-21 06:50:36.784 10 WARNING keystone.common.rbac_enforcer.enforcer [None req-99bb32cf-012a-4a13-9fea-6104a5ebf09b c2f48118ce034154b27b04e43b4fcb71 4454aec8fbf04636b3640fdde3065e16 - - default default] Deprecated policy rules found. Use oslopolicy-policy-generator and oslopolicy-policy-upgrade to detect and resolve deprecated policies in your configuration. 10.0.0.199 - - [21/Jul/2026:06:50:36 +0000] "GET /v3/roles?name=admin HTTP/1.1" 200 389
[Tue Jul 21 06:50:37.331509 2026] [wsgi:error] [pid 9:tid 140205076154048] [remote 10.0.0.199:59514] 2026-07-21 06:50:37.331 9 WARNING keystone.common.rbac_enforcer.enforcer [None req-0ab35d8a-844b-42f9-8e19-b0bd13080195 c2f48118ce034154b27b04e43b4fcb71 4454aec8fbf04636b3640fdde3065e16 - - default default] Deprecated policy rules found. Use oslopolicy-policy-generator and oslopolicy-policy-upgrade to detect and resolve deprecated policies in your configuration. 10.0.0.199 - - [21/Jul/2026:06:50:36 +0000] "GET /v3/users/admin-RegionOne HTTP/1.1" 404 93
[Tue Jul 21 06:50:37.491305 2026] [wsgi:error] [pid 11:tid 140205076154048] [remote 10.0.0.199:59514] 2026-07-21 06:50:37.491 11 WARNING keystone.common.rbac_enforcer.enforcer [None req-2179d7f9-bb19-40e4-8934-1bde492a8895 c2f48118ce034154b27b04e43b4fcb71 4454aec8fbf04636b3640fdde3065e16 - - default default] Deprecated policy rules found. Use oslopolicy-policy-generator and oslopolicy-policy-upgrade to detect and resolve deprecated policies in your configuration. 10.0.0.199 - - [21/Jul/2026:06:50:37 +0000] "GET /v3/users?name=admin-RegionOne HTTP/1.1" 200 422
[Tue Jul 21 06:50:37.787468 2026] [wsgi:error] [pid 12:tid 140205076154048] [remote 10.0.0.199:59514] 2026-07-21 06:50:37.787 12 WARNING keystone.common.rbac_enforcer.enforcer [None req-42bc2b80-f843-4db6-b68e-d16e3191c78c c2f48118ce034154b27b04e43b4fcb71 4454aec8fbf04636b3640fdde3065e16 - - default default] Deprecated policy rules found. Use oslopolicy-policy-generator and oslopolicy-policy-upgrade to detect and resolve deprecated policies in your configuration. 10.0.0.199 - - [21/Jul/2026:06:50:37 +0000] "GET /v3/domains/default HTTP/1.1" 200 224 10.0.0.199 - - [21/Jul/2026:06:50:37 +0000] "PUT /v3/domains/default/users/c2f48118ce034154b27b04e43b4fcb71/roles/06dc1307972e4e529335b54a8bd703a1 HTTP/1.1" 204 - 10.0.0.172 - - [21/Jul/2026:06:50:47 +0000] "GET / HTTP/1.1" 300 280 10.0.0.172 - - [21/Jul/2026:06:50:49 +0000] "GET /v3 HTTP/1.1" 200 265
[Tue Jul 21 06:50:49.491822 2026] [wsgi:error] [pid 12:tid 140205076154048] [remote 10.0.0.172:57614] 2026-07-21 06:50:49.491 12 WARNING keystone.common.password_hashing [None req-caf27a77-8dd4-4fd4-8dd9-b03eb3696d8a - - - - - -] Truncating password to algorithm specific maximum length 72 characters.
[Tue Jul 21 06:50:49.784049 2026] [wsgi:error] [pid 12:tid 140205076154048] [remote 10.0.0.172:57614] 2026-07-21 06:50:49.783 12 WARNING keystone.common.fernet_utils [None req-caf27a77-8dd4-4fd4-8dd9-b03eb3696d8a - - - - - -] key_repository is world readable: /etc/keystone/fernet-keys/ 10.0.0.172 - - [21/Jul/2026:06:50:49 +0000] "POST /v3/auth/tokens HTTP/1.1" 201 1359 10.0.0.172 - - [21/Jul/2026:06:50:49 +0000] "GET / HTTP/1.1" 300 280 10.0.0.172 - - [21/Jul/2026:06:50:49 +0000] "GET /v3/domains/atmosphere HTTP/1.1" 404 90 10.0.0.172 - - [21/Jul/2026:06:50:50 +0000] "GET /v3/domains?name=atmosphere HTTP/1.1" 200 368 10.0.0.172 - - [21/Jul/2026:06:50:50 +0000] "GET /v3/domains/6b0de4d9f6e641a6a2007c63f67679f5 HTTP/1.1" 200 246 10.0.0.172 - - [21/Jul/2026:06:50:51 +0000] "GET /v3 HTTP/1.1" 200 265
[Tue Jul 21 06:50:51.046741 2026] [wsgi:error] [pid 9:tid 140205076154048] [remote 10.0.0.172:57614] 2026-07-21 06:50:51.046 9 WARNING keystone.common.password_hashing [None req-80844e33-ff03-40fd-9155-de54155b2c47 - - - - - -] Truncating password to algorithm specific maximum length 72 characters.
[Tue Jul 21 06:50:51.326626 2026] [wsgi:error] [pid 9:tid 140205076154048] [remote 10.0.0.172:57614] 2026-07-21 06:50:51.326 9 WARNING keystone.common.fernet_utils [None req-80844e33-ff03-40fd-9155-de54155b2c47 - - - - - -] key_repository is world readable: /etc/keystone/fernet-keys/ 10.0.0.172 - - [21/Jul/2026:06:50:51 +0000] "POST /v3/auth/tokens HTTP/1.1" 201 1359 10.0.0.172 - - [21/Jul/2026:06:50:51 +0000] "GET / HTTP/1.1" 300 280 10.0.0.172 - - [21/Jul/2026:06:50:51 +0000] "GET /v3/OS-FEDERATION/identity_providers/atmosphere HTTP/1.1" 404 101 10.0.0.172 - - [21/Jul/2026:06:50:51 +0000] "GET /v3/OS-FEDERATION/identity_providers HTTP/1.1" 200 155 10.0.0.172 - - [21/Jul/2026:06:50:51 +0000] "PUT /v3/OS-FEDERATION/identity_providers/atmosphere HTTP/1.1" 201 340 10.0.0.172 - - [21/Jul/2026:06:50:52 +0000] "GET /v3 HTTP/1.1" 200 265
[Tue Jul 21 06:50:52.263945 2026] [wsgi:error] [pid 12:tid 140205076154048] [remote 10.0.0.172:57614] 2026-07-21 06:50:52.263 12 WARNING keystone.common.password_hashing [None req-2142c9ff-3573-4585-96ea-685984c21d39 - - - - - -] Truncating password to algorithm specific maximum length 72 characters.
[Tue Jul 21 06:50:52.546935 2026] [wsgi:error] [pid 12:tid 140205076154048] [remote 10.0.0.172:57614] 2026-07-21 06:50:52.546 12 WARNING keystone.common.fernet_utils [None req-2142c9ff-3573-4585-96ea-685984c21d39 - - - - - -] key_repository is world readable: /etc/keystone/fernet-keys/ 10.0.0.172 - - [21/Jul/2026:06:50:52 +0000] "POST /v3/auth/tokens HTTP/1.1" 201 1359 10.0.0.172 - - [21/Jul/2026:06:50:52 +0000] "GET / HTTP/1.1" 300 280 10.0.0.172 - - [21/Jul/2026:06:50:52 +0000] "GET /v3/OS-FEDERATION/mappings/atmosphere-openid HTTP/1.1" 404 98 10.0.0.172 - - [21/Jul/2026:06:50:52 +0000] "GET /v3/OS-FEDERATION/mappings HTTP/1.1" 200 135 10.0.0.172 - - [21/Jul/2026:06:50:52 +0000] "PUT /v3/OS-FEDERATION/mappings/atmosphere-openid HTTP/1.1" 201 356 10.0.0.172 - - [21/Jul/2026:06:50:53 +0000] "GET /v3 HTTP/1.1" 200 265
[Tue Jul 21 06:50:53.592084 2026] [wsgi:error] [pid 9:tid 140205076154048] [remote 10.0.0.172:54608] 2026-07-21 06:50:53.591 9 WARNING keystone.common.password_hashing [None req-30748755-331d-4ae7-9752-a678c7aabae7 - - - - - -] Truncating password to algorithm specific maximum length 72 characters.
[Tue Jul 21 06:50:53.869636 2026] [wsgi:error] [pid 9:tid 140205076154048] [remote 10.0.0.172:54608] 2026-07-21 06:50:53.869 9 WARNING keystone.common.fernet_utils [None req-30748755-331d-4ae7-9752-a678c7aabae7 - - - - - -] key_repository is world readable: /etc/keystone/fernet-keys/ 10.0.0.172 - - [21/Jul/2026:06:50:53 +0000] "POST /v3/auth/tokens HTTP/1.1" 201 1359 10.0.0.172 - - [21/Jul/2026:06:50:53 +0000] "GET / HTTP/1.1" 300 280 10.0.0.172 - - [21/Jul/2026:06:50:53 +0000] "GET /v3/OS-FEDERATION/identity_providers/atmosphere/protocols/openid?idp_id=atmosphere HTTP/1.1" 404 131 10.0.0.172 - - [21/Jul/2026:06:50:53 +0000] "GET /v3/OS-FEDERATION/identity_providers/atmosphere/protocols HTTP/1.1" 200 167 10.0.0.172 - - [21/Jul/2026:06:50:53 +0000] "PUT /v3/OS-FEDERATION/identity_providers/atmosphere/protocols/openid HTTP/1.1" 201 222 10.0.0.172 - - [21/Jul/2026:06:51:03 +0000] "GET /v3/ HTTP/1.1" 200 249 10.0.0.172 - - [21/Jul/2026:06:51:03 +0000] "GET /v3/ HTTP/1.1" 200 249 10.0.0.172 - - [21/Jul/2026:06:52:03 +0000] "GET /v3/ HTTP/1.1" 200 249 10.0.0.172 - - [21/Jul/2026:06:52:03 +0000] "GET /v3/ HTTP/1.1" 200 249 10.0.0.110 - - [21/Jul/2026:06:52:18 +0000] "GET / HTTP/1.1" 300 295
[Tue Jul 21 06:52:18.915612 2026] [wsgi:error] [pid 12:tid 140205076154048] [remote 10.0.0.110:52516] 2026-07-21 06:52:18.915 12 WARNING keystone.common.password_hashing [None req-2ad39309-b8ce-4fa0-a672-9de055bba7ca - - - - - -] Truncating password to algorithm specific maximum length 72 characters.
[Tue Jul 21 06:52:19.202199 2026] [wsgi:error] [pid 12:tid 140205076154048] [remote 10.0.0.110:52516] 2026-07-21 06:52:19.202 12 WARNING keystone.common.fernet_utils [None req-2ad39309-b8ce-4fa0-a672-9de055bba7ca - - - - - -] key_repository is world readable: /etc/keystone/fernet-keys/ 10.0.0.110 - - [21/Jul/2026:06:52:18 +0000] "POST /v3/auth/tokens HTTP/1.1" 201 1359 10.0.0.110 - - [21/Jul/2026:06:52:19 +0000] "GET /v3/services HTTP/1.1" 200 355 10.0.0.110 - - [21/Jul/2026:06:52:23 +0000] "GET / HTTP/1.1" 300 295
[Tue Jul 21 06:52:23.133982 2026] [wsgi:error] [pid 11:tid 140205076154048] [remote 10.0.0.110:52132] 2026-07-21 06:52:23.133 11 WARNING keystone.common.password_hashing [None req-b41c86b6-4366-411d-99a7-16bbf016a89f - - - - - -] Truncating password to algorithm specific maximum length 72 characters.
[Tue Jul 21 06:52:23.460750 2026] [wsgi:error] [pid 11:tid 140205076154048] [remote 10.0.0.110:52132] 2026-07-21 06:52:23.460 11 WARNING keystone.common.fernet_utils [None req-b41c86b6-4366-411d-99a7-16bbf016a89f - - - - - -] key_repository is world readable: /etc/keystone/fernet-keys/ 10.0.0.110 - - [21/Jul/2026:06:52:23 +0000] "POST /v3/auth/tokens HTTP/1.1" 201 1359 10.0.0.110 - - [21/Jul/2026:06:52:23 +0000] "GET /v3/services HTTP/1.1" 200 355 10.0.0.110 - - [21/Jul/2026:06:52:27 +0000] "GET / HTTP/1.1" 300 295
[Tue Jul 21 06:52:27.282550 2026] [wsgi:error] [pid 9:tid 140205076154048] [remote 10.0.0.110:52140] 2026-07-21 06:52:27.282 9 WARNING keystone.common.password_hashing [None req-e41d9de3-b11d-4395-ae89-5e4a44f0b0eb - - - - - -] Truncating password to algorithm specific maximum length 72 characters.
[Tue Jul 21 06:52:27.553430 2026] [wsgi:error] [pid 9:tid 140205076154048] [remote 10.0.0.110:52140] 2026-07-21 06:52:27.553 9 WARNING keystone.common.fernet_utils [None req-e41d9de3-b11d-4395-ae89-5e4a44f0b0eb - - - - - -] key_repository is world readable: /etc/keystone/fernet-keys/ 10.0.0.110 - - [21/Jul/2026:06:52:27 +0000] "POST /v3/auth/tokens HTTP/1.1" 201 1359 10.0.0.110 - - [21/Jul/2026:06:52:27 +0000] "GET /v3/services HTTP/1.1" 200 355 10.0.0.110 - - [21/Jul/2026:06:52:31 +0000] "GET / HTTP/1.1" 300 295
[Tue Jul 21 06:52:31.340398 2026] [wsgi:error] [pid 10:tid 140205076154048] [remote 10.0.0.110:33108] 2026-07-21 06:52:31.339 10 WARNING keystone.common.password_hashing [None req-4592abae-828c-4922-9212-0508e69aa1ff - - - - - -] Truncating password to algorithm specific maximum length 72 characters.
[Tue Jul 21 06:52:31.610581 2026] [wsgi:error] [pid 10:tid 140205076154048] [remote 10.0.0.110:33108] 2026-07-21 06:52:31.610 10 WARNING keystone.common.fernet_utils [None req-4592abae-828c-4922-9212-0508e69aa1ff - - - - - -] key_repository is world readable: /etc/keystone/fernet-keys/ 10.0.0.110 - - [21/Jul/2026:06:52:31 +0000] "POST /v3/auth/tokens HTTP/1.1" 201 1359 10.0.0.110 - - [21/Jul/2026:06:52:31 +0000] "POST /v3/services HTTP/1.1" 201 296 10.0.0.49 - - [21/Jul/2026:06:52:43 +0000] "GET / HTTP/1.1" 300 295 10.0.0.49 - - [21/Jul/2026:06:52:43 +0000] "GET / HTTP/1.1" 300 295
[Tue Jul 21 06:52:43.248523 2026] [wsgi:error] [pid 12:tid 140205076154048] [remote 10.0.0.49:60472] 2026-07-21 06:52:43.248 12 WARNING keystone.common.password_hashing [None req-99447637-1739-4f28-acde-cf0161500963 - - - - - -] Truncating password to algorithm specific maximum length 72 characters.
[Tue Jul 21 06:52:43.257287 2026] [wsgi:error] [pid 9:tid 140205076154048] [remote 10.0.0.49:60484] 2026-07-21 06:52:43.256 9 WARNING keystone.common.password_hashing [None req-508b7c62-87df-4dee-9e23-0cb926f232ad - - - - - -] Truncating password to algorithm specific maximum length 72 characters. 10.0.0.49 - - [21/Jul/2026:06:52:43 +0000] "GET / HTTP/1.1" 300 295
[Tue Jul 21 06:52:43.443098 2026] [wsgi:error] [pid 10:tid 140205076154048] [remote 10.0.0.49:60492] 2026-07-21 06:52:43.442 10 WARNING keystone.common.password_hashing [None req-553fffb4-36a9-4022-8a27-d09acfbafe54 - - - - - -] Truncating password to algorithm specific maximum length 72 characters.
[Tue Jul 21 06:52:43.523406 2026] [wsgi:error] [pid 12:tid 140205076154048] [remote 10.0.0.49:60472] 2026-07-21 06:52:43.523 12 WARNING keystone.common.fernet_utils [None req-99447637-1739-4f28-acde-cf0161500963 - - - - - -] key_repository is world readable: /etc/keystone/fernet-keys/ 10.0.0.49 - - [21/Jul/2026:06:52:43 +0000] "POST /v3/auth/tokens HTTP/1.1" 201 1463
[Tue Jul 21 06:52:43.544156 2026] [wsgi:error] [pid 9:tid 140205076154048] [remote 10.0.0.49:60484] 2026-07-21 06:52:43.543 9 WARNING keystone.common.fernet_utils [None req-508b7c62-87df-4dee-9e23-0cb926f232ad - - - - - -] key_repository is world readable: /etc/keystone/fernet-keys/ 10.0.0.49 - - [21/Jul/2026:06:52:43 +0000] "POST /v3/auth/tokens HTTP/1.1" 201 1463 10.0.0.49 - - [21/Jul/2026:06:52:43 +0000] "GET /v3/services HTTP/1.1" 200 639 10.0.0.49 - - [21/Jul/2026:06:52:43 +0000] "GET /v3/services HTTP/1.1" 200 639
[Tue Jul 21 06:52:43.736087 2026] [wsgi:error] [pid 10:tid 140205076154048] [remote 10.0.0.49:60492] 2026-07-21 06:52:43.735 10 WARNING keystone.common.fernet_utils [None req-553fffb4-36a9-4022-8a27-d09acfbafe54 - - - - - -] key_repository is world readable: /etc/keystone/fernet-keys/ 10.0.0.49 - - [21/Jul/2026:06:52:43 +0000] "POST /v3/auth/tokens HTTP/1.1" 201 1463 10.0.0.49 - - [21/Jul/2026:06:52:43 +0000] "GET /v3/services HTTP/1.1" 200 639 10.0.0.49 - - [21/Jul/2026:06:52:45 +0000] "GET / HTTP/1.1" 300 295
[Tue Jul 21 06:52:45.468503 2026] [wsgi:error] [pid 12:tid 140205076154048] [remote 10.0.0.49:60506] 2026-07-21 06:52:45.468 12 WARNING keystone.common.password_hashing [None req-d3761e84-be1c-46e4-9848-4621b514d52c - - - - - -] Truncating password to algorithm specific maximum length 72 characters. 10.0.0.49 - - [21/Jul/2026:06:52:45 +0000] "GET / HTTP/1.1" 300 295
[Tue Jul 21 06:52:45.564040 2026] [wsgi:error] [pid 9:tid 140205076154048] [remote 10.0.0.49:60510] 2026-07-21 06:52:45.563 9 WARNING keystone.common.password_hashing [None req-3dedfb3e-d5a7-4ad1-8d8f-af941b6da622 - - - - - -] Truncating password to algorithm specific maximum length 72 characters. 10.0.0.49 - - [21/Jul/2026:06:52:45 +0000] "GET / HTTP/1.1" 300 295
[Tue Jul 21 06:52:45.640177 2026] [wsgi:error] [pid 10:tid 140205076154048] [remote 10.0.0.49:60522] 2026-07-21 06:52:45.639 10 WARNING keystone.common.password_hashing [None req-96c90689-fb36-4b65-bdb1-0a6ab6185c02 - - - - - -] Truncating password to algorithm specific maximum length 72 characters.
[Tue Jul 21 06:52:45.773215 2026] [wsgi:error] [pid 12:tid 140205076154048] [remote 10.0.0.49:60506] 2026-07-21 06:52:45.773 12 WARNING keystone.common.fernet_utils [None req-d3761e84-be1c-46e4-9848-4621b514d52c - - - - - -] key_repository is world readable: /etc/keystone/fernet-keys/ 10.0.0.49 - - [21/Jul/2026:06:52:45 +0000] "POST /v3/auth/tokens HTTP/1.1" 201 1463
[Tue Jul 21 06:52:45.854721 2026] [wsgi:error] [pid 9:tid 140205076154048] [remote 10.0.0.49:60510] 2026-07-21 06:52:45.854 9 WARNING keystone.common.fernet_utils [None req-3dedfb3e-d5a7-4ad1-8d8f-af941b6da622 - - - - - -] key_repository is world readable: /etc/keystone/fernet-keys/ 10.0.0.49 - - [21/Jul/2026:06:52:45 +0000] "POST /v3/auth/tokens HTTP/1.1" 201 1463 10.0.0.49 - - [21/Jul/2026:06:52:45 +0000] "GET /v3/endpoints HTTP/1.1" 200 1226
[Tue Jul 21 06:52:45.922629 2026] [wsgi:error] [pid 10:tid 140205076154048] [remote 10.0.0.49:60522] 2026-07-21 06:52:45.922 10 WARNING keystone.common.fernet_utils [None req-96c90689-fb36-4b65-bdb1-0a6ab6185c02 - - - - - -] key_repository is world readable: /etc/keystone/fernet-keys/ 10.0.0.49 - - [21/Jul/2026:06:52:45 +0000] "POST /v3/auth/tokens HTTP/1.1" 201 1463 10.0.0.49 - - [21/Jul/2026:06:52:45 +0000] "GET /v3/services/742c1489cee64e20a5751a14a556e986 HTTP/1.1" 200 233 10.0.0.49 - - [21/Jul/2026:06:52:45 +0000] "GET /v3/services/742c1489cee64e20a5751a14a556e986 HTTP/1.1" 200 233 10.0.0.49 - - [21/Jul/2026:06:52:45 +0000] "GET /v3/services/742c1489cee64e20a5751a14a556e986 HTTP/1.1" 200 233 10.0.0.49 - - [21/Jul/2026:06:52:45 +0000] "GET /v3/endpoints HTTP/1.1" 200 1226 10.0.0.49 - - [21/Jul/2026:06:52:45 +0000] "GET /v3/services/742c1489cee64e20a5751a14a556e986 HTTP/1.1" 200 233 10.0.0.49 - - [21/Jul/2026:06:52:46 +0000] "GET /v3/services/742c1489cee64e20a5751a14a556e986 HTTP/1.1" 200 233 10.0.0.49 - - [21/Jul/2026:06:52:46 +0000] "GET /v3/services/742c1489cee64e20a5751a14a556e986 HTTP/1.1" 200 233 10.0.0.49 - - [21/Jul/2026:06:52:46 +0000] "GET /v3/endpoints HTTP/1.1" 200 1226 10.0.0.49 - - [21/Jul/2026:06:52:46 +0000] "GET /v3/services/742c1489cee64e20a5751a14a556e986 HTTP/1.1" 200 233 10.0.0.49 - - [21/Jul/2026:06:52:46 +0000] "GET /v3/services/742c1489cee64e20a5751a14a556e986 HTTP/1.1" 200 233 10.0.0.49 - - [21/Jul/2026:06:52:46 +0000] "GET /v3/services/742c1489cee64e20a5751a14a556e986 HTTP/1.1" 200 233 10.0.0.49 - - [21/Jul/2026:06:52:47 +0000] "GET / HTTP/1.1" 300 295
[Tue Jul 21 06:52:47.838256 2026] [wsgi:error] [pid 12:tid 140205076154048] [remote 10.0.0.49:60524] 2026-07-21 06:52:47.838 12 WARNING keystone.common.password_hashing [None req-e175c4c8-48fc-4429-b922-7ba8b7385b0e - - - - - -] Truncating password to algorithm specific maximum length 72 characters. 10.0.0.49 - - [21/Jul/2026:06:52:47 +0000] "GET / HTTP/1.1" 300 295
[Tue Jul 21 06:52:47.882181 2026] [wsgi:error] [pid 10:tid 140205076154048] [remote 10.0.0.49:60526] 2026-07-21 06:52:47.881 10 WARNING keystone.common.password_hashing [None req-92427ce2-9318-474c-b802-62d1d6711c68 - - - - - -] Truncating password to algorithm specific maximum length 72 characters. 10.0.0.49 - - [21/Jul/2026:06:52:47 +0000] "GET / HTTP/1.1" 300 295
[Tue Jul 21 06:52:47.936526 2026] [wsgi:error] [pid 9:tid 140205076154048] [remote 10.0.0.49:60542] 2026-07-21 06:52:47.936 9 WARNING keystone.common.password_hashing [None req-e6d25864-d561-44ea-b036-4bf809a4e651 - - - - - -] Truncating password to algorithm specific maximum length 72 characters.
[Tue Jul 21 06:52:48.132068 2026] [wsgi:error] [pid 12:tid 140205076154048] [remote 10.0.0.49:60524] 2026-07-21 06:52:48.131 12 WARNING keystone.common.fernet_utils [None req-e175c4c8-48fc-4429-b922-7ba8b7385b0e - - - - - -] key_repository is world readable: /etc/keystone/fernet-keys/ 10.0.0.49 - - [21/Jul/2026:06:52:47 +0000] "POST /v3/auth/tokens HTTP/1.1" 201 1463
[Tue Jul 21 06:52:48.182097 2026] [wsgi:error] [pid 10:tid 140205076154048] [remote 10.0.0.49:60526] 2026-07-21 06:52:48.181 10 WARNING keystone.common.fernet_utils [None req-92427ce2-9318-474c-b802-62d1d6711c68 - - - - - -] key_repository is world readable: /etc/keystone/fernet-keys/ 10.0.0.49 - - [21/Jul/2026:06:52:47 +0000] "POST /v3/auth/tokens HTTP/1.1" 201 1463
[Tue Jul 21 06:52:48.226110 2026] [wsgi:error] [pid 9:tid 140205076154048] [remote 10.0.0.49:60542] 2026-07-21 06:52:48.225 9 WARNING keystone.common.fernet_utils [None req-e6d25864-d561-44ea-b036-4bf809a4e651 - - - - - -] key_repository is world readable: /etc/keystone/fernet-keys/ 10.0.0.49 - - [21/Jul/2026:06:52:47 +0000] "POST /v3/auth/tokens HTTP/1.1" 201 1463 10.0.0.49 - - [21/Jul/2026:06:52:48 +0000] "GET /v3/services/3a1375af04c54e308d0a31036e32eb51 HTTP/1.1" 200 296 10.0.0.49 - - [21/Jul/2026:06:52:48 +0000] "GET /v3/regions/RegionOne HTTP/1.1" 200 173 10.0.0.49 - - [21/Jul/2026:06:52:48 +0000] "GET /v3/services/3a1375af04c54e308d0a31036e32eb51 HTTP/1.1" 200 296 10.0.0.49 - - [21/Jul/2026:06:52:48 +0000] "POST /v3/endpoints HTTP/1.1" 201 380 10.0.0.49 - - [21/Jul/2026:06:52:48 +0000] "GET /v3/regions/RegionOne HTTP/1.1" 200 173 10.0.0.49 - - [21/Jul/2026:06:52:48 +0000] "GET /v3/services/3a1375af04c54e308d0a31036e32eb51 HTTP/1.1" 200 296 10.0.0.49 - - [21/Jul/2026:06:52:48 +0000] "POST /v3/endpoints HTTP/1.1" 201 383 10.0.0.49 - - [21/Jul/2026:06:52:48 +0000] "GET /v3/regions/RegionOne HTTP/1.1" 200 173 10.0.0.49 - - [21/Jul/2026:06:52:48 +0000] "POST /v3/endpoints HTTP/1.1" 201 369 10.0.0.49 - - [21/Jul/2026:06:52:49 +0000] "GET / HTTP/1.1" 300 295
[Tue Jul 21 06:52:49.995171 2026] [wsgi:error] [pid 9:tid 140205076154048] [remote 10.0.0.49:60612] 2026-07-21 06:52:49.994 9 WARNING keystone.common.password_hashing [None req-36a26045-6cbf-43cf-b77a-ef3225a4bf55 - - - - - -] Truncating password to algorithm specific maximum length 72 characters. 10.0.0.49 - - [21/Jul/2026:06:52:50 +0000] "GET / HTTP/1.1" 300 295
[Tue Jul 21 06:52:50.082965 2026] [wsgi:error] [pid 11:tid 140205076154048] [remote 10.0.0.49:60622] 2026-07-21 06:52:50.082 11 WARNING keystone.common.password_hashing [None req-558f8ae0-81ee-49c5-9d21-3a939bb32c42 - - - - - -] Truncating password to algorithm specific maximum length 72 characters.
[Tue Jul 21 06:52:50.280275 2026] [wsgi:error] [pid 9:tid 140205076154048] [remote 10.0.0.49:60612] 2026-07-21 06:52:50.280 9 WARNING keystone.common.fernet_utils [None req-36a26045-6cbf-43cf-b77a-ef3225a4bf55 - - - - - -] key_repository is world readable: /etc/keystone/fernet-keys/ 10.0.0.49 - - [21/Jul/2026:06:52:49 +0000] "POST /v3/auth/tokens HTTP/1.1" 201 1990 10.0.0.49 - - [21/Jul/2026:06:52:50 +0000] "GET / HTTP/1.1" 300 295
[Tue Jul 21 06:52:50.370418 2026] [wsgi:error] [pid 11:tid 140205076154048] [remote 10.0.0.49:60622] 2026-07-21 06:52:50.370 11 WARNING keystone.common.fernet_utils [None req-558f8ae0-81ee-49c5-9d21-3a939bb32c42 - - - - - -] key_repository is world readable: /etc/keystone/fernet-keys/
[Tue Jul 21 06:52:50.372149 2026] [wsgi:error] [pid 10:tid 140205076154048] [remote 10.0.0.49:60638] 2026-07-21 06:52:50.371 10 WARNING keystone.common.password_hashing [None req-3350fc4a-16ff-4fe2-b129-6fb4eccb6d57 - - - - - -] Truncating password to algorithm specific maximum length 72 characters. 10.0.0.49 - - [21/Jul/2026:06:52:50 +0000] "POST /v3/auth/tokens HTTP/1.1" 201 1990 10.0.0.49 - - [21/Jul/2026:06:52:50 +0000] "GET /v3/endpoints/c6d0c9d58bee494692e17231175c1645 HTTP/1.1" 200 380 10.0.0.49 - - [21/Jul/2026:06:52:50 +0000] "GET /v3/services/3a1375af04c54e308d0a31036e32eb51 HTTP/1.1" 200 296 10.0.0.49 - - [21/Jul/2026:06:52:50 +0000] "GET /v3/endpoints/d8ab0822fc144bf8b13188d96165c85f HTTP/1.1" 200 383 10.0.0.49 - - [21/Jul/2026:06:52:50 +0000] "GET /v3/services/3a1375af04c54e308d0a31036e32eb51 HTTP/1.1" 200 296
[Tue Jul 21 06:52:50.648011 2026] [wsgi:error] [pid 10:tid 140205076154048] [remote 10.0.0.49:60638] 2026-07-21 06:52:50.647 10 WARNING keystone.common.fernet_utils [None req-3350fc4a-16ff-4fe2-b129-6fb4eccb6d57 - - - - - -] key_repository is world readable: /etc/keystone/fernet-keys/ 10.0.0.49 - - [21/Jul/2026:06:52:50 +0000] "POST /v3/auth/tokens HTTP/1.1" 201 1990 10.0.0.49 - - [21/Jul/2026:06:52:50 +0000] "GET /v3/endpoints/9e8b052a4e0a4d6c869fc9a149886c05 HTTP/1.1" 200 369 10.0.0.49 - - [21/Jul/2026:06:52:50 +0000] "GET /v3/services/3a1375af04c54e308d0a31036e32eb51 HTTP/1.1" 200 296 10.0.0.172 - - [21/Jul/2026:06:53:03 +0000] "GET /v3/ HTTP/1.1" 200 249 10.0.0.172 - - [21/Jul/2026:06:53:03 +0000] "GET /v3/ HTTP/1.1" 200 249 10.0.0.150 - - [21/Jul/2026:06:53:03 +0000] "GET / HTTP/1.1" 300 295
[Tue Jul 21 06:53:03.371282 2026] [wsgi:error] [pid 11:tid 140205076154048] [remote 10.0.0.150:53940] 2026-07-21 06:53:03.371 11 WARNING keystone.common.password_hashing [None req-879c9d89-6cb3-46ab-9b3b-12078c79501d - - - - - -] Truncating password to algorithm specific maximum length 72 characters.
[Tue Jul 21 06:53:03.651555 2026] [wsgi:error] [pid 11:tid 140205076154048] [remote 10.0.0.150:53940] 2026-07-21 06:53:03.651 11 WARNING keystone.common.fernet_utils [None req-879c9d89-6cb3-46ab-9b3b-12078c79501d - - - - - -] key_repository is world readable: /etc/keystone/fernet-keys/ 10.0.0.150 - - [21/Jul/2026:06:53:03 +0000] "POST /v3/auth/tokens HTTP/1.1" 201 1990 10.0.0.150 - - [21/Jul/2026:06:53:03 +0000] "POST /v3/domains HTTP/1.1" 201 284 10.0.0.150 - - [21/Jul/2026:06:53:05 +0000] "GET / HTTP/1.1" 300 295
[Tue Jul 21 06:53:05.518276 2026] [wsgi:error] [pid 12:tid 140205076154048] [remote 10.0.0.150:53950] 2026-07-21 06:53:05.518 12 WARNING keystone.common.password_hashing [None req-6ef55b8d-e1bf-43ac-b349-9f70a47fe63b - - - - - -] Truncating password to algorithm specific maximum length 72 characters.
[Tue Jul 21 06:53:05.812783 2026] [wsgi:error] [pid 12:tid 140205076154048] [remote 10.0.0.150:53950] 2026-07-21 06:53:05.812 12 WARNING keystone.common.fernet_utils [None req-6ef55b8d-e1bf-43ac-b349-9f70a47fe63b - - - - - -] key_repository is world readable: /etc/keystone/fernet-keys/ 10.0.0.150 - - [21/Jul/2026:06:53:05 +0000] "POST /v3/auth/tokens HTTP/1.1" 201 1990
[Tue Jul 21 06:53:06.008873 2026] [wsgi:error] [pid 11:tid 140205076154048] [remote 10.0.0.150:53950] 2026-07-21 06:53:05.991 11 ERROR keystone.server.flask.application [None req-8960f82a-b02a-4fde-8697-120b6550e2a1 c2f48118ce034154b27b04e43b4fcb71 4454aec8fbf04636b3640fdde3065e16 - - default default] Conflict occurred attempting to store project - it is not permitted to have two projects acting as domains with the same name: service.: keystone.exception.Conflict: Conflict occurred attempting to store project - it is not permitted to have two projects acting as domains with the same name: service.
[Tue Jul 21 06:53:06.008900 2026] [wsgi:error] [pid 11:tid 140205076154048] [remote 10.0.0.150:53950] 2026-07-21 06:53:05.991 11 ERROR keystone.server.flask.application
Traceback (most recent call last):
[Tue Jul 21 06:53:06.008903 2026] [wsgi:error] [pid 11:tid 140205076154048] [remote 10.0.0.150:53950] 2026-07-21 06:53:05.991 11 ERROR keystone.server.flask.application
File "/var/lib/openstack/lib/python3.12/site-packages/sqlalchemy/engine/base.py", line 1969, in _exec_single_context
[Tue Jul 21 06:53:06.008904 2026] [wsgi:error] [pid 11:tid 140205076154048] [remote 10.0.0.150:53950] 2026-07-21 06:53:05.991 11 ERROR keystone.server.flask.application self.dialect.do_execute(
[Tue Jul 21 06:53:06.008906 2026] [wsgi:error] [pid 11:tid 140205076154048] [remote 10.0.0.150:53950] 2026-07-21 06:53:05.991 11 ERROR keystone.server.flask.application
File "/var/lib/openstack/lib/python3.12/site-packages/sqlalchemy/engine/default.py", line 952, in do_execute
[Tue Jul 21 06:53:06.008908 2026] [wsgi:error] [pid 11:tid 140205076154048] [remote 10.0.0.150:53950] 2026-07-21 06:53:05.991 11 ERROR keystone.server.flask.application cursor.execute(statement, parameters)
[Tue Jul 21 06:53:06.008909 2026] [wsgi:error] [pid 11:tid 140205076154048] [remote 10.0.0.150:53950] 2026-07-21 06:53:05.991 11 ERROR keystone.server.flask.application
File "/var/lib/openstack/lib/python3.12/site-packages/pymysql/cursors.py", line 159, in execute
[Tue Jul 21 06:53:06.008910 2026] [wsgi:error] [pid 11:tid 140205076154048] [remote 10.0.0.150:53950] 2026-07-21 06:53:05.991 11 ERROR keystone.server.flask.application result = self._query(query)
[Tue Jul 21 06:53:06.008912 2026] [wsgi:error] [pid 11:tid 140205076154048] [remote 10.0.0.150:53950] 2026-07-21 06:53:05.991 11 ERROR keystone.server.flask.application ^^^^^^^^^^^^^^^^^^
[Tue Jul 21 06:53:06.008913 2026] [wsgi:error] [pid 11:tid 140205076154048] [remote 10.0.0.150:53950] 2026-07-21 06:53:05.991 11 ERROR keystone.server.flask.application
File "/var/lib/openstack/lib/python3.12/site-packages/pymysql/cursors.py", line 330, in _query
[Tue Jul 21 06:53:06.008915 2026] [wsgi:error] [pid 11:tid 140205076154048] [remote 10.0.0.150:53950] 2026-07-21 06:53:05.991 11 ERROR keystone.server.flask.application conn.query(q)
[Tue Jul 21 06:53:06.008916 2026] [wsgi:error] [pid 11:tid 140205076154048] [remote 10.0.0.150:53950] 2026-07-21 06:53:05.991 11 ERROR keystone.server.flask.application
File "/var/lib/openstack/lib/python3.12/site-packages/pymysql/connections.py", line 582, in query
[Tue Jul 21 06:53:06.008918 2026] [wsgi:error] [pid 11:tid 140205076154048] [remote 10.0.0.150:53950] 2026-07-21 06:53:05.991 11 ERROR keystone.server.flask.application self._affected_rows = self._read_query_result(unbuffered=unbuffered)
[Tue Jul 21 06:53:06.008919 2026] [wsgi:error] [pid 11:tid 140205076154048] [remote 10.0.0.150:53950] 2026-07-21 06:53:05.991 11 ERROR keystone.server.flask.application ^^^^^^^^^^^^^^^^^^^^^^^^^^^^^^^^^^^^^^^^^^^^^^
[Tue Jul 21 06:53:06.008921 2026] [wsgi:error] [pid 11:tid 140205076154048] [remote 10.0.0.150:53950] 2026-07-21 06:53:05.991 11 ERROR keystone.server.flask.application
File "/var/lib/openstack/lib/python3.12/site-packages/pymysql/connections.py", line 847, in _read_query_result
[Tue Jul 21 06:53:06.008922 2026] [wsgi:error] [pid 11:tid 140205076154048] [remote 10.0.0.150:53950] 2026-07-21 06:53:05.991 11 ERROR keystone.server.flask.application result.read()
[Tue Jul 21 06:53:06.008925 2026] [wsgi:error] [pid 11:tid 140205076154048] [remote 10.0.0.150:53950] 2026-07-21 06:53:05.991 11 ERROR keystone.server.flask.application
File "/var/lib/openstack/lib/python3.12/site-packages/pymysql/connections.py", line 1245, in read
[Tue Jul 21 06:53:06.008926 2026] [wsgi:error] [pid 11:tid 140205076154048] [remote 10.0.0.150:53950] 2026-07-21 06:53:05.991 11 ERROR keystone.server.flask.application first_packet = self.connection._read_packet()
[Tue Jul 21 06:53:06.008928 2026] [wsgi:error] [pid 11:tid 140205076154048] [remote 10.0.0.150:53950] 2026-07-21 06:53:05.991 11 ERROR keystone.server.flask.application ^^^^^^^^^^^^^^^^^^^^^^^^^^^^^^
[Tue Jul 21 06:53:06.008929 2026] [wsgi:error] [pid 11:tid 140205076154048] [remote 10.0.0.150:53950] 2026-07-21 06:53:05.991 11 ERROR keystone.server.flask.application
File "/var/lib/openstack/lib/python3.12/site-packages/pymysql/connections.py", line 803, in _read_packet
[Tue Jul 21 06:53:06.008931 2026] [wsgi:error] [pid 11:tid 140205076154048] [remote 10.0.0.150:53950] 2026-07-21 06:53:05.991 11 ERROR keystone.server.flask.application packet.raise_for_error()
[Tue Jul 21 06:53:06.008932 2026] [wsgi:error] [pid 11:tid 140205076154048] [remote 10.0.0.150:53950] 2026-07-21 06:53:05.991 11 ERROR keystone.server.flask.application
File "/var/lib/openstack/lib/python3.12/site-packages/pymysql/protocol.py", line 219, in raise_for_error
[Tue Jul 21 06:53:06.008933 2026] [wsgi:error] [pid 11:tid 140205076154048] [remote 10.0.0.150:53950] 2026-07-21 06:53:05.991 11 ERROR keystone.server.flask.application err.raise_mysql_exception(self._data)
[Tue Jul 21 06:53:06.008935 2026] [wsgi:error] [pid 11:tid 140205076154048] [remote 10.0.0.150:53950] 2026-07-21 06:53:05.991 11 ERROR keystone.server.flask.application
File "/var/lib/openstack/lib/python3.12/site-packages/pymysql/err.py", line 154, in raise_mysql_exception
[Tue Jul 21 06:53:06.008936 2026] [wsgi:error] [pid 11:tid 140205076154048] [remote 10.0.0.150:53950] 2026-07-21 06:53:05.991 11 ERROR keystone.server.flask.application raise errorclass(errno, errval, sqlstate=sqlstate)
[Tue Jul 21 06:53:06.008938 2026] [wsgi:error] [pid 11:tid 140205076154048] [remote 10.0.0.150:53950] 2026-07-21 06:53:05.991 11 ERROR keystone.server.flask.application pymysql.err.IntegrityError: (1062, "Duplicate entry '<>-service' for key 'project.ixu_project_name_domain_id'")
[Tue Jul 21 06:53:06.008939 2026] [wsgi:error] [pid 11:tid 140205076154048] [remote 10.0.0.150:53950] 2026-07-21 06:53:05.991 11 ERROR keystone.server.flask.application
[Tue Jul 21 06:53:06.008941 2026] [wsgi:error] [pid 11:tid 140205076154048] [remote 10.0.0.150:53950] 2026-07-21 06:53:05.991 11 ERROR keystone.server.flask.application The above exception was the direct cause of the following exception:
[Tue Jul 21 06:53:06.008942 2026] [wsgi:error] [pid 11:tid 140205076154048] [remote 10.0.0.150:53950] 2026-07-21 06:53:05.991 11 ERROR keystone.server.flask.application
[Tue Jul 21 06:53:06.008943 2026] [wsgi:error] [pid 11:tid 140205076154048] [remote 10.0.0.150:53950] 2026-07-21 06:53:05.991 11 ERROR keystone.server.flask.application
Traceback (most recent call last):
[Tue Jul 21 06:53:06.008945 2026] [wsgi:error] [pid 11:tid 140205076154048] [remote 10.0.0.150:53950] 2026-07-21 06:53:05.991 11 ERROR keystone.server.flask.application
File "/var/lib/openstack/lib/python3.12/site-packages/keystone/common/sql/core.py", line 575, in wrapper
[Tue Jul 21 06:53:06.008946 2026] [wsgi:error] [pid 11:tid 140205076154048] [remote 10.0.0.150:53950] 2026-07-21 06:53:05.991 11 ERROR keystone.server.flask.application return method(*args, **kwargs)
[Tue Jul 21 06:53:06.008947 2026] [wsgi:error] [pid 11:tid 140205076154048] [remote 10.0.0.150:53950] 2026-07-21 06:53:05.991 11 ERROR keystone.server.flask.application ^^^^^^^^^^^^^^^^^^^^^^^
[Tue Jul 21 06:53:06.008949 2026] [wsgi:error] [pid 11:tid 140205076154048] [remote 10.0.0.150:53950] 2026-07-21 06:53:05.991 11 ERROR keystone.server.flask.application
File "/var/lib/openstack/lib/python3.12/site-packages/keystone/resource/backends/sql.py", line 278, in create_project
[Tue Jul 21 06:53:06.008951 2026] [wsgi:error] [pid 11:tid 140205076154048] [remote 10.0.0.150:53950] 2026-07-21 06:53:05.991 11 ERROR keystone.server.flask.application with sql.session_for_write() as session:
[Tue Jul 21 06:53:06.008952 2026] [wsgi:error] [pid 11:tid 140205076154048] [remote 10.0.0.150:53950] 2026-07-21 06:53:05.991 11 ERROR keystone.server.flask.application
File "/usr/lib/python3.12/contextlib.py", line 144, in __exit__
[Tue Jul 21 06:53:06.008954 2026] [wsgi:error] [pid 11:tid 140205076154048] [remote 10.0.0.150:53950] 2026-07-21 06:53:05.991 11 ERROR keystone.server.flask.application next(self.gen)
[Tue Jul 21 06:53:06.008955 2026] [wsgi:error] [pid 11:tid 140205076154048] [remote 10.0.0.150:53950] 2026-07-21 06:53:05.991 11 ERROR keystone.server.flask.application
File "/var/lib/openstack/lib/python3.12/site-packages/oslo_db/sqlalchemy/enginefacade.py", line 1175, in _transaction_scope
[Tue Jul 21 06:53:06.008956 2026] [wsgi:error] [pid 11:tid 140205076154048] [remote 10.0.0.150:53950] 2026-07-21 06:53:05.991 11 ERROR keystone.server.flask.application with current._produce_block(
[Tue Jul 21 06:53:06.008958 2026] [wsgi:error] [pid 11:tid 140205076154048] [remote 10.0.0.150:53950] 2026-07-21 06:53:05.991 11 ERROR keystone.server.flask.application
File "/usr/lib/python3.12/contextlib.py", line 144, in __exit__
[Tue Jul 21 06:53:06.008959 2026] [wsgi:error] [pid 11:tid 140205076154048] [remote 10.0.0.150:53950] 2026-07-21 06:53:05.991 11 ERROR keystone.server.flask.application next(self.gen)
[Tue Jul 21 06:53:06.008960 2026] [wsgi:error] [pid 11:tid 140205076154048] [remote 10.0.0.150:53950] 2026-07-21 06:53:05.991 11 ERROR keystone.server.flask.application
File "/var/lib/openstack/lib/python3.12/site-packages/oslo_db/sqlalchemy/enginefacade.py", line 837, in _session
[Tue Jul 21 06:53:06.008962 2026] [wsgi:error] [pid 11:tid 140205076154048] [remote 10.0.0.150:53950] 2026-07-21 06:53:05.991 11 ERROR keystone.server.flask.application with excutils.save_and_reraise_exception():
[Tue Jul 21 06:53:06.008963 2026] [wsgi:error] [pid 11:tid 140205076154048] [remote 10.0.0.150:53950] 2026-07-21 06:53:05.991 11 ERROR keystone.server.flask.application
File "/var/lib/openstack/lib/python3.12/site-packages/oslo_utils/excutils.py", line 266, in __exit__
[Tue Jul 21 06:53:06.008965 2026] [wsgi:error] [pid 11:tid 140205076154048] [remote 10.0.0.150:53950] 2026-07-21 06:53:05.991 11 ERROR keystone.server.flask.application self.force_reraise()
[Tue Jul 21 06:53:06.008966 2026] [wsgi:error] [pid 11:tid 140205076154048] [remote 10.0.0.150:53950] 2026-07-21 06:53:05.991 11 ERROR keystone.server.flask.application
File "/var/lib/openstack/lib/python3.12/site-packages/oslo_utils/excutils.py", line 232, in force_reraise
[Tue Jul 21 06:53:06.008967 2026] [wsgi:error] [pid 11:tid 140205076154048] [remote 10.0.0.150:53950] 2026-07-21 06:53:05.991 11 ERROR keystone.server.flask.application raise self.value
[Tue Jul 21 06:53:06.008969 2026] [wsgi:error] [pid 11:tid 140205076154048] [remote 10.0.0.150:53950] 2026-07-21 06:53:05.991 11 ERROR keystone.server.flask.application
File "/var/lib/openstack/lib/python3.12/site-packages/oslo_db/sqlalchemy/enginefacade.py", line 835, in _session
[Tue Jul 21 06:53:06.008970 2026] [wsgi:error] [pid 11:tid 140205076154048] [remote 10.0.0.150:53950] 2026-07-21 06:53:05.991 11 ERROR keystone.server.flask.application self._end_session_transaction(self.session)
[Tue Jul 21 06:53:06.008971 2026] [wsgi:error] [pid 11:tid 140205076154048] [remote 10.0.0.150:53950] 2026-07-21 06:53:05.991 11 ERROR keystone.server.flask.application
File "/var/lib/openstack/lib/python3.12/site-packages/oslo_db/sqlalchemy/enginefacade.py", line 748, in _end_session_transaction
[Tue Jul 21 06:53:06.008974 2026] [wsgi:error] [pid 11:tid 140205076154048] [remote 10.0.0.150:53950] 2026-07-21 06:53:05.991 11 ERROR keystone.server.flask.application session.commit()
[Tue Jul 21 06:53:06.008976 2026] [wsgi:error] [pid 11:tid 140205076154048] [remote 10.0.0.150:53950] 2026-07-21 06:53:05.991 11 ERROR keystone.server.flask.application
File "/var/lib/openstack/lib/python3.12/site-packages/sqlalchemy/orm/session.py", line 2034, in commit
[Tue Jul 21 06:53:06.008977 2026] [wsgi:error] [pid 11:tid 140205076154048] [remote 10.0.0.150:53950] 2026-07-21 06:53:05.991 11 ERROR keystone.server.flask.application trans.commit(_to_root=True)
[Tue Jul 21 06:53:06.008978 2026] [wsgi:error] [pid 11:tid 140205076154048] [remote 10.0.0.150:53950] 2026-07-21 06:53:05.991 11 ERROR keystone.server.flask.application File "", line 2, in commit
[Tue Jul 21 06:53:06.008980 2026] [wsgi:error] [pid 11:tid 140205076154048] [remote 10.0.0.150:53950] 2026-07-21 06:53:05.991 11 ERROR keystone.server.flask.application
File "/var/lib/openstack/lib/python3.12/site-packages/sqlalchemy/orm/state_changes.py", line 137, in _go
[Tue Jul 21 06:53:06.008981 2026] [wsgi:error] [pid 11:tid 140205076154048] [remote 10.0.0.150:53950] 2026-07-21 06:53:05.991 11 ERROR keystone.server.flask.application ret_value = fn(self, *arg, **kw)
[Tue Jul 21 06:53:06.008983 2026] [wsgi:error] [pid 11:tid 140205076154048] [remote 10.0.0.150:53950] 2026-07-21 06:53:05.991 11 ERROR keystone.server.flask.application ^^^^^^^^^^^^^^^^^^^^
[Tue Jul 21 06:53:06.008984 2026] [wsgi:error] [pid 11:tid 140205076154048] [remote 10.0.0.150:53950] 2026-07-21 06:53:05.991 11 ERROR keystone.server.flask.application
File "/var/lib/openstack/lib/python3.12/site-packages/sqlalchemy/orm/session.py", line 1315, in commit
[Tue Jul 21 06:53:06.008985 2026] [wsgi:error] [pid 11:tid 140205076154048] [remote 10.0.0.150:53950] 2026-07-21 06:53:05.991 11 ERROR keystone.server.flask.application self._prepare_impl()
[Tue Jul 21 06:53:06.008987 2026] [wsgi:error] [pid 11:tid 140205076154048] [remote 10.0.0.150:53950] 2026-07-21 06:53:05.991 11 ERROR keystone.server.flask.application File "", line 2, in _prepare_impl
[Tue Jul 21 06:53:06.008988 2026] [wsgi:error] [pid 11:tid 140205076154048] [remote 10.0.0.150:53950] 2026-07-21 06:53:05.991 11 ERROR keystone.server.flask.application
File "/var/lib/openstack/lib/python3.12/site-packages/sqlalchemy/orm/state_changes.py", line 137, in _go
[Tue Jul 21 06:53:06.008989 2026] [wsgi:error] [pid 11:tid 140205076154048] [remote 10.0.0.150:53950] 2026-07-21 06:53:05.991 11 ERROR keystone.server.flask.application ret_value = fn(self, *arg, **kw)
[Tue Jul 21 06:53:06.008991 2026] [wsgi:error] [pid 11:tid 140205076154048] [remote 10.0.0.150:53950] 2026-07-21 06:53:05.991 11 ERROR keystone.server.flask.application ^^^^^^^^^^^^^^^^^^^^
[Tue Jul 21 06:53:06.008992 2026] [wsgi:error] [pid 11:tid 140205076154048] [remote 10.0.0.150:53950] 2026-07-21 06:53:05.991 11 ERROR keystone.server.flask.application
File "/var/lib/openstack/lib/python3.12/site-packages/sqlalchemy/orm/session.py", line 1290, in _prepare_impl
[Tue Jul 21 06:53:06.008994 2026] [wsgi:error] [pid 11:tid 140205076154048] [remote 10.0.0.150:53950] 2026-07-21 06:53:05.991 11 ERROR keystone.server.flask.application self.session.flush()
[Tue Jul 21 06:53:06.008995 2026] [wsgi:error] [pid 11:tid 140205076154048] [remote 10.0.0.150:53950] 2026-07-21 06:53:05.991 11 ERROR keystone.server.flask.application
File "/var/lib/openstack/lib/python3.12/site-packages/sqlalchemy/orm/session.py", line 4352, in flush
[Tue Jul 21 06:53:06.008996 2026] [wsgi:error] [pid 11:tid 140205076154048] [remote 10.0.0.150:53950] 2026-07-21 06:53:05.991 11 ERROR keystone.server.flask.application self._flush(objects)
[Tue Jul 21 06:53:06.008999 2026] [wsgi:error] [pid 11:tid 140205076154048] [remote 10.0.0.150:53950] 2026-07-21 06:53:05.991 11 ERROR keystone.server.flask.application
File "/var/lib/openstack/lib/python3.12/site-packages/sqlalchemy/orm/session.py", line 4487, in _flush
[Tue Jul 21 06:53:06.009000 2026] [wsgi:error] [pid 11:tid 140205076154048] [remote 10.0.0.150:53950] 2026-07-21 06:53:05.991 11 ERROR keystone.server.flask.application with util.safe_reraise():
[Tue Jul 21 06:53:06.009002 2026] [wsgi:error] [pid 11:tid 140205076154048] [remote 10.0.0.150:53950] 2026-07-21 06:53:05.991 11 ERROR keystone.server.flask.application
File "/var/lib/openstack/lib/python3.12/site-packages/sqlalchemy/util/langhelpers.py", line 122, in __exit__
[Tue Jul 21 06:53:06.009003 2026] [wsgi:error] [pid 11:tid 140205076154048] [remote 10.0.0.150:53950] 2026-07-21 06:53:05.991 11 ERROR keystone.server.flask.application raise exc_value.with_traceback(exc_tb)
[Tue Jul 21 06:53:06.009004 2026] [wsgi:error] [pid 11:tid 140205076154048] [remote 10.0.0.150:53950] 2026-07-21 06:53:05.991 11 ERROR keystone.server.flask.application
File "/var/lib/openstack/lib/python3.12/site-packages/sqlalchemy/orm/session.py", line 4448, in _flush
[Tue Jul 21 06:53:06.009006 2026] [wsgi:error] [pid 11:tid 140205076154048] [remote 10.0.0.150:53950] 2026-07-21 06:53:05.991 11 ERROR keystone.server.flask.application flush_context.execute()
