Jul 15 00:47:56.263462 np0000185330 devstack@neutron-api.service[102018]: INFO neutron.api.extensions [None req-7a553b51-a1fe-46de-a28d-8e82b817912d None None] Loaded extension: dns-integration-domain-keywords
Jul 15 00:47:56.263502 np0000185330 devstack@neutron-api.service[102021]: DEBUG neutron_lib.callbacks.manager [None req-41ac3900-b330-4195-b370-2940b6e3c5df None None] Subscribe: > subnet after_create 55550000, False {{(pid=102021) subscribe /opt/stack/data/venv/lib/python3.12/site-packages/neutron_lib/callbacks/manager.py:52}}
Jul 15 00:47:56.263552 np0000185330 devstack@neutron-api.service[102018]: DEBUG neutron.api.extensions [None req-7a553b51-a1fe-46de-a28d-8e82b817912d None None] Loading extension file: dvr.py {{(pid=102018) _load_all_extensions_from_path /opt/stack/neutron/neutron/api/extensions.py:449}}
Jul 15 00:47:56.263604 np0000185330 devstack@neutron-api.service[102021]: DEBUG neutron_lib.callbacks.manager [None req-41ac3900-b330-4195-b370-2940b6e3c5df None None] Subscribe: > subnet after_update 55550000, False {{(pid=102021) subscribe /opt/stack/data/venv/lib/python3.12/site-packages/neutron_lib/callbacks/manager.py:52}}
Jul 15 00:47:56.263721 np0000185330 devstack@neutron-api.service[102021]: DEBUG neutron_lib.callbacks.manager [None req-41ac3900-b330-4195-b370-2940b6e3c5df None None] Subscribe: > subnet after_delete 55550000, False {{(pid=102021) subscribe /opt/stack/data/venv/lib/python3.12/site-packages/neutron_lib/callbacks/manager.py:52}}
Jul 15 00:47:56.263820 np0000185330 devstack@neutron-api.service[102021]: DEBUG neutron_lib.callbacks.manager [None req-41ac3900-b330-4195-b370-2940b6e3c5df None None] Subscribe: > network after_create 55550000, False {{(pid=102021) subscribe /opt/stack/data/venv/lib/python3.12/site-packages/neutron_lib/callbacks/manager.py:52}}
Jul 15 00:47:56.263852 np0000185330 devstack@neutron-api.service[102018]: DEBUG neutron.api.extensions [None req-7a553b51-a1fe-46de-a28d-8e82b817912d None None] Ext name="Distributed Virtual Router" alias="dvr" description="Enables configuration of Distributed Virtual Routers." updated="2014-06-1T10:00:00-00:00" {{(pid=102018) _check_extension /opt/stack/neutron/neutron/api/extensions.py:415}}
Jul 15 00:47:56.263921 np0000185330 devstack@neutron-api.service[102021]: DEBUG neutron_lib.callbacks.manager [None req-41ac3900-b330-4195-b370-2940b6e3c5df None None] Subscribe: > network after_update 55550000, False {{(pid=102021) subscribe /opt/stack/data/venv/lib/python3.12/site-packages/neutron_lib/callbacks/manager.py:52}}
Jul 15 00:47:56.263992 np0000185330 devstack@neutron-api.service[102018]: INFO neutron.api.extensions [None req-7a553b51-a1fe-46de-a28d-8e82b817912d None None] Extension dvr not supported by any of loaded plugins
Jul 15 00:47:56.264023 np0000185330 devstack@neutron-api.service[102021]: DEBUG neutron_lib.callbacks.manager [None req-41ac3900-b330-4195-b370-2940b6e3c5df None None] Subscribe: > network after_delete 55550000, False {{(pid=102021) subscribe /opt/stack/data/venv/lib/python3.12/site-packages/neutron_lib/callbacks/manager.py:52}}
Jul 15 00:47:56.264077 np0000185330 devstack@neutron-api.service[102018]: DEBUG neutron.api.extensions [None req-7a553b51-a1fe-46de-a28d-8e82b817912d None None] Loading extension file: ecmp_routes.py {{(pid=102018) _load_all_extensions_from_path /opt/stack/neutron/neutron/api/extensions.py:449}}
Jul 15 00:47:56.264104 np0000185330 devstack@neutron-api.service[102021]: DEBUG neutron_lib.callbacks.manager [None req-41ac3900-b330-4195-b370-2940b6e3c5df None None] Subscribe: > security_group after_create 55550000, False {{(pid=102021) subscribe /opt/stack/data/venv/lib/python3.12/site-packages/neutron_lib/callbacks/manager.py:52}}
Jul 15 00:47:56.264204 np0000185330 devstack@neutron-api.service[102021]: DEBUG neutron_lib.callbacks.manager [None req-41ac3900-b330-4195-b370-2940b6e3c5df None None] Subscribe: > security_group after_update 55550000, False {{(pid=102021) subscribe /opt/stack/data/venv/lib/python3.12/site-packages/neutron_lib/callbacks/manager.py:52}}
Jul 15 00:47:56.264301 np0000185330 devstack@neutron-api.service[102021]: DEBUG neutron_lib.callbacks.manager [None req-41ac3900-b330-4195-b370-2940b6e3c5df None None] Subscribe: > security_group after_delete 55550000, False {{(pid=102021) subscribe /opt/stack/data/venv/lib/python3.12/site-packages/neutron_lib/callbacks/manager.py:52}}
Jul 15 00:47:56.264338 np0000185330 devstack@neutron-api.service[102018]: DEBUG neutron.api.extensions [None req-7a553b51-a1fe-46de-a28d-8e82b817912d None None] Ext name="Equal Cost Multipath Routing" alias="ecmp_routes" description="Allows traffic to reach thesame destination via multiple different links " updated="2020-11-26T18:00:00-00:00" {{(pid=102018) _check_extension /opt/stack/neutron/neutron/api/extensions.py:415}}
Jul 15 00:47:56.264398 np0000185330 devstack@neutron-api.service[102021]: DEBUG neutron_lib.callbacks.manager [None req-41ac3900-b330-4195-b370-2940b6e3c5df None None] Subscribe: > security_group_rule after_create 55550000, False {{(pid=102021) subscribe /opt/stack/data/venv/lib/python3.12/site-packages/neutron_lib/callbacks/manager.py:52}}
Jul 15 00:47:56.264470 np0000185330 devstack@neutron-api.service[102018]: INFO neutron.api.extensions [None req-7a553b51-a1fe-46de-a28d-8e82b817912d None None] Extension ecmp_routes not supported by any of loaded plugins
Jul 15 00:47:56.264497 np0000185330 devstack@neutron-api.service[102021]: DEBUG neutron_lib.callbacks.manager [None req-41ac3900-b330-4195-b370-2940b6e3c5df None None] Subscribe: > security_group_rule after_update 55550000, False {{(pid=102021) subscribe /opt/stack/data/venv/lib/python3.12/site-packages/neutron_lib/callbacks/manager.py:52}}
Jul 15 00:47:56.264560 np0000185330 devstack@neutron-api.service[102018]: DEBUG neutron.api.extensions [None req-7a553b51-a1fe-46de-a28d-8e82b817912d None None] Loading extension file: empty_string_filtering.py {{(pid=102018) _load_all_extensions_from_path /opt/stack/neutron/neutron/api/extensions.py:449}}
Jul 15 00:47:56.264590 np0000185330 devstack@neutron-api.service[102021]: DEBUG neutron_lib.callbacks.manager [None req-41ac3900-b330-4195-b370-2940b6e3c5df None None] Subscribe: > security_group_rule after_delete 55550000, False {{(pid=102021) subscribe /opt/stack/data/venv/lib/python3.12/site-packages/neutron_lib/callbacks/manager.py:52}}
Jul 15 00:47:56.264695 np0000185330 devstack@neutron-api.service[102021]: DEBUG neutron_lib.callbacks.manager [None req-41ac3900-b330-4195-b370-2940b6e3c5df None None] Subscribe: > address_group after_create 55550000, False {{(pid=102021) subscribe /opt/stack/data/venv/lib/python3.12/site-packages/neutron_lib/callbacks/manager.py:52}}
Jul 15 00:47:56.264794 np0000185330 devstack@neutron-api.service[102021]: DEBUG neutron_lib.callbacks.manager [None req-41ac3900-b330-4195-b370-2940b6e3c5df None None] Subscribe: > address_group after_update 55550000, False {{(pid=102021) subscribe /opt/stack/data/venv/lib/python3.12/site-packages/neutron_lib/callbacks/manager.py:52}}
Jul 15 00:47:56.264823 np0000185330 devstack@neutron-api.service[102018]: DEBUG neutron.api.extensions [None req-7a553b51-a1fe-46de-a28d-8e82b817912d None None] Ext name="Empty String Filtering Extension" alias="empty-string-filtering" description="Allow filtering by attributes with empty string value" updated="2018-05-01T10:00:00-00:00" {{(pid=102018) _check_extension /opt/stack/neutron/neutron/api/extensions.py:415}}
Jul 15 00:47:56.264895 np0000185330 devstack@neutron-api.service[102021]: DEBUG neutron_lib.callbacks.manager [None req-41ac3900-b330-4195-b370-2940b6e3c5df None None] Subscribe: > address_group after_delete 55550000, False {{(pid=102021) subscribe /opt/stack/data/venv/lib/python3.12/site-packages/neutron_lib/callbacks/manager.py:52}}
Jul 15 00:47:56.264965 np0000185330 devstack@neutron-api.service[102018]: INFO neutron.api.extensions [None req-7a553b51-a1fe-46de-a28d-8e82b817912d None None] Loaded extension: empty-string-filtering
Jul 15 00:47:56.264992 np0000185330 devstack@neutron-api.service[102021]: DEBUG neutron.plugins.ml2.ovo_rpc [None req-41ac3900-b330-4195-b370-2940b6e3c5df None None] ML2 OVO RPC backend initialized. {{(pid=102021) __init__ /opt/stack/neutron/neutron/plugins/ml2/ovo_rpc.py:117}}
Jul 15 00:47:56.265056 np0000185330 devstack@neutron-api.service[102018]: DEBUG neutron.api.extensions [None req-7a553b51-a1fe-46de-a28d-8e82b817912d None None] Loading extension file: evpn.py {{(pid=102018) _load_all_extensions_from_path /opt/stack/neutron/neutron/api/extensions.py:449}}
Jul 15 00:47:56.265278 np0000185330 devstack@neutron-api.service[102018]: DEBUG neutron.api.extensions [None req-7a553b51-a1fe-46de-a28d-8e82b817912d None None] Ext name="EVPN" alias="evpn" description="Router extension to support EVPN Type-5 route advertisement" updated="2026-04-28T00:00:00-00:00" {{(pid=102018) _check_extension /opt/stack/neutron/neutron/api/extensions.py:415}}
Jul 15 00:47:56.265443 np0000185330 devstack@neutron-api.service[102018]: INFO neutron.api.extensions [None req-7a553b51-a1fe-46de-a28d-8e82b817912d None None] Extension evpn not supported by any of loaded plugins
Jul 15 00:47:56.265533 np0000185330 devstack@neutron-api.service[102018]: DEBUG neutron.api.extensions [None req-7a553b51-a1fe-46de-a28d-8e82b817912d None None] Loading extension file: expose_l3_conntrack_helper.py {{(pid=102018) _load_all_extensions_from_path /opt/stack/neutron/neutron/api/extensions.py:449}}
Jul 15 00:47:56.265709 np0000185330 devstack@neutron-api.service[102021]: INFO neutron.quota [None req-41ac3900-b330-4195-b370-2940b6e3c5df None None] Loaded quota_driver: .
Jul 15 00:47:56.265774 np0000185330 devstack@neutron-api.service[102018]: DEBUG neutron.api.extensions [None req-7a553b51-a1fe-46de-a28d-8e82b817912d None None] Ext name="Expose CT target rules for conntrack helper" alias="expose-l3-conntrack-helper" description="Expose allow adding CT target rules for conntrack helper" updated="2019-04-04T10:00:00-00:00" {{(pid=102018) _check_extension /opt/stack/neutron/neutron/api/extensions.py:415}}
Jul 15 00:47:56.265819 np0000185330 devstack@neutron-api.service[102021]: INFO neutron.plugins.ml2.plugin [None req-41ac3900-b330-4195-b370-2940b6e3c5df None None] Modular L2 Plugin initialization complete
Jul 15 00:47:56.265942 np0000185330 devstack@neutron-api.service[102018]: INFO neutron.api.extensions [None req-7a553b51-a1fe-46de-a28d-8e82b817912d None None] Extension expose-l3-conntrack-helper not supported by any of loaded plugins
Jul 15 00:47:56.265968 np0000185330 devstack@neutron-api.service[102021]: DEBUG neutron.manager [None req-41ac3900-b330-4195-b370-2940b6e3c5df None None] Loading services supported by the core plugin {{(pid=102021) _load_services_from_core_plugin /opt/stack/neutron/neutron/manager.py:167}}
Jul 15 00:47:56.266033 np0000185330 devstack@neutron-api.service[102018]: DEBUG neutron.api.extensions [None req-7a553b51-a1fe-46de-a28d-8e82b817912d None None] Loading extension file: expose_port_forwarding_in_fip.py {{(pid=102018) _load_all_extensions_from_path /opt/stack/neutron/neutron/api/extensions.py:449}}
Jul 15 00:47:56.266059 np0000185330 devstack@neutron-api.service[102021]: INFO neutron.plugins.ml2.managers [None req-41ac3900-b330-4195-b370-2940b6e3c5df None None] Got port-security extension from driver 'port_security'
Jul 15 00:47:56.266256 np0000185330 devstack@neutron-api.service[102018]: DEBUG neutron.api.extensions [None req-7a553b51-a1fe-46de-a28d-8e82b817912d None None] Ext name="Expose Floating IP port forwardings" alias="expose-port-forwarding-in-fip" description="Expose port forwarding fields in floating IP response" updated="2018-06-28T16:00:00-00:00" {{(pid=102018) _check_extension /opt/stack/neutron/neutron/api/extensions.py:415}}
Jul 15 00:47:56.266304 np0000185330 devstack@neutron-api.service[102021]: DEBUG neutron.manager [None req-41ac3900-b330-4195-b370-2940b6e3c5df None None] Loading service plugins: ['ovn-router', 'auto_allocate', 'tag', 'timestamp', 'network_ip_availability', 'flavors', 'revisions'] {{(pid=102021) _load_service_plugins /opt/stack/neutron/neutron/manager.py:192}}
Jul 15 00:47:56.266397 np0000185330 devstack@neutron-api.service[102021]: INFO neutron.manager [None req-41ac3900-b330-4195-b370-2940b6e3c5df None None] Loading Plugin: ovn-router
Jul 15 00:47:56.266440 np0000185330 devstack@neutron-api.service[102018]: INFO neutron.api.extensions [None req-7a553b51-a1fe-46de-a28d-8e82b817912d None None] Extension expose-port-forwarding-in-fip not supported by any of loaded plugins
Jul 15 00:47:56.266526 np0000185330 devstack@neutron-api.service[102018]: DEBUG neutron.api.extensions [None req-7a553b51-a1fe-46de-a28d-8e82b817912d None None] Loading extension file: external_net.py {{(pid=102018) _load_all_extensions_from_path /opt/stack/neutron/neutron/api/extensions.py:449}}
Jul 15 00:47:56.266765 np0000185330 devstack@neutron-api.service[102018]: DEBUG neutron.api.extensions [None req-7a553b51-a1fe-46de-a28d-8e82b817912d None None] Ext name="Neutron external network" alias="external-net" description="Adds external network attribute to network resource." updated="2013-01-14T10:00:00-00:00" {{(pid=102018) _check_extension /opt/stack/neutron/neutron/api/extensions.py:415}}
Jul 15 00:47:56.266936 np0000185330 devstack@neutron-api.service[102018]: INFO neutron.api.extensions [None req-7a553b51-a1fe-46de-a28d-8e82b817912d None None] Loaded extension: external-net
Jul 15 00:47:56.266984 np0000185330 devstack@neutron-api.service[102020]: DEBUG neutron_lib.callbacks.manager [None req-f9b481b7-5612-4063-8dac-ced9d23d0835 None None] Subscribe: > router before_delete 55550000, False {{(pid=102020) subscribe /opt/stack/data/venv/lib/python3.12/site-packages/neutron_lib/callbacks/manager.py:52}}
Jul 15 00:47:56.267024 np0000185330 devstack@neutron-api.service[102018]: DEBUG neutron.api.extensions [None req-7a553b51-a1fe-46de-a28d-8e82b817912d None None] Loading extension file: extra_dhcp_opt.py {{(pid=102018) _load_all_extensions_from_path /opt/stack/neutron/neutron/api/extensions.py:449}}
Jul 15 00:47:56.267096 np0000185330 devstack@neutron-api.service[102020]: DEBUG neutron_lib.callbacks.manager [None req-f9b481b7-5612-4063-8dac-ced9d23d0835 None None] Subscribe: port before_update 55550000, False {{(pid=102020) subscribe /opt/stack/data/venv/lib/python3.12/site-packages/neutron_lib/callbacks/manager.py:52}}
Jul 15 00:47:56.267201 np0000185330 devstack@neutron-api.service[102020]: DEBUG neutron_lib.callbacks.manager [None req-f9b481b7-5612-4063-8dac-ced9d23d0835 None None] Subscribe: port after_update 55550000, False {{(pid=102020) subscribe /opt/stack/data/venv/lib/python3.12/site-packages/neutron_lib/callbacks/manager.py:52}}
Jul 15 00:47:56.267244 np0000185330 devstack@neutron-api.service[102018]: DEBUG neutron.api.extensions [None req-7a553b51-a1fe-46de-a28d-8e82b817912d None None] Ext name="Neutron Extra DHCP options" alias="extra_dhcp_opt" description="Extra options configuration for DHCP. For example PXE boot options to DHCP clients can be specified (e.g. tftp-server, server-ip-address, bootfile-name)" updated="2013-03-17T12:00:00-00:00" {{(pid=102018) _check_extension /opt/stack/neutron/neutron/api/extensions.py:415}}
Jul 15 00:47:56.267304 np0000185330 devstack@neutron-api.service[102020]: DEBUG neutron_lib.callbacks.manager [None req-f9b481b7-5612-4063-8dac-ced9d23d0835 None None] Subscribe: > port precommit_delete 55550000, False {{(pid=102020) subscribe /opt/stack/data/venv/lib/python3.12/site-packages/neutron_lib/callbacks/manager.py:52}}
Jul 15 00:47:56.267411 np0000185330 devstack@neutron-api.service[102018]: INFO neutron.api.extensions [None req-7a553b51-a1fe-46de-a28d-8e82b817912d None None] Loaded extension: extra_dhcp_opt
Jul 15 00:47:56.267437 np0000185330 devstack@neutron-api.service[102020]: DEBUG neutron_lib.callbacks.manager [None req-f9b481b7-5612-4063-8dac-ced9d23d0835 None None] Subscribe: port before_update 55550000, False {{(pid=102020) subscribe /opt/stack/data/venv/lib/python3.12/site-packages/neutron_lib/callbacks/manager.py:52}}
Jul 15 00:47:56.267501 np0000185330 devstack@neutron-api.service[102018]: DEBUG neutron.api.extensions [None req-7a553b51-a1fe-46de-a28d-8e82b817912d None None] Loading extension file: extraroute.py {{(pid=102018) _load_all_extensions_from_path /opt/stack/neutron/neutron/api/extensions.py:449}}
Jul 15 00:47:56.267533 np0000185330 devstack@neutron-api.service[102020]: DEBUG neutron_lib.callbacks.manager [None req-f9b481b7-5612-4063-8dac-ced9d23d0835 None None] Subscribe: port before_delete 55550000, False {{(pid=102020) subscribe /opt/stack/data/venv/lib/python3.12/site-packages/neutron_lib/callbacks/manager.py:52}}
Jul 15 00:47:56.267612 np0000185330 devstack@neutron-api.service[102020]: DEBUG neutron_lib.callbacks.manager [None req-f9b481b7-5612-4063-8dac-ced9d23d0835 None None] Subscribe: > router precommit_create 55550000, False {{(pid=102020) subscribe /opt/stack/data/venv/lib/python3.12/site-packages/neutron_lib/callbacks/manager.py:52}}
Jul 15 00:47:56.267732 np0000185330 devstack@neutron-api.service[102020]: DEBUG neutron_lib.callbacks.manager [None req-f9b481b7-5612-4063-8dac-ced9d23d0835 None None] Subscribe: > router precommit_create 55550000, False {{(pid=102020) subscribe /opt/stack/data/venv/lib/python3.12/site-packages/neutron_lib/callbacks/manager.py:52}}
Jul 15 00:47:56.267775 np0000185330 devstack@neutron-api.service[102018]: DEBUG neutron.api.extensions [None req-7a553b51-a1fe-46de-a28d-8e82b817912d None None] Ext name="Neutron Extra Route" alias="extraroute" description="Extra routes configuration for L3 router" updated="2013-02-01T10:00:00-00:00" {{(pid=102018) _check_extension /opt/stack/neutron/neutron/api/extensions.py:415}}
Jul 15 00:47:56.267836 np0000185330 devstack@neutron-api.service[102020]: DEBUG neutron_lib.callbacks.manager [None req-f9b481b7-5612-4063-8dac-ced9d23d0835 None None] Subscribe: > router precommit_update 55550000, False {{(pid=102020) subscribe /opt/stack/data/venv/lib/python3.12/site-packages/neutron_lib/callbacks/manager.py:52}}
Jul 15 00:47:56.267910 np0000185330 devstack@neutron-api.service[102018]: INFO neutron.api.extensions [None req-7a553b51-a1fe-46de-a28d-8e82b817912d None None] Loaded extension: extraroute
Jul 15 00:47:56.267936 np0000185330 devstack@neutron-api.service[102020]: DEBUG neutron_lib.callbacks.manager [None req-f9b481b7-5612-4063-8dac-ced9d23d0835 None None] Subscribe: subnet after_update 55550000, False {{(pid=102020) subscribe /opt/stack/data/venv/lib/python3.12/site-packages/neutron_lib/callbacks/manager.py:52}}
Jul 15 00:47:56.268001 np0000185330 devstack@neutron-api.service[102018]: DEBUG neutron.api.extensions [None req-7a553b51-a1fe-46de-a28d-8e82b817912d None None] Loading extension file: extraroute_atomic.py {{(pid=102018) _load_all_extensions_from_path /opt/stack/neutron/neutron/api/extensions.py:449}}
Jul 15 00:47:56.268128 np0000185330 devstack@neutron-api.service[102020]: DEBUG neutron.quota.resource_registry [None req-f9b481b7-5612-4063-8dac-ced9d23d0835 None None] Tracking information for resource: router configured {{(pid=102020) set_tracked_resource /opt/stack/neutron/neutron/quota/resource_registry.py:203}}
Jul 15 00:47:56.268223 np0000185330 devstack@neutron-api.service[102020]: DEBUG neutron.quota.resource_registry [None req-f9b481b7-5612-4063-8dac-ced9d23d0835 None None] Tracking information for resource: floatingip configured {{(pid=102020) set_tracked_resource /opt/stack/neutron/neutron/quota/resource_registry.py:203}}
Jul 15 00:47:56.268257 np0000185330 devstack@neutron-api.service[102018]: DEBUG neutron.api.extensions [None req-7a553b51-a1fe-46de-a28d-8e82b817912d None None] Ext name="Atomically add/remove extra routes" alias="extraroute-atomic" description="Edit extra routes of a router on server side by atomically adding/removing extra routes" updated="2019-07-10T00:00:00+00:00" {{(pid=102018) _check_extension /opt/stack/neutron/neutron/api/extensions.py:415}}
Jul 15 00:47:56.268316 np0000185330 devstack@neutron-api.service[102020]: INFO neutron.services.ovn_l3.plugin [None req-f9b481b7-5612-4063-8dac-ced9d23d0835 None None] Starting OVNL3RouterPlugin
Jul 15 00:47:56.268398 np0000185330 devstack@neutron-api.service[102018]: INFO neutron.api.extensions [None req-7a553b51-a1fe-46de-a28d-8e82b817912d None None] Loaded extension: extraroute-atomic
Jul 15 00:47:56.268488 np0000185330 devstack@neutron-api.service[102018]: DEBUG neutron.api.extensions [None req-7a553b51-a1fe-46de-a28d-8e82b817912d None None] Loading extension file: filter_validation.py {{(pid=102018) _load_all_extensions_from_path /opt/stack/neutron/neutron/api/extensions.py:449}}
Jul 15 00:47:56.268533 np0000185330 devstack@neutron-api.service[102020]: DEBUG neutron_lib.callbacks.manager [None req-f9b481b7-5612-4063-8dac-ced9d23d0835 None None] Subscribe: > port_forwarding_plugin after_init 55550000, False {{(pid=102020) subscribe /opt/stack/data/venv/lib/python3.12/site-packages/neutron_lib/callbacks/manager.py:52}}
Jul 15 00:47:56.268741 np0000185330 devstack@neutron-api.service[102018]: DEBUG neutron.api.extensions [None req-7a553b51-a1fe-46de-a28d-8e82b817912d None None] Ext name="Filter parameters validation" alias="filter-validation" description="Provides validation on filter parameters." updated="2018-07-04T10:00:00-00:00" {{(pid=102018) _check_extension /opt/stack/neutron/neutron/api/extensions.py:415}}
Jul 15 00:47:56.268771 np0000185330 devstack@neutron-api.service[102020]: DEBUG neutron_lib.callbacks.manager [None req-f9b481b7-5612-4063-8dac-ced9d23d0835 None None] Subscribe: > router before_create 55550100, False {{(pid=102020) subscribe /opt/stack/data/venv/lib/python3.12/site-packages/neutron_lib/callbacks/manager.py:52}}
Jul 15 00:47:56.268855 np0000185330 devstack@neutron-api.service[102020]: DEBUG neutron_lib.callbacks.manager [None req-f9b481b7-5612-4063-8dac-ced9d23d0835 None None] Subscribe: > router precommit_delete 55550100, False {{(pid=102020) subscribe /opt/stack/data/venv/lib/python3.12/site-packages/neutron_lib/callbacks/manager.py:52}}
Jul 15 00:47:56.268908 np0000185330 devstack@neutron-api.service[102018]: INFO neutron.api.extensions [None req-7a553b51-a1fe-46de-a28d-8e82b817912d None None] Loaded extension: filter-validation
Jul 15 00:47:56.268963 np0000185330 devstack@neutron-api.service[102020]: DEBUG neutron_lib.callbacks.manager [None req-f9b481b7-5612-4063-8dac-ced9d23d0835 None None] Subscribe: > router precommit_create 55550100, False {{(pid=102020) subscribe /opt/stack/data/venv/lib/python3.12/site-packages/neutron_lib/callbacks/manager.py:52}}
Jul 15 00:47:56.268995 np0000185330 devstack@neutron-api.service[102018]: DEBUG neutron.api.extensions [None req-7a553b51-a1fe-46de-a28d-8e82b817912d None None] Loading extension file: fip_pf_description.py {{(pid=102018) _load_all_extensions_from_path /opt/stack/neutron/neutron/api/extensions.py:449}}
Jul 15 00:47:56.269067 np0000185330 devstack@neutron-api.service[102020]: DEBUG neutron_lib.callbacks.manager [None req-f9b481b7-5612-4063-8dac-ced9d23d0835 None None] Subscribe: > router precommit_update 55550100, False {{(pid=102020) subscribe /opt/stack/data/venv/lib/python3.12/site-packages/neutron_lib/callbacks/manager.py:52}}
Jul 15 00:47:56.269213 np0000185330 devstack@neutron-api.service[102018]: DEBUG neutron.api.extensions [None req-7a553b51-a1fe-46de-a28d-8e82b817912d None None] Ext name="Floating IP Port Forwarding new attribute description" alias="floating-ip-port-forwarding-description" description="Add a description field to Port Forwarding rules" updated="2019-11-01T10:00:00-00:00" {{(pid=102018) _check_extension /opt/stack/neutron/neutron/api/extensions.py:415}}
Jul 15 00:47:56.269379 np0000185330 devstack@neutron-api.service[102018]: INFO neutron.api.extensions [None req-7a553b51-a1fe-46de-a28d-8e82b817912d None None] Extension floating-ip-port-forwarding-description not supported by any of loaded plugins
Jul 15 00:47:56.269468 np0000185330 devstack@neutron-api.service[102018]: DEBUG neutron.api.extensions [None req-7a553b51-a1fe-46de-a28d-8e82b817912d None None] Loading extension file: fip_pf_detail.py {{(pid=102018) _load_all_extensions_from_path /opt/stack/neutron/neutron/api/extensions.py:449}}
Jul 15 00:47:56.269703 np0000185330 devstack@neutron-api.service[102018]: DEBUG neutron.api.extensions [None req-7a553b51-a1fe-46de-a28d-8e82b817912d None None] Ext name="Floating IP port forwarding detail" alias="floating-ip-port-forwarding-detail" description="Allow list floating ip return more port forwarding data, include'id' and 'internal_port_id'" updated="2022-05-06T10:00:00-00:00" {{(pid=102018) _check_extension /opt/stack/neutron/neutron/api/extensions.py:415}}
Jul 15 00:47:56.269868 np0000185330 devstack@neutron-api.service[102018]: INFO neutron.api.extensions [None req-7a553b51-a1fe-46de-a28d-8e82b817912d None None] Loaded extension: floating-ip-port-forwarding-detail
Jul 15 00:47:56.269957 np0000185330 devstack@neutron-api.service[102018]: DEBUG neutron.api.extensions [None req-7a553b51-a1fe-46de-a28d-8e82b817912d None None] Loading extension file: fip_pf_port_range.py {{(pid=102018) _load_all_extensions_from_path /opt/stack/neutron/neutron/api/extensions.py:449}}
Jul 15 00:47:56.270181 np0000185330 devstack@neutron-api.service[102018]: DEBUG neutron.api.extensions [None req-7a553b51-a1fe-46de-a28d-8e82b817912d None None] Ext name="Floating IP Port Forwarding support port ranges" alias="floating-ip-port-forwarding-port-ranges" description="Add support to port ranges" updated="2020-07-01T10:00:00-00:00" {{(pid=102018) _check_extension /opt/stack/neutron/neutron/api/extensions.py:415}}
Jul 15 00:47:56.270347 np0000185330 devstack@neutron-api.service[102018]: INFO neutron.api.extensions [None req-7a553b51-a1fe-46de-a28d-8e82b817912d None None] Extension floating-ip-port-forwarding-port-ranges not supported by any of loaded plugins
Jul 15 00:47:56.270477 np0000185330 devstack@neutron-api.service[102018]: DEBUG neutron.api.extensions [None req-7a553b51-a1fe-46de-a28d-8e82b817912d None None] Loading extension file: fip_port_details.py {{(pid=102018) _load_all_extensions_from_path /opt/stack/neutron/neutron/api/extensions.py:449}}
Jul 15 00:47:56.270712 np0000185330 devstack@neutron-api.service[102018]: DEBUG neutron.api.extensions [None req-7a553b51-a1fe-46de-a28d-8e82b817912d None None] Ext name="Floating IP Port Details Extension" alias="fip-port-details" description="Add port_details attribute to Floating IP resource" updated="2018-04-09T10:00:00-00:00" {{(pid=102018) _check_extension /opt/stack/neutron/neutron/api/extensions.py:415}}
Jul 15 00:47:56.270877 np0000185330 devstack@neutron-api.service[102018]: INFO neutron.api.extensions [None req-7a553b51-a1fe-46de-a28d-8e82b817912d None None] Loaded extension: fip-port-details
Jul 15 00:47:56.270967 np0000185330 devstack@neutron-api.service[102018]: DEBUG neutron.api.extensions [None req-7a553b51-a1fe-46de-a28d-8e82b817912d None None] Loading extension file: flavors.py {{(pid=102018) _load_all_extensions_from_path /opt/stack/neutron/neutron/api/extensions.py:449}}
Jul 15 00:47:56.271221 np0000185330 devstack@neutron-api.service[102018]: DEBUG neutron.api.extensions [None req-7a553b51-a1fe-46de-a28d-8e82b817912d None None] Ext name="Neutron Service Flavors" alias="flavors" description="Flavor specification for Neutron advanced services." updated="2015-09-17T10:00:00-00:00" {{(pid=102018) _check_extension /opt/stack/neutron/neutron/api/extensions.py:415}}
Jul 15 00:47:56.271392 np0000185330 devstack@neutron-api.service[102018]: INFO neutron.api.extensions [None req-7a553b51-a1fe-46de-a28d-8e82b817912d None None] Loaded extension: flavors
Jul 15 00:47:56.271481 np0000185330 devstack@neutron-api.service[102018]: DEBUG neutron.api.extensions [None req-7a553b51-a1fe-46de-a28d-8e82b817912d None None] Loading extension file: floating_ip_port_forwarding.py {{(pid=102018) _load_all_extensions_from_path /opt/stack/neutron/neutron/api/extensions.py:449}}
Jul 15 00:47:56.271802 np0000185330 devstack@neutron-api.service[102018]: DEBUG neutron.api.extensions [None req-7a553b51-a1fe-46de-a28d-8e82b817912d None None] Ext name="Floating IP Port Forwarding" alias="floating-ip-port-forwarding" description="Allow port forwarding from floating IP port to an internal port" updated="2018-01-19T10:00:00-00:00" {{(pid=102018) _check_extension /opt/stack/neutron/neutron/api/extensions.py:415}}
Jul 15 00:47:56.271971 np0000185330 devstack@neutron-api.service[102018]: INFO neutron.api.extensions [None req-7a553b51-a1fe-46de-a28d-8e82b817912d None None] Extension floating-ip-port-forwarding not supported by any of loaded plugins
Jul 15 00:47:56.272056 np0000185330 devstack@neutron-api.service[102018]: DEBUG neutron.api.extensions [None req-7a553b51-a1fe-46de-a28d-8e82b817912d None None] Loading extension file: floatingip_pools.py {{(pid=102018) _load_all_extensions_from_path /opt/stack/neutron/neutron/api/extensions.py:449}}
Jul 15 00:47:56.272322 np0000185330 devstack@neutron-api.service[102018]: DEBUG neutron.api.extensions [None req-7a553b51-a1fe-46de-a28d-8e82b817912d None None] Ext name="Floating IP Pools Extension" alias="floatingip-pools" description="Provides a floating IP pools API." updated="2018-03-21T10:00:00-00:00" {{(pid=102018) _check_extension /opt/stack/neutron/neutron/api/extensions.py:415}}
Jul 15 00:47:56.272458 np0000185330 devstack@neutron-api.service[102020]: DEBUG neutron.services.provider_configuration [None req-f9b481b7-5612-4063-8dac-ced9d23d0835 None None] Service providers = [] {{(pid=102020) parse_service_provider_opt /opt/stack/neutron/neutron/services/provider_configuration.py:170}}
Jul 15 00:47:56.272488 np0000185330 devstack@neutron-api.service[102018]: INFO neutron.api.extensions [None req-7a553b51-a1fe-46de-a28d-8e82b817912d None None] Loaded extension: floatingip-pools
Jul 15 00:47:56.272569 np0000185330 devstack@neutron-api.service[102020]: DEBUG neutron.db.servicetype_db [None req-f9b481b7-5612-4063-8dac-ced9d23d0835 None None] Adding provider configuration for service L3_ROUTER_NAT {{(pid=102020) add_provider_configuration /opt/stack/neutron/neutron/db/servicetype_db.py:45}}
Jul 15 00:47:56.272600 np0000185330 devstack@neutron-api.service[102018]: DEBUG neutron.api.extensions [None req-7a553b51-a1fe-46de-a28d-8e82b817912d None None] Loading extension file: ip_allocation.py {{(pid=102018) _load_all_extensions_from_path /opt/stack/neutron/neutron/api/extensions.py:449}}
Jul 15 00:47:56.272812 np0000185330 devstack@neutron-api.service[102018]: DEBUG neutron.api.extensions [None req-7a553b51-a1fe-46de-a28d-8e82b817912d None None] Ext name="IP Allocation" alias="ip_allocation" description="IP allocation extension." updated="2016-06-10T23:00:00-00:00" {{(pid=102018) _check_extension /opt/stack/neutron/neutron/api/extensions.py:415}}
Jul 15 00:47:56.272978 np0000185330 devstack@neutron-api.service[102018]: INFO neutron.api.extensions [None req-7a553b51-a1fe-46de-a28d-8e82b817912d None None] Extension ip_allocation not supported by any of loaded plugins
Jul 15 00:47:56.273063 np0000185330 devstack@neutron-api.service[102018]: DEBUG neutron.api.extensions [None req-7a553b51-a1fe-46de-a28d-8e82b817912d None None] Loading extension file: ip_substring_port_filtering.py {{(pid=102018) _load_all_extensions_from_path /opt/stack/neutron/neutron/api/extensions.py:449}}
Jul 15 00:47:56.273290 np0000185330 devstack@neutron-api.service[102018]: DEBUG neutron.api.extensions [None req-7a553b51-a1fe-46de-a28d-8e82b817912d None None] Ext name="IP address substring filtering" alias="ip-substring-filtering" description="Provides IP address substring filtering when listing ports" updated="2017-11-28T09:00:00-00:00" {{(pid=102018) _check_extension /opt/stack/neutron/neutron/api/extensions.py:415}}
Jul 15 00:47:56.273453 np0000185330 devstack@neutron-api.service[102018]: INFO neutron.api.extensions [None req-7a553b51-a1fe-46de-a28d-8e82b817912d None None] Extension ip-substring-filtering not supported by any of loaded plugins
Jul 15 00:47:56.273542 np0000185330 devstack@neutron-api.service[102018]: DEBUG neutron.api.extensions [None req-7a553b51-a1fe-46de-a28d-8e82b817912d None None] Loading extension file: l2_adjacency.py {{(pid=102018) _load_all_extensions_from_path /opt/stack/neutron/neutron/api/extensions.py:449}}
Jul 15 00:47:56.273691 np0000185330 devstack@neutron-api.service[102020]: DEBUG neutron_lib.callbacks.manager [None req-f9b481b7-5612-4063-8dac-ced9d23d0835 None None] Subscribe: > router precommit_create 55549900, False {{(pid=102020) subscribe /opt/stack/data/venv/lib/python3.12/site-packages/neutron_lib/callbacks/manager.py:52}}
Jul 15 00:47:56.273780 np0000185330 devstack@neutron-api.service[102018]: DEBUG neutron.api.extensions [None req-7a553b51-a1fe-46de-a28d-8e82b817912d None None] Ext name="L2 Adjacency" alias="l2_adjacency" description="Display L2 Adjacency for Neutron Networks." updated="2016-04-12T16:00:00-00:00" {{(pid=102018) _check_extension /opt/stack/neutron/neutron/api/extensions.py:415}}
Jul 15 00:47:56.273808 np0000185330 devstack@neutron-api.service[102020]: DEBUG neutron_lib.callbacks.manager [None req-f9b481b7-5612-4063-8dac-ced9d23d0835 None None] Subscribe: > router_interface after_create 55550000, False {{(pid=102020) subscribe /opt/stack/data/venv/lib/python3.12/site-packages/neutron_lib/callbacks/manager.py:52}}
Jul 15 00:47:56.273914 np0000185330 devstack@neutron-api.service[102020]: DEBUG neutron_lib.callbacks.manager [None req-f9b481b7-5612-4063-8dac-ced9d23d0835 None None] Subscribe: > floatingip after_create 55550000, False {{(pid=102020) subscribe /opt/stack/data/venv/lib/python3.12/site-packages/neutron_lib/callbacks/manager.py:52}}
Jul 15 00:47:56.273947 np0000185330 devstack@neutron-api.service[102018]: INFO neutron.api.extensions [None req-7a553b51-a1fe-46de-a28d-8e82b817912d None None] Extension l2_adjacency not supported by any of loaded plugins
Jul 15 00:47:56.274015 np0000185330 devstack@neutron-api.service[102020]: DEBUG neutron_lib.callbacks.manager [None req-f9b481b7-5612-4063-8dac-ced9d23d0835 None None] Subscribe: > floatingip precommit_create 55550000, False {{(pid=102020) subscribe /opt/stack/data/venv/lib/python3.12/site-packages/neutron_lib/callbacks/manager.py:52}}
Jul 15 00:47:56.274045 np0000185330 devstack@neutron-api.service[102018]: DEBUG neutron.api.extensions [None req-7a553b51-a1fe-46de-a28d-8e82b817912d None None] Loading extension file: l3.py {{(pid=102018) _load_all_extensions_from_path /opt/stack/neutron/neutron/api/extensions.py:449}}
Jul 15 00:47:56.274118 np0000185330 devstack@neutron-api.service[102020]: DEBUG neutron_lib.callbacks.manager [None req-f9b481b7-5612-4063-8dac-ced9d23d0835 None None] Subscribe: > floatingip precommit_update 55550000, False {{(pid=102020) subscribe /opt/stack/data/venv/lib/python3.12/site-packages/neutron_lib/callbacks/manager.py:52}}
Jul 15 00:47:56.274223 np0000185330 devstack@neutron-api.service[102020]: DEBUG neutron_lib.callbacks.manager [None req-f9b481b7-5612-4063-8dac-ced9d23d0835 None None] Subscribe: > floatingip after_delete 55550000, False {{(pid=102020) subscribe /opt/stack/data/venv/lib/python3.12/site-packages/neutron_lib/callbacks/manager.py:52}}
Jul 15 00:47:56.274324 np0000185330 devstack@neutron-api.service[102020]: DEBUG neutron_lib.callbacks.manager [None req-f9b481b7-5612-4063-8dac-ced9d23d0835 None None] Subscribe: > floatingip after_status_update 55550000, False {{(pid=102020) subscribe /opt/stack/data/venv/lib/python3.12/site-packages/neutron_lib/callbacks/manager.py:52}}
Jul 15 00:47:56.274463 np0000185330 devstack@neutron-api.service[102020]: DEBUG neutron_lib.callbacks.manager [None req-f9b481b7-5612-4063-8dac-ced9d23d0835 None None] Subscribe: > floatingip after_update 55550000, False {{(pid=102020) subscribe /opt/stack/data/venv/lib/python3.12/site-packages/neutron_lib/callbacks/manager.py:52}}
Jul 15 00:47:56.274501 np0000185330 devstack@neutron-api.service[102018]: DEBUG neutron.api.extensions [None req-7a553b51-a1fe-46de-a28d-8e82b817912d None None] Ext name="Neutron L3 Router" alias="router" description="Router abstraction for basic L3 forwarding between L2 Neutron networks and access to external networks via a NAT gateway." updated="2012-07-20T10:00:00-00:00" {{(pid=102018) _check_extension /opt/stack/neutron/neutron/api/extensions.py:415}}
Jul 15 00:47:56.274571 np0000185330 devstack@neutron-api.service[102020]: DEBUG neutron_lib.callbacks.manager [None req-f9b481b7-5612-4063-8dac-ced9d23d0835 None None] Subscribe: > port_forwarding after_create 55550000, False {{(pid=102020) subscribe /opt/stack/data/venv/lib/python3.12/site-packages/neutron_lib/callbacks/manager.py:52}}
Jul 15 00:47:56.274641 np0000185330 devstack@neutron-api.service[102018]: INFO neutron.api.extensions [None req-7a553b51-a1fe-46de-a28d-8e82b817912d None None] Loaded extension: router
Jul 15 00:47:56.274679 np0000185330 devstack@neutron-api.service[102020]: DEBUG neutron_lib.callbacks.manager [None req-f9b481b7-5612-4063-8dac-ced9d23d0835 None None] Subscribe: > router_interface after_delete 55550000, False {{(pid=102020) subscribe /opt/stack/data/venv/lib/python3.12/site-packages/neutron_lib/callbacks/manager.py:52}}
Jul 15 00:47:56.274754 np0000185330 devstack@neutron-api.service[102018]: DEBUG neutron.api.extensions [None req-7a553b51-a1fe-46de-a28d-8e82b817912d None None] Loading extension file: l3_agent_scheduler_ha_chassis_priority.py {{(pid=102018) _load_all_extensions_from_path /opt/stack/neutron/neutron/api/extensions.py:449}}
Jul 15 00:47:56.274784 np0000185330 devstack@neutron-api.service[102020]: DEBUG neutron_lib.callbacks.manager [None req-f9b481b7-5612-4063-8dac-ced9d23d0835 None None] Subscribe: > router after_create 55550000, False {{(pid=102020) subscribe /opt/stack/data/venv/lib/python3.12/site-packages/neutron_lib/callbacks/manager.py:52}}
Jul 15 00:47:56.274885 np0000185330 devstack@neutron-api.service[102020]: DEBUG neutron_lib.callbacks.manager [None req-f9b481b7-5612-4063-8dac-ced9d23d0835 None None] Subscribe: > router precommit_create 55550000, False {{(pid=102020) subscribe /opt/stack/data/venv/lib/python3.12/site-packages/neutron_lib/callbacks/manager.py:52}}
Jul 15 00:47:56.274982 np0000185330 devstack@neutron-api.service[102018]: DEBUG neutron.api.extensions [None req-7a553b51-a1fe-46de-a28d-8e82b817912d None None] Ext name="L3 Agent Scheduler HA Chassis Priority" alias="l3-agent-scheduler-ha-chassis-priority" description="Exposes the HA_Chassis priority in the L3 Agent Scheduler API responses and allows setting priority when scheduling a router to a chassis." updated="2026-03-31T00:00:00-00:00" {{(pid=102018) _check_extension /opt/stack/neutron/neutron/api/extensions.py:415}}
Jul 15 00:47:56.275017 np0000185330 devstack@neutron-api.service[102020]: DEBUG neutron_lib.callbacks.manager [None req-f9b481b7-5612-4063-8dac-ced9d23d0835 None None] Subscribe: > router after_delete 55550000, False {{(pid=102020) subscribe /opt/stack/data/venv/lib/python3.12/site-packages/neutron_lib/callbacks/manager.py:52}}
Jul 15 00:47:56.275086 np0000185330 devstack@neutron-api.service[102020]: DEBUG neutron_lib.callbacks.manager [None req-f9b481b7-5612-4063-8dac-ced9d23d0835 None None] Subscribe: > router after_update 55550000, False {{(pid=102020) subscribe /opt/stack/data/venv/lib/python3.12/site-packages/neutron_lib/callbacks/manager.py:52}}
Jul 15 00:47:56.275152 np0000185330 devstack@neutron-api.service[102018]: INFO neutron.api.extensions [None req-7a553b51-a1fe-46de-a28d-8e82b817912d None None] Loaded extension: l3-agent-scheduler-ha-chassis-priority
Jul 15 00:47:56.275196 np0000185330 devstack@neutron-api.service[102020]: DEBUG neutron.services.service_base [None req-f9b481b7-5612-4063-8dac-ced9d23d0835 None None] Loaded 'neutron.services.ovn_l3.service_providers.ovn.OvnDriver' provider for service L3_ROUTER_NAT {{(pid=102020) load_drivers /opt/stack/neutron/neutron/services/service_base.py:49}}
Jul 15 00:47:56.275242 np0000185330 devstack@neutron-api.service[102018]: DEBUG neutron.api.extensions [None req-7a553b51-a1fe-46de-a28d-8e82b817912d None None] Loading extension file: l3_conntrack_helper.py {{(pid=102018) _load_all_extensions_from_path /opt/stack/neutron/neutron/api/extensions.py:449}}
Jul 15 00:47:56.275313 np0000185330 devstack@neutron-api.service[102020]: DEBUG neutron_lib.callbacks.manager [None req-f9b481b7-5612-4063-8dac-ced9d23d0835 None None] Subscribe: > process after_init 55550001, True {{(pid=102020) subscribe /opt/stack/data/venv/lib/python3.12/site-packages/neutron_lib/callbacks/manager.py:52}}
Jul 15 00:47:56.275435 np0000185330 devstack@neutron-api.service[102020]: DEBUG neutron.manager [None req-f9b481b7-5612-4063-8dac-ced9d23d0835 None None] Successfully loaded L3_ROUTER_NAT plugin. Description: L3 Router Service Plugin for basic L3 forwarding using OVN {{(pid=102020) _create_and_add_service_plugin /opt/stack/neutron/neutron/manager.py:236}}
Jul 15 00:47:56.275525 np0000185330 devstack@neutron-api.service[102020]: INFO neutron.manager [None req-f9b481b7-5612-4063-8dac-ced9d23d0835 None None] Loading Plugin: auto_allocate
Jul 15 00:47:56.275569 np0000185330 devstack@neutron-api.service[102021]: DEBUG neutron_lib.callbacks.manager [None req-41ac3900-b330-4195-b370-2940b6e3c5df None None] Subscribe: > router before_delete 55550000, False {{(pid=102021) subscribe /opt/stack/data/venv/lib/python3.12/site-packages/neutron_lib/callbacks/manager.py:52}}
Jul 15 00:47:56.275730 np0000185330 devstack@neutron-api.service[102021]: DEBUG neutron_lib.callbacks.manager [None req-41ac3900-b330-4195-b370-2940b6e3c5df None None] Subscribe: port before_update 55550000, False {{(pid=102021) subscribe /opt/stack/data/venv/lib/python3.12/site-packages/neutron_lib/callbacks/manager.py:52}}
Jul 15 00:47:56.275818 np0000185330 devstack@neutron-api.service[102018]: DEBUG neutron.api.extensions [None req-7a553b51-a1fe-46de-a28d-8e82b817912d None None] Ext name="L3 Conntrack helper" alias="l3-conntrack-helper" description="Allow adding CT target rules for conntrack helper" updated="2019-04-04T10:00:00-00:00" {{(pid=102018) _check_extension /opt/stack/neutron/neutron/api/extensions.py:415}}
Jul 15 00:47:56.275848 np0000185330 devstack@neutron-api.service[102021]: DEBUG neutron_lib.callbacks.manager [None req-41ac3900-b330-4195-b370-2940b6e3c5df None None] Subscribe: port after_update 55550000, False {{(pid=102021) subscribe /opt/stack/data/venv/lib/python3.12/site-packages/neutron_lib/callbacks/manager.py:52}}
Jul 15 00:47:56.275967 np0000185330 devstack@neutron-api.service[102021]: DEBUG neutron_lib.callbacks.manager [None req-41ac3900-b330-4195-b370-2940b6e3c5df None None] Subscribe: > port precommit_delete 55550000, False {{(pid=102021) subscribe /opt/stack/data/venv/lib/python3.12/site-packages/neutron_lib/callbacks/manager.py:52}}
Jul 15 00:47:56.275995 np0000185330 devstack@neutron-api.service[102018]: INFO neutron.api.extensions [None req-7a553b51-a1fe-46de-a28d-8e82b817912d None None] Extension l3-conntrack-helper not supported by any of loaded plugins
Jul 15 00:47:56.276046 np0000185330 devstack@neutron-api.service[102021]: DEBUG neutron_lib.callbacks.manager [None req-41ac3900-b330-4195-b370-2940b6e3c5df None None] Subscribe: port before_update 55550000, False {{(pid=102021) subscribe /opt/stack/data/venv/lib/python3.12/site-packages/neutron_lib/callbacks/manager.py:52}}
Jul 15 00:47:56.276072 np0000185330 devstack@neutron-api.service[102018]: DEBUG neutron.api.extensions [None req-7a553b51-a1fe-46de-a28d-8e82b817912d None None] Loading extension file: l3_enable_default_route_bfd.py {{(pid=102018) _load_all_extensions_from_path /opt/stack/neutron/neutron/api/extensions.py:449}}
Jul 15 00:47:56.276132 np0000185330 devstack@neutron-api.service[102021]: DEBUG neutron_lib.callbacks.manager [None req-41ac3900-b330-4195-b370-2940b6e3c5df None None] Subscribe: port before_delete 55550000, False {{(pid=102021) subscribe /opt/stack/data/venv/lib/python3.12/site-packages/neutron_lib/callbacks/manager.py:52}}
Jul 15 00:47:56.276232 np0000185330 devstack@neutron-api.service[102021]: DEBUG neutron_lib.callbacks.manager [None req-41ac3900-b330-4195-b370-2940b6e3c5df None None] Subscribe: > router precommit_create 55550000, False {{(pid=102021) subscribe /opt/stack/data/venv/lib/python3.12/site-packages/neutron_lib/callbacks/manager.py:52}}
Jul 15 00:47:56.276311 np0000185330 devstack@neutron-api.service[102018]: DEBUG neutron.api.extensions [None req-7a553b51-a1fe-46de-a28d-8e82b817912d None None] Ext name="Enable Default Route BFD" alias="enable-default-route-bfd" description="Enables configurable BFD behavior for default routes" updated="2023-02-27T00:00:00-00:00" {{(pid=102018) _check_extension /opt/stack/neutron/neutron/api/extensions.py:415}}
Jul 15 00:47:56.276344 np0000185330 devstack@neutron-api.service[102021]: DEBUG neutron_lib.callbacks.manager [None req-41ac3900-b330-4195-b370-2940b6e3c5df None None] Subscribe: > router precommit_create 55550000, False {{(pid=102021) subscribe /opt/stack/data/venv/lib/python3.12/site-packages/neutron_lib/callbacks/manager.py:52}}
Jul 15 00:47:56.276374 np0000185330 devstack@neutron-api.service[102020]: DEBUG neutron_lib.callbacks.manager [None req-f9b481b7-5612-4063-8dac-ced9d23d0835 None None] Subscribe: network precommit_update 55550000, False {{(pid=102020) subscribe /opt/stack/data/venv/lib/python3.12/site-packages/neutron_lib/callbacks/manager.py:52}}
Jul 15 00:47:56.276429 np0000185330 devstack@neutron-api.service[102021]: DEBUG neutron_lib.callbacks.manager [None req-41ac3900-b330-4195-b370-2940b6e3c5df None None] Subscribe: > router precommit_update 55550000, False {{(pid=102021) subscribe /opt/stack/data/venv/lib/python3.12/site-packages/neutron_lib/callbacks/manager.py:52}}
Jul 15 00:47:56.276481 np0000185330 devstack@neutron-api.service[102018]: INFO neutron.api.extensions [None req-7a553b51-a1fe-46de-a28d-8e82b817912d None None] Loaded extension: enable-default-route-bfd
Jul 15 00:47:56.276508 np0000185330 devstack@neutron-api.service[102020]: DEBUG neutron_lib.callbacks.manager [None req-f9b481b7-5612-4063-8dac-ced9d23d0835 None None] Subscribe: network precommit_create 55550000, False {{(pid=102020) subscribe /opt/stack/data/venv/lib/python3.12/site-packages/neutron_lib/callbacks/manager.py:52}}
Jul 15 00:47:56.276538 np0000185330 devstack@neutron-api.service[102021]: DEBUG neutron_lib.callbacks.manager [None req-41ac3900-b330-4195-b370-2940b6e3c5df None None] Subscribe: subnet after_update 55550000, False {{(pid=102021) subscribe /opt/stack/data/venv/lib/python3.12/site-packages/neutron_lib/callbacks/manager.py:52}}
Jul 15 00:47:56.276598 np0000185330 devstack@neutron-api.service[102018]: DEBUG neutron.api.extensions [None req-7a553b51-a1fe-46de-a28d-8e82b817912d None None] Loading extension file: l3_enable_default_route_ecmp.py {{(pid=102018) _load_all_extensions_from_path /opt/stack/neutron/neutron/api/extensions.py:449}}
Jul 15 00:47:56.276709 np0000185330 devstack@neutron-api.service[102020]: DEBUG neutron.manager [None req-f9b481b7-5612-4063-8dac-ced9d23d0835 None None] Successfully loaded auto-allocated-topology plugin. Description: Auto Allocated Topology - aka get me a network. {{(pid=102020) _create_and_add_service_plugin /opt/stack/neutron/neutron/manager.py:236}}
Jul 15 00:47:56.276740 np0000185330 devstack@neutron-api.service[102021]: DEBUG neutron.quota.resource_registry [None req-41ac3900-b330-4195-b370-2940b6e3c5df None None] Tracking information for resource: router configured {{(pid=102021) set_tracked_resource /opt/stack/neutron/neutron/quota/resource_registry.py:203}}
Jul 15 00:47:56.276802 np0000185330 devstack@neutron-api.service[102020]: INFO neutron.manager [None req-f9b481b7-5612-4063-8dac-ced9d23d0835 None None] Loading Plugin: tag
Jul 15 00:47:56.276829 np0000185330 devstack@neutron-api.service[102018]: DEBUG neutron.api.extensions [None req-7a553b51-a1fe-46de-a28d-8e82b817912d None None] Ext name="Enable Default Route ECMP" alias="enable-default-route-ecmp" description="Enables configurable ECMP behavior for default routes" updated="2023-02-27T00:00:00-00:00" {{(pid=102018) _check_extension /opt/stack/neutron/neutron/api/extensions.py:415}}
Jul 15 00:47:56.276854 np0000185330 devstack@neutron-api.service[102021]: DEBUG neutron.quota.resource_registry [None req-41ac3900-b330-4195-b370-2940b6e3c5df None None] Tracking information for resource: floatingip configured {{(pid=102021) set_tracked_resource /opt/stack/neutron/neutron/quota/resource_registry.py:203}}
Jul 15 00:47:56.276907 np0000185330 devstack@neutron-api.service[102021]: INFO neutron.services.ovn_l3.plugin [None req-41ac3900-b330-4195-b370-2940b6e3c5df None None] Starting OVNL3RouterPlugin
Jul 15 00:47:56.276974 np0000185330 devstack@neutron-api.service[102018]: INFO neutron.api.extensions [None req-7a553b51-a1fe-46de-a28d-8e82b817912d None None] Loaded extension: enable-default-route-ecmp
Jul 15 00:47:56.277065 np0000185330 devstack@neutron-api.service[102018]: DEBUG neutron.api.extensions [None req-7a553b51-a1fe-46de-a28d-8e82b817912d None None] Loading extension file: l3_ext_gw_mode.py {{(pid=102018) _load_all_extensions_from_path /opt/stack/neutron/neutron/api/extensions.py:449}}
Jul 15 00:47:56.277116 np0000185330 devstack@neutron-api.service[102021]: DEBUG neutron_lib.callbacks.manager [None req-41ac3900-b330-4195-b370-2940b6e3c5df None None] Subscribe: > port_forwarding_plugin after_init 55550000, False {{(pid=102021) subscribe /opt/stack/data/venv/lib/python3.12/site-packages/neutron_lib/callbacks/manager.py:52}}
