May 22 05:09:54.426199 np0000176179 devstack@neutron-api.service[103116]: DEBUG neutron.manager [None req-e83b46cf-bc22-4fa9-bf2b-ba88c2a2a331 None None] Successfully loaded L3_ROUTER_NAT plugin. Description: L3 Router Service Plugin for basic L3 forwarding using OVN {{(pid=103116) _create_and_add_service_plugin /opt/stack/neutron/neutron/manager.py:239}}
May 22 05:09:54.426629 np0000176179 devstack@neutron-api.service[103115]: DEBUG neutron_lib.callbacks.manager [None req-00a0c716-8e04-423c-98e5-d9126e5945c0 None None] Subscribe: > qos_plugin after_init 55550000, False {{(pid=103115) subscribe /opt/stack/data/venv/lib/python3.12/site-packages/neutron_lib/callbacks/manager.py:52}}
May 22 05:09:54.427075 np0000176179 devstack@neutron-api.service[103116]: INFO neutron.manager [None req-e83b46cf-bc22-4fa9-bf2b-ba88c2a2a331 None None] Loading Plugin: auto_allocate
May 22 05:09:54.427510 np0000176179 devstack@neutron-api.service[103115]: DEBUG neutron_lib.callbacks.manager [None req-00a0c716-8e04-423c-98e5-d9126e5945c0 None None] Subscribe: > trunk_plugin after_init 55550000, False {{(pid=103115) subscribe /opt/stack/data/venv/lib/python3.12/site-packages/neutron_lib/callbacks/manager.py:52}}
May 22 05:09:54.427510 np0000176179 devstack@neutron-api.service[103115]: DEBUG neutron_lib.callbacks.manager [None req-00a0c716-8e04-423c-98e5-d9126e5945c0 None None] Subscribe: > logging-plugin after_init 55550000, False {{(pid=103115) subscribe /opt/stack/data/venv/lib/python3.12/site-packages/neutron_lib/callbacks/manager.py:52}}
May 22 05:09:54.427510 np0000176179 devstack@neutron-api.service[103115]: INFO neutron.services.logapi.drivers.ovn.driver [None req-00a0c716-8e04-423c-98e5-d9126e5945c0 None None] OVN logging driver registered
May 22 05:09:54.428024 np0000176179 devstack@neutron-api.service[103116]: DEBUG neutron_lib.callbacks.manager [None req-e83b46cf-bc22-4fa9-bf2b-ba88c2a2a331 None None] Subscribe: network precommit_update 55550000, False {{(pid=103116) subscribe /opt/stack/data/venv/lib/python3.12/site-packages/neutron_lib/callbacks/manager.py:52}}
May 22 05:09:54.428024 np0000176179 devstack@neutron-api.service[103116]: DEBUG neutron_lib.callbacks.manager [None req-e83b46cf-bc22-4fa9-bf2b-ba88c2a2a331 None None] Subscribe: network precommit_create 55550000, False {{(pid=103116) subscribe /opt/stack/data/venv/lib/python3.12/site-packages/neutron_lib/callbacks/manager.py:52}}
May 22 05:09:54.428024 np0000176179 devstack@neutron-api.service[103116]: DEBUG neutron.manager [None req-e83b46cf-bc22-4fa9-bf2b-ba88c2a2a331 None None] Successfully loaded auto-allocated-topology plugin. Description: Auto Allocated Topology - aka get me a network. {{(pid=103116) _create_and_add_service_plugin /opt/stack/neutron/neutron/manager.py:239}}
May 22 05:09:54.428024 np0000176179 devstack@neutron-api.service[103116]: INFO neutron.manager [None req-e83b46cf-bc22-4fa9-bf2b-ba88c2a2a331 None None] Loading Plugin: tag
May 22 05:09:54.428579 np0000176179 devstack@neutron-api.service[103115]: DEBUG neutron.plugins.ml2.plugin [None req-00a0c716-8e04-423c-98e5-d9126e5945c0 None None] neutron.plugins.ml2.plugin.Ml2Plugin method _start_rpc_notifiers called with arguments () {} {{(pid=103115) wrapper /opt/stack/data/venv/lib/python3.12/site-packages/oslo_log/helpers.py:77}}
May 22 05:09:54.428579 np0000176179 devstack@neutron-api.service[103115]: DEBUG neutron_lib.callbacks.manager [None req-00a0c716-8e04-423c-98e5-d9126e5945c0 None None] Subscribe: > port after_create 55550000, False {{(pid=103115) subscribe /opt/stack/data/venv/lib/python3.12/site-packages/neutron_lib/callbacks/manager.py:52}}
May 22 05:09:54.428579 np0000176179 devstack@neutron-api.service[103115]: DEBUG neutron_lib.callbacks.manager [None req-00a0c716-8e04-423c-98e5-d9126e5945c0 None None] Subscribe: > port after_update 55550000, False {{(pid=103115) subscribe /opt/stack/data/venv/lib/python3.12/site-packages/neutron_lib/callbacks/manager.py:52}}
May 22 05:09:54.428579 np0000176179 devstack@neutron-api.service[103115]: DEBUG neutron_lib.callbacks.manager [None req-00a0c716-8e04-423c-98e5-d9126e5945c0 None None] Subscribe: > port after_delete 55550000, False {{(pid=103115) subscribe /opt/stack/data/venv/lib/python3.12/site-packages/neutron_lib/callbacks/manager.py:52}}
May 22 05:09:54.428579 np0000176179 devstack@neutron-api.service[103115]: DEBUG neutron_lib.callbacks.manager [None req-00a0c716-8e04-423c-98e5-d9126e5945c0 None None] Subscribe: > subnet after_create 55550000, False {{(pid=103115) subscribe /opt/stack/data/venv/lib/python3.12/site-packages/neutron_lib/callbacks/manager.py:52}}
May 22 05:09:54.429214 np0000176179 devstack@neutron-api.service[103115]: DEBUG neutron_lib.callbacks.manager [None req-00a0c716-8e04-423c-98e5-d9126e5945c0 None None] Subscribe: > subnet after_update 55550000, False {{(pid=103115) subscribe /opt/stack/data/venv/lib/python3.12/site-packages/neutron_lib/callbacks/manager.py:52}}
May 22 05:09:54.429214 np0000176179 devstack@neutron-api.service[103115]: DEBUG neutron_lib.callbacks.manager [None req-00a0c716-8e04-423c-98e5-d9126e5945c0 None None] Subscribe: > subnet after_delete 55550000, False {{(pid=103115) subscribe /opt/stack/data/venv/lib/python3.12/site-packages/neutron_lib/callbacks/manager.py:52}}
May 22 05:09:54.429214 np0000176179 devstack@neutron-api.service[103115]: DEBUG neutron_lib.callbacks.manager [None req-00a0c716-8e04-423c-98e5-d9126e5945c0 None None] Subscribe: > network after_create 55550000, False {{(pid=103115) subscribe /opt/stack/data/venv/lib/python3.12/site-packages/neutron_lib/callbacks/manager.py:52}}
May 22 05:09:54.429214 np0000176179 devstack@neutron-api.service[103115]: DEBUG neutron_lib.callbacks.manager [None req-00a0c716-8e04-423c-98e5-d9126e5945c0 None None] Subscribe: > network after_update 55550000, False {{(pid=103115) subscribe /opt/stack/data/venv/lib/python3.12/site-packages/neutron_lib/callbacks/manager.py:52}}
May 22 05:09:54.430293 np0000176179 devstack@neutron-api.service[103115]: DEBUG neutron_lib.callbacks.manager [None req-00a0c716-8e04-423c-98e5-d9126e5945c0 None None] Subscribe: > network after_delete 55550000, False {{(pid=103115) subscribe /opt/stack/data/venv/lib/python3.12/site-packages/neutron_lib/callbacks/manager.py:52}}
May 22 05:09:54.430293 np0000176179 devstack@neutron-api.service[103115]: DEBUG neutron_lib.callbacks.manager [None req-00a0c716-8e04-423c-98e5-d9126e5945c0 None None] Subscribe: > security_group after_create 55550000, False {{(pid=103115) subscribe /opt/stack/data/venv/lib/python3.12/site-packages/neutron_lib/callbacks/manager.py:52}}
May 22 05:09:54.430293 np0000176179 devstack@neutron-api.service[103115]: DEBUG neutron_lib.callbacks.manager [None req-00a0c716-8e04-423c-98e5-d9126e5945c0 None None] Subscribe: > security_group after_update 55550000, False {{(pid=103115) subscribe /opt/stack/data/venv/lib/python3.12/site-packages/neutron_lib/callbacks/manager.py:52}}
May 22 05:09:54.430293 np0000176179 devstack@neutron-api.service[103115]: DEBUG neutron_lib.callbacks.manager [None req-00a0c716-8e04-423c-98e5-d9126e5945c0 None None] Subscribe: > security_group after_delete 55550000, False {{(pid=103115) subscribe /opt/stack/data/venv/lib/python3.12/site-packages/neutron_lib/callbacks/manager.py:52}}
May 22 05:09:54.430547 np0000176179 devstack@neutron-api.service[103115]: DEBUG neutron_lib.callbacks.manager [None req-00a0c716-8e04-423c-98e5-d9126e5945c0 None None] Subscribe: > security_group_rule after_create 55550000, False {{(pid=103115) subscribe /opt/stack/data/venv/lib/python3.12/site-packages/neutron_lib/callbacks/manager.py:52}}
May 22 05:09:54.430547 np0000176179 devstack@neutron-api.service[103115]: DEBUG neutron_lib.callbacks.manager [None req-00a0c716-8e04-423c-98e5-d9126e5945c0 None None] Subscribe: > security_group_rule after_update 55550000, False {{(pid=103115) subscribe /opt/stack/data/venv/lib/python3.12/site-packages/neutron_lib/callbacks/manager.py:52}}
May 22 05:09:54.430547 np0000176179 devstack@neutron-api.service[103115]: DEBUG neutron_lib.callbacks.manager [None req-00a0c716-8e04-423c-98e5-d9126e5945c0 None None] Subscribe: > security_group_rule after_delete 55550000, False {{(pid=103115) subscribe /opt/stack/data/venv/lib/python3.12/site-packages/neutron_lib/callbacks/manager.py:52}}
May 22 05:09:54.430746 np0000176179 devstack@neutron-api.service[103116]: DEBUG neutron.manager [None req-e83b46cf-bc22-4fa9-bf2b-ba88c2a2a331 None None] Successfully loaded TAG plugin. Description: Tag support {{(pid=103116) _create_and_add_service_plugin /opt/stack/neutron/neutron/manager.py:239}}
May 22 05:09:54.430847 np0000176179 devstack@neutron-api.service[103115]: DEBUG neutron_lib.callbacks.manager [None req-00a0c716-8e04-423c-98e5-d9126e5945c0 None None] Subscribe: > address_group after_create 55550000, False {{(pid=103115) subscribe /opt/stack/data/venv/lib/python3.12/site-packages/neutron_lib/callbacks/manager.py:52}}
May 22 05:09:54.430875 np0000176179 devstack@neutron-api.service[103116]: INFO neutron.manager [None req-e83b46cf-bc22-4fa9-bf2b-ba88c2a2a331 None None] Loading Plugin: timestamp
May 22 05:09:54.430931 np0000176179 devstack@neutron-api.service[103115]: DEBUG neutron_lib.callbacks.manager [None req-00a0c716-8e04-423c-98e5-d9126e5945c0 None None] Subscribe: > address_group after_update 55550000, False {{(pid=103115) subscribe /opt/stack/data/venv/lib/python3.12/site-packages/neutron_lib/callbacks/manager.py:52}}
May 22 05:09:54.430931 np0000176179 devstack@neutron-api.service[103115]: DEBUG neutron_lib.callbacks.manager [None req-00a0c716-8e04-423c-98e5-d9126e5945c0 None None] Subscribe: > address_group after_delete 55550000, False {{(pid=103115) subscribe /opt/stack/data/venv/lib/python3.12/site-packages/neutron_lib/callbacks/manager.py:52}}
May 22 05:09:54.430931 np0000176179 devstack@neutron-api.service[103115]: DEBUG neutron.plugins.ml2.ovo_rpc [None req-00a0c716-8e04-423c-98e5-d9126e5945c0 None None] ML2 OVO RPC backend initialized. {{(pid=103115) __init__ /opt/stack/neutron/neutron/plugins/ml2/ovo_rpc.py:117}}
May 22 05:09:54.430931 np0000176179 devstack@neutron-api.service[103115]: INFO neutron.quota [None req-00a0c716-8e04-423c-98e5-d9126e5945c0 None None] Loaded quota_driver: .
May 22 05:09:54.431019 np0000176179 devstack@neutron-api.service[103116]: DEBUG neutron.manager [None req-e83b46cf-bc22-4fa9-bf2b-ba88c2a2a331 None None] Successfully loaded timestamp plugin. Description: Adds timestamps to Neutron resources with standard attributes {{(pid=103116) _create_and_add_service_plugin /opt/stack/neutron/neutron/manager.py:239}}
May 22 05:09:54.431019 np0000176179 devstack@neutron-api.service[103116]: INFO neutron.manager [None req-e83b46cf-bc22-4fa9-bf2b-ba88c2a2a331 None None] Loading Plugin: network_ip_availability
May 22 05:09:54.431112 np0000176179 devstack@neutron-api.service[103115]: INFO neutron.plugins.ml2.plugin [None req-00a0c716-8e04-423c-98e5-d9126e5945c0 None None] Modular L2 Plugin initialization complete
May 22 05:09:54.431112 np0000176179 devstack@neutron-api.service[103115]: DEBUG neutron.manager [None req-00a0c716-8e04-423c-98e5-d9126e5945c0 None None] Loading services supported by the core plugin {{(pid=103115) _load_services_from_core_plugin /opt/stack/neutron/neutron/manager.py:170}}
May 22 05:09:54.431112 np0000176179 devstack@neutron-api.service[103115]: INFO neutron.plugins.ml2.managers [None req-00a0c716-8e04-423c-98e5-d9126e5945c0 None None] Got port-security extension from driver 'port_security'
May 22 05:09:54.431112 np0000176179 devstack@neutron-api.service[103115]: DEBUG neutron.manager [None req-00a0c716-8e04-423c-98e5-d9126e5945c0 None None] Loading service plugins: ['ovn-router', 'auto_allocate', 'tag', 'timestamp', 'network_ip_availability', 'flavors', 'revisions'] {{(pid=103115) _load_service_plugins /opt/stack/neutron/neutron/manager.py:195}}
May 22 05:09:54.431112 np0000176179 devstack@neutron-api.service[103115]: INFO neutron.manager [None req-00a0c716-8e04-423c-98e5-d9126e5945c0 None None] Loading Plugin: ovn-router
May 22 05:09:54.431276 np0000176179 devstack@neutron-api.service[103116]: DEBUG neutron.manager [None req-e83b46cf-bc22-4fa9-bf2b-ba88c2a2a331 None None] Successfully loaded network-ip-availability plugin. Description: Provides IP availability data for each network and subnet. {{(pid=103116) _create_and_add_service_plugin /opt/stack/neutron/neutron/manager.py:239}}
May 22 05:09:54.431276 np0000176179 devstack@neutron-api.service[103116]: INFO neutron.manager [None req-e83b46cf-bc22-4fa9-bf2b-ba88c2a2a331 None None] Loading Plugin: flavors
May 22 05:09:54.431276 np0000176179 devstack@neutron-api.service[103116]: DEBUG neutron.manager [None req-e83b46cf-bc22-4fa9-bf2b-ba88c2a2a331 None None] Successfully loaded FLAVORS plugin. Description: Neutron Flavors and Service Profiles manager plugin {{(pid=103116) _create_and_add_service_plugin /opt/stack/neutron/neutron/manager.py:239}}
May 22 05:09:54.431276 np0000176179 devstack@neutron-api.service[103116]: INFO neutron.manager [None req-e83b46cf-bc22-4fa9-bf2b-ba88c2a2a331 None None] Loading Plugin: revisions
May 22 05:09:54.431405 np0000176179 devstack@neutron-api.service[103116]: DEBUG neutron.manager [None req-e83b46cf-bc22-4fa9-bf2b-ba88c2a2a331 None None] Successfully loaded revision_plugin plugin. Description: Adds revision numbers to resources. {{(pid=103116) _create_and_add_service_plugin /opt/stack/neutron/neutron/manager.py:239}}
May 22 05:09:54.432045 np0000176179 devstack@neutron-api.service[103116]: DEBUG oslo_concurrency.lockutils [None req-e83b46cf-bc22-4fa9-bf2b-ba88c2a2a331 None None] Lock "manager" "released" by "neutron.manager.NeutronManager._create_instance" :: held 4.688s {{(pid=103116) inner /opt/stack/data/venv/lib/python3.12/site-packages/oslo_concurrency/lockutils.py:543}}
May 22 05:09:54.432045 np0000176179 devstack@neutron-api.service[103116]: DEBUG neutron.api.extensions [None req-e83b46cf-bc22-4fa9-bf2b-ba88c2a2a331 None None] get_extension_paths = OrderedDict({'/opt/stack/neutron/neutron/extensions': 1}) {{(pid=103116) get_extensions_path /opt/stack/neutron/neutron/api/extensions.py:640}}
May 22 05:09:54.432045 np0000176179 devstack@neutron-api.service[103116]: INFO neutron.api.extensions [None req-e83b46cf-bc22-4fa9-bf2b-ba88c2a2a331 None None] Initializing extension manager.
May 22 05:09:54.432459 np0000176179 devstack@neutron-api.service[103116]: DEBUG neutron.api.extensions [None req-e83b46cf-bc22-4fa9-bf2b-ba88c2a2a331 None None] Loading extension file: __init__.py {{(pid=103116) _load_all_extensions_from_path /opt/stack/neutron/neutron/api/extensions.py:449}}
May 22 05:09:54.432459 np0000176179 devstack@neutron-api.service[103116]: DEBUG neutron.api.extensions [None req-e83b46cf-bc22-4fa9-bf2b-ba88c2a2a331 None None] Loading extension file: __pycache__ {{(pid=103116) _load_all_extensions_from_path /opt/stack/neutron/neutron/api/extensions.py:449}}
May 22 05:09:54.432459 np0000176179 devstack@neutron-api.service[103116]: DEBUG neutron.api.extensions [None req-e83b46cf-bc22-4fa9-bf2b-ba88c2a2a331 None None] Loading extension file: aap_reject_multicast.py {{(pid=103116) _load_all_extensions_from_path /opt/stack/neutron/neutron/api/extensions.py:449}}
May 22 05:09:54.432800 np0000176179 devstack@neutron-api.service[103116]: DEBUG neutron.api.extensions [None req-e83b46cf-bc22-4fa9-bf2b-ba88c2a2a331 None None] Ext name="Allowed address pairs reject multicast extension" alias="aap-reject-multicast" description="Reject multicast addresses in Allowed Address Pairs" updated="2026-04-01T00:00:00-00:00" {{(pid=103116) _check_extension /opt/stack/neutron/neutron/api/extensions.py:415}}
May 22 05:09:54.432800 np0000176179 devstack@neutron-api.service[103116]: INFO neutron.api.extensions [None req-e83b46cf-bc22-4fa9-bf2b-ba88c2a2a331 None None] Extension aap-reject-multicast not supported by any of loaded plugins
May 22 05:09:54.433198 np0000176179 devstack@neutron-api.service[103116]: DEBUG neutron.api.extensions [None req-e83b46cf-bc22-4fa9-bf2b-ba88c2a2a331 None None] Loading extension file: address_group.py {{(pid=103116) _load_all_extensions_from_path /opt/stack/neutron/neutron/api/extensions.py:449}}
May 22 05:09:54.433448 np0000176179 devstack@neutron-api.service[103116]: DEBUG neutron.api.extensions [None req-e83b46cf-bc22-4fa9-bf2b-ba88c2a2a331 None None] Ext name="Address group" alias="address-group" description="Support address group" updated="2020-07-15T10:00:00-00:00" {{(pid=103116) _check_extension /opt/stack/neutron/neutron/api/extensions.py:415}}
May 22 05:09:54.433448 np0000176179 devstack@neutron-api.service[103116]: INFO neutron.api.extensions [None req-e83b46cf-bc22-4fa9-bf2b-ba88c2a2a331 None None] Loaded extension: address-group
May 22 05:09:54.433719 np0000176179 devstack@neutron-api.service[103116]: DEBUG neutron.api.extensions [None req-e83b46cf-bc22-4fa9-bf2b-ba88c2a2a331 None None] Loading extension file: address_scope.py {{(pid=103116) _load_all_extensions_from_path /opt/stack/neutron/neutron/api/extensions.py:449}}
May 22 05:09:54.433987 np0000176179 devstack@neutron-api.service[103116]: DEBUG neutron.api.extensions [None req-e83b46cf-bc22-4fa9-bf2b-ba88c2a2a331 None None] Ext name="Address scope" alias="address-scope" description="Address scopes extension." updated="2015-07-26T10:00:00-00:00" {{(pid=103116) _check_extension /opt/stack/neutron/neutron/api/extensions.py:415}}
May 22 05:09:54.433987 np0000176179 devstack@neutron-api.service[103116]: INFO neutron.api.extensions [None req-e83b46cf-bc22-4fa9-bf2b-ba88c2a2a331 None None] Loaded extension: address-scope
May 22 05:09:54.434140 np0000176179 devstack@neutron-api.service[103116]: DEBUG neutron.api.extensions [None req-e83b46cf-bc22-4fa9-bf2b-ba88c2a2a331 None None] Loading extension file: admin_state_down_before_update.py {{(pid=103116) _load_all_extensions_from_path /opt/stack/neutron/neutron/api/extensions.py:449}}
May 22 05:09:54.434417 np0000176179 devstack@neutron-api.service[103116]: DEBUG neutron.api.extensions [None req-e83b46cf-bc22-4fa9-bf2b-ba88c2a2a331 None None] Ext name="Enforce Router's Admin State Down Before Update Extension" alias="router-admin-state-down-before-update" description="Ensure that the admin state of a router is DOWN (admin_state_up=False) before updating the distributed attribute" updated="2019-07-02T15:56:00" {{(pid=103116) _check_extension /opt/stack/neutron/neutron/api/extensions.py:415}}
May 22 05:09:54.434589 np0000176179 devstack@neutron-api.service[103116]: INFO neutron.api.extensions [None req-e83b46cf-bc22-4fa9-bf2b-ba88c2a2a331 None None] Extension router-admin-state-down-before-update not supported by any of loaded plugins
May 22 05:09:54.434589 np0000176179 devstack@neutron-api.service[103116]: DEBUG neutron.api.extensions [None req-e83b46cf-bc22-4fa9-bf2b-ba88c2a2a331 None None] Loading extension file: agent.py {{(pid=103116) _load_all_extensions_from_path /opt/stack/neutron/neutron/api/extensions.py:449}}
May 22 05:09:54.435143 np0000176179 devstack@neutron-api.service[103116]: DEBUG neutron.api.extensions [None req-e83b46cf-bc22-4fa9-bf2b-ba88c2a2a331 None None] Ext name="agent" alias="agent" description="The agent management extension." updated="2013-02-03T10:00:00-00:00" {{(pid=103116) _check_extension /opt/stack/neutron/neutron/api/extensions.py:415}}
May 22 05:09:54.435143 np0000176179 devstack@neutron-api.service[103116]: INFO neutron.api.extensions [None req-e83b46cf-bc22-4fa9-bf2b-ba88c2a2a331 None None] Loaded extension: agent
May 22 05:09:54.435412 np0000176179 devstack@neutron-api.service[103116]: DEBUG neutron.api.extensions [None req-e83b46cf-bc22-4fa9-bf2b-ba88c2a2a331 None None] Loading extension file: agent_resources_synced.py {{(pid=103116) _load_all_extensions_from_path /opt/stack/neutron/neutron/api/extensions.py:449}}
May 22 05:09:54.435626 np0000176179 devstack@neutron-api.service[103116]: DEBUG neutron.api.extensions [None req-e83b46cf-bc22-4fa9-bf2b-ba88c2a2a331 None None] Ext name="Agent's Resource View Synced to Placement" alias="agent-resources-synced" description="Stores success/failure of last sync to Placement" updated="2018-12-19T00:00:00-00:00" {{(pid=103116) _check_extension /opt/stack/neutron/neutron/api/extensions.py:415}}
May 22 05:09:54.435626 np0000176179 devstack@neutron-api.service[103116]: INFO neutron.api.extensions [None req-e83b46cf-bc22-4fa9-bf2b-ba88c2a2a331 None None] Extension agent-resources-synced not supported by any of loaded plugins
May 22 05:09:54.435933 np0000176179 devstack@neutron-api.service[103116]: DEBUG neutron.api.extensions [None req-e83b46cf-bc22-4fa9-bf2b-ba88c2a2a331 None None] Loading extension file: agent_sort_key.py {{(pid=103116) _load_all_extensions_from_path /opt/stack/neutron/neutron/api/extensions.py:449}}
May 22 05:09:54.436007 np0000176179 devstack@neutron-api.service[103116]: DEBUG neutron.api.extensions [None req-e83b46cf-bc22-4fa9-bf2b-ba88c2a2a331 None None] Ext name="Agents Sort Key" alias="agent_sort_key" description="Enabling the keyword sort_key for sorting in agents." updated="2013-02-03T10:00:00-00:00" {{(pid=103116) _check_extension /opt/stack/neutron/neutron/api/extensions.py:415}}
May 22 05:09:54.436199 np0000176179 devstack@neutron-api.service[103116]: INFO neutron.api.extensions [None req-e83b46cf-bc22-4fa9-bf2b-ba88c2a2a331 None None] Extension agent_sort_key not supported by any of loaded plugins
May 22 05:09:54.436362 np0000176179 devstack@neutron-api.service[103116]: DEBUG neutron.api.extensions [None req-e83b46cf-bc22-4fa9-bf2b-ba88c2a2a331 None None] Loading extension file: allowedaddresspairs.py {{(pid=103116) _load_all_extensions_from_path /opt/stack/neutron/neutron/api/extensions.py:449}}
May 22 05:09:54.436972 np0000176179 devstack@neutron-api.service[103116]: DEBUG neutron.api.extensions [None req-e83b46cf-bc22-4fa9-bf2b-ba88c2a2a331 None None] Ext name="Allowed Address Pairs" alias="allowed-address-pairs" description="Provides allowed address pairs" updated="2013-07-23T10:00:00-00:00" {{(pid=103116) _check_extension /opt/stack/neutron/neutron/api/extensions.py:415}}
May 22 05:09:54.437153 np0000176179 devstack@neutron-api.service[103116]: INFO neutron.api.extensions [None req-e83b46cf-bc22-4fa9-bf2b-ba88c2a2a331 None None] Loaded extension: allowed-address-pairs
May 22 05:09:54.437300 np0000176179 devstack@neutron-api.service[103116]: DEBUG neutron.api.extensions [None req-e83b46cf-bc22-4fa9-bf2b-ba88c2a2a331 None None] Loading extension file: auto_allocated_topology.py {{(pid=103116) _load_all_extensions_from_path /opt/stack/neutron/neutron/api/extensions.py:449}}
May 22 05:09:54.437536 np0000176179 devstack@neutron-api.service[103116]: DEBUG neutron.api.extensions [None req-e83b46cf-bc22-4fa9-bf2b-ba88c2a2a331 None None] Ext name="Auto Allocated Topology Services" alias="auto-allocated-topology" description="Auto Allocated Topology Services." updated="2016-01-01T00:00:00-00:00" {{(pid=103116) _check_extension /opt/stack/neutron/neutron/api/extensions.py:415}}
May 22 05:09:54.437712 np0000176179 devstack@neutron-api.service[103116]: INFO neutron.api.extensions [None req-e83b46cf-bc22-4fa9-bf2b-ba88c2a2a331 None None] Loaded extension: auto-allocated-topology
May 22 05:09:54.437771 np0000176179 devstack@neutron-api.service[103116]: DEBUG neutron.api.extensions [None req-e83b46cf-bc22-4fa9-bf2b-ba88c2a2a331 None None] Loading extension file: availability_zone.py {{(pid=103116) _load_all_extensions_from_path /opt/stack/neutron/neutron/api/extensions.py:449}}
May 22 05:09:54.438032 np0000176179 devstack@neutron-api.service[103115]: DEBUG neutron_lib.callbacks.manager [None req-00a0c716-8e04-423c-98e5-d9126e5945c0 None None] Subscribe: > router before_delete 55550000, False {{(pid=103115) subscribe /opt/stack/data/venv/lib/python3.12/site-packages/neutron_lib/callbacks/manager.py:52}}
May 22 05:09:54.438060 np0000176179 devstack@neutron-api.service[103116]: DEBUG neutron.api.extensions [None req-e83b46cf-bc22-4fa9-bf2b-ba88c2a2a331 None None] Ext name="Availability Zone" alias="availability_zone" description="The availability zone extension." updated="2015-01-01T10:00:00-00:00" {{(pid=103116) _check_extension /opt/stack/neutron/neutron/api/extensions.py:415}}
May 22 05:09:54.438164 np0000176179 devstack@neutron-api.service[103115]: DEBUG neutron_lib.callbacks.manager [None req-00a0c716-8e04-423c-98e5-d9126e5945c0 None None] Subscribe: port before_update 55550000, False {{(pid=103115) subscribe /opt/stack/data/venv/lib/python3.12/site-packages/neutron_lib/callbacks/manager.py:52}}
May 22 05:09:54.438259 np0000176179 devstack@neutron-api.service[103116]: INFO neutron.api.extensions [None req-e83b46cf-bc22-4fa9-bf2b-ba88c2a2a331 None None] Loaded extension: availability_zone
May 22 05:09:54.438416 np0000176179 devstack@neutron-api.service[103115]: DEBUG neutron_lib.callbacks.manager [None req-00a0c716-8e04-423c-98e5-d9126e5945c0 None None] Subscribe: port after_update 55550000, False {{(pid=103115) subscribe /opt/stack/data/venv/lib/python3.12/site-packages/neutron_lib/callbacks/manager.py:52}}
May 22 05:09:54.438580 np0000176179 devstack@neutron-api.service[103116]: DEBUG neutron.api.extensions [None req-e83b46cf-bc22-4fa9-bf2b-ba88c2a2a331 None None] Loading extension file: availability_zone_filter.py {{(pid=103116) _load_all_extensions_from_path /opt/stack/neutron/neutron/api/extensions.py:449}}
May 22 05:09:54.438753 np0000176179 devstack@neutron-api.service[103115]: DEBUG neutron_lib.callbacks.manager [None req-00a0c716-8e04-423c-98e5-d9126e5945c0 None None] Subscribe: > port precommit_delete 55550000, False {{(pid=103115) subscribe /opt/stack/data/venv/lib/python3.12/site-packages/neutron_lib/callbacks/manager.py:52}}
May 22 05:09:54.438753 np0000176179 devstack@neutron-api.service[103115]: DEBUG neutron_lib.callbacks.manager [None req-00a0c716-8e04-423c-98e5-d9126e5945c0 None None] Subscribe: port before_update 55550000, False {{(pid=103115) subscribe /opt/stack/data/venv/lib/python3.12/site-packages/neutron_lib/callbacks/manager.py:52}}
May 22 05:09:54.438982 np0000176179 devstack@neutron-api.service[103116]: DEBUG neutron.api.extensions [None req-e83b46cf-bc22-4fa9-bf2b-ba88c2a2a331 None None] Ext name="Availability Zone Filter Extension" alias="availability_zone_filter" description="Add filter parameters to AvailabilityZone resource" updated="2018-06-22T10:00:00-00:00" {{(pid=103116) _check_extension /opt/stack/neutron/neutron/api/extensions.py:415}}
May 22 05:09:54.439014 np0000176179 devstack@neutron-api.service[103115]: DEBUG neutron_lib.callbacks.manager [None req-00a0c716-8e04-423c-98e5-d9126e5945c0 None None] Subscribe: port before_delete 55550000, False {{(pid=103115) subscribe /opt/stack/data/venv/lib/python3.12/site-packages/neutron_lib/callbacks/manager.py:52}}
May 22 05:09:54.439014 np0000176179 devstack@neutron-api.service[103115]: DEBUG neutron_lib.callbacks.manager [None req-00a0c716-8e04-423c-98e5-d9126e5945c0 None None] Subscribe: > router precommit_create 55550000, False {{(pid=103115) subscribe /opt/stack/data/venv/lib/python3.12/site-packages/neutron_lib/callbacks/manager.py:52}}
May 22 05:09:54.439063 np0000176179 devstack@neutron-api.service[103116]: INFO neutron.api.extensions [None req-e83b46cf-bc22-4fa9-bf2b-ba88c2a2a331 None None] Extension availability_zone_filter not supported by any of loaded plugins
May 22 05:09:54.439087 np0000176179 devstack@neutron-api.service[103115]: DEBUG neutron_lib.callbacks.manager [None req-00a0c716-8e04-423c-98e5-d9126e5945c0 None None] Subscribe: > router precommit_create 55550000, False {{(pid=103115) subscribe /opt/stack/data/venv/lib/python3.12/site-packages/neutron_lib/callbacks/manager.py:52}}
May 22 05:09:54.439118 np0000176179 devstack@neutron-api.service[103116]: DEBUG neutron.api.extensions [None req-e83b46cf-bc22-4fa9-bf2b-ba88c2a2a331 None None] Loading extension file: data_plane_status.py {{(pid=103116) _load_all_extensions_from_path /opt/stack/neutron/neutron/api/extensions.py:449}}
May 22 05:09:54.439142 np0000176179 devstack@neutron-api.service[103115]: DEBUG neutron_lib.callbacks.manager [None req-00a0c716-8e04-423c-98e5-d9126e5945c0 None None] Subscribe: > router precommit_update 55550000, False {{(pid=103115) subscribe /opt/stack/data/venv/lib/python3.12/site-packages/neutron_lib/callbacks/manager.py:52}}
May 22 05:09:54.439142 np0000176179 devstack@neutron-api.service[103115]: DEBUG neutron_lib.callbacks.manager [None req-00a0c716-8e04-423c-98e5-d9126e5945c0 None None] Subscribe: subnet after_update 55550000, False {{(pid=103115) subscribe /opt/stack/data/venv/lib/python3.12/site-packages/neutron_lib/callbacks/manager.py:52}}
May 22 05:09:54.439187 np0000176179 devstack@neutron-api.service[103116]: DEBUG neutron.api.extensions [None req-e83b46cf-bc22-4fa9-bf2b-ba88c2a2a331 None None] Ext name="Port data plane status extension" alias="data-plane-status" description="Expose status of underlying data plane" updated="2017-01-24T10:00:00-00:00" {{(pid=103116) _check_extension /opt/stack/neutron/neutron/api/extensions.py:415}}
May 22 05:09:54.439211 np0000176179 devstack@neutron-api.service[103115]: DEBUG neutron.quota.resource_registry [None req-00a0c716-8e04-423c-98e5-d9126e5945c0 None None] Tracking information for resource: router configured {{(pid=103115) set_tracked_resource /opt/stack/neutron/neutron/quota/resource_registry.py:203}}
May 22 05:09:54.439233 np0000176179 devstack@neutron-api.service[103116]: INFO neutron.api.extensions [None req-e83b46cf-bc22-4fa9-bf2b-ba88c2a2a331 None None] Extension data-plane-status not supported by any of loaded plugins
May 22 05:09:54.439260 np0000176179 devstack@neutron-api.service[103115]: DEBUG neutron.quota.resource_registry [None req-00a0c716-8e04-423c-98e5-d9126e5945c0 None None] Tracking information for resource: floatingip configured {{(pid=103115) set_tracked_resource /opt/stack/neutron/neutron/quota/resource_registry.py:203}}
May 22 05:09:54.439289 np0000176179 devstack@neutron-api.service[103116]: DEBUG neutron.api.extensions [None req-e83b46cf-bc22-4fa9-bf2b-ba88c2a2a331 None None] Loading extension file: default_subnetpools.py {{(pid=103116) _load_all_extensions_from_path /opt/stack/neutron/neutron/api/extensions.py:449}}
May 22 05:09:54.439460 np0000176179 devstack@neutron-api.service[103115]: INFO neutron.services.ovn_l3.plugin [None req-00a0c716-8e04-423c-98e5-d9126e5945c0 None None] Starting OVNL3RouterPlugin
May 22 05:09:54.439639 np0000176179 devstack@neutron-api.service[103116]: DEBUG neutron.api.extensions [None req-e83b46cf-bc22-4fa9-bf2b-ba88c2a2a331 None None] Ext name="Default Subnetpools" alias="default-subnetpools" description="Provides ability to mark and use a subnetpool as the default." updated="2016-02-18T18:00:00-00:00" {{(pid=103116) _check_extension /opt/stack/neutron/neutron/api/extensions.py:415}}
May 22 05:09:54.439811 np0000176179 devstack@neutron-api.service[103115]: DEBUG neutron_lib.callbacks.manager [None req-00a0c716-8e04-423c-98e5-d9126e5945c0 None None] Subscribe: > port_forwarding_plugin after_init 55550000, False {{(pid=103115) subscribe /opt/stack/data/venv/lib/python3.12/site-packages/neutron_lib/callbacks/manager.py:52}}
May 22 05:09:54.440013 np0000176179 devstack@neutron-api.service[103116]: INFO neutron.api.extensions [None req-e83b46cf-bc22-4fa9-bf2b-ba88c2a2a331 None None] Loaded extension: default-subnetpools
May 22 05:09:54.440013 np0000176179 devstack@neutron-api.service[103116]: DEBUG neutron.api.extensions [None req-e83b46cf-bc22-4fa9-bf2b-ba88c2a2a331 None None] Loading extension file: dhcpagentscheduler.py {{(pid=103116) _load_all_extensions_from_path /opt/stack/neutron/neutron/api/extensions.py:449}}
May 22 05:09:54.440205 np0000176179 devstack@neutron-api.service[103115]: DEBUG neutron_lib.callbacks.manager [None req-00a0c716-8e04-423c-98e5-d9126e5945c0 None None] Subscribe: > router before_create 55550100, False {{(pid=103115) subscribe /opt/stack/data/venv/lib/python3.12/site-packages/neutron_lib/callbacks/manager.py:52}}
May 22 05:09:54.440205 np0000176179 devstack@neutron-api.service[103115]: DEBUG neutron_lib.callbacks.manager [None req-00a0c716-8e04-423c-98e5-d9126e5945c0 None None] Subscribe: > router precommit_delete 55550100, False {{(pid=103115) subscribe /opt/stack/data/venv/lib/python3.12/site-packages/neutron_lib/callbacks/manager.py:52}}
May 22 05:09:54.440205 np0000176179 devstack@neutron-api.service[103115]: DEBUG neutron_lib.callbacks.manager [None req-00a0c716-8e04-423c-98e5-d9126e5945c0 None None] Subscribe: > router precommit_create 55550100, False {{(pid=103115) subscribe /opt/stack/data/venv/lib/python3.12/site-packages/neutron_lib/callbacks/manager.py:52}}
May 22 05:09:54.440474 np0000176179 devstack@neutron-api.service[103116]: DEBUG neutron.api.extensions [None req-e83b46cf-bc22-4fa9-bf2b-ba88c2a2a331 None None] Ext name="DHCP Agent Scheduler" alias="dhcp_agent_scheduler" description="Schedule networks among dhcp agents" updated="2013-02-07T10:00:00-00:00" {{(pid=103116) _check_extension /opt/stack/neutron/neutron/api/extensions.py:415}}
May 22 05:09:54.440542 np0000176179 devstack@neutron-api.service[103115]: DEBUG neutron_lib.callbacks.manager [None req-00a0c716-8e04-423c-98e5-d9126e5945c0 None None] Subscribe: > router precommit_update 55550100, False {{(pid=103115) subscribe /opt/stack/data/venv/lib/python3.12/site-packages/neutron_lib/callbacks/manager.py:52}}
May 22 05:09:54.440575 np0000176179 devstack@neutron-api.service[103116]: INFO neutron.api.extensions [None req-e83b46cf-bc22-4fa9-bf2b-ba88c2a2a331 None None] Loaded extension: dhcp_agent_scheduler
May 22 05:09:54.440575 np0000176179 devstack@neutron-api.service[103116]: DEBUG neutron.api.extensions [None req-e83b46cf-bc22-4fa9-bf2b-ba88c2a2a331 None None] Loading extension file: dns.py {{(pid=103116) _load_all_extensions_from_path /opt/stack/neutron/neutron/api/extensions.py:449}}
May 22 05:09:54.440667 np0000176179 devstack@neutron-api.service[103116]: DEBUG neutron.api.extensions [None req-e83b46cf-bc22-4fa9-bf2b-ba88c2a2a331 None None] Ext name="DNS Integration" alias="dns-integration" description="Provides integration with DNS." updated="2015-08-15T18:00:00-00:00" {{(pid=103116) _check_extension /opt/stack/neutron/neutron/api/extensions.py:415}}
May 22 05:09:54.440935 np0000176179 devstack@neutron-api.service[103116]: INFO neutron.api.extensions [None req-e83b46cf-bc22-4fa9-bf2b-ba88c2a2a331 None None] Loaded extension: dns-integration
May 22 05:09:54.440935 np0000176179 devstack@neutron-api.service[103116]: DEBUG neutron.api.extensions [None req-e83b46cf-bc22-4fa9-bf2b-ba88c2a2a331 None None] Loading extension file: dns_domain_ports.py {{(pid=103116) _load_all_extensions_from_path /opt/stack/neutron/neutron/api/extensions.py:449}}
May 22 05:09:54.441283 np0000176179 devstack@neutron-api.service[103116]: DEBUG neutron.api.extensions [None req-e83b46cf-bc22-4fa9-bf2b-ba88c2a2a331 None None] Ext name="dns_domain for ports" alias="dns-domain-ports" description="Allows the DNS domain to be specified for a network port." updated="2017-04-24T10:00:00-00:00" {{(pid=103116) _check_extension /opt/stack/neutron/neutron/api/extensions.py:415}}
May 22 05:09:54.441439 np0000176179 devstack@neutron-api.service[103116]: INFO neutron.api.extensions [None req-e83b46cf-bc22-4fa9-bf2b-ba88c2a2a331 None None] Loaded extension: dns-domain-ports
May 22 05:09:54.441439 np0000176179 devstack@neutron-api.service[103116]: DEBUG neutron.api.extensions [None req-e83b46cf-bc22-4fa9-bf2b-ba88c2a2a331 None None] Loading extension file: dns_integration_domain_keywords.py {{(pid=103116) _load_all_extensions_from_path /opt/stack/neutron/neutron/api/extensions.py:449}}
May 22 05:09:54.441709 np0000176179 devstack@neutron-api.service[103116]: DEBUG neutron.api.extensions [None req-e83b46cf-bc22-4fa9-bf2b-ba88c2a2a331 None None] Ext name="DNS domain names with keywords allowed" alias="dns-integration-domain-keywords" description="Allows to use keywords like , , and as DNS domain name" updated="2020-06-15T18:00:00-00:00" {{(pid=103116) _check_extension /opt/stack/neutron/neutron/api/extensions.py:415}}
May 22 05:09:54.441797 np0000176179 devstack@neutron-api.service[103116]: INFO neutron.api.extensions [None req-e83b46cf-bc22-4fa9-bf2b-ba88c2a2a331 None None] Loaded extension: dns-integration-domain-keywords
May 22 05:09:54.441977 np0000176179 devstack@neutron-api.service[103116]: DEBUG neutron.api.extensions [None req-e83b46cf-bc22-4fa9-bf2b-ba88c2a2a331 None None] Loading extension file: dvr.py {{(pid=103116) _load_all_extensions_from_path /opt/stack/neutron/neutron/api/extensions.py:449}}
May 22 05:09:54.442226 np0000176179 devstack@neutron-api.service[103116]: DEBUG neutron.api.extensions [None req-e83b46cf-bc22-4fa9-bf2b-ba88c2a2a331 None None] Ext name="Distributed Virtual Router" alias="dvr" description="Enables configuration of Distributed Virtual Routers." updated="2014-06-1T10:00:00-00:00" {{(pid=103116) _check_extension /opt/stack/neutron/neutron/api/extensions.py:415}}
May 22 05:09:54.442408 np0000176179 devstack@neutron-api.service[103116]: INFO neutron.api.extensions [None req-e83b46cf-bc22-4fa9-bf2b-ba88c2a2a331 None None] Extension dvr not supported by any of loaded plugins
May 22 05:09:54.442518 np0000176179 devstack@neutron-api.service[103116]: DEBUG neutron.api.extensions [None req-e83b46cf-bc22-4fa9-bf2b-ba88c2a2a331 None None] Loading extension file: ecmp_routes.py {{(pid=103116) _load_all_extensions_from_path /opt/stack/neutron/neutron/api/extensions.py:449}}
May 22 05:09:54.442771 np0000176179 devstack@neutron-api.service[103116]: DEBUG neutron.api.extensions [None req-e83b46cf-bc22-4fa9-bf2b-ba88c2a2a331 None None] Ext name="Equal Cost Multipath Routing" alias="ecmp_routes" description="Allows traffic to reach thesame destination via multiple different links " updated="2020-11-26T18:00:00-00:00" {{(pid=103116) _check_extension /opt/stack/neutron/neutron/api/extensions.py:415}}
May 22 05:09:54.442970 np0000176179 devstack@neutron-api.service[103116]: INFO neutron.api.extensions [None req-e83b46cf-bc22-4fa9-bf2b-ba88c2a2a331 None None] Extension ecmp_routes not supported by any of loaded plugins
May 22 05:09:54.443021 np0000176179 devstack@neutron-api.service[103116]: DEBUG neutron.api.extensions [None req-e83b46cf-bc22-4fa9-bf2b-ba88c2a2a331 None None] Loading extension file: empty_string_filtering.py {{(pid=103116) _load_all_extensions_from_path /opt/stack/neutron/neutron/api/extensions.py:449}}
May 22 05:09:54.443240 np0000176179 devstack@neutron-api.service[103116]: DEBUG neutron.api.extensions [None req-e83b46cf-bc22-4fa9-bf2b-ba88c2a2a331 None None] Ext name="Empty String Filtering Extension" alias="empty-string-filtering" description="Allow filtering by attributes with empty string value" updated="2018-05-01T10:00:00-00:00" {{(pid=103116) _check_extension /opt/stack/neutron/neutron/api/extensions.py:415}}
May 22 05:09:54.443415 np0000176179 devstack@neutron-api.service[103116]: INFO neutron.api.extensions [None req-e83b46cf-bc22-4fa9-bf2b-ba88c2a2a331 None None] Loaded extension: empty-string-filtering
May 22 05:09:54.443530 np0000176179 devstack@neutron-api.service[103116]: DEBUG neutron.api.extensions [None req-e83b46cf-bc22-4fa9-bf2b-ba88c2a2a331 None None] Loading extension file: evpn.py {{(pid=103116) _load_all_extensions_from_path /opt/stack/neutron/neutron/api/extensions.py:449}}
May 22 05:09:54.443745 np0000176179 devstack@neutron-api.service[103116]: DEBUG neutron.api.extensions [None req-e83b46cf-bc22-4fa9-bf2b-ba88c2a2a331 None None] Ext name="EVPN" alias="evpn" description="Router extension to support EVPN Type-5 route advertisement" updated="2026-04-28T00:00:00-00:00" {{(pid=103116) _check_extension /opt/stack/neutron/neutron/api/extensions.py:415}}
May 22 05:09:54.443923 np0000176179 devstack@neutron-api.service[103116]: INFO neutron.api.extensions [None req-e83b46cf-bc22-4fa9-bf2b-ba88c2a2a331 None None] Extension evpn not supported by any of loaded plugins
May 22 05:09:54.444025 np0000176179 devstack@neutron-api.service[103116]: DEBUG neutron.api.extensions [None req-e83b46cf-bc22-4fa9-bf2b-ba88c2a2a331 None None] Loading extension file: expose_l3_conntrack_helper.py {{(pid=103116) _load_all_extensions_from_path /opt/stack/neutron/neutron/api/extensions.py:449}}
May 22 05:09:54.444232 np0000176179 devstack@neutron-api.service[103116]: DEBUG neutron.api.extensions [None req-e83b46cf-bc22-4fa9-bf2b-ba88c2a2a331 None None] Ext name="Expose CT target rules for conntrack helper" alias="expose-l3-conntrack-helper" description="Expose allow adding CT target rules for conntrack helper" updated="2019-04-04T10:00:00-00:00" {{(pid=103116) _check_extension /opt/stack/neutron/neutron/api/extensions.py:415}}
May 22 05:09:54.444391 np0000176179 devstack@neutron-api.service[103115]: DEBUG neutron.services.provider_configuration [None req-00a0c716-8e04-423c-98e5-d9126e5945c0 None None] Service providers = [] {{(pid=103115) parse_service_provider_opt /opt/stack/neutron/neutron/services/provider_configuration.py:170}}
May 22 05:09:54.444416 np0000176179 devstack@neutron-api.service[103116]: INFO neutron.api.extensions [None req-e83b46cf-bc22-4fa9-bf2b-ba88c2a2a331 None None] Extension expose-l3-conntrack-helper not supported by any of loaded plugins
May 22 05:09:54.444524 np0000176179 devstack@neutron-api.service[103115]: DEBUG neutron.db.servicetype_db [None req-00a0c716-8e04-423c-98e5-d9126e5945c0 None None] Adding provider configuration for service L3_ROUTER_NAT {{(pid=103115) add_provider_configuration /opt/stack/neutron/neutron/db/servicetype_db.py:45}}
May 22 05:09:54.444690 np0000176179 devstack@neutron-api.service[103116]: DEBUG neutron.api.extensions [None req-e83b46cf-bc22-4fa9-bf2b-ba88c2a2a331 None None] Loading extension file: expose_port_forwarding_in_fip.py {{(pid=103116) _load_all_extensions_from_path /opt/stack/neutron/neutron/api/extensions.py:449}}
May 22 05:09:54.444792 np0000176179 devstack@neutron-api.service[103116]: DEBUG neutron.api.extensions [None req-e83b46cf-bc22-4fa9-bf2b-ba88c2a2a331 None None] Ext name="Expose Floating IP port forwardings" alias="expose-port-forwarding-in-fip" description="Expose port forwarding fields in floating IP response" updated="2018-06-28T16:00:00-00:00" {{(pid=103116) _check_extension /opt/stack/neutron/neutron/api/extensions.py:415}}
May 22 05:09:54.444955 np0000176179 devstack@neutron-api.service[103116]: INFO neutron.api.extensions [None req-e83b46cf-bc22-4fa9-bf2b-ba88c2a2a331 None None] Extension expose-port-forwarding-in-fip not supported by any of loaded plugins
May 22 05:09:54.445020 np0000176179 devstack@neutron-api.service[103116]: DEBUG neutron.api.extensions [None req-e83b46cf-bc22-4fa9-bf2b-ba88c2a2a331 None None] Loading extension file: external_net.py {{(pid=103116) _load_all_extensions_from_path /opt/stack/neutron/neutron/api/extensions.py:449}}
May 22 05:09:54.445250 np0000176179 devstack@neutron-api.service[103116]: DEBUG neutron.api.extensions [None req-e83b46cf-bc22-4fa9-bf2b-ba88c2a2a331 None None] Ext name="Neutron external network" alias="external-net" description="Adds external network attribute to network resource." updated="2013-01-14T10:00:00-00:00" {{(pid=103116) _check_extension /opt/stack/neutron/neutron/api/extensions.py:415}}
May 22 05:09:54.445425 np0000176179 devstack@neutron-api.service[103116]: INFO neutron.api.extensions [None req-e83b46cf-bc22-4fa9-bf2b-ba88c2a2a331 None None] Loaded extension: external-net
May 22 05:09:54.445518 np0000176179 devstack@neutron-api.service[103116]: DEBUG neutron.api.extensions [None req-e83b46cf-bc22-4fa9-bf2b-ba88c2a2a331 None None] Loading extension file: extra_dhcp_opt.py {{(pid=103116) _load_all_extensions_from_path /opt/stack/neutron/neutron/api/extensions.py:449}}
May 22 05:09:54.445773 np0000176179 devstack@neutron-api.service[103116]: DEBUG neutron.api.extensions [None req-e83b46cf-bc22-4fa9-bf2b-ba88c2a2a331 None None] Ext name="Neutron Extra DHCP options" alias="extra_dhcp_opt" description="Extra options configuration for DHCP. For example PXE boot options to DHCP clients can be specified (e.g. tftp-server, server-ip-address, bootfile-name)" updated="2013-03-17T12:00:00-00:00" {{(pid=103116) _check_extension /opt/stack/neutron/neutron/api/extensions.py:415}}
May 22 05:09:54.445985 np0000176179 devstack@neutron-api.service[103116]: INFO neutron.api.extensions [None req-e83b46cf-bc22-4fa9-bf2b-ba88c2a2a331 None None] Loaded extension: extra_dhcp_opt
May 22 05:09:54.446013 np0000176179 devstack@neutron-api.service[103116]: DEBUG neutron.api.extensions [None req-e83b46cf-bc22-4fa9-bf2b-ba88c2a2a331 None None] Loading extension file: extraroute.py {{(pid=103116) _load_all_extensions_from_path /opt/stack/neutron/neutron/api/extensions.py:449}}
May 22 05:09:54.446240 np0000176179 devstack@neutron-api.service[103116]: DEBUG neutron.api.extensions [None req-e83b46cf-bc22-4fa9-bf2b-ba88c2a2a331 None None] Ext name="Neutron Extra Route" alias="extraroute" description="Extra routes configuration for L3 router" updated="2013-02-01T10:00:00-00:00" {{(pid=103116) _check_extension /opt/stack/neutron/neutron/api/extensions.py:415}}
May 22 05:09:54.446286 np0000176179 devstack@neutron-api.service[103115]: DEBUG neutron_lib.callbacks.manager [None req-00a0c716-8e04-423c-98e5-d9126e5945c0 None None] Subscribe: > router precommit_create 55549900, False {{(pid=103115) subscribe /opt/stack/data/venv/lib/python3.12/site-packages/neutron_lib/callbacks/manager.py:52}}
May 22 05:09:54.446406 np0000176179 devstack@neutron-api.service[103115]: DEBUG neutron_lib.callbacks.manager [None req-00a0c716-8e04-423c-98e5-d9126e5945c0 None None] Subscribe: > router_interface after_create 55550000, False {{(pid=103115) subscribe /opt/stack/data/venv/lib/python3.12/site-packages/neutron_lib/callbacks/manager.py:52}}
May 22 05:09:54.446431 np0000176179 devstack@neutron-api.service[103116]: INFO neutron.api.extensions [None req-e83b46cf-bc22-4fa9-bf2b-ba88c2a2a331 None None] Loaded extension: extraroute
May 22 05:09:54.446484 np0000176179 devstack@neutron-api.service[103116]: DEBUG neutron.api.extensions [None req-e83b46cf-bc22-4fa9-bf2b-ba88c2a2a331 None None] Loading extension file: extraroute_atomic.py {{(pid=103116) _load_all_extensions_from_path /opt/stack/neutron/neutron/api/extensions.py:449}}
May 22 05:09:54.446509 np0000176179 devstack@neutron-api.service[103115]: DEBUG neutron_lib.callbacks.manager [None req-00a0c716-8e04-423c-98e5-d9126e5945c0 None None] Subscribe: > floatingip after_create 55550000, False {{(pid=103115) subscribe /opt/stack/data/venv/lib/python3.12/site-packages/neutron_lib/callbacks/manager.py:52}}
May 22 05:09:54.446700 np0000176179 devstack@neutron-api.service[103115]: DEBUG neutron_lib.callbacks.manager [None req-00a0c716-8e04-423c-98e5-d9126e5945c0 None None] Subscribe: > floatingip precommit_create 55550000, False {{(pid=103115) subscribe /opt/stack/data/venv/lib/python3.12/site-packages/neutron_lib/callbacks/manager.py:52}}
May 22 05:09:54.446762 np0000176179 devstack@neutron-api.service[103116]: DEBUG neutron.api.extensions [None req-e83b46cf-bc22-4fa9-bf2b-ba88c2a2a331 None None] Ext name="Atomically add/remove extra routes" alias="extraroute-atomic" description="Edit extra routes of a router on server side by atomically adding/removing extra routes" updated="2019-07-10T00:00:00+00:00" {{(pid=103116) _check_extension /opt/stack/neutron/neutron/api/extensions.py:415}}
May 22 05:09:54.446938 np0000176179 devstack@neutron-api.service[103115]: DEBUG neutron_lib.callbacks.manager [None req-00a0c716-8e04-423c-98e5-d9126e5945c0 None None] Subscribe: > floatingip precommit_update 55550000, False {{(pid=103115) subscribe /opt/stack/data/venv/lib/python3.12/site-packages/neutron_lib/callbacks/manager.py:52}}
May 22 05:09:54.447098 np0000176179 devstack@neutron-api.service[103116]: INFO neutron.api.extensions [None req-e83b46cf-bc22-4fa9-bf2b-ba88c2a2a331 None None] Loaded extension: extraroute-atomic
May 22 05:09:54.447253 np0000176179 devstack@neutron-api.service[103115]: DEBUG neutron_lib.callbacks.manager [None req-00a0c716-8e04-423c-98e5-d9126e5945c0 None None] Subscribe: > floatingip after_delete 55550000, False {{(pid=103115) subscribe /opt/stack/data/venv/lib/python3.12/site-packages/neutron_lib/callbacks/manager.py:52}}
May 22 05:09:54.447389 np0000176179 devstack@neutron-api.service[103116]: DEBUG neutron.api.extensions [None req-e83b46cf-bc22-4fa9-bf2b-ba88c2a2a331 None None] Loading extension file: filter_validation.py {{(pid=103116) _load_all_extensions_from_path /opt/stack/neutron/neutron/api/extensions.py:449}}
May 22 05:09:54.447422 np0000176179 devstack@neutron-api.service[103115]: DEBUG neutron_lib.callbacks.manager [None req-00a0c716-8e04-423c-98e5-d9126e5945c0 None None] Subscribe: > floatingip after_status_update 55550000, False {{(pid=103115) subscribe /opt/stack/data/venv/lib/python3.12/site-packages/neutron_lib/callbacks/manager.py:52}}
May 22 05:09:54.447422 np0000176179 devstack@neutron-api.service[103115]: DEBUG neutron_lib.callbacks.manager [None req-00a0c716-8e04-423c-98e5-d9126e5945c0 None None] Subscribe: > floatingip after_update 55550000, False {{(pid=103115) subscribe /opt/stack/data/venv/lib/python3.12/site-packages/neutron_lib/callbacks/manager.py:52}}
May 22 05:09:54.447493 np0000176179 devstack@neutron-api.service[103116]: DEBUG neutron.api.extensions [None req-e83b46cf-bc22-4fa9-bf2b-ba88c2a2a331 None None] Ext name="Filter parameters validation" alias="filter-validation" description="Provides validation on filter parameters." updated="2018-07-04T10:00:00-00:00" {{(pid=103116) _check_extension /opt/stack/neutron/neutron/api/extensions.py:415}}
