2026-05-14 05:49:32.730 8 WARNING neutron.scheduler.dhcp_agent_scheduler [None req-eb638e07-f3cb-456f-807c-03a81c9919b5 30bfe245a0274367b63fb82204ed0ea9 24499fac76f149fcaedc53a16938ed95 - - default default] No more DHCP agents
2026-05-14 05:49:32.732 8 WARNING neutron.api.rpc.agentnotifiers.dhcp_rpc_agent_api [None req-eb638e07-f3cb-456f-807c-03a81c9919b5 30bfe245a0274367b63fb82204ed0ea9 24499fac76f149fcaedc53a16938ed95 - - default default] Unable to schedule network 2176e896-7d46-47b8-bf57-d27db85260d0: no agents available; will retry on subsequent port and subnet creation events.
2026-05-14 05:49:32.912 7 INFO neutron.db.ovn_revision_numbers_db [req-774fac00-88d3-4ef7-8ac2-407885718bca req-784885e1-bcfa-49c8-a9d4-5ff9ae98cd58 e14aa291d5ef44b8aa5429278068d671 d2d7ce934cba4e798a187f46a457dd2b - - 99b880e289684809b12e4432fcd8ada8 99b880e289684809b12e4432fcd8ada8] Successfully bumped revision number for resource 13aa6403-1869-4f92-9182-56778413dfbf (type: ports) to 4 [pid: 7|app: 0|req: 1133/2180] 199.204.45.169 () {38 vars in 1027 bytes} [Thu May 14 05:49:32 2026] PUT /v2.0/ports/13aa6403-1869-4f92-9182-56778413dfbf => generated 1204 bytes in 659 msecs (HTTP/1.1 200) 4 headers in 158 bytes (1 switches on core 0) /var/lib/openstack/lib/python3.12/site-packages/pycadf/identifier.py:70: UserWarning: Invalid uuid: neutron. To ensure interoperability, identifiers should be a valid uuid. warnings.warn(('Invalid uuid: %s. To ensure interoperability, '
2026-05-14 05:49:32.988 7 INFO neutron.notifiers.nova [-] Nova event matching ['req-4f5e13f4-249b-4031-9133-59e0508e8052'] response: {'name': 'network-changed', 'server_uuid': 'f44e3ffb-9092-4d6e-aed1-60555e983a56', 'tag': '13aa6403-1869-4f92-9182-56778413dfbf', 'status': 'completed', 'code': 200}
2026-05-14 05:49:33.030 8 INFO neutron.db.ovn_revision_numbers_db [None req-eb638e07-f3cb-456f-807c-03a81c9919b5 30bfe245a0274367b63fb82204ed0ea9 24499fac76f149fcaedc53a16938ed95 - - default default] Successfully bumped revision number for resource cfa09968-55be-4aba-a27e-e26ce7c89289 (type: ports) to 1
2026-05-14 05:49:33.398 8 INFO neutron.db.ovn_revision_numbers_db [None req-fc0d1534-1891-49e8-b962-8eb1375493ba - - - - - -] Successfully bumped revision number for resource cbdeeb82-c5e9-41a0-a11d-3f6c3555ec52 (type: ports) to 2
2026-05-14 05:49:33.515 7 WARNING neutron.scheduler.dhcp_agent_scheduler [None req-d5b90c6c-7282-422f-92aa-c5df0d601499 5aa64c5a55d544d0a9e73782e5652479 4be5ff919140470b89a04a30a764ebac - - default default] No more DHCP agents
2026-05-14 05:49:33.517 7 WARNING neutron.api.rpc.agentnotifiers.dhcp_rpc_agent_api [None req-d5b90c6c-7282-422f-92aa-c5df0d601499 5aa64c5a55d544d0a9e73782e5652479 4be5ff919140470b89a04a30a764ebac - - default default] Unable to schedule network f3f06987-de15-4146-ad53-fa712345109e: no agents available; will retry on subsequent port and subnet creation events.
2026-05-14 05:49:33.567 7 WARNING neutron.plugins.ml2.drivers.ovn.mech_driver.ovsdb.ovn_client [None req-ebef86ec-974a-43c4-b929-1e41bb868550 - - - - - -] No hosting information found for port 9d0fd8e1-8014-4897-ae9e-3c8ff5a2394d: RuntimeError: No hosting information found for port 9d0fd8e1-8014-4897-ae9e-3c8ff5a2394d
2026-05-14 05:49:33.707 7 INFO neutron.db.ovn_revision_numbers_db [None req-ebef86ec-974a-43c4-b929-1e41bb868550 - - - - - -] Successfully bumped revision number for resource 9d0fd8e1-8014-4897-ae9e-3c8ff5a2394d (type: router_ports) to 2
2026-05-14 05:49:33.707 7 INFO neutron.plugins.ml2.drivers.ovn.mech_driver.mech_driver [None req-ebef86ec-974a-43c4-b929-1e41bb868550 - - - - - -] OVN reports status down for port: 3fea8a16-20eb-464c-bcb2-50d38e449232
2026-05-14 05:49:33.803 7 INFO neutron.db.ovn_revision_numbers_db [None req-d5b90c6c-7282-422f-92aa-c5df0d601499 5aa64c5a55d544d0a9e73782e5652479 4be5ff919140470b89a04a30a764ebac - - default default] Successfully bumped revision number for resource 5fc3334b-28b6-4cab-a6e4-5785135efb23 (type: ports) to 1
2026-05-14 05:49:33.854 7 WARNING neutron.plugins.ml2.drivers.ovn.mech_driver.ovsdb.ovn_client [None req-ebef86ec-974a-43c4-b929-1e41bb868550 - - - - - -] Logical_Switch_Port %s host information not removed, the port state is up
2026-05-14 05:49:33.855 7 INFO neutron.plugins.ml2.drivers.ovn.mech_driver.mech_driver [None req-ebef86ec-974a-43c4-b929-1e41bb868550 - - - - - -] OVN reports status down for port: 1aad9fbb-cc74-41eb-a97c-21d7a17292c1
2026-05-14 05:49:33.964 8 INFO neutron.plugins.ml2.drivers.ovn.mech_driver.ovsdb.commands [None req-f74f4996-6fcc-4b17-bdae-3dd5379c4466 - - - - - -] Schedule LRP lrp-cfa09968-55be-4aba-a27e-e26ce7c89289 on gateway ff2812c2-f056-4df9-b79d-ab7421e0db5a with priority 1
2026-05-14 05:49:34.033 8 INFO neutron.db.ovn_revision_numbers_db [None req-eb638e07-f3cb-456f-807c-03a81c9919b5 30bfe245a0274367b63fb82204ed0ea9 24499fac76f149fcaedc53a16938ed95 - - default default] Successfully bumped revision number for resource cfa09968-55be-4aba-a27e-e26ce7c89289 (type: router_ports) to 1
2026-05-14 05:49:34.067 7 INFO neutron.plugins.ml2.drivers.ovn.mech_driver.mech_driver [None req-ebef86ec-974a-43c4-b929-1e41bb868550 - - - - - -] OVN reports status down for port: c5a96d37-e73a-42b0-81d2-45a36f9c2b6c
2026-05-14 05:49:34.102 8 INFO neutron.db.ovn_revision_numbers_db [None req-eb638e07-f3cb-456f-807c-03a81c9919b5 30bfe245a0274367b63fb82204ed0ea9 24499fac76f149fcaedc53a16938ed95 - - default default] Successfully bumped revision number for resource 0855f6af-c1ed-4ca3-80f3-782e5ac58879 (type: routers) to 2 [pid: 8|app: 0|req: 1048/2181] 10.0.0.181 () {34 vars in 668 bytes} [Thu May 14 05:49:31 2026] POST /v2.0/routers => generated 936 bytes in 2198 msecs (HTTP/1.1 201) 4 headers in 162 bytes (1 switches on core 0) [pid: 8|app: 0|req: 1049/2182] 10.0.0.35 () {34 vars in 1038 bytes} [Thu May 14 05:49:34 2026] GET /v2.0/security-groups?id=e2f1e8e7-db3a-4fad-a9cd-38eb44a16a30&fields=id&fields=name => generated 88 bytes in 32 msecs (HTTP/1.1 200) 4 headers in 156 bytes (1 switches on core 0)
2026-05-14 05:49:34.168 7 WARNING neutron.plugins.ml2.drivers.ovn.mech_driver.ovsdb.ovn_client [None req-ebef86ec-974a-43c4-b929-1e41bb868550 - - - - - -] Logical_Switch_Port %s host information not removed, the port state is up
2026-05-14 05:49:34.168 7 INFO neutron.plugins.ml2.drivers.ovn.mech_driver.mech_driver [None req-ebef86ec-974a-43c4-b929-1e41bb868550 - - - - - -] OVN reports status up for port: c5a96d37-e73a-42b0-81d2-45a36f9c2b6c
2026-05-14 05:49:34.191 7 INFO neutron.plugins.ml2.plugin [None req-ebef86ec-974a-43c4-b929-1e41bb868550 - - - - - -] Attempt 1 to provision port c5a96d37-e73a-42b0-81d2-45a36f9c2b6c [pid: 8|app: 0|req: 1050/2183] 199.204.45.169 () {34 vars in 1079 bytes} [Thu May 14 05:49:34 2026] GET /v2.0/ports?tenant_id=8edbd9d8b2694d8aaca9757102101634&device_id=f44e3ffb-9092-4d6e-aed1-60555e983a56 => generated 1207 bytes in 57 msecs (HTTP/1.1 200) 4 headers in 158 bytes (1 switches on core 0)
2026-05-14 05:49:34.657 8 WARNING neutron.scheduler.dhcp_agent_scheduler [None req-83a807b5-9135-4838-b4a4-0a48df9c6edb 30bfe245a0274367b63fb82204ed0ea9 24499fac76f149fcaedc53a16938ed95 - - default default] No more DHCP agents
2026-05-14 05:49:34.658 8 WARNING neutron.api.rpc.agentnotifiers.dhcp_rpc_agent_api [None req-83a807b5-9135-4838-b4a4-0a48df9c6edb 30bfe245a0274367b63fb82204ed0ea9 24499fac76f149fcaedc53a16938ed95 - - default default] Unable to schedule network 392599b0-7836-45d4-91f5-a2994d4131ba: no agents available; will retry on subsequent port and subnet creation events.
2026-05-14 05:49:34.792 8 INFO neutron.db.ovn_revision_numbers_db [None req-83a807b5-9135-4838-b4a4-0a48df9c6edb 30bfe245a0274367b63fb82204ed0ea9 24499fac76f149fcaedc53a16938ed95 - - default default] Successfully bumped revision number for resource a477455d-7bc4-4dab-a73b-a5e989d1627f (type: ports) to 1
2026-05-14 05:49:35.009 7 INFO neutron.db.ovn_revision_numbers_db [None req-ebef86ec-974a-43c4-b929-1e41bb868550 - - - - - -] Successfully bumped revision number for resource c5a96d37-e73a-42b0-81d2-45a36f9c2b6c (type: ports) to 2
2026-05-14 05:49:35.273 7 WARNING neutron.scheduler.dhcp_agent_scheduler [None req-d5b90c6c-7282-422f-92aa-c5df0d601499 5aa64c5a55d544d0a9e73782e5652479 4be5ff919140470b89a04a30a764ebac - - default default] No more DHCP agents
2026-05-14 05:49:35.274 7 WARNING neutron.api.rpc.agentnotifiers.dhcp_rpc_agent_api [None req-d5b90c6c-7282-422f-92aa-c5df0d601499 5aa64c5a55d544d0a9e73782e5652479 4be5ff919140470b89a04a30a764ebac - - default default] Unable to schedule network f3f06987-de15-4146-ad53-fa712345109e: no agents available; will retry on subsequent port and subnet creation events.
2026-05-14 05:49:35.616 7 INFO neutron.db.ovn_revision_numbers_db [None req-d5b90c6c-7282-422f-92aa-c5df0d601499 5aa64c5a55d544d0a9e73782e5652479 4be5ff919140470b89a04a30a764ebac - - default default] Successfully bumped revision number for resource 5fc3334b-28b6-4cab-a6e4-5785135efb23 (type: router_ports) to 1 [pid: 7|app: 0|req: 1134/2184] 10.0.0.181 () {34 vars in 782 bytes} [Thu May 14 05:49:32 2026] PUT /v2.0/routers/a356a440-8ea0-423e-889c-1a1dd069ef0b/add_router_interface => generated 309 bytes in 2674 msecs (HTTP/1.1 200) 4 headers in 157 bytes (1 switches on core 0) [pid: 7|app: 0|req: 1135/2185] 199.204.45.169 () {34 vars in 1017 bytes} [Thu May 14 05:49:35 2026] GET /v2.0/networks?tenant_id=8edbd9d8b2694d8aaca9757102101634&shared=False => generated 809 bytes in 44 msecs (HTTP/1.1 200) 4 headers in 157 bytes (1 switches on core 0)
2026-05-14 05:49:35.677 8 WARNING neutron.scheduler.dhcp_agent_scheduler [None req-83a807b5-9135-4838-b4a4-0a48df9c6edb 30bfe245a0274367b63fb82204ed0ea9 24499fac76f149fcaedc53a16938ed95 - - default default] No more DHCP agents
2026-05-14 05:49:35.683 8 WARNING neutron.api.rpc.agentnotifiers.dhcp_rpc_agent_api [None req-83a807b5-9135-4838-b4a4-0a48df9c6edb 30bfe245a0274367b63fb82204ed0ea9 24499fac76f149fcaedc53a16938ed95 - - default default] Unable to schedule network 392599b0-7836-45d4-91f5-a2994d4131ba: no agents available; will retry on subsequent port and subnet creation events. [pid: 7|app: 0|req: 1136/2186] 10.0.0.35 () {34 vars in 988 bytes} [Thu May 14 05:49:35 2026] GET /v2.0/ports?device_id=f44e3ffb-9092-4d6e-aed1-60555e983a56 => generated 969 bytes in 44 msecs (HTTP/1.1 200) 4 headers in 157 bytes (1 switches on core 0) [pid: 7|app: 0|req: 1137/2187] 199.204.45.169 () {34 vars in 929 bytes} [Thu May 14 05:49:35 2026] GET /v2.0/networks?shared=True => generated 791 bytes in 65 msecs (HTTP/1.1 200) 4 headers in 157 bytes (1 switches on core 0)
2026-05-14 05:49:35.931 7 INFO neutron.db.ovn_revision_numbers_db [None req-f2158e98-dcef-448f-a114-48b624278383 5aa64c5a55d544d0a9e73782e5652479 4be5ff919140470b89a04a30a764ebac - - default default] Successfully bumped revision number for resource d16dda0d-d16e-42bb-86b7-268cfbc955bd (type: security_groups) to 1
2026-05-14 05:49:35.944 7 INFO neutron.db.ovn_revision_numbers_db [None req-f2158e98-dcef-448f-a114-48b624278383 5aa64c5a55d544d0a9e73782e5652479 4be5ff919140470b89a04a30a764ebac - - default default] Successfully bumped revision number for resource a7261fa7-9e25-4ac9-9004-92963f5bc212 (type: security_group_rules) to 0
2026-05-14 05:49:35.957 7 INFO neutron.db.ovn_revision_numbers_db [None req-f2158e98-dcef-448f-a114-48b624278383 5aa64c5a55d544d0a9e73782e5652479 4be5ff919140470b89a04a30a764ebac - - default default] Successfully bumped revision number for resource bc8db9ad-9695-4d87-b3d9-8ba0eabd85da (type: security_group_rules) to 0 [pid: 7|app: 0|req: 1138/2188] 10.0.0.181 () {34 vars in 683 bytes} [Thu May 14 05:49:35 2026] POST /v2.0/security-groups => generated 1630 bytes in 231 msecs (HTTP/1.1 201) 4 headers in 163 bytes (1 switches on core 0) [pid: 7|app: 0|req: 1139/2189] 10.0.0.35 () {34 vars in 1038 bytes} [Thu May 14 05:49:36 2026] GET /v2.0/security-groups?id=e2f1e8e7-db3a-4fad-a9cd-38eb44a16a30&fields=id&fields=name => generated 88 bytes in 63 msecs (HTTP/1.1 200) 4 headers in 156 bytes (1 switches on core 0)
2026-05-14 05:49:36.078 8 INFO neutron.db.ovn_revision_numbers_db [None req-83a807b5-9135-4838-b4a4-0a48df9c6edb 30bfe245a0274367b63fb82204ed0ea9 24499fac76f149fcaedc53a16938ed95 - - default default] Successfully bumped revision number for resource a477455d-7bc4-4dab-a73b-a5e989d1627f (type: router_ports) to 1 [pid: 8|app: 0|req: 1051/2190] 10.0.0.181 () {34 vars in 782 bytes} [Thu May 14 05:49:34 2026] PUT /v2.0/routers/0855f6af-c1ed-4ca3-80f3-782e5ac58879/add_router_interface => generated 309 bytes in 1872 msecs (HTTP/1.1 200) 4 headers in 157 bytes (1 switches on core 0)
2026-05-14 05:49:36.233 7 INFO neutron.db.ovn_revision_numbers_db [None req-71394aa2-397b-44c1-a9af-6845903d06cc 5aa64c5a55d544d0a9e73782e5652479 4be5ff919140470b89a04a30a764ebac - - default default] Successfully bumped revision number for resource 261653de-bf5c-4f0b-a649-0851ba8ac2d0 (type: security_group_rules) to 0 [pid: 7|app: 0|req: 1140/2191] 10.0.0.181 () {34 vars in 694 bytes} [Thu May 14 05:49:36 2026] POST /v2.0/security-group-rules => generated 597 bytes in 252 msecs (HTTP/1.1 201) 4 headers in 162 bytes (1 switches on core 0)
2026-05-14 05:49:36.472 7 INFO neutron.db.ovn_revision_numbers_db [None req-3faa1319-d783-44ba-860e-e7ce8859ae07 5aa64c5a55d544d0a9e73782e5652479 4be5ff919140470b89a04a30a764ebac - - default default] Successfully bumped revision number for resource a1375c64-92ab-4a9d-a7b2-b94eef55734d (type: security_group_rules) to 0 [pid: 7|app: 0|req: 1141/2192] 10.0.0.181 () {34 vars in 694 bytes} [Thu May 14 05:49:36 2026] POST /v2.0/security-group-rules => generated 597 bytes in 169 msecs (HTTP/1.1 201) 4 headers in 162 bytes (1 switches on core 0)
2026-05-14 05:49:36.641 8 WARNING neutron.scheduler.dhcp_agent_scheduler [None req-d7820806-60ad-4b61-afc1-a696f3677c9f - - - - - -] No more DHCP agents
2026-05-14 05:49:36.642 8 WARNING neutron.api.rpc.agentnotifiers.dhcp_rpc_agent_api [None req-d7820806-60ad-4b61-afc1-a696f3677c9f - - - - - -] Unable to schedule network 2176e896-7d46-47b8-bf57-d27db85260d0: no agents available; will retry on subsequent port and subnet creation events.
2026-05-14 05:49:36.661 7 INFO neutron.db.ovn_revision_numbers_db [None req-42b25e92-3e70-4904-afa1-3645502cdd83 5aa64c5a55d544d0a9e73782e5652479 4be5ff919140470b89a04a30a764ebac - - default default] Successfully bumped revision number for resource 19925948-4c45-4861-87fe-054f553f1293 (type: security_group_rules) to 0 [pid: 7|app: 0|req: 1142/2193] 10.0.0.181 () {34 vars in 694 bytes} [Thu May 14 05:49:36 2026] POST /v2.0/security-group-rules => generated 599 bytes in 185 msecs (HTTP/1.1 201) 4 headers in 162 bytes (1 switches on core 0)
2026-05-14 05:49:36.817 8 INFO neutron.db.ovn_revision_numbers_db [None req-d7820806-60ad-4b61-afc1-a696f3677c9f - - - - - -] Successfully bumped revision number for resource 56db8756-8c25-41c5-a70a-1f186c17e7dc (type: ports) to 1
2026-05-14 05:49:36.873 7 INFO neutron.db.ovn_revision_numbers_db [None req-87762ce5-cb09-44f3-b05e-398579014661 5aa64c5a55d544d0a9e73782e5652479 4be5ff919140470b89a04a30a764ebac - - default default] Successfully bumped revision number for resource af5a99e0-93e9-41ad-80f8-70fc75ff4cc3 (type: security_group_rules) to 0 [pid: 7|app: 0|req: 1143/2194] 10.0.0.181 () {34 vars in 694 bytes} [Thu May 14 05:49:36 2026] POST /v2.0/security-group-rules => generated 601 bytes in 209 msecs (HTTP/1.1 201) 4 headers in 162 bytes (1 switches on core 0) [pid: 7|app: 0|req: 1144/2195] 199.204.45.169 () {34 vars in 1079 bytes} [Thu May 14 05:49:36 2026] GET /v2.0/ports?tenant_id=8edbd9d8b2694d8aaca9757102101634&device_id=f44e3ffb-9092-4d6e-aed1-60555e983a56 => generated 1207 bytes in 37 msecs (HTTP/1.1 200) 4 headers in 158 bytes (1 switches on core 0)
2026-05-14 05:49:37.109 7 INFO neutron.db.ovn_revision_numbers_db [None req-38a52b6d-92ce-4741-a22a-d8fd93b0c465 5aa64c5a55d544d0a9e73782e5652479 4be5ff919140470b89a04a30a764ebac - - default default] Successfully bumped revision number for resource 45bd3fb8-ea61-4e49-8b52-4e7be724e699 (type: security_group_rules) to 0 [pid: 7|app: 0|req: 1145/2196] 10.0.0.181 () {34 vars in 694 bytes} [Thu May 14 05:49:36 2026] POST /v2.0/security-group-rules => generated 601 bytes in 221 msecs (HTTP/1.1 201) 4 headers in 162 bytes (1 switches on core 0)
2026-05-14 05:49:37.169 8 INFO neutron.db.ovn_revision_numbers_db [None req-d7820806-60ad-4b61-afc1-a696f3677c9f - - - - - -] Successfully bumped revision number for resource 56db8756-8c25-41c5-a70a-1f186c17e7dc (type: ports) to 3 [pid: 7|app: 0|req: 1146/2197] 199.204.45.169 () {34 vars in 1057 bytes} [Thu May 14 05:49:37 2026] GET /v2.0/floatingips?fixed_ip_address=10.100.0.6&port_id=13aa6403-1869-4f92-9182-56778413dfbf => generated 19 bytes in 20 msecs (HTTP/1.1 200) 4 headers in 156 bytes (1 switches on core 0) [pid: 7|app: 0|req: 1147/2198] 10.0.0.35 () {34 vars in 988 bytes} [Thu May 14 05:49:37 2026] GET /v2.0/ports?device_id=f44e3ffb-9092-4d6e-aed1-60555e983a56 => generated 969 bytes in 40 msecs (HTTP/1.1 200) 4 headers in 157 bytes (1 switches on core 0)
2026-05-14 05:49:37.236 8 INFO neutron.db.segments_db [None req-d7820806-60ad-4b61-afc1-a696f3677c9f - - - - - -] Added segment 15c5ea9a-8787-46a4-aa55-151bb28595e1 of type geneve for network fa2494f7-f3bd-4389-bbbf-857216ff3c42
2026-05-14 05:49:37.368 8 INFO neutron.db.ovn_revision_numbers_db [None req-659ba3b1-85a0-47c1-88c7-25404c001adb - - - - - -] Successfully bumped revision number for resource fa2494f7-f3bd-4389-bbbf-857216ff3c42 (type: networks) to 1
2026-05-14 05:49:37.472 7 INFO neutron.db.ovn_revision_numbers_db [None req-3464ad53-0dee-4222-8f0d-3d789514f358 5aa64c5a55d544d0a9e73782e5652479 4be5ff919140470b89a04a30a764ebac - - default default] Successfully bumped revision number for resource f8d428b2-7faf-4421-ad75-466c6a459bb7 (type: security_group_rules) to 0
2026-05-14 05:49:37.565 8 WARNING neutron.scheduler.dhcp_agent_scheduler [None req-659ba3b1-85a0-47c1-88c7-25404c001adb - - - - - -] No more DHCP agents
2026-05-14 05:49:37.566 8 WARNING neutron.api.rpc.agentnotifiers.dhcp_rpc_agent_api [None req-659ba3b1-85a0-47c1-88c7-25404c001adb - - - - - -] Unable to schedule network fa2494f7-f3bd-4389-bbbf-857216ff3c42: no agents available; will retry on subsequent port and subnet creation events. [pid: 7|app: 0|req: 1148/2199] 10.0.0.181 () {34 vars in 694 bytes} [Thu May 14 05:49:37 2026] POST /v2.0/security-group-rules => generated 597 bytes in 340 msecs (HTTP/1.1 201) 4 headers in 162 bytes (1 switches on core 0) [pid: 7|app: 0|req: 1149/2200] 199.204.45.169 () {34 vars in 983 bytes} [Thu May 14 05:49:37 2026] GET /v2.0/subnets?id=0aca5fdb-b55b-44e5-a98e-f823026c92eb => generated 690 bytes in 29 msecs (HTTP/1.1 200) 4 headers in 157 bytes (1 switches on core 0) [pid: 7|app: 0|req: 1150/2201] 10.0.0.35 () {34 vars in 1038 bytes} [Thu May 14 05:49:37 2026] GET /v2.0/security-groups?id=e2f1e8e7-db3a-4fad-a9cd-38eb44a16a30&fields=id&fields=name => generated 88 bytes in 59 msecs (HTTP/1.1 200) 4 headers in 156 bytes (1 switches on core 0)
2026-05-14 05:49:37.664 8 INFO neutron.db.ovn_revision_numbers_db [None req-659ba3b1-85a0-47c1-88c7-25404c001adb - - - - - -] Successfully bumped revision number for resource 9facad25-134c-4be6-8097-1311876e3cc2 (type: ports) to 1
2026-05-14 05:49:37.804 8 WARNING neutron.scheduler.dhcp_agent_scheduler [None req-659ba3b1-85a0-47c1-88c7-25404c001adb - - - - - -] No more DHCP agents
2026-05-14 05:49:37.805 8 WARNING neutron.api.rpc.agentnotifiers.dhcp_rpc_agent_api [None req-659ba3b1-85a0-47c1-88c7-25404c001adb - - - - - -] Unable to schedule network fa2494f7-f3bd-4389-bbbf-857216ff3c42: no agents available; will retry on subsequent port and subnet creation events.
2026-05-14 05:49:37.829 8 INFO neutron.db.ovn_revision_numbers_db [None req-659ba3b1-85a0-47c1-88c7-25404c001adb - - - - - -] Successfully bumped revision number for resource 79748f7e-fe3f-4006-9fe6-97c49fda06e3 (type: subnets) to 0
2026-05-14 05:49:37.856 7 INFO neutron.db.ovn_revision_numbers_db [None req-03d5a507-15c9-45da-a5a0-227112405e99 5aa64c5a55d544d0a9e73782e5652479 4be5ff919140470b89a04a30a764ebac - - default default] Successfully bumped revision number for resource 59ab887f-083e-4cea-9f8f-cc5bf72ddc4c (type: security_group_rules) to 0 [pid: 7|app: 0|req: 1151/2202] 10.0.0.181 () {34 vars in 694 bytes} [Thu May 14 05:49:37 2026] POST /v2.0/security-group-rules => generated 597 bytes in 229 msecs (HTTP/1.1 201) 4 headers in 162 bytes (1 switches on core 0) [pid: 7|app: 0|req: 1152/2203] 199.204.45.169 () {34 vars in 1051 bytes} [Thu May 14 05:49:37 2026] GET /v2.0/ports?network_id=88793e39-2809-4591-82aa-b644faa6141b&device_owner=network%3Adhcp => generated 12 bytes in 19 msecs (HTTP/1.1 200) 4 headers in 156 bytes (1 switches on core 0)
2026-05-14 05:49:38.099 7 INFO neutron.db.ovn_revision_numbers_db [None req-4352824c-8fe7-4765-9741-7444fa4ca84e 5aa64c5a55d544d0a9e73782e5652479 4be5ff919140470b89a04a30a764ebac - - default default] Successfully bumped revision number for resource 2d4ea659-84aa-4cb4-9382-1dab55ea45dd (type: security_group_rules) to 0 [pid: 7|app: 0|req: 1153/2204] 10.0.0.181 () {34 vars in 694 bytes} [Thu May 14 05:49:37 2026] POST /v2.0/security-group-rules => generated 597 bytes in 225 msecs (HTTP/1.1 201) 4 headers in 162 bytes (1 switches on core 0) [pid: 7|app: 0|req: 1154/2205] 199.204.45.169 () {34 vars in 1011 bytes} [Thu May 14 05:49:38 2026] GET /v2.0/networks/88793e39-2809-4591-82aa-b644faa6141b?fields=segments => generated 14 bytes in 43 msecs (HTTP/1.1 200) 4 headers in 156 bytes (1 switches on core 0)
2026-05-14 05:49:38.198 8 WARNING neutron.scheduler.dhcp_agent_scheduler [None req-659ba3b1-85a0-47c1-88c7-25404c001adb - - - - - -] No more DHCP agents
2026-05-14 05:49:38.199 8 WARNING neutron.api.rpc.agentnotifiers.dhcp_rpc_agent_api [None req-659ba3b1-85a0-47c1-88c7-25404c001adb - - - - - -] Unable to schedule network fa2494f7-f3bd-4389-bbbf-857216ff3c42: no agents available; will retry on subsequent port and subnet creation events.
2026-05-14 05:49:38.340 8 INFO neutron.db.ovn_revision_numbers_db [None req-659ba3b1-85a0-47c1-88c7-25404c001adb - - - - - -] Successfully bumped revision number for resource 46e2bf90-b714-43e5-a834-fce83cb5861d (type: ports) to 1
2026-05-14 05:49:38.382 7 INFO neutron.db.ovn_revision_numbers_db [None req-14c594af-2460-4a50-b779-6db9b91e46fe 5aa64c5a55d544d0a9e73782e5652479 4be5ff919140470b89a04a30a764ebac - - default default] Successfully bumped revision number for resource 5e768b7b-608f-4f84-8638-645487764e9a (type: security_group_rules) to 0 [pid: 7|app: 0|req: 1155/2206] 10.0.0.181 () {34 vars in 694 bytes} [Thu May 14 05:49:38 2026] POST /v2.0/security-group-rules => generated 599 bytes in 235 msecs (HTTP/1.1 201) 4 headers in 162 bytes (1 switches on core 0) [pid: 7|app: 0|req: 1156/2207] 199.204.45.169 () {34 vars in 1111 bytes} [Thu May 14 05:49:38 2026] GET /v2.0/networks/88793e39-2809-4591-82aa-b644faa6141b?fields=provider%3Aphysical_network&fields=provider%3Anetwork_type => generated 79 bytes in 40 msecs (HTTP/1.1 200) 4 headers in 156 bytes (1 switches on core 0)
2026-05-14 05:49:38.655 7 INFO neutron.db.ovn_revision_numbers_db [None req-094282c5-4d22-425e-8180-ddb54c090af1 5aa64c5a55d544d0a9e73782e5652479 4be5ff919140470b89a04a30a764ebac - - default default] Successfully bumped revision number for resource 0a84fd25-2ca8-4d7b-b9a7-029899fbe47c (type: security_group_rules) to 0 [pid: 7|app: 0|req: 1157/2208] 10.0.0.181 () {34 vars in 694 bytes} [Thu May 14 05:49:38 2026] POST /v2.0/security-group-rules => generated 601 bytes in 240 msecs (HTTP/1.1 201) 4 headers in 162 bytes (1 switches on core 0)
2026-05-14 05:49:38.899 7 INFO neutron.db.ovn_revision_numbers_db [None req-b5ac1a97-62a1-4f9c-81e3-85abfd6be7a7 5aa64c5a55d544d0a9e73782e5652479 4be5ff919140470b89a04a30a764ebac - - default default] Successfully bumped revision number for resource d7cfb909-08ef-4e97-8c7e-7ff5b178e68d (type: security_group_rules) to 0 [pid: 7|app: 0|req: 1158/2209] 10.0.0.181 () {34 vars in 694 bytes} [Thu May 14 05:49:38 2026] POST /v2.0/security-group-rules => generated 597 bytes in 246 msecs (HTTP/1.1 201) 4 headers in 162 bytes (1 switches on core 0)
2026-05-14 05:49:39.008 8 WARNING neutron.scheduler.dhcp_agent_scheduler [None req-659ba3b1-85a0-47c1-88c7-25404c001adb - - - - - -] No more DHCP agents
2026-05-14 05:49:39.010 8 WARNING neutron.api.rpc.agentnotifiers.dhcp_rpc_agent_api [None req-659ba3b1-85a0-47c1-88c7-25404c001adb - - - - - -] Unable to schedule network fa2494f7-f3bd-4389-bbbf-857216ff3c42: no agents available; will retry on subsequent port and subnet creation events. [pid: 7|app: 0|req: 1159/2210] 10.0.0.35 () {34 vars in 988 bytes} [Thu May 14 05:49:38 2026] GET /v2.0/ports?device_id=f44e3ffb-9092-4d6e-aed1-60555e983a56 => generated 969 bytes in 79 msecs (HTTP/1.1 200) 4 headers in 157 bytes (1 switches on core 0) [pid: 7|app: 0|req: 1160/2211] 10.0.0.35 () {34 vars in 1038 bytes} [Thu May 14 05:49:39 2026] GET /v2.0/security-groups?id=e2f1e8e7-db3a-4fad-a9cd-38eb44a16a30&fields=id&fields=name => generated 88 bytes in 33 msecs (HTTP/1.1 200) 4 headers in 156 bytes (1 switches on core 0)
2026-05-14 05:49:39.107 8 WARNING neutron.plugins.ml2.drivers.ovn.mech_driver.ovsdb.ovn_client [None req-08951214-292f-4c1f-8543-101eb089ef7d - - - - - -] No hosting information found for port cbdeeb82-c5e9-41a0-a11d-3f6c3555ec52: RuntimeError: No hosting information found for port cbdeeb82-c5e9-41a0-a11d-3f6c3555ec52 [pid: 7|app: 0|req: 1161/2212] 10.0.0.35 () {34 vars in 1094 bytes} [Thu May 14 05:49:39 2026] GET /v2.0/security-groups?name=tempest-lb_member_SG-2050879903&fields=id&tenant_id=4be5ff919140470b89a04a30a764ebac => generated 69 bytes in 51 msecs (HTTP/1.1 200) 4 headers in 156 bytes (1 switches on core 0)
2026-05-14 05:49:39.266 8 INFO neutron.db.ovn_revision_numbers_db [None req-08951214-292f-4c1f-8543-101eb089ef7d - - - - - -] Successfully bumped revision number for resource cbdeeb82-c5e9-41a0-a11d-3f6c3555ec52 (type: router_ports) to 2
2026-05-14 05:49:39.267 8 INFO neutron.plugins.ml2.drivers.ovn.mech_driver.mech_driver [None req-08951214-292f-4c1f-8543-101eb089ef7d - - - - - -] OVN reports status up for port: 623ff55b-56c0-4460-ac62-ffaf27585866
2026-05-14 05:49:39.288 8 INFO neutron.plugins.ml2.plugin [None req-08951214-292f-4c1f-8543-101eb089ef7d - - - - - -] Attempt 1 to provision port 623ff55b-56c0-4460-ac62-ffaf27585866 [pid: 7|app: 0|req: 1162/2213] 10.0.0.35 () {34 vars in 980 bytes} [Thu May 14 05:49:39 2026] GET /v2.0/networks?id=b484790d-0fb9-4539-8445-6559c5a5135d => generated 743 bytes in 49 msecs (HTTP/1.1 200) 4 headers in 157 bytes (1 switches on core 0) [pid: 7|app: 0|req: 1163/2214] 10.0.0.35 () {34 vars in 963 bytes} [Thu May 14 05:49:39 2026] GET /v2.0/quotas/4be5ff919140470b89a04a30a764ebac => generated 292 bytes in 8 msecs (HTTP/1.1 200) 4 headers in 157 bytes (1 switches on core 0) [pid: 7|app: 0|req: 1164/2215] 10.0.0.35 () {34 vars in 1000 bytes} [Thu May 14 05:49:39 2026] GET /v2.0/ports?tenant_id=4be5ff919140470b89a04a30a764ebac&fields=id => generated 287 bytes in 175 msecs (HTTP/1.1 200) 4 headers in 157 bytes (1 switches on core 0) [pid: 7|app: 0|req: 1165/2216] 10.0.0.35 () {34 vars in 1006 bytes} [Thu May 14 05:49:39 2026] GET /v2.0/networks/b484790d-0fb9-4539-8445-6559c5a5135d?fields=segments => generated 14 bytes in 51 msecs (HTTP/1.1 200) 4 headers in 156 bytes (1 switches on core 0)
2026-05-14 05:49:39.624 7 WARNING neutron.plugins.ml2.drivers.ovn.mech_driver.ovsdb.ovn_client [None req-ee6719ae-e5f3-4639-b498-f491d381a85f - - - - - -] No hosting information found for port c5a96d37-e73a-42b0-81d2-45a36f9c2b6c: RuntimeError: No hosting information found for port c5a96d37-e73a-42b0-81d2-45a36f9c2b6c
2026-05-14 05:49:39.624 7 INFO neutron.plugins.ml2.drivers.ovn.mech_driver.mech_driver [None req-ee6719ae-e5f3-4639-b498-f491d381a85f - - - - - -] OVN reports status down for port: 13aa6403-1869-4f92-9182-56778413dfbf [pid: 7|app: 0|req: 1166/2217] 10.0.0.35 () {34 vars in 1106 bytes} [Thu May 14 05:49:39 2026] GET /v2.0/networks/b484790d-0fb9-4539-8445-6559c5a5135d?fields=provider%3Aphysical_network&fields=provider%3Anetwork_type => generated 79 bytes in 80 msecs (HTTP/1.1 200) 4 headers in 156 bytes (1 switches on core 0)
2026-05-14 05:49:39.755 7 INFO neutron.notifiers.nova [-] Nova event matching ['req-5517fef6-1b17-4a30-91c3-118a620d056e'] response: {'server_uuid': 'f44e3ffb-9092-4d6e-aed1-60555e983a56', 'name': 'network-vif-unplugged', 'status': 'completed', 'tag': '13aa6403-1869-4f92-9182-56778413dfbf', 'code': 200}
2026-05-14 05:49:39.780 8 INFO neutron.db.ovn_revision_numbers_db [None req-08951214-292f-4c1f-8543-101eb089ef7d - - - - - -] Successfully bumped revision number for resource 623ff55b-56c0-4460-ac62-ffaf27585866 (type: ports) to 4
2026-05-14 05:49:39.841 7 INFO neutron.db.ovn_revision_numbers_db [None req-ee6719ae-e5f3-4639-b498-f491d381a85f - - - - - -] Successfully bumped revision number for resource c5a96d37-e73a-42b0-81d2-45a36f9c2b6c (type: router_ports) to 2
2026-05-14 05:49:39.843 7 INFO neutron.plugins.ml2.drivers.ovn.mech_driver.mech_driver [None req-ee6719ae-e5f3-4639-b498-f491d381a85f - - - - - -] OVN reports status up for port: 3fea8a16-20eb-464c-bcb2-50d38e449232 [pid: 7|app: 0|req: 1167/2218] 10.0.0.35 () {34 vars in 988 bytes} [Thu May 14 05:49:39 2026] GET /v2.0/ports?device_id=48cedc5c-123b-4c35-810a-f15e49257644 => generated 12 bytes in 41 msecs (HTTP/1.1 200) 4 headers in 156 bytes (1 switches on core 0)
2026-05-14 05:49:39.890 8 INFO neutron.db.ovn_revision_numbers_db [None req-659ba3b1-85a0-47c1-88c7-25404c001adb - - - - - -] Successfully bumped revision number for resource 46e2bf90-b714-43e5-a834-fce83cb5861d (type: router_ports) to 1
2026-05-14 05:49:39.935 7 INFO neutron.plugins.ml2.plugin [None req-ee6719ae-e5f3-4639-b498-f491d381a85f - - - - - -] Attempt 1 to provision port 3fea8a16-20eb-464c-bcb2-50d38e449232
2026-05-14 05:49:40.022 8 INFO neutron.plugins.ml2.drivers.ovn.mech_driver.mech_driver [None req-0b6d31b2-cbae-4587-96ad-e5902d0424c4 - - - - - -] OVN reports status down for port: cfa09968-55be-4aba-a27e-e26ce7c89289
2026-05-14 05:49:40.155 7 INFO neutron.db.ovn_revision_numbers_db [None req-ee6719ae-e5f3-4639-b498-f491d381a85f - - - - - -] Successfully bumped revision number for resource 3fea8a16-20eb-464c-bcb2-50d38e449232 (type: ports) to 4 [pid: 7|app: 0|req: 1168/2219] 10.0.0.35 () {34 vars in 988 bytes} [Thu May 14 05:49:40 2026] GET /v2.0/ports?device_id=f44e3ffb-9092-4d6e-aed1-60555e983a56 => generated 969 bytes in 62 msecs (HTTP/1.1 200) 4 headers in 157 bytes (1 switches on core 0) [pid: 7|app: 0|req: 1169/2220] 10.0.0.35 () {34 vars in 1038 bytes} [Thu May 14 05:49:40 2026] GET /v2.0/security-groups?id=e2f1e8e7-db3a-4fad-a9cd-38eb44a16a30&fields=id&fields=name => generated 88 bytes in 51 msecs (HTTP/1.1 200) 4 headers in 156 bytes (1 switches on core 0)
2026-05-14 05:49:40.313 7 INFO neutron.plugins.ml2.drivers.ovn.mech_driver.mech_driver [None req-a03a910e-5337-42eb-9f9b-919bdafdb71b - - - - - -] OVN reports status down for port: a477455d-7bc4-4dab-a73b-a5e989d1627f
2026-05-14 05:49:40.381 7 WARNING neutron.plugins.ml2.drivers.ovn.mech_driver.ovsdb.ovn_client [None req-a03a910e-5337-42eb-9f9b-919bdafdb71b - - - - - -] Logical_Switch_Port %s host information not removed, the port state is up
2026-05-14 05:49:40.422 7 INFO neutron.plugins.ml2.drivers.ovn.mech_driver.mech_driver [None req-a03a910e-5337-42eb-9f9b-919bdafdb71b - - - - - -] OVN reports status up for port: a477455d-7bc4-4dab-a73b-a5e989d1627f
2026-05-14 05:49:40.434 7 INFO neutron.plugins.ml2.plugin [None req-a03a910e-5337-42eb-9f9b-919bdafdb71b - - - - - -] Attempt 1 to provision port a477455d-7bc4-4dab-a73b-a5e989d1627f
2026-05-14 05:49:40.799 8 WARNING neutron.plugins.ml2.drivers.ovn.mech_driver.ovsdb.ovn_client [None req-0b6d31b2-cbae-4587-96ad-e5902d0424c4 - - - - - -] Logical_Switch_Port %s host information not removed, the port state is up
2026-05-14 05:49:40.859 7 INFO neutron.db.ovn_revision_numbers_db [None req-a03a910e-5337-42eb-9f9b-919bdafdb71b - - - - - -] Successfully bumped revision number for resource a477455d-7bc4-4dab-a73b-a5e989d1627f (type: ports) to 2
2026-05-14 05:49:40.870 8 INFO neutron.plugins.ml2.drivers.ovn.mech_driver.mech_driver [None req-0b6d31b2-cbae-4587-96ad-e5902d0424c4 - - - - - -] OVN reports status down for port: 5fc3334b-28b6-4cab-a6e4-5785135efb23
2026-05-14 05:49:40.943 8 WARNING neutron.scheduler.dhcp_agent_scheduler [None req-659ba3b1-85a0-47c1-88c7-25404c001adb - - - - - -] No more DHCP agents
2026-05-14 05:49:40.945 8 WARNING neutron.api.rpc.agentnotifiers.dhcp_rpc_agent_api [None req-659ba3b1-85a0-47c1-88c7-25404c001adb - - - - - -] Unable to schedule network fa2494f7-f3bd-4389-bbbf-857216ff3c42: no agents available; will retry on subsequent port and subnet creation events.
2026-05-14 05:49:40.991 8 WARNING neutron.plugins.ml2.drivers.ovn.mech_driver.ovsdb.ovn_client [None req-0b6d31b2-cbae-4587-96ad-e5902d0424c4 - - - - - -] Logical_Switch_Port %s host information not removed, the port state is up
2026-05-14 05:49:40.992 8 INFO neutron.plugins.ml2.drivers.ovn.mech_driver.mech_driver [None req-0b6d31b2-cbae-4587-96ad-e5902d0424c4 - - - - - -] OVN reports status up for port: cfa09968-55be-4aba-a27e-e26ce7c89289
2026-05-14 05:49:41.019 8 INFO neutron.plugins.ml2.plugin [None req-0b6d31b2-cbae-4587-96ad-e5902d0424c4 - - - - - -] Attempt 1 to provision port cfa09968-55be-4aba-a27e-e26ce7c89289
2026-05-14 05:49:41.208 8 INFO neutron.db.ovn_revision_numbers_db [None req-659ba3b1-85a0-47c1-88c7-25404c001adb - - - - - -] Successfully bumped revision number for resource f138a682-443e-41af-92e9-4fe6e9095cea (type: ports) to 1 [pid: 7|app: 0|req: 1170/2221] 10.0.0.35 () {34 vars in 988 bytes} [Thu May 14 05:49:41 2026] GET /v2.0/ports?device_id=f44e3ffb-9092-4d6e-aed1-60555e983a56 => generated 969 bytes in 64 msecs (HTTP/1.1 200) 4 headers in 157 bytes (1 switches on core 0) [pid: 7|app: 0|req: 1171/2222] 10.0.0.35 () {34 vars in 1038 bytes} [Thu May 14 05:49:41 2026] GET /v2.0/security-groups?id=e2f1e8e7-db3a-4fad-a9cd-38eb44a16a30&fields=id&fields=name => generated 88 bytes in 46 msecs (HTTP/1.1 200) 4 headers in 156 bytes (1 switches on core 0)
2026-05-14 05:49:41.532 8 INFO neutron.db.ovn_revision_numbers_db [None req-659ba3b1-85a0-47c1-88c7-25404c001adb - - - - - -] Successfully bumped revision number for resource f138a682-443e-41af-92e9-4fe6e9095cea (type: ports) to 3 [pid: 8|app: 0|req: 1052/2223] 10.0.0.181 () {34 vars in 684 bytes} [Thu May 14 05:49:36 2026] POST /v2.0/vpn/vpnservices => generated 457 bytes in 5675 msecs (HTTP/1.1 201) 4 headers in 162 bytes (1 switches on core 0) [pid: 7|app: 0|req: 1172/2224] 10.0.0.181 () {32 vars in 662 bytes} [Thu May 14 05:49:41 2026] GET /v2.0/vpn/vpnservices => generated 1305 bytes in 23 msecs (HTTP/1.1 200) 4 headers in 158 bytes (1 switches on core 0)
2026-05-14 05:49:42.102 8 INFO neutron_taas.services.taas.taas_plugin [None req-91bf1441-20f2-42f1-a4f3-911e2b8baec3 5a8d43d1da1b497b9754a3ca92383a55 5ead4b8493194ceaaa31e98415d0e395 - - default default] TaaS: Handle Delete Port: 56db8756-8c25-41c5-a70a-1f186c17e7dc
2026-05-14 05:49:42.104 8 INFO neutron_taas.services.taas.tap_mirror_plugin [None req-91bf1441-20f2-42f1-a4f3-911e2b8baec3 5a8d43d1da1b497b9754a3ca92383a55 5ead4b8493194ceaaa31e98415d0e395 - - default default] Tap Mirror: Handle Delete Port: 56db8756-8c25-41c5-a70a-1f186c17e7dc
2026-05-14 05:49:42.367 8 INFO neutron_taas.services.taas.taas_plugin [None req-72c668ee-819b-43e7-a83a-ad15f9a69edf - - - - - -] TaaS: Handle Delete Port: f138a682-443e-41af-92e9-4fe6e9095cea
2026-05-14 05:49:42.371 8 INFO neutron_taas.services.taas.tap_mirror_plugin [None req-72c668ee-819b-43e7-a83a-ad15f9a69edf - - - - - -] Tap Mirror: Handle Delete Port: f138a682-443e-41af-92e9-4fe6e9095cea [pid: 7|app: 0|req: 1173/2225] 10.0.0.35 () {34 vars in 988 bytes} [Thu May 14 05:49:42 2026] GET /v2.0/ports?device_id=f44e3ffb-9092-4d6e-aed1-60555e983a56 => generated 969 bytes in 43 msecs (HTTP/1.1 200) 4 headers in 157 bytes (1 switches on core 0) [pid: 7|app: 0|req: 1176/2228] 10.0.0.35 () {34 vars in 1038 bytes} [Thu May 14 05:49:42 2026] GET /v2.0/security-groups?id=e2f1e8e7-db3a-4fad-a9cd-38eb44a16a30&fields=id&fields=name => generated 88 bytes in 31 msecs (HTTP/1.1 200) 4 headers in 156 bytes (1 switches on core 0)
2026-05-14 05:49:42.804 8 INFO neutron_taas.services.taas.taas_plugin [None req-eb5f4b6e-1383-40d8-a99f-6525b29fbadc - - - - - -] TaaS: Handle Delete Port: 46e2bf90-b714-43e5-a834-fce83cb5861d
2026-05-14 05:49:42.808 8 INFO neutron_taas.services.taas.tap_mirror_plugin [None req-eb5f4b6e-1383-40d8-a99f-6525b29fbadc - - - - - -] Tap Mirror: Handle Delete Port: 46e2bf90-b714-43e5-a834-fce83cb5861d [pid: 7|app: 0|req: 1177/2229] 10.0.0.35 () {34 vars in 988 bytes} [Thu May 14 05:49:43 2026] GET /v2.0/ports?device_id=f44e3ffb-9092-4d6e-aed1-60555e983a56 => generated 969 bytes in 39 msecs (HTTP/1.1 200) 4 headers in 157 bytes (1 switches on core 0)
2026-05-14 05:49:43.779 8 INFO neutron_taas.services.taas.taas_plugin [None req-eb5f4b6e-1383-40d8-a99f-6525b29fbadc - - - - - -] TaaS: Handle Delete Port: 9facad25-134c-4be6-8097-1311876e3cc2
2026-05-14 05:49:43.782 8 INFO neutron_taas.services.taas.tap_mirror_plugin [None req-eb5f4b6e-1383-40d8-a99f-6525b29fbadc - - - - - -] Tap Mirror: Handle Delete Port: 9facad25-134c-4be6-8097-1311876e3cc2 [pid: 7|app: 0|req: 1178/2230] 10.0.0.35 () {34 vars in 1038 bytes} [Thu May 14 05:49:43 2026] GET /v2.0/security-groups?id=e2f1e8e7-db3a-4fad-a9cd-38eb44a16a30&fields=id&fields=name => generated 88 bytes in 34 msecs (HTTP/1.1 200) 4 headers in 156 bytes (1 switches on core 0)
2026-05-14 05:49:43.966 8 INFO neutron.services.segments.plugin [-] Segment 15c5ea9a-8787-46a4-aa55-151bb28595e1 resource provider aggregate not found
2026-05-14 05:49:43.966 8 INFO neutron.services.segments.plugin [-] Segment 15c5ea9a-8787-46a4-aa55-151bb28595e1 resource provider aggregate not found
2026-05-14 05:49:43.997 8 INFO neutron.services.segments.plugin [-] Segment 15c5ea9a-8787-46a4-aa55-151bb28595e1 resource provider not found; error: Placement Client Error (4xx): {"errors": [{"status": 404, "title": "Not Found", "detail": "The resource could not be found.\n\n No resource provider with uuid 15c5ea9a-8787-46a4-aa55-151bb28595e1 found for delete ", "request_id": "req-c05efea3-7bec-4548-ac9c-e6071ffbe957"}]}
2026-05-14 05:49:44.004 8 INFO neutron.services.segments.plugin [-] Segment 15c5ea9a-8787-46a4-aa55-151bb28595e1 resource provider not found; error: Placement Client Error (4xx): {"errors": [{"status": 404, "title": "Not Found", "detail": "The resource could not be found.\n\n No resource provider with uuid 15c5ea9a-8787-46a4-aa55-151bb28595e1 found for delete ", "request_id": "req-8fc53eba-b51f-4374-b7ec-7fb0ec8b3736"}]} [pid: 8|app: 0|req: 1053/2231] 10.0.0.181 () {32 vars in 739 bytes} [Thu May 14 05:49:41 2026] DELETE /v2.0/vpn/vpnservices/e9f40bf6-47ba-48ac-b612-10b568afa4bf => generated 0 bytes in 2241 msecs (HTTP/1.1 204) 2 headers in 112 bytes (1 switches on core 0) /var/lib/openstack/lib/python3.12/site-packages/pycadf/identifier.py:70: UserWarning: Invalid uuid: neutron. To ensure interoperability, identifiers should be a valid uuid. warnings.warn(('Invalid uuid: %s. To ensure interoperability, ' [pid: 7|app: 0|req: 1179/2232] 10.0.0.181 () {34 vars in 692 bytes} [Thu May 14 05:49:44 2026] POST /v2.0/vpn/endpoint-groups => generated 301 bytes in 84 msecs (HTTP/1.1 201) 4 headers in 162 bytes (1 switches on core 0) [pid: 8|app: 0|req: 1054/2233] 199.204.45.169 () {34 vars in 985 bytes} [Thu May 14 05:49:44 2026] GET /v2.0/networks?id=b484790d-0fb9-4539-8445-6559c5a5135d => generated 743 bytes in 67 msecs (HTTP/1.1 200) 4 headers in 157 bytes (1 switches on core 0) [pid: 7|app: 0|req: 1180/2234] 10.0.0.181 () {34 vars in 692 bytes} [Thu May 14 05:49:44 2026] POST /v2.0/vpn/endpoint-groups => generated 294 bytes in 55 msecs (HTTP/1.1 201) 4 headers in 162 bytes (1 switches on core 0)
2026-05-14 05:49:44.200 7 WARNING neutron.api.v2.base [None req-5b841594-ddc5-4783-95bc-936f9303c1c2 30bfe245a0274367b63fb82204ed0ea9 24499fac76f149fcaedc53a16938ed95 - - default default] An exception happened while processing the request body. The exception message is [Unrecognized attribute(s) 'peer_cidr'].: webob.exc.HTTPBadRequest: Unrecognized attribute(s) 'peer_cidr'
2026-05-14 05:49:44.200 7 INFO neutron.api.v2.resource [None req-5b841594-ddc5-4783-95bc-936f9303c1c2 30bfe245a0274367b63fb82204ed0ea9 24499fac76f149fcaedc53a16938ed95 - - default default] create failed (client error): Unrecognized attribute(s) 'peer_cidr' [pid: 7|app: 0|req: 1181/2235] 10.0.0.181 () {34 vars in 706 bytes} [Thu May 14 05:49:44 2026] POST /v2.0/vpn/ipsec-site-connections => generated 110 bytes in 8 msecs (HTTP/1.1 400) 4 headers in 166 bytes (1 switches on core 0) [pid: 7|app: 0|req: 1182/2236] 10.0.0.181 () {32 vars in 670 bytes} [Thu May 14 05:49:44 2026] GET /v2.0/vpn/endpoint-groups => generated 1191 bytes in 14 msecs (HTTP/1.1 200) 4 headers in 158 bytes (1 switches on core 0) [pid: 8|app: 0|req: 1055/2237] 199.204.45.169 () {34 vars in 1049 bytes} [Thu May 14 05:49:44 2026] GET /v2.0/security-groups?fields=id&fields=name&tenant_id=4be5ff919140470b89a04a30a764ebac => generated 179 bytes in 68 msecs (HTTP/1.1 200) 4 headers in 157 bytes (1 switches on core 0) [pid: 7|app: 0|req: 1183/2238] 10.0.0.181 () {32 vars in 747 bytes} [Thu May 14 05:49:44 2026] DELETE /v2.0/vpn/endpoint-groups/dd10e65d-5240-48db-ba61-7117906d1b21 => generated 0 bytes in 34 msecs (HTTP/1.1 204) 2 headers in 112 bytes (1 switches on core 0) [pid: 7|app: 0|req: 1184/2239] 10.0.0.181 () {32 vars in 670 bytes} [Thu May 14 05:49:44 2026] GET /v2.0/vpn/endpoint-groups => generated 915 bytes in 15 msecs (HTTP/1.1 200) 4 headers in 157 bytes (1 switches on core 0) [pid: 7|app: 0|req: 1185/2240] 10.0.0.181 () {32 vars in 670 bytes} [Thu May 14 05:49:44 2026] GET /v2.0/vpn/endpoint-groups => generated 915 bytes in 9 msecs (HTTP/1.1 200) 4 headers in 157 bytes (1 switches on core 0) [pid: 7|app: 0|req: 1186/2241] 10.0.0.181 () {32 vars in 747 bytes} [Thu May 14 05:49:44 2026] DELETE /v2.0/vpn/endpoint-groups/4f550e3d-f4e9-45ce-9344-9e52634b2134 => generated 0 bytes in 21 msecs (HTTP/1.1 204) 2 headers in 112 bytes (1 switches on core 0) [pid: 7|app: 0|req: 1187/2242] 10.0.0.181 () {32 vars in 670 bytes} [Thu May 14 05:49:44 2026] GET /v2.0/vpn/endpoint-groups => generated 632 bytes in 10 msecs (HTTP/1.1 200) 4 headers in 157 bytes (1 switches on core 0) [pid: 7|app: 0|req: 1188/2243] 10.0.0.181 () {34 vars in 692 bytes} [Thu May 14 05:49:44 2026] POST /v2.0/vpn/endpoint-groups => generated 301 bytes in 60 msecs (HTTP/1.1 201) 4 headers in 162 bytes (1 switches on core 0) [pid: 7|app: 0|req: 1189/2244] 10.0.0.181 () {34 vars in 692 bytes} [Thu May 14 05:49:44 2026] POST /v2.0/vpn/endpoint-groups => generated 294 bytes in 37 msecs (HTTP/1.1 201) 4 headers in 162 bytes (1 switches on core 0)
2026-05-14 05:49:44.505 7 INFO neutron.api.v2.resource [None req-6a15469b-582f-48a7-8b4a-507eb1e3811f 30bfe245a0274367b63fb82204ed0ea9 24499fac76f149fcaedc53a16938ed95 - - default default] create failed (client error): The server could not comply with the request since it is either malformed or otherwise incorrect. [pid: 7|app: 0|req: 1190/2245] 10.0.0.181 () {34 vars in 706 bytes} [Thu May 14 05:49:44 2026] POST /v2.0/vpn/ipsec-site-connections => generated 170 bytes in 55 msecs (HTTP/1.1 400) 4 headers in 166 bytes (1 switches on core 0) [pid: 7|app: 0|req: 1191/2246] 10.0.0.181 () {32 vars in 670 bytes} [Thu May 14 05:49:44 2026] GET /v2.0/vpn/endpoint-groups => generated 1191 bytes in 14 msecs (HTTP/1.1 200) 4 headers in 158 bytes (1 switches on core 0) [pid: 7|app: 0|req: 1192/2247] 10.0.0.181 () {32 vars in 747 bytes} [Thu May 14 05:49:44 2026] DELETE /v2.0/vpn/endpoint-groups/c82be56b-ad89-47fd-bd00-e5b0b458c64d => generated 0 bytes in 45 msecs (HTTP/1.1 204) 2 headers in 112 bytes (1 switches on core 0) [pid: 7|app: 0|req: 1193/2248] 10.0.0.181 () {32 vars in 670 bytes} [Thu May 14 05:49:44 2026] GET /v2.0/vpn/endpoint-groups => generated 915 bytes in 8 msecs (HTTP/1.1 200) 4 headers in 157 bytes (1 switches on core 0) [pid: 7|app: 0|req: 1194/2249] 10.0.0.181 () {32 vars in 670 bytes} [Thu May 14 05:49:44 2026] GET /v2.0/vpn/endpoint-groups => generated 915 bytes in 10 msecs (HTTP/1.1 200) 4 headers in 157 bytes (1 switches on core 0) [pid: 7|app: 0|req: 1195/2250] 10.0.0.181 () {32 vars in 747 bytes} [Thu May 14 05:49:44 2026] DELETE /v2.0/vpn/endpoint-groups/1fa8c9cb-c2ab-401a-b5eb-809c222ab856 => generated 0 bytes in 22 msecs (HTTP/1.1 204) 2 headers in 112 bytes (1 switches on core 0)
2026-05-14 05:49:44.633 8 WARNING neutron.scheduler.dhcp_agent_scheduler [req-338b4d29-9c03-4d3a-9ea3-cea10f5300cf req-8c9fe175-0246-4c20-896b-52a6026c6e2d 5aa64c5a55d544d0a9e73782e5652479 4be5ff919140470b89a04a30a764ebac - - default default] No more DHCP agents
2026-05-14 05:49:44.634 8 WARNING neutron.api.rpc.agentnotifiers.dhcp_rpc_agent_api [req-338b4d29-9c03-4d3a-9ea3-cea10f5300cf req-8c9fe175-0246-4c20-896b-52a6026c6e2d 5aa64c5a55d544d0a9e73782e5652479 4be5ff919140470b89a04a30a764ebac - - default default] Unable to schedule network b484790d-0fb9-4539-8445-6559c5a5135d: no agents available; will retry on subsequent port and subnet creation events. [pid: 7|app: 0|req: 1196/2251] 10.0.0.181 () {32 vars in 670 bytes} [Thu May 14 05:49:44 2026] GET /v2.0/vpn/endpoint-groups => generated 632 bytes in 8 msecs (HTTP/1.1 200) 4 headers in 157 bytes (1 switches on core 0) [pid: 7|app: 0|req: 1197/2252] 10.0.0.181 () {34 vars in 692 bytes} [Thu May 14 05:49:44 2026] POST /v2.0/vpn/endpoint-groups => generated 301 bytes in 54 msecs (HTTP/1.1 201) 4 headers in 162 bytes (1 switches on core 0)
2026-05-14 05:49:44.704 7 WARNING neutron.api.v2.base [None req-c6b4f51b-f473-40ed-820e-3fb1c9e45895 30bfe245a0274367b63fb82204ed0ea9 24499fac76f149fcaedc53a16938ed95 - - default default] An exception happened while processing the request body. The exception message is [Failed to parse request. Required attribute 'peer_id' not specified].: webob.exc.HTTPBadRequest: Failed to parse request. Required attribute 'peer_id' not specified
2026-05-14 05:49:44.704 7 INFO neutron.api.v2.resource [None req-c6b4f51b-f473-40ed-820e-3fb1c9e45895 30bfe245a0274367b63fb82204ed0ea9 24499fac76f149fcaedc53a16938ed95 - - default default] create failed (client error): Failed to parse request. Required attribute 'peer_id' not specified [pid: 7|app: 0|req: 1198/2253] 10.0.0.181 () {34 vars in 706 bytes} [Thu May 14 05:49:44 2026] POST /v2.0/vpn/ipsec-site-connections => generated 140 bytes in 6 msecs (HTTP/1.1 400) 4 headers in 166 bytes (1 switches on core 0) [pid: 7|app: 0|req: 1199/2254] 10.0.0.181 () {32 vars in 670 bytes} [Thu May 14 05:49:44 2026] GET /v2.0/vpn/endpoint-groups => generated 915 bytes in 8 msecs (HTTP/1.1 200) 4 headers in 157 bytes (1 switches on core 0) [pid: 7|app: 0|req: 1200/2255] 10.0.0.181 () {32 vars in 747 bytes} [Thu May 14 05:49:44 2026] DELETE /v2.0/vpn/endpoint-groups/3ec2b70f-3f12-4979-96d3-adcb7b593c71 => generated 0 bytes in 23 msecs (HTTP/1.1 204) 2 headers in 112 bytes (1 switches on core 0) [pid: 7|app: 0|req: 1201/2256] 10.0.0.181 () {32 vars in 670 bytes} [Thu May 14 05:49:44 2026] GET /v2.0/vpn/endpoint-groups => generated 632 bytes in 29 msecs (HTTP/1.1 200) 4 headers in 157 bytes (1 switches on core 0)
2026-05-14 05:49:44.807 8 INFO neutron.db.ovn_revision_numbers_db [req-338b4d29-9c03-4d3a-9ea3-cea10f5300cf req-8c9fe175-0246-4c20-896b-52a6026c6e2d 5aa64c5a55d544d0a9e73782e5652479 4be5ff919140470b89a04a30a764ebac - - default default] Successfully bumped revision number for resource dd786b93-932d-4a37-8199-064e5769feda (type: ports) to 1 [pid: 7|app: 0|req: 1202/2257] 10.0.0.181 () {34 vars in 692 bytes} [Thu May 14 05:49:44 2026] POST /v2.0/vpn/endpoint-groups => generated 294 bytes in 43 msecs (HTTP/1.1 201) 4 headers in 162 bytes (1 switches on core 0)
2026-05-14 05:49:44.834 7 WARNING neutron.api.v2.base [None req-a2375149-3676-4639-90bc-487cde53d81f 30bfe245a0274367b63fb82204ed0ea9 24499fac76f149fcaedc53a16938ed95 - - default default] An exception happened while processing the request body. The exception message is [Failed to parse request. Required attribute 'peer_id' not specified].: webob.exc.HTTPBadRequest: Failed to parse request. Required attribute 'peer_id' not specified
