2026-07-21 22:14:26.880 9 INFO neutron.db.ovn_revision_numbers_db [None req-85675290-c3d4-4ce0-a608-e921fa1a1738 4c37e9f4c896406d872d78f3bed0c496 e63d6cf45fd5428990c817ab86d83169 - - default default] Successfully bumped revision number for resource c1585f96-d5cd-4ee0-9881-f5f7cdbc5784 (type: security_group_rules) to 0
2026-07-21 22:14:26.905 9 INFO neutron.wsgi [None req-85675290-c3d4-4ce0-a608-e921fa1a1738 4c37e9f4c896406d872d78f3bed0c496 e63d6cf45fd5428990c817ab86d83169 - - default default] 10.0.0.24 "GET /v2.0/security-groups?tenant_id=4cc8b90c3eb247a59c83572cd68df76c&name=default HTTP/1.1" status: 200 len: 2996 time: 0.3964241
2026-07-21 22:14:27.116 9 INFO neutron.wsgi [None req-9b1011c1-289e-47df-9f2a-2d5c5d631d07 4c37e9f4c896406d872d78f3bed0c496 e63d6cf45fd5428990c817ab86d83169 - - default default] 10.0.0.24 "DELETE /v2.0/security-groups/9cb81a19-5a7e-4eeb-862a-60fa6a1d3c76 HTTP/1.1" status: 204 len: 168 time: 0.2069290
2026-07-21 22:14:28.740 9 INFO neutron.wsgi [req-0a87f443-6022-4973-acdd-fcc68648051c req-c37c5b79-a8b8-4e8f-b064-5ee1bc239b62 294eab28782a44b793f68080f8646925 a2a1e0c2788048ff8492de98ea2929da - - 98c96a7a0f3343c0a18ad4bd9845e374 98c96a7a0f3343c0a18ad4bd9845e374] 10.0.0.166 "GET /v2.0/ports?device_id=30c2af92-ebb5-4a49-9694-4f505005ef29 HTTP/1.1" status: 200 len: 1413 time: 0.0481205
2026-07-21 22:14:28.799 9 INFO neutron.wsgi [req-0a87f443-6022-4973-acdd-fcc68648051c req-3f71aa81-54dd-4690-974e-5ee41c921ccc 294eab28782a44b793f68080f8646925 a2a1e0c2788048ff8492de98ea2929da - - 98c96a7a0f3343c0a18ad4bd9845e374 98c96a7a0f3343c0a18ad4bd9845e374] 10.0.0.166 "GET /v2.0/security-groups?id=dcad54fb-9a5d-4d62-8666-41ee63fe0e79&fields=id&fields=name HTTP/1.1" status: 200 len: 312 time: 0.0469518
2026-07-21 22:14:31.355 9 INFO neutron.plugins.ml2.drivers.ovn.mech_driver.mech_driver [None req-8835f594-bc35-4410-94ff-92550b4c7f68 - - - - - -] OVN reports status down for port: 6a93ca5b-2ddf-43c6-b234-0f806b7d626a
2026-07-21 22:14:31.517 9 INFO neutron.wsgi [req-ff9bdab9-ab51-43f2-ba5d-a70c17a2dee3 req-e42ce95d-2c16-4b26-ad70-94696345cd91 c397656439174bdc8d7ca89df6805efd 30e71b4627cb4a399d43135456071205 - - default default] 10.0.0.81 "GET /v2.0/ports?device_id=30c2af92-ebb5-4a49-9694-4f505005ef29 HTTP/1.1" status: 200 len: 1174 time: 0.2121630
2026-07-21 22:14:31.602 9 INFO neutron.wsgi [req-ff9bdab9-ab51-43f2-ba5d-a70c17a2dee3 req-d59747e2-206a-44eb-8bcf-6b8e7ddf2894 c397656439174bdc8d7ca89df6805efd 30e71b4627cb4a399d43135456071205 - - default default] 10.0.0.81 "GET /v2.0/security-groups?id=dcad54fb-9a5d-4d62-8666-41ee63fe0e79&fields=id&fields=name HTTP/1.1" status: 200 len: 312 time: 0.0683999
2026-07-21 22:14:31.648 9 INFO neutron.notifiers.nova [-] Nova event matching ['req-9c059d92-ec5c-4253-aa5a-a0ddc8788d90'] response: {'server_uuid': '30c2af92-ebb5-4a49-9694-4f505005ef29', 'name': 'network-vif-unplugged', 'status': 'completed', 'tag': '6a93ca5b-2ddf-43c6-b234-0f806b7d626a', 'code': 200}
2026-07-21 22:14:31.696 9 INFO neutron.wsgi [req-1adc12c3-8a55-4809-bd59-c1770be9c41e req-acd05dce-c2bd-46c2-9053-bd87793fe7cf c397656439174bdc8d7ca89df6805efd 30e71b4627cb4a399d43135456071205 - - default default] 199.204.45.72 "GET /v2.0/ports?device_id=30c2af92-ebb5-4a49-9694-4f505005ef29 HTTP/1.1" status: 200 len: 1172 time: 0.0610430
2026-07-21 22:14:31.970 10 WARNING neutron.scheduler.dhcp_agent_scheduler [None req-fbc72535-d47b-453b-968d-97460c7b51a7 4ebd2a9409d54da6bee0c2263c749a83 6f6e2948533b469f9ffd1a231e93e2a7 - - default default] No more DHCP agents
2026-07-21 22:14:31.972 10 WARNING neutron.api.rpc.agentnotifiers.dhcp_rpc_agent_api [None req-fbc72535-d47b-453b-968d-97460c7b51a7 4ebd2a9409d54da6bee0c2263c749a83 6f6e2948533b469f9ffd1a231e93e2a7 - - default default] Unable to schedule network 4adc767c-d433-4b60-90dd-0b32e488d333: no agents available; will retry on subsequent port and subnet creation events.
2026-07-21 22:14:32.238 9 INFO neutron.db.ovn_revision_numbers_db [None req-8835f594-bc35-4410-94ff-92550b4c7f68 - - - - - -] Successfully bumped revision number for resource 6a93ca5b-2ddf-43c6-b234-0f806b7d626a (type: ports) to 5
2026-07-21 22:14:32.302 10 INFO neutron.db.ovn_revision_numbers_db [None req-fbc72535-d47b-453b-968d-97460c7b51a7 4ebd2a9409d54da6bee0c2263c749a83 6f6e2948533b469f9ffd1a231e93e2a7 - - default default] Successfully bumped revision number for resource 8f652c4a-1620-47ab-9a3f-055785e24f43 (type: floatingips) to 0
2026-07-21 22:14:32.327 10 INFO neutron.wsgi [None req-fbc72535-d47b-453b-968d-97460c7b51a7 4ebd2a9409d54da6bee0c2263c749a83 6f6e2948533b469f9ffd1a231e93e2a7 - - default default] 10.0.0.24 "POST /v2.0/floatingips HTTP/1.1" status: 201 len: 751 time: 0.8527441
2026-07-21 22:14:32.453 9 INFO neutron.db.l3_db [req-1adc12c3-8a55-4809-bd59-c1770be9c41e req-da1211a4-2b7a-49df-889c-bd5416c11f89 c397656439174bdc8d7ca89df6805efd 30e71b4627cb4a399d43135456071205 - - default default] Floating IP 7014db53-8009-44bd-9729-6e04d1ddf027 disassociated. External IP: 10.96.250.216, port: 6a93ca5b-2ddf-43c6-b234-0f806b7d626a.
2026-07-21 22:14:32.645 10 WARNING neutron.scheduler.dhcp_agent_scheduler [None req-b241661c-1ecc-4478-b00a-7e79be0b1bea 4ebd2a9409d54da6bee0c2263c749a83 6f6e2948533b469f9ffd1a231e93e2a7 - - default default] No more DHCP agents
2026-07-21 22:14:32.650 10 WARNING neutron.api.rpc.agentnotifiers.dhcp_rpc_agent_api [None req-b241661c-1ecc-4478-b00a-7e79be0b1bea 4ebd2a9409d54da6bee0c2263c749a83 6f6e2948533b469f9ffd1a231e93e2a7 - - default default] Unable to schedule network 4adc767c-d433-4b60-90dd-0b32e488d333: no agents available; will retry on subsequent port and subnet creation events. /var/lib/openstack/lib/python3.10/site-packages/pycadf/identifier.py:71: UserWarning: Invalid uuid: neutron. To ensure interoperability, identifiers should be a valid uuid. warnings.warn(('Invalid uuid: %s. To ensure interoperability, '
2026-07-21 22:14:32.700 9 INFO neutron.wsgi [req-1adc12c3-8a55-4809-bd59-c1770be9c41e req-da1211a4-2b7a-49df-889c-bd5416c11f89 c397656439174bdc8d7ca89df6805efd 30e71b4627cb4a399d43135456071205 - - default default] 199.204.45.72 "DELETE /v2.0/ports/6a93ca5b-2ddf-43c6-b234-0f806b7d626a HTTP/1.1" status: 204 len: 173 time: 0.9958413
2026-07-21 22:14:32.704 9 INFO neutron.wsgi [req-a222add1-9e5a-4294-adbc-0a6503be547f req-ca71e424-b1ef-4a86-bbf2-379182b02410 c397656439174bdc8d7ca89df6805efd 30e71b4627cb4a399d43135456071205 - - default default] 10.0.0.81 "GET /v2.0/ports?device_id=30c2af92-ebb5-4a49-9694-4f505005ef29 HTTP/1.1" status: 200 len: 210 time: 0.0317457
2026-07-21 22:14:33.032 10 INFO neutron.db.ovn_revision_numbers_db [None req-b241661c-1ecc-4478-b00a-7e79be0b1bea 4ebd2a9409d54da6bee0c2263c749a83 6f6e2948533b469f9ffd1a231e93e2a7 - - default default] Successfully bumped revision number for resource 31b72bde-b877-4be8-be51-fca158038260 (type: floatingips) to 0
2026-07-21 22:14:33.052 10 INFO neutron.wsgi [None req-b241661c-1ecc-4478-b00a-7e79be0b1bea 4ebd2a9409d54da6bee0c2263c749a83 6f6e2948533b469f9ffd1a231e93e2a7 - - default default] 10.0.0.24 "POST /v2.0/floatingips HTTP/1.1" status: 201 len: 751 time: 0.7183144
2026-07-21 22:14:33.402 10 WARNING neutron.scheduler.dhcp_agent_scheduler [None req-c6fab7fa-e6c1-4b48-a853-966dec14e234 4ebd2a9409d54da6bee0c2263c749a83 6f6e2948533b469f9ffd1a231e93e2a7 - - default default] No more DHCP agents
2026-07-21 22:14:33.406 10 WARNING neutron.api.rpc.agentnotifiers.dhcp_rpc_agent_api [None req-c6fab7fa-e6c1-4b48-a853-966dec14e234 4ebd2a9409d54da6bee0c2263c749a83 6f6e2948533b469f9ffd1a231e93e2a7 - - default default] Unable to schedule network 4adc767c-d433-4b60-90dd-0b32e488d333: no agents available; will retry on subsequent port and subnet creation events.
2026-07-21 22:14:33.693 9 INFO neutron.notifiers.nova [-] Nova event matching ['req-50dee914-fd61-455d-8b3d-4f3221923f4e'] response: {'server_uuid': '30c2af92-ebb5-4a49-9694-4f505005ef29', 'name': 'network-vif-plugged', 'status': 'completed', 'tag': '6a93ca5b-2ddf-43c6-b234-0f806b7d626a', 'code': 200}
2026-07-21 22:14:33.693 9 INFO neutron.notifiers.nova [-] Nova event matching ['req-50dee914-fd61-455d-8b3d-4f3221923f4e'] response: {'server_uuid': '30c2af92-ebb5-4a49-9694-4f505005ef29', 'name': 'network-vif-deleted', 'tag': '6a93ca5b-2ddf-43c6-b234-0f806b7d626a', 'status': 'completed', 'code': 200}
2026-07-21 22:14:33.770 10 INFO neutron.db.ovn_revision_numbers_db [None req-c6fab7fa-e6c1-4b48-a853-966dec14e234 4ebd2a9409d54da6bee0c2263c749a83 6f6e2948533b469f9ffd1a231e93e2a7 - - default default] Successfully bumped revision number for resource 69628c75-14fe-4795-bc13-ed1c77abf0ec (type: floatingips) to 0
2026-07-21 22:14:33.788 10 INFO neutron.wsgi [None req-c6fab7fa-e6c1-4b48-a853-966dec14e234 4ebd2a9409d54da6bee0c2263c749a83 6f6e2948533b469f9ffd1a231e93e2a7 - - default default] 10.0.0.24 "POST /v2.0/floatingips HTTP/1.1" status: 201 len: 751 time: 0.7316172
2026-07-21 22:14:34.065 9 INFO neutron.wsgi [None req-cd2f5fc2-0593-49f2-96b8-6c9280e59e65 c397656439174bdc8d7ca89df6805efd 30e71b4627cb4a399d43135456071205 - - default default] 10.0.0.24 "DELETE /v2.0/security-groups/dcad54fb-9a5d-4d62-8666-41ee63fe0e79 HTTP/1.1" status: 204 len: 168 time: 0.2886579
2026-07-21 22:14:34.200 9 WARNING neutron.scheduler.dhcp_agent_scheduler [None req-aead63cd-3b24-4d1a-92db-1eb0ebcb0ab1 4ebd2a9409d54da6bee0c2263c749a83 6f6e2948533b469f9ffd1a231e93e2a7 - - default default] No more DHCP agents
2026-07-21 22:14:34.204 9 WARNING neutron.api.rpc.agentnotifiers.dhcp_rpc_agent_api [None req-aead63cd-3b24-4d1a-92db-1eb0ebcb0ab1 4ebd2a9409d54da6bee0c2263c749a83 6f6e2948533b469f9ffd1a231e93e2a7 - - default default] Unable to schedule network 4adc767c-d433-4b60-90dd-0b32e488d333: no agents available; will retry on subsequent port and subnet creation events.
2026-07-21 22:14:34.334 9 INFO neutron.wsgi [-] 10.0.0.237 "GET / HTTP/1.1" status: 200 len: 247 time: 0.0023742
2026-07-21 22:14:34.336 10 INFO neutron.wsgi [-] 10.0.0.237 "GET / HTTP/1.1" status: 200 len: 247 time: 0.0025210
2026-07-21 22:14:34.594 9 INFO neutron.db.ovn_revision_numbers_db [None req-aead63cd-3b24-4d1a-92db-1eb0ebcb0ab1 4ebd2a9409d54da6bee0c2263c749a83 6f6e2948533b469f9ffd1a231e93e2a7 - - default default] Successfully bumped revision number for resource 4b2f8c37-276a-4f2e-880a-db897a7940c5 (type: floatingips) to 0
2026-07-21 22:14:34.607 9 INFO neutron.wsgi [None req-aead63cd-3b24-4d1a-92db-1eb0ebcb0ab1 4ebd2a9409d54da6bee0c2263c749a83 6f6e2948533b469f9ffd1a231e93e2a7 - - default default] 10.0.0.24 "POST /v2.0/floatingips HTTP/1.1" status: 201 len: 751 time: 0.8142536
2026-07-21 22:14:34.791 10 INFO neutron.wsgi [None req-e6967d2e-90db-48c7-a367-0e170ce7ec9c c397656439174bdc8d7ca89df6805efd 30e71b4627cb4a399d43135456071205 - - default default] 10.0.0.24 "DELETE /v2.0/floatingips/7014db53-8009-44bd-9729-6e04d1ddf027 HTTP/1.1" status: 204 len: 168 time: 0.6867795
2026-07-21 22:14:34.876 9 WARNING neutron.scheduler.dhcp_agent_scheduler [None req-74db7dcc-259a-4568-9102-be10c9a1435b 4ebd2a9409d54da6bee0c2263c749a83 6f6e2948533b469f9ffd1a231e93e2a7 - - default default] No more DHCP agents
2026-07-21 22:14:34.878 9 WARNING neutron.api.rpc.agentnotifiers.dhcp_rpc_agent_api [None req-74db7dcc-259a-4568-9102-be10c9a1435b 4ebd2a9409d54da6bee0c2263c749a83 6f6e2948533b469f9ffd1a231e93e2a7 - - default default] Unable to schedule network 4adc767c-d433-4b60-90dd-0b32e488d333: no agents available; will retry on subsequent port and subnet creation events.
2026-07-21 22:14:35.011 10 INFO neutron.plugins.ml2.drivers.ovn.mech_driver.mech_driver [None req-23b69857-0848-41f6-bdef-cf138be61e50 - - - - - -] OVN reports status down for port: 95bc7fdd-eaad-48c2-81cf-abf55e931357
2026-07-21 22:14:35.111 10 INFO neutron.wsgi [req-b1aeae83-1add-402e-b58a-84f4fcc1ee09 req-2631c1df-b95e-4431-b655-2994986e3d6b c397656439174bdc8d7ca89df6805efd 30e71b4627cb4a399d43135456071205 - - default default] 10.0.0.81 "GET /v2.0/ports?device_id=3915326e-1f30-43fd-8b5b-c8c3767858b7 HTTP/1.1" status: 200 len: 1174 time: 0.1446791
2026-07-21 22:14:35.201 10 INFO neutron.wsgi [req-b1aeae83-1add-402e-b58a-84f4fcc1ee09 req-7d1dd4d7-7b2e-4f1a-87ad-4e25b6db8e17 c397656439174bdc8d7ca89df6805efd 30e71b4627cb4a399d43135456071205 - - default default] 10.0.0.81 "GET /v2.0/security-groups?id=e76d8484-d9f4-4a35-a1c5-67cb44c5bc85&fields=id&fields=name HTTP/1.1" status: 200 len: 313 time: 0.0793579
2026-07-21 22:14:35.204 10 INFO neutron.notifiers.nova [-] Nova event matching ['req-18624256-3e2a-40d0-9a55-520b0cc29f86'] response: {'server_uuid': '3915326e-1f30-43fd-8b5b-c8c3767858b7', 'name': 'network-vif-unplugged', 'status': 'completed', 'tag': '95bc7fdd-eaad-48c2-81cf-abf55e931357', 'code': 200}
2026-07-21 22:14:35.228 9 INFO neutron.db.ovn_revision_numbers_db [None req-74db7dcc-259a-4568-9102-be10c9a1435b 4ebd2a9409d54da6bee0c2263c749a83 6f6e2948533b469f9ffd1a231e93e2a7 - - default default] Successfully bumped revision number for resource e95f06d4-d4f4-4c94-ad7a-76ce3042dd78 (type: floatingips) to 0
2026-07-21 22:14:35.249 9 INFO neutron.wsgi [None req-74db7dcc-259a-4568-9102-be10c9a1435b 4ebd2a9409d54da6bee0c2263c749a83 6f6e2948533b469f9ffd1a231e93e2a7 - - default default] 10.0.0.24 "POST /v2.0/floatingips HTTP/1.1" status: 201 len: 751 time: 0.6380041
2026-07-21 22:14:35.304 9 INFO neutron.wsgi [None req-65bb5993-1bf6-48f2-b7aa-52939ee62472 4ebd2a9409d54da6bee0c2263c749a83 6f6e2948533b469f9ffd1a231e93e2a7 - - default default] 10.0.0.24 "PUT /v2.0/floatingips/8f652c4a-1620-47ab-9a3f-055785e24f43/tags HTTP/1.1" status: 200 len: 210 time: 0.0481262
2026-07-21 22:14:35.385 9 INFO neutron.wsgi [None req-d01b5948-4f90-4c62-b328-facc03e3866d 4ebd2a9409d54da6bee0c2263c749a83 6f6e2948533b469f9ffd1a231e93e2a7 - - default default] 10.0.0.24 "PUT /v2.0/floatingips/31b72bde-b877-4be8-be51-fca158038260/tags HTTP/1.1" status: 200 len: 218 time: 0.0747728
2026-07-21 22:14:35.391 9 INFO neutron.wsgi [req-5f5fa26c-373a-40f0-8ff9-9081f91867bd req-e47bc440-0c11-4e71-9de0-10a1a9d3da67 c397656439174bdc8d7ca89df6805efd 30e71b4627cb4a399d43135456071205 - - default default] 199.204.45.72 "GET /v2.0/ports?device_id=3915326e-1f30-43fd-8b5b-c8c3767858b7 HTTP/1.1" status: 200 len: 1172 time: 0.0717151
2026-07-21 22:14:35.416 10 INFO neutron.db.ovn_revision_numbers_db [None req-23b69857-0848-41f6-bdef-cf138be61e50 - - - - - -] Successfully bumped revision number for resource 95bc7fdd-eaad-48c2-81cf-abf55e931357 (type: ports) to 5
2026-07-21 22:14:35.468 9 INFO neutron.wsgi [None req-0f9241ca-c4f1-43de-bc9c-547b66691088 4ebd2a9409d54da6bee0c2263c749a83 6f6e2948533b469f9ffd1a231e93e2a7 - - default default] 10.0.0.24 "PUT /v2.0/floatingips/69628c75-14fe-4795-bc13-ed1c77abf0ec/tags HTTP/1.1" status: 200 len: 227 time: 0.0718651
2026-07-21 22:14:35.521 9 INFO neutron.wsgi [None req-cb83b7e1-3b9f-4d8b-850b-6ab4e16d17fe 4ebd2a9409d54da6bee0c2263c749a83 6f6e2948533b469f9ffd1a231e93e2a7 - - default default] 10.0.0.24 "PUT /v2.0/floatingips/4b2f8c37-276a-4f2e-880a-db897a7940c5/tags HTTP/1.1" status: 200 len: 212 time: 0.0495102
2026-07-21 22:14:35.571 9 INFO neutron.wsgi [None req-bcc8e41f-ed90-4e5d-8de9-0f1e4a382916 4ebd2a9409d54da6bee0c2263c749a83 6f6e2948533b469f9ffd1a231e93e2a7 - - default default] 10.0.0.24 "GET /v2.0/floatingips?tags=red HTTP/1.1" status: 200 len: 1866 time: 0.0452328 /var/lib/openstack/lib/python3.10/site-packages/pycadf/identifier.py:71: UserWarning: Invalid uuid: neutron. To ensure interoperability, identifiers should be a valid uuid. warnings.warn(('Invalid uuid: %s. To ensure interoperability, '
2026-07-21 22:14:35.625 10 INFO neutron.wsgi [None req-e692fffd-33d0-4813-81a3-5d334998f708 4ebd2a9409d54da6bee0c2263c749a83 6f6e2948533b469f9ffd1a231e93e2a7 - - default default] 10.0.0.24 "GET /v2.0/floatingips?tags=red%2Cblue HTTP/1.1" status: 200 len: 1323 time: 0.0477982
2026-07-21 22:14:35.689 9 INFO neutron.wsgi [None req-f76e9437-7dc3-4548-b2c8-63f9dd0db886 4ebd2a9409d54da6bee0c2263c749a83 6f6e2948533b469f9ffd1a231e93e2a7 - - default default] 10.0.0.24 "GET /v2.0/floatingips?tags-any=blue HTTP/1.1" status: 200 len: 1323 time: 0.0594404
2026-07-21 22:14:35.745 10 INFO neutron.wsgi [None req-6762b871-6a9b-4452-b801-1d93b82f3590 4ebd2a9409d54da6bee0c2263c749a83 6f6e2948533b469f9ffd1a231e93e2a7 - - default default] 10.0.0.24 "GET /v2.0/floatingips?tags-any=red%2Cblue HTTP/1.1" status: 200 len: 1866 time: 0.0498559
2026-07-21 22:14:35.805 10 INFO neutron.wsgi [None req-c6117434-b59e-4f9a-9807-b06d2ab4e6be 4ebd2a9409d54da6bee0c2263c749a83 6f6e2948533b469f9ffd1a231e93e2a7 - - default default] 10.0.0.24 "GET /v2.0/floatingips?not-tags=red HTTP/1.1" status: 200 len: 1295 time: 0.0555673
2026-07-21 22:14:35.821 9 INFO neutron.wsgi [req-5f5fa26c-373a-40f0-8ff9-9081f91867bd req-e7712df5-841d-476c-bffa-01d78f657599 c397656439174bdc8d7ca89df6805efd 30e71b4627cb4a399d43135456071205 - - default default] 199.204.45.72 "DELETE /v2.0/ports/95bc7fdd-eaad-48c2-81cf-abf55e931357 HTTP/1.1" status: 204 len: 173 time: 0.4167504
2026-07-21 22:14:35.859 10 INFO neutron.wsgi [None req-b1bc336b-8772-4041-bca9-a7d4d5bcce48 4ebd2a9409d54da6bee0c2263c749a83 6f6e2948533b469f9ffd1a231e93e2a7 - - default default] 10.0.0.24 "GET /v2.0/floatingips?not-tags=red%2Cblue HTTP/1.1" status: 200 len: 1838 time: 0.0479112
2026-07-21 22:14:35.865 9 INFO neutron.notifiers.nova [-] Nova event matching ['req-9f979655-008d-493e-b8f7-24a5fbdfff67'] response: {'server_uuid': '3915326e-1f30-43fd-8b5b-c8c3767858b7', 'name': 'network-vif-deleted', 'tag': '95bc7fdd-eaad-48c2-81cf-abf55e931357', 'status': 'completed', 'code': 200}
2026-07-21 22:14:35.919 10 INFO neutron.wsgi [None req-cc4889f4-acdc-42eb-bae4-ef1c2c8fa758 4ebd2a9409d54da6bee0c2263c749a83 6f6e2948533b469f9ffd1a231e93e2a7 - - default default] 10.0.0.24 "GET /v2.0/floatingips?not-tags-any=blue HTTP/1.1" status: 200 len: 1838 time: 0.0559008
2026-07-21 22:14:35.959 10 INFO neutron.wsgi [None req-1827093f-45d5-4fd7-8fa1-7ac86600084d 4ebd2a9409d54da6bee0c2263c749a83 6f6e2948533b469f9ffd1a231e93e2a7 - - default default] 10.0.0.24 "GET /v2.0/floatingips?not-tags-any=red%2Cblue HTTP/1.1" status: 200 len: 1295 time: 0.0350752
2026-07-21 22:14:36.356 10 INFO neutron.wsgi [None req-db8799c5-1afb-436b-a992-0a883917ade4 4ebd2a9409d54da6bee0c2263c749a83 6f6e2948533b469f9ffd1a231e93e2a7 - - default default] 10.0.0.24 "DELETE /v2.0/floatingips/8f652c4a-1620-47ab-9a3f-055785e24f43 HTTP/1.1" status: 204 len: 168 time: 0.3896027
2026-07-21 22:14:36.452 9 INFO neutron.wsgi [None req-87477967-b458-4845-90f3-20e48a9af5dc c397656439174bdc8d7ca89df6805efd 30e71b4627cb4a399d43135456071205 - - default default] 10.0.0.24 "DELETE /v2.0/security-groups/e76d8484-d9f4-4a35-a1c5-67cb44c5bc85 HTTP/1.1" status: 204 len: 168 time: 0.1811569
2026-07-21 22:14:36.924 10 INFO neutron.wsgi [None req-04b0167f-3f57-4aaa-93c2-a00a62d64a67 4ebd2a9409d54da6bee0c2263c749a83 6f6e2948533b469f9ffd1a231e93e2a7 - - default default] 10.0.0.24 "DELETE /v2.0/floatingips/31b72bde-b877-4be8-be51-fca158038260 HTTP/1.1" status: 204 len: 168 time: 0.5620468
2026-07-21 22:14:37.240 10 INFO neutron.notifiers.nova [-] Nova event matching ['req-25cd931b-d425-419e-a77a-602743bcd1aa'] response: {'server_uuid': '3915326e-1f30-43fd-8b5b-c8c3767858b7', 'name': 'network-vif-plugged', 'status': 'completed', 'tag': '95bc7fdd-eaad-48c2-81cf-abf55e931357', 'code': 200}
2026-07-21 22:14:37.313 9 INFO neutron.wsgi [None req-d4764876-5f60-4304-965d-6740011b6631 4ebd2a9409d54da6bee0c2263c749a83 6f6e2948533b469f9ffd1a231e93e2a7 - - default default] 10.0.0.24 "DELETE /v2.0/floatingips/69628c75-14fe-4795-bc13-ed1c77abf0ec HTTP/1.1" status: 204 len: 168 time: 0.3825741
2026-07-21 22:14:37.572 10 INFO neutron.wsgi [None req-cdd4a1f9-88c1-4db6-8c2f-dfdd2ffc9ed1 c397656439174bdc8d7ca89df6805efd 30e71b4627cb4a399d43135456071205 - - default default] 10.0.0.24 "PUT /v2.0/routers/a5110c57-7323-4338-9136-3c9bce70035f/remove_router_interface HTTP/1.1" status: 200 len: 503 time: 1.0758657 /var/lib/openstack/lib/python3.10/site-packages/pycadf/identifier.py:71: UserWarning: Invalid uuid: neutron. To ensure interoperability, identifiers should be a valid uuid. warnings.warn(('Invalid uuid: %s. To ensure interoperability, '
2026-07-21 22:14:37.819 10 INFO neutron.wsgi [None req-2f5ce947-a28b-4741-b98c-c8b2155691fe c397656439174bdc8d7ca89df6805efd 30e71b4627cb4a399d43135456071205 - - default default] 10.0.0.24 "DELETE /v2.0/subnets/d53cdb87-9e20-4145-9292-976dd1cb8ebe HTTP/1.1" status: 204 len: 168 time: 0.2420261
2026-07-21 22:14:37.915 9 INFO neutron.wsgi [None req-c179f72c-d91b-4233-976e-68fe290f80b8 4ebd2a9409d54da6bee0c2263c749a83 6f6e2948533b469f9ffd1a231e93e2a7 - - default default] 10.0.0.24 "DELETE /v2.0/floatingips/4b2f8c37-276a-4f2e-880a-db897a7940c5 HTTP/1.1" status: 204 len: 168 time: 0.5975850
2026-07-21 22:14:38.275 9 INFO neutron.wsgi [None req-1940318a-f2b0-4053-8da9-fb256cf65b2c 4ebd2a9409d54da6bee0c2263c749a83 6f6e2948533b469f9ffd1a231e93e2a7 - - default default] 10.0.0.24 "DELETE /v2.0/floatingips/e95f06d4-d4f4-4c94-ad7a-76ce3042dd78 HTTP/1.1" status: 204 len: 168 time: 0.3540535
2026-07-21 22:14:38.794 10 INFO neutron.wsgi [None req-c7b1ac25-f639-47f9-a024-3572a8e2aae7 c397656439174bdc8d7ca89df6805efd 30e71b4627cb4a399d43135456071205 - - default default] 10.0.0.24 "DELETE /v2.0/routers/a5110c57-7323-4338-9136-3c9bce70035f HTTP/1.1" status: 204 len: 168 time: 0.9701560
2026-07-21 22:14:39.219 10 INFO neutron.services.segments.plugin [-] Segment 7eef6d1d-481e-4491-a97e-ceee8870cc27 resource provider aggregate not found
2026-07-21 22:14:39.225 10 INFO neutron.services.segments.plugin [-] Segment 7eef6d1d-481e-4491-a97e-ceee8870cc27 resource provider aggregate not found
2026-07-21 22:14:39.244 10 INFO neutron.services.segments.plugin [-] Segment 7eef6d1d-481e-4491-a97e-ceee8870cc27 resource provider not found; error: Placement Client Error (4xx): {"errors": [{"status": 404, "title": "Not Found", "detail": "The resource could not be found.\n\n No resource provider with uuid 7eef6d1d-481e-4491-a97e-ceee8870cc27 found for delete ", "request_id": "req-8141075f-d871-4833-b141-873c3e1f2dd7"}]}
2026-07-21 22:14:39.251 10 INFO neutron.services.segments.plugin [-] Segment 7eef6d1d-481e-4491-a97e-ceee8870cc27 resource provider not found; error: Placement Client Error (4xx): {"errors": [{"status": 404, "title": "Not Found", "detail": "The resource could not be found.\n\n No resource provider with uuid 7eef6d1d-481e-4491-a97e-ceee8870cc27 found for delete ", "request_id": "req-cea31e78-3116-4379-8ded-fc6d6150d3d6"}]}
2026-07-21 22:14:39.279 10 INFO neutron.wsgi [None req-00b6f57a-c613-4b78-a4c2-e37f0d264be5 c397656439174bdc8d7ca89df6805efd 30e71b4627cb4a399d43135456071205 - - default default] 10.0.0.24 "DELETE /v2.0/networks/e594c2d7-2b45-41e6-9455-e84214e55fe8 HTTP/1.1" status: 204 len: 168 time: 0.4800577
2026-07-21 22:14:39.479 10 INFO neutron.db.ovn_revision_numbers_db [None req-86a1ce24-7de5-409b-b270-13d478a83154 4c37e9f4c896406d872d78f3bed0c496 e63d6cf45fd5428990c817ab86d83169 - - default default] Successfully bumped revision number for resource d24e395c-3d9c-4355-8307-fe1725a5db6a (type: security_groups) to 1
2026-07-21 22:14:39.499 10 INFO neutron.db.ovn_revision_numbers_db [None req-86a1ce24-7de5-409b-b270-13d478a83154 4c37e9f4c896406d872d78f3bed0c496 e63d6cf45fd5428990c817ab86d83169 - - default default] Successfully bumped revision number for resource 8e404690-40a6-45c5-94e0-ba4f119b50e7 (type: security_group_rules) to 0
2026-07-21 22:14:39.518 10 INFO neutron.db.ovn_revision_numbers_db [None req-86a1ce24-7de5-409b-b270-13d478a83154 4c37e9f4c896406d872d78f3bed0c496 e63d6cf45fd5428990c817ab86d83169 - - default default] Successfully bumped revision number for resource 92e443d7-3258-47d1-a393-41efff060157 (type: security_group_rules) to 0
2026-07-21 22:14:39.537 10 INFO neutron.db.ovn_revision_numbers_db [None req-86a1ce24-7de5-409b-b270-13d478a83154 4c37e9f4c896406d872d78f3bed0c496 e63d6cf45fd5428990c817ab86d83169 - - default default] Successfully bumped revision number for resource 94522ede-0b72-40e7-a608-d2f42ca42235 (type: security_group_rules) to 0
2026-07-21 22:14:39.553 10 INFO neutron.db.ovn_revision_numbers_db [None req-86a1ce24-7de5-409b-b270-13d478a83154 4c37e9f4c896406d872d78f3bed0c496 e63d6cf45fd5428990c817ab86d83169 - - default default] Successfully bumped revision number for resource adc466eb-a1e2-4aae-987c-d5f76204122f (type: security_group_rules) to 0
2026-07-21 22:14:39.580 10 INFO neutron.wsgi [None req-86a1ce24-7de5-409b-b270-13d478a83154 4c37e9f4c896406d872d78f3bed0c496 e63d6cf45fd5428990c817ab86d83169 - - default default] 10.0.0.24 "GET /v2.0/security-groups?tenant_id=22c538d7a5eb4fd8a0046e5da89aeb99&name=default HTTP/1.1" status: 200 len: 2996 time: 0.4520035
2026-07-21 22:14:39.790 10 INFO neutron.wsgi [None req-f7545da9-8c83-4d8a-85c5-f7a81ab110d3 4c37e9f4c896406d872d78f3bed0c496 e63d6cf45fd5428990c817ab86d83169 - - default default] 10.0.0.24 "DELETE /v2.0/security-groups/d24e395c-3d9c-4355-8307-fe1725a5db6a HTTP/1.1" status: 204 len: 168 time: 0.2047503
2026-07-21 22:14:40.123 10 INFO neutron.db.ovn_revision_numbers_db [None req-bf442dbf-8adc-4624-bf12-63fddb436fb9 4c37e9f4c896406d872d78f3bed0c496 e63d6cf45fd5428990c817ab86d83169 - - default default] Successfully bumped revision number for resource 60018a1e-b2f5-42d5-97b6-1224d00cc7cb (type: security_groups) to 1
2026-07-21 22:14:40.145 10 INFO neutron.db.ovn_revision_numbers_db [None req-bf442dbf-8adc-4624-bf12-63fddb436fb9 4c37e9f4c896406d872d78f3bed0c496 e63d6cf45fd5428990c817ab86d83169 - - default default] Successfully bumped revision number for resource 18a7dc08-d347-49ee-bc75-628942c11181 (type: security_group_rules) to 0
2026-07-21 22:14:40.174 10 INFO neutron.db.ovn_revision_numbers_db [None req-bf442dbf-8adc-4624-bf12-63fddb436fb9 4c37e9f4c896406d872d78f3bed0c496 e63d6cf45fd5428990c817ab86d83169 - - default default] Successfully bumped revision number for resource af5a1aa2-0ef7-4256-8353-8c725ac38e59 (type: security_group_rules) to 0
2026-07-21 22:14:40.194 10 INFO neutron.db.ovn_revision_numbers_db [None req-bf442dbf-8adc-4624-bf12-63fddb436fb9 4c37e9f4c896406d872d78f3bed0c496 e63d6cf45fd5428990c817ab86d83169 - - default default] Successfully bumped revision number for resource c6c15f11-b756-4c8e-80be-2df0017a60fd (type: security_group_rules) to 0
2026-07-21 22:14:40.209 10 INFO neutron.db.ovn_revision_numbers_db [None req-bf442dbf-8adc-4624-bf12-63fddb436fb9 4c37e9f4c896406d872d78f3bed0c496 e63d6cf45fd5428990c817ab86d83169 - - default default] Successfully bumped revision number for resource e873673b-0062-4a12-afae-ac207220036f (type: security_group_rules) to 0
2026-07-21 22:14:40.377 10 INFO neutron.wsgi [None req-bf442dbf-8adc-4624-bf12-63fddb436fb9 4c37e9f4c896406d872d78f3bed0c496 e63d6cf45fd5428990c817ab86d83169 - - default default] 10.0.0.24 "GET /v2.0/security-groups?tenant_id=fc3c8b4e953946a0aeb4005ff0268990&name=default HTTP/1.1" status: 200 len: 2996 time: 0.4067388
2026-07-21 22:14:40.454 9 INFO neutron.wsgi [None req-bf21ade4-c88a-4749-9feb-d7707322c32d 4c37e9f4c896406d872d78f3bed0c496 e63d6cf45fd5428990c817ab86d83169 - - default default] 10.0.0.24 "GET /v2.0/security-groups?tenant_id=30e71b4627cb4a399d43135456071205&name=default HTTP/1.1" status: 200 len: 2996 time: 0.4418097
2026-07-21 22:14:40.638 10 INFO neutron.wsgi [None req-d05ab768-eb59-4dcc-9ffd-64244daefd2d 4c37e9f4c896406d872d78f3bed0c496 e63d6cf45fd5428990c817ab86d83169 - - default default] 10.0.0.24 "DELETE /v2.0/security-groups/60018a1e-b2f5-42d5-97b6-1224d00cc7cb HTTP/1.1" status: 204 len: 168 time: 0.2553554
2026-07-21 22:14:40.746 9 INFO neutron.wsgi [None req-b898539f-0aac-4e15-ad8e-b977dd7c9165 4c37e9f4c896406d872d78f3bed0c496 e63d6cf45fd5428990c817ab86d83169 - - default default] 10.0.0.24 "DELETE /v2.0/security-groups/7ff64982-e1e4-49c7-b245-eb4599915758 HTTP/1.1" status: 204 len: 168 time: 0.2804458
2026-07-21 22:14:40.921 9 INFO neutron.db.ovn_revision_numbers_db [None req-cfed354c-c6ac-43d8-a8d6-7cedf6238660 4c37e9f4c896406d872d78f3bed0c496 e63d6cf45fd5428990c817ab86d83169 - - default default] Successfully bumped revision number for resource a4f0ba29-40df-40d9-ad08-89ae81bcf66d (type: security_groups) to 1
2026-07-21 22:14:40.945 9 INFO neutron.db.ovn_revision_numbers_db [None req-cfed354c-c6ac-43d8-a8d6-7cedf6238660 4c37e9f4c896406d872d78f3bed0c496 e63d6cf45fd5428990c817ab86d83169 - - default default] Successfully bumped revision number for resource 0a4034fb-5e73-42ca-8048-65908e9fb291 (type: security_group_rules) to 0
2026-07-21 22:14:40.964 9 INFO neutron.db.ovn_revision_numbers_db [None req-cfed354c-c6ac-43d8-a8d6-7cedf6238660 4c37e9f4c896406d872d78f3bed0c496 e63d6cf45fd5428990c817ab86d83169 - - default default] Successfully bumped revision number for resource b87ca1dc-2af6-4f29-a530-595e9e72bf54 (type: security_group_rules) to 0
2026-07-21 22:14:40.981 9 INFO neutron.db.ovn_revision_numbers_db [None req-cfed354c-c6ac-43d8-a8d6-7cedf6238660 4c37e9f4c896406d872d78f3bed0c496 e63d6cf45fd5428990c817ab86d83169 - - default default] Successfully bumped revision number for resource e9c4c252-ab18-43c5-b559-83d4660d3266 (type: security_group_rules) to 0
2026-07-21 22:14:41.001 9 INFO neutron.db.ovn_revision_numbers_db [None req-cfed354c-c6ac-43d8-a8d6-7cedf6238660 4c37e9f4c896406d872d78f3bed0c496 e63d6cf45fd5428990c817ab86d83169 - - default default] Successfully bumped revision number for resource fc0dca70-55d6-4673-85ab-932a8951205c (type: security_group_rules) to 0
2026-07-21 22:14:41.030 9 INFO neutron.wsgi [None req-cfed354c-c6ac-43d8-a8d6-7cedf6238660 4c37e9f4c896406d872d78f3bed0c496 e63d6cf45fd5428990c817ab86d83169 - - default default] 10.0.0.24 "GET /v2.0/security-groups?tenant_id=6f6e2948533b469f9ffd1a231e93e2a7&name=default HTTP/1.1" status: 200 len: 2996 time: 0.2437091
2026-07-21 22:14:41.106 10 INFO neutron.db.ovn_revision_numbers_db [None req-386cba27-63ed-4b86-b5f0-0a960a2be2d0 4c37e9f4c896406d872d78f3bed0c496 e63d6cf45fd5428990c817ab86d83169 - - default default] Successfully bumped revision number for resource 00fe9463-38b0-4a8c-aeb6-04aca6819f86 (type: security_groups) to 1
2026-07-21 22:14:41.128 10 INFO neutron.db.ovn_revision_numbers_db [None req-386cba27-63ed-4b86-b5f0-0a960a2be2d0 4c37e9f4c896406d872d78f3bed0c496 e63d6cf45fd5428990c817ab86d83169 - - default default] Successfully bumped revision number for resource 09e434d2-68ff-4c48-a958-b854a2ccc672 (type: security_group_rules) to 0
2026-07-21 22:14:41.161 10 INFO neutron.db.ovn_revision_numbers_db [None req-386cba27-63ed-4b86-b5f0-0a960a2be2d0 4c37e9f4c896406d872d78f3bed0c496 e63d6cf45fd5428990c817ab86d83169 - - default default] Successfully bumped revision number for resource 5edbe2c0-67da-450f-90b1-a12b7b121023 (type: security_group_rules) to 0
2026-07-21 22:14:41.197 10 INFO neutron.db.ovn_revision_numbers_db [None req-386cba27-63ed-4b86-b5f0-0a960a2be2d0 4c37e9f4c896406d872d78f3bed0c496 e63d6cf45fd5428990c817ab86d83169 - - default default] Successfully bumped revision number for resource ef235368-89e9-4957-a7f3-c264f1c95f85 (type: security_group_rules) to 0
2026-07-21 22:14:41.223 10 INFO neutron.db.ovn_revision_numbers_db [None req-386cba27-63ed-4b86-b5f0-0a960a2be2d0 4c37e9f4c896406d872d78f3bed0c496 e63d6cf45fd5428990c817ab86d83169 - - default default] Successfully bumped revision number for resource ef48d0f6-b5d3-4f7f-ae70-3dd3603fa959 (type: security_group_rules) to 0
2026-07-21 22:14:41.262 10 INFO neutron.wsgi [None req-386cba27-63ed-4b86-b5f0-0a960a2be2d0 4c37e9f4c896406d872d78f3bed0c496 e63d6cf45fd5428990c817ab86d83169 - - default default] 10.0.0.24 "GET /v2.0/security-groups?tenant_id=7ab88bc098924204bc133fdd5cf49dc3&name=default HTTP/1.1" status: 200 len: 2996 time: 0.3542376
2026-07-21 22:14:41.387 10 INFO neutron.wsgi [None req-2cef8876-5d1b-418b-846f-74150e6171ba 4c37e9f4c896406d872d78f3bed0c496 e63d6cf45fd5428990c817ab86d83169 - - default default] 10.0.0.24 "DELETE /v2.0/security-groups/a4f0ba29-40df-40d9-ad08-89ae81bcf66d HTTP/1.1" status: 204 len: 168 time: 0.3498948
2026-07-21 22:14:41.538 9 INFO neutron.wsgi [None req-8028c137-64ca-4792-9781-58064c7db04d 4c37e9f4c896406d872d78f3bed0c496 e63d6cf45fd5428990c817ab86d83169 - - default default] 10.0.0.24 "DELETE /v2.0/security-groups/00fe9463-38b0-4a8c-aeb6-04aca6819f86 HTTP/1.1" status: 204 len: 168 time: 0.2705121
2026-07-21 22:14:43.705 10 INFO neutron.db.ovn_revision_numbers_db [None req-ced633b5-5f4b-4c9f-a9d9-1ce5463dad3c 4c37e9f4c896406d872d78f3bed0c496 e63d6cf45fd5428990c817ab86d83169 - - default default] Successfully bumped revision number for resource 6287fb43-b24e-4443-ad84-6d7803a49a1a (type: security_groups) to 1
2026-07-21 22:14:43.727 10 INFO neutron.db.ovn_revision_numbers_db [None req-ced633b5-5f4b-4c9f-a9d9-1ce5463dad3c 4c37e9f4c896406d872d78f3bed0c496 e63d6cf45fd5428990c817ab86d83169 - - default default] Successfully bumped revision number for resource 6a55384a-06c2-4a6e-b592-fa914cd8edc8 (type: security_group_rules) to 0
2026-07-21 22:14:43.750 10 INFO neutron.db.ovn_revision_numbers_db [None req-ced633b5-5f4b-4c9f-a9d9-1ce5463dad3c 4c37e9f4c896406d872d78f3bed0c496 e63d6cf45fd5428990c817ab86d83169 - - default default] Successfully bumped revision number for resource 7716fb97-df24-47f6-8fc0-ef03c6e056e9 (type: security_group_rules) to 0
2026-07-21 22:14:43.780 10 INFO neutron.db.ovn_revision_numbers_db [None req-ced633b5-5f4b-4c9f-a9d9-1ce5463dad3c 4c37e9f4c896406d872d78f3bed0c496 e63d6cf45fd5428990c817ab86d83169 - - default default] Successfully bumped revision number for resource acae24b3-2519-4d26-be82-dce2ff026432 (type: security_group_rules) to 0
2026-07-21 22:14:43.800 10 INFO neutron.db.ovn_revision_numbers_db [None req-ced633b5-5f4b-4c9f-a9d9-1ce5463dad3c 4c37e9f4c896406d872d78f3bed0c496 e63d6cf45fd5428990c817ab86d83169 - - default default] Successfully bumped revision number for resource b4741329-e0d1-4828-a1e6-cb8a0c6bbf43 (type: security_group_rules) to 0
2026-07-21 22:14:43.858 10 INFO neutron.db.segments_db [None req-ced633b5-5f4b-4c9f-a9d9-1ce5463dad3c 4c37e9f4c896406d872d78f3bed0c496 e63d6cf45fd5428990c817ab86d83169 - - default default] Added segment cba0897e-d1c3-4eae-88c6-54a46d2cbe44 of type geneve for network 1e85ce18-3cc0-4202-8823-35fc1fb631de
2026-07-21 22:14:44.037 10 INFO neutron.db.ovn_revision_numbers_db [None req-ced633b5-5f4b-4c9f-a9d9-1ce5463dad3c 4c37e9f4c896406d872d78f3bed0c496 e63d6cf45fd5428990c817ab86d83169 - - default default] Successfully bumped revision number for resource 1e85ce18-3cc0-4202-8823-35fc1fb631de (type: networks) to 1
2026-07-21 22:14:44.272 10 WARNING neutron.scheduler.dhcp_agent_scheduler [None req-ced633b5-5f4b-4c9f-a9d9-1ce5463dad3c 4c37e9f4c896406d872d78f3bed0c496 e63d6cf45fd5428990c817ab86d83169 - - default default] No more DHCP agents
2026-07-21 22:14:44.275 10 WARNING neutron.api.rpc.agentnotifiers.dhcp_rpc_agent_api [None req-ced633b5-5f4b-4c9f-a9d9-1ce5463dad3c 4c37e9f4c896406d872d78f3bed0c496 e63d6cf45fd5428990c817ab86d83169 - - default default] Unable to schedule network 1e85ce18-3cc0-4202-8823-35fc1fb631de: no agents available; will retry on subsequent port and subnet creation events.
2026-07-21 22:14:44.367 10 INFO neutron.db.ovn_revision_numbers_db [None req-ced633b5-5f4b-4c9f-a9d9-1ce5463dad3c 4c37e9f4c896406d872d78f3bed0c496 e63d6cf45fd5428990c817ab86d83169 - - default default] Successfully bumped revision number for resource 981057c0-ede0-44f7-800c-dfa92b3d584b (type: ports) to 1
2026-07-21 22:14:44.393 10 INFO neutron.wsgi [None req-ced633b5-5f4b-4c9f-a9d9-1ce5463dad3c 4c37e9f4c896406d872d78f3bed0c496 e63d6cf45fd5428990c817ab86d83169 - - default default] 10.0.0.24 "POST /v2.0/networks HTTP/1.1" status: 201 len: 943 time: 0.9755042
2026-07-21 22:14:44.559 10 WARNING neutron.scheduler.dhcp_agent_scheduler [None req-096b2177-dbad-42f2-8870-ecb56530e2b4 4c37e9f4c896406d872d78f3bed0c496 e63d6cf45fd5428990c817ab86d83169 - - default default] No more DHCP agents
2026-07-21 22:14:44.568 10 WARNING neutron.api.rpc.agentnotifiers.dhcp_rpc_agent_api [None req-096b2177-dbad-42f2-8870-ecb56530e2b4 4c37e9f4c896406d872d78f3bed0c496 e63d6cf45fd5428990c817ab86d83169 - - default default] Unable to schedule network 1e85ce18-3cc0-4202-8823-35fc1fb631de: no agents available; will retry on subsequent port and subnet creation events.
2026-07-21 22:14:44.702 9 INFO neutron.wsgi [None req-ee77fc19-3dbe-4623-8fab-8c8ab12798e3 4c37e9f4c896406d872d78f3bed0c496 e63d6cf45fd5428990c817ab86d83169 - - default default] 10.0.0.75 "GET /v2.0/subnets HTTP/1.1" status: 200 len: 2091 time: 0.2200630
2026-07-21 22:14:44.716 9 INFO neutron.wsgi [None req-d5fd9a0a-fc58-4f02-a8d6-08ad4bc964ec 4c37e9f4c896406d872d78f3bed0c496 e63d6cf45fd5428990c817ab86d83169 - - default default] 10.0.0.75 "GET /v2.0/subnetpools HTTP/1.1" status: 200 len: 193 time: 0.0129521
2026-07-21 22:14:44.740 9 INFO neutron.wsgi [None req-5c34d699-8964-4645-81c2-80a30a85c9c4 4c37e9f4c896406d872d78f3bed0c496 e63d6cf45fd5428990c817ab86d83169 - - default default] 10.0.0.75 "GET /v2.0/floatingips HTTP/1.1" status: 200 len: 193 time: 0.0235167
2026-07-21 22:14:44.757 9 INFO neutron.wsgi [None req-b77f57fa-a169-46a5-9d13-b926ce09f595 4c37e9f4c896406d872d78f3bed0c496 e63d6cf45fd5428990c817ab86d83169 - - default default] 10.0.0.75 "GET /v2.0/agents HTTP/1.1" status: 200 len: 997 time: 0.0149033
2026-07-21 22:14:44.800 9 INFO neutron.wsgi [None req-e4f46693-6279-4e41-9489-22ce9ecf2d5f 4c37e9f4c896406d872d78f3bed0c496 e63d6cf45fd5428990c817ab86d83169 - - default default] 10.0.0.75 "GET /v2.0/subnets HTTP/1.1" status: 200 len: 2091 time: 0.0400531
2026-07-21 22:14:44.843 9 INFO neutron.wsgi [None req-0ce4f4cc-bf66-41c9-b63c-d3b9b4242d3a 4c37e9f4c896406d872d78f3bed0c496 e63d6cf45fd5428990c817ab86d83169 - - default default] 10.0.0.75 "GET /v2.0/ports HTTP/1.1" status: 200 len: 6225 time: 0.0416706
2026-07-21 22:14:44.921 9 INFO neutron.wsgi [None req-2d95cbcc-b909-4752-be65-1d76b614aa01 4c37e9f4c896406d872d78f3bed0c496 e63d6cf45fd5428990c817ab86d83169 - - default default] 10.0.0.75 "GET /v2.0/networks HTTP/1.1" status: 200 len: 3108 time: 0.0728421
2026-07-21 22:14:44.988 9 INFO neutron.wsgi [None req-0925127b-80ca-4e90-8a42-76d3b93ceb57 4c37e9f4c896406d872d78f3bed0c496 e63d6cf45fd5428990c817ab86d83169 - - default default] 10.0.0.75 "GET /v2.0/security-groups HTTP/1.1" status: 200 len: 19583 time: 0.0632420
2026-07-21 22:14:45.010 9 INFO neutron.wsgi [None req-4a328d2f-20d1-4350-86e9-bd948b79f276 4c37e9f4c896406d872d78f3bed0c496 e63d6cf45fd5428990c817ab86d83169 - - default default] 10.0.0.75 "GET /v2.0/network-ip-availabilities HTTP/1.1" status: 200 len: 1752 time: 0.0172009
2026-07-21 22:14:45.044 9 INFO neutron.wsgi [None req-ef5cf617-b31e-4ed7-8eb9-ed34533f1030 4c37e9f4c896406d872d78f3bed0c496 e63d6cf45fd5428990c817ab86d83169 - - default default] 10.0.0.75 "GET /v2.0/routers HTTP/1.1" status: 200 len: 189 time: 0.0318282
2026-07-21 22:14:45.054 9 INFO neutron.wsgi [None req-56620bee-7ffc-4bc8-ba03-6e45d695591a 4c37e9f4c896406d872d78f3bed0c496 e63d6cf45fd5428990c817ab86d83169 - - default default] 10.0.0.75 "GET /v2.0/agents?binary=ovn-controller HTTP/1.1" status: 200 len: 591 time: 0.0100422
2026-07-21 22:14:45.122 10 INFO neutron.db.ovn_revision_numbers_db [None req-096b2177-dbad-42f2-8870-ecb56530e2b4 4c37e9f4c896406d872d78f3bed0c496 e63d6cf45fd5428990c817ab86d83169 - - default default] Successfully bumped revision number for resource 981057c0-ede0-44f7-800c-dfa92b3d584b (type: ports) to 2
2026-07-21 22:14:45.164 10 INFO neutron.db.ovn_revision_numbers_db [None req-096b2177-dbad-42f2-8870-ecb56530e2b4 4c37e9f4c896406d872d78f3bed0c496 e63d6cf45fd5428990c817ab86d83169 - - default default] Successfully bumped revision number for resource c0f6679e-3549-419a-8285-4566fc725053 (type: subnets) to 0
2026-07-21 22:14:45.180 10 INFO neutron.wsgi [None req-096b2177-dbad-42f2-8870-ecb56530e2b4 4c37e9f4c896406d872d78f3bed0c496 e63d6cf45fd5428990c817ab86d83169 - - default default] 10.0.0.24 "POST /v2.0/subnets HTTP/1.1" status: 201 len: 863 time: 0.7819343
2026-07-21 22:14:45.763 10 WARNING neutron.scheduler.dhcp_agent_scheduler [None req-de29bac5-21f9-44ce-ac34-b541baefefef 4c37e9f4c896406d872d78f3bed0c496 e63d6cf45fd5428990c817ab86d83169 - - default default] No more DHCP agents
2026-07-21 22:14:45.767 10 WARNING neutron.api.rpc.agentnotifiers.dhcp_rpc_agent_api [None req-de29bac5-21f9-44ce-ac34-b541baefefef 4c37e9f4c896406d872d78f3bed0c496 e63d6cf45fd5428990c817ab86d83169 - - default default] Unable to schedule network 4adc767c-d433-4b60-90dd-0b32e488d333: no agents available; will retry on subsequent port and subnet creation events.
2026-07-21 22:14:45.964 10 INFO neutron.db.ovn_revision_numbers_db [None req-de29bac5-21f9-44ce-ac34-b541baefefef 4c37e9f4c896406d872d78f3bed0c496 e63d6cf45fd5428990c817ab86d83169 - - default default] Successfully bumped revision number for resource fd9115e3-9398-406a-a61f-1fa9f880746d (type: ports) to 1
2026-07-21 22:14:46.190 9 INFO neutron.db.ovn_revision_numbers_db [None req-ee365808-4ba7-43ab-998d-7b4f2d3d2b9f 2bf17af37b334c3cbd807ba448a3b349 9bfdef34732c4d639fb5958a4fb197d4 - - default default] Successfully bumped revision number for resource 74ec2a86-d565-4a99-8062-0f80d87d7e61 (type: security_groups) to 1
2026-07-21 22:14:46.207 9 INFO neutron.db.ovn_revision_numbers_db [None req-ee365808-4ba7-43ab-998d-7b4f2d3d2b9f 2bf17af37b334c3cbd807ba448a3b349 9bfdef34732c4d639fb5958a4fb197d4 - - default default] Successfully bumped revision number for resource 42a75692-dbe7-456a-9f48-25b12f76b2f0 (type: security_group_rules) to 0
2026-07-21 22:14:46.243 9 INFO neutron.db.ovn_revision_numbers_db [None req-ee365808-4ba7-43ab-998d-7b4f2d3d2b9f 2bf17af37b334c3cbd807ba448a3b349 9bfdef34732c4d639fb5958a4fb197d4 - - default default] Successfully bumped revision number for resource 7bf334e9-7a14-496d-89e2-5b33daf953d0 (type: security_group_rules) to 0
2026-07-21 22:14:46.263 9 INFO neutron.db.ovn_revision_numbers_db [None req-ee365808-4ba7-43ab-998d-7b4f2d3d2b9f 2bf17af37b334c3cbd807ba448a3b349 9bfdef34732c4d639fb5958a4fb197d4 - - default default] Successfully bumped revision number for resource e215898a-5c75-4d87-99c2-6ec4f1594b19 (type: security_group_rules) to 0
2026-07-21 22:14:46.282 9 INFO neutron.db.ovn_revision_numbers_db [None req-ee365808-4ba7-43ab-998d-7b4f2d3d2b9f 2bf17af37b334c3cbd807ba448a3b349 9bfdef34732c4d639fb5958a4fb197d4 - - default default] Successfully bumped revision number for resource e3383a9c-66ae-4d2d-b97f-0cfd1a390aef (type: security_group_rules) to 0
2026-07-21 22:14:46.344 9 INFO neutron.db.segments_db [None req-ee365808-4ba7-43ab-998d-7b4f2d3d2b9f 2bf17af37b334c3cbd807ba448a3b349 9bfdef34732c4d639fb5958a4fb197d4 - - default default] Added segment 2963f17d-2b51-4c20-a6ce-78b7f3bc72cb of type geneve for network bc7a0389-f13a-4501-9af0-fd5fc9201dd9
2026-07-21 22:14:46.541 9 INFO neutron.db.ovn_revision_numbers_db [None req-ee365808-4ba7-43ab-998d-7b4f2d3d2b9f 2bf17af37b334c3cbd807ba448a3b349 9bfdef34732c4d639fb5958a4fb197d4 - - default default] Successfully bumped revision number for resource bc7a0389-f13a-4501-9af0-fd5fc9201dd9 (type: networks) to 1
2026-07-21 22:14:46.778 9 WARNING neutron.scheduler.dhcp_agent_scheduler [None req-ee365808-4ba7-43ab-998d-7b4f2d3d2b9f 2bf17af37b334c3cbd807ba448a3b349 9bfdef34732c4d639fb5958a4fb197d4 - - default default] No more DHCP agents
2026-07-21 22:14:46.780 9 WARNING neutron.api.rpc.agentnotifiers.dhcp_rpc_agent_api [None req-ee365808-4ba7-43ab-998d-7b4f2d3d2b9f 2bf17af37b334c3cbd807ba448a3b349 9bfdef34732c4d639fb5958a4fb197d4 - - default default] Unable to schedule network bc7a0389-f13a-4501-9af0-fd5fc9201dd9: no agents available; will retry on subsequent port and subnet creation events.
2026-07-21 22:14:46.872 9 INFO neutron.db.ovn_revision_numbers_db [None req-ee365808-4ba7-43ab-998d-7b4f2d3d2b9f 2bf17af37b334c3cbd807ba448a3b349 9bfdef34732c4d639fb5958a4fb197d4 - - default default] Successfully bumped revision number for resource 39bd9023-098a-4719-8f92-14a25803ac7f (type: ports) to 1
2026-07-21 22:14:46.906 9 INFO neutron.wsgi [None req-ee365808-4ba7-43ab-998d-7b4f2d3d2b9f 2bf17af37b334c3cbd807ba448a3b349 9bfdef34732c4d639fb5958a4fb197d4 - - default default] 10.0.0.24 "POST /v2.0/networks HTTP/1.1" status: 201 len: 830 time: 1.0649028
2026-07-21 22:14:47.004 9 INFO neutron.db.segments_db [None req-9680f7bd-43aa-43f3-88c6-56a1dbaab895 2bf17af37b334c3cbd807ba448a3b349 9bfdef34732c4d639fb5958a4fb197d4 - - default default] Added segment e7cf99b3-aa17-4126-b88b-278f1e4faf9b of type geneve for network e74bde4b-75a9-408c-98d9-47ded10403a7
2026-07-21 22:14:47.022 10 INFO neutron.plugins.ml2.drivers.ovn.mech_driver.mech_driver [None req-23b69857-0848-41f6-bdef-cf138be61e50 - - - - - -] OVN reports status up for port: fd9115e3-9398-406a-a61f-1fa9f880746d
2026-07-21 22:14:47.047 10 INFO neutron.plugins.ml2.drivers.ovn.mech_driver.ovsdb.ovsdb_monitor [None req-18cc6619-e812-4b2c-9ca3-2bbcc2e8effb - - - - - -] Router 74081f59-98d5-4de0-a964-d05e94a56123 is bound to host instance
2026-07-21 22:14:47.048 10 INFO neutron.plugins.ml2.plugin [None req-23b69857-0848-41f6-bdef-cf138be61e50 - - - - - -] Attempt 1 to provision port fd9115e3-9398-406a-a61f-1fa9f880746d
2026-07-21 22:14:47.115 10 INFO neutron.db.ovn_revision_numbers_db [None req-de29bac5-21f9-44ce-ac34-b541baefefef 4c37e9f4c896406d872d78f3bed0c496 e63d6cf45fd5428990c817ab86d83169 - - default default] Successfully bumped revision number for resource fd9115e3-9398-406a-a61f-1fa9f880746d (type: router_ports) to 1
2026-07-21 22:14:47.192 9 INFO neutron.db.ovn_revision_numbers_db [None req-9680f7bd-43aa-43f3-88c6-56a1dbaab895 2bf17af37b334c3cbd807ba448a3b349 9bfdef34732c4d639fb5958a4fb197d4 - - default default] Successfully bumped revision number for resource e74bde4b-75a9-408c-98d9-47ded10403a7 (type: networks) to 1
2026-07-21 22:14:47.286 10 INFO neutron.db.ovn_revision_numbers_db [None req-de29bac5-21f9-44ce-ac34-b541baefefef 4c37e9f4c896406d872d78f3bed0c496 e63d6cf45fd5428990c817ab86d83169 - - default default] Successfully bumped revision number for resource 74081f59-98d5-4de0-a964-d05e94a56123 (type: routers) to 2
2026-07-21 22:14:47.319 10 INFO neutron.wsgi [None req-de29bac5-21f9-44ce-ac34-b541baefefef 4c37e9f4c896406d872d78f3bed0c496 e63d6cf45fd5428990c817ab86d83169 - - default default] 10.0.0.24 "POST /v2.0/routers HTTP/1.1" status: 201 len: 874 time: 2.1299608
2026-07-21 22:14:47.426 9 WARNING neutron.scheduler.dhcp_agent_scheduler [None req-9680f7bd-43aa-43f3-88c6-56a1dbaab895 2bf17af37b334c3cbd807ba448a3b349 9bfdef34732c4d639fb5958a4fb197d4 - - default default] No more DHCP agents
2026-07-21 22:14:47.429 9 WARNING neutron.api.rpc.agentnotifiers.dhcp_rpc_agent_api [None req-9680f7bd-43aa-43f3-88c6-56a1dbaab895 2bf17af37b334c3cbd807ba448a3b349 9bfdef34732c4d639fb5958a4fb197d4 - - default default] Unable to schedule network e74bde4b-75a9-408c-98d9-47ded10403a7: no agents available; will retry on subsequent port and subnet creation events.
2026-07-21 22:14:47.520 9 INFO neutron.db.ovn_revision_numbers_db [None req-9680f7bd-43aa-43f3-88c6-56a1dbaab895 2bf17af37b334c3cbd807ba448a3b349 9bfdef34732c4d639fb5958a4fb197d4 - - default default] Successfully bumped revision number for resource 53a6a2c0-c9cc-47d4-811f-8f12bdd46749 (type: ports) to 1
2026-07-21 22:14:47.548 9 INFO neutron.wsgi [None req-9680f7bd-43aa-43f3-88c6-56a1dbaab895 2bf17af37b334c3cbd807ba448a3b349 9bfdef34732c4d639fb5958a4fb197d4 - - default default] 10.0.0.24 "POST /v2.0/networks HTTP/1.1" status: 201 len: 831 time: 0.6354964
2026-07-21 22:14:47.643 9 INFO neutron.db.segments_db [None req-58261d18-1f53-435f-8945-359ec8356fe8 2bf17af37b334c3cbd807ba448a3b349 9bfdef34732c4d639fb5958a4fb197d4 - - default default] Added segment 84e1655c-64c5-4b55-b187-417df557857f of type geneve for network 181133e0-6484-4eaa-8d87-921e626a9dbb
2026-07-21 22:14:47.807 9 INFO neutron.db.ovn_revision_numbers_db [None req-58261d18-1f53-435f-8945-359ec8356fe8 2bf17af37b334c3cbd807ba448a3b349 9bfdef34732c4d639fb5958a4fb197d4 - - default default] Successfully bumped revision number for resource 181133e0-6484-4eaa-8d87-921e626a9dbb (type: networks) to 1
2026-07-21 22:14:47.926 10 INFO neutron.db.ovn_revision_numbers_db [None req-18cc6619-e812-4b2c-9ca3-2bbcc2e8effb - - - - - -] Successfully bumped revision number for resource fd9115e3-9398-406a-a61f-1fa9f880746d (type: ports) to 1
2026-07-21 22:14:47.928 10 WARNING neutron.scheduler.dhcp_agent_scheduler [None req-91226126-c3ec-4e40-8d4e-9ab6116abe6c 4c37e9f4c896406d872d78f3bed0c496 e63d6cf45fd5428990c817ab86d83169 - - default default] No more DHCP agents
2026-07-21 22:14:47.933 10 WARNING neutron.api.rpc.agentnotifiers.dhcp_rpc_agent_api [None req-91226126-c3ec-4e40-8d4e-9ab6116abe6c 4c37e9f4c896406d872d78f3bed0c496 e63d6cf45fd5428990c817ab86d83169 - - default default] Unable to schedule network 1e85ce18-3cc0-4202-8823-35fc1fb631de: no agents available; will retry on subsequent port and subnet creation events.
2026-07-21 22:14:48.028 9 WARNING neutron.scheduler.dhcp_agent_scheduler [None req-58261d18-1f53-435f-8945-359ec8356fe8 2bf17af37b334c3cbd807ba448a3b349 9bfdef34732c4d639fb5958a4fb197d4 - - default default] No more DHCP agents
2026-07-21 22:14:48.030 9 WARNING neutron.api.rpc.agentnotifiers.dhcp_rpc_agent_api [None req-58261d18-1f53-435f-8945-359ec8356fe8 2bf17af37b334c3cbd807ba448a3b349 9bfdef34732c4d639fb5958a4fb197d4 - - default default] Unable to schedule network 181133e0-6484-4eaa-8d87-921e626a9dbb: no agents available; will retry on subsequent port and subnet creation events.
2026-07-21 22:14:48.119 9 INFO neutron.db.ovn_revision_numbers_db [None req-58261d18-1f53-435f-8945-359ec8356fe8 2bf17af37b334c3cbd807ba448a3b349 9bfdef34732c4d639fb5958a4fb197d4 - - default default] Successfully bumped revision number for resource 92e69b29-aebf-49e1-93d1-92e9722fdbb6 (type: ports) to 1
