2026-07-21 22:10:41.128 9 INFO neutron.db.ovn_revision_numbers_db [req-278fc750-2b80-4eec-82d9-c57aba8a80e7 req-6d35f33f-9f99-46a1-aaf8-48c7e2d6bc3a 294eab28782a44b793f68080f8646925 a2a1e0c2788048ff8492de98ea2929da - - 98c96a7a0f3343c0a18ad4bd9845e374 98c96a7a0f3343c0a18ad4bd9845e374] Successfully bumped revision number for resource 681f7802-930d-43a6-a673-624be2be5970 (type: ports) to 2
2026-07-21 22:10:41.189 10 WARNING neutron.scheduler.dhcp_agent_scheduler [None req-88078059-59e2-4172-a42a-65aa8a87dbe8 abdd5eb5ff534b7fb2efcf74758e12f7 1f04c2a0101e4e4791bdc79ed043d2e5 - - default default] No more DHCP agents
2026-07-21 22:10:41.191 10 WARNING neutron.api.rpc.agentnotifiers.dhcp_rpc_agent_api [None req-88078059-59e2-4172-a42a-65aa8a87dbe8 abdd5eb5ff534b7fb2efcf74758e12f7 1f04c2a0101e4e4791bdc79ed043d2e5 - - default default] Unable to schedule network 16a0d7fc-780b-40f3-940c-66b9435946ea: no agents available; will retry on subsequent port and subnet creation events.
2026-07-21 22:10:41.299 10 INFO neutron.db.ovn_revision_numbers_db [None req-88078059-59e2-4172-a42a-65aa8a87dbe8 abdd5eb5ff534b7fb2efcf74758e12f7 1f04c2a0101e4e4791bdc79ed043d2e5 - - default default] Successfully bumped revision number for resource fe269498-9643-47b7-ab34-9dfb9ccc3383 (type: ports) to 1
2026-07-21 22:10:41.328 10 INFO neutron.wsgi [None req-88078059-59e2-4172-a42a-65aa8a87dbe8 abdd5eb5ff534b7fb2efcf74758e12f7 1f04c2a0101e4e4791bdc79ed043d2e5 - - default default] 10.0.0.24 "POST /v2.0/networks HTTP/1.1" status: 201 len: 835 time: 0.6715641
2026-07-21 22:10:41.420 9 INFO neutron.db.ovn_revision_numbers_db [None req-587b2c65-839c-4320-8826-07a461734410 4c37e9f4c896406d872d78f3bed0c496 e63d6cf45fd5428990c817ab86d83169 - - default default] Successfully bumped revision number for resource 34e4ae46-e147-4479-8430-271eebd69c1c (type: ports) to 2
2026-07-21 22:10:41.477 9 INFO neutron.db.ovn_revision_numbers_db [None req-587b2c65-839c-4320-8826-07a461734410 4c37e9f4c896406d872d78f3bed0c496 e63d6cf45fd5428990c817ab86d83169 - - default default] Successfully bumped revision number for resource 3e660e8c-6821-4f36-99bc-0655416dc871 (type: subnets) to 0
2026-07-21 22:10:41.488 9 INFO neutron.db.ovn_revision_numbers_db [req-278fc750-2b80-4eec-82d9-c57aba8a80e7 req-6d35f33f-9f99-46a1-aaf8-48c7e2d6bc3a 294eab28782a44b793f68080f8646925 a2a1e0c2788048ff8492de98ea2929da - - 98c96a7a0f3343c0a18ad4bd9845e374 98c96a7a0f3343c0a18ad4bd9845e374] Successfully bumped revision number for resource 681f7802-930d-43a6-a673-624be2be5970 (type: ports) to 2
2026-07-21 22:10:41.506 9 INFO neutron.wsgi [req-278fc750-2b80-4eec-82d9-c57aba8a80e7 req-6d35f33f-9f99-46a1-aaf8-48c7e2d6bc3a 294eab28782a44b793f68080f8646925 a2a1e0c2788048ff8492de98ea2929da - - 98c96a7a0f3343c0a18ad4bd9845e374 98c96a7a0f3343c0a18ad4bd9845e374] 199.204.45.72 "PUT /v2.0/ports/681f7802-930d-43a6-a673-624be2be5970 HTTP/1.1" status: 200 len: 1380 time: 1.3082216
2026-07-21 22:10:41.534 9 INFO neutron.wsgi [None req-587b2c65-839c-4320-8826-07a461734410 4c37e9f4c896406d872d78f3bed0c496 e63d6cf45fd5428990c817ab86d83169 - - default default] 10.0.0.24 "POST /v2.0/subnets HTTP/1.1" status: 201 len: 873 time: 1.7199728 /var/lib/openstack/lib/python3.10/site-packages/pycadf/identifier.py:71: UserWarning: Invalid uuid: neutron. To ensure interoperability, identifiers should be a valid uuid. warnings.warn(('Invalid uuid: %s. To ensure interoperability, '
2026-07-21 22:10:41.618 9 INFO neutron.wsgi [req-278fc750-2b80-4eec-82d9-c57aba8a80e7 req-e9538721-555f-4615-8d7d-6d40f7c749a2 294eab28782a44b793f68080f8646925 a2a1e0c2788048ff8492de98ea2929da - - 98c96a7a0f3343c0a18ad4bd9845e374 98c96a7a0f3343c0a18ad4bd9845e374] 199.204.45.72 "GET /v2.0/ports?tenant_id=2d81a8894a2042d58974e5bd56fd1c24&device_id=a1d5a9af-1cdc-402b-8091-03f96d166d88 HTTP/1.1" status: 200 len: 1411 time: 0.0493886
2026-07-21 22:10:41.653 10 WARNING neutron.scheduler.dhcp_agent_scheduler [None req-07763035-080b-4d6b-ba38-118a6618443f abdd5eb5ff534b7fb2efcf74758e12f7 1f04c2a0101e4e4791bdc79ed043d2e5 - - default default] No more DHCP agents
2026-07-21 22:10:41.656 10 WARNING neutron.api.rpc.agentnotifiers.dhcp_rpc_agent_api [None req-07763035-080b-4d6b-ba38-118a6618443f abdd5eb5ff534b7fb2efcf74758e12f7 1f04c2a0101e4e4791bdc79ed043d2e5 - - default default] Unable to schedule network 16a0d7fc-780b-40f3-940c-66b9435946ea: no agents available; will retry on subsequent port and subnet creation events.
2026-07-21 22:10:41.674 9 INFO neutron.wsgi [req-278fc750-2b80-4eec-82d9-c57aba8a80e7 req-1e76b506-c390-425c-ad75-1a8614162ced 294eab28782a44b793f68080f8646925 a2a1e0c2788048ff8492de98ea2929da - - 98c96a7a0f3343c0a18ad4bd9845e374 98c96a7a0f3343c0a18ad4bd9845e374] 199.204.45.72 "GET /v2.0/floatingips?fixed_ip_address=10.100.0.10&port_id=681f7802-930d-43a6-a673-624be2be5970 HTTP/1.1" status: 200 len: 217 time: 0.0444896
2026-07-21 22:10:41.703 10 INFO neutron.db.ovn_revision_numbers_db [None req-07763035-080b-4d6b-ba38-118a6618443f abdd5eb5ff534b7fb2efcf74758e12f7 1f04c2a0101e4e4791bdc79ed043d2e5 - - default default] Successfully bumped revision number for resource a4af3058-a710-435e-9610-92e743900190 (type: subnets) to 0
2026-07-21 22:10:41.722 10 INFO neutron.wsgi [None req-07763035-080b-4d6b-ba38-118a6618443f abdd5eb5ff534b7fb2efcf74758e12f7 1f04c2a0101e4e4791bdc79ed043d2e5 - - default default] 10.0.0.24 "POST /v2.0/subnets HTTP/1.1" status: 201 len: 821 time: 0.3827829
2026-07-21 22:10:41.739 9 INFO neutron.wsgi [req-278fc750-2b80-4eec-82d9-c57aba8a80e7 req-77cb57c9-c8de-4a06-9e54-e438ccf8549b 294eab28782a44b793f68080f8646925 a2a1e0c2788048ff8492de98ea2929da - - 98c96a7a0f3343c0a18ad4bd9845e374 98c96a7a0f3343c0a18ad4bd9845e374] 199.204.45.72 "GET /v2.0/subnets?id=d4ebc488-4ae7-45e3-8772-2506c922db07 HTTP/1.1" status: 200 len: 873 time: 0.0587394
2026-07-21 22:10:41.790 9 INFO neutron.wsgi [req-278fc750-2b80-4eec-82d9-c57aba8a80e7 req-85879d96-1688-44e3-a606-479c30e56353 294eab28782a44b793f68080f8646925 a2a1e0c2788048ff8492de98ea2929da - - 98c96a7a0f3343c0a18ad4bd9845e374 98c96a7a0f3343c0a18ad4bd9845e374] 199.204.45.72 "GET /v2.0/ports?network_id=9e25ba63-9da0-41da-9b66-c8c4b7343a02&device_owner=network%3Adhcp HTTP/1.1" status: 200 len: 210 time: 0.0335636
2026-07-21 22:10:42.006 10 INFO neutron.wsgi [req-a0c0f46e-2a6f-4fe2-8448-0a94b64a0c45 req-633ae23d-36cf-4266-ba6e-deb9b66b48ce 682925b09f694954ac5f93d119a16d77 2d81a8894a2042d58974e5bd56fd1c24 - - default default] 10.0.0.81 "GET /v2.0/ports?device_id=a1d5a9af-1cdc-402b-8091-03f96d166d88 HTTP/1.1" status: 200 len: 1172 time: 0.2106442
2026-07-21 22:10:42.096 10 INFO neutron.wsgi [req-a0c0f46e-2a6f-4fe2-8448-0a94b64a0c45 req-33fd8608-1df8-4be7-9afe-f762ff462bfe 682925b09f694954ac5f93d119a16d77 2d81a8894a2042d58974e5bd56fd1c24 - - default default] 10.0.0.81 "GET /v2.0/security-groups?id=364ca4e3-dc5c-4158-98c4-6dc411d3373d&fields=id&fields=name HTTP/1.1" status: 200 len: 312 time: 0.0824521
2026-07-21 22:10:42.128 9 INFO neutron.wsgi [req-278fc750-2b80-4eec-82d9-c57aba8a80e7 req-00cb6e12-55d2-4799-83fc-b8c1de58ddb8 294eab28782a44b793f68080f8646925 a2a1e0c2788048ff8492de98ea2929da - - 98c96a7a0f3343c0a18ad4bd9845e374 98c96a7a0f3343c0a18ad4bd9845e374] 199.204.45.72 "GET /v2.0/networks/9e25ba63-9da0-41da-9b66-c8c4b7343a02?fields=segments HTTP/1.1" status: 200 len: 212 time: 0.3291962
2026-07-21 22:10:42.168 10 INFO neutron.db.ovn_revision_numbers_db [None req-c7451422-4673-4cbd-8ce9-4e79b67c1ad1 4c37e9f4c896406d872d78f3bed0c496 e63d6cf45fd5428990c817ab86d83169 - - default default] Successfully bumped revision number for resource 4846182a-6e6c-44b8-8109-6ee3337254cd (type: security_groups) to 1
2026-07-21 22:10:42.214 10 INFO neutron.db.ovn_revision_numbers_db [None req-c7451422-4673-4cbd-8ce9-4e79b67c1ad1 4c37e9f4c896406d872d78f3bed0c496 e63d6cf45fd5428990c817ab86d83169 - - default default] Successfully bumped revision number for resource 01f842f0-c27c-43d2-a3a1-08f448babea3 (type: security_group_rules) to 0
2026-07-21 22:10:42.248 10 INFO neutron.db.ovn_revision_numbers_db [None req-c7451422-4673-4cbd-8ce9-4e79b67c1ad1 4c37e9f4c896406d872d78f3bed0c496 e63d6cf45fd5428990c817ab86d83169 - - default default] Successfully bumped revision number for resource 9ad5fa47-2a8b-4aa4-8ab4-4ad00ab12bb7 (type: security_group_rules) to 0
2026-07-21 22:10:42.261 9 INFO neutron.notifiers.nova [-] Nova event matching ['req-e0f8f51f-0a2d-4f55-b0bf-105a65e90478'] response: {'name': 'network-changed', 'server_uuid': 'a1d5a9af-1cdc-402b-8091-03f96d166d88', 'tag': '681f7802-930d-43a6-a673-624be2be5970', 'status': 'completed', 'code': 200}
2026-07-21 22:10:42.288 9 INFO neutron.wsgi [req-278fc750-2b80-4eec-82d9-c57aba8a80e7 req-1fe7fb69-d8da-499c-98fb-1cdbeed3bea4 294eab28782a44b793f68080f8646925 a2a1e0c2788048ff8492de98ea2929da - - 98c96a7a0f3343c0a18ad4bd9845e374 98c96a7a0f3343c0a18ad4bd9845e374] 199.204.45.72 "GET /v2.0/networks/9e25ba63-9da0-41da-9b66-c8c4b7343a02?fields=provider%3Aphysical_network&fields=provider%3Anetwork_type HTTP/1.1" status: 200 len: 277 time: 0.1422725
2026-07-21 22:10:42.301 10 INFO neutron.db.ovn_revision_numbers_db [None req-c7451422-4673-4cbd-8ce9-4e79b67c1ad1 4c37e9f4c896406d872d78f3bed0c496 e63d6cf45fd5428990c817ab86d83169 - - default default] Successfully bumped revision number for resource a2f2e6fa-88c8-448e-a812-09a5896631d6 (type: security_group_rules) to 0
2026-07-21 22:10:42.348 10 INFO neutron.db.ovn_revision_numbers_db [None req-c7451422-4673-4cbd-8ce9-4e79b67c1ad1 4c37e9f4c896406d872d78f3bed0c496 e63d6cf45fd5428990c817ab86d83169 - - default default] Successfully bumped revision number for resource ea251929-7eba-4f9a-9fb9-bbe46f12c262 (type: security_group_rules) to 0
2026-07-21 22:10:42.400 9 INFO neutron.wsgi [req-2dfd07b7-7955-4bd7-a014-ff28ecb5e318 req-7b13e595-c8b5-4a26-88ec-f2f366fbace9 294eab28782a44b793f68080f8646925 a2a1e0c2788048ff8492de98ea2929da - - 98c96a7a0f3343c0a18ad4bd9845e374 98c96a7a0f3343c0a18ad4bd9845e374] 199.204.45.72 "GET /v2.0/ports?tenant_id=2d81a8894a2042d58974e5bd56fd1c24&device_id=a1d5a9af-1cdc-402b-8091-03f96d166d88 HTTP/1.1" status: 200 len: 1411 time: 0.0482974
2026-07-21 22:10:42.422 10 WARNING neutron.scheduler.dhcp_agent_scheduler [None req-81b3e3fe-266d-40f3-b85b-4ecc08876860 abdd5eb5ff534b7fb2efcf74758e12f7 1f04c2a0101e4e4791bdc79ed043d2e5 - - default default] No more DHCP agents
2026-07-21 22:10:42.428 10 WARNING neutron.api.rpc.agentnotifiers.dhcp_rpc_agent_api [None req-81b3e3fe-266d-40f3-b85b-4ecc08876860 abdd5eb5ff534b7fb2efcf74758e12f7 1f04c2a0101e4e4791bdc79ed043d2e5 - - default default] Unable to schedule network 16a0d7fc-780b-40f3-940c-66b9435946ea: no agents available; will retry on subsequent port and subnet creation events.
2026-07-21 22:10:42.449 10 INFO neutron.db.segments_db [None req-c7451422-4673-4cbd-8ce9-4e79b67c1ad1 4c37e9f4c896406d872d78f3bed0c496 e63d6cf45fd5428990c817ab86d83169 - - default default] Added segment c434134d-03b5-4eeb-9bae-12d1d1a450ab of type geneve for network 505bd670-965f-4452-bd4e-c1bfb3843020
2026-07-21 22:10:42.554 9 INFO neutron.wsgi [req-2dfd07b7-7955-4bd7-a014-ff28ecb5e318 req-f0095548-02ec-43b7-abbe-8514d5fea084 294eab28782a44b793f68080f8646925 a2a1e0c2788048ff8492de98ea2929da - - 98c96a7a0f3343c0a18ad4bd9845e374 98c96a7a0f3343c0a18ad4bd9845e374] 199.204.45.72 "GET /v2.0/networks?id=9e25ba63-9da0-41da-9b66-c8c4b7343a02 HTTP/1.1" status: 200 len: 978 time: 0.1419346
2026-07-21 22:10:42.643 9 INFO neutron.wsgi [req-2dfd07b7-7955-4bd7-a014-ff28ecb5e318 req-29063974-9cd0-46eb-a9e8-2f77446d3bb2 294eab28782a44b793f68080f8646925 a2a1e0c2788048ff8492de98ea2929da - - 98c96a7a0f3343c0a18ad4bd9845e374 98c96a7a0f3343c0a18ad4bd9845e374] 199.204.45.72 "GET /v2.0/floatingips?fixed_ip_address=10.100.0.10&port_id=681f7802-930d-43a6-a673-624be2be5970 HTTP/1.1" status: 200 len: 217 time: 0.0484755
2026-07-21 22:10:42.657 9 WARNING neutron.scheduler.dhcp_agent_scheduler [None req-bee2b61e-1ebf-4b37-a0a0-307d8e6ef294 4c37e9f4c896406d872d78f3bed0c496 e63d6cf45fd5428990c817ab86d83169 - - default default] No more DHCP agents
2026-07-21 22:10:42.660 9 WARNING neutron.api.rpc.agentnotifiers.dhcp_rpc_agent_api [None req-bee2b61e-1ebf-4b37-a0a0-307d8e6ef294 4c37e9f4c896406d872d78f3bed0c496 e63d6cf45fd5428990c817ab86d83169 - - default default] Unable to schedule network 4adc767c-d433-4b60-90dd-0b32e488d333: no agents available; will retry on subsequent port and subnet creation events.
2026-07-21 22:10:42.740 9 INFO neutron.wsgi [req-2dfd07b7-7955-4bd7-a014-ff28ecb5e318 req-70fcbde5-eae3-48cd-b276-2a17c7db2bb7 294eab28782a44b793f68080f8646925 a2a1e0c2788048ff8492de98ea2929da - - 98c96a7a0f3343c0a18ad4bd9845e374 98c96a7a0f3343c0a18ad4bd9845e374] 199.204.45.72 "GET /v2.0/subnets?id=d4ebc488-4ae7-45e3-8772-2506c922db07 HTTP/1.1" status: 200 len: 873 time: 0.0673018
2026-07-21 22:10:42.778 9 INFO neutron.wsgi [req-2dfd07b7-7955-4bd7-a014-ff28ecb5e318 req-12686cdc-4114-4481-a268-04c89c9c2186 294eab28782a44b793f68080f8646925 a2a1e0c2788048ff8492de98ea2929da - - 98c96a7a0f3343c0a18ad4bd9845e374 98c96a7a0f3343c0a18ad4bd9845e374] 199.204.45.72 "GET /v2.0/ports?network_id=9e25ba63-9da0-41da-9b66-c8c4b7343a02&device_owner=network%3Adhcp HTTP/1.1" status: 200 len: 210 time: 0.0301547
2026-07-21 22:10:42.885 10 INFO neutron.db.ovn_revision_numbers_db [None req-81b3e3fe-266d-40f3-b85b-4ecc08876860 abdd5eb5ff534b7fb2efcf74758e12f7 1f04c2a0101e4e4791bdc79ed043d2e5 - - default default] Successfully bumped revision number for resource 5e88550b-133b-41c4-8afc-4b1223ea1f2c (type: ports) to 1
2026-07-21 22:10:42.888 10 INFO neutron.db.ovn_revision_numbers_db [None req-c7451422-4673-4cbd-8ce9-4e79b67c1ad1 4c37e9f4c896406d872d78f3bed0c496 e63d6cf45fd5428990c817ab86d83169 - - default default] Successfully bumped revision number for resource 505bd670-965f-4452-bd4e-c1bfb3843020 (type: networks) to 1
2026-07-21 22:10:42.893 9 INFO neutron.wsgi [req-2dfd07b7-7955-4bd7-a014-ff28ecb5e318 req-c7c36de2-8d40-477c-9f99-be7bedae1aa0 294eab28782a44b793f68080f8646925 a2a1e0c2788048ff8492de98ea2929da - - 98c96a7a0f3343c0a18ad4bd9845e374 98c96a7a0f3343c0a18ad4bd9845e374] 199.204.45.72 "GET /v2.0/networks/9e25ba63-9da0-41da-9b66-c8c4b7343a02?fields=segments HTTP/1.1" status: 200 len: 212 time: 0.1045980
2026-07-21 22:10:42.917 9 INFO neutron.db.ovn_revision_numbers_db [None req-bee2b61e-1ebf-4b37-a0a0-307d8e6ef294 4c37e9f4c896406d872d78f3bed0c496 e63d6cf45fd5428990c817ab86d83169 - - default default] Successfully bumped revision number for resource 9e4da848-f11c-4393-9598-edcaabf61942 (type: ports) to 1
2026-07-21 22:10:42.933 10 INFO neutron.wsgi [None req-81b3e3fe-266d-40f3-b85b-4ecc08876860 abdd5eb5ff534b7fb2efcf74758e12f7 1f04c2a0101e4e4791bdc79ed043d2e5 - - default default] 10.0.0.24 "POST /v2.0/ports HTTP/1.1" status: 201 len: 1161 time: 1.2068789 /var/lib/openstack/lib/python3.10/site-packages/pycadf/identifier.py:71: UserWarning: Invalid uuid: neutron. To ensure interoperability, identifiers should be a valid uuid. warnings.warn(('Invalid uuid: %s. To ensure interoperability, '
2026-07-21 22:10:43.007 9 INFO neutron.wsgi [req-2dfd07b7-7955-4bd7-a014-ff28ecb5e318 req-49c9235e-a03a-441b-9d82-bee42d75ccd5 294eab28782a44b793f68080f8646925 a2a1e0c2788048ff8492de98ea2929da - - 98c96a7a0f3343c0a18ad4bd9845e374 98c96a7a0f3343c0a18ad4bd9845e374] 199.204.45.72 "GET /v2.0/networks/9e25ba63-9da0-41da-9b66-c8c4b7343a02?fields=provider%3Aphysical_network&fields=provider%3Anetwork_type HTTP/1.1" status: 200 len: 277 time: 0.1080718
2026-07-21 22:10:43.229 10 WARNING neutron.scheduler.dhcp_agent_scheduler [None req-c7451422-4673-4cbd-8ce9-4e79b67c1ad1 4c37e9f4c896406d872d78f3bed0c496 e63d6cf45fd5428990c817ab86d83169 - - default default] No more DHCP agents
2026-07-21 22:10:43.235 10 WARNING neutron.api.rpc.agentnotifiers.dhcp_rpc_agent_api [None req-c7451422-4673-4cbd-8ce9-4e79b67c1ad1 4c37e9f4c896406d872d78f3bed0c496 e63d6cf45fd5428990c817ab86d83169 - - default default] Unable to schedule network 505bd670-965f-4452-bd4e-c1bfb3843020: no agents available; will retry on subsequent port and subnet creation events.
2026-07-21 22:10:43.253 10 INFO neutron.wsgi [req-c54d6c41-d9cf-40f1-9239-d124d95de766 req-681e500d-9ace-4198-8b24-9dea34b2a965 682925b09f694954ac5f93d119a16d77 2d81a8894a2042d58974e5bd56fd1c24 - - default default] 10.0.0.81 "GET /v2.0/ports?device_id=a1d5a9af-1cdc-402b-8091-03f96d166d88 HTTP/1.1" status: 200 len: 1172 time: 0.0631940
2026-07-21 22:10:43.370 10 INFO neutron.wsgi [req-c54d6c41-d9cf-40f1-9239-d124d95de766 req-e6cdac09-02e3-43f8-85cf-aa3de81a3ecb 682925b09f694954ac5f93d119a16d77 2d81a8894a2042d58974e5bd56fd1c24 - - default default] 10.0.0.81 "GET /v2.0/security-groups?id=364ca4e3-dc5c-4158-98c4-6dc411d3373d&fields=id&fields=name HTTP/1.1" status: 200 len: 312 time: 0.1056521
2026-07-21 22:10:43.423 10 INFO neutron.db.ovn_revision_numbers_db [None req-c7451422-4673-4cbd-8ce9-4e79b67c1ad1 4c37e9f4c896406d872d78f3bed0c496 e63d6cf45fd5428990c817ab86d83169 - - default default] Successfully bumped revision number for resource 6e179a52-2176-4961-ae36-907ef361928b (type: ports) to 1
2026-07-21 22:10:43.457 10 INFO neutron.wsgi [None req-c7451422-4673-4cbd-8ce9-4e79b67c1ad1 4c37e9f4c896406d872d78f3bed0c496 e63d6cf45fd5428990c817ab86d83169 - - default default] 10.0.0.24 "POST /v2.0/networks HTTP/1.1" status: 201 len: 940 time: 1.7899091
2026-07-21 22:10:43.493 10 INFO neutron.wsgi [None req-4ee9f861-d0a1-4bb5-871d-da76c48bd7a6 abdd5eb5ff534b7fb2efcf74758e12f7 1f04c2a0101e4e4791bdc79ed043d2e5 - - default default] 10.0.0.24 "DELETE /v2.0/ports/5e88550b-133b-41c4-8afc-4b1223ea1f2c HTTP/1.1" status: 204 len: 168 time: 0.5556719
2026-07-21 22:10:43.528 9 INFO neutron.pecan_wsgi.hooks.translation [None req-0d46e461-fa91-4255-8317-d995e952b6d2 abdd5eb5ff534b7fb2efcf74758e12f7 1f04c2a0101e4e4791bdc79ed043d2e5 - - default default] DELETE failed (client error): The resource could not be found.
2026-07-21 22:10:43.531 9 INFO neutron.wsgi [None req-0d46e461-fa91-4255-8317-d995e952b6d2 abdd5eb5ff534b7fb2efcf74758e12f7 1f04c2a0101e4e4791bdc79ed043d2e5 - - default default] 10.0.0.24 "DELETE /v2.0/ports/5e88550b-133b-41c4-8afc-4b1223ea1f2c HTTP/1.1" status: 404 len: 333 time: 0.0323846
2026-07-21 22:10:43.554 10 INFO neutron.pecan_wsgi.hooks.translation [None req-9abc6dcb-bd53-4088-af79-bdca081e16a7 abdd5eb5ff534b7fb2efcf74758e12f7 1f04c2a0101e4e4791bdc79ed043d2e5 - - default default] GET failed (client error): The resource could not be found.
2026-07-21 22:10:43.556 10 INFO neutron.wsgi [None req-9abc6dcb-bd53-4088-af79-bdca081e16a7 abdd5eb5ff534b7fb2efcf74758e12f7 1f04c2a0101e4e4791bdc79ed043d2e5 - - default default] 10.0.0.24 "GET /v2.0/ports/5e88550b-133b-41c4-8afc-4b1223ea1f2c HTTP/1.1" status: 404 len: 333 time: 0.0194108
2026-07-21 22:10:43.621 9 INFO neutron.plugins.ml2.drivers.ovn.mech_driver.mech_driver [None req-8835f594-bc35-4410-94ff-92550b4c7f68 - - - - - -] OVN reports status up for port: 9e4da848-f11c-4393-9598-edcaabf61942
2026-07-21 22:10:43.648 9 INFO neutron.plugins.ml2.plugin [None req-8835f594-bc35-4410-94ff-92550b4c7f68 - - - - - -] Attempt 1 to provision port 9e4da848-f11c-4393-9598-edcaabf61942
2026-07-21 22:10:43.654 9 INFO neutron.plugins.ml2.drivers.ovn.mech_driver.ovsdb.ovsdb_monitor [None req-b5125cf2-8ed1-46e2-884a-707acc62e4e1 - - - - - -] Router 98305dd3-a38a-49f2-b7d4-ad2e2c9ba984 is bound to host instance
2026-07-21 22:10:43.692 10 WARNING neutron.scheduler.dhcp_agent_scheduler [None req-49068283-824d-48e5-a2f5-a792e6ad8ac4 4c37e9f4c896406d872d78f3bed0c496 e63d6cf45fd5428990c817ab86d83169 - - default default] No more DHCP agents
2026-07-21 22:10:43.701 10 WARNING neutron.api.rpc.agentnotifiers.dhcp_rpc_agent_api [None req-49068283-824d-48e5-a2f5-a792e6ad8ac4 4c37e9f4c896406d872d78f3bed0c496 e63d6cf45fd5428990c817ab86d83169 - - default default] Unable to schedule network 505bd670-965f-4452-bd4e-c1bfb3843020: no agents available; will retry on subsequent port and subnet creation events.
2026-07-21 22:10:43.703 9 INFO neutron.db.ovn_revision_numbers_db [None req-bee2b61e-1ebf-4b37-a0a0-307d8e6ef294 4c37e9f4c896406d872d78f3bed0c496 e63d6cf45fd5428990c817ab86d83169 - - default default] Successfully bumped revision number for resource 9e4da848-f11c-4393-9598-edcaabf61942 (type: router_ports) to 1
2026-07-21 22:10:43.849 9 INFO neutron.db.ovn_revision_numbers_db [None req-bee2b61e-1ebf-4b37-a0a0-307d8e6ef294 4c37e9f4c896406d872d78f3bed0c496 e63d6cf45fd5428990c817ab86d83169 - - default default] Successfully bumped revision number for resource 98305dd3-a38a-49f2-b7d4-ad2e2c9ba984 (type: routers) to 2
2026-07-21 22:10:43.876 9 INFO neutron.wsgi [None req-bee2b61e-1ebf-4b37-a0a0-307d8e6ef294 4c37e9f4c896406d872d78f3bed0c496 e63d6cf45fd5428990c817ab86d83169 - - default default] 10.0.0.24 "POST /v2.0/routers HTTP/1.1" status: 201 len: 884 time: 2.3364959
2026-07-21 22:10:43.890 10 INFO neutron.wsgi [None req-8815b90d-651a-4033-965f-8784a89be49f abdd5eb5ff534b7fb2efcf74758e12f7 1f04c2a0101e4e4791bdc79ed043d2e5 - - default default] 10.0.0.24 "DELETE /v2.0/subnets/a4af3058-a710-435e-9610-92e743900190 HTTP/1.1" status: 204 len: 168 time: 0.3266737
2026-07-21 22:10:44.484 9 INFO neutron.wsgi [req-6e0786aa-9d8a-41ea-8718-dfd3f38b3c1c req-3581c909-9780-4fd6-9b01-94559f736aad 682925b09f694954ac5f93d119a16d77 2d81a8894a2042d58974e5bd56fd1c24 - - default default] 10.0.0.81 "GET /v2.0/ports?device_id=a1d5a9af-1cdc-402b-8091-03f96d166d88 HTTP/1.1" status: 200 len: 1172 time: 0.0480466
2026-07-21 22:10:44.551 9 INFO neutron.wsgi [req-6e0786aa-9d8a-41ea-8718-dfd3f38b3c1c req-e786ad0d-3c03-4324-90b5-09c40c074fb9 682925b09f694954ac5f93d119a16d77 2d81a8894a2042d58974e5bd56fd1c24 - - default default] 10.0.0.81 "GET /v2.0/security-groups?id=364ca4e3-dc5c-4158-98c4-6dc411d3373d&fields=id&fields=name HTTP/1.1" status: 200 len: 312 time: 0.0598836
2026-07-21 22:10:44.674 9 INFO neutron.wsgi [None req-5813c21c-5b5b-4245-8096-c25a30816c0f 4c37e9f4c896406d872d78f3bed0c496 e63d6cf45fd5428990c817ab86d83169 - - default default] 10.0.0.75 "GET /v2.0/networks HTTP/1.1" status: 200 len: 6072 time: 0.1887684
2026-07-21 22:10:44.683 9 INFO neutron.db.ovn_revision_numbers_db [None req-b5125cf2-8ed1-46e2-884a-707acc62e4e1 - - - - - -] Successfully bumped revision number for resource 9e4da848-f11c-4393-9598-edcaabf61942 (type: ports) to 1
2026-07-21 22:10:44.754 9 INFO neutron.wsgi [None req-75de8018-2bf4-4cb3-b374-dd84084e360e 4c37e9f4c896406d872d78f3bed0c496 e63d6cf45fd5428990c817ab86d83169 - - default default] 10.0.0.75 "GET /v2.0/subnets HTTP/1.1" status: 200 len: 3413 time: 0.0645134
2026-07-21 22:10:44.772 9 INFO neutron.wsgi [None req-402d1b5c-cdb1-40f0-b059-1487fe0decfc 4c37e9f4c896406d872d78f3bed0c496 e63d6cf45fd5428990c817ab86d83169 - - default default] 10.0.0.75 "GET /v2.0/network-ip-availabilities HTTP/1.1" status: 200 len: 3281 time: 0.0155630
2026-07-21 22:10:44.867 9 INFO neutron.wsgi [None req-9964c9d0-aed2-4957-a617-1ccc3ffc35ec 4c37e9f4c896406d872d78f3bed0c496 e63d6cf45fd5428990c817ab86d83169 - - default default] 10.0.0.75 "GET /v2.0/security-groups HTTP/1.1" status: 200 len: 30659 time: 0.0924742
2026-07-21 22:10:44.881 10 INFO neutron.services.segments.plugin [-] Segment 106104ed-7955-4f36-a43f-49dc2fbdd1a3 resource provider aggregate not found
2026-07-21 22:10:44.899 10 INFO neutron.services.segments.plugin [-] Segment 106104ed-7955-4f36-a43f-49dc2fbdd1a3 resource provider aggregate not found
2026-07-21 22:10:44.909 10 INFO neutron.db.ovn_revision_numbers_db [None req-49068283-824d-48e5-a2f5-a792e6ad8ac4 4c37e9f4c896406d872d78f3bed0c496 e63d6cf45fd5428990c817ab86d83169 - - default default] Successfully bumped revision number for resource 6e179a52-2176-4961-ae36-907ef361928b (type: ports) to 2
2026-07-21 22:10:44.920 10 INFO neutron.services.segments.plugin [-] Segment 106104ed-7955-4f36-a43f-49dc2fbdd1a3 resource provider not found; error: Placement Client Error (4xx): {"errors": [{"status": 404, "title": "Not Found", "detail": "The resource could not be found.\n\n No resource provider with uuid 106104ed-7955-4f36-a43f-49dc2fbdd1a3 found for delete ", "request_id": "req-07c35d2b-c993-45d9-b61c-b1aa1e275822"}]}
2026-07-21 22:10:44.928 10 INFO neutron.services.segments.plugin [-] Segment 106104ed-7955-4f36-a43f-49dc2fbdd1a3 resource provider not found; error: Placement Client Error (4xx): {"errors": [{"status": 404, "title": "Not Found", "detail": "The resource could not be found.\n\n No resource provider with uuid 106104ed-7955-4f36-a43f-49dc2fbdd1a3 found for delete ", "request_id": "req-8932c12b-35b5-4202-aed2-fec856f9476d"}]}
2026-07-21 22:10:44.941 9 INFO neutron.wsgi [None req-b6d08b60-6a9c-4d52-86ec-7df856d435f2 4c37e9f4c896406d872d78f3bed0c496 e63d6cf45fd5428990c817ab86d83169 - - default default] 10.0.0.75 "GET /v2.0/subnets HTTP/1.1" status: 200 len: 3413 time: 0.0615983
2026-07-21 22:10:44.968 9 INFO neutron.wsgi [None req-be93d3ab-98e2-44a4-bf79-bb8670cfd602 4c37e9f4c896406d872d78f3bed0c496 e63d6cf45fd5428990c817ab86d83169 - - default default] 10.0.0.75 "GET /v2.0/subnetpools HTTP/1.1" status: 200 len: 193 time: 0.0165308
2026-07-21 22:10:44.986 10 INFO neutron.wsgi [None req-f531a959-4acb-4d58-aa7e-479c4261c7fe abdd5eb5ff534b7fb2efcf74758e12f7 1f04c2a0101e4e4791bdc79ed043d2e5 - - default default] 10.0.0.24 "DELETE /v2.0/networks/16a0d7fc-780b-40f3-940c-66b9435946ea HTTP/1.1" status: 204 len: 168 time: 1.0897071
2026-07-21 22:10:44.993 10 INFO neutron.db.ovn_revision_numbers_db [None req-49068283-824d-48e5-a2f5-a792e6ad8ac4 4c37e9f4c896406d872d78f3bed0c496 e63d6cf45fd5428990c817ab86d83169 - - default default] Successfully bumped revision number for resource 2efca456-562e-4e29-939c-74da8e6c6942 (type: subnets) to 0
2026-07-21 22:10:45.013 9 INFO neutron.wsgi [None req-cf92680a-6747-405d-8a98-cd2ed7569c55 4c37e9f4c896406d872d78f3bed0c496 e63d6cf45fd5428990c817ab86d83169 - - default default] 10.0.0.75 "GET /v2.0/floatingips HTTP/1.1" status: 200 len: 730 time: 0.0438440
2026-07-21 22:10:45.013 10 INFO neutron.wsgi [None req-49068283-824d-48e5-a2f5-a792e6ad8ac4 4c37e9f4c896406d872d78f3bed0c496 e63d6cf45fd5428990c817ab86d83169 - - default default] 10.0.0.24 "POST /v2.0/subnets HTTP/1.1" status: 201 len: 860 time: 1.5497739
2026-07-21 22:10:45.040 10 WARNING neutron.scheduler.dhcp_agent_scheduler [None req-f61b31fc-0db7-494a-b0ea-7b88a56b3003 4c37e9f4c896406d872d78f3bed0c496 e63d6cf45fd5428990c817ab86d83169 - - default default] No more DHCP agents
2026-07-21 22:10:45.045 10 WARNING neutron.api.rpc.agentnotifiers.dhcp_rpc_agent_api [None req-f61b31fc-0db7-494a-b0ea-7b88a56b3003 4c37e9f4c896406d872d78f3bed0c496 e63d6cf45fd5428990c817ab86d83169 - - default default] Unable to schedule network ce57b1c4-d021-4b89-9b41-0ce04e817105: no agents available; will retry on subsequent port and subnet creation events.
2026-07-21 22:10:45.245 10 INFO neutron.db.ovn_revision_numbers_db [None req-f61b31fc-0db7-494a-b0ea-7b88a56b3003 4c37e9f4c896406d872d78f3bed0c496 e63d6cf45fd5428990c817ab86d83169 - - default default] Successfully bumped revision number for resource a461cec5-df92-4a9a-9b6d-8e25dc8febf8 (type: ports) to 1
2026-07-21 22:10:45.246 9 INFO neutron.wsgi [None req-a1dc8b9a-cd6f-43d9-a5bf-39baca5eae74 4c37e9f4c896406d872d78f3bed0c496 e63d6cf45fd5428990c817ab86d83169 - - default default] 10.0.0.75 "GET /v2.0/routers HTTP/1.1" status: 200 len: 1548 time: 0.2283385
2026-07-21 22:10:45.250 9 INFO neutron.db.segments_db [None req-dc95e78a-ea6f-4b54-823a-b9b97eae4e2b abdd5eb5ff534b7fb2efcf74758e12f7 1f04c2a0101e4e4791bdc79ed043d2e5 - - default default] Added segment e7fbc532-e890-45e8-ab22-b97692ef4360 of type geneve for network 79a7e52b-c376-4d3c-a058-a475c6695ba4
2026-07-21 22:10:45.329 9 INFO neutron.wsgi [None req-922df4f8-d8de-439a-acd0-beab0eef8d17 4c37e9f4c896406d872d78f3bed0c496 e63d6cf45fd5428990c817ab86d83169 - - default default] 10.0.0.75 "GET /v2.0/agents?binary=ovn-controller HTTP/1.1" status: 200 len: 591 time: 0.0811656
2026-07-21 22:10:45.430 10 INFO neutron.plugins.ml2.drivers.ovn.mech_driver.mech_driver [None req-23b69857-0848-41f6-bdef-cf138be61e50 - - - - - -] OVN reports status up for port: 681f7802-930d-43a6-a673-624be2be5970
2026-07-21 22:10:45.436 9 INFO neutron.db.ovn_revision_numbers_db [None req-b5125cf2-8ed1-46e2-884a-707acc62e4e1 - - - - - -] Successfully bumped revision number for resource 9e4da848-f11c-4393-9598-edcaabf61942 (type: router_ports) to 3
2026-07-21 22:10:45.448 10 INFO neutron.plugins.ml2.plugin [None req-23b69857-0848-41f6-bdef-cf138be61e50 - - - - - -] Attempt 1 to provision port 681f7802-930d-43a6-a673-624be2be5970
2026-07-21 22:10:45.685 10 INFO neutron.wsgi [req-453a06de-f20a-462b-97e5-fcc18dcac599 req-0be67c47-4cfe-4f9e-903f-c4e657d82cc5 682925b09f694954ac5f93d119a16d77 2d81a8894a2042d58974e5bd56fd1c24 - - default default] 10.0.0.81 "GET /v2.0/ports?device_id=a1d5a9af-1cdc-402b-8091-03f96d166d88 HTTP/1.1" status: 200 len: 1174 time: 0.0659423
2026-07-21 22:10:45.746 9 INFO neutron.wsgi [None req-ced37a24-65f0-401a-a3ee-fd6318d0bda8 4c37e9f4c896406d872d78f3bed0c496 e63d6cf45fd5428990c817ab86d83169 - - default default] 10.0.0.75 "GET /v2.0/ports HTTP/1.1" status: 200 len: 16807 time: 0.3955405
2026-07-21 22:10:45.799 10 INFO neutron.wsgi [req-453a06de-f20a-462b-97e5-fcc18dcac599 req-f0a63784-8422-405d-a613-9f74fdb51dc5 682925b09f694954ac5f93d119a16d77 2d81a8894a2042d58974e5bd56fd1c24 - - default default] 10.0.0.81 "GET /v2.0/security-groups?id=364ca4e3-dc5c-4158-98c4-6dc411d3373d&fields=id&fields=name HTTP/1.1" status: 200 len: 312 time: 0.1011312
2026-07-21 22:10:45.806 9 INFO neutron.wsgi [None req-95439ba4-a14f-4c0c-8d27-ecc951186d43 4c37e9f4c896406d872d78f3bed0c496 e63d6cf45fd5428990c817ab86d83169 - - default default] 10.0.0.75 "GET /v2.0/agents HTTP/1.1" status: 200 len: 997 time: 0.0417819
2026-07-21 22:10:45.999 9 INFO neutron.db.ovn_revision_numbers_db [None req-dc95e78a-ea6f-4b54-823a-b9b97eae4e2b abdd5eb5ff534b7fb2efcf74758e12f7 1f04c2a0101e4e4791bdc79ed043d2e5 - - default default] Successfully bumped revision number for resource 79a7e52b-c376-4d3c-a058-a475c6695ba4 (type: networks) to 1
2026-07-21 22:10:46.003 10 INFO neutron.db.ovn_revision_numbers_db [None req-23b69857-0848-41f6-bdef-cf138be61e50 - - - - - -] Successfully bumped revision number for resource 681f7802-930d-43a6-a673-624be2be5970 (type: ports) to 4
2026-07-21 22:10:46.090 10 INFO neutron.notifiers.nova [-] Nova event matching ['req-f34e1c34-a729-4a46-8d12-74edd6bbe73e'] response: {'server_uuid': 'a1d5a9af-1cdc-402b-8091-03f96d166d88', 'name': 'network-vif-plugged', 'status': 'completed', 'tag': '681f7802-930d-43a6-a673-624be2be5970', 'code': 200}
2026-07-21 22:10:46.099 9 INFO neutron.db.ovn_revision_numbers_db [None req-b5125cf2-8ed1-46e2-884a-707acc62e4e1 - - - - - -] Successfully bumped revision number for resource 9e4da848-f11c-4393-9598-edcaabf61942 (type: ports) to 2
2026-07-21 22:10:46.106 10 INFO neutron.db.ovn_revision_numbers_db [None req-f61b31fc-0db7-494a-b0ea-7b88a56b3003 4c37e9f4c896406d872d78f3bed0c496 e63d6cf45fd5428990c817ab86d83169 - - default default] Successfully bumped revision number for resource a461cec5-df92-4a9a-9b6d-8e25dc8febf8 (type: router_ports) to 1
2026-07-21 22:10:46.372 10 INFO neutron.db.ovn_revision_numbers_db [None req-f61b31fc-0db7-494a-b0ea-7b88a56b3003 4c37e9f4c896406d872d78f3bed0c496 e63d6cf45fd5428990c817ab86d83169 - - default default] Successfully bumped revision number for resource a461cec5-df92-4a9a-9b6d-8e25dc8febf8 (type: ports) to 1
2026-07-21 22:10:46.438 9 WARNING neutron.scheduler.dhcp_agent_scheduler [None req-dc95e78a-ea6f-4b54-823a-b9b97eae4e2b abdd5eb5ff534b7fb2efcf74758e12f7 1f04c2a0101e4e4791bdc79ed043d2e5 - - default default] No more DHCP agents
2026-07-21 22:10:46.447 9 WARNING neutron.api.rpc.agentnotifiers.dhcp_rpc_agent_api [None req-dc95e78a-ea6f-4b54-823a-b9b97eae4e2b abdd5eb5ff534b7fb2efcf74758e12f7 1f04c2a0101e4e4791bdc79ed043d2e5 - - default default] Unable to schedule network 79a7e52b-c376-4d3c-a058-a475c6695ba4: no agents available; will retry on subsequent port and subnet creation events.
2026-07-21 22:10:46.489 10 WARNING neutron.scheduler.dhcp_agent_scheduler [None req-f61b31fc-0db7-494a-b0ea-7b88a56b3003 4c37e9f4c896406d872d78f3bed0c496 e63d6cf45fd5428990c817ab86d83169 - - default default] No more DHCP agents
2026-07-21 22:10:46.491 10 WARNING neutron.api.rpc.agentnotifiers.dhcp_rpc_agent_api [None req-f61b31fc-0db7-494a-b0ea-7b88a56b3003 4c37e9f4c896406d872d78f3bed0c496 e63d6cf45fd5428990c817ab86d83169 - - default default] Unable to schedule network ce57b1c4-d021-4b89-9b41-0ce04e817105: no agents available; will retry on subsequent port and subnet creation events.
2026-07-21 22:10:46.684 9 INFO neutron.db.ovn_revision_numbers_db [None req-dc95e78a-ea6f-4b54-823a-b9b97eae4e2b abdd5eb5ff534b7fb2efcf74758e12f7 1f04c2a0101e4e4791bdc79ed043d2e5 - - default default] Successfully bumped revision number for resource 75487f76-5ea6-4d8c-83a8-5a7a88219a17 (type: ports) to 1
2026-07-21 22:10:46.693 9 WARNING neutron.scheduler.dhcp_agent_scheduler [None req-a351ec3a-b2ac-4fa7-8e07-40de7aa4bf5f 4c37e9f4c896406d872d78f3bed0c496 e63d6cf45fd5428990c817ab86d83169 - - default default] No more DHCP agents
2026-07-21 22:10:46.703 9 WARNING neutron.api.rpc.agentnotifiers.dhcp_rpc_agent_api [None req-a351ec3a-b2ac-4fa7-8e07-40de7aa4bf5f 4c37e9f4c896406d872d78f3bed0c496 e63d6cf45fd5428990c817ab86d83169 - - default default] Unable to schedule network 4adc767c-d433-4b60-90dd-0b32e488d333: no agents available; will retry on subsequent port and subnet creation events.
2026-07-21 22:10:46.753 9 INFO neutron.wsgi [None req-dc95e78a-ea6f-4b54-823a-b9b97eae4e2b abdd5eb5ff534b7fb2efcf74758e12f7 1f04c2a0101e4e4791bdc79ed043d2e5 - - default default] 10.0.0.24 "POST /v2.0/networks HTTP/1.1" status: 201 len: 835 time: 1.7541857
2026-07-21 22:10:46.845 9 INFO neutron.db.ovn_revision_numbers_db [None req-b5125cf2-8ed1-46e2-884a-707acc62e4e1 - - - - - -] Successfully bumped revision number for resource 9e4da848-f11c-4393-9598-edcaabf61942 (type: ports) to 4
2026-07-21 22:10:46.891 9 INFO neutron.plugins.ml2.drivers.ovn.mech_driver.mech_driver [None req-8835f594-bc35-4410-94ff-92550b4c7f68 - - - - - -] OVN reports status up for port: a461cec5-df92-4a9a-9b6d-8e25dc8febf8 /var/lib/openstack/lib/python3.10/site-packages/pycadf/identifier.py:71: UserWarning: Invalid uuid: neutron. To ensure interoperability, identifiers should be a valid uuid. warnings.warn(('Invalid uuid: %s. To ensure interoperability, '
2026-07-21 22:10:46.940 9 INFO neutron.plugins.ml2.plugin [None req-8835f594-bc35-4410-94ff-92550b4c7f68 - - - - - -] Attempt 1 to provision port a461cec5-df92-4a9a-9b6d-8e25dc8febf8
2026-07-21 22:10:46.995 10 INFO neutron.wsgi [req-ebf55c51-fb11-43de-b224-5f4ebcbd7d1c req-a0a95384-888a-43ee-b916-4aa9d2d20f49 682925b09f694954ac5f93d119a16d77 2d81a8894a2042d58974e5bd56fd1c24 - - default default] 10.0.0.81 "GET /v2.0/ports?device_id=a1d5a9af-1cdc-402b-8091-03f96d166d88 HTTP/1.1" status: 200 len: 1174 time: 0.0696962
2026-07-21 22:10:47.077 10 INFO neutron.wsgi [req-ebf55c51-fb11-43de-b224-5f4ebcbd7d1c req-4cee8e83-b114-4e40-8ed7-c30b50106ab3 682925b09f694954ac5f93d119a16d77 2d81a8894a2042d58974e5bd56fd1c24 - - default default] 10.0.0.81 "GET /v2.0/security-groups?id=364ca4e3-dc5c-4158-98c4-6dc411d3373d&fields=id&fields=name HTTP/1.1" status: 200 len: 312 time: 0.0725875
2026-07-21 22:10:47.222 9 INFO neutron.db.ovn_revision_numbers_db [None req-a351ec3a-b2ac-4fa7-8e07-40de7aa4bf5f 4c37e9f4c896406d872d78f3bed0c496 e63d6cf45fd5428990c817ab86d83169 - - default default] Successfully bumped revision number for resource aaa4b01c-430f-4557-974e-e7cc235fe90f (type: ports) to 1
2026-07-21 22:10:47.449 10 INFO neutron.db.ovn_revision_numbers_db [None req-f61b31fc-0db7-494a-b0ea-7b88a56b3003 4c37e9f4c896406d872d78f3bed0c496 e63d6cf45fd5428990c817ab86d83169 - - default default] Successfully bumped revision number for resource a461cec5-df92-4a9a-9b6d-8e25dc8febf8 (type: router_ports) to 1
2026-07-21 22:10:47.453 10 INFO neutron.wsgi [None req-f61b31fc-0db7-494a-b0ea-7b88a56b3003 4c37e9f4c896406d872d78f3bed0c496 e63d6cf45fd5428990c817ab86d83169 - - default default] 10.0.0.24 "PUT /v2.0/routers/98305dd3-a38a-49f2-b7d4-ad2e2c9ba984/add_router_interface HTTP/1.1" status: 200 len: 503 time: 3.5686467
2026-07-21 22:10:47.776 9 INFO neutron.wsgi [req-4432a3c4-3909-41a7-b885-5c8cedb8f866 req-f8569fa4-d071-4190-a68a-4467df23b7bb 682925b09f694954ac5f93d119a16d77 2d81a8894a2042d58974e5bd56fd1c24 - - default default] 10.0.0.81 "GET /v2.0/ports?device_id=a1d5a9af-1cdc-402b-8091-03f96d166d88 HTTP/1.1" status: 200 len: 1174 time: 0.5844188
2026-07-21 22:10:47.873 9 WARNING neutron.scheduler.dhcp_agent_scheduler [None req-22980ae9-4f33-48ba-95a9-c62a640066ae abdd5eb5ff534b7fb2efcf74758e12f7 1f04c2a0101e4e4791bdc79ed043d2e5 - - default default] No more DHCP agents
2026-07-21 22:10:47.885 9 WARNING neutron.api.rpc.agentnotifiers.dhcp_rpc_agent_api [None req-22980ae9-4f33-48ba-95a9-c62a640066ae abdd5eb5ff534b7fb2efcf74758e12f7 1f04c2a0101e4e4791bdc79ed043d2e5 - - default default] Unable to schedule network 79a7e52b-c376-4d3c-a058-a475c6695ba4: no agents available; will retry on subsequent port and subnet creation events.
2026-07-21 22:10:47.997 9 INFO neutron.db.ovn_revision_numbers_db [None req-22980ae9-4f33-48ba-95a9-c62a640066ae abdd5eb5ff534b7fb2efcf74758e12f7 1f04c2a0101e4e4791bdc79ed043d2e5 - - default default] Successfully bumped revision number for resource f751114f-952b-452a-a7bf-eb6588d11f6d (type: subnets) to 0
2026-07-21 22:10:48.044 9 INFO neutron.wsgi [None req-22980ae9-4f33-48ba-95a9-c62a640066ae abdd5eb5ff534b7fb2efcf74758e12f7 1f04c2a0101e4e4791bdc79ed043d2e5 - - default default] 10.0.0.24 "POST /v2.0/subnets HTTP/1.1" status: 201 len: 821 time: 1.2854555
2026-07-21 22:10:48.044 9 INFO neutron.db.ovn_revision_numbers_db [None req-b5125cf2-8ed1-46e2-884a-707acc62e4e1 - - - - - -] Successfully bumped revision number for resource 9e4da848-f11c-4393-9598-edcaabf61942 (type: router_ports) to 4
2026-07-21 22:10:48.134 10 INFO neutron.notifiers.nova [-] Nova event matching ['req-8e515a07-2348-4d51-934b-66131d815e67'] response: {'server_uuid': 'a1d5a9af-1cdc-402b-8091-03f96d166d88', 'name': 'network-vif-plugged', 'status': 'completed', 'tag': '681f7802-930d-43a6-a673-624be2be5970', 'code': 200}
2026-07-21 22:10:48.359 9 INFO neutron.db.ovn_revision_numbers_db [None req-8835f594-bc35-4410-94ff-92550b4c7f68 - - - - - -] Successfully bumped revision number for resource a461cec5-df92-4a9a-9b6d-8e25dc8febf8 (type: ports) to 2
2026-07-21 22:10:48.475 10 INFO neutron.db.ovn_revision_numbers_db [None req-94b116f0-854f-459f-acab-94f5d00f289d 02d96977e9d44b5295762966b8a933af fbcca595b06f4fd4929f431a3044efb4 - - default default] Successfully bumped revision number for resource ed3a3202-234f-49a6-b410-2578dd4f29dd (type: security_groups) to 1
2026-07-21 22:10:48.495 10 INFO neutron.db.l3_db [None req-3952609e-b5cb-48f7-b8d7-894febfbb837 682925b09f694954ac5f93d119a16d77 2d81a8894a2042d58974e5bd56fd1c24 - - default default] Floating IP 6cf48ae2-9670-4eac-87f1-49e9feb00c0a associated. External IP: 10.96.250.214, port: 681f7802-930d-43a6-a673-624be2be5970.
2026-07-21 22:10:48.497 10 INFO neutron.db.ovn_revision_numbers_db [None req-94b116f0-854f-459f-acab-94f5d00f289d 02d96977e9d44b5295762966b8a933af fbcca595b06f4fd4929f431a3044efb4 - - default default] Successfully bumped revision number for resource 71fcd2a8-bd44-4a08-bd4b-c6d1e1c7d252 (type: security_group_rules) to 0
2026-07-21 22:10:48.552 10 INFO neutron.db.ovn_revision_numbers_db [None req-94b116f0-854f-459f-acab-94f5d00f289d 02d96977e9d44b5295762966b8a933af fbcca595b06f4fd4929f431a3044efb4 - - default default] Successfully bumped revision number for resource d0edf202-9277-45f0-8a6c-972cf5fdeb09 (type: security_group_rules) to 0
2026-07-21 22:10:48.584 10 INFO neutron.wsgi [None req-94b116f0-854f-459f-acab-94f5d00f289d 02d96977e9d44b5295762966b8a933af fbcca595b06f4fd4929f431a3044efb4 - - default default] 10.0.0.24 "POST /v2.0/security-groups HTTP/1.1" status: 201 len: 1795 time: 0.5076015
2026-07-21 22:10:48.765 10 INFO neutron.db.ovn_revision_numbers_db [None req-3952609e-b5cb-48f7-b8d7-894febfbb837 682925b09f694954ac5f93d119a16d77 2d81a8894a2042d58974e5bd56fd1c24 - - default default] Successfully bumped revision number for resource 6cf48ae2-9670-4eac-87f1-49e9feb00c0a (type: floatingips) to 1
2026-07-21 22:10:48.767 9 INFO neutron.db.ovn_revision_numbers_db [None req-8835f594-bc35-4410-94ff-92550b4c7f68 - - - - - -] Successfully bumped revision number for resource a461cec5-df92-4a9a-9b6d-8e25dc8febf8 (type: router_ports) to 2
2026-07-21 22:10:48.906 10 INFO neutron.db.ovn_revision_numbers_db [None req-3952609e-b5cb-48f7-b8d7-894febfbb837 682925b09f694954ac5f93d119a16d77 2d81a8894a2042d58974e5bd56fd1c24 - - default default] Successfully bumped revision number for resource 6cf48ae2-9670-4eac-87f1-49e9feb00c0a (type: floatingips) to 2
2026-07-21 22:10:48.939 10 INFO neutron.wsgi [None req-3952609e-b5cb-48f7-b8d7-894febfbb837 682925b09f694954ac5f93d119a16d77 2d81a8894a2042d58974e5bd56fd1c24 - - default default] 10.0.0.24 "PUT /v2.0/floatingips/6cf48ae2-9670-4eac-87f1-49e9feb00c0a HTTP/1.1" status: 200 len: 1050 time: 1.1479211
2026-07-21 22:10:49.072 10 INFO neutron.wsgi [req-2bba136a-4764-4142-9c3d-6ff76d2df840 req-9504dce7-8af9-41be-9220-d2a9ab69cc09 682925b09f694954ac5f93d119a16d77 2d81a8894a2042d58974e5bd56fd1c24 - - default default] 10.0.0.81 "GET /v2.0/ports?device_id=a1d5a9af-1cdc-402b-8091-03f96d166d88 HTTP/1.1" status: 200 len: 1174 time: 0.0817511
2026-07-21 22:10:49.114 10 INFO neutron.wsgi [req-2bba136a-4764-4142-9c3d-6ff76d2df840 req-9fa5892b-7368-471a-8c2d-aaa4f8d6dacb 682925b09f694954ac5f93d119a16d77 2d81a8894a2042d58974e5bd56fd1c24 - - default default] 10.0.0.81 "GET /v2.0/security-groups?id=364ca4e3-dc5c-4158-98c4-6dc411d3373d&fields=id&fields=name HTTP/1.1" status: 200 len: 312 time: 0.0357897
2026-07-21 22:10:49.277 9 WARNING neutron.scheduler.dhcp_agent_scheduler [None req-1e3156f7-8a76-4b14-8e4d-5802be22fb61 abdd5eb5ff534b7fb2efcf74758e12f7 1f04c2a0101e4e4791bdc79ed043d2e5 - - default default] No more DHCP agents
2026-07-21 22:10:49.288 9 WARNING neutron.api.rpc.agentnotifiers.dhcp_rpc_agent_api [None req-1e3156f7-8a76-4b14-8e4d-5802be22fb61 abdd5eb5ff534b7fb2efcf74758e12f7 1f04c2a0101e4e4791bdc79ed043d2e5 - - default default] Unable to schedule network 79a7e52b-c376-4d3c-a058-a475c6695ba4: no agents available; will retry on subsequent port and subnet creation events.
2026-07-21 22:10:49.334 10 INFO neutron.wsgi [-] 10.0.0.237 "GET / HTTP/1.1" status: 200 len: 247 time: 0.0018117
2026-07-21 22:10:49.336 10 INFO neutron.wsgi [-] 10.0.0.237 "GET / HTTP/1.1" status: 200 len: 247 time: 0.0014839
2026-07-21 22:10:49.354 9 INFO neutron.db.ovn_revision_numbers_db [None req-6574ccbf-3929-42b1-9d8b-41929aad0f1a 02d96977e9d44b5295762966b8a933af fbcca595b06f4fd4929f431a3044efb4 - - default default] Successfully bumped revision number for resource d4d5afa9-f8e3-4ba0-8cbd-ed3aa34c6fb4 (type: security_group_rules) to 0
2026-07-21 22:10:49.422 9 INFO neutron.wsgi [None req-6574ccbf-3929-42b1-9d8b-41929aad0f1a 02d96977e9d44b5295762966b8a933af fbcca595b06f4fd4929f431a3044efb4 - - default default] 10.0.0.24 "POST /v2.0/security-group-rules HTTP/1.1" status: 201 len: 764 time: 0.8287377
2026-07-21 22:10:49.460 10 INFO neutron.plugins.ml2.drivers.ovn.mech_driver.mech_driver [None req-23b69857-0848-41f6-bdef-cf138be61e50 - - - - - -] OVN reports status up for port: aaa4b01c-430f-4557-974e-e7cc235fe90f
2026-07-21 22:10:49.476 10 INFO neutron.plugins.ml2.plugin [None req-23b69857-0848-41f6-bdef-cf138be61e50 - - - - - -] Attempt 1 to provision port aaa4b01c-430f-4557-974e-e7cc235fe90f
2026-07-21 22:10:49.482 10 INFO neutron.plugins.ml2.drivers.ovn.mech_driver.ovsdb.ovsdb_monitor [None req-18cc6619-e812-4b2c-9ca3-2bbcc2e8effb - - - - - -] Router 72f62d1b-1b9d-4ba3-916f-4e1eaf08bf2e is bound to host instance
2026-07-21 22:10:49.523 9 INFO neutron.db.ovn_revision_numbers_db [None req-a351ec3a-b2ac-4fa7-8e07-40de7aa4bf5f 4c37e9f4c896406d872d78f3bed0c496 e63d6cf45fd5428990c817ab86d83169 - - default default] Successfully bumped revision number for resource aaa4b01c-430f-4557-974e-e7cc235fe90f (type: router_ports) to 1
2026-07-21 22:10:49.567 9 INFO neutron.db.ovn_revision_numbers_db [None req-1e3156f7-8a76-4b14-8e4d-5802be22fb61 abdd5eb5ff534b7fb2efcf74758e12f7 1f04c2a0101e4e4791bdc79ed043d2e5 - - default default] Successfully bumped revision number for resource 867a94c5-da32-403f-999b-0248cb2e02d4 (type: ports) to 1
2026-07-21 22:10:49.609 9 INFO neutron.wsgi [None req-1e3156f7-8a76-4b14-8e4d-5802be22fb61 abdd5eb5ff534b7fb2efcf74758e12f7 1f04c2a0101e4e4791bdc79ed043d2e5 - - default default] 10.0.0.24 "POST /v2.0/ports HTTP/1.1" status: 201 len: 1127 time: 1.5572293
2026-07-21 22:10:49.665 9 INFO neutron.db.ovn_revision_numbers_db [None req-a351ec3a-b2ac-4fa7-8e07-40de7aa4bf5f 4c37e9f4c896406d872d78f3bed0c496 e63d6cf45fd5428990c817ab86d83169 - - default default] Successfully bumped revision number for resource 72f62d1b-1b9d-4ba3-916f-4e1eaf08bf2e (type: routers) to 2
2026-07-21 22:10:49.725 9 INFO neutron.wsgi [None req-a351ec3a-b2ac-4fa7-8e07-40de7aa4bf5f 4c37e9f4c896406d872d78f3bed0c496 e63d6cf45fd5428990c817ab86d83169 - - default default] 10.0.0.24 "POST /v2.0/routers HTTP/1.1" status: 201 len: 871 time: 4.7039874
2026-07-21 22:10:49.733 9 INFO neutron.wsgi [req-f7c46c67-0ee0-48c5-a710-d37140a0dc5d req-a7535113-7332-444d-9e6f-b39c4bf1e191 682925b09f694954ac5f93d119a16d77 2d81a8894a2042d58974e5bd56fd1c24 - - default default] 10.0.0.81 "GET /v2.0/ports?device_id=a1d5a9af-1cdc-402b-8091-03f96d166d88 HTTP/1.1" status: 200 len: 1174 time: 0.0882053
2026-07-21 22:10:49.744 10 INFO neutron.db.ovn_revision_numbers_db [None req-94595787-895b-46e6-a8e5-adaac26a74b8 02d96977e9d44b5295762966b8a933af fbcca595b06f4fd4929f431a3044efb4 - - default default] Successfully bumped revision number for resource 5db52115-2c62-4642-9ebd-dad3c7194443 (type: security_group_rules) to 0
2026-07-21 22:10:49.827 9 INFO neutron.wsgi [req-f7c46c67-0ee0-48c5-a710-d37140a0dc5d req-29523aac-5e51-4a74-a15c-8f923c9e5202 682925b09f694954ac5f93d119a16d77 2d81a8894a2042d58974e5bd56fd1c24 - - default default] 10.0.0.81 "GET /v2.0/security-groups?id=364ca4e3-dc5c-4158-98c4-6dc411d3373d&fields=id&fields=name HTTP/1.1" status: 200 len: 312 time: 0.0777483
2026-07-21 22:10:50.034 10 INFO neutron.wsgi [None req-94595787-895b-46e6-a8e5-adaac26a74b8 02d96977e9d44b5295762966b8a933af fbcca595b06f4fd4929f431a3044efb4 - - default default] 10.0.0.24 "POST /v2.0/security-group-rules HTTP/1.1" status: 201 len: 769 time: 0.6055229
2026-07-21 22:10:50.076 9 INFO neutron.wsgi [req-9163b0ce-33da-4ac5-b832-a959dba6de98 req-e6bcc133-2b01-46a0-8f0d-d41d93664137 682925b09f694954ac5f93d119a16d77 2d81a8894a2042d58974e5bd56fd1c24 - - default default] 199.204.45.72 "GET /v2.0/ports?device_id=a1d5a9af-1cdc-402b-8091-03f96d166d88 HTTP/1.1" status: 200 len: 1174 time: 0.0660655
2026-07-21 22:10:50.185 10 INFO neutron.notifiers.nova [-] Nova event matching ['req-5805f41a-5d6e-4712-931d-dc7bb65854cb'] response: {'name': 'network-changed', 'server_uuid': 'a1d5a9af-1cdc-402b-8091-03f96d166d88', 'tag': '681f7802-930d-43a6-a673-624be2be5970', 'status': 'completed', 'code': 200}
2026-07-21 22:10:50.189 9 INFO neutron.wsgi [None req-d0299111-9621-4957-89d1-24abf970b0dc abdd5eb5ff534b7fb2efcf74758e12f7 1f04c2a0101e4e4791bdc79ed043d2e5 - - default default] 10.0.0.24 "DELETE /v2.0/ports/867a94c5-da32-403f-999b-0248cb2e02d4 HTTP/1.1" status: 204 len: 168 time: 0.5728588
2026-07-21 22:10:50.270 10 INFO neutron.pecan_wsgi.hooks.translation [None req-7e429200-502a-44ff-9f06-97b32e0045d5 abdd5eb5ff534b7fb2efcf74758e12f7 1f04c2a0101e4e4791bdc79ed043d2e5 - - default default] GET failed (client error): The resource could not be found.
2026-07-21 22:10:50.273 10 INFO neutron.wsgi [None req-7e429200-502a-44ff-9f06-97b32e0045d5 abdd5eb5ff534b7fb2efcf74758e12f7 1f04c2a0101e4e4791bdc79ed043d2e5 - - default default] 10.0.0.24 "GET /v2.0/ports/867a94c5-da32-403f-999b-0248cb2e02d4 HTTP/1.1" status: 404 len: 333 time: 0.0757847
2026-07-21 22:10:50.336 10 INFO neutron.wsgi [req-4a48e5e3-2657-435c-82af-6643354d23d3 req-dc9426c6-2b4b-4cf1-bc1f-18a7eeb09764 294eab28782a44b793f68080f8646925 a2a1e0c2788048ff8492de98ea2929da - - 98c96a7a0f3343c0a18ad4bd9845e374 98c96a7a0f3343c0a18ad4bd9845e374] 199.204.45.72 "GET /v2.0/ports?tenant_id=2d81a8894a2042d58974e5bd56fd1c24&device_id=a1d5a9af-1cdc-402b-8091-03f96d166d88 HTTP/1.1" status: 200 len: 1413 time: 0.1253216
2026-07-21 22:10:50.513 10 INFO neutron.wsgi [req-4a48e5e3-2657-435c-82af-6643354d23d3 req-66ff0e35-5f3f-415e-bb54-a8787e468880 294eab28782a44b793f68080f8646925 a2a1e0c2788048ff8492de98ea2929da - - 98c96a7a0f3343c0a18ad4bd9845e374 98c96a7a0f3343c0a18ad4bd9845e374] 199.204.45.72 "GET /v2.0/networks?id=9e25ba63-9da0-41da-9b66-c8c4b7343a02 HTTP/1.1" status: 200 len: 978 time: 0.1628768
2026-07-21 22:10:50.624 10 INFO neutron.wsgi [req-4a48e5e3-2657-435c-82af-6643354d23d3 req-0742978d-4cef-4635-854d-8180dfd60d1b 294eab28782a44b793f68080f8646925 a2a1e0c2788048ff8492de98ea2929da - - 98c96a7a0f3343c0a18ad4bd9845e374 98c96a7a0f3343c0a18ad4bd9845e374] 199.204.45.72 "GET /v2.0/floatingips?fixed_ip_address=10.100.0.10&port_id=681f7802-930d-43a6-a673-624be2be5970 HTTP/1.1" status: 200 len: 1060 time: 0.1031249
2026-07-21 22:10:50.682 9 WARNING neutron.scheduler.dhcp_agent_scheduler [None req-a7389733-f7a0-45b2-af9e-e82d0cb318d3 02d96977e9d44b5295762966b8a933af fbcca595b06f4fd4929f431a3044efb4 - - default default] No more DHCP agents
2026-07-21 22:10:50.690 9 WARNING neutron.api.rpc.agentnotifiers.dhcp_rpc_agent_api [None req-a7389733-f7a0-45b2-af9e-e82d0cb318d3 02d96977e9d44b5295762966b8a933af fbcca595b06f4fd4929f431a3044efb4 - - default default] Unable to schedule network 4adc767c-d433-4b60-90dd-0b32e488d333: no agents available; will retry on subsequent port and subnet creation events.
