2026-07-21 22:14:48.143 9 INFO neutron.wsgi [None req-58261d18-1f53-435f-8945-359ec8356fe8 2bf17af37b334c3cbd807ba448a3b349 9bfdef34732c4d639fb5958a4fb197d4 - - default default] 10.0.0.24 "POST /v2.0/networks HTTP/1.1" status: 201 len: 831 time: 0.5894852
2026-07-21 22:14:48.235 10 INFO neutron.db.ovn_revision_numbers_db [None req-91226126-c3ec-4e40-8d4e-9ab6116abe6c 4c37e9f4c896406d872d78f3bed0c496 e63d6cf45fd5428990c817ab86d83169 - - default default] Successfully bumped revision number for resource 44f7c6a3-9dec-4a8f-a25e-6d4de65933c3 (type: ports) to 1
2026-07-21 22:14:48.249 9 INFO neutron.db.segments_db [None req-23b37dc6-fe2b-4da9-b1ed-9f42694edb10 2bf17af37b334c3cbd807ba448a3b349 9bfdef34732c4d639fb5958a4fb197d4 - - default default] Added segment 4830ed26-3fee-438c-ad4a-0fe6eef93f21 of type geneve for network b4a59c17-52bf-498e-aa2c-16e6034ed1db
2026-07-21 22:14:48.357 10 INFO neutron.db.ovn_revision_numbers_db [None req-18cc6619-e812-4b2c-9ca3-2bbcc2e8effb - - - - - -] Successfully bumped revision number for resource fd9115e3-9398-406a-a61f-1fa9f880746d (type: router_ports) to 3
2026-07-21 22:14:48.434 9 INFO neutron.db.ovn_revision_numbers_db [None req-23b37dc6-fe2b-4da9-b1ed-9f42694edb10 2bf17af37b334c3cbd807ba448a3b349 9bfdef34732c4d639fb5958a4fb197d4 - - default default] Successfully bumped revision number for resource b4a59c17-52bf-498e-aa2c-16e6034ed1db (type: networks) to 1
2026-07-21 22:14:48.628 9 WARNING neutron.scheduler.dhcp_agent_scheduler [None req-23b37dc6-fe2b-4da9-b1ed-9f42694edb10 2bf17af37b334c3cbd807ba448a3b349 9bfdef34732c4d639fb5958a4fb197d4 - - default default] No more DHCP agents
2026-07-21 22:14:48.632 9 WARNING neutron.api.rpc.agentnotifiers.dhcp_rpc_agent_api [None req-23b37dc6-fe2b-4da9-b1ed-9f42694edb10 2bf17af37b334c3cbd807ba448a3b349 9bfdef34732c4d639fb5958a4fb197d4 - - default default] Unable to schedule network b4a59c17-52bf-498e-aa2c-16e6034ed1db: no agents available; will retry on subsequent port and subnet creation events.
2026-07-21 22:14:48.731 9 INFO neutron.db.ovn_revision_numbers_db [None req-23b37dc6-fe2b-4da9-b1ed-9f42694edb10 2bf17af37b334c3cbd807ba448a3b349 9bfdef34732c4d639fb5958a4fb197d4 - - default default] Successfully bumped revision number for resource 1bceddf6-8db9-4d9b-b48a-59f351f424a4 (type: ports) to 1
2026-07-21 22:14:48.758 9 INFO neutron.wsgi [None req-23b37dc6-fe2b-4da9-b1ed-9f42694edb10 2bf17af37b334c3cbd807ba448a3b349 9bfdef34732c4d639fb5958a4fb197d4 - - default default] 10.0.0.24 "POST /v2.0/networks HTTP/1.1" status: 201 len: 830 time: 0.6084549
2026-07-21 22:14:48.855 9 INFO neutron.db.segments_db [None req-aff84ea9-f00e-4853-9611-363c5d459190 2bf17af37b334c3cbd807ba448a3b349 9bfdef34732c4d639fb5958a4fb197d4 - - default default] Added segment 5cb849ce-82ea-4c61-85cb-77d88b542ec1 of type geneve for network 35154fa4-7df9-4fbe-9f7b-496dbab86643
2026-07-21 22:14:49.035 10 INFO neutron.db.ovn_revision_numbers_db [None req-18cc6619-e812-4b2c-9ca3-2bbcc2e8effb - - - - - -] Successfully bumped revision number for resource fd9115e3-9398-406a-a61f-1fa9f880746d (type: ports) to 2
2026-07-21 22:14:49.052 9 INFO neutron.db.ovn_revision_numbers_db [None req-aff84ea9-f00e-4853-9611-363c5d459190 2bf17af37b334c3cbd807ba448a3b349 9bfdef34732c4d639fb5958a4fb197d4 - - default default] Successfully bumped revision number for resource 35154fa4-7df9-4fbe-9f7b-496dbab86643 (type: networks) to 1
2026-07-21 22:14:49.256 9 WARNING neutron.scheduler.dhcp_agent_scheduler [None req-aff84ea9-f00e-4853-9611-363c5d459190 2bf17af37b334c3cbd807ba448a3b349 9bfdef34732c4d639fb5958a4fb197d4 - - default default] No more DHCP agents
2026-07-21 22:14:49.257 9 WARNING neutron.api.rpc.agentnotifiers.dhcp_rpc_agent_api [None req-aff84ea9-f00e-4853-9611-363c5d459190 2bf17af37b334c3cbd807ba448a3b349 9bfdef34732c4d639fb5958a4fb197d4 - - default default] Unable to schedule network 35154fa4-7df9-4fbe-9f7b-496dbab86643: no agents available; will retry on subsequent port and subnet creation events.
2026-07-21 22:14:49.291 10 INFO neutron.db.ovn_revision_numbers_db [None req-91226126-c3ec-4e40-8d4e-9ab6116abe6c 4c37e9f4c896406d872d78f3bed0c496 e63d6cf45fd5428990c817ab86d83169 - - default default] Successfully bumped revision number for resource 44f7c6a3-9dec-4a8f-a25e-6d4de65933c3 (type: router_ports) to 1
2026-07-21 22:14:49.335 9 INFO neutron.wsgi [-] 10.0.0.237 "GET / HTTP/1.1" status: 200 len: 247 time: 0.0021105
2026-07-21 22:14:49.337 9 INFO neutron.wsgi [-] 10.0.0.237 "GET / HTTP/1.1" status: 200 len: 247 time: 0.0015185
2026-07-21 22:14:49.354 9 INFO neutron.db.ovn_revision_numbers_db [None req-aff84ea9-f00e-4853-9611-363c5d459190 2bf17af37b334c3cbd807ba448a3b349 9bfdef34732c4d639fb5958a4fb197d4 - - default default] Successfully bumped revision number for resource dc7ca4c5-3670-466d-8d29-7a720a10440b (type: ports) to 1
2026-07-21 22:14:49.383 9 INFO neutron.wsgi [None req-aff84ea9-f00e-4853-9611-363c5d459190 2bf17af37b334c3cbd807ba448a3b349 9bfdef34732c4d639fb5958a4fb197d4 - - default default] 10.0.0.24 "POST /v2.0/networks HTTP/1.1" status: 201 len: 830 time: 0.6201937
2026-07-21 22:14:49.401 10 INFO neutron.db.ovn_revision_numbers_db [None req-18cc6619-e812-4b2c-9ca3-2bbcc2e8effb - - - - - -] Successfully bumped revision number for resource fd9115e3-9398-406a-a61f-1fa9f880746d (type: ports) to 4
2026-07-21 22:14:49.443 9 INFO neutron.wsgi [None req-23f17323-c56b-493d-910a-3a0383a9b531 2bf17af37b334c3cbd807ba448a3b349 9bfdef34732c4d639fb5958a4fb197d4 - - default default] 10.0.0.24 "PUT /v2.0/networks/bc7a0389-f13a-4501-9af0-fd5fc9201dd9/tags HTTP/1.1" status: 200 len: 210 time: 0.0553114
2026-07-21 22:14:49.504 9 INFO neutron.wsgi [None req-fe4a671f-c13c-4c62-b01b-8bb03907a0e8 2bf17af37b334c3cbd807ba448a3b349 9bfdef34732c4d639fb5958a4fb197d4 - - default default] 10.0.0.24 "PUT /v2.0/networks/e74bde4b-75a9-408c-98d9-47ded10403a7/tags HTTP/1.1" status: 200 len: 218 time: 0.0544319
2026-07-21 22:14:49.534 10 INFO neutron.db.ovn_revision_numbers_db [None req-91226126-c3ec-4e40-8d4e-9ab6116abe6c 4c37e9f4c896406d872d78f3bed0c496 e63d6cf45fd5428990c817ab86d83169 - - default default] Successfully bumped revision number for resource 44f7c6a3-9dec-4a8f-a25e-6d4de65933c3 (type: ports) to 1
2026-07-21 22:14:49.574 9 INFO neutron.wsgi [None req-4c1033f3-3775-4afd-b8d8-06bdf9d68e15 2bf17af37b334c3cbd807ba448a3b349 9bfdef34732c4d639fb5958a4fb197d4 - - default default] 10.0.0.24 "PUT /v2.0/networks/181133e0-6484-4eaa-8d87-921e626a9dbb/tags HTTP/1.1" status: 200 len: 227 time: 0.0637369
2026-07-21 22:14:49.638 9 INFO neutron.wsgi [None req-62d5bae7-c184-4b9f-aa65-d679198e1546 2bf17af37b334c3cbd807ba448a3b349 9bfdef34732c4d639fb5958a4fb197d4 - - default default] 10.0.0.24 "PUT /v2.0/networks/b4a59c17-52bf-498e-aa2c-16e6034ed1db/tags HTTP/1.1" status: 200 len: 212 time: 0.0565672
2026-07-21 22:14:49.659 10 WARNING neutron.scheduler.dhcp_agent_scheduler [None req-91226126-c3ec-4e40-8d4e-9ab6116abe6c 4c37e9f4c896406d872d78f3bed0c496 e63d6cf45fd5428990c817ab86d83169 - - default default] No more DHCP agents
2026-07-21 22:14:49.664 10 WARNING neutron.api.rpc.agentnotifiers.dhcp_rpc_agent_api [None req-91226126-c3ec-4e40-8d4e-9ab6116abe6c 4c37e9f4c896406d872d78f3bed0c496 e63d6cf45fd5428990c817ab86d83169 - - default default] Unable to schedule network 1e85ce18-3cc0-4202-8823-35fc1fb631de: no agents available; will retry on subsequent port and subnet creation events.
2026-07-21 22:14:49.726 9 INFO neutron.wsgi [None req-96cc6481-3608-416a-b119-0605ec14dbe5 2bf17af37b334c3cbd807ba448a3b349 9bfdef34732c4d639fb5958a4fb197d4 - - default default] 10.0.0.24 "GET /v2.0/networks?tags=red HTTP/1.1" status: 200 len: 2069 time: 0.0819044
2026-07-21 22:14:49.822 10 INFO neutron.db.ovn_revision_numbers_db [None req-18cc6619-e812-4b2c-9ca3-2bbcc2e8effb - - - - - -] Successfully bumped revision number for resource fd9115e3-9398-406a-a61f-1fa9f880746d (type: router_ports) to 4
2026-07-21 22:14:49.842 9 INFO neutron.wsgi [None req-bb3b8d9e-eb65-4bde-8516-a46b98aa982e 2bf17af37b334c3cbd807ba448a3b349 9bfdef34732c4d639fb5958a4fb197d4 - - default default] 10.0.0.24 "GET /v2.0/networks?tags=red%2Cblue HTTP/1.1" status: 200 len: 1457 time: 0.1088400
2026-07-21 22:14:49.923 10 INFO neutron.plugins.ml2.drivers.ovn.mech_driver.mech_driver [None req-23b69857-0848-41f6-bdef-cf138be61e50 - - - - - -] OVN reports status up for port: 44f7c6a3-9dec-4a8f-a25e-6d4de65933c3
2026-07-21 22:14:49.936 10 INFO neutron.plugins.ml2.plugin [None req-23b69857-0848-41f6-bdef-cf138be61e50 - - - - - -] Attempt 1 to provision port 44f7c6a3-9dec-4a8f-a25e-6d4de65933c3
2026-07-21 22:14:49.940 9 INFO neutron.wsgi [None req-b81e9dfd-791b-4514-b490-f0b3ca05f367 2bf17af37b334c3cbd807ba448a3b349 9bfdef34732c4d639fb5958a4fb197d4 - - default default] 10.0.0.24 "GET /v2.0/networks?tags-any=blue HTTP/1.1" status: 200 len: 1457 time: 0.0912108
2026-07-21 22:14:50.030 9 INFO neutron.wsgi [None req-de2bd525-8cc4-4cb2-9546-715f7f8cc525 2bf17af37b334c3cbd807ba448a3b349 9bfdef34732c4d639fb5958a4fb197d4 - - default default] 10.0.0.24 "GET /v2.0/networks?tags-any=red%2Cblue HTTP/1.1" status: 200 len: 2069 time: 0.0830452
2026-07-21 22:14:50.182 9 INFO neutron.wsgi [None req-d505c0c3-9889-425b-a386-4403ffc40f68 2bf17af37b334c3cbd807ba448a3b349 9bfdef34732c4d639fb5958a4fb197d4 - - default default] 10.0.0.24 "GET /v2.0/networks?not-tags=red HTTP/1.1" status: 200 len: 2067 time: 0.1453204
2026-07-21 22:14:50.367 10 INFO neutron.db.ovn_revision_numbers_db [None req-91226126-c3ec-4e40-8d4e-9ab6116abe6c 4c37e9f4c896406d872d78f3bed0c496 e63d6cf45fd5428990c817ab86d83169 - - default default] Successfully bumped revision number for resource 44f7c6a3-9dec-4a8f-a25e-6d4de65933c3 (type: router_ports) to 1
2026-07-21 22:14:50.371 10 INFO neutron.wsgi [None req-91226126-c3ec-4e40-8d4e-9ab6116abe6c 4c37e9f4c896406d872d78f3bed0c496 e63d6cf45fd5428990c817ab86d83169 - - default default] 10.0.0.24 "PUT /v2.0/routers/74081f59-98d5-4de0-a964-d05e94a56123/add_router_interface HTTP/1.1" status: 200 len: 503 time: 3.0459440
2026-07-21 22:14:50.396 10 INFO neutron.db.ovn_revision_numbers_db [None req-23b69857-0848-41f6-bdef-cf138be61e50 - - - - - -] Successfully bumped revision number for resource 44f7c6a3-9dec-4a8f-a25e-6d4de65933c3 (type: ports) to 2
2026-07-21 22:14:50.540 10 INFO neutron.db.ovn_revision_numbers_db [None req-23b69857-0848-41f6-bdef-cf138be61e50 - - - - - -] Successfully bumped revision number for resource 44f7c6a3-9dec-4a8f-a25e-6d4de65933c3 (type: router_ports) to 2
2026-07-21 22:14:50.731 9 INFO neutron.wsgi [None req-24697e8c-0ae6-4a5b-bf4b-8ead18f162d7 2bf17af37b334c3cbd807ba448a3b349 9bfdef34732c4d639fb5958a4fb197d4 - - default default] 10.0.0.24 "GET /v2.0/networks?not-tags=red%2Cblue HTTP/1.1" status: 200 len: 2679 time: 0.5434515
2026-07-21 22:14:50.881 9 INFO neutron.wsgi [None req-9984282c-3179-4ef3-99b2-a2de90eecd09 2bf17af37b334c3cbd807ba448a3b349 9bfdef34732c4d639fb5958a4fb197d4 - - default default] 10.0.0.24 "GET /v2.0/networks?not-tags-any=blue HTTP/1.1" status: 200 len: 2679 time: 0.1433983
2026-07-21 22:14:51.026 10 INFO neutron.wsgi [None req-5417beea-487c-4440-9f5b-181da63181b3 2bf17af37b334c3cbd807ba448a3b349 9bfdef34732c4d639fb5958a4fb197d4 - - default default] 10.0.0.24 "GET /v2.0/networks?not-tags-any=red%2Cblue HTTP/1.1" status: 200 len: 2067 time: 0.1388350
2026-07-21 22:14:51.466 10 INFO neutron.services.segments.plugin [-] Segment 2963f17d-2b51-4c20-a6ce-78b7f3bc72cb resource provider aggregate not found
2026-07-21 22:14:51.863 10 INFO neutron.services.segments.plugin [-] Segment 2963f17d-2b51-4c20-a6ce-78b7f3bc72cb resource provider aggregate not found
2026-07-21 22:14:51.876 10 INFO neutron.services.segments.plugin [-] Segment 2963f17d-2b51-4c20-a6ce-78b7f3bc72cb resource provider not found; error: Placement Client Error (4xx): {"errors": [{"status": 404, "title": "Not Found", "detail": "The resource could not be found.\n\n No resource provider with uuid 2963f17d-2b51-4c20-a6ce-78b7f3bc72cb found for delete ", "request_id": "req-5296497e-0cb4-4d33-8200-3aa27a42f60f"}]}
2026-07-21 22:14:51.883 10 INFO neutron.services.segments.plugin [-] Segment 2963f17d-2b51-4c20-a6ce-78b7f3bc72cb resource provider not found; error: Placement Client Error (4xx): {"errors": [{"status": 404, "title": "Not Found", "detail": "The resource could not be found.\n\n No resource provider with uuid 2963f17d-2b51-4c20-a6ce-78b7f3bc72cb found for delete ", "request_id": "req-5345d46e-cd1d-4233-9652-ea12c2a7ee8e"}]}
2026-07-21 22:14:51.906 10 INFO neutron.wsgi [None req-3af37f2a-9715-4cfc-a5b2-e687069dabce 2bf17af37b334c3cbd807ba448a3b349 9bfdef34732c4d639fb5958a4fb197d4 - - default default] 10.0.0.24 "DELETE /v2.0/networks/bc7a0389-f13a-4501-9af0-fd5fc9201dd9 HTTP/1.1" status: 204 len: 168 time: 0.8725164
2026-07-21 22:14:51.987 9 INFO neutron.db.ovn_revision_numbers_db [None req-5757e173-b25e-4ef7-86ff-6513aaca7832 4c37e9f4c896406d872d78f3bed0c496 e63d6cf45fd5428990c817ab86d83169 - - default default] Successfully bumped revision number for resource 722a739d-e752-419a-a251-8185deab1094 (type: security_groups) to 1
2026-07-21 22:14:52.007 9 INFO neutron.db.ovn_revision_numbers_db [None req-5757e173-b25e-4ef7-86ff-6513aaca7832 4c37e9f4c896406d872d78f3bed0c496 e63d6cf45fd5428990c817ab86d83169 - - default default] Successfully bumped revision number for resource 2e78eb90-dc35-486b-bddc-b659bcc49dd2 (type: security_group_rules) to 0
2026-07-21 22:14:52.025 9 INFO neutron.db.ovn_revision_numbers_db [None req-5757e173-b25e-4ef7-86ff-6513aaca7832 4c37e9f4c896406d872d78f3bed0c496 e63d6cf45fd5428990c817ab86d83169 - - default default] Successfully bumped revision number for resource 56c5217d-72d2-4538-ae95-4f9af57c2985 (type: security_group_rules) to 0
2026-07-21 22:14:52.043 9 INFO neutron.db.ovn_revision_numbers_db [None req-5757e173-b25e-4ef7-86ff-6513aaca7832 4c37e9f4c896406d872d78f3bed0c496 e63d6cf45fd5428990c817ab86d83169 - - default default] Successfully bumped revision number for resource 76ea135e-61e3-4e3e-a841-cbce204fb074 (type: security_group_rules) to 0
2026-07-21 22:14:52.061 9 INFO neutron.db.ovn_revision_numbers_db [None req-5757e173-b25e-4ef7-86ff-6513aaca7832 4c37e9f4c896406d872d78f3bed0c496 e63d6cf45fd5428990c817ab86d83169 - - default default] Successfully bumped revision number for resource 8f94a01b-bc8f-4545-b253-2f54c43c7ec0 (type: security_group_rules) to 0
2026-07-21 22:14:52.131 9 INFO neutron.db.segments_db [None req-5757e173-b25e-4ef7-86ff-6513aaca7832 4c37e9f4c896406d872d78f3bed0c496 e63d6cf45fd5428990c817ab86d83169 - - default default] Added segment dc34540c-f117-4f02-aeb1-5ebebb1a6e7c of type geneve for network 8d056318-e4af-490b-8bbd-4e9dd43e2ce0
2026-07-21 22:14:52.351 9 INFO neutron.db.ovn_revision_numbers_db [None req-5757e173-b25e-4ef7-86ff-6513aaca7832 4c37e9f4c896406d872d78f3bed0c496 e63d6cf45fd5428990c817ab86d83169 - - default default] Successfully bumped revision number for resource 8d056318-e4af-490b-8bbd-4e9dd43e2ce0 (type: networks) to 1
2026-07-21 22:14:52.409 10 INFO neutron.wsgi [None req-872f9e17-65d9-485b-b7b5-51106b5681c8 2bf17af37b334c3cbd807ba448a3b349 9bfdef34732c4d639fb5958a4fb197d4 - - default default] 10.0.0.24 "DELETE /v2.0/networks/e74bde4b-75a9-408c-98d9-47ded10403a7 HTTP/1.1" status: 204 len: 168 time: 0.4950552
2026-07-21 22:14:52.636 9 WARNING neutron.scheduler.dhcp_agent_scheduler [None req-5757e173-b25e-4ef7-86ff-6513aaca7832 4c37e9f4c896406d872d78f3bed0c496 e63d6cf45fd5428990c817ab86d83169 - - default default] No more DHCP agents
2026-07-21 22:14:52.640 9 WARNING neutron.api.rpc.agentnotifiers.dhcp_rpc_agent_api [None req-5757e173-b25e-4ef7-86ff-6513aaca7832 4c37e9f4c896406d872d78f3bed0c496 e63d6cf45fd5428990c817ab86d83169 - - default default] Unable to schedule network 8d056318-e4af-490b-8bbd-4e9dd43e2ce0: no agents available; will retry on subsequent port and subnet creation events.
2026-07-21 22:14:52.773 9 INFO neutron.db.ovn_revision_numbers_db [None req-5757e173-b25e-4ef7-86ff-6513aaca7832 4c37e9f4c896406d872d78f3bed0c496 e63d6cf45fd5428990c817ab86d83169 - - default default] Successfully bumped revision number for resource 1c4d4b00-ea08-4114-a1f7-1d23c0114339 (type: ports) to 1
2026-07-21 22:14:52.803 9 INFO neutron.wsgi [None req-5757e173-b25e-4ef7-86ff-6513aaca7832 4c37e9f4c896406d872d78f3bed0c496 e63d6cf45fd5428990c817ab86d83169 - - default default] 10.0.0.24 "POST /v2.0/networks HTTP/1.1" status: 201 len: 942 time: 1.2001660
2026-07-21 22:14:52.937 9 INFO neutron.services.segments.plugin [-] Segment 84e1655c-64c5-4b55-b187-417df557857f resource provider aggregate not found
2026-07-21 22:14:52.943 9 INFO neutron.services.segments.plugin [-] Segment 84e1655c-64c5-4b55-b187-417df557857f resource provider aggregate not found
2026-07-21 22:14:52.958 9 INFO neutron.services.segments.plugin [-] Segment 84e1655c-64c5-4b55-b187-417df557857f resource provider not found; error: Placement Client Error (4xx): {"errors": [{"status": 404, "title": "Not Found", "detail": "The resource could not be found.\n\n No resource provider with uuid 84e1655c-64c5-4b55-b187-417df557857f found for delete ", "request_id": "req-068251a3-2d8c-45e5-bca0-b9319cf11188"}]}
2026-07-21 22:14:52.965 9 INFO neutron.services.segments.plugin [-] Segment 84e1655c-64c5-4b55-b187-417df557857f resource provider not found; error: Placement Client Error (4xx): {"errors": [{"status": 404, "title": "Not Found", "detail": "The resource could not be found.\n\n No resource provider with uuid 84e1655c-64c5-4b55-b187-417df557857f found for delete ", "request_id": "req-abafde82-69a3-4704-807f-0cf9e281a2ee"}]}
2026-07-21 22:14:52.989 9 INFO neutron.wsgi [None req-e63ded00-b3b0-4507-9440-a6174a60992f 2bf17af37b334c3cbd807ba448a3b349 9bfdef34732c4d639fb5958a4fb197d4 - - default default] 10.0.0.24 "DELETE /v2.0/networks/181133e0-6484-4eaa-8d87-921e626a9dbb HTTP/1.1" status: 204 len: 168 time: 0.5744874
2026-07-21 22:14:53.012 10 WARNING neutron.scheduler.dhcp_agent_scheduler [None req-59dada79-c2f8-4b47-bc20-06085a928f00 4c37e9f4c896406d872d78f3bed0c496 e63d6cf45fd5428990c817ab86d83169 - - default default] No more DHCP agents
2026-07-21 22:14:53.017 10 WARNING neutron.api.rpc.agentnotifiers.dhcp_rpc_agent_api [None req-59dada79-c2f8-4b47-bc20-06085a928f00 4c37e9f4c896406d872d78f3bed0c496 e63d6cf45fd5428990c817ab86d83169 - - default default] Unable to schedule network 8d056318-e4af-490b-8bbd-4e9dd43e2ce0: no agents available; will retry on subsequent port and subnet creation events.
2026-07-21 22:14:53.502 9 INFO neutron.wsgi [None req-86ceb3fd-ca88-4036-9eca-00d99e0d7918 2bf17af37b334c3cbd807ba448a3b349 9bfdef34732c4d639fb5958a4fb197d4 - - default default] 10.0.0.24 "DELETE /v2.0/networks/b4a59c17-52bf-498e-aa2c-16e6034ed1db HTTP/1.1" status: 204 len: 168 time: 0.5060523
2026-07-21 22:14:53.661 10 INFO neutron.db.ovn_revision_numbers_db [None req-59dada79-c2f8-4b47-bc20-06085a928f00 4c37e9f4c896406d872d78f3bed0c496 e63d6cf45fd5428990c817ab86d83169 - - default default] Successfully bumped revision number for resource 1c4d4b00-ea08-4114-a1f7-1d23c0114339 (type: ports) to 2
2026-07-21 22:14:53.746 10 INFO neutron.db.ovn_revision_numbers_db [None req-59dada79-c2f8-4b47-bc20-06085a928f00 4c37e9f4c896406d872d78f3bed0c496 e63d6cf45fd5428990c817ab86d83169 - - default default] Successfully bumped revision number for resource 9143e980-c495-492b-ae05-6978d232b1e9 (type: subnets) to 0
2026-07-21 22:14:53.777 10 INFO neutron.wsgi [None req-59dada79-c2f8-4b47-bc20-06085a928f00 4c37e9f4c896406d872d78f3bed0c496 e63d6cf45fd5428990c817ab86d83169 - - default default] 10.0.0.24 "POST /v2.0/subnets HTTP/1.1" status: 201 len: 862 time: 0.9669676
2026-07-21 22:14:53.905 10 INFO neutron.services.segments.plugin [-] Segment e7cf99b3-aa17-4126-b88b-278f1e4faf9b resource provider aggregate not found
2026-07-21 22:14:53.917 10 INFO neutron.services.segments.plugin [-] Segment e7cf99b3-aa17-4126-b88b-278f1e4faf9b resource provider aggregate not found
2026-07-21 22:14:53.938 10 INFO neutron.services.segments.plugin [-] Segment e7cf99b3-aa17-4126-b88b-278f1e4faf9b resource provider not found; error: Placement Client Error (4xx): {"errors": [{"status": 404, "title": "Not Found", "detail": "The resource could not be found.\n\n No resource provider with uuid e7cf99b3-aa17-4126-b88b-278f1e4faf9b found for delete ", "request_id": "req-1aa03787-b027-4c86-bb3e-aaf7d236f30b"}]}
2026-07-21 22:14:53.954 10 INFO neutron.services.segments.plugin [-] Segment e7cf99b3-aa17-4126-b88b-278f1e4faf9b resource provider not found; error: Placement Client Error (4xx): {"errors": [{"status": 404, "title": "Not Found", "detail": "The resource could not be found.\n\n No resource provider with uuid e7cf99b3-aa17-4126-b88b-278f1e4faf9b found for delete ", "request_id": "req-934e03b3-d493-4888-830c-bc7c2df9c847"}]}
2026-07-21 22:14:54.058 10 INFO neutron.wsgi [None req-9c7e0133-1471-4fbf-99c8-3f27c35aa784 2bf17af37b334c3cbd807ba448a3b349 9bfdef34732c4d639fb5958a4fb197d4 - - default default] 10.0.0.24 "DELETE /v2.0/networks/35154fa4-7df9-4fbe-9f7b-496dbab86643 HTTP/1.1" status: 204 len: 168 time: 0.5495849
2026-07-21 22:14:54.431 9 WARNING neutron.scheduler.dhcp_agent_scheduler [None req-61dec0fd-8fa6-4c43-ab88-53a89252eedc 4c37e9f4c896406d872d78f3bed0c496 e63d6cf45fd5428990c817ab86d83169 - - default default] No more DHCP agents
2026-07-21 22:14:54.434 9 WARNING neutron.api.rpc.agentnotifiers.dhcp_rpc_agent_api [None req-61dec0fd-8fa6-4c43-ab88-53a89252eedc 4c37e9f4c896406d872d78f3bed0c496 e63d6cf45fd5428990c817ab86d83169 - - default default] Unable to schedule network 4adc767c-d433-4b60-90dd-0b32e488d333: no agents available; will retry on subsequent port and subnet creation events.
2026-07-21 22:14:54.648 9 INFO neutron.db.ovn_revision_numbers_db [None req-61dec0fd-8fa6-4c43-ab88-53a89252eedc 4c37e9f4c896406d872d78f3bed0c496 e63d6cf45fd5428990c817ab86d83169 - - default default] Successfully bumped revision number for resource 15f7eb85-6e37-46d5-8c98-b4851d4fe087 (type: ports) to 1
2026-07-21 22:14:54.997 9 INFO neutron.services.segments.plugin [-] Segment 4830ed26-3fee-438c-ad4a-0fe6eef93f21 resource provider aggregate not found
2026-07-21 22:14:55.004 9 INFO neutron.services.segments.plugin [-] Segment 4830ed26-3fee-438c-ad4a-0fe6eef93f21 resource provider aggregate not found
2026-07-21 22:14:55.037 9 INFO neutron.services.segments.plugin [-] Segment 4830ed26-3fee-438c-ad4a-0fe6eef93f21 resource provider not found; error: Placement Client Error (4xx): {"errors": [{"status": 404, "title": "Not Found", "detail": "The resource could not be found.\n\n No resource provider with uuid 4830ed26-3fee-438c-ad4a-0fe6eef93f21 found for delete ", "request_id": "req-6974d2bf-589e-4633-b7e1-4b1a39dd5833"}]}
2026-07-21 22:14:55.038 9 INFO neutron.services.segments.plugin [-] Segment 4830ed26-3fee-438c-ad4a-0fe6eef93f21 resource provider not found; error: Placement Client Error (4xx): {"errors": [{"status": 404, "title": "Not Found", "detail": "The resource could not be found.\n\n No resource provider with uuid 4830ed26-3fee-438c-ad4a-0fe6eef93f21 found for delete ", "request_id": "req-bc5d6b27-f03e-4712-a3f7-70a7d5df1dc7"}]}
2026-07-21 22:14:55.520 9 INFO neutron.plugins.ml2.drivers.ovn.mech_driver.mech_driver [None req-8835f594-bc35-4410-94ff-92550b4c7f68 - - - - - -] OVN reports status up for port: 15f7eb85-6e37-46d5-8c98-b4851d4fe087
2026-07-21 22:14:55.530 9 INFO neutron.db.ovn_revision_numbers_db [None req-8317571b-273b-4ea4-9ace-8bbcd1350910 4c37e9f4c896406d872d78f3bed0c496 e63d6cf45fd5428990c817ab86d83169 - - default default] Successfully bumped revision number for resource cf9b2050-7e1c-4079-9f47-9dcf98a01c9a (type: security_groups) to 1
2026-07-21 22:14:55.564 9 INFO neutron.plugins.ml2.drivers.ovn.mech_driver.ovsdb.ovsdb_monitor [None req-b5125cf2-8ed1-46e2-884a-707acc62e4e1 - - - - - -] Router 633cf57f-a9f2-4fa9-9e2d-a18fe3ccdc4e is bound to host instance
2026-07-21 22:14:55.586 9 INFO neutron.plugins.ml2.plugin [None req-8835f594-bc35-4410-94ff-92550b4c7f68 - - - - - -] Attempt 1 to provision port 15f7eb85-6e37-46d5-8c98-b4851d4fe087
2026-07-21 22:14:55.624 10 WARNING neutron.plugins.ml2.drivers.ovn.mech_driver.ovsdb.ovn_client [None req-23b69857-0848-41f6-bdef-cf138be61e50 - - - - - -] No hosting information found for port 44f7c6a3-9dec-4a8f-a25e-6d4de65933c3: RuntimeError: No hosting information found for port 44f7c6a3-9dec-4a8f-a25e-6d4de65933c3
2026-07-21 22:14:55.646 9 INFO neutron.db.ovn_revision_numbers_db [None req-8317571b-273b-4ea4-9ace-8bbcd1350910 4c37e9f4c896406d872d78f3bed0c496 e63d6cf45fd5428990c817ab86d83169 - - default default] Successfully bumped revision number for resource 1e67078d-9983-4ab1-985a-89b047187301 (type: security_group_rules) to 0
2026-07-21 22:14:55.653 9 INFO neutron.db.ovn_revision_numbers_db [None req-61dec0fd-8fa6-4c43-ab88-53a89252eedc 4c37e9f4c896406d872d78f3bed0c496 e63d6cf45fd5428990c817ab86d83169 - - default default] Successfully bumped revision number for resource 15f7eb85-6e37-46d5-8c98-b4851d4fe087 (type: router_ports) to 1
2026-07-21 22:14:55.963 10 INFO neutron.services.segments.plugin [-] Segment 5cb849ce-82ea-4c61-85cb-77d88b542ec1 resource provider aggregate not found
2026-07-21 22:14:55.973 10 INFO neutron.services.segments.plugin [-] Segment 5cb849ce-82ea-4c61-85cb-77d88b542ec1 resource provider aggregate not found
2026-07-21 22:14:55.980 10 INFO neutron.services.segments.plugin [-] Segment 5cb849ce-82ea-4c61-85cb-77d88b542ec1 resource provider not found; error: Placement Client Error (4xx): {"errors": [{"status": 404, "title": "Not Found", "detail": "The resource could not be found.\n\n No resource provider with uuid 5cb849ce-82ea-4c61-85cb-77d88b542ec1 found for delete ", "request_id": "req-793d44c7-c4ff-4a29-8379-8ec913e09323"}]}
2026-07-21 22:14:55.990 10 INFO neutron.services.segments.plugin [-] Segment 5cb849ce-82ea-4c61-85cb-77d88b542ec1 resource provider not found; error: Placement Client Error (4xx): {"errors": [{"status": 404, "title": "Not Found", "detail": "The resource could not be found.\n\n No resource provider with uuid 5cb849ce-82ea-4c61-85cb-77d88b542ec1 found for delete ", "request_id": "req-8f5735f8-c780-4266-98bc-2cf8deec525e"}]}
2026-07-21 22:14:56.160 9 INFO neutron.db.ovn_revision_numbers_db [None req-8317571b-273b-4ea4-9ace-8bbcd1350910 4c37e9f4c896406d872d78f3bed0c496 e63d6cf45fd5428990c817ab86d83169 - - default default] Successfully bumped revision number for resource 342412b4-c800-4e7a-83fb-937122124151 (type: security_group_rules) to 0
2026-07-21 22:14:56.203 9 INFO neutron.db.ovn_revision_numbers_db [None req-8317571b-273b-4ea4-9ace-8bbcd1350910 4c37e9f4c896406d872d78f3bed0c496 e63d6cf45fd5428990c817ab86d83169 - - default default] Successfully bumped revision number for resource 896d9867-744f-4a0a-b7b1-77bb0446d1c5 (type: security_group_rules) to 0
2026-07-21 22:14:56.288 9 INFO neutron.db.ovn_revision_numbers_db [None req-8317571b-273b-4ea4-9ace-8bbcd1350910 4c37e9f4c896406d872d78f3bed0c496 e63d6cf45fd5428990c817ab86d83169 - - default default] Successfully bumped revision number for resource f0c28238-1790-4d1a-b7fc-2213af699c69 (type: security_group_rules) to 0
2026-07-21 22:14:56.297 9 INFO neutron.db.ovn_revision_numbers_db [None req-61dec0fd-8fa6-4c43-ab88-53a89252eedc 4c37e9f4c896406d872d78f3bed0c496 e63d6cf45fd5428990c817ab86d83169 - - default default] Successfully bumped revision number for resource 633cf57f-a9f2-4fa9-9e2d-a18fe3ccdc4e (type: routers) to 2
2026-07-21 22:14:56.330 9 INFO neutron.wsgi [None req-61dec0fd-8fa6-4c43-ab88-53a89252eedc 4c37e9f4c896406d872d78f3bed0c496 e63d6cf45fd5428990c817ab86d83169 - - default default] 10.0.0.24 "POST /v2.0/routers HTTP/1.1" status: 201 len: 873 time: 2.5454841
2026-07-21 22:14:56.344 9 INFO neutron.wsgi [None req-8317571b-273b-4ea4-9ace-8bbcd1350910 4c37e9f4c896406d872d78f3bed0c496 e63d6cf45fd5428990c817ab86d83169 - - default default] 10.0.0.24 "GET /v2.0/security-groups?tenant_id=cf9657c7657f46808f77ee0aed4ba1da&name=default HTTP/1.1" status: 200 len: 2996 time: 1.3020289
2026-07-21 22:14:56.776 10 INFO neutron.wsgi [None req-b39e7bf2-4da1-4660-abf3-e3e4823a27a7 4c37e9f4c896406d872d78f3bed0c496 e63d6cf45fd5428990c817ab86d83169 - - default default] 10.0.0.24 "DELETE /v2.0/security-groups/cf9b2050-7e1c-4079-9f47-9dcf98a01c9a HTTP/1.1" status: 204 len: 168 time: 0.4280133
2026-07-21 22:14:56.864 9 INFO neutron.db.ovn_revision_numbers_db [None req-b5125cf2-8ed1-46e2-884a-707acc62e4e1 - - - - - -] Successfully bumped revision number for resource 15f7eb85-6e37-46d5-8c98-b4851d4fe087 (type: ports) to 1
2026-07-21 22:14:56.994 10 INFO neutron.wsgi [None req-6346c971-7880-4efd-8edf-f7ff529d7894 4c37e9f4c896406d872d78f3bed0c496 e63d6cf45fd5428990c817ab86d83169 - - default default] 10.0.0.24 "GET /v2.0/security-groups?tenant_id=9bfdef34732c4d639fb5958a4fb197d4&name=default HTTP/1.1" status: 200 len: 2996 time: 0.0896459
2026-07-21 22:14:57.072 10 WARNING neutron.scheduler.dhcp_agent_scheduler [None req-2017282b-04d5-48f1-8ff5-7f1ef3115fbf 4c37e9f4c896406d872d78f3bed0c496 e63d6cf45fd5428990c817ab86d83169 - - default default] No more DHCP agents
2026-07-21 22:14:57.075 10 WARNING neutron.api.rpc.agentnotifiers.dhcp_rpc_agent_api [None req-2017282b-04d5-48f1-8ff5-7f1ef3115fbf 4c37e9f4c896406d872d78f3bed0c496 e63d6cf45fd5428990c817ab86d83169 - - default default] Unable to schedule network 8d056318-e4af-490b-8bbd-4e9dd43e2ce0: no agents available; will retry on subsequent port and subnet creation events.
2026-07-21 22:14:57.220 9 INFO neutron.db.ovn_revision_numbers_db [None req-b5125cf2-8ed1-46e2-884a-707acc62e4e1 - - - - - -] Successfully bumped revision number for resource 15f7eb85-6e37-46d5-8c98-b4851d4fe087 (type: router_ports) to 3
2026-07-21 22:14:57.335 10 INFO neutron.db.ovn_revision_numbers_db [None req-2017282b-04d5-48f1-8ff5-7f1ef3115fbf 4c37e9f4c896406d872d78f3bed0c496 e63d6cf45fd5428990c817ab86d83169 - - default default] Successfully bumped revision number for resource 5dabac84-a740-45a6-bd0f-3f7518011598 (type: ports) to 1
2026-07-21 22:14:57.373 10 INFO neutron.wsgi [None req-f78c5b4e-cf36-422c-a39c-7bb3311574b7 4c37e9f4c896406d872d78f3bed0c496 e63d6cf45fd5428990c817ab86d83169 - - default default] 10.0.0.24 "DELETE /v2.0/security-groups/74ec2a86-d565-4a99-8062-0f80d87d7e61 HTTP/1.1" status: 204 len: 168 time: 0.3747349
2026-07-21 22:14:57.502 9 INFO neutron.db.ovn_revision_numbers_db [None req-b5125cf2-8ed1-46e2-884a-707acc62e4e1 - - - - - -] Successfully bumped revision number for resource 15f7eb85-6e37-46d5-8c98-b4851d4fe087 (type: ports) to 2
2026-07-21 22:14:57.780 10 INFO neutron.db.ovn_revision_numbers_db [None req-114c704d-a1ee-4f27-970a-3aa6e40c0038 4c37e9f4c896406d872d78f3bed0c496 e63d6cf45fd5428990c817ab86d83169 - - default default] Successfully bumped revision number for resource 52be2bc1-0a8d-4ec8-b7f1-3343d279cb04 (type: security_groups) to 1
2026-07-21 22:14:57.813 9 INFO neutron.db.ovn_revision_numbers_db [None req-b5125cf2-8ed1-46e2-884a-707acc62e4e1 - - - - - -] Successfully bumped revision number for resource 15f7eb85-6e37-46d5-8c98-b4851d4fe087 (type: ports) to 4
2026-07-21 22:14:57.825 10 INFO neutron.db.ovn_revision_numbers_db [None req-114c704d-a1ee-4f27-970a-3aa6e40c0038 4c37e9f4c896406d872d78f3bed0c496 e63d6cf45fd5428990c817ab86d83169 - - default default] Successfully bumped revision number for resource 2fcaa2a4-b787-4093-b88c-3487cc66a85b (type: security_group_rules) to 0
2026-07-21 22:14:57.868 10 INFO neutron.db.ovn_revision_numbers_db [None req-114c704d-a1ee-4f27-970a-3aa6e40c0038 4c37e9f4c896406d872d78f3bed0c496 e63d6cf45fd5428990c817ab86d83169 - - default default] Successfully bumped revision number for resource 3d97ee96-d6d7-4a3d-b2f1-1c33d47da474 (type: security_group_rules) to 0
2026-07-21 22:14:57.906 10 INFO neutron.db.ovn_revision_numbers_db [None req-114c704d-a1ee-4f27-970a-3aa6e40c0038 4c37e9f4c896406d872d78f3bed0c496 e63d6cf45fd5428990c817ab86d83169 - - default default] Successfully bumped revision number for resource a97aa446-4eb1-4f02-9df5-d8af48cdc18e (type: security_group_rules) to 0
2026-07-21 22:14:57.932 10 INFO neutron.db.ovn_revision_numbers_db [None req-114c704d-a1ee-4f27-970a-3aa6e40c0038 4c37e9f4c896406d872d78f3bed0c496 e63d6cf45fd5428990c817ab86d83169 - - default default] Successfully bumped revision number for resource f6703017-1f37-49fb-bba3-61fa7c8d0d44 (type: security_group_rules) to 0
2026-07-21 22:14:57.980 10 INFO neutron.wsgi [None req-114c704d-a1ee-4f27-970a-3aa6e40c0038 4c37e9f4c896406d872d78f3bed0c496 e63d6cf45fd5428990c817ab86d83169 - - default default] 10.0.0.24 "GET /v2.0/security-groups?tenant_id=303d1565e2824c0698e1ef2248371684&name=default HTTP/1.1" status: 200 len: 2996 time: 0.4049532
2026-07-21 22:14:57.989 10 INFO neutron.db.ovn_revision_numbers_db [None req-2017282b-04d5-48f1-8ff5-7f1ef3115fbf 4c37e9f4c896406d872d78f3bed0c496 e63d6cf45fd5428990c817ab86d83169 - - default default] Successfully bumped revision number for resource 5dabac84-a740-45a6-bd0f-3f7518011598 (type: router_ports) to 1
2026-07-21 22:14:58.142 9 INFO neutron.db.ovn_revision_numbers_db [None req-b5125cf2-8ed1-46e2-884a-707acc62e4e1 - - - - - -] Successfully bumped revision number for resource 15f7eb85-6e37-46d5-8c98-b4851d4fe087 (type: router_ports) to 4
2026-07-21 22:14:58.177 10 INFO neutron.db.ovn_revision_numbers_db [None req-2017282b-04d5-48f1-8ff5-7f1ef3115fbf 4c37e9f4c896406d872d78f3bed0c496 e63d6cf45fd5428990c817ab86d83169 - - default default] Successfully bumped revision number for resource 5dabac84-a740-45a6-bd0f-3f7518011598 (type: ports) to 1
2026-07-21 22:14:58.258 10 WARNING neutron.scheduler.dhcp_agent_scheduler [None req-2017282b-04d5-48f1-8ff5-7f1ef3115fbf 4c37e9f4c896406d872d78f3bed0c496 e63d6cf45fd5428990c817ab86d83169 - - default default] No more DHCP agents
2026-07-21 22:14:58.260 10 WARNING neutron.api.rpc.agentnotifiers.dhcp_rpc_agent_api [None req-2017282b-04d5-48f1-8ff5-7f1ef3115fbf 4c37e9f4c896406d872d78f3bed0c496 e63d6cf45fd5428990c817ab86d83169 - - default default] Unable to schedule network 8d056318-e4af-490b-8bbd-4e9dd43e2ce0: no agents available; will retry on subsequent port and subnet creation events.
2026-07-21 22:14:58.306 9 INFO neutron.wsgi [None req-38d46f00-aaf8-446f-a462-3aebbd3bf5c1 4c37e9f4c896406d872d78f3bed0c496 e63d6cf45fd5428990c817ab86d83169 - - default default] 10.0.0.24 "DELETE /v2.0/security-groups/52be2bc1-0a8d-4ec8-b7f1-3343d279cb04 HTTP/1.1" status: 204 len: 168 time: 0.3197126
2026-07-21 22:14:58.994 10 INFO neutron.db.ovn_revision_numbers_db [None req-2017282b-04d5-48f1-8ff5-7f1ef3115fbf 4c37e9f4c896406d872d78f3bed0c496 e63d6cf45fd5428990c817ab86d83169 - - default default] Successfully bumped revision number for resource 5dabac84-a740-45a6-bd0f-3f7518011598 (type: router_ports) to 1
2026-07-21 22:14:58.998 10 INFO neutron.wsgi [None req-2017282b-04d5-48f1-8ff5-7f1ef3115fbf 4c37e9f4c896406d872d78f3bed0c496 e63d6cf45fd5428990c817ab86d83169 - - default default] 10.0.0.24 "PUT /v2.0/routers/633cf57f-a9f2-4fa9-9e2d-a18fe3ccdc4e/add_router_interface HTTP/1.1" status: 200 len: 503 time: 2.6616518
2026-07-21 22:14:59.243 9 INFO neutron.plugins.ml2.drivers.ovn.mech_driver.mech_driver [None req-8835f594-bc35-4410-94ff-92550b4c7f68 - - - - - -] OVN reports status up for port: 5dabac84-a740-45a6-bd0f-3f7518011598
2026-07-21 22:14:59.257 9 INFO neutron.plugins.ml2.plugin [None req-8835f594-bc35-4410-94ff-92550b4c7f68 - - - - - -] Attempt 1 to provision port 5dabac84-a740-45a6-bd0f-3f7518011598
2026-07-21 22:14:59.591 9 INFO neutron.db.ovn_revision_numbers_db [None req-8835f594-bc35-4410-94ff-92550b4c7f68 - - - - - -] Successfully bumped revision number for resource 5dabac84-a740-45a6-bd0f-3f7518011598 (type: ports) to 2
2026-07-21 22:14:59.744 9 INFO neutron.db.ovn_revision_numbers_db [None req-8835f594-bc35-4410-94ff-92550b4c7f68 - - - - - -] Successfully bumped revision number for resource 5dabac84-a740-45a6-bd0f-3f7518011598 (type: router_ports) to 2
2026-07-21 22:14:59.939 10 INFO neutron.db.ovn_revision_numbers_db [None req-1463d3f1-e527-4615-a247-fd08a764af3c de6aed0f9fb9450da243721aa075abbf 63ce0e0e51be44b2885f3d65e4e03452 - - default default] Successfully bumped revision number for resource 2c40d30e-f384-4d76-8acb-f40bab14a717 (type: security_groups) to 1
2026-07-21 22:14:59.959 10 INFO neutron.db.ovn_revision_numbers_db [None req-1463d3f1-e527-4615-a247-fd08a764af3c de6aed0f9fb9450da243721aa075abbf 63ce0e0e51be44b2885f3d65e4e03452 - - default default] Successfully bumped revision number for resource 0b23a1d1-4809-4987-bc3b-740da17388d5 (type: security_group_rules) to 0
2026-07-21 22:14:59.976 10 INFO neutron.db.ovn_revision_numbers_db [None req-1463d3f1-e527-4615-a247-fd08a764af3c de6aed0f9fb9450da243721aa075abbf 63ce0e0e51be44b2885f3d65e4e03452 - - default default] Successfully bumped revision number for resource 62bfd995-6fee-4083-a56d-0d6b2aa27906 (type: security_group_rules) to 0
2026-07-21 22:15:00.007 10 INFO neutron.wsgi [None req-1463d3f1-e527-4615-a247-fd08a764af3c de6aed0f9fb9450da243721aa075abbf 63ce0e0e51be44b2885f3d65e4e03452 - - default default] 10.0.0.24 "POST /v2.0/security-groups HTTP/1.1" status: 201 len: 1809 time: 0.1877162
2026-07-21 22:15:00.214 10 INFO neutron.db.ovn_revision_numbers_db [None req-7d61cd01-bf74-4712-b924-bccab2a6b69a de6aed0f9fb9450da243721aa075abbf 63ce0e0e51be44b2885f3d65e4e03452 - - default default] Successfully bumped revision number for resource d8535f8b-5f47-45d2-b9a4-aecafdbbdc55 (type: security_group_rules) to 0
2026-07-21 22:15:00.249 10 INFO neutron.wsgi [None req-7d61cd01-bf74-4712-b924-bccab2a6b69a de6aed0f9fb9450da243721aa075abbf 63ce0e0e51be44b2885f3d65e4e03452 - - default default] 10.0.0.24 "POST /v2.0/security-group-rules HTTP/1.1" status: 201 len: 764 time: 0.2310038
2026-07-21 22:15:00.435 10 INFO neutron.db.ovn_revision_numbers_db [None req-05a2bd12-a3d8-45b5-9a40-1c3704b8e5e0 de6aed0f9fb9450da243721aa075abbf 63ce0e0e51be44b2885f3d65e4e03452 - - default default] Successfully bumped revision number for resource 54c201c6-55a3-47d5-896e-25623f831f3c (type: security_group_rules) to 0
2026-07-21 22:15:00.465 10 INFO neutron.wsgi [None req-05a2bd12-a3d8-45b5-9a40-1c3704b8e5e0 de6aed0f9fb9450da243721aa075abbf 63ce0e0e51be44b2885f3d65e4e03452 - - default default] 10.0.0.24 "POST /v2.0/security-group-rules HTTP/1.1" status: 201 len: 763 time: 0.2080958
2026-07-21 22:15:00.652 10 INFO neutron.db.ovn_revision_numbers_db [None req-55279bbb-e8d5-451d-80da-b0c9bf2dc777 de6aed0f9fb9450da243721aa075abbf 63ce0e0e51be44b2885f3d65e4e03452 - - default default] Successfully bumped revision number for resource 5d842556-b2fc-4fca-9bed-95296d0055fa (type: security_group_rules) to 0
2026-07-21 22:15:00.690 10 INFO neutron.wsgi [None req-55279bbb-e8d5-451d-80da-b0c9bf2dc777 de6aed0f9fb9450da243721aa075abbf 63ce0e0e51be44b2885f3d65e4e03452 - - default default] 10.0.0.24 "POST /v2.0/security-group-rules HTTP/1.1" status: 201 len: 769 time: 0.2184284
2026-07-21 22:15:00.882 9 INFO neutron.db.ovn_revision_numbers_db [None req-a158f546-a427-48e0-b2e8-45d821d9f205 de6aed0f9fb9450da243721aa075abbf 63ce0e0e51be44b2885f3d65e4e03452 - - default default] Successfully bumped revision number for resource d61490f6-4dfc-4922-bb97-7c27f4b55a01 (type: security_group_rules) to 0
2026-07-21 22:15:00.914 9 INFO neutron.wsgi [None req-a158f546-a427-48e0-b2e8-45d821d9f205 de6aed0f9fb9450da243721aa075abbf 63ce0e0e51be44b2885f3d65e4e03452 - - default default] 10.0.0.24 "POST /v2.0/security-group-rules HTTP/1.1" status: 201 len: 768 time: 0.2116497
2026-07-21 22:15:00.960 9 INFO neutron.db.securitygroups_db [None req-7b87a34f-e55e-4c82-86cb-821129a2e9a3 de6aed0f9fb9450da243721aa075abbf 63ce0e0e51be44b2885f3d65e4e03452 - - default default] Project 63ce0e0e51be44b2885f3d65e4e03452 added a security group rule with legacy IPv6 ICMP protocol name icmp, ipv6-icmp should be used instead. It was automatically converted.
2026-07-21 22:15:01.125 9 INFO neutron.db.ovn_revision_numbers_db [None req-7b87a34f-e55e-4c82-86cb-821129a2e9a3 de6aed0f9fb9450da243721aa075abbf 63ce0e0e51be44b2885f3d65e4e03452 - - default default] Successfully bumped revision number for resource 4a4fd2f9-85d2-4e62-bfaf-e6158b50cb78 (type: security_group_rules) to 0
2026-07-21 22:15:01.155 9 INFO neutron.wsgi [None req-7b87a34f-e55e-4c82-86cb-821129a2e9a3 de6aed0f9fb9450da243721aa075abbf 63ce0e0e51be44b2885f3d65e4e03452 - - default default] 10.0.0.24 "POST /v2.0/security-group-rules HTTP/1.1" status: 201 len: 774 time: 0.2306652
2026-07-21 22:15:01.189 10 INFO neutron.db.securitygroups_db [None req-09f1fa8d-dd73-43be-8dff-3ab2ef39f37f de6aed0f9fb9450da243721aa075abbf 63ce0e0e51be44b2885f3d65e4e03452 - - default default] Project 63ce0e0e51be44b2885f3d65e4e03452 added a security group rule with legacy IPv6 ICMP protocol name icmp, ipv6-icmp should be used instead. It was automatically converted.
2026-07-21 22:15:01.368 10 INFO neutron.db.ovn_revision_numbers_db [None req-09f1fa8d-dd73-43be-8dff-3ab2ef39f37f de6aed0f9fb9450da243721aa075abbf 63ce0e0e51be44b2885f3d65e4e03452 - - default default] Successfully bumped revision number for resource 712438b5-efed-4220-acb3-fd61564e8d18 (type: security_group_rules) to 0
2026-07-21 22:15:01.411 10 INFO neutron.wsgi [None req-09f1fa8d-dd73-43be-8dff-3ab2ef39f37f de6aed0f9fb9450da243721aa075abbf 63ce0e0e51be44b2885f3d65e4e03452 - - default default] 10.0.0.24 "POST /v2.0/security-group-rules HTTP/1.1" status: 201 len: 773 time: 0.2497408
2026-07-21 22:15:02.088 9 INFO neutron.db.ovn_revision_numbers_db [None req-0b641ecb-eefe-4f76-a762-656bddc25b11 de6aed0f9fb9450da243721aa075abbf 63ce0e0e51be44b2885f3d65e4e03452 - - default default] Successfully bumped revision number for resource 6b04150f-2589-4882-9cdf-5ef4eb780261 (type: security_groups) to 1
2026-07-21 22:15:02.113 9 INFO neutron.db.ovn_revision_numbers_db [None req-0b641ecb-eefe-4f76-a762-656bddc25b11 de6aed0f9fb9450da243721aa075abbf 63ce0e0e51be44b2885f3d65e4e03452 - - default default] Successfully bumped revision number for resource 6fd42d37-b618-4b71-9836-030e7ef11922 (type: security_group_rules) to 0
2026-07-21 22:15:02.133 9 INFO neutron.db.ovn_revision_numbers_db [None req-0b641ecb-eefe-4f76-a762-656bddc25b11 de6aed0f9fb9450da243721aa075abbf 63ce0e0e51be44b2885f3d65e4e03452 - - default default] Successfully bumped revision number for resource 741f8a61-2aa5-47c4-ad2f-306234fb307d (type: security_group_rules) to 0
2026-07-21 22:15:02.159 9 INFO neutron.wsgi [None req-0b641ecb-eefe-4f76-a762-656bddc25b11 de6aed0f9fb9450da243721aa075abbf 63ce0e0e51be44b2885f3d65e4e03452 - - default default] 10.0.0.24 "POST /v2.0/security-groups HTTP/1.1" status: 201 len: 1796 time: 0.2556388
2026-07-21 22:15:02.368 9 INFO neutron.db.ovn_revision_numbers_db [None req-1516c52a-a729-4087-9897-4e06cdd33ca1 de6aed0f9fb9450da243721aa075abbf 63ce0e0e51be44b2885f3d65e4e03452 - - default default] Successfully bumped revision number for resource 3de09e0b-18af-4a90-958c-0bfe07667878 (type: security_group_rules) to 0
2026-07-21 22:15:02.420 9 INFO neutron.wsgi [None req-1516c52a-a729-4087-9897-4e06cdd33ca1 de6aed0f9fb9450da243721aa075abbf 63ce0e0e51be44b2885f3d65e4e03452 - - default default] 10.0.0.24 "POST /v2.0/security-group-rules HTTP/1.1" status: 201 len: 764 time: 0.2531557
2026-07-21 22:15:02.597 10 INFO neutron.db.ovn_revision_numbers_db [None req-733ed115-0456-41c0-9c6f-87aaa02f76a1 de6aed0f9fb9450da243721aa075abbf 63ce0e0e51be44b2885f3d65e4e03452 - - default default] Successfully bumped revision number for resource aa81b039-e931-44de-818f-13508788f607 (type: security_group_rules) to 0
2026-07-21 22:15:02.640 10 INFO neutron.wsgi [None req-733ed115-0456-41c0-9c6f-87aaa02f76a1 de6aed0f9fb9450da243721aa075abbf 63ce0e0e51be44b2885f3d65e4e03452 - - default default] 10.0.0.24 "POST /v2.0/security-group-rules HTTP/1.1" status: 201 len: 769 time: 0.2105432
2026-07-21 22:15:03.058 9 WARNING neutron.scheduler.dhcp_agent_scheduler [None req-538cf43e-0b39-4593-a0d3-48372585d2e0 de6aed0f9fb9450da243721aa075abbf 63ce0e0e51be44b2885f3d65e4e03452 - - default default] No more DHCP agents
2026-07-21 22:15:03.062 9 WARNING neutron.api.rpc.agentnotifiers.dhcp_rpc_agent_api [None req-538cf43e-0b39-4593-a0d3-48372585d2e0 de6aed0f9fb9450da243721aa075abbf 63ce0e0e51be44b2885f3d65e4e03452 - - default default] Unable to schedule network 4adc767c-d433-4b60-90dd-0b32e488d333: no agents available; will retry on subsequent port and subnet creation events.
2026-07-21 22:15:03.573 9 INFO neutron.db.ovn_revision_numbers_db [None req-538cf43e-0b39-4593-a0d3-48372585d2e0 de6aed0f9fb9450da243721aa075abbf 63ce0e0e51be44b2885f3d65e4e03452 - - default default] Successfully bumped revision number for resource ca0e4aa4-b4c0-4336-b2e4-da4334d56d24 (type: floatingips) to 0
2026-07-21 22:15:03.598 9 INFO neutron.wsgi [None req-538cf43e-0b39-4593-a0d3-48372585d2e0 de6aed0f9fb9450da243721aa075abbf 63ce0e0e51be44b2885f3d65e4e03452 - - default default] 10.0.0.24 "POST /v2.0/floatingips HTTP/1.1" status: 201 len: 751 time: 0.9417095
2026-07-21 22:15:03.626 10 INFO neutron.db.ovn_revision_numbers_db [None req-1ce00181-3834-469a-9c98-47f186d38081 e307f582e89d4085aae48b464eb6b36c cb062d8f2d79446b9ef9cd01e6e1a1ea - - default default] Successfully bumped revision number for resource b14f86d7-fd5b-44c6-bd82-b3356e227833 (type: security_groups) to 1
2026-07-21 22:15:03.647 10 INFO neutron.db.ovn_revision_numbers_db [None req-1ce00181-3834-469a-9c98-47f186d38081 e307f582e89d4085aae48b464eb6b36c cb062d8f2d79446b9ef9cd01e6e1a1ea - - default default] Successfully bumped revision number for resource 1daf43b0-d35f-4b7a-9b95-a7cab02f5aa9 (type: security_group_rules) to 0
2026-07-21 22:15:03.690 10 INFO neutron.db.ovn_revision_numbers_db [None req-1ce00181-3834-469a-9c98-47f186d38081 e307f582e89d4085aae48b464eb6b36c cb062d8f2d79446b9ef9cd01e6e1a1ea - - default default] Successfully bumped revision number for resource 1f8bccdb-2277-41f9-9a6b-c1a959b5a25c (type: security_group_rules) to 0
2026-07-21 22:15:03.712 10 INFO neutron.db.ovn_revision_numbers_db [None req-1ce00181-3834-469a-9c98-47f186d38081 e307f582e89d4085aae48b464eb6b36c cb062d8f2d79446b9ef9cd01e6e1a1ea - - default default] Successfully bumped revision number for resource ae374715-5196-434f-823e-3aff6ae5f844 (type: security_group_rules) to 0
2026-07-21 22:15:03.742 10 INFO neutron.db.ovn_revision_numbers_db [None req-1ce00181-3834-469a-9c98-47f186d38081 e307f582e89d4085aae48b464eb6b36c cb062d8f2d79446b9ef9cd01e6e1a1ea - - default default] Successfully bumped revision number for resource f15a382d-01fe-48c9-8283-e2ffbdf3781a (type: security_group_rules) to 0
2026-07-21 22:15:03.758 9 INFO neutron.wsgi [req-8d4ace26-a8b3-4153-90f0-707178f50c87 req-7c7c8fdc-e9dd-4593-94af-cdb2500d32ab de6aed0f9fb9450da243721aa075abbf 63ce0e0e51be44b2885f3d65e4e03452 - - default default] 10.0.0.81 "GET /v2.0/security-groups?name=tempest-secgroup-smoke-940025440&fields=id&tenant_id=63ce0e0e51be44b2885f3d65e4e03452 HTTP/1.1" status: 200 len: 267 time: 0.0639172
2026-07-21 22:15:03.812 10 INFO neutron.db.segments_db [None req-1ce00181-3834-469a-9c98-47f186d38081 e307f582e89d4085aae48b464eb6b36c cb062d8f2d79446b9ef9cd01e6e1a1ea - - default default] Added segment d469f079-c994-43ca-9dbc-4fc5ea8ad518 of type geneve for network 037cd925-1890-4685-85fe-1851099d1111
2026-07-21 22:15:03.814 9 INFO neutron.wsgi [req-8d4ace26-a8b3-4153-90f0-707178f50c87 req-dda328c3-70ad-49a8-a665-9a952049f364 de6aed0f9fb9450da243721aa075abbf 63ce0e0e51be44b2885f3d65e4e03452 - - default default] 10.0.0.81 "GET /v2.0/security-groups?name=tempest-securitygroup--596526712&fields=id&tenant_id=63ce0e0e51be44b2885f3d65e4e03452 HTTP/1.1" status: 200 len: 267 time: 0.0489156
2026-07-21 22:15:03.916 9 INFO neutron.wsgi [req-8d4ace26-a8b3-4153-90f0-707178f50c87 req-da7e65b2-27d1-4f27-9898-dc600b8b8b01 de6aed0f9fb9450da243721aa075abbf 63ce0e0e51be44b2885f3d65e4e03452 - - default default] 10.0.0.81 "GET /v2.0/networks?id=1e85ce18-3cc0-4202-8823-35fc1fb631de HTTP/1.1" status: 200 len: 872 time: 0.0941837
2026-07-21 22:15:03.942 9 INFO neutron.wsgi [req-8d4ace26-a8b3-4153-90f0-707178f50c87 req-6ff26729-f91e-4fc2-b95c-67b0b24d174b de6aed0f9fb9450da243721aa075abbf 63ce0e0e51be44b2885f3d65e4e03452 - - default default] 10.0.0.81 "GET /v2.0/quotas/63ce0e0e51be44b2885f3d65e4e03452 HTTP/1.1" status: 200 len: 386 time: 0.0176945
2026-07-21 22:15:04.070 10 INFO neutron.db.ovn_revision_numbers_db [None req-1ce00181-3834-469a-9c98-47f186d38081 e307f582e89d4085aae48b464eb6b36c cb062d8f2d79446b9ef9cd01e6e1a1ea - - default default] Successfully bumped revision number for resource 037cd925-1890-4685-85fe-1851099d1111 (type: networks) to 1
2026-07-21 22:15:04.160 9 INFO neutron.wsgi [req-8d4ace26-a8b3-4153-90f0-707178f50c87 req-912b2398-f8fd-4795-b0d2-a43641810222 de6aed0f9fb9450da243721aa075abbf 63ce0e0e51be44b2885f3d65e4e03452 - - default default] 10.0.0.81 "GET /v2.0/ports?tenant_id=63ce0e0e51be44b2885f3d65e4e03452&fields=id HTTP/1.1" status: 200 len: 302 time: 0.2067790
2026-07-21 22:15:04.298 9 INFO neutron.wsgi [req-8d4ace26-a8b3-4153-90f0-707178f50c87 req-5a4785de-0794-400f-9780-7236cc5e5c16 294eab28782a44b793f68080f8646925 a2a1e0c2788048ff8492de98ea2929da - - 98c96a7a0f3343c0a18ad4bd9845e374 98c96a7a0f3343c0a18ad4bd9845e374] 10.0.0.81 "GET /v2.0/networks/1e85ce18-3cc0-4202-8823-35fc1fb631de?fields=segments HTTP/1.1" status: 200 len: 212 time: 0.1202390
2026-07-21 22:15:04.347 9 INFO neutron.wsgi [-] 10.0.0.237 "GET / HTTP/1.1" status: 200 len: 247 time: 0.0027821
2026-07-21 22:15:04.350 9 INFO neutron.wsgi [-] 10.0.0.237 "GET / HTTP/1.1" status: 200 len: 247 time: 0.0015397
2026-07-21 22:15:04.358 10 WARNING neutron.scheduler.dhcp_agent_scheduler [None req-1ce00181-3834-469a-9c98-47f186d38081 e307f582e89d4085aae48b464eb6b36c cb062d8f2d79446b9ef9cd01e6e1a1ea - - default default] No more DHCP agents
