2026-07-21 22:11:08.653 10 INFO neutron.wsgi [req-7f981274-0973-463c-8bb9-69a2cacae8dc req-b7b7e188-4d7e-44c1-a2fe-d49d889324f4 294eab28782a44b793f68080f8646925 a2a1e0c2788048ff8492de98ea2929da - - 98c96a7a0f3343c0a18ad4bd9845e374 98c96a7a0f3343c0a18ad4bd9845e374] 199.204.45.72 "GET /v2.0/subnets?id=2efca456-562e-4e29-939c-74da8e6c6942 HTTP/1.1" status: 200 len: 863 time: 0.0593688
2026-07-21 22:11:08.690 10 INFO neutron.wsgi [req-7f981274-0973-463c-8bb9-69a2cacae8dc req-886ccf73-c081-4ba3-b9ba-76459c3fab3c 294eab28782a44b793f68080f8646925 a2a1e0c2788048ff8492de98ea2929da - - 98c96a7a0f3343c0a18ad4bd9845e374 98c96a7a0f3343c0a18ad4bd9845e374] 199.204.45.72 "GET /v2.0/ports?network_id=505bd670-965f-4452-bd4e-c1bfb3843020&device_owner=network%3Adhcp HTTP/1.1" status: 200 len: 210 time: 0.0243011
2026-07-21 22:11:08.790 10 INFO neutron.wsgi [req-7f981274-0973-463c-8bb9-69a2cacae8dc req-827d3e07-4f45-4da5-8638-efe50e2d9067 294eab28782a44b793f68080f8646925 a2a1e0c2788048ff8492de98ea2929da - - 98c96a7a0f3343c0a18ad4bd9845e374 98c96a7a0f3343c0a18ad4bd9845e374] 199.204.45.72 "GET /v2.0/networks/505bd670-965f-4452-bd4e-c1bfb3843020?fields=segments HTTP/1.1" status: 200 len: 212 time: 0.0934727
2026-07-21 22:11:08.839 10 INFO neutron.plugins.ml2.drivers.ovn.mech_driver.mech_driver [None req-23b69857-0848-41f6-bdef-cf138be61e50 - - - - - -] OVN reports status down for port: 36f80c85-36d5-44a7-962e-adfbecf5f4f4
2026-07-21 22:11:09.194 9 INFO neutron.wsgi [req-c9f545f1-216e-4652-aee5-f9ae17601250 req-58057692-f8f0-4818-9345-e5a1a252002c a945ce985cb04fd2862f5d577f3e8df1 e76cb161f9fd4f728c52e009311795fd - - default default] 199.204.45.72 "GET /v2.0/ports?device_id=d98f65f6-25e2-4231-aff6-aa6c9bf08690 HTTP/1.1" status: 200 len: 1174 time: 0.0617142
2026-07-21 22:11:09.219 10 INFO neutron.wsgi [req-7f981274-0973-463c-8bb9-69a2cacae8dc req-2b15d94e-8682-4807-a758-5de2b97b5efe 294eab28782a44b793f68080f8646925 a2a1e0c2788048ff8492de98ea2929da - - 98c96a7a0f3343c0a18ad4bd9845e374 98c96a7a0f3343c0a18ad4bd9845e374] 199.204.45.72 "GET /v2.0/networks/505bd670-965f-4452-bd4e-c1bfb3843020?fields=provider%3Aphysical_network&fields=provider%3Anetwork_type HTTP/1.1" status: 200 len: 277 time: 0.4230168
2026-07-21 22:11:09.272 10 INFO neutron.wsgi [req-b7482e61-7f80-488a-bb7c-a30154ce3937 req-115e95f0-95ae-4b17-8247-0983362a847f a945ce985cb04fd2862f5d577f3e8df1 e76cb161f9fd4f728c52e009311795fd - - default default] 10.0.0.81 "GET /v2.0/ports?device_id=d98f65f6-25e2-4231-aff6-aa6c9bf08690 HTTP/1.1" status: 200 len: 1174 time: 0.4647963
2026-07-21 22:11:09.345 10 INFO neutron.notifiers.nova [-] Nova event matching ['req-ef2c4ba1-3b4d-43d1-bd72-dc089e9425d3'] response: {'server_uuid': 'd98f65f6-25e2-4231-aff6-aa6c9bf08690', 'name': 'network-vif-unplugged', 'status': 'completed', 'tag': '36f80c85-36d5-44a7-962e-adfbecf5f4f4', 'code': 200}
2026-07-21 22:11:09.391 10 INFO neutron.wsgi [req-b7482e61-7f80-488a-bb7c-a30154ce3937 req-c7f2c6aa-ff80-4476-bdd9-2876ef9ad57a a945ce985cb04fd2862f5d577f3e8df1 e76cb161f9fd4f728c52e009311795fd - - default default] 10.0.0.81 "GET /v2.0/security-groups?id=f9e5c2e0-84fb-4497-8f50-de243638dc03&fields=id&fields=name HTTP/1.1" status: 200 len: 312 time: 0.1018479
2026-07-21 22:11:09.455 10 INFO neutron.db.ovn_revision_numbers_db [None req-653283bb-3846-45e5-8374-3ca04ea95c32 4c37e9f4c896406d872d78f3bed0c496 e63d6cf45fd5428990c817ab86d83169 - - default default] Successfully bumped revision number for resource 5ed6490b-26fe-417d-9830-330fc7733094 (type: router_ports) to 2
2026-07-21 22:11:09.458 10 INFO neutron.wsgi [None req-653283bb-3846-45e5-8374-3ca04ea95c32 4c37e9f4c896406d872d78f3bed0c496 e63d6cf45fd5428990c817ab86d83169 - - default default] 10.0.0.24 "PUT /v2.0/routers/02cb56c2-c83b-4a36-bce5-f6fddd31cabf/add_router_interface HTTP/1.1" status: 200 len: 503 time: 3.9962566
2026-07-21 22:11:09.581 10 INFO neutron.db.ovn_revision_numbers_db [None req-23b69857-0848-41f6-bdef-cf138be61e50 - - - - - -] Successfully bumped revision number for resource 36f80c85-36d5-44a7-962e-adfbecf5f4f4 (type: ports) to 5
2026-07-21 22:11:09.583 9 INFO neutron.db.l3_db [req-c9f545f1-216e-4652-aee5-f9ae17601250 req-044fea87-6b31-40ba-a77d-26a86b23b81e a945ce985cb04fd2862f5d577f3e8df1 e76cb161f9fd4f728c52e009311795fd - - default default] Floating IP 67061b4c-edcd-40e4-8404-171e29c0d1de disassociated. External IP: 10.96.250.204, port: 36f80c85-36d5-44a7-962e-adfbecf5f4f4.
2026-07-21 22:11:09.761 9 INFO neutron.wsgi [req-c9f545f1-216e-4652-aee5-f9ae17601250 req-044fea87-6b31-40ba-a77d-26a86b23b81e a945ce985cb04fd2862f5d577f3e8df1 e76cb161f9fd4f728c52e009311795fd - - default default] 199.204.45.72 "DELETE /v2.0/ports/36f80c85-36d5-44a7-962e-adfbecf5f4f4 HTTP/1.1" status: 204 len: 173 time: 0.5607860
2026-07-21 22:11:10.365 9 INFO neutron.notifiers.nova [-] Nova event matching ['req-e529cac9-4707-45fe-b4db-d5540ef333f3'] response: {'server_uuid': 'd98f65f6-25e2-4231-aff6-aa6c9bf08690', 'name': 'network-vif-deleted', 'tag': '36f80c85-36d5-44a7-962e-adfbecf5f4f4', 'status': 'completed', 'code': 200} /var/lib/openstack/lib/python3.10/site-packages/pycadf/identifier.py:71: UserWarning: Invalid uuid: neutron. To ensure interoperability, identifiers should be a valid uuid. warnings.warn(('Invalid uuid: %s. To ensure interoperability, '
2026-07-21 22:11:10.614 9 INFO neutron.wsgi [None req-eb58b75e-b664-44a7-b90f-a860058be474 a945ce985cb04fd2862f5d577f3e8df1 e76cb161f9fd4f728c52e009311795fd - - default default] 10.0.0.24 "DELETE /v2.0/security-groups/f9e5c2e0-84fb-4497-8f50-de243638dc03 HTTP/1.1" status: 204 len: 168 time: 0.1294432
2026-07-21 22:11:10.617 10 INFO neutron.wsgi [req-226ba686-ab53-466b-844c-ef7c1b104b16 req-fdf03d3d-d30f-4f9d-921a-a3ac97c3c2f3 fb2384cc2e864d5089bfbb77b3325eba 078132d74c364c3780b3bda48aa6b544 - - default default] 10.0.0.81 "GET /v2.0/networks?id=ba1aedc6-2d21-499e-86c8-a14efbef3659 HTTP/1.1" status: 200 len: 877 time: 0.0910320
2026-07-21 22:11:10.632 9 INFO neutron.api.v2.resource [None req-c4935981-c473-49d9-b986-4c714167a692 a945ce985cb04fd2862f5d577f3e8df1 e76cb161f9fd4f728c52e009311795fd - - default default] show failed (client error): The resource could not be found.
2026-07-21 22:11:10.634 9 INFO neutron.wsgi [None req-c4935981-c473-49d9-b986-4c714167a692 a945ce985cb04fd2862f5d577f3e8df1 e76cb161f9fd4f728c52e009311795fd - - default default] 10.0.0.24 "GET /v2.0/security-groups/f9e5c2e0-84fb-4497-8f50-de243638dc03 HTTP/1.1" status: 404 len: 347 time: 0.0148957
2026-07-21 22:11:10.637 10 INFO neutron.wsgi [req-226ba686-ab53-466b-844c-ef7c1b104b16 req-584d7140-7308-4f7d-880b-adc47e73158c fb2384cc2e864d5089bfbb77b3325eba 078132d74c364c3780b3bda48aa6b544 - - default default] 10.0.0.81 "GET /v2.0/quotas/078132d74c364c3780b3bda48aa6b544 HTTP/1.1" status: 200 len: 386 time: 0.0124040
2026-07-21 22:11:10.753 10 INFO neutron.wsgi [req-226ba686-ab53-466b-844c-ef7c1b104b16 req-c7700405-d0d0-4cbd-a8ed-de85c7aee29c fb2384cc2e864d5089bfbb77b3325eba 078132d74c364c3780b3bda48aa6b544 - - default default] 10.0.0.81 "GET /v2.0/ports?tenant_id=078132d74c364c3780b3bda48aa6b544&fields=id HTTP/1.1" status: 200 len: 302 time: 0.1074333
2026-07-21 22:11:10.832 10 INFO neutron.wsgi [req-226ba686-ab53-466b-844c-ef7c1b104b16 req-36c9555b-bbe5-4065-b080-43c98f84006d 294eab28782a44b793f68080f8646925 a2a1e0c2788048ff8492de98ea2929da - - 98c96a7a0f3343c0a18ad4bd9845e374 98c96a7a0f3343c0a18ad4bd9845e374] 10.0.0.81 "GET /v2.0/networks/ba1aedc6-2d21-499e-86c8-a14efbef3659?fields=segments HTTP/1.1" status: 200 len: 212 time: 0.0709553
2026-07-21 22:11:10.925 10 INFO neutron.wsgi [req-226ba686-ab53-466b-844c-ef7c1b104b16 req-2a521159-bbc0-4b9a-8d64-adbaa7f3a80c 294eab28782a44b793f68080f8646925 a2a1e0c2788048ff8492de98ea2929da - - 98c96a7a0f3343c0a18ad4bd9845e374 98c96a7a0f3343c0a18ad4bd9845e374] 10.0.0.81 "GET /v2.0/networks/ba1aedc6-2d21-499e-86c8-a14efbef3659?fields=provider%3Aphysical_network&fields=provider%3Anetwork_type HTTP/1.1" status: 200 len: 277 time: 0.0854597
2026-07-21 22:11:10.995 9 INFO neutron.wsgi [None req-b3a920b4-2ee6-4ed8-b2bd-06741a056fb3 a945ce985cb04fd2862f5d577f3e8df1 e76cb161f9fd4f728c52e009311795fd - - default default] 10.0.0.24 "DELETE /v2.0/floatingips/67061b4c-edcd-40e4-8404-171e29c0d1de HTTP/1.1" status: 204 len: 168 time: 0.3555338
2026-07-21 22:11:11.098 9 INFO neutron.wsgi [req-a8fc1395-3cdb-44e4-9ffd-4d204ee4fe5d req-03598157-07bd-4eec-8471-04b9d228e999 fb2384cc2e864d5089bfbb77b3325eba 078132d74c364c3780b3bda48aa6b544 - - default default] 10.0.0.81 "GET /v2.0/ports?device_id=131ad91a-bcdc-47cf-916b-a27430691b6c HTTP/1.1" status: 200 len: 210 time: 0.0262070
2026-07-21 22:11:11.395 10 INFO neutron.notifiers.nova [-] Nova event matching ['req-c2e9544a-b549-4d12-bb66-81cafa65849a'] response: {'server_uuid': 'd98f65f6-25e2-4231-aff6-aa6c9bf08690', 'name': 'network-vif-plugged', 'status': 'completed', 'tag': '36f80c85-36d5-44a7-962e-adfbecf5f4f4', 'code': 200}
2026-07-21 22:11:12.270 9 INFO neutron.wsgi [req-3cf24ee9-0097-4b4a-b2f7-0e319a0e8248 req-8655d46d-ef61-43ca-9735-76750498ee57 fb2384cc2e864d5089bfbb77b3325eba 078132d74c364c3780b3bda48aa6b544 - - default default] 10.0.0.81 "GET /v2.0/ports?device_id=131ad91a-bcdc-47cf-916b-a27430691b6c HTTP/1.1" status: 200 len: 210 time: 0.0442600
2026-07-21 22:11:12.277 9 INFO neutron.wsgi [req-226ba686-ab53-466b-844c-ef7c1b104b16 req-a3955562-996f-4a25-81b9-4d7e81a404d1 fb2384cc2e864d5089bfbb77b3325eba 078132d74c364c3780b3bda48aa6b544 - - default default] 199.204.45.72 "GET /v2.0/networks?id=ba1aedc6-2d21-499e-86c8-a14efbef3659 HTTP/1.1" status: 200 len: 877 time: 0.4325702
2026-07-21 22:11:12.894 9 INFO neutron.wsgi [None req-6ad9f034-b79f-488e-bead-9ea41b7747ef 4c37e9f4c896406d872d78f3bed0c496 e63d6cf45fd5428990c817ab86d83169 - - default default] 10.0.0.24 "PUT /v2.0/routers/72f62d1b-1b9d-4ba3-916f-4e1eaf08bf2e/remove_router_interface HTTP/1.1" status: 200 len: 503 time: 1.8950706
2026-07-21 22:11:12.937 9 WARNING neutron.scheduler.dhcp_agent_scheduler [req-226ba686-ab53-466b-844c-ef7c1b104b16 req-f159593a-297a-427f-9a8f-fc81c6f74879 fb2384cc2e864d5089bfbb77b3325eba 078132d74c364c3780b3bda48aa6b544 - - default default] No more DHCP agents
2026-07-21 22:11:12.942 9 WARNING neutron.api.rpc.agentnotifiers.dhcp_rpc_agent_api [req-226ba686-ab53-466b-844c-ef7c1b104b16 req-f159593a-297a-427f-9a8f-fc81c6f74879 fb2384cc2e864d5089bfbb77b3325eba 078132d74c364c3780b3bda48aa6b544 - - default default] Unable to schedule network ba1aedc6-2d21-499e-86c8-a14efbef3659: no agents available; will retry on subsequent port and subnet creation events.
2026-07-21 22:11:13.131 9 INFO neutron.db.ovn_revision_numbers_db [req-226ba686-ab53-466b-844c-ef7c1b104b16 req-f159593a-297a-427f-9a8f-fc81c6f74879 fb2384cc2e864d5089bfbb77b3325eba 078132d74c364c3780b3bda48aa6b544 - - default default] Successfully bumped revision number for resource 2637aee0-79ac-407a-aa70-08a0097cf2b7 (type: ports) to 1
2026-07-21 22:11:13.177 9 INFO neutron.wsgi [req-226ba686-ab53-466b-844c-ef7c1b104b16 req-f159593a-297a-427f-9a8f-fc81c6f74879 fb2384cc2e864d5089bfbb77b3325eba 078132d74c364c3780b3bda48aa6b544 - - default default] 199.204.45.72 "POST /v2.0/ports HTTP/1.1" status: 201 len: 1162 time: 0.8916876 /var/lib/openstack/lib/python3.10/site-packages/pycadf/identifier.py:71: UserWarning: Invalid uuid: neutron. To ensure interoperability, identifiers should be a valid uuid. warnings.warn(('Invalid uuid: %s. To ensure interoperability, '
2026-07-21 22:11:13.450 9 INFO neutron.wsgi [req-fa895e25-a68c-437b-9e10-68b61700b4b6 req-3ad484b3-728d-4107-bafe-3ae8a154c60c 294eab28782a44b793f68080f8646925 a2a1e0c2788048ff8492de98ea2929da - - 98c96a7a0f3343c0a18ad4bd9845e374 98c96a7a0f3343c0a18ad4bd9845e374] 10.0.0.166 "GET /v2.0/ports?device_id=df513c58-b361-4e63-b877-70d2fd4d54d6 HTTP/1.1" status: 200 len: 1413 time: 0.2526190
2026-07-21 22:11:13.454 10 INFO neutron.wsgi [req-3f028252-8790-4656-a92a-03f5416bc3e0 req-48db16b2-93a9-4708-8947-d37199c49b51 fb2384cc2e864d5089bfbb77b3325eba 078132d74c364c3780b3bda48aa6b544 - - default default] 10.0.0.81 "GET /v2.0/ports?device_id=131ad91a-bcdc-47cf-916b-a27430691b6c HTTP/1.1" status: 200 len: 1160 time: 0.0928066
2026-07-21 22:11:13.551 9 INFO neutron.wsgi [req-fa895e25-a68c-437b-9e10-68b61700b4b6 req-ed1c4119-f657-4cf8-8365-83f54b1b577d 294eab28782a44b793f68080f8646925 a2a1e0c2788048ff8492de98ea2929da - - 98c96a7a0f3343c0a18ad4bd9845e374 98c96a7a0f3343c0a18ad4bd9845e374] 10.0.0.166 "GET /v2.0/security-groups?id=ed3a3202-234f-49a6-b410-2578dd4f29dd&fields=id&fields=name HTTP/1.1" status: 200 len: 312 time: 0.0823112
2026-07-21 22:11:13.573 10 INFO neutron.wsgi [req-3f028252-8790-4656-a92a-03f5416bc3e0 req-fc0f385a-be38-44ed-a1eb-442f662100b4 fb2384cc2e864d5089bfbb77b3325eba 078132d74c364c3780b3bda48aa6b544 - - default default] 10.0.0.81 "GET /v2.0/security-groups?id=99409acc-786c-412f-ac45-3cff32926124&fields=id&fields=name HTTP/1.1" status: 200 len: 286 time: 0.1062114
2026-07-21 22:11:13.826 10 INFO neutron.wsgi [None req-9b9d6095-90e6-4c21-8efa-834da7914c94 4c37e9f4c896406d872d78f3bed0c496 e63d6cf45fd5428990c817ab86d83169 - - default default] 10.0.0.24 "DELETE /v2.0/routers/72f62d1b-1b9d-4ba3-916f-4e1eaf08bf2e HTTP/1.1" status: 204 len: 168 time: 0.9238234
2026-07-21 22:11:13.848 9 INFO neutron.db.ovn_revision_numbers_db [req-226ba686-ab53-466b-844c-ef7c1b104b16 req-50bf59f7-40a3-4c0c-b7a5-6ab90514458e 294eab28782a44b793f68080f8646925 a2a1e0c2788048ff8492de98ea2929da - - 98c96a7a0f3343c0a18ad4bd9845e374 98c96a7a0f3343c0a18ad4bd9845e374] Successfully bumped revision number for resource 2637aee0-79ac-407a-aa70-08a0097cf2b7 (type: ports) to 2
2026-07-21 22:11:14.074 10 INFO neutron.wsgi [None req-962689e6-027e-42cc-962b-52fb4b6e71dc 4c37e9f4c896406d872d78f3bed0c496 e63d6cf45fd5428990c817ab86d83169 - - default default] 10.0.0.24 "DELETE /v2.0/subnets/2efca456-562e-4e29-939c-74da8e6c6942 HTTP/1.1" status: 204 len: 168 time: 0.2428141
2026-07-21 22:11:14.162 9 INFO neutron.db.ovn_revision_numbers_db [req-226ba686-ab53-466b-844c-ef7c1b104b16 req-50bf59f7-40a3-4c0c-b7a5-6ab90514458e 294eab28782a44b793f68080f8646925 a2a1e0c2788048ff8492de98ea2929da - - 98c96a7a0f3343c0a18ad4bd9845e374 98c96a7a0f3343c0a18ad4bd9845e374] Successfully bumped revision number for resource 2637aee0-79ac-407a-aa70-08a0097cf2b7 (type: ports) to 2
2026-07-21 22:11:14.182 9 INFO neutron.wsgi [req-226ba686-ab53-466b-844c-ef7c1b104b16 req-50bf59f7-40a3-4c0c-b7a5-6ab90514458e 294eab28782a44b793f68080f8646925 a2a1e0c2788048ff8492de98ea2929da - - 98c96a7a0f3343c0a18ad4bd9845e374 98c96a7a0f3343c0a18ad4bd9845e374] 199.204.45.72 "PUT /v2.0/ports/2637aee0-79ac-407a-aa70-08a0097cf2b7 HTTP/1.1" status: 200 len: 1380 time: 0.9976220 /var/lib/openstack/lib/python3.10/site-packages/pycadf/identifier.py:71: UserWarning: Invalid uuid: neutron. To ensure interoperability, identifiers should be a valid uuid. warnings.warn(('Invalid uuid: %s. To ensure interoperability, '
2026-07-21 22:11:14.241 9 INFO neutron.notifiers.nova [-] Nova event matching ['req-e4abf6e9-41cd-4c4b-978c-9d090bd1a379'] response: {'name': 'network-changed', 'server_uuid': '131ad91a-bcdc-47cf-916b-a27430691b6c', 'tag': '2637aee0-79ac-407a-aa70-08a0097cf2b7', 'status': 'completed', 'code': 200}
2026-07-21 22:11:14.276 9 INFO neutron.wsgi [req-226ba686-ab53-466b-844c-ef7c1b104b16 req-6449147f-ff84-43ab-9553-6166b8e71770 294eab28782a44b793f68080f8646925 a2a1e0c2788048ff8492de98ea2929da - - 98c96a7a0f3343c0a18ad4bd9845e374 98c96a7a0f3343c0a18ad4bd9845e374] 199.204.45.72 "GET /v2.0/ports?tenant_id=078132d74c364c3780b3bda48aa6b544&device_id=131ad91a-bcdc-47cf-916b-a27430691b6c HTTP/1.1" status: 200 len: 1411 time: 0.0484951
2026-07-21 22:11:14.321 9 INFO neutron.wsgi [req-226ba686-ab53-466b-844c-ef7c1b104b16 req-d4e8d848-5b43-45b1-806d-4da9cf11a533 294eab28782a44b793f68080f8646925 a2a1e0c2788048ff8492de98ea2929da - - 98c96a7a0f3343c0a18ad4bd9845e374 98c96a7a0f3343c0a18ad4bd9845e374] 199.204.45.72 "GET /v2.0/floatingips?fixed_ip_address=10.100.0.14&port_id=2637aee0-79ac-407a-aa70-08a0097cf2b7 HTTP/1.1" status: 200 len: 217 time: 0.0375340
2026-07-21 22:11:14.328 9 WARNING neutron.plugins.ml2.drivers.ovn.mech_driver.ovsdb.ovn_client [None req-8835f594-bc35-4410-94ff-92550b4c7f68 - - - - - -] No hosting information found for port 5ed6490b-26fe-417d-9830-330fc7733094: RuntimeError: No hosting information found for port 5ed6490b-26fe-417d-9830-330fc7733094 /var/lib/openstack/lib/python3.10/site-packages/pycadf/identifier.py:71: UserWarning: Invalid uuid: neutron. To ensure interoperability, identifiers should be a valid uuid. warnings.warn(('Invalid uuid: %s. To ensure interoperability, '
2026-07-21 22:11:14.440 9 INFO neutron.wsgi [req-226ba686-ab53-466b-844c-ef7c1b104b16 req-152750df-d780-4816-964e-53c5de752c97 294eab28782a44b793f68080f8646925 a2a1e0c2788048ff8492de98ea2929da - - 98c96a7a0f3343c0a18ad4bd9845e374 98c96a7a0f3343c0a18ad4bd9845e374] 199.204.45.72 "GET /v2.0/subnets?id=6e98dcb3-3e34-4cab-87fa-e7d89e1b9497 HTTP/1.1" status: 200 len: 871 time: 0.0886323 /var/lib/openstack/lib/python3.10/site-packages/pycadf/identifier.py:71: UserWarning: Invalid uuid: neutron. To ensure interoperability, identifiers should be a valid uuid. warnings.warn(('Invalid uuid: %s. To ensure interoperability, '
2026-07-21 22:11:14.473 9 INFO neutron.wsgi [req-226ba686-ab53-466b-844c-ef7c1b104b16 req-372bab88-53b1-4cd3-ba52-6a4155ba1288 294eab28782a44b793f68080f8646925 a2a1e0c2788048ff8492de98ea2929da - - 98c96a7a0f3343c0a18ad4bd9845e374 98c96a7a0f3343c0a18ad4bd9845e374] 199.204.45.72 "GET /v2.0/ports?network_id=ba1aedc6-2d21-499e-86c8-a14efbef3659&device_owner=network%3Adhcp HTTP/1.1" status: 200 len: 210 time: 0.0255015
2026-07-21 22:11:14.549 10 INFO neutron.services.segments.plugin [-] Segment c434134d-03b5-4eeb-9bae-12d1d1a450ab resource provider aggregate not found
2026-07-21 22:11:14.558 10 INFO neutron.services.segments.plugin [-] Segment c434134d-03b5-4eeb-9bae-12d1d1a450ab resource provider aggregate not found
2026-07-21 22:11:14.572 9 INFO neutron.wsgi [req-226ba686-ab53-466b-844c-ef7c1b104b16 req-734fb229-637f-4054-877c-31d453928dfc 294eab28782a44b793f68080f8646925 a2a1e0c2788048ff8492de98ea2929da - - 98c96a7a0f3343c0a18ad4bd9845e374 98c96a7a0f3343c0a18ad4bd9845e374] 199.204.45.72 "GET /v2.0/networks/ba1aedc6-2d21-499e-86c8-a14efbef3659?fields=segments HTTP/1.1" status: 200 len: 212 time: 0.0897319
2026-07-21 22:11:14.588 10 INFO neutron.services.segments.plugin [-] Segment c434134d-03b5-4eeb-9bae-12d1d1a450ab resource provider not found; error: Placement Client Error (4xx): {"errors": [{"status": 404, "title": "Not Found", "detail": "The resource could not be found.\n\n No resource provider with uuid c434134d-03b5-4eeb-9bae-12d1d1a450ab found for delete ", "request_id": "req-39950e04-21a5-4525-bd62-5648201bf324"}]}
2026-07-21 22:11:14.603 10 INFO neutron.services.segments.plugin [-] Segment c434134d-03b5-4eeb-9bae-12d1d1a450ab resource provider not found; error: Placement Client Error (4xx): {"errors": [{"status": 404, "title": "Not Found", "detail": "The resource could not be found.\n\n No resource provider with uuid c434134d-03b5-4eeb-9bae-12d1d1a450ab found for delete ", "request_id": "req-a0b91320-8b7d-435f-b00d-256ddd9ece7a"}]}
2026-07-21 22:11:14.644 10 INFO neutron.wsgi [None req-51d4ea4f-553b-4192-b0c1-ac7d42680e45 4c37e9f4c896406d872d78f3bed0c496 e63d6cf45fd5428990c817ab86d83169 - - default default] 10.0.0.24 "DELETE /v2.0/networks/505bd670-965f-4452-bd4e-c1bfb3843020 HTTP/1.1" status: 204 len: 168 time: 0.5644403
2026-07-21 22:11:14.671 9 INFO neutron.wsgi [req-226ba686-ab53-466b-844c-ef7c1b104b16 req-22acde99-6cb1-4e6e-a957-b2d383190b69 294eab28782a44b793f68080f8646925 a2a1e0c2788048ff8492de98ea2929da - - 98c96a7a0f3343c0a18ad4bd9845e374 98c96a7a0f3343c0a18ad4bd9845e374] 199.204.45.72 "GET /v2.0/networks/ba1aedc6-2d21-499e-86c8-a14efbef3659?fields=provider%3Aphysical_network&fields=provider%3Anetwork_type HTTP/1.1" status: 200 len: 277 time: 0.0928864
2026-07-21 22:11:14.694 10 INFO neutron.wsgi [req-93183d50-54ec-4f80-a816-e65f24978ff9 req-f3ca3f50-312b-4c67-995d-5a9e60ae4389 fb2384cc2e864d5089bfbb77b3325eba 078132d74c364c3780b3bda48aa6b544 - - default default] 10.0.0.81 "GET /v2.0/ports?device_id=131ad91a-bcdc-47cf-916b-a27430691b6c HTTP/1.1" status: 200 len: 1172 time: 0.0428739
2026-07-21 22:11:14.757 10 INFO neutron.wsgi [req-93183d50-54ec-4f80-a816-e65f24978ff9 req-b3c2312f-9965-4884-bb36-5a4d5301d004 fb2384cc2e864d5089bfbb77b3325eba 078132d74c364c3780b3bda48aa6b544 - - default default] 10.0.0.81 "GET /v2.0/security-groups?id=99409acc-786c-412f-ac45-3cff32926124&fields=id&fields=name HTTP/1.1" status: 200 len: 286 time: 0.0523670
2026-07-21 22:11:14.769 9 INFO neutron.wsgi [req-d8588fdf-fd27-48d6-921f-ab60d8d05695 req-307d39d5-003a-4ea1-9c19-79150d4448ee 294eab28782a44b793f68080f8646925 a2a1e0c2788048ff8492de98ea2929da - - 98c96a7a0f3343c0a18ad4bd9845e374 98c96a7a0f3343c0a18ad4bd9845e374] 199.204.45.72 "GET /v2.0/ports?tenant_id=078132d74c364c3780b3bda48aa6b544&device_id=131ad91a-bcdc-47cf-916b-a27430691b6c HTTP/1.1" status: 200 len: 1411 time: 0.0539248
2026-07-21 22:11:14.804 10 INFO neutron.wsgi [None req-609e4b8f-4901-4afe-9fe4-14ad68f914bb 4c37e9f4c896406d872d78f3bed0c496 e63d6cf45fd5428990c817ab86d83169 - - default default] 10.0.0.24 "GET /v2.0/security-groups?tenant_id=e76cb161f9fd4f728c52e009311795fd&name=default HTTP/1.1" status: 200 len: 2996 time: 0.0463052
2026-07-21 22:11:14.906 10 INFO neutron.plugins.ml2.drivers.ovn.mech_driver.mech_driver [None req-23b69857-0848-41f6-bdef-cf138be61e50 - - - - - -] OVN reports status up for port: 2637aee0-79ac-407a-aa70-08a0097cf2b7
2026-07-21 22:11:14.925 9 INFO neutron.wsgi [req-d8588fdf-fd27-48d6-921f-ab60d8d05695 req-d7c31e34-af0d-46b3-9f0e-bac77aa3a83f 294eab28782a44b793f68080f8646925 a2a1e0c2788048ff8492de98ea2929da - - 98c96a7a0f3343c0a18ad4bd9845e374 98c96a7a0f3343c0a18ad4bd9845e374] 199.204.45.72 "GET /v2.0/networks?id=ba1aedc6-2d21-499e-86c8-a14efbef3659 HTTP/1.1" status: 200 len: 976 time: 0.1455758
2026-07-21 22:11:14.932 9 INFO neutron.db.ovn_revision_numbers_db [None req-3da460b8-568b-4baf-91aa-bc0b320e4173 4c37e9f4c896406d872d78f3bed0c496 e63d6cf45fd5428990c817ab86d83169 - - default default] Successfully bumped revision number for resource 1b247198-6570-4876-8121-50f4dfffadb0 (type: security_groups) to 1
2026-07-21 22:11:14.934 10 INFO neutron.plugins.ml2.plugin [None req-23b69857-0848-41f6-bdef-cf138be61e50 - - - - - -] Attempt 1 to provision port 2637aee0-79ac-407a-aa70-08a0097cf2b7
2026-07-21 22:11:14.963 9 INFO neutron.db.ovn_revision_numbers_db [None req-3da460b8-568b-4baf-91aa-bc0b320e4173 4c37e9f4c896406d872d78f3bed0c496 e63d6cf45fd5428990c817ab86d83169 - - default default] Successfully bumped revision number for resource 132c741b-21d3-4953-839f-84768acdc401 (type: security_group_rules) to 0
2026-07-21 22:11:14.972 9 INFO neutron.wsgi [req-d8588fdf-fd27-48d6-921f-ab60d8d05695 req-7878968d-c888-4ad1-94de-29ce7c501db5 294eab28782a44b793f68080f8646925 a2a1e0c2788048ff8492de98ea2929da - - 98c96a7a0f3343c0a18ad4bd9845e374 98c96a7a0f3343c0a18ad4bd9845e374] 199.204.45.72 "GET /v2.0/floatingips?fixed_ip_address=10.100.0.14&port_id=2637aee0-79ac-407a-aa70-08a0097cf2b7 HTTP/1.1" status: 200 len: 217 time: 0.0382586
2026-07-21 22:11:14.999 9 INFO neutron.db.ovn_revision_numbers_db [None req-3da460b8-568b-4baf-91aa-bc0b320e4173 4c37e9f4c896406d872d78f3bed0c496 e63d6cf45fd5428990c817ab86d83169 - - default default] Successfully bumped revision number for resource 3c76d123-619e-489a-ba47-fa1474e002ee (type: security_group_rules) to 0
2026-07-21 22:11:15.029 9 INFO neutron.db.ovn_revision_numbers_db [None req-3da460b8-568b-4baf-91aa-bc0b320e4173 4c37e9f4c896406d872d78f3bed0c496 e63d6cf45fd5428990c817ab86d83169 - - default default] Successfully bumped revision number for resource b4a3ed85-b47c-4284-9c71-c79db6b88a93 (type: security_group_rules) to 0
2026-07-21 22:11:15.034 9 INFO neutron.wsgi [req-d8588fdf-fd27-48d6-921f-ab60d8d05695 req-7de9ff2f-b6fe-4586-b8be-1b005be52d81 294eab28782a44b793f68080f8646925 a2a1e0c2788048ff8492de98ea2929da - - 98c96a7a0f3343c0a18ad4bd9845e374 98c96a7a0f3343c0a18ad4bd9845e374] 199.204.45.72 "GET /v2.0/subnets?id=6e98dcb3-3e34-4cab-87fa-e7d89e1b9497 HTTP/1.1" status: 200 len: 871 time: 0.0516365
2026-07-21 22:11:15.070 9 INFO neutron.wsgi [req-d8588fdf-fd27-48d6-921f-ab60d8d05695 req-f73f479d-5b01-4467-93b9-6fecfc9ac34c 294eab28782a44b793f68080f8646925 a2a1e0c2788048ff8492de98ea2929da - - 98c96a7a0f3343c0a18ad4bd9845e374 98c96a7a0f3343c0a18ad4bd9845e374] 199.204.45.72 "GET /v2.0/ports?network_id=ba1aedc6-2d21-499e-86c8-a14efbef3659&device_owner=network%3Adhcp HTTP/1.1" status: 200 len: 210 time: 0.0300915
2026-07-21 22:11:15.079 9 INFO neutron.db.ovn_revision_numbers_db [None req-3da460b8-568b-4baf-91aa-bc0b320e4173 4c37e9f4c896406d872d78f3bed0c496 e63d6cf45fd5428990c817ab86d83169 - - default default] Successfully bumped revision number for resource cef60595-f933-45a3-8730-f569b5a8b0ee (type: security_group_rules) to 0
2026-07-21 22:11:15.131 9 INFO neutron.wsgi [None req-3da460b8-568b-4baf-91aa-bc0b320e4173 4c37e9f4c896406d872d78f3bed0c496 e63d6cf45fd5428990c817ab86d83169 - - default default] 10.0.0.24 "GET /v2.0/security-groups?tenant_id=94cc7cf49a6f45978fe0f4c67f37c018&name=default HTTP/1.1" status: 200 len: 2996 time: 0.5957477
2026-07-21 22:11:15.135 10 INFO neutron.notifiers.nova [-] Nova event matching ['req-7acae2cd-4e38-475d-b315-ac202b26b897'] response: {'server_uuid': '131ad91a-bcdc-47cf-916b-a27430691b6c', 'name': 'network-vif-plugged', 'status': 'completed', 'tag': '2637aee0-79ac-407a-aa70-08a0097cf2b7', 'code': 200}
2026-07-21 22:11:15.163 9 INFO neutron.wsgi [req-d8588fdf-fd27-48d6-921f-ab60d8d05695 req-9958d33b-29f6-4123-8410-77ca034f396b 294eab28782a44b793f68080f8646925 a2a1e0c2788048ff8492de98ea2929da - - 98c96a7a0f3343c0a18ad4bd9845e374 98c96a7a0f3343c0a18ad4bd9845e374] 199.204.45.72 "GET /v2.0/networks/ba1aedc6-2d21-499e-86c8-a14efbef3659?fields=segments HTTP/1.1" status: 200 len: 212 time: 0.0849633
2026-07-21 22:11:15.241 9 INFO neutron.wsgi [req-d8588fdf-fd27-48d6-921f-ab60d8d05695 req-2a1cc804-3b22-4c68-9f20-5f00d46957c4 294eab28782a44b793f68080f8646925 a2a1e0c2788048ff8492de98ea2929da - - 98c96a7a0f3343c0a18ad4bd9845e374 98c96a7a0f3343c0a18ad4bd9845e374] 199.204.45.72 "GET /v2.0/networks/ba1aedc6-2d21-499e-86c8-a14efbef3659?fields=provider%3Aphysical_network&fields=provider%3Anetwork_type HTTP/1.1" status: 200 len: 277 time: 0.0677476
2026-07-21 22:11:15.341 10 INFO neutron.wsgi [None req-973fb7d7-b009-491e-8dec-44ee3a8c94ab 4c37e9f4c896406d872d78f3bed0c496 e63d6cf45fd5428990c817ab86d83169 - - default default] 10.0.0.24 "DELETE /v2.0/security-groups/4846182a-6e6c-44b8-8109-6ee3337254cd HTTP/1.1" status: 204 len: 168 time: 0.5303352
2026-07-21 22:11:15.386 10 INFO neutron.db.ovn_revision_numbers_db [None req-23b69857-0848-41f6-bdef-cf138be61e50 - - - - - -] Successfully bumped revision number for resource 2637aee0-79ac-407a-aa70-08a0097cf2b7 (type: ports) to 4
2026-07-21 22:11:15.443 9 INFO neutron.wsgi [None req-a5ee9f29-374f-407e-bf22-b69c502c83c4 4c37e9f4c896406d872d78f3bed0c496 e63d6cf45fd5428990c817ab86d83169 - - default default] 10.0.0.24 "DELETE /v2.0/security-groups/1b247198-6570-4876-8121-50f4dfffadb0 HTTP/1.1" status: 204 len: 168 time: 0.3060079
2026-07-21 22:11:15.826 9 INFO neutron.db.ovn_revision_numbers_db [None req-f42bbdda-e4a7-44c3-ad3b-fd1354e6004a 4c37e9f4c896406d872d78f3bed0c496 e63d6cf45fd5428990c817ab86d83169 - - default default] Successfully bumped revision number for resource 8bf48330-363d-4e36-8a0e-778fbf166322 (type: security_groups) to 1 /var/lib/openstack/lib/python3.10/site-packages/pycadf/identifier.py:71: UserWarning: Invalid uuid: neutron. To ensure interoperability, identifiers should be a valid uuid. warnings.warn(('Invalid uuid: %s. To ensure interoperability, '
2026-07-21 22:11:15.854 9 INFO neutron.db.ovn_revision_numbers_db [None req-f42bbdda-e4a7-44c3-ad3b-fd1354e6004a 4c37e9f4c896406d872d78f3bed0c496 e63d6cf45fd5428990c817ab86d83169 - - default default] Successfully bumped revision number for resource 6fc341f5-e2e5-4150-aad4-05a3728201d4 (type: security_group_rules) to 0
2026-07-21 22:11:15.878 9 INFO neutron.db.ovn_revision_numbers_db [None req-f42bbdda-e4a7-44c3-ad3b-fd1354e6004a 4c37e9f4c896406d872d78f3bed0c496 e63d6cf45fd5428990c817ab86d83169 - - default default] Successfully bumped revision number for resource 717d0f1a-f7b6-4311-bae5-934402f5e34c (type: security_group_rules) to 0
2026-07-21 22:11:15.902 9 INFO neutron.db.ovn_revision_numbers_db [None req-f42bbdda-e4a7-44c3-ad3b-fd1354e6004a 4c37e9f4c896406d872d78f3bed0c496 e63d6cf45fd5428990c817ab86d83169 - - default default] Successfully bumped revision number for resource 9575d99a-9391-4ab4-9b15-5564cefc658d (type: security_group_rules) to 0
2026-07-21 22:11:15.927 9 INFO neutron.db.ovn_revision_numbers_db [None req-f42bbdda-e4a7-44c3-ad3b-fd1354e6004a 4c37e9f4c896406d872d78f3bed0c496 e63d6cf45fd5428990c817ab86d83169 - - default default] Successfully bumped revision number for resource e2842ec8-d7d1-4168-a2f4-7243373ca4ae (type: security_group_rules) to 0
2026-07-21 22:11:15.959 10 INFO neutron.wsgi [req-5bf53781-1e04-47b7-a4ff-d5e53f95c762 req-9da302b1-fc0c-4b90-8827-7a42d8feee9d fb2384cc2e864d5089bfbb77b3325eba 078132d74c364c3780b3bda48aa6b544 - - default default] 10.0.0.81 "GET /v2.0/ports?device_id=131ad91a-bcdc-47cf-916b-a27430691b6c HTTP/1.1" status: 200 len: 1174 time: 0.1354551
2026-07-21 22:11:15.978 9 INFO neutron.wsgi [None req-f42bbdda-e4a7-44c3-ad3b-fd1354e6004a 4c37e9f4c896406d872d78f3bed0c496 e63d6cf45fd5428990c817ab86d83169 - - default default] 10.0.0.24 "GET /v2.0/security-groups?tenant_id=698b6b1b05b9456887864c85cbbf5a7e&name=default HTTP/1.1" status: 200 len: 2996 time: 0.3185623
2026-07-21 22:11:16.029 10 INFO neutron.wsgi [req-5bf53781-1e04-47b7-a4ff-d5e53f95c762 req-fa9bdc27-a870-454b-a9e6-cc2b32cb89aa fb2384cc2e864d5089bfbb77b3325eba 078132d74c364c3780b3bda48aa6b544 - - default default] 10.0.0.81 "GET /v2.0/security-groups?id=99409acc-786c-412f-ac45-3cff32926124&fields=id&fields=name HTTP/1.1" status: 200 len: 286 time: 0.0540941
2026-07-21 22:11:16.345 9 INFO neutron.wsgi [None req-5519ecec-a8c0-4885-9786-3f9478ed5ede 4c37e9f4c896406d872d78f3bed0c496 e63d6cf45fd5428990c817ab86d83169 - - default default] 10.0.0.24 "DELETE /v2.0/security-groups/8bf48330-363d-4e36-8a0e-778fbf166322 HTTP/1.1" status: 204 len: 168 time: 0.3603022
2026-07-21 22:11:17.182 10 INFO neutron.notifiers.nova [-] Nova event matching ['req-e03bc7dc-0493-4f4a-a807-ecb2241a1694'] response: {'server_uuid': '131ad91a-bcdc-47cf-916b-a27430691b6c', 'name': 'network-vif-plugged', 'status': 'completed', 'tag': '2637aee0-79ac-407a-aa70-08a0097cf2b7', 'code': 200}
2026-07-21 22:11:17.258 9 INFO neutron.wsgi [req-7dfb63a6-89bf-4159-a71c-be3f9ddc9e7a req-01b267ca-764e-4f65-8df3-e65d63545826 fb2384cc2e864d5089bfbb77b3325eba 078132d74c364c3780b3bda48aa6b544 - - default default] 10.0.0.81 "GET /v2.0/ports?device_id=131ad91a-bcdc-47cf-916b-a27430691b6c HTTP/1.1" status: 200 len: 1174 time: 0.1190448
2026-07-21 22:11:17.323 9 INFO neutron.wsgi [req-7dfb63a6-89bf-4159-a71c-be3f9ddc9e7a req-b3163b15-cdc5-4dac-903c-a2e42a4a00c8 fb2384cc2e864d5089bfbb77b3325eba 078132d74c364c3780b3bda48aa6b544 - - default default] 10.0.0.81 "GET /v2.0/security-groups?id=99409acc-786c-412f-ac45-3cff32926124&fields=id&fields=name HTTP/1.1" status: 200 len: 286 time: 0.0554044
2026-07-21 22:11:17.760 10 INFO neutron.wsgi [req-fb04d010-7781-4c91-be84-aa0489b723d4 req-c2806a50-1879-4d22-9845-fac7b25569ca fb2384cc2e864d5089bfbb77b3325eba 078132d74c364c3780b3bda48aa6b544 - - default default] 10.0.0.81 "GET /v2.0/ports?device_id=131ad91a-bcdc-47cf-916b-a27430691b6c HTTP/1.1" status: 200 len: 1174 time: 0.0511084
2026-07-21 22:11:17.764 10 INFO neutron.plugins.ml2.drivers.ovn.mech_driver.mech_driver [None req-23b69857-0848-41f6-bdef-cf138be61e50 - - - - - -] OVN reports status down for port: 2637aee0-79ac-407a-aa70-08a0097cf2b7
2026-07-21 22:11:17.857 10 INFO neutron.wsgi [req-fb04d010-7781-4c91-be84-aa0489b723d4 req-39bde3d1-3910-4456-be96-91909387b462 fb2384cc2e864d5089bfbb77b3325eba 078132d74c364c3780b3bda48aa6b544 - - default default] 10.0.0.81 "GET /v2.0/security-groups?id=99409acc-786c-412f-ac45-3cff32926124&fields=id&fields=name HTTP/1.1" status: 200 len: 286 time: 0.0885537
2026-07-21 22:11:17.957 9 INFO neutron.wsgi [req-f1c9764a-4162-4d9d-b22b-468979b90515 req-41fcc83b-698c-41cc-a52e-47fb62451c5c 02d96977e9d44b5295762966b8a933af fbcca595b06f4fd4929f431a3044efb4 - - default default] 10.0.0.81 "GET /v2.0/ports?device_id=df513c58-b361-4e63-b877-70d2fd4d54d6 HTTP/1.1" status: 200 len: 1174 time: 0.1860733
2026-07-21 22:11:18.035 9 INFO neutron.db.ovn_revision_numbers_db [None req-f72fe6e3-6eb8-42fc-b1bf-9c8637c16b68 4c37e9f4c896406d872d78f3bed0c496 e63d6cf45fd5428990c817ab86d83169 - - default default] Successfully bumped revision number for resource 4babbe07-4ab5-43cc-b412-b6a3700fb02a (type: security_groups) to 1
2026-07-21 22:11:18.053 9 INFO neutron.db.ovn_revision_numbers_db [None req-f72fe6e3-6eb8-42fc-b1bf-9c8637c16b68 4c37e9f4c896406d872d78f3bed0c496 e63d6cf45fd5428990c817ab86d83169 - - default default] Successfully bumped revision number for resource 2a9c5722-0deb-4e05-83af-6925858cb6ec (type: security_group_rules) to 0
2026-07-21 22:11:18.097 9 INFO neutron.db.ovn_revision_numbers_db [None req-f72fe6e3-6eb8-42fc-b1bf-9c8637c16b68 4c37e9f4c896406d872d78f3bed0c496 e63d6cf45fd5428990c817ab86d83169 - - default default] Successfully bumped revision number for resource 603a0bbb-445c-4d07-ad1e-0c6a5a44ee5d (type: security_group_rules) to 0
2026-07-21 22:11:18.127 9 INFO neutron.wsgi [req-3db6aee8-7051-477f-ba24-6ce1f6085fad req-09152c86-694a-4b6b-b6b3-bcf190432425 fb2384cc2e864d5089bfbb77b3325eba 078132d74c364c3780b3bda48aa6b544 - - default default] 199.204.45.72 "GET /v2.0/ports?device_id=131ad91a-bcdc-47cf-916b-a27430691b6c HTTP/1.1" status: 200 len: 1172 time: 0.0563064
2026-07-21 22:11:18.129 9 INFO neutron.db.ovn_revision_numbers_db [None req-f72fe6e3-6eb8-42fc-b1bf-9c8637c16b68 4c37e9f4c896406d872d78f3bed0c496 e63d6cf45fd5428990c817ab86d83169 - - default default] Successfully bumped revision number for resource 9ea092c4-4f00-45e6-9e14-5803bb272d84 (type: security_group_rules) to 0
2026-07-21 22:11:18.176 9 INFO neutron.db.ovn_revision_numbers_db [None req-f72fe6e3-6eb8-42fc-b1bf-9c8637c16b68 4c37e9f4c896406d872d78f3bed0c496 e63d6cf45fd5428990c817ab86d83169 - - default default] Successfully bumped revision number for resource d57c9540-4d97-4112-89c6-4fd0ebeec13f (type: security_group_rules) to 0
2026-07-21 22:11:18.208 10 INFO neutron.wsgi [req-29854bca-e843-4e18-b60e-9bb83ce08110 req-16110f4c-2053-49ba-afd7-e247e040f5d4 02d96977e9d44b5295762966b8a933af fbcca595b06f4fd4929f431a3044efb4 - - default default] 10.0.0.81 "GET /v2.0/ports/f29ed082-1d53-4bb8-b3b8-1fa8e619072d HTTP/1.1" status: 200 len: 1171 time: 0.1665411
2026-07-21 22:11:18.264 10 INFO neutron.db.ovn_revision_numbers_db [None req-23b69857-0848-41f6-bdef-cf138be61e50 - - - - - -] Successfully bumped revision number for resource 2637aee0-79ac-407a-aa70-08a0097cf2b7 (type: ports) to 5
2026-07-21 22:11:18.281 9 INFO neutron.db.segments_db [None req-f72fe6e3-6eb8-42fc-b1bf-9c8637c16b68 4c37e9f4c896406d872d78f3bed0c496 e63d6cf45fd5428990c817ab86d83169 - - default default] Added segment ed3de642-4a91-401c-8c3f-fff585d38a18 of type geneve for network ee1fb586-d72f-4bcb-9e58-f2c1b3430940 /var/lib/openstack/lib/python3.10/site-packages/pycadf/identifier.py:71: UserWarning: Invalid uuid: neutron. To ensure interoperability, identifiers should be a valid uuid. warnings.warn(('Invalid uuid: %s. To ensure interoperability, '
2026-07-21 22:11:18.499 10 INFO neutron.wsgi [req-2656d85a-0950-4a09-9747-ff99d4cf2377 req-e9949020-82c9-4ba3-8011-37d0d0f9f84e 02d96977e9d44b5295762966b8a933af fbcca595b06f4fd4929f431a3044efb4 - - default default] 199.204.45.72 "GET /v2.0/subnets?network_id=ce57b1c4-d021-4b89-9b41-0ce04e817105 HTTP/1.1" status: 200 len: 858 time: 0.0767834
2026-07-21 22:11:18.572 10 INFO neutron.wsgi [req-2656d85a-0950-4a09-9747-ff99d4cf2377 req-6133a4b9-7e5a-48c8-8ac1-724fc24227f4 02d96977e9d44b5295762966b8a933af fbcca595b06f4fd4929f431a3044efb4 - - default default] 199.204.45.72 "GET /v2.0/ports?device_id=df513c58-b361-4e63-b877-70d2fd4d54d6&device_owner=compute%3Anova&network_id=ce57b1c4-d021-4b89-9b41-0ce04e817105 HTTP/1.1" status: 200 len: 1174 time: 0.0674312
2026-07-21 22:11:18.658 9 INFO neutron.db.ovn_revision_numbers_db [None req-f72fe6e3-6eb8-42fc-b1bf-9c8637c16b68 4c37e9f4c896406d872d78f3bed0c496 e63d6cf45fd5428990c817ab86d83169 - - default default] Successfully bumped revision number for resource ee1fb586-d72f-4bcb-9e58-f2c1b3430940 (type: networks) to 1
2026-07-21 22:11:18.806 9 INFO neutron.wsgi [req-3db6aee8-7051-477f-ba24-6ce1f6085fad req-1a191fc4-e1c8-43df-b8fd-332f3e914c40 fb2384cc2e864d5089bfbb77b3325eba 078132d74c364c3780b3bda48aa6b544 - - default default] 199.204.45.72 "DELETE /v2.0/ports/2637aee0-79ac-407a-aa70-08a0097cf2b7 HTTP/1.1" status: 204 len: 173 time: 0.6715908
2026-07-21 22:11:18.855 9 INFO neutron.notifiers.nova [-] Nova event matching ['req-f8c5b304-4b11-4da4-89f9-a93ad9d39d2e'] response: {'server_uuid': '131ad91a-bcdc-47cf-916b-a27430691b6c', 'name': 'network-vif-deleted', 'tag': '2637aee0-79ac-407a-aa70-08a0097cf2b7', 'status': 'completed', 'code': 200}
2026-07-21 22:11:18.976 9 WARNING neutron.scheduler.dhcp_agent_scheduler [None req-f72fe6e3-6eb8-42fc-b1bf-9c8637c16b68 4c37e9f4c896406d872d78f3bed0c496 e63d6cf45fd5428990c817ab86d83169 - - default default] No more DHCP agents
2026-07-21 22:11:18.981 9 INFO neutron.wsgi [req-b8bc3e9f-8b3e-4297-83d7-a6f79484c777 req-65b2e8b0-05f8-4f9b-af20-886fe1dbb7c0 fb2384cc2e864d5089bfbb77b3325eba 078132d74c364c3780b3bda48aa6b544 - - default default] 10.0.0.81 "GET /v2.0/ports?device_id=131ad91a-bcdc-47cf-916b-a27430691b6c HTTP/1.1" status: 200 len: 210 time: 0.0378847
2026-07-21 22:11:18.988 9 WARNING neutron.api.rpc.agentnotifiers.dhcp_rpc_agent_api [None req-f72fe6e3-6eb8-42fc-b1bf-9c8637c16b68 4c37e9f4c896406d872d78f3bed0c496 e63d6cf45fd5428990c817ab86d83169 - - default default] Unable to schedule network ee1fb586-d72f-4bcb-9e58-f2c1b3430940: no agents available; will retry on subsequent port and subnet creation events.
2026-07-21 22:11:19.110 9 INFO neutron.db.ovn_revision_numbers_db [None req-f72fe6e3-6eb8-42fc-b1bf-9c8637c16b68 4c37e9f4c896406d872d78f3bed0c496 e63d6cf45fd5428990c817ab86d83169 - - default default] Successfully bumped revision number for resource 65150989-e25a-4825-b7ca-27fffb37a02c (type: ports) to 1
2026-07-21 22:11:19.132 9 INFO neutron.wsgi [None req-f72fe6e3-6eb8-42fc-b1bf-9c8637c16b68 4c37e9f4c896406d872d78f3bed0c496 e63d6cf45fd5428990c817ab86d83169 - - default default] 10.0.0.24 "POST /v2.0/networks HTTP/1.1" status: 201 len: 946 time: 1.6060834
2026-07-21 22:11:19.242 10 INFO neutron.notifiers.nova [-] Nova event matching ['req-67b2e821-f4d2-4561-a6b2-d1036d3a7733'] response: {'server_uuid': '131ad91a-bcdc-47cf-916b-a27430691b6c', 'name': 'network-vif-unplugged', 'status': 'completed', 'tag': '2637aee0-79ac-407a-aa70-08a0097cf2b7', 'code': 200}
2026-07-21 22:11:19.243 10 INFO neutron.notifiers.nova [-] Nova event matching ['req-67b2e821-f4d2-4561-a6b2-d1036d3a7733'] response: {'server_uuid': '131ad91a-bcdc-47cf-916b-a27430691b6c', 'name': 'network-vif-plugged', 'status': 'completed', 'tag': '2637aee0-79ac-407a-aa70-08a0097cf2b7', 'code': 200}
2026-07-21 22:11:19.336 9 INFO neutron.wsgi [-] 10.0.0.237 "GET / HTTP/1.1" status: 200 len: 247 time: 0.0028274
2026-07-21 22:11:19.342 9 INFO neutron.wsgi [-] 10.0.0.237 "GET / HTTP/1.1" status: 200 len: 247 time: 0.0050120
2026-07-21 22:11:19.432 10 WARNING neutron.scheduler.dhcp_agent_scheduler [None req-673255d7-e717-4998-9cf2-eedc7bcf56df 4c37e9f4c896406d872d78f3bed0c496 e63d6cf45fd5428990c817ab86d83169 - - default default] No more DHCP agents
2026-07-21 22:11:19.433 10 WARNING neutron.api.rpc.agentnotifiers.dhcp_rpc_agent_api [None req-673255d7-e717-4998-9cf2-eedc7bcf56df 4c37e9f4c896406d872d78f3bed0c496 e63d6cf45fd5428990c817ab86d83169 - - default default] Unable to schedule network ee1fb586-d72f-4bcb-9e58-f2c1b3430940: no agents available; will retry on subsequent port and subnet creation events.
2026-07-21 22:11:19.691 10 INFO neutron.db.ovn_revision_numbers_db [req-2656d85a-0950-4a09-9747-ff99d4cf2377 req-9f80753b-addf-4b68-b66e-3055acf64c1b 02d96977e9d44b5295762966b8a933af fbcca595b06f4fd4929f431a3044efb4 - - default default] Successfully bumped revision number for resource f29ed082-1d53-4bb8-b3b8-1fa8e619072d (type: ports) to 5
2026-07-21 22:11:19.727 10 INFO neutron.wsgi [req-2656d85a-0950-4a09-9747-ff99d4cf2377 req-9f80753b-addf-4b68-b66e-3055acf64c1b 02d96977e9d44b5295762966b8a933af fbcca595b06f4fd4929f431a3044efb4 - - default default] 199.204.45.72 "PUT /v2.0/ports/f29ed082-1d53-4bb8-b3b8-1fa8e619072d HTTP/1.1" status: 200 len: 1349 time: 1.1487949 /var/lib/openstack/lib/python3.10/site-packages/pycadf/identifier.py:71: UserWarning: Invalid uuid: neutron. To ensure interoperability, identifiers should be a valid uuid. warnings.warn(('Invalid uuid: %s. To ensure interoperability, '
2026-07-21 22:11:19.810 10 INFO neutron.wsgi [req-2656d85a-0950-4a09-9747-ff99d4cf2377 req-27eedbc9-2688-46ed-be65-54531a7902e2 294eab28782a44b793f68080f8646925 a2a1e0c2788048ff8492de98ea2929da - - 98c96a7a0f3343c0a18ad4bd9845e374 98c96a7a0f3343c0a18ad4bd9845e374] 199.204.45.72 "GET /v2.0/ports?tenant_id=fbcca595b06f4fd4929f431a3044efb4&device_id=df513c58-b361-4e63-b877-70d2fd4d54d6 HTTP/1.1" status: 200 len: 1590 time: 0.0594265
2026-07-21 22:11:19.936 10 INFO neutron.wsgi [req-2656d85a-0950-4a09-9747-ff99d4cf2377 req-a6c9abce-bf77-4119-9c2b-04d6a8cdb156 294eab28782a44b793f68080f8646925 a2a1e0c2788048ff8492de98ea2929da - - 98c96a7a0f3343c0a18ad4bd9845e374 98c96a7a0f3343c0a18ad4bd9845e374] 199.204.45.72 "GET /v2.0/networks?id=ce57b1c4-d021-4b89-9b41-0ce04e817105 HTTP/1.1" status: 200 len: 981 time: 0.1175559
2026-07-21 22:11:20.003 10 INFO neutron.wsgi [req-2656d85a-0950-4a09-9747-ff99d4cf2377 req-be2b8b21-5456-49a9-b435-681ef82aeba7 294eab28782a44b793f68080f8646925 a2a1e0c2788048ff8492de98ea2929da - - 98c96a7a0f3343c0a18ad4bd9845e374 98c96a7a0f3343c0a18ad4bd9845e374] 199.204.45.72 "GET /v2.0/floatingips?fixed_ip_address=10.100.0.12&port_id=f29ed082-1d53-4bb8-b3b8-1fa8e619072d HTTP/1.1" status: 200 len: 1060 time: 0.0611660
2026-07-21 22:11:20.047 10 INFO neutron.wsgi [req-2656d85a-0950-4a09-9747-ff99d4cf2377 req-d1db7452-f564-420d-8b47-871637bc1c47 294eab28782a44b793f68080f8646925 a2a1e0c2788048ff8492de98ea2929da - - 98c96a7a0f3343c0a18ad4bd9845e374 98c96a7a0f3343c0a18ad4bd9845e374] 199.204.45.72 "GET /v2.0/floatingips?fixed_ip_address=10.100.0.7&port_id=f29ed082-1d53-4bb8-b3b8-1fa8e619072d HTTP/1.1" status: 200 len: 217 time: 0.0367014
2026-07-21 22:11:20.122 10 INFO neutron.wsgi [req-2656d85a-0950-4a09-9747-ff99d4cf2377 req-2ffbde34-7808-48c9-bacc-d36b427beb34 294eab28782a44b793f68080f8646925 a2a1e0c2788048ff8492de98ea2929da - - 98c96a7a0f3343c0a18ad4bd9845e374 98c96a7a0f3343c0a18ad4bd9845e374] 199.204.45.72 "GET /v2.0/subnets?id=3e660e8c-6821-4f36-99bc-0655416dc871 HTTP/1.1" status: 200 len: 876 time: 0.0695500
2026-07-21 22:11:20.174 10 INFO neutron.wsgi [req-2656d85a-0950-4a09-9747-ff99d4cf2377 req-ea750d37-0583-4e63-b524-599ecb4df7a3 294eab28782a44b793f68080f8646925 a2a1e0c2788048ff8492de98ea2929da - - 98c96a7a0f3343c0a18ad4bd9845e374 98c96a7a0f3343c0a18ad4bd9845e374] 199.204.45.72 "GET /v2.0/ports?network_id=ce57b1c4-d021-4b89-9b41-0ce04e817105&device_owner=network%3Adhcp HTTP/1.1" status: 200 len: 210 time: 0.0386498
2026-07-21 22:11:20.349 10 INFO neutron.wsgi [req-2656d85a-0950-4a09-9747-ff99d4cf2377 req-b67acc1c-3934-4a8d-875e-8c8e9e11998a 294eab28782a44b793f68080f8646925 a2a1e0c2788048ff8492de98ea2929da - - 98c96a7a0f3343c0a18ad4bd9845e374 98c96a7a0f3343c0a18ad4bd9845e374] 199.204.45.72 "GET /v2.0/networks/ce57b1c4-d021-4b89-9b41-0ce04e817105?fields=segments HTTP/1.1" status: 200 len: 212 time: 0.1628351
2026-07-21 22:11:20.484 10 INFO neutron.wsgi [req-2656d85a-0950-4a09-9747-ff99d4cf2377 req-95a7a7d9-105f-4229-b660-778539ce224b 294eab28782a44b793f68080f8646925 a2a1e0c2788048ff8492de98ea2929da - - 98c96a7a0f3343c0a18ad4bd9845e374 98c96a7a0f3343c0a18ad4bd9845e374] 199.204.45.72 "GET /v2.0/networks/ce57b1c4-d021-4b89-9b41-0ce04e817105?fields=provider%3Aphysical_network&fields=provider%3Anetwork_type HTTP/1.1" status: 200 len: 277 time: 0.1243501
2026-07-21 22:11:20.541 10 INFO neutron.db.ovn_revision_numbers_db [None req-673255d7-e717-4998-9cf2-eedc7bcf56df 4c37e9f4c896406d872d78f3bed0c496 e63d6cf45fd5428990c817ab86d83169 - - default default] Successfully bumped revision number for resource 65150989-e25a-4825-b7ca-27fffb37a02c (type: ports) to 2
2026-07-21 22:11:20.617 10 INFO neutron.db.ovn_revision_numbers_db [None req-673255d7-e717-4998-9cf2-eedc7bcf56df 4c37e9f4c896406d872d78f3bed0c496 e63d6cf45fd5428990c817ab86d83169 - - default default] Successfully bumped revision number for resource 27ab5cd1-0d31-48f3-8014-6f1ab0f572dd (type: subnets) to 0
2026-07-21 22:11:20.637 10 INFO neutron.wsgi [None req-673255d7-e717-4998-9cf2-eedc7bcf56df 4c37e9f4c896406d872d78f3bed0c496 e63d6cf45fd5428990c817ab86d83169 - - default default] 10.0.0.24 "POST /v2.0/subnets HTTP/1.1" status: 201 len: 866 time: 1.4923065
2026-07-21 22:11:20.866 9 INFO neutron.db.ovn_revision_numbers_db [None req-6bb9af81-7194-4c31-8d4e-ca3d242be408 4c37e9f4c896406d872d78f3bed0c496 e63d6cf45fd5428990c817ab86d83169 - - default default] Successfully bumped revision number for resource 69343ad4-d61d-4dc6-9b45-3757069d6f97 (type: security_groups) to 1
2026-07-21 22:11:20.884 9 INFO neutron.db.ovn_revision_numbers_db [None req-6bb9af81-7194-4c31-8d4e-ca3d242be408 4c37e9f4c896406d872d78f3bed0c496 e63d6cf45fd5428990c817ab86d83169 - - default default] Successfully bumped revision number for resource 35f31570-da38-4c6e-b71b-d894427ccecd (type: security_group_rules) to 0
2026-07-21 22:11:20.904 9 INFO neutron.db.ovn_revision_numbers_db [None req-6bb9af81-7194-4c31-8d4e-ca3d242be408 4c37e9f4c896406d872d78f3bed0c496 e63d6cf45fd5428990c817ab86d83169 - - default default] Successfully bumped revision number for resource 36efde4f-63f3-4ecf-b6c3-71ba85346e05 (type: security_group_rules) to 0
2026-07-21 22:11:20.920 9 INFO neutron.db.ovn_revision_numbers_db [None req-6bb9af81-7194-4c31-8d4e-ca3d242be408 4c37e9f4c896406d872d78f3bed0c496 e63d6cf45fd5428990c817ab86d83169 - - default default] Successfully bumped revision number for resource 5b607b01-0d68-4750-9502-9e9e5cf763d2 (type: security_group_rules) to 0
2026-07-21 22:11:20.934 9 INFO neutron.db.ovn_revision_numbers_db [None req-6bb9af81-7194-4c31-8d4e-ca3d242be408 4c37e9f4c896406d872d78f3bed0c496 e63d6cf45fd5428990c817ab86d83169 - - default default] Successfully bumped revision number for resource ea7ead77-7ad1-4df1-985e-dc780ff1511f (type: security_group_rules) to 0
2026-07-21 22:11:20.972 9 INFO neutron.wsgi [None req-6bb9af81-7194-4c31-8d4e-ca3d242be408 4c37e9f4c896406d872d78f3bed0c496 e63d6cf45fd5428990c817ab86d83169 - - default default] 10.0.0.24 "GET /v2.0/security-groups?tenant_id=ebf331d019f444d286ff027414273f89&name=default HTTP/1.1" status: 200 len: 2996 time: 0.8296678
2026-07-21 22:11:21.185 10 WARNING neutron.scheduler.dhcp_agent_scheduler [None req-d3a52334-b08c-44ce-a616-b28ded9d2775 4c37e9f4c896406d872d78f3bed0c496 e63d6cf45fd5428990c817ab86d83169 - - default default] No more DHCP agents
2026-07-21 22:11:21.188 10 WARNING neutron.api.rpc.agentnotifiers.dhcp_rpc_agent_api [None req-d3a52334-b08c-44ce-a616-b28ded9d2775 4c37e9f4c896406d872d78f3bed0c496 e63d6cf45fd5428990c817ab86d83169 - - default default] Unable to schedule network 4adc767c-d433-4b60-90dd-0b32e488d333: no agents available; will retry on subsequent port and subnet creation events.
2026-07-21 22:11:21.297 10 INFO neutron.notifiers.nova [-] Nova event matching ['req-d3c39350-c818-4bb8-b594-a172fe3242ad'] response: {'name': 'network-changed', 'server_uuid': 'df513c58-b361-4e63-b877-70d2fd4d54d6', 'tag': 'f29ed082-1d53-4bb8-b3b8-1fa8e619072d', 'status': 'completed', 'code': 200}
2026-07-21 22:11:21.300 9 INFO neutron.wsgi [None req-c4ea9963-2973-4faa-b04e-4c09107b7969 4c37e9f4c896406d872d78f3bed0c496 e63d6cf45fd5428990c817ab86d83169 - - default default] 10.0.0.24 "DELETE /v2.0/security-groups/69343ad4-d61d-4dc6-9b45-3757069d6f97 HTTP/1.1" status: 204 len: 168 time: 0.3231564
2026-07-21 22:11:21.371 10 INFO neutron.wsgi [req-d75278c6-f9a2-4f05-8cec-19789f32c88f req-bda3a44c-4dee-4271-97b8-7f52b41e085c 294eab28782a44b793f68080f8646925 a2a1e0c2788048ff8492de98ea2929da - - 98c96a7a0f3343c0a18ad4bd9845e374 98c96a7a0f3343c0a18ad4bd9845e374] 199.204.45.72 "GET /v2.0/ports?tenant_id=fbcca595b06f4fd4929f431a3044efb4&device_id=df513c58-b361-4e63-b877-70d2fd4d54d6 HTTP/1.1" status: 200 len: 1590 time: 0.0457203
2026-07-21 22:11:21.450 10 INFO neutron.db.ovn_revision_numbers_db [None req-d3a52334-b08c-44ce-a616-b28ded9d2775 4c37e9f4c896406d872d78f3bed0c496 e63d6cf45fd5428990c817ab86d83169 - - default default] Successfully bumped revision number for resource 2763e839-3bce-46e1-8e07-60a02e704bc5 (type: ports) to 1
2026-07-21 22:11:21.470 10 INFO neutron.wsgi [req-d75278c6-f9a2-4f05-8cec-19789f32c88f req-a6eca737-dc64-4c08-9e42-a6ef04379bd0 294eab28782a44b793f68080f8646925 a2a1e0c2788048ff8492de98ea2929da - - 98c96a7a0f3343c0a18ad4bd9845e374 98c96a7a0f3343c0a18ad4bd9845e374] 199.204.45.72 "GET /v2.0/networks?id=ce57b1c4-d021-4b89-9b41-0ce04e817105 HTTP/1.1" status: 200 len: 981 time: 0.0904641
