2026-07-21 22:12:05.287 9 INFO neutron.db.ovn_revision_numbers_db [None req-51f255a3-79e3-49e4-8535-f9f88ce34937 4c37e9f4c896406d872d78f3bed0c496 e63d6cf45fd5428990c817ab86d83169 - - default default] Successfully bumped revision number for resource 74194cfd-338e-4da1-b580-07bb5378848d (type: security_group_rules) to 0
2026-07-21 22:12:05.318 9 INFO neutron.db.ovn_revision_numbers_db [None req-51f255a3-79e3-49e4-8535-f9f88ce34937 4c37e9f4c896406d872d78f3bed0c496 e63d6cf45fd5428990c817ab86d83169 - - default default] Successfully bumped revision number for resource c6ab88ea-f893-4c3e-b07f-38ecfd77a136 (type: security_group_rules) to 0
2026-07-21 22:12:05.348 9 INFO neutron.wsgi [None req-6d91fd71-172d-4236-b9f1-5e59d907e23f 67cbca0f61f7497299a36c8b5e6c6223 80d6f0187e944bd1871debd8ef6fcd14 - - default default] 10.0.0.24 "DELETE /v2.0/ports/78b68ffb-61e6-4adb-ae07-548c004da924 HTTP/1.1" status: 204 len: 168 time: 0.6075613
2026-07-21 22:12:05.358 9 INFO neutron.db.ovn_revision_numbers_db [None req-51f255a3-79e3-49e4-8535-f9f88ce34937 4c37e9f4c896406d872d78f3bed0c496 e63d6cf45fd5428990c817ab86d83169 - - default default] Successfully bumped revision number for resource ea480daa-53e0-4fc1-971b-fc63f1e36884 (type: security_group_rules) to 0
2026-07-21 22:12:05.384 9 INFO neutron.notifiers.nova [-] Nova event matching ['req-b50117a5-a39d-4e59-a2a0-8a5b8ae4598b'] response: {'server_uuid': '152b9685-67d6-497d-a746-871a3faaa389', 'name': 'network-vif-plugged', 'status': 'completed', 'tag': '422a849e-5d95-4024-a5ab-fcc18dc46b31', 'code': 200}
2026-07-21 22:12:05.401 9 INFO neutron.wsgi [None req-51f255a3-79e3-49e4-8535-f9f88ce34937 4c37e9f4c896406d872d78f3bed0c496 e63d6cf45fd5428990c817ab86d83169 - - default default] 10.0.0.24 "GET /v2.0/security-groups?tenant_id=3946266676694bf99eb8ee5673a6b775&name=default HTTP/1.1" status: 200 len: 2996 time: 0.4838054
2026-07-21 22:12:05.541 10 INFO neutron.wsgi [None req-cc4bea07-282a-4f50-8d26-f78da4e97745 67cbca0f61f7497299a36c8b5e6c6223 80d6f0187e944bd1871debd8ef6fcd14 - - default default] 10.0.0.24 "GET /v2.0/ports?device_id=60ec58d0-29f5-4f03-9358-95d8c4cd0027 HTTP/1.1" status: 200 len: 1140 time: 0.1851203 /var/lib/openstack/lib/python3.10/site-packages/pycadf/identifier.py:71: UserWarning: Invalid uuid: neutron. To ensure interoperability, identifiers should be a valid uuid. warnings.warn(('Invalid uuid: %s. To ensure interoperability, '
2026-07-21 22:12:05.626 9 INFO neutron.db.ovn_revision_numbers_db [None req-8835f594-bc35-4410-94ff-92550b4c7f68 - - - - - -] Successfully bumped revision number for resource 422a849e-5d95-4024-a5ab-fcc18dc46b31 (type: ports) to 4
2026-07-21 22:12:05.788 9 INFO neutron.wsgi [req-b99484c9-8fb6-4234-a2c3-07b669467f81 req-5bfd884c-5c3d-43d3-a8d1-4a47bd66e44e 7b019e581479436693c8849d5b601b10 c03811224e8b466cb5c045e0be6cea17 - - default default] 10.0.0.81 "GET /v2.0/ports?device_id=152b9685-67d6-497d-a746-871a3faaa389 HTTP/1.1" status: 200 len: 1174 time: 0.1997550 /var/lib/openstack/lib/python3.10/site-packages/pycadf/identifier.py:71: UserWarning: Invalid uuid: neutron. To ensure interoperability, identifiers should be a valid uuid. warnings.warn(('Invalid uuid: %s. To ensure interoperability, '
2026-07-21 22:12:05.846 9 INFO neutron.wsgi [req-b99484c9-8fb6-4234-a2c3-07b669467f81 req-56fab12d-1bbf-41e2-a5b9-25b9850f3da3 7b019e581479436693c8849d5b601b10 c03811224e8b466cb5c045e0be6cea17 - - default default] 10.0.0.81 "GET /v2.0/security-groups?id=3046739f-0444-4bbe-9858-61af97791002&fields=id&fields=name HTTP/1.1" status: 200 len: 313 time: 0.0482097
2026-07-21 22:12:05.951 10 INFO neutron.wsgi [None req-6afbc75b-9990-401c-a6f3-6793c1b3364a 4c37e9f4c896406d872d78f3bed0c496 e63d6cf45fd5428990c817ab86d83169 - - default default] 10.0.0.24 "DELETE /v2.0/security-groups/187bb04e-fd15-471f-8bff-f4718586d826 HTTP/1.1" status: 204 len: 168 time: 0.5414884
2026-07-21 22:12:05.996 10 INFO neutron.services.segments.plugin [-] Segment fd77f3e9-4156-487a-9201-1a45b4a1ea15 resource provider aggregate not found
2026-07-21 22:12:06.009 10 INFO neutron.services.segments.plugin [-] Segment fd77f3e9-4156-487a-9201-1a45b4a1ea15 resource provider aggregate not found
2026-07-21 22:12:06.029 10 INFO neutron.services.segments.plugin [-] Segment fd77f3e9-4156-487a-9201-1a45b4a1ea15 resource provider not found; error: Placement Client Error (4xx): {"errors": [{"status": 404, "title": "Not Found", "detail": "The resource could not be found.\n\n No resource provider with uuid fd77f3e9-4156-487a-9201-1a45b4a1ea15 found for delete ", "request_id": "req-b32389ff-6b9a-4614-a440-400f208bfbbd"}]}
2026-07-21 22:12:06.034 10 INFO neutron.services.segments.plugin [-] Segment fd77f3e9-4156-487a-9201-1a45b4a1ea15 resource provider not found; error: Placement Client Error (4xx): {"errors": [{"status": 404, "title": "Not Found", "detail": "The resource could not be found.\n\n No resource provider with uuid fd77f3e9-4156-487a-9201-1a45b4a1ea15 found for delete ", "request_id": "req-b94610a4-251b-446b-984a-3b2125bfc6a9"}]}
2026-07-21 22:12:06.087 10 INFO neutron.wsgi [None req-20631202-bc64-4ba0-bce5-c3b20f490961 c82ee807acf64ba9a2f1c0d07235e54b 07c2932912db40769f2e0731015ec4ac - - default default] 10.0.0.24 "DELETE /v2.0/networks/2daf143a-e14b-4c6b-8a49-709dc7181c9f HTTP/1.1" status: 204 len: 168 time: 0.8158503
2026-07-21 22:12:06.562 9 INFO neutron.services.segments.plugin [-] Segment b44a177f-4119-4d6b-9096-9273ed234bde resource provider aggregate not found
2026-07-21 22:12:06.568 9 INFO neutron.services.segments.plugin [-] Segment b44a177f-4119-4d6b-9096-9273ed234bde resource provider aggregate not found
2026-07-21 22:12:06.594 9 INFO neutron.services.segments.plugin [-] Segment b44a177f-4119-4d6b-9096-9273ed234bde resource provider not found; error: Placement Client Error (4xx): {"errors": [{"status": 404, "title": "Not Found", "detail": "The resource could not be found.\n\n No resource provider with uuid b44a177f-4119-4d6b-9096-9273ed234bde found for delete ", "request_id": "req-04d5b58f-f181-474a-8a72-018e59f35eb8"}]}
2026-07-21 22:12:06.599 9 INFO neutron.services.segments.plugin [-] Segment b44a177f-4119-4d6b-9096-9273ed234bde resource provider not found; error: Placement Client Error (4xx): {"errors": [{"status": 404, "title": "Not Found", "detail": "The resource could not be found.\n\n No resource provider with uuid b44a177f-4119-4d6b-9096-9273ed234bde found for delete ", "request_id": "req-f746b4b4-8fc1-4d0a-9d67-7fbd40caa730"}]}
2026-07-21 22:12:06.631 9 INFO neutron.wsgi [None req-97ad186c-3774-475e-b7c4-fe3eeeceb6cc c82ee807acf64ba9a2f1c0d07235e54b 07c2932912db40769f2e0731015ec4ac - - default default] 10.0.0.24 "DELETE /v2.0/networks/16f9d6cb-27a5-44b9-aab0-25abbb8fdc42 HTTP/1.1" status: 204 len: 168 time: 0.5366557
2026-07-21 22:12:06.731 10 INFO neutron.wsgi [None req-c7f01ae0-0233-4006-b5b6-77e3473f8339 c82ee807acf64ba9a2f1c0d07235e54b 07c2932912db40769f2e0731015ec4ac - - default default] 10.0.0.24 "GET /v2.0/networks HTTP/1.1" status: 200 len: 845 time: 0.0946348
2026-07-21 22:12:07.128 10 INFO neutron.wsgi [req-2d6c1797-d134-4ee8-8006-36ea7bd71d4e req-6f711fb0-be78-46b6-baa4-8612724a31b8 7b019e581479436693c8849d5b601b10 c03811224e8b466cb5c045e0be6cea17 - - default default] 10.0.0.81 "GET /v2.0/ports?device_id=152b9685-67d6-497d-a746-871a3faaa389 HTTP/1.1" status: 200 len: 1174 time: 0.0608308
2026-07-21 22:12:07.232 10 INFO neutron.wsgi [req-2d6c1797-d134-4ee8-8006-36ea7bd71d4e req-a18e32e4-cdd2-40c8-9f5a-4ec61e6f32c1 7b019e581479436693c8849d5b601b10 c03811224e8b466cb5c045e0be6cea17 - - default default] 10.0.0.81 "GET /v2.0/security-groups?id=3046739f-0444-4bbe-9858-61af97791002&fields=id&fields=name HTTP/1.1" status: 200 len: 313 time: 0.0878808
2026-07-21 22:12:07.262 10 INFO neutron.db.segments_db [None req-4bfa0e30-cf6d-4001-8e91-ddff29950f87 c82ee807acf64ba9a2f1c0d07235e54b 07c2932912db40769f2e0731015ec4ac - - default default] Added segment 07e6648d-642f-42b7-a26a-13d005520058 of type geneve for network d4c75f02-ad84-43c8-99dd-53be1514191c
2026-07-21 22:12:07.322 10 INFO neutron.wsgi [None req-e7d1f1b9-0f1c-4648-8396-7f21eb8db1d1 67cbca0f61f7497299a36c8b5e6c6223 80d6f0187e944bd1871debd8ef6fcd14 - - default default] 10.0.0.24 "PUT /v2.0/routers/60ec58d0-29f5-4f03-9358-95d8c4cd0027/remove_router_interface HTTP/1.1" status: 200 len: 503 time: 1.7697718 /var/lib/openstack/lib/python3.10/site-packages/pycadf/identifier.py:71: UserWarning: Invalid uuid: neutron. To ensure interoperability, identifiers should be a valid uuid. warnings.warn(('Invalid uuid: %s. To ensure interoperability, '
2026-07-21 22:12:07.371 9 INFO neutron.wsgi [req-84eec817-f029-417e-b6a2-6e8a182bcfe9 req-8fcb85c7-fa15-483d-92f1-ddd9020b08f3 7b019e581479436693c8849d5b601b10 c03811224e8b466cb5c045e0be6cea17 - - default default] 10.0.0.81 "GET /v2.0/ports?device_id=152b9685-67d6-497d-a746-871a3faaa389 HTTP/1.1" status: 200 len: 1174 time: 0.0469458
2026-07-21 22:12:07.439 9 INFO neutron.notifiers.nova [-] Nova event matching ['req-86bca320-c8b3-4c1a-ae14-76976106d6bd'] response: {'server_uuid': '152b9685-67d6-497d-a746-871a3faaa389', 'name': 'network-vif-plugged', 'status': 'completed', 'tag': '422a849e-5d95-4024-a5ab-fcc18dc46b31', 'code': 200}
2026-07-21 22:12:07.697 10 INFO neutron.db.ovn_revision_numbers_db [None req-4bfa0e30-cf6d-4001-8e91-ddff29950f87 c82ee807acf64ba9a2f1c0d07235e54b 07c2932912db40769f2e0731015ec4ac - - default default] Successfully bumped revision number for resource d4c75f02-ad84-43c8-99dd-53be1514191c (type: networks) to 1
2026-07-21 22:12:07.837 10 INFO neutron.db.l3_db [None req-bacbcfd8-766b-41dc-9c92-d48e290b9e22 7b019e581479436693c8849d5b601b10 c03811224e8b466cb5c045e0be6cea17 - - default default] Floating IP 2ab757f9-e697-4417-9333-428ac129ff6c associated. External IP: 10.96.250.203, port: 422a849e-5d95-4024-a5ab-fcc18dc46b31.
2026-07-21 22:12:08.044 10 WARNING neutron.scheduler.dhcp_agent_scheduler [None req-4bfa0e30-cf6d-4001-8e91-ddff29950f87 c82ee807acf64ba9a2f1c0d07235e54b 07c2932912db40769f2e0731015ec4ac - - default default] No more DHCP agents
2026-07-21 22:12:08.051 10 WARNING neutron.api.rpc.agentnotifiers.dhcp_rpc_agent_api [None req-4bfa0e30-cf6d-4001-8e91-ddff29950f87 c82ee807acf64ba9a2f1c0d07235e54b 07c2932912db40769f2e0731015ec4ac - - default default] Unable to schedule network d4c75f02-ad84-43c8-99dd-53be1514191c: no agents available; will retry on subsequent port and subnet creation events.
2026-07-21 22:12:08.233 10 INFO neutron.db.ovn_revision_numbers_db [None req-4bfa0e30-cf6d-4001-8e91-ddff29950f87 c82ee807acf64ba9a2f1c0d07235e54b 07c2932912db40769f2e0731015ec4ac - - default default] Successfully bumped revision number for resource 0a1f4b22-d226-43be-bb1e-d6aea830bceb (type: ports) to 1
2026-07-21 22:12:08.256 10 INFO neutron.db.ovn_revision_numbers_db [None req-bacbcfd8-766b-41dc-9c92-d48e290b9e22 7b019e581479436693c8849d5b601b10 c03811224e8b466cb5c045e0be6cea17 - - default default] Successfully bumped revision number for resource 2ab757f9-e697-4417-9333-428ac129ff6c (type: floatingips) to 1
2026-07-21 22:12:08.289 10 INFO neutron.wsgi [None req-4bfa0e30-cf6d-4001-8e91-ddff29950f87 c82ee807acf64ba9a2f1c0d07235e54b 07c2932912db40769f2e0731015ec4ac - - default default] 10.0.0.24 "POST /v2.0/networks HTTP/1.1" status: 201 len: 851 time: 1.5525010 /var/lib/openstack/lib/python3.10/site-packages/pycadf/identifier.py:71: UserWarning: Invalid uuid: neutron. To ensure interoperability, identifiers should be a valid uuid. warnings.warn(('Invalid uuid: %s. To ensure interoperability, '
2026-07-21 22:12:08.439 9 INFO neutron.db.segments_db [None req-e432cc76-09ec-42f2-b060-a71e75bb5a3a c82ee807acf64ba9a2f1c0d07235e54b 07c2932912db40769f2e0731015ec4ac - - default default] Added segment fec7f727-a4f4-4f6f-87ac-62c2c33431d9 of type geneve for network 7323b6ce-5fa9-4a30-9bc3-ab8f607594f7
2026-07-21 22:12:08.497 10 INFO neutron.db.ovn_revision_numbers_db [None req-bacbcfd8-766b-41dc-9c92-d48e290b9e22 7b019e581479436693c8849d5b601b10 c03811224e8b466cb5c045e0be6cea17 - - default default] Successfully bumped revision number for resource 2ab757f9-e697-4417-9333-428ac129ff6c (type: floatingips) to 2
2026-07-21 22:12:08.555 10 INFO neutron.wsgi [None req-bacbcfd8-766b-41dc-9c92-d48e290b9e22 7b019e581479436693c8849d5b601b10 c03811224e8b466cb5c045e0be6cea17 - - default default] 10.0.0.24 "PUT /v2.0/floatingips/2ab757f9-e697-4417-9333-428ac129ff6c HTTP/1.1" status: 200 len: 1050 time: 1.1596122
2026-07-21 22:12:08.586 10 INFO neutron.wsgi [None req-3f94ce5e-92fa-4a09-a521-f323085de358 67cbca0f61f7497299a36c8b5e6c6223 80d6f0187e944bd1871debd8ef6fcd14 - - default default] 10.0.0.24 "DELETE /v2.0/routers/60ec58d0-29f5-4f03-9358-95d8c4cd0027 HTTP/1.1" status: 204 len: 168 time: 1.2560663
2026-07-21 22:12:08.609 10 INFO neutron.notifiers.nova [-] Nova event matching ['req-8092fa7c-c530-43e2-9e61-e4a66c826e9c'] response: {'name': 'network-changed', 'server_uuid': '152b9685-67d6-497d-a746-871a3faaa389', 'tag': '422a849e-5d95-4024-a5ab-fcc18dc46b31', 'status': 'completed', 'code': 200}
2026-07-21 22:12:08.639 9 INFO neutron.db.ovn_revision_numbers_db [None req-e432cc76-09ec-42f2-b060-a71e75bb5a3a c82ee807acf64ba9a2f1c0d07235e54b 07c2932912db40769f2e0731015ec4ac - - default default] Successfully bumped revision number for resource 7323b6ce-5fa9-4a30-9bc3-ab8f607594f7 (type: networks) to 1
2026-07-21 22:12:08.696 10 INFO neutron.wsgi [req-6facefcc-df5a-4de5-96ac-cd272261f43f req-400a40b4-4200-4c0b-9fff-58d12e63b4ae 294eab28782a44b793f68080f8646925 a2a1e0c2788048ff8492de98ea2929da - - 98c96a7a0f3343c0a18ad4bd9845e374 98c96a7a0f3343c0a18ad4bd9845e374] 199.204.45.72 "GET /v2.0/ports?tenant_id=c03811224e8b466cb5c045e0be6cea17&device_id=152b9685-67d6-497d-a746-871a3faaa389 HTTP/1.1" status: 200 len: 1413 time: 0.0611727
2026-07-21 22:12:08.798 10 INFO neutron.wsgi [req-6facefcc-df5a-4de5-96ac-cd272261f43f req-bae84920-ac8d-473f-874b-462c3c33a8ed 294eab28782a44b793f68080f8646925 a2a1e0c2788048ff8492de98ea2929da - - 98c96a7a0f3343c0a18ad4bd9845e374 98c96a7a0f3343c0a18ad4bd9845e374] 199.204.45.72 "GET /v2.0/networks?id=fedd6418-fafc-4dd4-a4dc-daf61b6f3e26 HTTP/1.1" status: 200 len: 973 time: 0.0920339
2026-07-21 22:12:08.854 10 INFO neutron.wsgi [req-6facefcc-df5a-4de5-96ac-cd272261f43f req-e6fe0794-1506-48dd-b767-996941a2fb10 294eab28782a44b793f68080f8646925 a2a1e0c2788048ff8492de98ea2929da - - 98c96a7a0f3343c0a18ad4bd9845e374 98c96a7a0f3343c0a18ad4bd9845e374] 199.204.45.72 "GET /v2.0/floatingips?fixed_ip_address=10.100.0.10&port_id=422a849e-5d95-4024-a5ab-fcc18dc46b31 HTTP/1.1" status: 200 len: 1060 time: 0.0496438
2026-07-21 22:12:08.856 9 WARNING neutron.scheduler.dhcp_agent_scheduler [None req-e432cc76-09ec-42f2-b060-a71e75bb5a3a c82ee807acf64ba9a2f1c0d07235e54b 07c2932912db40769f2e0731015ec4ac - - default default] No more DHCP agents
2026-07-21 22:12:08.858 9 WARNING neutron.api.rpc.agentnotifiers.dhcp_rpc_agent_api [None req-e432cc76-09ec-42f2-b060-a71e75bb5a3a c82ee807acf64ba9a2f1c0d07235e54b 07c2932912db40769f2e0731015ec4ac - - default default] Unable to schedule network 7323b6ce-5fa9-4a30-9bc3-ab8f607594f7: no agents available; will retry on subsequent port and subnet creation events.
2026-07-21 22:12:08.890 10 INFO neutron.wsgi [None req-8869f015-3bac-4113-a8fd-08df4f639704 67cbca0f61f7497299a36c8b5e6c6223 80d6f0187e944bd1871debd8ef6fcd14 - - default default] 10.0.0.24 "DELETE /v2.0/subnets/45834cf9-7a06-4f69-9d89-bb7e39c30028 HTTP/1.1" status: 204 len: 168 time: 0.2989218
2026-07-21 22:12:08.922 10 INFO neutron.wsgi [req-6facefcc-df5a-4de5-96ac-cd272261f43f req-042bf667-3256-4f9e-98e3-3a48aeec4ec3 294eab28782a44b793f68080f8646925 a2a1e0c2788048ff8492de98ea2929da - - 98c96a7a0f3343c0a18ad4bd9845e374 98c96a7a0f3343c0a18ad4bd9845e374] 199.204.45.72 "GET /v2.0/subnets?id=7fe05b4e-263c-4bd8-9638-6942d0005336 HTTP/1.1" status: 200 len: 868 time: 0.0609448
2026-07-21 22:12:08.949 9 INFO neutron.db.ovn_revision_numbers_db [None req-e432cc76-09ec-42f2-b060-a71e75bb5a3a c82ee807acf64ba9a2f1c0d07235e54b 07c2932912db40769f2e0731015ec4ac - - default default] Successfully bumped revision number for resource 6c9672ad-67ef-42cc-ae82-491f04cee922 (type: ports) to 1
2026-07-21 22:12:08.966 10 INFO neutron.wsgi [req-6facefcc-df5a-4de5-96ac-cd272261f43f req-ea982532-3667-4b25-9891-b7fb11c81c50 294eab28782a44b793f68080f8646925 a2a1e0c2788048ff8492de98ea2929da - - 98c96a7a0f3343c0a18ad4bd9845e374 98c96a7a0f3343c0a18ad4bd9845e374] 199.204.45.72 "GET /v2.0/ports?network_id=fedd6418-fafc-4dd4-a4dc-daf61b6f3e26&device_owner=network%3Adhcp HTTP/1.1" status: 200 len: 210 time: 0.0376048
2026-07-21 22:12:08.978 9 INFO neutron.wsgi [None req-e432cc76-09ec-42f2-b060-a71e75bb5a3a c82ee807acf64ba9a2f1c0d07235e54b 07c2932912db40769f2e0731015ec4ac - - default default] 10.0.0.24 "POST /v2.0/networks HTTP/1.1" status: 201 len: 853 time: 0.6795166
2026-07-21 22:12:09.057 10 INFO neutron.wsgi [req-6facefcc-df5a-4de5-96ac-cd272261f43f req-85cd83a1-9b56-4f92-ba93-f46a70373e23 294eab28782a44b793f68080f8646925 a2a1e0c2788048ff8492de98ea2929da - - 98c96a7a0f3343c0a18ad4bd9845e374 98c96a7a0f3343c0a18ad4bd9845e374] 199.204.45.72 "GET /v2.0/networks/fedd6418-fafc-4dd4-a4dc-daf61b6f3e26?fields=segments HTTP/1.1" status: 200 len: 212 time: 0.0773325
2026-07-21 22:12:09.513 10 INFO neutron.wsgi [req-6facefcc-df5a-4de5-96ac-cd272261f43f req-43e03779-b139-4268-9c6f-0e5e88ea2b45 294eab28782a44b793f68080f8646925 a2a1e0c2788048ff8492de98ea2929da - - 98c96a7a0f3343c0a18ad4bd9845e374 98c96a7a0f3343c0a18ad4bd9845e374] 199.204.45.72 "GET /v2.0/networks/fedd6418-fafc-4dd4-a4dc-daf61b6f3e26?fields=provider%3Aphysical_network&fields=provider%3Anetwork_type HTTP/1.1" status: 200 len: 277 time: 0.4458842
2026-07-21 22:12:09.617 9 WARNING neutron.scheduler.dhcp_agent_scheduler [None req-d60f2c7d-5973-4589-bb89-c8ea68003961 c82ee807acf64ba9a2f1c0d07235e54b 07c2932912db40769f2e0731015ec4ac - - default default] No more DHCP agents
2026-07-21 22:12:09.619 9 WARNING neutron.api.rpc.agentnotifiers.dhcp_rpc_agent_api [None req-d60f2c7d-5973-4589-bb89-c8ea68003961 c82ee807acf64ba9a2f1c0d07235e54b 07c2932912db40769f2e0731015ec4ac - - default default] Unable to schedule network d4c75f02-ad84-43c8-99dd-53be1514191c: no agents available; will retry on subsequent port and subnet creation events.
2026-07-21 22:12:09.705 9 INFO neutron.db.ovn_revision_numbers_db [None req-d60f2c7d-5973-4589-bb89-c8ea68003961 c82ee807acf64ba9a2f1c0d07235e54b 07c2932912db40769f2e0731015ec4ac - - default default] Successfully bumped revision number for resource ef502d66-e9d6-4c7c-97cb-0ea93960dcce (type: ports) to 1
2026-07-21 22:12:09.726 10 INFO neutron.services.segments.plugin [-] Segment a92a9a17-2a43-4799-a922-f18e878f4de7 resource provider aggregate not found
2026-07-21 22:12:09.732 10 INFO neutron.services.segments.plugin [-] Segment a92a9a17-2a43-4799-a922-f18e878f4de7 resource provider aggregate not found
2026-07-21 22:12:09.754 9 WARNING neutron.scheduler.dhcp_agent_scheduler [None req-d60f2c7d-5973-4589-bb89-c8ea68003961 c82ee807acf64ba9a2f1c0d07235e54b 07c2932912db40769f2e0731015ec4ac - - default default] No more DHCP agents
2026-07-21 22:12:09.756 10 INFO neutron.services.segments.plugin [-] Segment a92a9a17-2a43-4799-a922-f18e878f4de7 resource provider not found; error: Placement Client Error (4xx): {"errors": [{"status": 404, "title": "Not Found", "detail": "The resource could not be found.\n\n No resource provider with uuid a92a9a17-2a43-4799-a922-f18e878f4de7 found for delete ", "request_id": "req-28d2d41c-6e84-4807-8324-26a19f12c4bc"}]}
2026-07-21 22:12:09.761 10 INFO neutron.services.segments.plugin [-] Segment a92a9a17-2a43-4799-a922-f18e878f4de7 resource provider not found; error: Placement Client Error (4xx): {"errors": [{"status": 404, "title": "Not Found", "detail": "The resource could not be found.\n\n No resource provider with uuid a92a9a17-2a43-4799-a922-f18e878f4de7 found for delete ", "request_id": "req-9d7a7759-b464-4983-a04b-f69c1681561b"}]}
2026-07-21 22:12:09.765 9 WARNING neutron.api.rpc.agentnotifiers.dhcp_rpc_agent_api [None req-d60f2c7d-5973-4589-bb89-c8ea68003961 c82ee807acf64ba9a2f1c0d07235e54b 07c2932912db40769f2e0731015ec4ac - - default default] Unable to schedule network 7323b6ce-5fa9-4a30-9bc3-ab8f607594f7: no agents available; will retry on subsequent port and subnet creation events.
2026-07-21 22:12:09.782 10 INFO neutron.wsgi [None req-c239e41b-a9e6-4021-a88c-82bc37b56f30 67cbca0f61f7497299a36c8b5e6c6223 80d6f0187e944bd1871debd8ef6fcd14 - - default default] 10.0.0.24 "DELETE /v2.0/networks/72bd4f91-9aa9-4388-b075-7ab109dd2b73 HTTP/1.1" status: 204 len: 168 time: 0.8844295
2026-07-21 22:12:09.884 9 INFO neutron.db.ovn_revision_numbers_db [None req-d60f2c7d-5973-4589-bb89-c8ea68003961 c82ee807acf64ba9a2f1c0d07235e54b 07c2932912db40769f2e0731015ec4ac - - default default] Successfully bumped revision number for resource 48bf59ee-88d2-4539-9e0c-c46da7ee5b8c (type: ports) to 1
2026-07-21 22:12:09.909 9 INFO neutron.wsgi [None req-d60f2c7d-5973-4589-bb89-c8ea68003961 c82ee807acf64ba9a2f1c0d07235e54b 07c2932912db40769f2e0731015ec4ac - - default default] 10.0.0.24 "POST /v2.0/ports HTTP/1.1" status: 201 len: 1705 time: 0.9236009 /var/lib/openstack/lib/python3.10/site-packages/pycadf/identifier.py:71: UserWarning: Invalid uuid: neutron. To ensure interoperability, identifiers should be a valid uuid. warnings.warn(('Invalid uuid: %s. To ensure interoperability, '
2026-07-21 22:12:10.100 9 INFO neutron.wsgi [None req-7d292fb7-914d-48cc-8b1d-897260bfd49a c82ee807acf64ba9a2f1c0d07235e54b 07c2932912db40769f2e0731015ec4ac - - default default] 10.0.0.24 "GET /v2.0/ports HTTP/1.1" status: 200 len: 3212 time: 0.1860194
2026-07-21 22:12:10.416 9 INFO neutron.wsgi [None req-fde71a49-2232-4276-8357-e4faaeb952a5 c82ee807acf64ba9a2f1c0d07235e54b 07c2932912db40769f2e0731015ec4ac - - default default] 10.0.0.24 "DELETE /v2.0/ports/ef502d66-e9d6-4c7c-97cb-0ea93960dcce HTTP/1.1" status: 204 len: 168 time: 0.3120017
2026-07-21 22:12:10.554 9 INFO neutron.wsgi [None req-71cebc2f-4b5b-4b1c-9df4-d646a8576a58 4c37e9f4c896406d872d78f3bed0c496 e63d6cf45fd5428990c817ab86d83169 - - default default] 10.0.0.24 "GET /v2.0/security-groups?tenant_id=80d6f0187e944bd1871debd8ef6fcd14&name=default HTTP/1.1" status: 200 len: 2996 time: 0.1886244
2026-07-21 22:12:10.757 9 INFO neutron.wsgi [None req-39bdf1fe-daf5-4dbd-8ec2-b69e68b8efc3 c82ee807acf64ba9a2f1c0d07235e54b 07c2932912db40769f2e0731015ec4ac - - default default] 10.0.0.24 "DELETE /v2.0/ports/48bf59ee-88d2-4539-9e0c-c46da7ee5b8c HTTP/1.1" status: 204 len: 168 time: 0.3345265
2026-07-21 22:12:10.891 9 INFO neutron.wsgi [None req-b431768b-a15d-465c-95d1-e406ee4ee0b2 4c37e9f4c896406d872d78f3bed0c496 e63d6cf45fd5428990c817ab86d83169 - - default default] 10.0.0.24 "DELETE /v2.0/security-groups/9292d7a1-b918-4ec9-8442-9f1e5b6aed8d HTTP/1.1" status: 204 len: 168 time: 0.3307433
2026-07-21 22:12:10.902 10 INFO neutron.wsgi [None req-1f609f5a-fa5b-4349-a48a-40c243b87e6f c82ee807acf64ba9a2f1c0d07235e54b 07c2932912db40769f2e0731015ec4ac - - default default] 10.0.0.24 "GET /v2.0/ports HTTP/1.1" status: 200 len: 1718 time: 0.1400049
2026-07-21 22:12:10.976 9 INFO neutron.db.ovn_revision_numbers_db [None req-21a1cce2-7e62-4f6d-831e-1ec9f704a52e 0d527355936249e191e58926192a88d8 7894b9c6bc644e2c86f88096bcf48065 - - default default] Successfully bumped revision number for resource c2a48fa1-53f9-40a7-9d64-3beb1849f622 (type: security_groups) to 1
2026-07-21 22:12:10.999 10 INFO neutron.db.segments_db [None req-0f80e79d-5b7d-4cf3-93f7-3bd29137adc9 c82ee807acf64ba9a2f1c0d07235e54b 07c2932912db40769f2e0731015ec4ac - - default default] Added segment d64ce492-0b80-4197-9e2c-8a0ff9b4e8ad of type geneve for network d4109f81-d2d0-4d99-9125-13c17e8fc480
2026-07-21 22:12:11.000 9 INFO neutron.db.ovn_revision_numbers_db [None req-21a1cce2-7e62-4f6d-831e-1ec9f704a52e 0d527355936249e191e58926192a88d8 7894b9c6bc644e2c86f88096bcf48065 - - default default] Successfully bumped revision number for resource 17cf1156-0151-4242-81ce-4d60429987fc (type: security_group_rules) to 0
2026-07-21 22:12:11.023 9 INFO neutron.db.ovn_revision_numbers_db [None req-21a1cce2-7e62-4f6d-831e-1ec9f704a52e 0d527355936249e191e58926192a88d8 7894b9c6bc644e2c86f88096bcf48065 - - default default] Successfully bumped revision number for resource 91e03bc2-d540-4444-aa2f-603f43591a43 (type: security_group_rules) to 0
2026-07-21 22:12:11.039 9 INFO neutron.db.ovn_revision_numbers_db [None req-21a1cce2-7e62-4f6d-831e-1ec9f704a52e 0d527355936249e191e58926192a88d8 7894b9c6bc644e2c86f88096bcf48065 - - default default] Successfully bumped revision number for resource 9cf59795-e8ac-4df6-8198-ddfbdd9db424 (type: security_group_rules) to 0
2026-07-21 22:12:11.052 9 INFO neutron.db.ovn_revision_numbers_db [None req-21a1cce2-7e62-4f6d-831e-1ec9f704a52e 0d527355936249e191e58926192a88d8 7894b9c6bc644e2c86f88096bcf48065 - - default default] Successfully bumped revision number for resource 9d7dc8ba-3013-4ff0-9281-a78ccc4165c3 (type: security_group_rules) to 0
2026-07-21 22:12:11.101 9 INFO neutron.db.segments_db [None req-21a1cce2-7e62-4f6d-831e-1ec9f704a52e 0d527355936249e191e58926192a88d8 7894b9c6bc644e2c86f88096bcf48065 - - default default] Added segment d05c9db2-b850-41d3-b310-5bac49978f1d of type geneve for network 46738034-f541-4908-bec8-5e4b8f7224c8
2026-07-21 22:12:11.162 10 INFO neutron.db.ovn_revision_numbers_db [None req-0f80e79d-5b7d-4cf3-93f7-3bd29137adc9 c82ee807acf64ba9a2f1c0d07235e54b 07c2932912db40769f2e0731015ec4ac - - default default] Successfully bumped revision number for resource d4109f81-d2d0-4d99-9125-13c17e8fc480 (type: networks) to 1
2026-07-21 22:12:11.275 9 INFO neutron.db.ovn_revision_numbers_db [None req-21a1cce2-7e62-4f6d-831e-1ec9f704a52e 0d527355936249e191e58926192a88d8 7894b9c6bc644e2c86f88096bcf48065 - - default default] Successfully bumped revision number for resource 46738034-f541-4908-bec8-5e4b8f7224c8 (type: networks) to 1
2026-07-21 22:12:11.424 10 WARNING neutron.scheduler.dhcp_agent_scheduler [None req-0f80e79d-5b7d-4cf3-93f7-3bd29137adc9 c82ee807acf64ba9a2f1c0d07235e54b 07c2932912db40769f2e0731015ec4ac - - default default] No more DHCP agents
2026-07-21 22:12:11.425 10 WARNING neutron.api.rpc.agentnotifiers.dhcp_rpc_agent_api [None req-0f80e79d-5b7d-4cf3-93f7-3bd29137adc9 c82ee807acf64ba9a2f1c0d07235e54b 07c2932912db40769f2e0731015ec4ac - - default default] Unable to schedule network d4109f81-d2d0-4d99-9125-13c17e8fc480: no agents available; will retry on subsequent port and subnet creation events.
2026-07-21 22:12:11.538 10 INFO neutron.db.ovn_revision_numbers_db [None req-0f80e79d-5b7d-4cf3-93f7-3bd29137adc9 c82ee807acf64ba9a2f1c0d07235e54b 07c2932912db40769f2e0731015ec4ac - - default default] Successfully bumped revision number for resource 88db3ccc-044e-419c-a80a-2489ac0a7844 (type: ports) to 1
2026-07-21 22:12:11.568 10 INFO neutron.wsgi [None req-0f80e79d-5b7d-4cf3-93f7-3bd29137adc9 c82ee807acf64ba9a2f1c0d07235e54b 07c2932912db40769f2e0731015ec4ac - - default default] 10.0.0.24 "POST /v2.0/networks HTTP/1.1" status: 201 len: 853 time: 0.6587417
2026-07-21 22:12:11.674 10 INFO neutron.db.segments_db [None req-eb1dc3a0-5b29-4204-ae5b-45b9f5441f8a c82ee807acf64ba9a2f1c0d07235e54b 07c2932912db40769f2e0731015ec4ac - - default default] Added segment 3b504ca9-798c-4186-ba7a-fd18a74735b9 of type geneve for network 468ce7d5-ecc6-4ae2-ae17-90fd5567ea49
2026-07-21 22:12:11.833 9 WARNING neutron.scheduler.dhcp_agent_scheduler [None req-21a1cce2-7e62-4f6d-831e-1ec9f704a52e 0d527355936249e191e58926192a88d8 7894b9c6bc644e2c86f88096bcf48065 - - default default] No more DHCP agents
2026-07-21 22:12:11.837 9 WARNING neutron.api.rpc.agentnotifiers.dhcp_rpc_agent_api [None req-21a1cce2-7e62-4f6d-831e-1ec9f704a52e 0d527355936249e191e58926192a88d8 7894b9c6bc644e2c86f88096bcf48065 - - default default] Unable to schedule network 46738034-f541-4908-bec8-5e4b8f7224c8: no agents available; will retry on subsequent port and subnet creation events.
2026-07-21 22:12:11.839 10 INFO neutron.db.ovn_revision_numbers_db [None req-eb1dc3a0-5b29-4204-ae5b-45b9f5441f8a c82ee807acf64ba9a2f1c0d07235e54b 07c2932912db40769f2e0731015ec4ac - - default default] Successfully bumped revision number for resource 468ce7d5-ecc6-4ae2-ae17-90fd5567ea49 (type: networks) to 1
2026-07-21 22:12:11.935 9 INFO neutron.db.ovn_revision_numbers_db [None req-21a1cce2-7e62-4f6d-831e-1ec9f704a52e 0d527355936249e191e58926192a88d8 7894b9c6bc644e2c86f88096bcf48065 - - default default] Successfully bumped revision number for resource b4136e30-0b03-4519-99e0-4b206c3ff096 (type: ports) to 1
2026-07-21 22:12:11.961 9 INFO neutron.wsgi [None req-21a1cce2-7e62-4f6d-831e-1ec9f704a52e 0d527355936249e191e58926192a88d8 7894b9c6bc644e2c86f88096bcf48065 - - default default] 10.0.0.24 "POST /v2.0/networks HTTP/1.1" status: 201 len: 831 time: 1.1761096
2026-07-21 22:12:12.104 10 WARNING neutron.scheduler.dhcp_agent_scheduler [None req-eb1dc3a0-5b29-4204-ae5b-45b9f5441f8a c82ee807acf64ba9a2f1c0d07235e54b 07c2932912db40769f2e0731015ec4ac - - default default] No more DHCP agents
2026-07-21 22:12:12.111 10 WARNING neutron.api.rpc.agentnotifiers.dhcp_rpc_agent_api [None req-eb1dc3a0-5b29-4204-ae5b-45b9f5441f8a c82ee807acf64ba9a2f1c0d07235e54b 07c2932912db40769f2e0731015ec4ac - - default default] Unable to schedule network 468ce7d5-ecc6-4ae2-ae17-90fd5567ea49: no agents available; will retry on subsequent port and subnet creation events.
2026-07-21 22:12:12.286 10 INFO neutron.db.ovn_revision_numbers_db [None req-eb1dc3a0-5b29-4204-ae5b-45b9f5441f8a c82ee807acf64ba9a2f1c0d07235e54b 07c2932912db40769f2e0731015ec4ac - - default default] Successfully bumped revision number for resource d18cbe27-cbee-482f-94a5-b7ee64ddd869 (type: ports) to 1
2026-07-21 22:12:12.333 10 INFO neutron.wsgi [None req-eb1dc3a0-5b29-4204-ae5b-45b9f5441f8a c82ee807acf64ba9a2f1c0d07235e54b 07c2932912db40769f2e0731015ec4ac - - default default] 10.0.0.24 "POST /v2.0/networks HTTP/1.1" status: 201 len: 852 time: 0.7589371
2026-07-21 22:12:12.384 10 WARNING neutron.scheduler.dhcp_agent_scheduler [None req-bb1553bd-9d28-4eab-8841-bec0656141d7 0d527355936249e191e58926192a88d8 7894b9c6bc644e2c86f88096bcf48065 - - default default] No more DHCP agents
2026-07-21 22:12:12.389 10 WARNING neutron.api.rpc.agentnotifiers.dhcp_rpc_agent_api [None req-bb1553bd-9d28-4eab-8841-bec0656141d7 0d527355936249e191e58926192a88d8 7894b9c6bc644e2c86f88096bcf48065 - - default default] Unable to schedule network 46738034-f541-4908-bec8-5e4b8f7224c8: no agents available; will retry on subsequent port and subnet creation events.
2026-07-21 22:12:12.530 10 INFO neutron.db.ovn_revision_numbers_db [None req-bb1553bd-9d28-4eab-8841-bec0656141d7 0d527355936249e191e58926192a88d8 7894b9c6bc644e2c86f88096bcf48065 - - default default] Successfully bumped revision number for resource 44bbb46e-7a5b-4541-be05-de8a8049082a (type: ports) to 1
2026-07-21 22:12:12.568 10 INFO neutron.wsgi [None req-bb1553bd-9d28-4eab-8841-bec0656141d7 0d527355936249e191e58926192a88d8 7894b9c6bc644e2c86f88096bcf48065 - - default default] 10.0.0.24 "POST /v2.0/ports HTTP/1.1" status: 201 len: 942 time: 0.5997176
2026-07-21 22:12:12.903 9 INFO neutron.wsgi [None req-c8a5f266-a1ac-448c-8849-54ecb85321d3 0d527355936249e191e58926192a88d8 7894b9c6bc644e2c86f88096bcf48065 - - default default] 10.0.0.24 "POST /v2.0/trunks HTTP/1.1" status: 201 len: 608 time: 0.3174076 /var/lib/openstack/lib/python3.10/site-packages/pycadf/identifier.py:71: UserWarning: Invalid uuid: neutron. To ensure interoperability, identifiers should be a valid uuid. warnings.warn(('Invalid uuid: %s. To ensure interoperability, '
2026-07-21 22:12:13.008 9 INFO neutron.db.segments_db [None req-7a457554-3600-430f-943f-a348df32438f 0d527355936249e191e58926192a88d8 7894b9c6bc644e2c86f88096bcf48065 - - default default] Added segment 7a7e07f8-f83f-4b6c-b628-82a5d9947ce0 of type geneve for network 66066134-1694-4224-b526-d08b14bccc25
2026-07-21 22:12:13.164 9 INFO neutron.db.ovn_revision_numbers_db [None req-7a457554-3600-430f-943f-a348df32438f 0d527355936249e191e58926192a88d8 7894b9c6bc644e2c86f88096bcf48065 - - default default] Successfully bumped revision number for resource 66066134-1694-4224-b526-d08b14bccc25 (type: networks) to 1
2026-07-21 22:12:13.168 10 INFO neutron.db.ovn_revision_numbers_db [None req-d9cdcfc7-87f9-4bb0-b5a1-31d48e4176fa b185375e07ce4d3081ddfccd5ae88b7a 94691ff77029465c812db625be9cb571 - - default default] Successfully bumped revision number for resource 70f6e12a-05ad-447f-b5b4-41a34e5e5008 (type: security_groups) to 1
2026-07-21 22:12:13.197 10 INFO neutron.db.ovn_revision_numbers_db [None req-d9cdcfc7-87f9-4bb0-b5a1-31d48e4176fa b185375e07ce4d3081ddfccd5ae88b7a 94691ff77029465c812db625be9cb571 - - default default] Successfully bumped revision number for resource 05000498-e040-4ce5-b568-d68343ba2b85 (type: security_group_rules) to 0
2026-07-21 22:12:13.224 10 INFO neutron.db.ovn_revision_numbers_db [None req-d9cdcfc7-87f9-4bb0-b5a1-31d48e4176fa b185375e07ce4d3081ddfccd5ae88b7a 94691ff77029465c812db625be9cb571 - - default default] Successfully bumped revision number for resource 53995fe2-beee-4783-b7f1-20eeb5822e9a (type: security_group_rules) to 0
2026-07-21 22:12:13.254 10 INFO neutron.db.ovn_revision_numbers_db [None req-d9cdcfc7-87f9-4bb0-b5a1-31d48e4176fa b185375e07ce4d3081ddfccd5ae88b7a 94691ff77029465c812db625be9cb571 - - default default] Successfully bumped revision number for resource ac03e6d6-e424-49b0-9624-6fbce1fc9272 (type: security_group_rules) to 0
2026-07-21 22:12:13.280 10 INFO neutron.db.ovn_revision_numbers_db [None req-d9cdcfc7-87f9-4bb0-b5a1-31d48e4176fa b185375e07ce4d3081ddfccd5ae88b7a 94691ff77029465c812db625be9cb571 - - default default] Successfully bumped revision number for resource b669866f-c6de-4426-bab1-019506412764 (type: security_group_rules) to 0
2026-07-21 22:12:13.344 10 INFO neutron.db.segments_db [None req-d9cdcfc7-87f9-4bb0-b5a1-31d48e4176fa b185375e07ce4d3081ddfccd5ae88b7a 94691ff77029465c812db625be9cb571 - - default default] Added segment aab73147-db2d-4c9c-acb3-78f875461d23 of type geneve for network c6893eed-6d8a-463c-9aa2-bd93f046b7d7
2026-07-21 22:12:13.421 9 WARNING neutron.scheduler.dhcp_agent_scheduler [None req-7a457554-3600-430f-943f-a348df32438f 0d527355936249e191e58926192a88d8 7894b9c6bc644e2c86f88096bcf48065 - - default default] No more DHCP agents
2026-07-21 22:12:13.425 9 WARNING neutron.api.rpc.agentnotifiers.dhcp_rpc_agent_api [None req-7a457554-3600-430f-943f-a348df32438f 0d527355936249e191e58926192a88d8 7894b9c6bc644e2c86f88096bcf48065 - - default default] Unable to schedule network 66066134-1694-4224-b526-d08b14bccc25: no agents available; will retry on subsequent port and subnet creation events.
2026-07-21 22:12:13.528 9 INFO neutron.db.ovn_revision_numbers_db [None req-7a457554-3600-430f-943f-a348df32438f 0d527355936249e191e58926192a88d8 7894b9c6bc644e2c86f88096bcf48065 - - default default] Successfully bumped revision number for resource 64aced7e-9106-43b1-bcf3-24392af78d0b (type: ports) to 1
2026-07-21 22:12:13.554 9 INFO neutron.wsgi [None req-7a457554-3600-430f-943f-a348df32438f 0d527355936249e191e58926192a88d8 7894b9c6bc644e2c86f88096bcf48065 - - default default] 10.0.0.24 "POST /v2.0/networks HTTP/1.1" status: 201 len: 831 time: 0.6455677
2026-07-21 22:12:13.581 10 INFO neutron.db.ovn_revision_numbers_db [None req-d9cdcfc7-87f9-4bb0-b5a1-31d48e4176fa b185375e07ce4d3081ddfccd5ae88b7a 94691ff77029465c812db625be9cb571 - - default default] Successfully bumped revision number for resource c6893eed-6d8a-463c-9aa2-bd93f046b7d7 (type: networks) to 1
2026-07-21 22:12:13.717 10 WARNING neutron.scheduler.dhcp_agent_scheduler [None req-b2c8ab64-9843-419f-b5b2-5f0904803315 c82ee807acf64ba9a2f1c0d07235e54b 07c2932912db40769f2e0731015ec4ac - - default default] No more DHCP agents
2026-07-21 22:12:13.722 10 WARNING neutron.api.rpc.agentnotifiers.dhcp_rpc_agent_api [None req-b2c8ab64-9843-419f-b5b2-5f0904803315 c82ee807acf64ba9a2f1c0d07235e54b 07c2932912db40769f2e0731015ec4ac - - default default] Unable to schedule network d4109f81-d2d0-4d99-9125-13c17e8fc480: no agents available; will retry on subsequent port and subnet creation events.
2026-07-21 22:12:13.771 10 INFO neutron.db.ovn_revision_numbers_db [None req-b2c8ab64-9843-419f-b5b2-5f0904803315 c82ee807acf64ba9a2f1c0d07235e54b 07c2932912db40769f2e0731015ec4ac - - default default] Successfully bumped revision number for resource c6997483-fd3f-4889-b38a-827e276ac05b (type: subnets) to 0
2026-07-21 22:12:13.826 10 WARNING neutron.scheduler.dhcp_agent_scheduler [None req-b2c8ab64-9843-419f-b5b2-5f0904803315 c82ee807acf64ba9a2f1c0d07235e54b 07c2932912db40769f2e0731015ec4ac - - default default] No more DHCP agents
2026-07-21 22:12:13.831 10 WARNING neutron.api.rpc.agentnotifiers.dhcp_rpc_agent_api [None req-b2c8ab64-9843-419f-b5b2-5f0904803315 c82ee807acf64ba9a2f1c0d07235e54b 07c2932912db40769f2e0731015ec4ac - - default default] Unable to schedule network 468ce7d5-ecc6-4ae2-ae17-90fd5567ea49: no agents available; will retry on subsequent port and subnet creation events.
2026-07-21 22:12:13.842 10 WARNING neutron.scheduler.dhcp_agent_scheduler [None req-d9cdcfc7-87f9-4bb0-b5a1-31d48e4176fa b185375e07ce4d3081ddfccd5ae88b7a 94691ff77029465c812db625be9cb571 - - default default] No more DHCP agents
2026-07-21 22:12:13.844 10 WARNING neutron.api.rpc.agentnotifiers.dhcp_rpc_agent_api [None req-d9cdcfc7-87f9-4bb0-b5a1-31d48e4176fa b185375e07ce4d3081ddfccd5ae88b7a 94691ff77029465c812db625be9cb571 - - default default] Unable to schedule network c6893eed-6d8a-463c-9aa2-bd93f046b7d7: no agents available; will retry on subsequent port and subnet creation events.
2026-07-21 22:12:13.855 9 WARNING neutron.scheduler.dhcp_agent_scheduler [None req-dda47e6d-071d-4ef8-ac27-079885cc35dc 0d527355936249e191e58926192a88d8 7894b9c6bc644e2c86f88096bcf48065 - - default default] No more DHCP agents
2026-07-21 22:12:13.861 9 WARNING neutron.api.rpc.agentnotifiers.dhcp_rpc_agent_api [None req-dda47e6d-071d-4ef8-ac27-079885cc35dc 0d527355936249e191e58926192a88d8 7894b9c6bc644e2c86f88096bcf48065 - - default default] Unable to schedule network 66066134-1694-4224-b526-d08b14bccc25: no agents available; will retry on subsequent port and subnet creation events.
2026-07-21 22:12:13.896 10 INFO neutron.db.ovn_revision_numbers_db [None req-b2c8ab64-9843-419f-b5b2-5f0904803315 c82ee807acf64ba9a2f1c0d07235e54b 07c2932912db40769f2e0731015ec4ac - - default default] Successfully bumped revision number for resource a87c97c7-38c3-4b21-87b8-0ce061ccc6b5 (type: subnets) to 0
2026-07-21 22:12:13.916 10 INFO neutron.wsgi [None req-b2c8ab64-9843-419f-b5b2-5f0904803315 c82ee807acf64ba9a2f1c0d07235e54b 07c2932912db40769f2e0731015ec4ac - - default default] 10.0.0.24 "POST /v2.0/subnets HTTP/1.1" status: 201 len: 1476 time: 0.9173329
2026-07-21 22:12:13.977 9 INFO neutron.db.ovn_revision_numbers_db [None req-dda47e6d-071d-4ef8-ac27-079885cc35dc 0d527355936249e191e58926192a88d8 7894b9c6bc644e2c86f88096bcf48065 - - default default] Successfully bumped revision number for resource ca0a6d98-02e3-4972-b128-1a5de1a2d659 (type: ports) to 1
2026-07-21 22:12:13.989 10 INFO neutron.db.ovn_revision_numbers_db [None req-d9cdcfc7-87f9-4bb0-b5a1-31d48e4176fa b185375e07ce4d3081ddfccd5ae88b7a 94691ff77029465c812db625be9cb571 - - default default] Successfully bumped revision number for resource 893bfb57-23e7-4f2a-a374-27e218bea23d (type: ports) to 1
2026-07-21 22:12:14.000 10 INFO neutron.wsgi [None req-ac94d249-26f6-4e50-be53-8245ffbc1c16 c82ee807acf64ba9a2f1c0d07235e54b 07c2932912db40769f2e0731015ec4ac - - default default] 10.0.0.24 "GET /v2.0/subnets HTTP/1.1" status: 200 len: 2084 time: 0.0787065
2026-07-21 22:12:14.009 9 INFO neutron.wsgi [None req-dda47e6d-071d-4ef8-ac27-079885cc35dc 0d527355936249e191e58926192a88d8 7894b9c6bc644e2c86f88096bcf48065 - - default default] 10.0.0.24 "POST /v2.0/ports HTTP/1.1" status: 201 len: 942 time: 0.4504838 /var/lib/openstack/lib/python3.10/site-packages/pycadf/identifier.py:71: UserWarning: Invalid uuid: neutron. To ensure interoperability, identifiers should be a valid uuid. warnings.warn(('Invalid uuid: %s. To ensure interoperability, '
2026-07-21 22:12:14.032 10 INFO neutron.wsgi [None req-d9cdcfc7-87f9-4bb0-b5a1-31d48e4176fa b185375e07ce4d3081ddfccd5ae88b7a 94691ff77029465c812db625be9cb571 - - default default] 10.0.0.24 "POST /v2.0/networks HTTP/1.1" status: 201 len: 842 time: 1.2912838
2026-07-21 22:12:14.215 10 INFO neutron.wsgi [None req-3d12c27a-de9a-433f-8b9d-de13bd0c452f c82ee807acf64ba9a2f1c0d07235e54b 07c2932912db40769f2e0731015ec4ac - - default default] 10.0.0.24 "DELETE /v2.0/subnets/c6997483-fd3f-4889-b38a-827e276ac05b HTTP/1.1" status: 204 len: 168 time: 0.2048233
2026-07-21 22:12:14.424 9 INFO neutron.wsgi [None req-3d0ac78b-f2fd-4c92-a876-37010b9c7c57 0d527355936249e191e58926192a88d8 7894b9c6bc644e2c86f88096bcf48065 - - default default] 10.0.0.24 "POST /v2.0/trunks HTTP/1.1" status: 201 len: 608 time: 0.4108765
2026-07-21 22:12:14.523 10 INFO neutron.db.segments_db [None req-fd45b89b-4814-4d9e-8ed2-db7e024f1f99 0d527355936249e191e58926192a88d8 7894b9c6bc644e2c86f88096bcf48065 - - default default] Added segment 365113fa-137e-43a6-872f-cd621506ce6b of type geneve for network d50ab58b-a2b6-4e41-8694-fecf5a706a2b
2026-07-21 22:12:14.561 9 WARNING neutron.scheduler.dhcp_agent_scheduler [None req-929a5151-03f5-4303-885c-de7425cc0754 b185375e07ce4d3081ddfccd5ae88b7a 94691ff77029465c812db625be9cb571 - - default default] No more DHCP agents
2026-07-21 22:12:14.563 9 WARNING neutron.api.rpc.agentnotifiers.dhcp_rpc_agent_api [None req-929a5151-03f5-4303-885c-de7425cc0754 b185375e07ce4d3081ddfccd5ae88b7a 94691ff77029465c812db625be9cb571 - - default default] Unable to schedule network c6893eed-6d8a-463c-9aa2-bd93f046b7d7: no agents available; will retry on subsequent port and subnet creation events.
2026-07-21 22:12:14.620 9 INFO neutron.wsgi [None req-96b4ed53-b720-41e5-a9d4-8bfb81b672c0 c82ee807acf64ba9a2f1c0d07235e54b 07c2932912db40769f2e0731015ec4ac - - default default] 10.0.0.24 "DELETE /v2.0/subnets/a87c97c7-38c3-4b21-87b8-0ce061ccc6b5 HTTP/1.1" status: 204 len: 168 time: 0.3987918
2026-07-21 22:12:14.688 10 INFO neutron.db.ovn_revision_numbers_db [None req-fd45b89b-4814-4d9e-8ed2-db7e024f1f99 0d527355936249e191e58926192a88d8 7894b9c6bc644e2c86f88096bcf48065 - - default default] Successfully bumped revision number for resource d50ab58b-a2b6-4e41-8694-fecf5a706a2b (type: networks) to 1
2026-07-21 22:12:14.688 9 INFO neutron.wsgi [None req-1a30c69a-ed17-40bb-84e5-38cedc4a905c c82ee807acf64ba9a2f1c0d07235e54b 07c2932912db40769f2e0731015ec4ac - - default default] 10.0.0.24 "GET /v2.0/subnets HTTP/1.1" status: 200 len: 820 time: 0.0634398
2026-07-21 22:12:14.902 10 WARNING neutron.scheduler.dhcp_agent_scheduler [None req-fd45b89b-4814-4d9e-8ed2-db7e024f1f99 0d527355936249e191e58926192a88d8 7894b9c6bc644e2c86f88096bcf48065 - - default default] No more DHCP agents
2026-07-21 22:12:14.914 10 WARNING neutron.api.rpc.agentnotifiers.dhcp_rpc_agent_api [None req-fd45b89b-4814-4d9e-8ed2-db7e024f1f99 0d527355936249e191e58926192a88d8 7894b9c6bc644e2c86f88096bcf48065 - - default default] Unable to schedule network d50ab58b-a2b6-4e41-8694-fecf5a706a2b: no agents available; will retry on subsequent port and subnet creation events.
2026-07-21 22:12:15.009 10 INFO neutron.db.ovn_revision_numbers_db [None req-fd45b89b-4814-4d9e-8ed2-db7e024f1f99 0d527355936249e191e58926192a88d8 7894b9c6bc644e2c86f88096bcf48065 - - default default] Successfully bumped revision number for resource 1d4a99c0-611e-44ae-838f-2bf0418dcf52 (type: ports) to 1
2026-07-21 22:12:15.042 10 INFO neutron.wsgi [None req-fd45b89b-4814-4d9e-8ed2-db7e024f1f99 0d527355936249e191e58926192a88d8 7894b9c6bc644e2c86f88096bcf48065 - - default default] 10.0.0.24 "POST /v2.0/networks HTTP/1.1" status: 201 len: 831 time: 0.6114967
2026-07-21 22:12:15.255 9 INFO neutron.services.segments.plugin [-] Segment 3b504ca9-798c-4186-ba7a-fd18a74735b9 resource provider aggregate not found
2026-07-21 22:12:15.266 9 INFO neutron.services.segments.plugin [-] Segment 3b504ca9-798c-4186-ba7a-fd18a74735b9 resource provider aggregate not found
2026-07-21 22:12:15.290 9 INFO neutron.services.segments.plugin [-] Segment 3b504ca9-798c-4186-ba7a-fd18a74735b9 resource provider not found; error: Placement Client Error (4xx): {"errors": [{"status": 404, "title": "Not Found", "detail": "The resource could not be found.\n\n No resource provider with uuid 3b504ca9-798c-4186-ba7a-fd18a74735b9 found for delete ", "request_id": "req-145fbf66-b6f2-4062-a98c-5da7644dfd51"}]}
2026-07-21 22:12:15.296 9 INFO neutron.services.segments.plugin [-] Segment 3b504ca9-798c-4186-ba7a-fd18a74735b9 resource provider not found; error: Placement Client Error (4xx): {"errors": [{"status": 404, "title": "Not Found", "detail": "The resource could not be found.\n\n No resource provider with uuid 3b504ca9-798c-4186-ba7a-fd18a74735b9 found for delete ", "request_id": "req-61562624-191e-41cc-9bf4-9798e00b4d5d"}]}
2026-07-21 22:12:15.343 10 WARNING neutron.scheduler.dhcp_agent_scheduler [None req-cbdbb176-cfb6-48ff-a09b-073d75566595 0d527355936249e191e58926192a88d8 7894b9c6bc644e2c86f88096bcf48065 - - default default] No more DHCP agents
2026-07-21 22:12:15.348 10 WARNING neutron.api.rpc.agentnotifiers.dhcp_rpc_agent_api [None req-cbdbb176-cfb6-48ff-a09b-073d75566595 0d527355936249e191e58926192a88d8 7894b9c6bc644e2c86f88096bcf48065 - - default default] Unable to schedule network d50ab58b-a2b6-4e41-8694-fecf5a706a2b: no agents available; will retry on subsequent port and subnet creation events.
2026-07-21 22:12:15.348 9 INFO neutron.wsgi [None req-448465b3-a68d-4e50-a367-76da32b5f4dd c82ee807acf64ba9a2f1c0d07235e54b 07c2932912db40769f2e0731015ec4ac - - default default] 10.0.0.24 "DELETE /v2.0/networks/468ce7d5-ecc6-4ae2-ae17-90fd5567ea49 HTTP/1.1" status: 204 len: 168 time: 0.6504455
2026-07-21 22:12:15.463 10 INFO neutron.db.ovn_revision_numbers_db [None req-cbdbb176-cfb6-48ff-a09b-073d75566595 0d527355936249e191e58926192a88d8 7894b9c6bc644e2c86f88096bcf48065 - - default default] Successfully bumped revision number for resource da11f100-fc30-4393-97ce-565e4b6433f2 (type: ports) to 1
2026-07-21 22:12:15.477 9 INFO neutron.db.ovn_revision_numbers_db [None req-929a5151-03f5-4303-885c-de7425cc0754 b185375e07ce4d3081ddfccd5ae88b7a 94691ff77029465c812db625be9cb571 - - default default] Successfully bumped revision number for resource 893bfb57-23e7-4f2a-a374-27e218bea23d (type: ports) to 2
2026-07-21 22:12:15.490 10 INFO neutron.wsgi [None req-cbdbb176-cfb6-48ff-a09b-073d75566595 0d527355936249e191e58926192a88d8 7894b9c6bc644e2c86f88096bcf48065 - - default default] 10.0.0.24 "POST /v2.0/ports HTTP/1.1" status: 201 len: 942 time: 0.4431360 /var/lib/openstack/lib/python3.10/site-packages/pycadf/identifier.py:71: UserWarning: Invalid uuid: neutron. To ensure interoperability, identifiers should be a valid uuid. warnings.warn(('Invalid uuid: %s. To ensure interoperability, '
2026-07-21 22:12:15.520 9 INFO neutron.db.ovn_revision_numbers_db [None req-929a5151-03f5-4303-885c-de7425cc0754 b185375e07ce4d3081ddfccd5ae88b7a 94691ff77029465c812db625be9cb571 - - default default] Successfully bumped revision number for resource 7f544d50-7f44-4655-b490-61a01feed33f (type: subnets) to 0
2026-07-21 22:12:15.555 9 INFO neutron.wsgi [None req-929a5151-03f5-4303-885c-de7425cc0754 b185375e07ce4d3081ddfccd5ae88b7a 94691ff77029465c812db625be9cb571 - - default default] 10.0.0.24 "POST /v2.0/subnets HTTP/1.1" status: 201 len: 816 time: 1.4925983
2026-07-21 22:12:15.694 9 INFO neutron.db.segments_db [None req-fdac3a61-3894-4b1b-9862-18eb735f5c2d b185375e07ce4d3081ddfccd5ae88b7a 94691ff77029465c812db625be9cb571 - - default default] Added segment 1745fdb7-c1b4-4cd7-91f8-ab7c78d9e042 of type geneve for network 0964df5f-a35b-4144-9e7a-5801f2f6039b
2026-07-21 22:12:15.762 10 INFO neutron.wsgi [None req-64352567-6d22-45a8-93c3-7351bdcb210c 0d527355936249e191e58926192a88d8 7894b9c6bc644e2c86f88096bcf48065 - - default default] 10.0.0.24 "POST /v2.0/trunks HTTP/1.1" status: 201 len: 608 time: 0.2646296
2026-07-21 22:12:15.886 10 INFO neutron.db.segments_db [None req-047f1dbb-5fff-4ef5-b577-deea35922e28 0d527355936249e191e58926192a88d8 7894b9c6bc644e2c86f88096bcf48065 - - default default] Added segment 66793f5f-c229-40f1-b577-387bd524ca2c of type geneve for network c55f502f-5949-4c36-8c8b-25283970da26
2026-07-21 22:12:15.920 9 INFO neutron.db.ovn_revision_numbers_db [None req-fdac3a61-3894-4b1b-9862-18eb735f5c2d b185375e07ce4d3081ddfccd5ae88b7a 94691ff77029465c812db625be9cb571 - - default default] Successfully bumped revision number for resource 0964df5f-a35b-4144-9e7a-5801f2f6039b (type: networks) to 1
2026-07-21 22:12:15.957 9 INFO neutron.wsgi [None req-6f88c4b5-76d3-4c9e-b51a-e822708732ed c82ee807acf64ba9a2f1c0d07235e54b 07c2932912db40769f2e0731015ec4ac - - default default] 10.0.0.24 "DELETE /v2.0/networks/d4109f81-d2d0-4d99-9125-13c17e8fc480 HTTP/1.1" status: 204 len: 168 time: 0.6035035
2026-07-21 22:12:16.084 10 INFO neutron.db.ovn_revision_numbers_db [None req-047f1dbb-5fff-4ef5-b577-deea35922e28 0d527355936249e191e58926192a88d8 7894b9c6bc644e2c86f88096bcf48065 - - default default] Successfully bumped revision number for resource c55f502f-5949-4c36-8c8b-25283970da26 (type: networks) to 1
2026-07-21 22:12:16.175 9 WARNING neutron.scheduler.dhcp_agent_scheduler [None req-fdac3a61-3894-4b1b-9862-18eb735f5c2d b185375e07ce4d3081ddfccd5ae88b7a 94691ff77029465c812db625be9cb571 - - default default] No more DHCP agents
