2026-07-21 22:11:55.967 10 WARNING neutron.api.rpc.agentnotifiers.dhcp_rpc_agent_api [None req-95456416-83bd-4e09-8b24-37ab368e6ad3 7b019e581479436693c8849d5b601b10 c03811224e8b466cb5c045e0be6cea17 - - default default] Unable to schedule network 4adc767c-d433-4b60-90dd-0b32e488d333: no agents available; will retry on subsequent port and subnet creation events.
2026-07-21 22:11:56.358 9 INFO neutron.db.ovn_revision_numbers_db [None req-7a93580e-c2ff-41b3-908c-e52dea460d04 67cbca0f61f7497299a36c8b5e6c6223 80d6f0187e944bd1871debd8ef6fcd14 - - default default] Successfully bumped revision number for resource 26a0e8d2-2533-48e6-ab30-a0f135bcc8d8 (type: router_ports) to 1
2026-07-21 22:11:56.362 9 INFO neutron.wsgi [None req-7a93580e-c2ff-41b3-908c-e52dea460d04 67cbca0f61f7497299a36c8b5e6c6223 80d6f0187e944bd1871debd8ef6fcd14 - - default default] 10.0.0.24 "PUT /v2.0/routers/60ec58d0-29f5-4f03-9358-95d8c4cd0027/add_router_interface HTTP/1.1" status: 200 len: 503 time: 2.5274827
2026-07-21 22:11:56.388 10 INFO neutron.db.ovn_revision_numbers_db [None req-95456416-83bd-4e09-8b24-37ab368e6ad3 7b019e581479436693c8849d5b601b10 c03811224e8b466cb5c045e0be6cea17 - - default default] Successfully bumped revision number for resource 2ab757f9-e697-4417-9333-428ac129ff6c (type: floatingips) to 0
2026-07-21 22:11:56.405 10 INFO neutron.wsgi [None req-95456416-83bd-4e09-8b24-37ab368e6ad3 7b019e581479436693c8849d5b601b10 c03811224e8b466cb5c045e0be6cea17 - - default default] 10.0.0.24 "POST /v2.0/floatingips HTTP/1.1" status: 201 len: 751 time: 0.7845263
2026-07-21 22:11:56.769 9 WARNING neutron.scheduler.dhcp_agent_scheduler [None req-ccd8f8ac-4792-46ad-98f5-4cfe189ed62f 67cbca0f61f7497299a36c8b5e6c6223 80d6f0187e944bd1871debd8ef6fcd14 - - default default] No more DHCP agents
2026-07-21 22:11:56.772 9 WARNING neutron.api.rpc.agentnotifiers.dhcp_rpc_agent_api [None req-ccd8f8ac-4792-46ad-98f5-4cfe189ed62f 67cbca0f61f7497299a36c8b5e6c6223 80d6f0187e944bd1871debd8ef6fcd14 - - default default] Unable to schedule network 72bd4f91-9aa9-4388-b075-7ab109dd2b73: no agents available; will retry on subsequent port and subnet creation events.
2026-07-21 22:11:56.964 10 INFO neutron.wsgi [req-819a17d5-d203-4ca6-b68e-641240313afe req-c87ac4e0-6ed6-45fa-96ea-fc1459063928 7b019e581479436693c8849d5b601b10 c03811224e8b466cb5c045e0be6cea17 - - default default] 10.0.0.81 "GET /v2.0/security-groups?name=tempest-securitygroup--1825173496&fields=id&tenant_id=c03811224e8b466cb5c045e0be6cea17 HTTP/1.1" status: 200 len: 267 time: 0.0886226
2026-07-21 22:11:56.970 9 INFO neutron.db.ovn_revision_numbers_db [None req-ccd8f8ac-4792-46ad-98f5-4cfe189ed62f 67cbca0f61f7497299a36c8b5e6c6223 80d6f0187e944bd1871debd8ef6fcd14 - - default default] Successfully bumped revision number for resource 78b68ffb-61e6-4adb-ae07-548c004da924 (type: ports) to 1
2026-07-21 22:11:56.995 9 INFO neutron.wsgi [None req-ccd8f8ac-4792-46ad-98f5-4cfe189ed62f 67cbca0f61f7497299a36c8b5e6c6223 80d6f0187e944bd1871debd8ef6fcd14 - - default default] 10.0.0.24 "POST /v2.0/ports HTTP/1.1" status: 201 len: 1154 time: 0.6267600 /var/lib/openstack/lib/python3.10/site-packages/pycadf/identifier.py:71: UserWarning: Invalid uuid: neutron. To ensure interoperability, identifiers should be a valid uuid. warnings.warn(('Invalid uuid: %s. To ensure interoperability, '
2026-07-21 22:11:57.075 10 INFO neutron.wsgi [req-819a17d5-d203-4ca6-b68e-641240313afe req-7f292974-2e22-414f-b23f-4ac099108c7d 7b019e581479436693c8849d5b601b10 c03811224e8b466cb5c045e0be6cea17 - - default default] 10.0.0.81 "GET /v2.0/networks?id=fedd6418-fafc-4dd4-a4dc-daf61b6f3e26 HTTP/1.1" status: 200 len: 874 time: 0.1025281
2026-07-21 22:11:57.108 10 INFO neutron.wsgi [req-819a17d5-d203-4ca6-b68e-641240313afe req-d1598ccd-5350-4a73-af1e-97f4c6ac63ef 7b019e581479436693c8849d5b601b10 c03811224e8b466cb5c045e0be6cea17 - - default default] 10.0.0.81 "GET /v2.0/quotas/c03811224e8b466cb5c045e0be6cea17 HTTP/1.1" status: 200 len: 386 time: 0.0223160
2026-07-21 22:11:57.268 10 INFO neutron.wsgi [req-819a17d5-d203-4ca6-b68e-641240313afe req-9ac280f4-84f5-4d57-9250-496893140bd5 7b019e581479436693c8849d5b601b10 c03811224e8b466cb5c045e0be6cea17 - - default default] 10.0.0.81 "GET /v2.0/ports?tenant_id=c03811224e8b466cb5c045e0be6cea17&fields=id HTTP/1.1" status: 200 len: 302 time: 0.1500392
2026-07-21 22:11:57.397 10 INFO neutron.wsgi [req-819a17d5-d203-4ca6-b68e-641240313afe req-fee0f17b-4e9d-4cd0-b96e-ab611f4b12b9 294eab28782a44b793f68080f8646925 a2a1e0c2788048ff8492de98ea2929da - - 98c96a7a0f3343c0a18ad4bd9845e374 98c96a7a0f3343c0a18ad4bd9845e374] 10.0.0.81 "GET /v2.0/networks/fedd6418-fafc-4dd4-a4dc-daf61b6f3e26?fields=segments HTTP/1.1" status: 200 len: 212 time: 0.1117635
2026-07-21 22:11:57.429 9 WARNING neutron.scheduler.dhcp_agent_scheduler [None req-64424ba7-f8cb-470f-af76-a228585021dd 67cbca0f61f7497299a36c8b5e6c6223 80d6f0187e944bd1871debd8ef6fcd14 - - default default] No more DHCP agents
2026-07-21 22:11:57.435 9 WARNING neutron.api.rpc.agentnotifiers.dhcp_rpc_agent_api [None req-64424ba7-f8cb-470f-af76-a228585021dd 67cbca0f61f7497299a36c8b5e6c6223 80d6f0187e944bd1871debd8ef6fcd14 - - default default] Unable to schedule network 72bd4f91-9aa9-4388-b075-7ab109dd2b73: no agents available; will retry on subsequent port and subnet creation events.
2026-07-21 22:11:57.485 10 INFO neutron.wsgi [req-819a17d5-d203-4ca6-b68e-641240313afe req-db4c9206-2236-4603-ba62-0705ff30c4fe 294eab28782a44b793f68080f8646925 a2a1e0c2788048ff8492de98ea2929da - - 98c96a7a0f3343c0a18ad4bd9845e374 98c96a7a0f3343c0a18ad4bd9845e374] 10.0.0.81 "GET /v2.0/networks/fedd6418-fafc-4dd4-a4dc-daf61b6f3e26?fields=provider%3Aphysical_network&fields=provider%3Anetwork_type HTTP/1.1" status: 200 len: 277 time: 0.0786052
2026-07-21 22:11:57.624 9 INFO neutron.db.ovn_revision_numbers_db [None req-64424ba7-f8cb-470f-af76-a228585021dd 67cbca0f61f7497299a36c8b5e6c6223 80d6f0187e944bd1871debd8ef6fcd14 - - default default] Successfully bumped revision number for resource 5b5f5546-0be4-4896-8e3b-e7a59989d294 (type: ports) to 1
2026-07-21 22:11:57.654 9 INFO neutron.wsgi [None req-64424ba7-f8cb-470f-af76-a228585021dd 67cbca0f61f7497299a36c8b5e6c6223 80d6f0187e944bd1871debd8ef6fcd14 - - default default] 10.0.0.24 "POST /v2.0/ports HTTP/1.1" status: 201 len: 1158 time: 0.6542835 /var/lib/openstack/lib/python3.10/site-packages/pycadf/identifier.py:71: UserWarning: Invalid uuid: neutron. To ensure interoperability, identifiers should be a valid uuid. warnings.warn(('Invalid uuid: %s. To ensure interoperability, '
2026-07-21 22:11:57.693 9 INFO neutron.wsgi [req-3b57f6ad-9f4b-4dfd-bd3c-31ee321be51d req-b3caece8-cfa1-4a4d-b887-083ff2ab0e9f 7b019e581479436693c8849d5b601b10 c03811224e8b466cb5c045e0be6cea17 - - default default] 10.0.0.81 "GET /v2.0/ports?device_id=152b9685-67d6-497d-a746-871a3faaa389 HTTP/1.1" status: 200 len: 210 time: 0.0238397
2026-07-21 22:11:57.989 9 WARNING neutron.scheduler.dhcp_agent_scheduler [None req-ec180c55-8890-482f-8efe-50c73b1a32b5 67cbca0f61f7497299a36c8b5e6c6223 80d6f0187e944bd1871debd8ef6fcd14 - - default default] No more DHCP agents
2026-07-21 22:11:57.993 9 WARNING neutron.api.rpc.agentnotifiers.dhcp_rpc_agent_api [None req-ec180c55-8890-482f-8efe-50c73b1a32b5 67cbca0f61f7497299a36c8b5e6c6223 80d6f0187e944bd1871debd8ef6fcd14 - - default default] Unable to schedule network 4adc767c-d433-4b60-90dd-0b32e488d333: no agents available; will retry on subsequent port and subnet creation events.
2026-07-21 22:11:58.508 10 INFO neutron.wsgi [req-819a17d5-d203-4ca6-b68e-641240313afe req-cbb0eaa6-0953-406d-b3aa-840f92f43247 7b019e581479436693c8849d5b601b10 c03811224e8b466cb5c045e0be6cea17 - - default default] 199.204.45.72 "GET /v2.0/networks?id=fedd6418-fafc-4dd4-a4dc-daf61b6f3e26 HTTP/1.1" status: 200 len: 874 time: 0.1061816
2026-07-21 22:11:58.514 9 INFO neutron.db.l3_db [None req-ec180c55-8890-482f-8efe-50c73b1a32b5 67cbca0f61f7497299a36c8b5e6c6223 80d6f0187e944bd1871debd8ef6fcd14 - - default default] Floating IP 2b0c7b5d-c3c1-4f6b-bef1-d57a83686574 associated. External IP: 10.96.250.217, port: 5b5f5546-0be4-4896-8e3b-e7a59989d294.
2026-07-21 22:11:58.586 10 INFO neutron.wsgi [req-819a17d5-d203-4ca6-b68e-641240313afe req-c8df66f3-ed88-49fa-bab5-588720f1d4ef 7b019e581479436693c8849d5b601b10 c03811224e8b466cb5c045e0be6cea17 - - default default] 199.204.45.72 "GET /v2.0/security-groups?fields=id&fields=name&tenant_id=c03811224e8b466cb5c045e0be6cea17 HTTP/1.1" status: 200 len: 380 time: 0.0544691
2026-07-21 22:11:58.774 9 INFO neutron.db.ovn_revision_numbers_db [None req-ec180c55-8890-482f-8efe-50c73b1a32b5 67cbca0f61f7497299a36c8b5e6c6223 80d6f0187e944bd1871debd8ef6fcd14 - - default default] Successfully bumped revision number for resource 2b0c7b5d-c3c1-4f6b-bef1-d57a83686574 (type: floatingips) to 0
2026-07-21 22:11:58.819 10 INFO neutron.wsgi [req-5f4619a0-7439-4314-94e1-dcb9c6057b09 req-f4ca6ec9-51b0-44f9-aeed-0c839f25701b 7b019e581479436693c8849d5b601b10 c03811224e8b466cb5c045e0be6cea17 - - default default] 10.0.0.81 "GET /v2.0/ports?device_id=152b9685-67d6-497d-a746-871a3faaa389 HTTP/1.1" status: 200 len: 210 time: 0.0305698
2026-07-21 22:11:58.912 9 INFO neutron.db.ovn_revision_numbers_db [None req-ec180c55-8890-482f-8efe-50c73b1a32b5 67cbca0f61f7497299a36c8b5e6c6223 80d6f0187e944bd1871debd8ef6fcd14 - - default default] Successfully bumped revision number for resource 2b0c7b5d-c3c1-4f6b-bef1-d57a83686574 (type: floatingips) to 1
2026-07-21 22:11:58.954 9 INFO neutron.wsgi [None req-ec180c55-8890-482f-8efe-50c73b1a32b5 67cbca0f61f7497299a36c8b5e6c6223 80d6f0187e944bd1871debd8ef6fcd14 - - default default] 10.0.0.24 "POST /v2.0/floatingips HTTP/1.1" status: 201 len: 1042 time: 1.2947447
2026-07-21 22:11:59.047 10 WARNING neutron.scheduler.dhcp_agent_scheduler [req-819a17d5-d203-4ca6-b68e-641240313afe req-8899035d-3e4c-44f3-8e36-475c9c45a9ab 7b019e581479436693c8849d5b601b10 c03811224e8b466cb5c045e0be6cea17 - - default default] No more DHCP agents
2026-07-21 22:11:59.052 10 WARNING neutron.api.rpc.agentnotifiers.dhcp_rpc_agent_api [req-819a17d5-d203-4ca6-b68e-641240313afe req-8899035d-3e4c-44f3-8e36-475c9c45a9ab 7b019e581479436693c8849d5b601b10 c03811224e8b466cb5c045e0be6cea17 - - default default] Unable to schedule network fedd6418-fafc-4dd4-a4dc-daf61b6f3e26: no agents available; will retry on subsequent port and subnet creation events.
2026-07-21 22:11:59.079 9 WARNING neutron.plugins.ml2.drivers.ovn.mech_driver.ovsdb.ovn_client [None req-8835f594-bc35-4410-94ff-92550b4c7f68 - - - - - -] No hosting information found for port f1bce40d-fefe-4c86-be46-2e2cb304b308: RuntimeError: No hosting information found for port f1bce40d-fefe-4c86-be46-2e2cb304b308
2026-07-21 22:11:59.079 9 INFO neutron.plugins.ml2.drivers.ovn.mech_driver.mech_driver [None req-8835f594-bc35-4410-94ff-92550b4c7f68 - - - - - -] OVN reports status up for port: 26a0e8d2-2533-48e6-ab30-a0f135bcc8d8
2026-07-21 22:11:59.088 9 INFO neutron.plugins.ml2.plugin [None req-8835f594-bc35-4410-94ff-92550b4c7f68 - - - - - -] Attempt 1 to provision port 26a0e8d2-2533-48e6-ab30-a0f135bcc8d8
2026-07-21 22:11:59.138 9 INFO neutron.db.l3_db [None req-1574de64-c744-4d21-8a97-931bedde6a0f 67cbca0f61f7497299a36c8b5e6c6223 80d6f0187e944bd1871debd8ef6fcd14 - - default default] Floating IP 2b0c7b5d-c3c1-4f6b-bef1-d57a83686574 disassociated. External IP: 10.96.250.217, port: 5b5f5546-0be4-4896-8e3b-e7a59989d294.
2026-07-21 22:11:59.183 10 WARNING neutron.plugins.ml2.drivers.ovn.mech_driver.ovsdb.ovn_client [None req-23b69857-0848-41f6-bdef-cf138be61e50 - - - - - -] No hosting information found for port 777a0ccb-0334-4b25-b9d3-6fec6792ac0d: RuntimeError: No hosting information found for port 777a0ccb-0334-4b25-b9d3-6fec6792ac0d
2026-07-21 22:11:59.204 9 INFO neutron.db.ovn_revision_numbers_db [None req-1574de64-c744-4d21-8a97-931bedde6a0f 67cbca0f61f7497299a36c8b5e6c6223 80d6f0187e944bd1871debd8ef6fcd14 - - default default] Successfully bumped revision number for resource 2b0c7b5d-c3c1-4f6b-bef1-d57a83686574 (type: floatingips) to 2
2026-07-21 22:11:59.279 10 INFO neutron.db.ovn_revision_numbers_db [req-819a17d5-d203-4ca6-b68e-641240313afe req-8899035d-3e4c-44f3-8e36-475c9c45a9ab 7b019e581479436693c8849d5b601b10 c03811224e8b466cb5c045e0be6cea17 - - default default] Successfully bumped revision number for resource 422a849e-5d95-4024-a5ab-fcc18dc46b31 (type: ports) to 1
2026-07-21 22:11:59.318 10 INFO neutron.wsgi [req-819a17d5-d203-4ca6-b68e-641240313afe req-8899035d-3e4c-44f3-8e36-475c9c45a9ab 7b019e581479436693c8849d5b601b10 c03811224e8b466cb5c045e0be6cea17 - - default default] 199.204.45.72 "POST /v2.0/ports HTTP/1.1" status: 201 len: 1162 time: 0.7069309 /var/lib/openstack/lib/python3.10/site-packages/pycadf/identifier.py:71: UserWarning: Invalid uuid: neutron. To ensure interoperability, identifiers should be a valid uuid. warnings.warn(('Invalid uuid: %s. To ensure interoperability, '
2026-07-21 22:11:59.343 9 INFO neutron.wsgi [None req-1574de64-c744-4d21-8a97-931bedde6a0f 67cbca0f61f7497299a36c8b5e6c6223 80d6f0187e944bd1871debd8ef6fcd14 - - default default] 10.0.0.24 "PUT /v2.0/floatingips/2b0c7b5d-c3c1-4f6b-bef1-d57a83686574 HTTP/1.1" status: 200 len: 748 time: 0.3841043
2026-07-21 22:11:59.620 9 INFO neutron.db.ovn_revision_numbers_db [None req-8835f594-bc35-4410-94ff-92550b4c7f68 - - - - - -] Successfully bumped revision number for resource 26a0e8d2-2533-48e6-ab30-a0f135bcc8d8 (type: ports) to 2
2026-07-21 22:11:59.817 9 INFO neutron.db.ovn_revision_numbers_db [None req-8835f594-bc35-4410-94ff-92550b4c7f68 - - - - - -] Successfully bumped revision number for resource 26a0e8d2-2533-48e6-ab30-a0f135bcc8d8 (type: router_ports) to 2
2026-07-21 22:12:00.228 10 INFO neutron.db.ovn_revision_numbers_db [req-819a17d5-d203-4ca6-b68e-641240313afe req-d73b7a68-15a1-4b46-9d4a-8fdae5d692a9 294eab28782a44b793f68080f8646925 a2a1e0c2788048ff8492de98ea2929da - - 98c96a7a0f3343c0a18ad4bd9845e374 98c96a7a0f3343c0a18ad4bd9845e374] Successfully bumped revision number for resource 422a849e-5d95-4024-a5ab-fcc18dc46b31 (type: ports) to 2
2026-07-21 22:12:00.272 9 INFO neutron.wsgi [None req-2085d7eb-1abe-4df2-8f6f-c7ed1bb37bbe 67cbca0f61f7497299a36c8b5e6c6223 80d6f0187e944bd1871debd8ef6fcd14 - - default default] 10.0.0.24 "DELETE /v2.0/floatingips/2b0c7b5d-c3c1-4f6b-bef1-d57a83686574 HTTP/1.1" status: 204 len: 168 time: 0.9144189 /var/lib/openstack/lib/python3.10/site-packages/pycadf/identifier.py:71: UserWarning: Invalid uuid: neutron. To ensure interoperability, identifiers should be a valid uuid. warnings.warn(('Invalid uuid: %s. To ensure interoperability, '
2026-07-21 22:12:00.340 9 INFO neutron.wsgi [req-52427d9e-1e74-474a-827b-125e8f291ec2 req-d4ac92cc-6aa2-4f3c-99ba-1cf51d3bcce9 7b019e581479436693c8849d5b601b10 c03811224e8b466cb5c045e0be6cea17 - - default default] 10.0.0.81 "GET /v2.0/ports?device_id=152b9685-67d6-497d-a746-871a3faaa389 HTTP/1.1" status: 200 len: 1172 time: 0.1129057
2026-07-21 22:12:00.403 9 INFO neutron.wsgi [req-52427d9e-1e74-474a-827b-125e8f291ec2 req-ac345bd8-5e48-43ec-80b6-26ed3459cd26 7b019e581479436693c8849d5b601b10 c03811224e8b466cb5c045e0be6cea17 - - default default] 10.0.0.81 "GET /v2.0/security-groups?id=3046739f-0444-4bbe-9858-61af97791002&fields=id&fields=name HTTP/1.1" status: 200 len: 313 time: 0.0466781
2026-07-21 22:12:00.652 10 INFO neutron.db.ovn_revision_numbers_db [req-819a17d5-d203-4ca6-b68e-641240313afe req-d73b7a68-15a1-4b46-9d4a-8fdae5d692a9 294eab28782a44b793f68080f8646925 a2a1e0c2788048ff8492de98ea2929da - - 98c96a7a0f3343c0a18ad4bd9845e374 98c96a7a0f3343c0a18ad4bd9845e374] Successfully bumped revision number for resource 422a849e-5d95-4024-a5ab-fcc18dc46b31 (type: ports) to 2
2026-07-21 22:12:00.680 10 INFO neutron.wsgi [req-819a17d5-d203-4ca6-b68e-641240313afe req-d73b7a68-15a1-4b46-9d4a-8fdae5d692a9 294eab28782a44b793f68080f8646925 a2a1e0c2788048ff8492de98ea2929da - - 98c96a7a0f3343c0a18ad4bd9845e374 98c96a7a0f3343c0a18ad4bd9845e374] 199.204.45.72 "PUT /v2.0/ports/422a849e-5d95-4024-a5ab-fcc18dc46b31 HTTP/1.1" status: 200 len: 1380 time: 1.3498108 /var/lib/openstack/lib/python3.10/site-packages/pycadf/identifier.py:71: UserWarning: Invalid uuid: neutron. To ensure interoperability, identifiers should be a valid uuid. warnings.warn(('Invalid uuid: %s. To ensure interoperability, '
2026-07-21 22:12:00.735 10 INFO neutron.notifiers.nova [-] Nova event matching ['req-38c2c836-0a1f-47d9-8dbf-6bc34cfe8041'] response: {'name': 'network-changed', 'server_uuid': '152b9685-67d6-497d-a746-871a3faaa389', 'tag': '422a849e-5d95-4024-a5ab-fcc18dc46b31', 'status': 'completed', 'code': 200}
2026-07-21 22:12:00.770 10 INFO neutron.wsgi [req-819a17d5-d203-4ca6-b68e-641240313afe req-2c965c69-a918-486c-8df9-abb6bd33d651 294eab28782a44b793f68080f8646925 a2a1e0c2788048ff8492de98ea2929da - - 98c96a7a0f3343c0a18ad4bd9845e374 98c96a7a0f3343c0a18ad4bd9845e374] 199.204.45.72 "GET /v2.0/ports?tenant_id=c03811224e8b466cb5c045e0be6cea17&device_id=152b9685-67d6-497d-a746-871a3faaa389 HTTP/1.1" status: 200 len: 1411 time: 0.0467618
2026-07-21 22:12:00.785 9 INFO neutron.wsgi [None req-1c2d16f4-1368-44f3-b825-211530b58b92 91fdbed99fa44695bfb7c3fe5c775263 ff11d56d5fe743ce9e81a23e131c3e67 - - default default] 10.0.0.24 "POST /v2.0/subnetpools HTTP/1.1" status: 201 len: 715 time: 0.2923036
2026-07-21 22:12:00.794 10 WARNING neutron.scheduler.dhcp_agent_scheduler [None req-49e6e35a-a8ff-44fd-a249-0e4fab8d9e84 67cbca0f61f7497299a36c8b5e6c6223 80d6f0187e944bd1871debd8ef6fcd14 - - default default] No more DHCP agents
2026-07-21 22:12:00.808 10 WARNING neutron.api.rpc.agentnotifiers.dhcp_rpc_agent_api [None req-49e6e35a-a8ff-44fd-a249-0e4fab8d9e84 67cbca0f61f7497299a36c8b5e6c6223 80d6f0187e944bd1871debd8ef6fcd14 - - default default] Unable to schedule network 4adc767c-d433-4b60-90dd-0b32e488d333: no agents available; will retry on subsequent port and subnet creation events.
2026-07-21 22:12:00.811 10 INFO neutron.wsgi [req-819a17d5-d203-4ca6-b68e-641240313afe req-f8fc14bf-de28-4495-a5ef-72712fa57171 294eab28782a44b793f68080f8646925 a2a1e0c2788048ff8492de98ea2929da - - 98c96a7a0f3343c0a18ad4bd9845e374 98c96a7a0f3343c0a18ad4bd9845e374] 199.204.45.72 "GET /v2.0/floatingips?fixed_ip_address=10.100.0.10&port_id=422a849e-5d95-4024-a5ab-fcc18dc46b31 HTTP/1.1" status: 200 len: 217 time: 0.0308878
2026-07-21 22:12:00.868 9 INFO neutron.db.ovn_revision_numbers_db [None req-cc5420fd-f713-4e0e-84a6-001a7aac77b7 4c37e9f4c896406d872d78f3bed0c496 e63d6cf45fd5428990c817ab86d83169 - - default default] Successfully bumped revision number for resource dfd02652-925a-46c8-9c11-47f8c751193d (type: security_groups) to 1
2026-07-21 22:12:00.871 10 INFO neutron.wsgi [req-819a17d5-d203-4ca6-b68e-641240313afe req-1e819acd-80ff-4765-9c11-711912aa9b1c 294eab28782a44b793f68080f8646925 a2a1e0c2788048ff8492de98ea2929da - - 98c96a7a0f3343c0a18ad4bd9845e374 98c96a7a0f3343c0a18ad4bd9845e374] 199.204.45.72 "GET /v2.0/subnets?id=7fe05b4e-263c-4bd8-9638-6942d0005336 HTTP/1.1" status: 200 len: 868 time: 0.0445538
2026-07-21 22:12:00.884 9 INFO neutron.wsgi [None req-ec690085-be83-4ab6-998f-0081d38cc82d 91fdbed99fa44695bfb7c3fe5c775263 ff11d56d5fe743ce9e81a23e131c3e67 - - default default] 10.0.0.24 "POST /v2.0/subnetpools HTTP/1.1" status: 201 len: 715 time: 0.0934610
2026-07-21 22:12:00.887 9 INFO neutron.db.ovn_revision_numbers_db [None req-cc5420fd-f713-4e0e-84a6-001a7aac77b7 4c37e9f4c896406d872d78f3bed0c496 e63d6cf45fd5428990c817ab86d83169 - - default default] Successfully bumped revision number for resource 88d49ae6-a411-41ab-a993-54314e90409d (type: security_group_rules) to 0
2026-07-21 22:12:00.904 9 INFO neutron.db.ovn_revision_numbers_db [None req-cc5420fd-f713-4e0e-84a6-001a7aac77b7 4c37e9f4c896406d872d78f3bed0c496 e63d6cf45fd5428990c817ab86d83169 - - default default] Successfully bumped revision number for resource 8972218a-947b-409c-ada3-22ad199830d1 (type: security_group_rules) to 0
2026-07-21 22:12:00.908 10 INFO neutron.wsgi [req-819a17d5-d203-4ca6-b68e-641240313afe req-ea39b2c5-27b2-4cb6-81f7-b94b1f8e344e 294eab28782a44b793f68080f8646925 a2a1e0c2788048ff8492de98ea2929da - - 98c96a7a0f3343c0a18ad4bd9845e374 98c96a7a0f3343c0a18ad4bd9845e374] 199.204.45.72 "GET /v2.0/ports?network_id=fedd6418-fafc-4dd4-a4dc-daf61b6f3e26&device_owner=network%3Adhcp HTTP/1.1" status: 200 len: 210 time: 0.0298929
2026-07-21 22:12:00.924 9 INFO neutron.db.ovn_revision_numbers_db [None req-cc5420fd-f713-4e0e-84a6-001a7aac77b7 4c37e9f4c896406d872d78f3bed0c496 e63d6cf45fd5428990c817ab86d83169 - - default default] Successfully bumped revision number for resource a52610c3-3cbd-4d46-b983-4853b1d4a126 (type: security_group_rules) to 0
2026-07-21 22:12:00.940 9 INFO neutron.db.ovn_revision_numbers_db [None req-cc5420fd-f713-4e0e-84a6-001a7aac77b7 4c37e9f4c896406d872d78f3bed0c496 e63d6cf45fd5428990c817ab86d83169 - - default default] Successfully bumped revision number for resource cb15ac6a-795e-44c3-b9d0-c1d463a61f6f (type: security_group_rules) to 0
2026-07-21 22:12:00.966 9 INFO neutron.wsgi [None req-cc5420fd-f713-4e0e-84a6-001a7aac77b7 4c37e9f4c896406d872d78f3bed0c496 e63d6cf45fd5428990c817ab86d83169 - - default default] 10.0.0.24 "GET /v2.0/security-groups?tenant_id=b46998435cb9485786f00354d39c99e5&name=default HTTP/1.1" status: 200 len: 2996 time: 0.4227245
2026-07-21 22:12:01.042 10 INFO neutron.wsgi [None req-86d1cc6d-4f11-48d4-ad44-6fff44fad7c5 91fdbed99fa44695bfb7c3fe5c775263 ff11d56d5fe743ce9e81a23e131c3e67 - - default default] 10.0.0.24 "POST /v2.0/subnetpools HTTP/1.1" status: 201 len: 715 time: 0.1521437
2026-07-21 22:12:01.072 10 INFO neutron.wsgi [req-819a17d5-d203-4ca6-b68e-641240313afe req-2360f30b-e187-4db2-a5cd-6e08260a9838 294eab28782a44b793f68080f8646925 a2a1e0c2788048ff8492de98ea2929da - - 98c96a7a0f3343c0a18ad4bd9845e374 98c96a7a0f3343c0a18ad4bd9845e374] 199.204.45.72 "GET /v2.0/networks/fedd6418-fafc-4dd4-a4dc-daf61b6f3e26?fields=segments HTTP/1.1" status: 200 len: 212 time: 0.1483750
2026-07-21 22:12:01.174 9 INFO neutron.wsgi [None req-e7bc6dec-7260-41df-9dca-7d12f7826197 4c37e9f4c896406d872d78f3bed0c496 e63d6cf45fd5428990c817ab86d83169 - - default default] 10.0.0.24 "DELETE /v2.0/security-groups/dfd02652-925a-46c8-9c11-47f8c751193d HTTP/1.1" status: 204 len: 168 time: 0.2037449
2026-07-21 22:12:01.253 10 INFO neutron.wsgi [None req-f555cb2e-4f2a-46b4-9c57-e25e6551dbac 91fdbed99fa44695bfb7c3fe5c775263 ff11d56d5fe743ce9e81a23e131c3e67 - - default default] 10.0.0.24 "POST /v2.0/subnetpools HTTP/1.1" status: 201 len: 715 time: 0.2041106
2026-07-21 22:12:01.255 10 INFO neutron.wsgi [req-819a17d5-d203-4ca6-b68e-641240313afe req-c714f98d-bbab-4280-8b35-6e9de3c781ad 294eab28782a44b793f68080f8646925 a2a1e0c2788048ff8492de98ea2929da - - 98c96a7a0f3343c0a18ad4bd9845e374 98c96a7a0f3343c0a18ad4bd9845e374] 199.204.45.72 "GET /v2.0/networks/fedd6418-fafc-4dd4-a4dc-daf61b6f3e26?fields=provider%3Aphysical_network&fields=provider%3Anetwork_type HTTP/1.1" status: 200 len: 277 time: 0.1592965
2026-07-21 22:12:01.358 9 INFO neutron.wsgi [None req-b1ca4349-acdb-416d-8c26-4623d6bedc4d 91fdbed99fa44695bfb7c3fe5c775263 ff11d56d5fe743ce9e81a23e131c3e67 - - default default] 10.0.0.24 "POST /v2.0/subnetpools HTTP/1.1" status: 201 len: 715 time: 0.0990767
2026-07-21 22:12:01.376 10 INFO neutron.wsgi [req-c2a5a12b-f13a-4bb7-89b9-5b79055d9aac req-71f517b0-b908-4ec8-a690-7dbd8278cd2e 294eab28782a44b793f68080f8646925 a2a1e0c2788048ff8492de98ea2929da - - 98c96a7a0f3343c0a18ad4bd9845e374 98c96a7a0f3343c0a18ad4bd9845e374] 199.204.45.72 "GET /v2.0/ports?tenant_id=c03811224e8b466cb5c045e0be6cea17&device_id=152b9685-67d6-497d-a746-871a3faaa389 HTTP/1.1" status: 200 len: 1411 time: 0.0640516
2026-07-21 22:12:01.407 9 INFO neutron.wsgi [None req-6d037dfb-9929-4d0b-bb6a-d1c69c0164c7 91fdbed99fa44695bfb7c3fe5c775263 ff11d56d5fe743ce9e81a23e131c3e67 - - default default] 10.0.0.24 "PUT /v2.0/subnetpools/ee4ff321-659d-4c2c-814d-3e8f8062fbda/tags HTTP/1.1" status: 200 len: 210 time: 0.0422068
2026-07-21 22:12:01.451 9 INFO neutron.wsgi [None req-856f96f6-ac49-424d-949c-b5db7044cfa0 91fdbed99fa44695bfb7c3fe5c775263 ff11d56d5fe743ce9e81a23e131c3e67 - - default default] 10.0.0.24 "PUT /v2.0/subnetpools/b258d62f-419e-416f-9aeb-4fea43a987af/tags HTTP/1.1" status: 200 len: 218 time: 0.0393088
2026-07-21 22:12:01.462 10 INFO neutron.wsgi [req-c2a5a12b-f13a-4bb7-89b9-5b79055d9aac req-f4bcfa90-0867-4af9-a1cd-be3d3a545b6b 294eab28782a44b793f68080f8646925 a2a1e0c2788048ff8492de98ea2929da - - 98c96a7a0f3343c0a18ad4bd9845e374 98c96a7a0f3343c0a18ad4bd9845e374] 199.204.45.72 "GET /v2.0/networks?id=fedd6418-fafc-4dd4-a4dc-daf61b6f3e26 HTTP/1.1" status: 200 len: 973 time: 0.0731547
2026-07-21 22:12:01.507 10 INFO neutron.wsgi [req-c2a5a12b-f13a-4bb7-89b9-5b79055d9aac req-ee5e9fdc-0106-4038-a2fe-1df1d75cfbcd 294eab28782a44b793f68080f8646925 a2a1e0c2788048ff8492de98ea2929da - - 98c96a7a0f3343c0a18ad4bd9845e374 98c96a7a0f3343c0a18ad4bd9845e374] 199.204.45.72 "GET /v2.0/floatingips?fixed_ip_address=10.100.0.10&port_id=422a849e-5d95-4024-a5ab-fcc18dc46b31 HTTP/1.1" status: 200 len: 217 time: 0.0358315
2026-07-21 22:12:01.537 9 INFO neutron.wsgi [None req-1015083a-c9b7-499c-a105-acda42d1b39f 91fdbed99fa44695bfb7c3fe5c775263 ff11d56d5fe743ce9e81a23e131c3e67 - - default default] 10.0.0.24 "PUT /v2.0/subnetpools/9c52fc69-3768-484c-8010-53d2ef186ee0/tags HTTP/1.1" status: 200 len: 227 time: 0.0629604
2026-07-21 22:12:01.566 9 INFO neutron.wsgi [req-e36b6e6a-3e67-4014-8429-4b9e47551d92 req-26a37583-cfcd-406f-b106-a53babb80a11 7b019e581479436693c8849d5b601b10 c03811224e8b466cb5c045e0be6cea17 - - default default] 10.0.0.81 "GET /v2.0/ports?device_id=152b9685-67d6-497d-a746-871a3faaa389 HTTP/1.1" status: 200 len: 1172 time: 0.0633168
2026-07-21 22:12:01.585 9 INFO neutron.wsgi [None req-a3ab4487-bf2b-4ad9-9adc-48e69ef8877e 91fdbed99fa44695bfb7c3fe5c775263 ff11d56d5fe743ce9e81a23e131c3e67 - - default default] 10.0.0.24 "PUT /v2.0/subnetpools/4e853eda-4f46-4076-b861-43a2af4353bc/tags HTTP/1.1" status: 200 len: 212 time: 0.0400488
2026-07-21 22:12:01.598 10 INFO neutron.wsgi [req-c2a5a12b-f13a-4bb7-89b9-5b79055d9aac req-7d93613b-2414-442c-b410-8d83dde0ca64 294eab28782a44b793f68080f8646925 a2a1e0c2788048ff8492de98ea2929da - - 98c96a7a0f3343c0a18ad4bd9845e374 98c96a7a0f3343c0a18ad4bd9845e374] 199.204.45.72 "GET /v2.0/subnets?id=7fe05b4e-263c-4bd8-9638-6942d0005336 HTTP/1.1" status: 200 len: 868 time: 0.0790727
2026-07-21 22:12:01.629 9 INFO neutron.wsgi [req-e36b6e6a-3e67-4014-8429-4b9e47551d92 req-397c257f-219b-4a43-8609-fb4246a21abf 7b019e581479436693c8849d5b601b10 c03811224e8b466cb5c045e0be6cea17 - - default default] 10.0.0.81 "GET /v2.0/security-groups?id=3046739f-0444-4bbe-9858-61af97791002&fields=id&fields=name HTTP/1.1" status: 200 len: 313 time: 0.0557826
2026-07-21 22:12:01.633 9 INFO neutron.wsgi [None req-93ec6a89-2550-44f6-bf3e-b7a09767942e 91fdbed99fa44695bfb7c3fe5c775263 ff11d56d5fe743ce9e81a23e131c3e67 - - default default] 10.0.0.24 "GET /v2.0/subnetpools?tags=red HTTP/1.1" status: 200 len: 1758 time: 0.0376041
2026-07-21 22:12:01.635 10 INFO neutron.wsgi [req-c2a5a12b-f13a-4bb7-89b9-5b79055d9aac req-f1fc73a7-4cab-42e9-9987-dbc6519aff7b 294eab28782a44b793f68080f8646925 a2a1e0c2788048ff8492de98ea2929da - - 98c96a7a0f3343c0a18ad4bd9845e374 98c96a7a0f3343c0a18ad4bd9845e374] 199.204.45.72 "GET /v2.0/ports?network_id=fedd6418-fafc-4dd4-a4dc-daf61b6f3e26&device_owner=network%3Adhcp HTTP/1.1" status: 200 len: 210 time: 0.0319068
2026-07-21 22:12:01.637 10 INFO neutron.db.l3_db [None req-49e6e35a-a8ff-44fd-a249-0e4fab8d9e84 67cbca0f61f7497299a36c8b5e6c6223 80d6f0187e944bd1871debd8ef6fcd14 - - default default] Floating IP ef4e378e-0ccb-4b6d-b3df-2bd1ecf83a5a associated. External IP: 10.96.250.217, port: 78b68ffb-61e6-4adb-ae07-548c004da924.
2026-07-21 22:12:01.671 9 INFO neutron.wsgi [None req-40474c39-bd94-4fb4-93e7-befe14f7401b 91fdbed99fa44695bfb7c3fe5c775263 ff11d56d5fe743ce9e81a23e131c3e67 - - default default] 10.0.0.24 "GET /v2.0/subnetpools?tags=red%2Cblue HTTP/1.1" status: 200 len: 1251 time: 0.0309150
2026-07-21 22:12:01.704 9 INFO neutron.wsgi [None req-3787adbe-c185-46fa-9a60-527c00050d60 91fdbed99fa44695bfb7c3fe5c775263 ff11d56d5fe743ce9e81a23e131c3e67 - - default default] 10.0.0.24 "GET /v2.0/subnetpools?tags-any=blue HTTP/1.1" status: 200 len: 1251 time: 0.0258076
2026-07-21 22:12:01.739 9 INFO neutron.wsgi [None req-6ae85ad7-ec7c-4f3e-8cb4-2b2040e5afca 91fdbed99fa44695bfb7c3fe5c775263 ff11d56d5fe743ce9e81a23e131c3e67 - - default default] 10.0.0.24 "GET /v2.0/subnetpools?tags-any=red%2Cblue HTTP/1.1" status: 200 len: 1758 time: 0.0291233
2026-07-21 22:12:01.777 10 INFO neutron.wsgi [req-c2a5a12b-f13a-4bb7-89b9-5b79055d9aac req-10f564ae-f13f-49af-b27f-1818dbd450fe 294eab28782a44b793f68080f8646925 a2a1e0c2788048ff8492de98ea2929da - - 98c96a7a0f3343c0a18ad4bd9845e374 98c96a7a0f3343c0a18ad4bd9845e374] 199.204.45.72 "GET /v2.0/networks/fedd6418-fafc-4dd4-a4dc-daf61b6f3e26?fields=segments HTTP/1.1" status: 200 len: 212 time: 0.1315515
2026-07-21 22:12:01.785 9 INFO neutron.wsgi [None req-f0c10cc5-4f11-4b9c-8b30-3cbdc44bb579 91fdbed99fa44695bfb7c3fe5c775263 ff11d56d5fe743ce9e81a23e131c3e67 - - default default] 10.0.0.24 "GET /v2.0/subnetpools?not-tags=red HTTP/1.1" status: 200 len: 1223 time: 0.0399745
2026-07-21 22:12:01.826 9 INFO neutron.wsgi [None req-4765a274-cfb7-4a60-a107-d5be1dbceea1 91fdbed99fa44695bfb7c3fe5c775263 ff11d56d5fe743ce9e81a23e131c3e67 - - default default] 10.0.0.24 "GET /v2.0/subnetpools?not-tags=red%2Cblue HTTP/1.1" status: 200 len: 1730 time: 0.0341549
2026-07-21 22:12:01.860 10 INFO neutron.wsgi [req-c2a5a12b-f13a-4bb7-89b9-5b79055d9aac req-773f63a9-4238-4a44-bd01-ac13bd246e16 294eab28782a44b793f68080f8646925 a2a1e0c2788048ff8492de98ea2929da - - 98c96a7a0f3343c0a18ad4bd9845e374 98c96a7a0f3343c0a18ad4bd9845e374] 199.204.45.72 "GET /v2.0/networks/fedd6418-fafc-4dd4-a4dc-daf61b6f3e26?fields=provider%3Aphysical_network&fields=provider%3Anetwork_type HTTP/1.1" status: 200 len: 277 time: 0.0772879
2026-07-21 22:12:01.865 9 INFO neutron.wsgi [None req-b4e68cde-f0b9-4558-a8aa-b14bc59ff203 91fdbed99fa44695bfb7c3fe5c775263 ff11d56d5fe743ce9e81a23e131c3e67 - - default default] 10.0.0.24 "GET /v2.0/subnetpools?not-tags-any=blue HTTP/1.1" status: 200 len: 1730 time: 0.0287013
2026-07-21 22:12:01.899 9 INFO neutron.wsgi [None req-8d31fe13-1170-496d-bc9d-5bcc64aa3f7a 91fdbed99fa44695bfb7c3fe5c775263 ff11d56d5fe743ce9e81a23e131c3e67 - - default default] 10.0.0.24 "GET /v2.0/subnetpools?not-tags-any=red%2Cblue HTTP/1.1" status: 200 len: 1223 time: 0.0291369
2026-07-21 22:12:01.930 10 INFO neutron.db.ovn_revision_numbers_db [None req-49e6e35a-a8ff-44fd-a249-0e4fab8d9e84 67cbca0f61f7497299a36c8b5e6c6223 80d6f0187e944bd1871debd8ef6fcd14 - - default default] Successfully bumped revision number for resource ef4e378e-0ccb-4b6d-b3df-2bd1ecf83a5a (type: floatingips) to 0
2026-07-21 22:12:01.962 9 INFO neutron.wsgi [None req-89dfdb8e-3f8e-42cf-bf18-eb816b88ac6a 91fdbed99fa44695bfb7c3fe5c775263 ff11d56d5fe743ce9e81a23e131c3e67 - - default default] 10.0.0.24 "DELETE /v2.0/subnetpools/ee4ff321-659d-4c2c-814d-3e8f8062fbda HTTP/1.1" status: 204 len: 168 time: 0.0557384
2026-07-21 22:12:02.038 9 INFO neutron.wsgi [None req-615f29b3-440c-47c1-be30-d4c8fbb583de 91fdbed99fa44695bfb7c3fe5c775263 ff11d56d5fe743ce9e81a23e131c3e67 - - default default] 10.0.0.24 "DELETE /v2.0/subnetpools/b258d62f-419e-416f-9aeb-4fea43a987af HTTP/1.1" status: 204 len: 168 time: 0.0672290
2026-07-21 22:12:02.072 10 INFO neutron.db.ovn_revision_numbers_db [None req-49e6e35a-a8ff-44fd-a249-0e4fab8d9e84 67cbca0f61f7497299a36c8b5e6c6223 80d6f0187e944bd1871debd8ef6fcd14 - - default default] Successfully bumped revision number for resource ef4e378e-0ccb-4b6d-b3df-2bd1ecf83a5a (type: floatingips) to 1
2026-07-21 22:12:02.102 9 INFO neutron.wsgi [None req-b619b9ce-7e5d-4213-a065-149daa1c8e6b 91fdbed99fa44695bfb7c3fe5c775263 ff11d56d5fe743ce9e81a23e131c3e67 - - default default] 10.0.0.24 "DELETE /v2.0/subnetpools/9c52fc69-3768-484c-8010-53d2ef186ee0 HTTP/1.1" status: 204 len: 168 time: 0.0591145
2026-07-21 22:12:02.121 10 INFO neutron.wsgi [None req-49e6e35a-a8ff-44fd-a249-0e4fab8d9e84 67cbca0f61f7497299a36c8b5e6c6223 80d6f0187e944bd1871debd8ef6fcd14 - - default default] 10.0.0.24 "POST /v2.0/floatingips HTTP/1.1" status: 201 len: 1041 time: 1.8407180
2026-07-21 22:12:02.204 9 INFO neutron.wsgi [None req-37654a57-e241-4233-b103-923f64fdf70b 67cbca0f61f7497299a36c8b5e6c6223 80d6f0187e944bd1871debd8ef6fcd14 - - default default] 10.0.0.24 "GET /v2.0/floatingips/ef4e378e-0ccb-4b6d-b3df-2bd1ecf83a5a HTTP/1.1" status: 200 len: 1038 time: 0.0778563
2026-07-21 22:12:02.227 9 INFO neutron.wsgi [None req-259c12af-e6e9-4b8c-bc8c-30aee51e5752 91fdbed99fa44695bfb7c3fe5c775263 ff11d56d5fe743ce9e81a23e131c3e67 - - default default] 10.0.0.24 "DELETE /v2.0/subnetpools/4e853eda-4f46-4076-b861-43a2af4353bc HTTP/1.1" status: 204 len: 168 time: 0.1173925
2026-07-21 22:12:02.280 10 INFO neutron.wsgi [None req-d11c36c9-98bf-4942-8798-c415e8f62ab0 67cbca0f61f7497299a36c8b5e6c6223 80d6f0187e944bd1871debd8ef6fcd14 - - default default] 10.0.0.24 "GET /v2.0/floatingips HTTP/1.1" status: 200 len: 1041 time: 0.0696590
2026-07-21 22:12:02.315 9 INFO neutron.wsgi [None req-657fb0a7-5343-4c5a-a1cb-0a5db3316e6d 91fdbed99fa44695bfb7c3fe5c775263 ff11d56d5fe743ce9e81a23e131c3e67 - - default default] 10.0.0.24 "DELETE /v2.0/subnetpools/d5fa3d4d-b07a-4f54-b66f-b7bad9a492c8 HTTP/1.1" status: 204 len: 168 time: 0.0832641
2026-07-21 22:12:02.577 10 INFO neutron.db.l3_db [None req-103bd1db-a949-4e2f-86d6-ccdabf36831f 67cbca0f61f7497299a36c8b5e6c6223 80d6f0187e944bd1871debd8ef6fcd14 - - default default] Floating IP ef4e378e-0ccb-4b6d-b3df-2bd1ecf83a5a associated. External IP: 10.96.250.217, port: 78b68ffb-61e6-4adb-ae07-548c004da924.
2026-07-21 22:12:03.158 10 INFO neutron.db.ovn_revision_numbers_db [None req-103bd1db-a949-4e2f-86d6-ccdabf36831f 67cbca0f61f7497299a36c8b5e6c6223 80d6f0187e944bd1871debd8ef6fcd14 - - default default] Successfully bumped revision number for resource ef4e378e-0ccb-4b6d-b3df-2bd1ecf83a5a (type: floatingips) to 2
2026-07-21 22:12:03.167 10 INFO neutron.wsgi [req-06c24d71-6db8-42df-9058-d674af8fb80e req-870e428e-ea57-40c4-bfbb-fd17f7afbcb2 7b019e581479436693c8849d5b601b10 c03811224e8b466cb5c045e0be6cea17 - - default default] 10.0.0.81 "GET /v2.0/ports?device_id=152b9685-67d6-497d-a746-871a3faaa389 HTTP/1.1" status: 200 len: 1172 time: 0.4415359 /var/lib/openstack/lib/python3.10/site-packages/pycadf/identifier.py:71: UserWarning: Invalid uuid: neutron. To ensure interoperability, identifiers should be a valid uuid. warnings.warn(('Invalid uuid: %s. To ensure interoperability, '
2026-07-21 22:12:03.236 10 INFO neutron.wsgi [req-06c24d71-6db8-42df-9058-d674af8fb80e req-c5320cdd-e1fa-4762-814a-4c7df6fb8bd0 7b019e581479436693c8849d5b601b10 c03811224e8b466cb5c045e0be6cea17 - - default default] 10.0.0.81 "GET /v2.0/security-groups?id=3046739f-0444-4bbe-9858-61af97791002&fields=id&fields=name HTTP/1.1" status: 200 len: 313 time: 0.0571103
2026-07-21 22:12:03.314 10 INFO neutron.db.ovn_revision_numbers_db [None req-103bd1db-a949-4e2f-86d6-ccdabf36831f 67cbca0f61f7497299a36c8b5e6c6223 80d6f0187e944bd1871debd8ef6fcd14 - - default default] Successfully bumped revision number for resource ef4e378e-0ccb-4b6d-b3df-2bd1ecf83a5a (type: floatingips) to 2
2026-07-21 22:12:03.381 10 INFO neutron.wsgi [None req-103bd1db-a949-4e2f-86d6-ccdabf36831f 67cbca0f61f7497299a36c8b5e6c6223 80d6f0187e944bd1871debd8ef6fcd14 - - default default] 10.0.0.24 "PUT /v2.0/floatingips/ef4e378e-0ccb-4b6d-b3df-2bd1ecf83a5a HTTP/1.1" status: 200 len: 1039 time: 1.0929248
2026-07-21 22:12:03.479 9 INFO neutron.db.ovn_revision_numbers_db [None req-d7aa440b-2ead-4478-a2ad-b77dc2d43055 4c37e9f4c896406d872d78f3bed0c496 e63d6cf45fd5428990c817ab86d83169 - - default default] Successfully bumped revision number for resource cf853b87-6025-427e-84ac-d3e857bd4051 (type: security_groups) to 1
2026-07-21 22:12:03.494 9 INFO neutron.db.ovn_revision_numbers_db [None req-d7aa440b-2ead-4478-a2ad-b77dc2d43055 4c37e9f4c896406d872d78f3bed0c496 e63d6cf45fd5428990c817ab86d83169 - - default default] Successfully bumped revision number for resource 3e3d71d6-68c3-444a-8a2c-3e1307b5173a (type: security_group_rules) to 0
2026-07-21 22:12:03.507 9 INFO neutron.db.ovn_revision_numbers_db [None req-d7aa440b-2ead-4478-a2ad-b77dc2d43055 4c37e9f4c896406d872d78f3bed0c496 e63d6cf45fd5428990c817ab86d83169 - - default default] Successfully bumped revision number for resource 8d6d8b34-9f81-4649-8199-934241f90da1 (type: security_group_rules) to 0
2026-07-21 22:12:03.520 9 INFO neutron.db.ovn_revision_numbers_db [None req-d7aa440b-2ead-4478-a2ad-b77dc2d43055 4c37e9f4c896406d872d78f3bed0c496 e63d6cf45fd5428990c817ab86d83169 - - default default] Successfully bumped revision number for resource 98a363e4-a4b4-49d3-8b02-00b824af2ed6 (type: security_group_rules) to 0
2026-07-21 22:12:03.534 9 INFO neutron.db.ovn_revision_numbers_db [None req-d7aa440b-2ead-4478-a2ad-b77dc2d43055 4c37e9f4c896406d872d78f3bed0c496 e63d6cf45fd5428990c817ab86d83169 - - default default] Successfully bumped revision number for resource ba386884-cd8d-4521-a349-f71870ee744f (type: security_group_rules) to 0
2026-07-21 22:12:03.560 9 INFO neutron.wsgi [None req-d7aa440b-2ead-4478-a2ad-b77dc2d43055 4c37e9f4c896406d872d78f3bed0c496 e63d6cf45fd5428990c817ab86d83169 - - default default] 10.0.0.24 "GET /v2.0/security-groups?tenant_id=ff11d56d5fe743ce9e81a23e131c3e67&name=default HTTP/1.1" status: 200 len: 2996 time: 0.3834841
2026-07-21 22:12:03.612 10 INFO neutron.db.l3_db [None req-e403922a-61db-4783-bee2-cdea92c34dc3 67cbca0f61f7497299a36c8b5e6c6223 80d6f0187e944bd1871debd8ef6fcd14 - - default default] Floating IP ef4e378e-0ccb-4b6d-b3df-2bd1ecf83a5a disassociated. External IP: 10.96.250.217, port: 5b5f5546-0be4-4896-8e3b-e7a59989d294.
2026-07-21 22:12:03.704 10 INFO neutron.db.ovn_revision_numbers_db [None req-e403922a-61db-4783-bee2-cdea92c34dc3 67cbca0f61f7497299a36c8b5e6c6223 80d6f0187e944bd1871debd8ef6fcd14 - - default default] Successfully bumped revision number for resource ef4e378e-0ccb-4b6d-b3df-2bd1ecf83a5a (type: floatingips) to 3
2026-07-21 22:12:03.762 10 INFO neutron.db.ovn_revision_numbers_db [None req-3331644e-c57d-4f1f-a831-6c43155208dc c82ee807acf64ba9a2f1c0d07235e54b 07c2932912db40769f2e0731015ec4ac - - default default] Successfully bumped revision number for resource ecc11122-4abf-4844-a317-d9c111ea5d3f (type: security_groups) to 1
2026-07-21 22:12:03.780 9 INFO neutron.wsgi [None req-12357136-a13f-4700-9e1a-33b87d480954 4c37e9f4c896406d872d78f3bed0c496 e63d6cf45fd5428990c817ab86d83169 - - default default] 10.0.0.24 "DELETE /v2.0/security-groups/cf853b87-6025-427e-84ac-d3e857bd4051 HTTP/1.1" status: 204 len: 168 time: 0.2152658
2026-07-21 22:12:03.788 10 INFO neutron.db.ovn_revision_numbers_db [None req-3331644e-c57d-4f1f-a831-6c43155208dc c82ee807acf64ba9a2f1c0d07235e54b 07c2932912db40769f2e0731015ec4ac - - default default] Successfully bumped revision number for resource 0b772ca9-e6fd-4a7e-a3de-aceb62d325f2 (type: security_group_rules) to 0
2026-07-21 22:12:03.818 10 INFO neutron.wsgi [None req-e403922a-61db-4783-bee2-cdea92c34dc3 67cbca0f61f7497299a36c8b5e6c6223 80d6f0187e944bd1871debd8ef6fcd14 - - default default] 10.0.0.24 "PUT /v2.0/floatingips/ef4e378e-0ccb-4b6d-b3df-2bd1ecf83a5a HTTP/1.1" status: 200 len: 748 time: 0.4316745
2026-07-21 22:12:03.819 10 INFO neutron.db.ovn_revision_numbers_db [None req-3331644e-c57d-4f1f-a831-6c43155208dc c82ee807acf64ba9a2f1c0d07235e54b 07c2932912db40769f2e0731015ec4ac - - default default] Successfully bumped revision number for resource 6e1961fa-1c62-43dc-8021-77543e2c86f8 (type: security_group_rules) to 0
2026-07-21 22:12:03.835 10 INFO neutron.db.ovn_revision_numbers_db [None req-3331644e-c57d-4f1f-a831-6c43155208dc c82ee807acf64ba9a2f1c0d07235e54b 07c2932912db40769f2e0731015ec4ac - - default default] Successfully bumped revision number for resource a650dd66-cc81-49d4-a31e-0a12b930911c (type: security_group_rules) to 0
2026-07-21 22:12:03.851 10 INFO neutron.db.ovn_revision_numbers_db [None req-3331644e-c57d-4f1f-a831-6c43155208dc c82ee807acf64ba9a2f1c0d07235e54b 07c2932912db40769f2e0731015ec4ac - - default default] Successfully bumped revision number for resource e514aca2-f33d-42c0-b1d8-ae5cb7b61125 (type: security_group_rules) to 0 /var/lib/openstack/lib/python3.10/site-packages/pycadf/identifier.py:71: UserWarning: Invalid uuid: neutron. To ensure interoperability, identifiers should be a valid uuid. warnings.warn(('Invalid uuid: %s. To ensure interoperability, '
2026-07-21 22:12:03.932 10 INFO neutron.db.segments_db [None req-3331644e-c57d-4f1f-a831-6c43155208dc c82ee807acf64ba9a2f1c0d07235e54b 07c2932912db40769f2e0731015ec4ac - - default default] Added segment fd77f3e9-4156-487a-9201-1a45b4a1ea15 of type geneve for network 2daf143a-e14b-4c6b-8a49-709dc7181c9f
2026-07-21 22:12:04.094 10 INFO neutron.db.segments_db [None req-3331644e-c57d-4f1f-a831-6c43155208dc c82ee807acf64ba9a2f1c0d07235e54b 07c2932912db40769f2e0731015ec4ac - - default default] Added segment b44a177f-4119-4d6b-9096-9273ed234bde of type geneve for network 16f9d6cb-27a5-44b9-aab0-25abbb8fdc42
2026-07-21 22:12:04.095 10 INFO neutron.db.ovn_revision_numbers_db [None req-83646dd7-311d-4786-8e39-2284bfc7ffbb 4c37e9f4c896406d872d78f3bed0c496 e63d6cf45fd5428990c817ab86d83169 - - default default] Successfully bumped revision number for resource 741a68de-4eb0-404b-b4dd-9ffb94156f71 (type: security_groups) to 1
2026-07-21 22:12:04.132 10 INFO neutron.db.ovn_revision_numbers_db [None req-83646dd7-311d-4786-8e39-2284bfc7ffbb 4c37e9f4c896406d872d78f3bed0c496 e63d6cf45fd5428990c817ab86d83169 - - default default] Successfully bumped revision number for resource 2a6eca23-20fd-41fd-b0d6-436bac8fd13d (type: security_group_rules) to 0
2026-07-21 22:12:04.160 10 INFO neutron.db.ovn_revision_numbers_db [None req-83646dd7-311d-4786-8e39-2284bfc7ffbb 4c37e9f4c896406d872d78f3bed0c496 e63d6cf45fd5428990c817ab86d83169 - - default default] Successfully bumped revision number for resource 3460fa6c-f7c9-491f-bda9-a22615ffe93b (type: security_group_rules) to 0
2026-07-21 22:12:04.202 10 INFO neutron.db.ovn_revision_numbers_db [None req-83646dd7-311d-4786-8e39-2284bfc7ffbb 4c37e9f4c896406d872d78f3bed0c496 e63d6cf45fd5428990c817ab86d83169 - - default default] Successfully bumped revision number for resource 5636b31d-bf36-40c3-9a4e-5eb5ff96c017 (type: security_group_rules) to 0
2026-07-21 22:12:04.209 9 INFO neutron.wsgi [None req-8c80486d-1a89-4997-83e3-7c8c313b2e6c 67cbca0f61f7497299a36c8b5e6c6223 80d6f0187e944bd1871debd8ef6fcd14 - - default default] 10.0.0.24 "DELETE /v2.0/floatingips/ef4e378e-0ccb-4b6d-b3df-2bd1ecf83a5a HTTP/1.1" status: 204 len: 168 time: 0.3851321
2026-07-21 22:12:04.237 9 INFO neutron.api.v2.resource [None req-f49df569-79f2-4f79-a639-d899cd55575f 67cbca0f61f7497299a36c8b5e6c6223 80d6f0187e944bd1871debd8ef6fcd14 - - default default] delete failed (client error): The resource could not be found.
2026-07-21 22:12:04.239 9 INFO neutron.wsgi [None req-f49df569-79f2-4f79-a639-d899cd55575f 67cbca0f61f7497299a36c8b5e6c6223 80d6f0187e944bd1871debd8ef6fcd14 - - default default] 10.0.0.24 "DELETE /v2.0/floatingips/ef4e378e-0ccb-4b6d-b3df-2bd1ecf83a5a HTTP/1.1" status: 404 len: 345 time: 0.0252509
2026-07-21 22:12:04.262 10 INFO neutron.db.ovn_revision_numbers_db [None req-83646dd7-311d-4786-8e39-2284bfc7ffbb 4c37e9f4c896406d872d78f3bed0c496 e63d6cf45fd5428990c817ab86d83169 - - default default] Successfully bumped revision number for resource d20644b4-7933-44f4-8854-750708160f49 (type: security_group_rules) to 0
2026-07-21 22:12:04.339 9 INFO neutron.wsgi [-] 10.0.0.237 "GET / HTTP/1.1" status: 200 len: 247 time: 0.0026486
2026-07-21 22:12:04.342 9 INFO neutron.wsgi [-] 10.0.0.237 "GET / HTTP/1.1" status: 200 len: 247 time: 0.0018153
2026-07-21 22:12:04.355 10 INFO neutron.wsgi [None req-83646dd7-311d-4786-8e39-2284bfc7ffbb 4c37e9f4c896406d872d78f3bed0c496 e63d6cf45fd5428990c817ab86d83169 - - default default] 10.0.0.24 "GET /v2.0/security-groups?tenant_id=2d117a30489643cf9eb611e306f3c2cd&name=default HTTP/1.1" status: 200 len: 2996 time: 0.4559345
2026-07-21 22:12:04.363 10 INFO neutron.db.ovn_revision_numbers_db [None req-3331644e-c57d-4f1f-a831-6c43155208dc c82ee807acf64ba9a2f1c0d07235e54b 07c2932912db40769f2e0731015ec4ac - - default default] Successfully bumped revision number for resource 2daf143a-e14b-4c6b-8a49-709dc7181c9f (type: networks) to 1
2026-07-21 22:12:04.407 9 INFO neutron.wsgi [req-e08a6776-b481-4fa9-a89b-5f1572276cb0 req-22bf5845-c6cc-4928-b6eb-2f0dcf56111a 7b019e581479436693c8849d5b601b10 c03811224e8b466cb5c045e0be6cea17 - - default default] 10.0.0.81 "GET /v2.0/ports?device_id=152b9685-67d6-497d-a746-871a3faaa389 HTTP/1.1" status: 200 len: 1172 time: 0.0761359
2026-07-21 22:12:04.497 9 INFO neutron.wsgi [req-e08a6776-b481-4fa9-a89b-5f1572276cb0 req-637a7006-a7fe-40c5-a5cf-8dc7be27427b 7b019e581479436693c8849d5b601b10 c03811224e8b466cb5c045e0be6cea17 - - default default] 10.0.0.81 "GET /v2.0/security-groups?id=3046739f-0444-4bbe-9858-61af97791002&fields=id&fields=name HTTP/1.1" status: 200 len: 313 time: 0.0777540
2026-07-21 22:12:04.613 10 WARNING neutron.scheduler.dhcp_agent_scheduler [None req-3331644e-c57d-4f1f-a831-6c43155208dc c82ee807acf64ba9a2f1c0d07235e54b 07c2932912db40769f2e0731015ec4ac - - default default] No more DHCP agents
2026-07-21 22:12:04.617 10 WARNING neutron.api.rpc.agentnotifiers.dhcp_rpc_agent_api [None req-3331644e-c57d-4f1f-a831-6c43155208dc c82ee807acf64ba9a2f1c0d07235e54b 07c2932912db40769f2e0731015ec4ac - - default default] Unable to schedule network 2daf143a-e14b-4c6b-8a49-709dc7181c9f: no agents available; will retry on subsequent port and subnet creation events.
2026-07-21 22:12:04.729 10 INFO neutron.db.ovn_revision_numbers_db [None req-3331644e-c57d-4f1f-a831-6c43155208dc c82ee807acf64ba9a2f1c0d07235e54b 07c2932912db40769f2e0731015ec4ac - - default default] Successfully bumped revision number for resource f476f64f-7fd1-42f4-aefd-e5c678cc6063 (type: ports) to 1
2026-07-21 22:12:04.736 9 INFO neutron.wsgi [None req-90430368-6d30-40e4-8922-1ba181902668 67cbca0f61f7497299a36c8b5e6c6223 80d6f0187e944bd1871debd8ef6fcd14 - - default default] 10.0.0.24 "DELETE /v2.0/ports/5b5f5546-0be4-4896-8e3b-e7a59989d294 HTTP/1.1" status: 204 len: 168 time: 0.4814632
2026-07-21 22:12:04.741 10 INFO neutron.wsgi [None req-3a037368-e1eb-416f-88d7-afcaf63eb6b5 4c37e9f4c896406d872d78f3bed0c496 e63d6cf45fd5428990c817ab86d83169 - - default default] 10.0.0.24 "DELETE /v2.0/security-groups/741a68de-4eb0-404b-b4dd-9ffb94156f71 HTTP/1.1" status: 204 len: 168 time: 0.3747666
2026-07-21 22:12:04.816 10 INFO neutron.db.ovn_revision_numbers_db [None req-3331644e-c57d-4f1f-a831-6c43155208dc c82ee807acf64ba9a2f1c0d07235e54b 07c2932912db40769f2e0731015ec4ac - - default default] Successfully bumped revision number for resource 16f9d6cb-27a5-44b9-aab0-25abbb8fdc42 (type: networks) to 1
2026-07-21 22:12:04.997 10 WARNING neutron.scheduler.dhcp_agent_scheduler [None req-3331644e-c57d-4f1f-a831-6c43155208dc c82ee807acf64ba9a2f1c0d07235e54b 07c2932912db40769f2e0731015ec4ac - - default default] No more DHCP agents
2026-07-21 22:12:05.000 10 WARNING neutron.api.rpc.agentnotifiers.dhcp_rpc_agent_api [None req-3331644e-c57d-4f1f-a831-6c43155208dc c82ee807acf64ba9a2f1c0d07235e54b 07c2932912db40769f2e0731015ec4ac - - default default] Unable to schedule network 16f9d6cb-27a5-44b9-aab0-25abbb8fdc42: no agents available; will retry on subsequent port and subnet creation events.
2026-07-21 22:12:05.074 9 WARNING neutron.plugins.ml2.drivers.ovn.mech_driver.ovsdb.ovn_client [None req-8835f594-bc35-4410-94ff-92550b4c7f68 - - - - - -] No hosting information found for port 26a0e8d2-2533-48e6-ab30-a0f135bcc8d8: RuntimeError: No hosting information found for port 26a0e8d2-2533-48e6-ab30-a0f135bcc8d8
2026-07-21 22:12:05.089 10 INFO neutron.db.ovn_revision_numbers_db [None req-3331644e-c57d-4f1f-a831-6c43155208dc c82ee807acf64ba9a2f1c0d07235e54b 07c2932912db40769f2e0731015ec4ac - - default default] Successfully bumped revision number for resource 684c93c3-55c9-4d22-9413-9aad414eb8cd (type: ports) to 1
2026-07-21 22:12:05.117 10 INFO neutron.wsgi [None req-3331644e-c57d-4f1f-a831-6c43155208dc c82ee807acf64ba9a2f1c0d07235e54b 07c2932912db40769f2e0731015ec4ac - - default default] 10.0.0.24 "POST /v2.0/networks HTTP/1.1" status: 201 len: 1444 time: 1.8359573
2026-07-21 22:12:05.132 9 INFO neutron.plugins.ml2.drivers.ovn.mech_driver.mech_driver [None req-8835f594-bc35-4410-94ff-92550b4c7f68 - - - - - -] OVN reports status up for port: 422a849e-5d95-4024-a5ab-fcc18dc46b31
2026-07-21 22:12:05.169 9 INFO neutron.plugins.ml2.plugin [None req-8835f594-bc35-4410-94ff-92550b4c7f68 - - - - - -] Attempt 1 to provision port 422a849e-5d95-4024-a5ab-fcc18dc46b31
2026-07-21 22:12:05.226 9 INFO neutron.db.ovn_revision_numbers_db [None req-51f255a3-79e3-49e4-8535-f9f88ce34937 4c37e9f4c896406d872d78f3bed0c496 e63d6cf45fd5428990c817ab86d83169 - - default default] Successfully bumped revision number for resource 187bb04e-fd15-471f-8bff-f4718586d826 (type: security_groups) to 1
2026-07-21 22:12:05.247 9 INFO neutron.db.ovn_revision_numbers_db [None req-51f255a3-79e3-49e4-8535-f9f88ce34937 4c37e9f4c896406d872d78f3bed0c496 e63d6cf45fd5428990c817ab86d83169 - - default default] Successfully bumped revision number for resource 1fe587f6-30d9-4d31-af2b-c3abfe02e457 (type: security_group_rules) to 0
2026-07-21 22:12:05.264 10 INFO neutron.wsgi [None req-f9d33210-fc73-479f-86bd-dc01e0e91ce8 c82ee807acf64ba9a2f1c0d07235e54b 07c2932912db40769f2e0731015ec4ac - - default default] 10.0.0.24 "GET /v2.0/networks HTTP/1.1" status: 200 len: 2050 time: 0.1420710
