2026-07-21 22:14:11.396 9 INFO neutron.wsgi [req-39118d76-2fd3-45d6-bd9e-83abde833062 req-3da91565-257b-4ce0-810a-d734a6229c7c c397656439174bdc8d7ca89df6805efd 30e71b4627cb4a399d43135456071205 - - default default] 199.204.45.72 "POST /v2.0/ports HTTP/1.1" status: 201 len: 1162 time: 0.6377175 /var/lib/openstack/lib/python3.10/site-packages/pycadf/identifier.py:71: UserWarning: Invalid uuid: neutron. To ensure interoperability, identifiers should be a valid uuid. warnings.warn(('Invalid uuid: %s. To ensure interoperability, '
2026-07-21 22:14:11.494 10 INFO neutron.db.ovn_revision_numbers_db [None req-4439a116-77c2-4a42-b2e7-32fd8187ac5f 8b7d0e5c6edd4d9a98196bf8351353d5 f88f037ed4d44bcb88de229ae47d33a1 - - default default] Successfully bumped revision number for resource 2a89227e-77c0-4af3-847b-7b72a91f6cb1 (type: security_groups) to 1
2026-07-21 22:14:11.524 10 INFO neutron.db.ovn_revision_numbers_db [None req-4439a116-77c2-4a42-b2e7-32fd8187ac5f 8b7d0e5c6edd4d9a98196bf8351353d5 f88f037ed4d44bcb88de229ae47d33a1 - - default default] Successfully bumped revision number for resource 3d89d7a4-103f-404c-953d-7d74af27c697 (type: security_group_rules) to 0
2026-07-21 22:14:11.541 10 INFO neutron.db.ovn_revision_numbers_db [None req-4439a116-77c2-4a42-b2e7-32fd8187ac5f 8b7d0e5c6edd4d9a98196bf8351353d5 f88f037ed4d44bcb88de229ae47d33a1 - - default default] Successfully bumped revision number for resource 83bb2189-0859-4b48-bfe2-9300782dec98 (type: security_group_rules) to 0
2026-07-21 22:14:11.580 10 INFO neutron.db.ovn_revision_numbers_db [None req-4439a116-77c2-4a42-b2e7-32fd8187ac5f 8b7d0e5c6edd4d9a98196bf8351353d5 f88f037ed4d44bcb88de229ae47d33a1 - - default default] Successfully bumped revision number for resource 918c5f04-0040-49b0-b5bd-714be962c0b4 (type: security_group_rules) to 0
2026-07-21 22:14:11.601 10 INFO neutron.db.ovn_revision_numbers_db [None req-4439a116-77c2-4a42-b2e7-32fd8187ac5f 8b7d0e5c6edd4d9a98196bf8351353d5 f88f037ed4d44bcb88de229ae47d33a1 - - default default] Successfully bumped revision number for resource 91b16af3-c467-4d99-9ba3-3a4b523f8832 (type: security_group_rules) to 0
2026-07-21 22:14:11.663 10 INFO neutron.db.segments_db [None req-4439a116-77c2-4a42-b2e7-32fd8187ac5f 8b7d0e5c6edd4d9a98196bf8351353d5 f88f037ed4d44bcb88de229ae47d33a1 - - default default] Added segment 538b7d82-269a-4a37-a3f0-645db8aa9278 of type geneve for network acdcab10-503e-4a68-9b92-f083ee0b1c8f
2026-07-21 22:14:11.857 9 INFO neutron.db.ovn_revision_numbers_db [req-39118d76-2fd3-45d6-bd9e-83abde833062 req-03973ed1-563f-4f71-a2be-ffae4652640f 294eab28782a44b793f68080f8646925 a2a1e0c2788048ff8492de98ea2929da - - 98c96a7a0f3343c0a18ad4bd9845e374 98c96a7a0f3343c0a18ad4bd9845e374] Successfully bumped revision number for resource 6a93ca5b-2ddf-43c6-b234-0f806b7d626a (type: ports) to 2
2026-07-21 22:14:11.893 10 INFO neutron.db.ovn_revision_numbers_db [None req-4439a116-77c2-4a42-b2e7-32fd8187ac5f 8b7d0e5c6edd4d9a98196bf8351353d5 f88f037ed4d44bcb88de229ae47d33a1 - - default default] Successfully bumped revision number for resource acdcab10-503e-4a68-9b92-f083ee0b1c8f (type: networks) to 1
2026-07-21 22:14:11.987 10 INFO neutron.db.ovn_revision_numbers_db [None req-6105bf3e-f270-4764-9f43-9c514412d9b9 dec62e3a04284d8aa2f8a9ce80d937fb 0ff80c683cf740488d6c35dbfe8757a8 - - default default] Successfully bumped revision number for resource 4bda960b-2010-40eb-a45e-1766ba83b833 (type: routers) to 3
2026-07-21 22:14:11.991 10 INFO neutron.wsgi [None req-6105bf3e-f270-4764-9f43-9c514412d9b9 dec62e3a04284d8aa2f8a9ce80d937fb 0ff80c683cf740488d6c35dbfe8757a8 - - default default] 10.0.0.24 "PUT /v2.0/routers/4bda960b-2010-40eb-a45e-1766ba83b833 HTTP/1.1" status: 200 len: 880 time: 0.6073477 /var/lib/openstack/lib/python3.10/site-packages/pycadf/identifier.py:71: UserWarning: Invalid uuid: neutron. To ensure interoperability, identifiers should be a valid uuid. warnings.warn(('Invalid uuid: %s. To ensure interoperability, '
2026-07-21 22:14:12.106 10 INFO neutron.wsgi [None req-6221a3bd-445e-4e9d-91b7-f4a3661abb4b dec62e3a04284d8aa2f8a9ce80d937fb 0ff80c683cf740488d6c35dbfe8757a8 - - default default] 10.0.0.24 "GET /v2.0/routers/4bda960b-2010-40eb-a45e-1766ba83b833 HTTP/1.1" status: 200 len: 880 time: 0.1105683
2026-07-21 22:14:12.135 9 INFO neutron.wsgi [req-e38931a0-589f-4fb8-9f92-48128d85c4cb req-dcff87cd-fa23-4fd5-b8af-09b3fe014f2d c397656439174bdc8d7ca89df6805efd 30e71b4627cb4a399d43135456071205 - - default default] 10.0.0.81 "GET /v2.0/ports?device_id=30c2af92-ebb5-4a49-9694-4f505005ef29 HTTP/1.1" status: 200 len: 1172 time: 0.0679018
2026-07-21 22:14:12.145 9 INFO neutron.db.ovn_revision_numbers_db [req-39118d76-2fd3-45d6-bd9e-83abde833062 req-03973ed1-563f-4f71-a2be-ffae4652640f 294eab28782a44b793f68080f8646925 a2a1e0c2788048ff8492de98ea2929da - - 98c96a7a0f3343c0a18ad4bd9845e374 98c96a7a0f3343c0a18ad4bd9845e374] Successfully bumped revision number for resource 6a93ca5b-2ddf-43c6-b234-0f806b7d626a (type: ports) to 2
2026-07-21 22:14:12.146 10 INFO neutron.wsgi [None req-0b4a0fd8-2db1-4c4c-abb5-b5b1f22ece59 dec62e3a04284d8aa2f8a9ce80d937fb 0ff80c683cf740488d6c35dbfe8757a8 - - default default] 10.0.0.24 "GET /v2.0/ports?device_id=4bda960b-2010-40eb-a45e-1766ba83b833 HTTP/1.1" status: 200 len: 205 time: 0.0329909
2026-07-21 22:14:12.154 10 WARNING neutron.scheduler.dhcp_agent_scheduler [None req-4439a116-77c2-4a42-b2e7-32fd8187ac5f 8b7d0e5c6edd4d9a98196bf8351353d5 f88f037ed4d44bcb88de229ae47d33a1 - - default default] No more DHCP agents
2026-07-21 22:14:12.161 10 WARNING neutron.api.rpc.agentnotifiers.dhcp_rpc_agent_api [None req-4439a116-77c2-4a42-b2e7-32fd8187ac5f 8b7d0e5c6edd4d9a98196bf8351353d5 f88f037ed4d44bcb88de229ae47d33a1 - - default default] Unable to schedule network acdcab10-503e-4a68-9b92-f083ee0b1c8f: no agents available; will retry on subsequent port and subnet creation events.
2026-07-21 22:14:12.172 9 INFO neutron.wsgi [req-39118d76-2fd3-45d6-bd9e-83abde833062 req-03973ed1-563f-4f71-a2be-ffae4652640f 294eab28782a44b793f68080f8646925 a2a1e0c2788048ff8492de98ea2929da - - 98c96a7a0f3343c0a18ad4bd9845e374 98c96a7a0f3343c0a18ad4bd9845e374] 199.204.45.72 "PUT /v2.0/ports/6a93ca5b-2ddf-43c6-b234-0f806b7d626a HTTP/1.1" status: 200 len: 1380 time: 0.7673504
2026-07-21 22:14:12.197 9 INFO neutron.wsgi [req-e38931a0-589f-4fb8-9f92-48128d85c4cb req-ee255041-948c-4c5b-8360-8d6419413ad4 c397656439174bdc8d7ca89df6805efd 30e71b4627cb4a399d43135456071205 - - default default] 10.0.0.81 "GET /v2.0/security-groups?id=dcad54fb-9a5d-4d62-8666-41ee63fe0e79&fields=id&fields=name HTTP/1.1" status: 200 len: 312 time: 0.0539539
2026-07-21 22:14:12.230 9 INFO neutron.notifiers.nova [-] Nova event matching ['req-c9571feb-a028-45b2-8380-e06bac1b29f4'] response: {'name': 'network-changed', 'server_uuid': '30c2af92-ebb5-4a49-9694-4f505005ef29', 'tag': '6a93ca5b-2ddf-43c6-b234-0f806b7d626a', 'status': 'completed', 'code': 200}
2026-07-21 22:14:12.243 9 INFO neutron.wsgi [req-39118d76-2fd3-45d6-bd9e-83abde833062 req-3be692e9-c4f7-4a61-9dfc-21a8e7a6cba9 294eab28782a44b793f68080f8646925 a2a1e0c2788048ff8492de98ea2929da - - 98c96a7a0f3343c0a18ad4bd9845e374 98c96a7a0f3343c0a18ad4bd9845e374] 199.204.45.72 "GET /v2.0/ports?tenant_id=30e71b4627cb4a399d43135456071205&device_id=30c2af92-ebb5-4a49-9694-4f505005ef29 HTTP/1.1" status: 200 len: 1411 time: 0.0358984
2026-07-21 22:14:12.274 9 INFO neutron.wsgi [req-39118d76-2fd3-45d6-bd9e-83abde833062 req-12611be4-a599-4384-843a-19d532cd9c83 294eab28782a44b793f68080f8646925 a2a1e0c2788048ff8492de98ea2929da - - 98c96a7a0f3343c0a18ad4bd9845e374 98c96a7a0f3343c0a18ad4bd9845e374] 199.204.45.72 "GET /v2.0/floatingips?fixed_ip_address=10.100.0.14&port_id=6a93ca5b-2ddf-43c6-b234-0f806b7d626a HTTP/1.1" status: 200 len: 217 time: 0.0248859
2026-07-21 22:14:12.318 9 INFO neutron.wsgi [req-39118d76-2fd3-45d6-bd9e-83abde833062 req-bc000503-00fe-48e3-adda-a6c942fced7d 294eab28782a44b793f68080f8646925 a2a1e0c2788048ff8492de98ea2929da - - 98c96a7a0f3343c0a18ad4bd9845e374 98c96a7a0f3343c0a18ad4bd9845e374] 199.204.45.72 "GET /v2.0/subnets?id=d53cdb87-9e20-4145-9292-976dd1cb8ebe HTTP/1.1" status: 200 len: 852 time: 0.0370710
2026-07-21 22:14:12.350 9 INFO neutron.wsgi [req-39118d76-2fd3-45d6-bd9e-83abde833062 req-d4bd2f26-456d-4db0-aced-c5075c51b30d 294eab28782a44b793f68080f8646925 a2a1e0c2788048ff8492de98ea2929da - - 98c96a7a0f3343c0a18ad4bd9845e374 98c96a7a0f3343c0a18ad4bd9845e374] 199.204.45.72 "GET /v2.0/ports?network_id=e594c2d7-2b45-41e6-9455-e84214e55fe8&device_owner=network%3Adhcp HTTP/1.1" status: 200 len: 210 time: 0.0226800
2026-07-21 22:14:12.423 9 INFO neutron.wsgi [req-39118d76-2fd3-45d6-bd9e-83abde833062 req-72196b64-6a77-41f9-a954-a554da725cb3 294eab28782a44b793f68080f8646925 a2a1e0c2788048ff8492de98ea2929da - - 98c96a7a0f3343c0a18ad4bd9845e374 98c96a7a0f3343c0a18ad4bd9845e374] 199.204.45.72 "GET /v2.0/networks/e594c2d7-2b45-41e6-9455-e84214e55fe8?fields=segments HTTP/1.1" status: 200 len: 212 time: 0.0613375
2026-07-21 22:14:12.497 9 INFO neutron.wsgi [req-39118d76-2fd3-45d6-bd9e-83abde833062 req-d46aa095-1010-46b8-8f5b-a3b9a7d23791 294eab28782a44b793f68080f8646925 a2a1e0c2788048ff8492de98ea2929da - - 98c96a7a0f3343c0a18ad4bd9845e374 98c96a7a0f3343c0a18ad4bd9845e374] 199.204.45.72 "GET /v2.0/networks/e594c2d7-2b45-41e6-9455-e84214e55fe8?fields=provider%3Aphysical_network&fields=provider%3Anetwork_type HTTP/1.1" status: 200 len: 277 time: 0.0649583
2026-07-21 22:14:12.597 9 INFO neutron.wsgi [req-21341b01-ee66-44c3-8188-aef02bb287c1 req-c2d6d9de-c736-449e-ad94-46a71926d3e9 294eab28782a44b793f68080f8646925 a2a1e0c2788048ff8492de98ea2929da - - 98c96a7a0f3343c0a18ad4bd9845e374 98c96a7a0f3343c0a18ad4bd9845e374] 199.204.45.72 "GET /v2.0/ports?tenant_id=30e71b4627cb4a399d43135456071205&device_id=30c2af92-ebb5-4a49-9694-4f505005ef29 HTTP/1.1" status: 200 len: 1411 time: 0.0586834
2026-07-21 22:14:12.649 10 INFO neutron.db.ovn_revision_numbers_db [None req-4439a116-77c2-4a42-b2e7-32fd8187ac5f 8b7d0e5c6edd4d9a98196bf8351353d5 f88f037ed4d44bcb88de229ae47d33a1 - - default default] Successfully bumped revision number for resource 278f2843-9120-4b7d-ad3b-13f16cc81ecb (type: ports) to 1
2026-07-21 22:14:12.729 10 INFO neutron.wsgi [None req-4439a116-77c2-4a42-b2e7-32fd8187ac5f 8b7d0e5c6edd4d9a98196bf8351353d5 f88f037ed4d44bcb88de229ae47d33a1 - - default default] 10.0.0.24 "POST /v2.0/networks HTTP/1.1" status: 201 len: 831 time: 1.7648978
2026-07-21 22:14:12.731 9 INFO neutron.wsgi [req-21341b01-ee66-44c3-8188-aef02bb287c1 req-4e6b479f-bfd6-4e39-b9f5-50dff7fa85ad 294eab28782a44b793f68080f8646925 a2a1e0c2788048ff8492de98ea2929da - - 98c96a7a0f3343c0a18ad4bd9845e374 98c96a7a0f3343c0a18ad4bd9845e374] 199.204.45.72 "GET /v2.0/networks?id=e594c2d7-2b45-41e6-9455-e84214e55fe8 HTTP/1.1" status: 200 len: 959 time: 0.1247420
2026-07-21 22:14:12.783 9 INFO neutron.wsgi [req-21341b01-ee66-44c3-8188-aef02bb287c1 req-61c39e72-c4e6-44cf-bb04-5f7cd026d0ac 294eab28782a44b793f68080f8646925 a2a1e0c2788048ff8492de98ea2929da - - 98c96a7a0f3343c0a18ad4bd9845e374 98c96a7a0f3343c0a18ad4bd9845e374] 199.204.45.72 "GET /v2.0/floatingips?fixed_ip_address=10.100.0.14&port_id=6a93ca5b-2ddf-43c6-b234-0f806b7d626a HTTP/1.1" status: 200 len: 217 time: 0.0352297
2026-07-21 22:14:12.840 9 INFO neutron.wsgi [req-21341b01-ee66-44c3-8188-aef02bb287c1 req-e8669b8c-6e53-4403-bafd-b53c06048a4d 294eab28782a44b793f68080f8646925 a2a1e0c2788048ff8492de98ea2929da - - 98c96a7a0f3343c0a18ad4bd9845e374 98c96a7a0f3343c0a18ad4bd9845e374] 199.204.45.72 "GET /v2.0/subnets?id=d53cdb87-9e20-4145-9292-976dd1cb8ebe HTTP/1.1" status: 200 len: 852 time: 0.0512602
2026-07-21 22:14:12.877 9 INFO neutron.wsgi [req-21341b01-ee66-44c3-8188-aef02bb287c1 req-017f719b-c879-4465-aeae-4416646a862a 294eab28782a44b793f68080f8646925 a2a1e0c2788048ff8492de98ea2929da - - 98c96a7a0f3343c0a18ad4bd9845e374 98c96a7a0f3343c0a18ad4bd9845e374] 199.204.45.72 "GET /v2.0/ports?network_id=e594c2d7-2b45-41e6-9455-e84214e55fe8&device_owner=network%3Adhcp HTTP/1.1" status: 200 len: 210 time: 0.0296690
2026-07-21 22:14:12.924 9 INFO neutron.db.segments_db [None req-227ad316-88c8-4785-9393-13a85e57703c 8b7d0e5c6edd4d9a98196bf8351353d5 f88f037ed4d44bcb88de229ae47d33a1 - - default default] Added segment 9b1fffed-1eaa-4dab-81f2-86ae4f5a0ab2 of type geneve for network fca0c68e-b287-483c-bc8a-a7a43e9dfd8e
2026-07-21 22:14:13.019 9 INFO neutron.wsgi [req-21341b01-ee66-44c3-8188-aef02bb287c1 req-c9ec3bbc-19a6-4720-9bd0-297d2195b13f 294eab28782a44b793f68080f8646925 a2a1e0c2788048ff8492de98ea2929da - - 98c96a7a0f3343c0a18ad4bd9845e374 98c96a7a0f3343c0a18ad4bd9845e374] 199.204.45.72 "GET /v2.0/networks/e594c2d7-2b45-41e6-9455-e84214e55fe8?fields=segments HTTP/1.1" status: 200 len: 212 time: 0.1144037
2026-07-21 22:14:13.157 9 INFO neutron.wsgi [req-21341b01-ee66-44c3-8188-aef02bb287c1 req-ecdce156-2f2d-4fad-8bb0-33185b24a3e0 294eab28782a44b793f68080f8646925 a2a1e0c2788048ff8492de98ea2929da - - 98c96a7a0f3343c0a18ad4bd9845e374 98c96a7a0f3343c0a18ad4bd9845e374] 199.204.45.72 "GET /v2.0/networks/e594c2d7-2b45-41e6-9455-e84214e55fe8?fields=provider%3Aphysical_network&fields=provider%3Anetwork_type HTTP/1.1" status: 200 len: 277 time: 0.1316607
2026-07-21 22:14:13.177 9 INFO neutron.db.ovn_revision_numbers_db [None req-227ad316-88c8-4785-9393-13a85e57703c 8b7d0e5c6edd4d9a98196bf8351353d5 f88f037ed4d44bcb88de229ae47d33a1 - - default default] Successfully bumped revision number for resource fca0c68e-b287-483c-bc8a-a7a43e9dfd8e (type: networks) to 1
2026-07-21 22:14:13.298 10 INFO neutron.wsgi [None req-56250b9b-81e3-47a9-8f3a-015c07cd9ba5 dec62e3a04284d8aa2f8a9ce80d937fb 0ff80c683cf740488d6c35dbfe8757a8 - - default default] 10.0.0.24 "DELETE /v2.0/routers/4bda960b-2010-40eb-a45e-1766ba83b833 HTTP/1.1" status: 204 len: 168 time: 1.1431911
2026-07-21 22:14:13.334 10 INFO neutron.wsgi [None req-4c9cb808-b855-4083-afd0-b16af3e9b0bf dec62e3a04284d8aa2f8a9ce80d937fb 0ff80c683cf740488d6c35dbfe8757a8 - - default default] 10.0.0.24 "GET /v2.0/ports?device_id=4bda960b-2010-40eb-a45e-1766ba83b833 HTTP/1.1" status: 200 len: 205 time: 0.0277865
2026-07-21 22:14:13.354 9 INFO neutron.wsgi [req-33ec3a81-5a6d-4313-af28-d6f1eda885ce req-567d06d2-03c7-4b80-a7d1-5e7e96a05c2c c397656439174bdc8d7ca89df6805efd 30e71b4627cb4a399d43135456071205 - - default default] 10.0.0.81 "GET /v2.0/ports?device_id=30c2af92-ebb5-4a49-9694-4f505005ef29 HTTP/1.1" status: 200 len: 1172 time: 0.0702627
2026-07-21 22:14:13.372 10 INFO neutron.api.v2.resource [None req-4651143f-0e27-45a0-95cf-bc66bf51be7f dec62e3a04284d8aa2f8a9ce80d937fb 0ff80c683cf740488d6c35dbfe8757a8 - - default default] delete failed (client error): The resource could not be found.
2026-07-21 22:14:13.374 10 INFO neutron.wsgi [None req-4651143f-0e27-45a0-95cf-bc66bf51be7f dec62e3a04284d8aa2f8a9ce80d937fb 0ff80c683cf740488d6c35dbfe8757a8 - - default default] 10.0.0.24 "DELETE /v2.0/routers/4bda960b-2010-40eb-a45e-1766ba83b833 HTTP/1.1" status: 404 len: 336 time: 0.0349684
2026-07-21 22:14:13.408 10 INFO neutron.wsgi [None req-c094f0f6-f3a2-440a-a29f-405a9ba196fe dec62e3a04284d8aa2f8a9ce80d937fb 0ff80c683cf740488d6c35dbfe8757a8 - - default default] 10.0.0.24 "GET /v2.0/ports?device_id=00dc901e-78cd-454d-82f9-a86455b394cf HTTP/1.1" status: 200 len: 205 time: 0.0302589
2026-07-21 22:14:13.437 10 INFO neutron.api.v2.resource [None req-1850d354-3065-4005-86a3-a62193084988 dec62e3a04284d8aa2f8a9ce80d937fb 0ff80c683cf740488d6c35dbfe8757a8 - - default default] delete failed (client error): The resource could not be found.
2026-07-21 22:14:13.439 10 INFO neutron.wsgi [None req-1850d354-3065-4005-86a3-a62193084988 dec62e3a04284d8aa2f8a9ce80d937fb 0ff80c683cf740488d6c35dbfe8757a8 - - default default] 10.0.0.24 "DELETE /v2.0/routers/00dc901e-78cd-454d-82f9-a86455b394cf HTTP/1.1" status: 404 len: 336 time: 0.0242033
2026-07-21 22:14:13.444 9 INFO neutron.wsgi [req-33ec3a81-5a6d-4313-af28-d6f1eda885ce req-14963bdf-80de-416a-bf3d-8a033d086e2c c397656439174bdc8d7ca89df6805efd 30e71b4627cb4a399d43135456071205 - - default default] 10.0.0.81 "GET /v2.0/security-groups?id=dcad54fb-9a5d-4d62-8666-41ee63fe0e79&fields=id&fields=name HTTP/1.1" status: 200 len: 312 time: 0.0766931
2026-07-21 22:14:13.461 10 INFO neutron.pecan_wsgi.hooks.translation [None req-6168b28d-e118-4e45-aa92-d32c86b33f1e dec62e3a04284d8aa2f8a9ce80d937fb 0ff80c683cf740488d6c35dbfe8757a8 - - default default] DELETE failed (client error): The resource could not be found.
2026-07-21 22:14:13.464 10 INFO neutron.wsgi [None req-6168b28d-e118-4e45-aa92-d32c86b33f1e dec62e3a04284d8aa2f8a9ce80d937fb 0ff80c683cf740488d6c35dbfe8757a8 - - default default] 10.0.0.24 "DELETE /v2.0/subnets/87b3300a-3ad8-4d72-bd0f-f4972e5926cb HTTP/1.1" status: 404 len: 337 time: 0.0211527
2026-07-21 22:14:13.489 9 WARNING neutron.scheduler.dhcp_agent_scheduler [None req-227ad316-88c8-4785-9393-13a85e57703c 8b7d0e5c6edd4d9a98196bf8351353d5 f88f037ed4d44bcb88de229ae47d33a1 - - default default] No more DHCP agents
2026-07-21 22:14:13.492 9 WARNING neutron.api.rpc.agentnotifiers.dhcp_rpc_agent_api [None req-227ad316-88c8-4785-9393-13a85e57703c 8b7d0e5c6edd4d9a98196bf8351353d5 f88f037ed4d44bcb88de229ae47d33a1 - - default default] Unable to schedule network fca0c68e-b287-483c-bc8a-a7a43e9dfd8e: no agents available; will retry on subsequent port and subnet creation events.
2026-07-21 22:14:13.497 10 INFO neutron.wsgi [None req-21fdc525-cd17-4560-90a1-9b8be9453a82 dec62e3a04284d8aa2f8a9ce80d937fb 0ff80c683cf740488d6c35dbfe8757a8 - - default default] 10.0.0.24 "GET /v2.0/ports?device_id=485046da-1354-4e73-865c-4a89285b6a18 HTTP/1.1" status: 200 len: 205 time: 0.0295904
2026-07-21 22:14:13.530 10 INFO neutron.api.v2.resource [None req-d2fbff22-e7c6-4857-b71b-d87420b2aaa4 dec62e3a04284d8aa2f8a9ce80d937fb 0ff80c683cf740488d6c35dbfe8757a8 - - default default] delete failed (client error): The resource could not be found.
2026-07-21 22:14:13.532 10 INFO neutron.wsgi [None req-d2fbff22-e7c6-4857-b71b-d87420b2aaa4 dec62e3a04284d8aa2f8a9ce80d937fb 0ff80c683cf740488d6c35dbfe8757a8 - - default default] 10.0.0.24 "DELETE /v2.0/routers/485046da-1354-4e73-865c-4a89285b6a18 HTTP/1.1" status: 404 len: 336 time: 0.0300961
2026-07-21 22:14:13.563 10 INFO neutron.pecan_wsgi.hooks.translation [None req-87ae4424-fb3a-40c7-88ba-fad638e96d28 dec62e3a04284d8aa2f8a9ce80d937fb 0ff80c683cf740488d6c35dbfe8757a8 - - default default] DELETE failed (client error): The resource could not be found.
2026-07-21 22:14:13.567 10 INFO neutron.wsgi [None req-87ae4424-fb3a-40c7-88ba-fad638e96d28 dec62e3a04284d8aa2f8a9ce80d937fb 0ff80c683cf740488d6c35dbfe8757a8 - - default default] 10.0.0.24 "DELETE /v2.0/subnets/9af01090-b43f-4147-8822-6206fc4b2694 HTTP/1.1" status: 404 len: 337 time: 0.0295603
2026-07-21 22:14:13.596 9 INFO neutron.db.ovn_revision_numbers_db [None req-227ad316-88c8-4785-9393-13a85e57703c 8b7d0e5c6edd4d9a98196bf8351353d5 f88f037ed4d44bcb88de229ae47d33a1 - - default default] Successfully bumped revision number for resource f945a898-b947-497c-ad8d-eaba3111207e (type: ports) to 1
2026-07-21 22:14:13.598 10 INFO neutron.wsgi [None req-851a2e97-8b81-4e61-b508-1b9f7c5b8a11 dec62e3a04284d8aa2f8a9ce80d937fb 0ff80c683cf740488d6c35dbfe8757a8 - - default default] 10.0.0.24 "GET /v2.0/ports?device_id=636eea59-f6b4-48d0-a090-4b909b89e74d HTTP/1.1" status: 200 len: 205 time: 0.0252666
2026-07-21 22:14:13.622 9 INFO neutron.wsgi [None req-227ad316-88c8-4785-9393-13a85e57703c 8b7d0e5c6edd4d9a98196bf8351353d5 f88f037ed4d44bcb88de229ae47d33a1 - - default default] 10.0.0.24 "POST /v2.0/networks HTTP/1.1" status: 201 len: 830 time: 0.8884368
2026-07-21 22:14:13.630 10 INFO neutron.api.v2.resource [None req-e55c1feb-fb08-456e-aae9-c0c8267fe40b dec62e3a04284d8aa2f8a9ce80d937fb 0ff80c683cf740488d6c35dbfe8757a8 - - default default] delete failed (client error): The resource could not be found.
2026-07-21 22:14:13.632 10 INFO neutron.wsgi [None req-e55c1feb-fb08-456e-aae9-c0c8267fe40b dec62e3a04284d8aa2f8a9ce80d937fb 0ff80c683cf740488d6c35dbfe8757a8 - - default default] 10.0.0.24 "DELETE /v2.0/routers/636eea59-f6b4-48d0-a090-4b909b89e74d HTTP/1.1" status: 404 len: 336 time: 0.0269053
2026-07-21 22:14:13.658 10 INFO neutron.pecan_wsgi.hooks.translation [None req-00bd2a09-33f7-4149-92ff-db1d3d8dfc74 dec62e3a04284d8aa2f8a9ce80d937fb 0ff80c683cf740488d6c35dbfe8757a8 - - default default] DELETE failed (client error): The resource could not be found.
2026-07-21 22:14:13.662 10 INFO neutron.wsgi [None req-00bd2a09-33f7-4149-92ff-db1d3d8dfc74 dec62e3a04284d8aa2f8a9ce80d937fb 0ff80c683cf740488d6c35dbfe8757a8 - - default default] 10.0.0.24 "DELETE /v2.0/subnets/5aa01422-2299-4ec8-a782-5bd5dc723721 HTTP/1.1" status: 404 len: 337 time: 0.0239244
2026-07-21 22:14:13.686 9 INFO neutron.wsgi [None req-1db8979f-0ab0-4123-83b8-3e6010dcb51a 8b7d0e5c6edd4d9a98196bf8351353d5 f88f037ed4d44bcb88de229ae47d33a1 - - default default] 10.0.0.24 "PUT /v2.0/networks/acdcab10-503e-4a68-9b92-f083ee0b1c8f/tags HTTP/1.1" status: 200 len: 218 time: 0.0588830
2026-07-21 22:14:13.706 10 INFO neutron.pecan_wsgi.hooks.translation [None req-0447edd0-a355-46cf-aece-b877dadb82e8 dec62e3a04284d8aa2f8a9ce80d937fb 0ff80c683cf740488d6c35dbfe8757a8 - - default default] DELETE failed (client error): The resource could not be found.
2026-07-21 22:14:13.710 10 INFO neutron.wsgi [None req-0447edd0-a355-46cf-aece-b877dadb82e8 dec62e3a04284d8aa2f8a9ce80d937fb 0ff80c683cf740488d6c35dbfe8757a8 - - default default] 10.0.0.24 "DELETE /v2.0/subnets/23d69551-82e8-41fe-996a-9c27182d457b HTTP/1.1" status: 404 len: 337 time: 0.0428059
2026-07-21 22:14:13.742 9 INFO neutron.wsgi [None req-1b2d1629-d14b-45e3-a74d-426b26ae3f2a 8b7d0e5c6edd4d9a98196bf8351353d5 f88f037ed4d44bcb88de229ae47d33a1 - - default default] 10.0.0.24 "GET /v2.0/networks/acdcab10-503e-4a68-9b92-f083ee0b1c8f/tags HTTP/1.1" status: 200 len: 218 time: 0.0462694
2026-07-21 22:14:13.798 9 INFO neutron.wsgi [None req-3c313b64-e6c7-430b-acef-b28560d39872 8b7d0e5c6edd4d9a98196bf8351353d5 f88f037ed4d44bcb88de229ae47d33a1 - - default default] 10.0.0.24 "PUT /v2.0/networks/fca0c68e-b287-483c-bc8a-a7a43e9dfd8e/tags HTTP/1.1" status: 200 len: 210 time: 0.0515783
2026-07-21 22:14:13.851 10 INFO neutron.wsgi [None req-df7158ec-0f71-4b77-83f7-f2a33ca9cdf0 8b7d0e5c6edd4d9a98196bf8351353d5 f88f037ed4d44bcb88de229ae47d33a1 - - default default] 10.0.0.24 "GET /v2.0/networks/fca0c68e-b287-483c-bc8a-a7a43e9dfd8e/tags HTTP/1.1" status: 200 len: 210 time: 0.0468197
2026-07-21 22:14:13.904 10 INFO neutron.wsgi [None req-ede3115a-252c-49bc-8600-c74222d60f45 8b7d0e5c6edd4d9a98196bf8351353d5 f88f037ed4d44bcb88de229ae47d33a1 - - default default] 10.0.0.24 "PUT /v2.0/networks/fca0c68e-b287-483c-bc8a-a7a43e9dfd8e/tags HTTP/1.1" status: 200 len: 205 time: 0.0489626
2026-07-21 22:14:13.957 10 INFO neutron.wsgi [None req-e3d32942-29a2-4e8b-9d2e-9038434a1aa4 8b7d0e5c6edd4d9a98196bf8351353d5 f88f037ed4d44bcb88de229ae47d33a1 - - default default] 10.0.0.24 "GET /v2.0/networks/fca0c68e-b287-483c-bc8a-a7a43e9dfd8e/tags HTTP/1.1" status: 200 len: 205 time: 0.0490792
2026-07-21 22:14:14.002 10 INFO neutron.wsgi [None req-a440e26b-cd45-45b5-b035-c0370354c382 8b7d0e5c6edd4d9a98196bf8351353d5 f88f037ed4d44bcb88de229ae47d33a1 - - default default] 10.0.0.24 "GET /v2.0/networks/acdcab10-503e-4a68-9b92-f083ee0b1c8f/tags HTTP/1.1" status: 200 len: 218 time: 0.0388908
2026-07-21 22:14:14.423 10 INFO neutron.services.segments.plugin [-] Segment 538b7d82-269a-4a37-a3f0-645db8aa9278 resource provider aggregate not found
2026-07-21 22:14:14.428 10 INFO neutron.services.segments.plugin [-] Segment 538b7d82-269a-4a37-a3f0-645db8aa9278 resource provider aggregate not found
2026-07-21 22:14:14.443 10 INFO neutron.services.segments.plugin [-] Segment 538b7d82-269a-4a37-a3f0-645db8aa9278 resource provider not found; error: Placement Client Error (4xx): {"errors": [{"status": 404, "title": "Not Found", "detail": "The resource could not be found.\n\n No resource provider with uuid 538b7d82-269a-4a37-a3f0-645db8aa9278 found for delete ", "request_id": "req-fba4b69d-845a-47d3-be02-4a1aea78a7c8"}]}
2026-07-21 22:14:14.451 10 INFO neutron.services.segments.plugin [-] Segment 538b7d82-269a-4a37-a3f0-645db8aa9278 resource provider not found; error: Placement Client Error (4xx): {"errors": [{"status": 404, "title": "Not Found", "detail": "The resource could not be found.\n\n No resource provider with uuid 538b7d82-269a-4a37-a3f0-645db8aa9278 found for delete ", "request_id": "req-851a4ec9-301b-40ea-85e2-d97ae9bcbc9e"}]}
2026-07-21 22:14:14.495 10 INFO neutron.wsgi [None req-6ccbf9a9-60c9-4a19-97a5-c161ec44b460 4c37e9f4c896406d872d78f3bed0c496 e63d6cf45fd5428990c817ab86d83169 - - default default] 10.0.0.24 "GET /v2.0/security-groups?tenant_id=0ff80c683cf740488d6c35dbfe8757a8&name=default HTTP/1.1" status: 200 len: 2996 time: 0.1950788
2026-07-21 22:14:14.515 10 INFO neutron.wsgi [None req-e682f28e-f625-4461-af00-848c85b39df7 8b7d0e5c6edd4d9a98196bf8351353d5 f88f037ed4d44bcb88de229ae47d33a1 - - default default] 10.0.0.24 "DELETE /v2.0/networks/acdcab10-503e-4a68-9b92-f083ee0b1c8f HTTP/1.1" status: 204 len: 168 time: 0.5003586
2026-07-21 22:14:14.684 10 INFO neutron.wsgi [req-511bf8e0-5e70-4c59-8206-f93b82b598da req-f514ed62-1f52-4979-a90a-f7958ec4f2c5 c397656439174bdc8d7ca89df6805efd 30e71b4627cb4a399d43135456071205 - - default default] 10.0.0.81 "GET /v2.0/ports?device_id=30c2af92-ebb5-4a49-9694-4f505005ef29 HTTP/1.1" status: 200 len: 1172 time: 0.1662791
2026-07-21 22:14:14.713 9 INFO neutron.wsgi [None req-f1807e71-7a31-4337-be2f-91806a98b422 4c37e9f4c896406d872d78f3bed0c496 e63d6cf45fd5428990c817ab86d83169 - - default default] 10.0.0.24 "DELETE /v2.0/security-groups/cff2398b-5182-4c47-9dcd-5f8e908c2750 HTTP/1.1" status: 204 len: 168 time: 0.2099023
2026-07-21 22:14:14.762 10 INFO neutron.wsgi [req-511bf8e0-5e70-4c59-8206-f93b82b598da req-fc3bdc6c-44bd-4fc0-9f07-6e3d920b8873 c397656439174bdc8d7ca89df6805efd 30e71b4627cb4a399d43135456071205 - - default default] 10.0.0.81 "GET /v2.0/security-groups?id=dcad54fb-9a5d-4d62-8666-41ee63fe0e79&fields=id&fields=name HTTP/1.1" status: 200 len: 312 time: 0.0669632
2026-07-21 22:14:15.032 10 INFO neutron.wsgi [None req-cd1dfba6-73f0-4552-bec9-3dd5a41d8b23 8b7d0e5c6edd4d9a98196bf8351353d5 f88f037ed4d44bcb88de229ae47d33a1 - - default default] 10.0.0.24 "DELETE /v2.0/networks/fca0c68e-b287-483c-bc8a-a7a43e9dfd8e HTTP/1.1" status: 204 len: 168 time: 0.5077746
2026-07-21 22:14:15.953 9 INFO neutron.wsgi [req-f831fd3e-7824-433b-8357-fe90f7377d1c req-72f610ed-13d6-47b1-b6db-56f0df0ceeaa c397656439174bdc8d7ca89df6805efd 30e71b4627cb4a399d43135456071205 - - default default] 10.0.0.81 "GET /v2.0/ports?device_id=30c2af92-ebb5-4a49-9694-4f505005ef29 HTTP/1.1" status: 200 len: 1172 time: 0.1167324
2026-07-21 22:14:16.011 9 WARNING neutron.plugins.ml2.drivers.ovn.mech_driver.ovsdb.ovn_client [None req-8835f594-bc35-4410-94ff-92550b4c7f68 - - - - - -] No port found with ID f64a1a30-7e58-4964-bba9-06b9a23c437f: RuntimeError: No port found with ID f64a1a30-7e58-4964-bba9-06b9a23c437f
2026-07-21 22:14:16.012 9 INFO neutron.plugins.ml2.drivers.ovn.mech_driver.mech_driver [None req-8835f594-bc35-4410-94ff-92550b4c7f68 - - - - - -] OVN reports status up for port: 6a93ca5b-2ddf-43c6-b234-0f806b7d626a
2026-07-21 22:14:16.022 9 INFO neutron.wsgi [req-f831fd3e-7824-433b-8357-fe90f7377d1c req-1da77c09-ff70-48c5-acfa-2b228eb44a2b c397656439174bdc8d7ca89df6805efd 30e71b4627cb4a399d43135456071205 - - default default] 10.0.0.81 "GET /v2.0/security-groups?id=dcad54fb-9a5d-4d62-8666-41ee63fe0e79&fields=id&fields=name HTTP/1.1" status: 200 len: 312 time: 0.0593083
2026-07-21 22:14:16.033 9 INFO neutron.plugins.ml2.plugin [None req-8835f594-bc35-4410-94ff-92550b4c7f68 - - - - - -] Attempt 1 to provision port 6a93ca5b-2ddf-43c6-b234-0f806b7d626a
2026-07-21 22:14:16.052 9 INFO neutron.wsgi [None req-49c58357-c8ba-4d64-a445-78ca351da998 4c37e9f4c896406d872d78f3bed0c496 e63d6cf45fd5428990c817ab86d83169 - - default default] 10.0.0.24 "GET /v2.0/security-groups?tenant_id=f88f037ed4d44bcb88de229ae47d33a1&name=default HTTP/1.1" status: 200 len: 2996 time: 0.2791576
2026-07-21 22:14:16.180 9 INFO neutron.notifiers.nova [-] Nova event matching ['req-9038d05d-97c5-45f8-8c41-067a4199845d'] response: {'server_uuid': '30c2af92-ebb5-4a49-9694-4f505005ef29', 'name': 'network-vif-plugged', 'status': 'completed', 'tag': '6a93ca5b-2ddf-43c6-b234-0f806b7d626a', 'code': 200}
2026-07-21 22:14:16.356 10 INFO neutron.wsgi [None req-eeffd0ef-a031-4063-aa0d-0818300dba94 4c37e9f4c896406d872d78f3bed0c496 e63d6cf45fd5428990c817ab86d83169 - - default default] 10.0.0.24 "DELETE /v2.0/security-groups/2a89227e-77c0-4af3-847b-7b72a91f6cb1 HTTP/1.1" status: 204 len: 168 time: 0.2978899
2026-07-21 22:14:16.469 10 INFO neutron.services.segments.plugin [-] Segment 9b1fffed-1eaa-4dab-81f2-86ae4f5a0ab2 resource provider aggregate not found
2026-07-21 22:14:16.475 10 INFO neutron.services.segments.plugin [-] Segment 9b1fffed-1eaa-4dab-81f2-86ae4f5a0ab2 resource provider aggregate not found
2026-07-21 22:14:16.493 10 INFO neutron.services.segments.plugin [-] Segment 9b1fffed-1eaa-4dab-81f2-86ae4f5a0ab2 resource provider not found; error: Placement Client Error (4xx): {"errors": [{"status": 404, "title": "Not Found", "detail": "The resource could not be found.\n\n No resource provider with uuid 9b1fffed-1eaa-4dab-81f2-86ae4f5a0ab2 found for delete ", "request_id": "req-2874e7a3-289b-436f-8853-ecf26ba4f8be"}]}
2026-07-21 22:14:16.495 10 INFO neutron.services.segments.plugin [-] Segment 9b1fffed-1eaa-4dab-81f2-86ae4f5a0ab2 resource provider not found; error: Placement Client Error (4xx): {"errors": [{"status": 404, "title": "Not Found", "detail": "The resource could not be found.\n\n No resource provider with uuid 9b1fffed-1eaa-4dab-81f2-86ae4f5a0ab2 found for delete ", "request_id": "req-a7d3b143-2ad3-46ea-b63f-21062cbf9a69"}]}
2026-07-21 22:14:16.697 9 INFO neutron.db.ovn_revision_numbers_db [None req-8835f594-bc35-4410-94ff-92550b4c7f68 - - - - - -] Successfully bumped revision number for resource 6a93ca5b-2ddf-43c6-b234-0f806b7d626a (type: ports) to 4
2026-07-21 22:14:16.728 10 INFO neutron.db.ovn_revision_numbers_db [None req-e050e57d-0554-4050-a5d5-c0f018dd4384 4c37e9f4c896406d872d78f3bed0c496 e63d6cf45fd5428990c817ab86d83169 - - default default] Successfully bumped revision number for resource bbdb3539-36d6-4312-8697-883e913cb4c1 (type: security_groups) to 1
2026-07-21 22:14:16.744 10 INFO neutron.db.ovn_revision_numbers_db [None req-e050e57d-0554-4050-a5d5-c0f018dd4384 4c37e9f4c896406d872d78f3bed0c496 e63d6cf45fd5428990c817ab86d83169 - - default default] Successfully bumped revision number for resource 0d3c2a2c-7b42-4f14-9c7b-6d604c545011 (type: security_group_rules) to 0
2026-07-21 22:14:16.764 10 INFO neutron.db.ovn_revision_numbers_db [None req-e050e57d-0554-4050-a5d5-c0f018dd4384 4c37e9f4c896406d872d78f3bed0c496 e63d6cf45fd5428990c817ab86d83169 - - default default] Successfully bumped revision number for resource 37a523d9-9e19-4310-99fb-058d740a4adb (type: security_group_rules) to 0
2026-07-21 22:14:16.788 10 INFO neutron.db.ovn_revision_numbers_db [None req-e050e57d-0554-4050-a5d5-c0f018dd4384 4c37e9f4c896406d872d78f3bed0c496 e63d6cf45fd5428990c817ab86d83169 - - default default] Successfully bumped revision number for resource b8bdb4b2-10d1-4958-92dc-b0f5aa50f11d (type: security_group_rules) to 0
2026-07-21 22:14:16.832 10 INFO neutron.db.ovn_revision_numbers_db [None req-e050e57d-0554-4050-a5d5-c0f018dd4384 4c37e9f4c896406d872d78f3bed0c496 e63d6cf45fd5428990c817ab86d83169 - - default default] Successfully bumped revision number for resource e89889cd-79ba-4568-85da-1d6de1d4b189 (type: security_group_rules) to 0
2026-07-21 22:14:16.861 10 INFO neutron.wsgi [None req-e050e57d-0554-4050-a5d5-c0f018dd4384 4c37e9f4c896406d872d78f3bed0c496 e63d6cf45fd5428990c817ab86d83169 - - default default] 10.0.0.24 "GET /v2.0/security-groups?tenant_id=84352a960a92486d9da8d5212ba3cf4a&name=default HTTP/1.1" status: 200 len: 2996 time: 0.2850866 /var/lib/openstack/lib/python3.10/site-packages/pycadf/identifier.py:71: UserWarning: Invalid uuid: neutron. To ensure interoperability, identifiers should be a valid uuid. warnings.warn(('Invalid uuid: %s. To ensure interoperability, '
2026-07-21 22:14:17.115 10 INFO neutron.wsgi [None req-1243a181-736a-4dd0-bc64-dfa29e81b442 4c37e9f4c896406d872d78f3bed0c496 e63d6cf45fd5428990c817ab86d83169 - - default default] 10.0.0.24 "DELETE /v2.0/security-groups/bbdb3539-36d6-4312-8697-883e913cb4c1 HTTP/1.1" status: 204 len: 168 time: 0.2496409
2026-07-21 22:14:17.153 9 INFO neutron.wsgi [req-dee5e5a9-dde3-45d0-983f-5a2eafc63e3f req-6308835c-c6f2-4eef-ae31-13ff89836b61 c397656439174bdc8d7ca89df6805efd 30e71b4627cb4a399d43135456071205 - - default default] 10.0.0.81 "GET /v2.0/ports?device_id=30c2af92-ebb5-4a49-9694-4f505005ef29 HTTP/1.1" status: 200 len: 1174 time: 0.0502033
2026-07-21 22:14:17.218 9 INFO neutron.wsgi [req-dee5e5a9-dde3-45d0-983f-5a2eafc63e3f req-e53ad254-86ef-44ef-9efe-cd0f2fc1eeea c397656439174bdc8d7ca89df6805efd 30e71b4627cb4a399d43135456071205 - - default default] 10.0.0.81 "GET /v2.0/security-groups?id=dcad54fb-9a5d-4d62-8666-41ee63fe0e79&fields=id&fields=name HTTP/1.1" status: 200 len: 312 time: 0.0539100
2026-07-21 22:14:17.345 10 INFO neutron.wsgi [req-27274ada-1925-41c7-99d3-99754e71304b req-2761e3ce-5100-4145-9e01-62a22be39d17 c397656439174bdc8d7ca89df6805efd 30e71b4627cb4a399d43135456071205 - - default default] 10.0.0.81 "GET /v2.0/ports?device_id=30c2af92-ebb5-4a49-9694-4f505005ef29 HTTP/1.1" status: 200 len: 1174 time: 0.0498166
2026-07-21 22:14:17.417 10 INFO neutron.wsgi [req-27274ada-1925-41c7-99d3-99754e71304b req-94a28324-3a68-484d-98e1-44426baa1646 c397656439174bdc8d7ca89df6805efd 30e71b4627cb4a399d43135456071205 - - default default] 10.0.0.81 "GET /v2.0/security-groups?id=dcad54fb-9a5d-4d62-8666-41ee63fe0e79&fields=id&fields=name HTTP/1.1" status: 200 len: 312 time: 0.0639336
2026-07-21 22:14:17.489 10 INFO neutron.wsgi [None req-6b1e4126-745b-45b9-a922-9e792848cd43 5a82914ec84b47849f97d7bd4410a6e8 7ab88bc098924204bc133fdd5cf49dc3 - - default default] 10.0.0.24 "GET /v2.0/ports?device_id=30c2af92-ebb5-4a49-9694-4f505005ef29 HTTP/1.1" status: 200 len: 1408 time: 0.0469534
2026-07-21 22:14:17.813 9 INFO neutron.db.l3_db [None req-75a9244e-1b55-4e7d-8a07-06299cd0e24e c397656439174bdc8d7ca89df6805efd 30e71b4627cb4a399d43135456071205 - - default default] Floating IP 7014db53-8009-44bd-9729-6e04d1ddf027 associated. External IP: 10.96.250.216, port: 6a93ca5b-2ddf-43c6-b234-0f806b7d626a.
2026-07-21 22:14:18.136 9 INFO neutron.db.ovn_revision_numbers_db [None req-75a9244e-1b55-4e7d-8a07-06299cd0e24e c397656439174bdc8d7ca89df6805efd 30e71b4627cb4a399d43135456071205 - - default default] Successfully bumped revision number for resource 7014db53-8009-44bd-9729-6e04d1ddf027 (type: floatingips) to 4
2026-07-21 22:14:18.228 9 INFO neutron.notifiers.nova [-] Nova event matching ['req-d7943f2a-6172-4d09-86a6-68d367964af9'] response: {'server_uuid': '30c2af92-ebb5-4a49-9694-4f505005ef29', 'name': 'network-vif-plugged', 'status': 'completed', 'tag': '6a93ca5b-2ddf-43c6-b234-0f806b7d626a', 'code': 200}
2026-07-21 22:14:18.297 9 INFO neutron.db.ovn_revision_numbers_db [None req-75a9244e-1b55-4e7d-8a07-06299cd0e24e c397656439174bdc8d7ca89df6805efd 30e71b4627cb4a399d43135456071205 - - default default] Successfully bumped revision number for resource 7014db53-8009-44bd-9729-6e04d1ddf027 (type: floatingips) to 5
2026-07-21 22:14:18.328 9 INFO neutron.wsgi [None req-75a9244e-1b55-4e7d-8a07-06299cd0e24e c397656439174bdc8d7ca89df6805efd 30e71b4627cb4a399d43135456071205 - - default default] 10.0.0.24 "PUT /v2.0/floatingips/7014db53-8009-44bd-9729-6e04d1ddf027 HTTP/1.1" status: 200 len: 1050 time: 0.8339112 /var/lib/openstack/lib/python3.10/site-packages/pycadf/identifier.py:71: UserWarning: Invalid uuid: neutron. To ensure interoperability, identifiers should be a valid uuid. warnings.warn(('Invalid uuid: %s. To ensure interoperability, '
2026-07-21 22:14:18.385 9 INFO neutron.wsgi [None req-0b7341fc-946c-401a-a828-dce85ee180c2 c397656439174bdc8d7ca89df6805efd 30e71b4627cb4a399d43135456071205 - - default default] 10.0.0.24 "GET /v2.0/floatingips/7014db53-8009-44bd-9729-6e04d1ddf027 HTTP/1.1" status: 200 len: 1052 time: 0.0508072
2026-07-21 22:14:19.335 9 INFO neutron.wsgi [-] 10.0.0.237 "GET / HTTP/1.1" status: 200 len: 247 time: 0.0024509
2026-07-21 22:14:19.336 10 INFO neutron.wsgi [-] 10.0.0.237 "GET / HTTP/1.1" status: 200 len: 247 time: 0.0031283
2026-07-21 22:14:20.291 9 INFO neutron.notifiers.nova [-] Nova event matching ['req-a167d520-adfd-4f6a-b8a8-47989989c540'] response: {'name': 'network-changed', 'server_uuid': '30c2af92-ebb5-4a49-9694-4f505005ef29', 'tag': '6a93ca5b-2ddf-43c6-b234-0f806b7d626a', 'status': 'completed', 'code': 200}
2026-07-21 22:14:20.386 9 INFO neutron.wsgi [req-1018a8c0-7fef-44b8-b456-53356ce67710 req-147801d4-b494-4ba8-873a-5e665b6070df 294eab28782a44b793f68080f8646925 a2a1e0c2788048ff8492de98ea2929da - - 98c96a7a0f3343c0a18ad4bd9845e374 98c96a7a0f3343c0a18ad4bd9845e374] 199.204.45.72 "GET /v2.0/ports?tenant_id=30e71b4627cb4a399d43135456071205&device_id=30c2af92-ebb5-4a49-9694-4f505005ef29 HTTP/1.1" status: 200 len: 1413 time: 0.0687084
2026-07-21 22:14:20.479 9 INFO neutron.wsgi [req-1018a8c0-7fef-44b8-b456-53356ce67710 req-d51ca7ff-94b4-4c65-b51c-3ec0d7de5ed6 294eab28782a44b793f68080f8646925 a2a1e0c2788048ff8492de98ea2929da - - 98c96a7a0f3343c0a18ad4bd9845e374 98c96a7a0f3343c0a18ad4bd9845e374] 199.204.45.72 "GET /v2.0/networks?id=e594c2d7-2b45-41e6-9455-e84214e55fe8 HTTP/1.1" status: 200 len: 959 time: 0.0817528
2026-07-21 22:14:20.537 9 INFO neutron.wsgi [req-1018a8c0-7fef-44b8-b456-53356ce67710 req-1deae06a-4c68-4f9f-ad89-3b805102a039 294eab28782a44b793f68080f8646925 a2a1e0c2788048ff8492de98ea2929da - - 98c96a7a0f3343c0a18ad4bd9845e374 98c96a7a0f3343c0a18ad4bd9845e374] 199.204.45.72 "GET /v2.0/floatingips?fixed_ip_address=10.100.0.14&port_id=6a93ca5b-2ddf-43c6-b234-0f806b7d626a HTTP/1.1" status: 200 len: 1060 time: 0.0497065
2026-07-21 22:14:20.598 9 INFO neutron.wsgi [req-1018a8c0-7fef-44b8-b456-53356ce67710 req-a3d3acf1-c4ba-4300-bfd0-e1ef91e40ae7 294eab28782a44b793f68080f8646925 a2a1e0c2788048ff8492de98ea2929da - - 98c96a7a0f3343c0a18ad4bd9845e374 98c96a7a0f3343c0a18ad4bd9845e374] 199.204.45.72 "GET /v2.0/subnets?id=d53cdb87-9e20-4145-9292-976dd1cb8ebe HTTP/1.1" status: 200 len: 852 time: 0.0509901
2026-07-21 22:14:20.631 9 INFO neutron.wsgi [req-1018a8c0-7fef-44b8-b456-53356ce67710 req-de970645-1632-44d7-9d9f-ee77300d4f0f 294eab28782a44b793f68080f8646925 a2a1e0c2788048ff8492de98ea2929da - - 98c96a7a0f3343c0a18ad4bd9845e374 98c96a7a0f3343c0a18ad4bd9845e374] 199.204.45.72 "GET /v2.0/ports?network_id=e594c2d7-2b45-41e6-9455-e84214e55fe8&device_owner=network%3Adhcp HTTP/1.1" status: 200 len: 210 time: 0.0274508
2026-07-21 22:14:20.716 9 INFO neutron.wsgi [req-1018a8c0-7fef-44b8-b456-53356ce67710 req-89090245-c09e-481a-b8ba-c177e33cb09a 294eab28782a44b793f68080f8646925 a2a1e0c2788048ff8492de98ea2929da - - 98c96a7a0f3343c0a18ad4bd9845e374 98c96a7a0f3343c0a18ad4bd9845e374] 199.204.45.72 "GET /v2.0/networks/e594c2d7-2b45-41e6-9455-e84214e55fe8?fields=segments HTTP/1.1" status: 200 len: 212 time: 0.0742335
2026-07-21 22:14:20.762 10 INFO neutron.db.ovn_revision_numbers_db [None req-981a0e86-f479-41fe-b67b-073469f80e70 4c37e9f4c896406d872d78f3bed0c496 e63d6cf45fd5428990c817ab86d83169 - - default default] Successfully bumped revision number for resource 35ef2213-0292-4615-be4c-7650e84fbf0f (type: security_groups) to 1
2026-07-21 22:14:20.776 10 INFO neutron.db.ovn_revision_numbers_db [None req-981a0e86-f479-41fe-b67b-073469f80e70 4c37e9f4c896406d872d78f3bed0c496 e63d6cf45fd5428990c817ab86d83169 - - default default] Successfully bumped revision number for resource 28822e01-fdd5-4aa1-8e0b-598d1c31e0dc (type: security_group_rules) to 0
2026-07-21 22:14:20.787 9 INFO neutron.wsgi [req-1018a8c0-7fef-44b8-b456-53356ce67710 req-8e9ac145-a5a0-4df9-9550-aedccf236d44 294eab28782a44b793f68080f8646925 a2a1e0c2788048ff8492de98ea2929da - - 98c96a7a0f3343c0a18ad4bd9845e374 98c96a7a0f3343c0a18ad4bd9845e374] 199.204.45.72 "GET /v2.0/networks/e594c2d7-2b45-41e6-9455-e84214e55fe8?fields=provider%3Aphysical_network&fields=provider%3Anetwork_type HTTP/1.1" status: 200 len: 277 time: 0.0614018
2026-07-21 22:14:20.791 10 INFO neutron.db.ovn_revision_numbers_db [None req-981a0e86-f479-41fe-b67b-073469f80e70 4c37e9f4c896406d872d78f3bed0c496 e63d6cf45fd5428990c817ab86d83169 - - default default] Successfully bumped revision number for resource 9bfab204-5039-4325-8120-8a41c5f53d3d (type: security_group_rules) to 0
2026-07-21 22:14:20.807 10 INFO neutron.db.ovn_revision_numbers_db [None req-981a0e86-f479-41fe-b67b-073469f80e70 4c37e9f4c896406d872d78f3bed0c496 e63d6cf45fd5428990c817ab86d83169 - - default default] Successfully bumped revision number for resource c16f37b2-155f-4f36-b5fe-9852a98afa70 (type: security_group_rules) to 0
2026-07-21 22:14:20.824 10 INFO neutron.db.ovn_revision_numbers_db [None req-981a0e86-f479-41fe-b67b-073469f80e70 4c37e9f4c896406d872d78f3bed0c496 e63d6cf45fd5428990c817ab86d83169 - - default default] Successfully bumped revision number for resource f325bfc1-f699-4a47-a035-8e5ce516e13a (type: security_group_rules) to 0
2026-07-21 22:14:20.863 10 INFO neutron.wsgi [None req-981a0e86-f479-41fe-b67b-073469f80e70 4c37e9f4c896406d872d78f3bed0c496 e63d6cf45fd5428990c817ab86d83169 - - default default] 10.0.0.24 "GET /v2.0/security-groups?tenant_id=8304d8cf5a954fbc822cb5c09ce88a05&name=default HTTP/1.1" status: 200 len: 2996 time: 0.4754894
2026-07-21 22:14:21.131 10 INFO neutron.wsgi [None req-40d746bd-34c1-4803-9708-c0d7ff50594a 4c37e9f4c896406d872d78f3bed0c496 e63d6cf45fd5428990c817ab86d83169 - - default default] 10.0.0.24 "DELETE /v2.0/security-groups/35ef2213-0292-4615-be4c-7650e84fbf0f HTTP/1.1" status: 204 len: 168 time: 0.2623224
2026-07-21 22:14:21.439 9 INFO neutron.db.ovn_revision_numbers_db [None req-fc9df5a3-6730-457e-95a2-86161b926f61 4c37e9f4c896406d872d78f3bed0c496 e63d6cf45fd5428990c817ab86d83169 - - default default] Successfully bumped revision number for resource b8d9d6d7-0146-4488-b9d2-efa868aedf11 (type: security_groups) to 1
2026-07-21 22:14:21.442 9 INFO neutron.db.ovn_revision_numbers_db [None req-9519a233-216a-47d2-9ca2-d77a0e9a0263 4c37e9f4c896406d872d78f3bed0c496 e63d6cf45fd5428990c817ab86d83169 - - default default] Successfully bumped revision number for resource 93b262f8-8d1f-4204-8f0b-add41d2bb7c1 (type: security_groups) to 1
2026-07-21 22:14:21.457 9 INFO neutron.db.ovn_revision_numbers_db [None req-fc9df5a3-6730-457e-95a2-86161b926f61 4c37e9f4c896406d872d78f3bed0c496 e63d6cf45fd5428990c817ab86d83169 - - default default] Successfully bumped revision number for resource 17b33781-0c29-41b6-a856-a7b917579d89 (type: security_group_rules) to 0
2026-07-21 22:14:21.459 9 INFO neutron.db.ovn_revision_numbers_db [None req-9519a233-216a-47d2-9ca2-d77a0e9a0263 4c37e9f4c896406d872d78f3bed0c496 e63d6cf45fd5428990c817ab86d83169 - - default default] Successfully bumped revision number for resource 09c80d6b-ed8b-4006-b184-a62eddfe6e98 (type: security_group_rules) to 0
2026-07-21 22:14:21.483 9 INFO neutron.db.ovn_revision_numbers_db [None req-fc9df5a3-6730-457e-95a2-86161b926f61 4c37e9f4c896406d872d78f3bed0c496 e63d6cf45fd5428990c817ab86d83169 - - default default] Successfully bumped revision number for resource 2ea651ab-fa94-4e3c-bc52-8bdc621f37c2 (type: security_group_rules) to 0
2026-07-21 22:14:21.498 9 INFO neutron.db.ovn_revision_numbers_db [None req-9519a233-216a-47d2-9ca2-d77a0e9a0263 4c37e9f4c896406d872d78f3bed0c496 e63d6cf45fd5428990c817ab86d83169 - - default default] Successfully bumped revision number for resource 133bad68-c624-43aa-8c6f-1233e33b53c0 (type: security_group_rules) to 0
2026-07-21 22:14:21.505 9 INFO neutron.db.ovn_revision_numbers_db [None req-fc9df5a3-6730-457e-95a2-86161b926f61 4c37e9f4c896406d872d78f3bed0c496 e63d6cf45fd5428990c817ab86d83169 - - default default] Successfully bumped revision number for resource 3fce4691-d101-441b-990a-70ee46f17023 (type: security_group_rules) to 0
2026-07-21 22:14:21.514 9 INFO neutron.db.ovn_revision_numbers_db [None req-9519a233-216a-47d2-9ca2-d77a0e9a0263 4c37e9f4c896406d872d78f3bed0c496 e63d6cf45fd5428990c817ab86d83169 - - default default] Successfully bumped revision number for resource 4429c9cc-5608-4d51-9933-3408a7b5413d (type: security_group_rules) to 0
2026-07-21 22:14:21.521 9 INFO neutron.db.ovn_revision_numbers_db [None req-fc9df5a3-6730-457e-95a2-86161b926f61 4c37e9f4c896406d872d78f3bed0c496 e63d6cf45fd5428990c817ab86d83169 - - default default] Successfully bumped revision number for resource f18c4c61-38c0-4e04-8b9c-26b60c46e892 (type: security_group_rules) to 0
2026-07-21 22:14:21.537 9 INFO neutron.db.ovn_revision_numbers_db [None req-9519a233-216a-47d2-9ca2-d77a0e9a0263 4c37e9f4c896406d872d78f3bed0c496 e63d6cf45fd5428990c817ab86d83169 - - default default] Successfully bumped revision number for resource a4c4e9db-9591-4940-8ae6-78bc49f4301b (type: security_group_rules) to 0
2026-07-21 22:14:21.549 9 INFO neutron.wsgi [None req-fc9df5a3-6730-457e-95a2-86161b926f61 4c37e9f4c896406d872d78f3bed0c496 e63d6cf45fd5428990c817ab86d83169 - - default default] 10.0.0.24 "GET /v2.0/security-groups?tenant_id=3cd6e5776832432cae82e79c1932ae7d&name=default HTTP/1.1" status: 200 len: 2996 time: 0.2975869
2026-07-21 22:14:21.564 9 INFO neutron.wsgi [None req-9519a233-216a-47d2-9ca2-d77a0e9a0263 4c37e9f4c896406d872d78f3bed0c496 e63d6cf45fd5428990c817ab86d83169 - - default default] 10.0.0.24 "GET /v2.0/security-groups?tenant_id=f64afa3351b34b42ad1da5e9c2a4a2e9&name=default HTTP/1.1" status: 200 len: 2996 time: 0.4780276
2026-07-21 22:14:21.790 10 INFO neutron.wsgi [None req-f1440410-ef0a-4bd1-a8d2-4874ad46d9c2 4c37e9f4c896406d872d78f3bed0c496 e63d6cf45fd5428990c817ab86d83169 - - default default] 10.0.0.24 "DELETE /v2.0/security-groups/b8d9d6d7-0146-4488-b9d2-efa868aedf11 HTTP/1.1" status: 204 len: 168 time: 0.2356477
2026-07-21 22:14:21.797 9 INFO neutron.wsgi [None req-79a30f27-d36a-4489-a788-87a8bd56a02b 4c37e9f4c896406d872d78f3bed0c496 e63d6cf45fd5428990c817ab86d83169 - - default default] 10.0.0.24 "DELETE /v2.0/security-groups/93b262f8-8d1f-4204-8f0b-add41d2bb7c1 HTTP/1.1" status: 204 len: 168 time: 0.2240827
2026-07-21 22:14:22.051 9 INFO neutron.db.ovn_revision_numbers_db [None req-1f0919e0-e25a-4d82-a6d8-2a4301524bf9 4c37e9f4c896406d872d78f3bed0c496 e63d6cf45fd5428990c817ab86d83169 - - default default] Successfully bumped revision number for resource 51baa0b7-5e48-4438-8a56-b15ca0198307 (type: security_groups) to 1
2026-07-21 22:14:22.068 9 INFO neutron.db.ovn_revision_numbers_db [None req-1f0919e0-e25a-4d82-a6d8-2a4301524bf9 4c37e9f4c896406d872d78f3bed0c496 e63d6cf45fd5428990c817ab86d83169 - - default default] Successfully bumped revision number for resource 64aed9ba-701c-460a-911f-9bedca2cae9a (type: security_group_rules) to 0
2026-07-21 22:14:22.101 9 INFO neutron.db.ovn_revision_numbers_db [None req-1f0919e0-e25a-4d82-a6d8-2a4301524bf9 4c37e9f4c896406d872d78f3bed0c496 e63d6cf45fd5428990c817ab86d83169 - - default default] Successfully bumped revision number for resource 77970d7a-dfa2-4a9d-a954-f7314246e550 (type: security_group_rules) to 0
2026-07-21 22:14:22.121 9 INFO neutron.db.ovn_revision_numbers_db [None req-1f0919e0-e25a-4d82-a6d8-2a4301524bf9 4c37e9f4c896406d872d78f3bed0c496 e63d6cf45fd5428990c817ab86d83169 - - default default] Successfully bumped revision number for resource 8c00bd30-2236-4fef-9c62-e3bd83ff3cb1 (type: security_group_rules) to 0
2026-07-21 22:14:22.138 9 INFO neutron.db.ovn_revision_numbers_db [None req-1f0919e0-e25a-4d82-a6d8-2a4301524bf9 4c37e9f4c896406d872d78f3bed0c496 e63d6cf45fd5428990c817ab86d83169 - - default default] Successfully bumped revision number for resource be846ac8-ab1e-4036-aac9-7ad63da6c792 (type: security_group_rules) to 0
2026-07-21 22:14:22.158 9 INFO neutron.wsgi [None req-1f0919e0-e25a-4d82-a6d8-2a4301524bf9 4c37e9f4c896406d872d78f3bed0c496 e63d6cf45fd5428990c817ab86d83169 - - default default] 10.0.0.24 "GET /v2.0/security-groups?tenant_id=90c9f4b5d7984668a337ad71ed12743d&name=default HTTP/1.1" status: 200 len: 2996 time: 0.2252707
2026-07-21 22:14:22.478 9 INFO neutron.wsgi [None req-656b2623-d0c1-48c3-825d-790778de351c 4c37e9f4c896406d872d78f3bed0c496 e63d6cf45fd5428990c817ab86d83169 - - default default] 10.0.0.24 "DELETE /v2.0/security-groups/51baa0b7-5e48-4438-8a56-b15ca0198307 HTTP/1.1" status: 204 len: 168 time: 0.3165660
2026-07-21 22:14:26.821 9 INFO neutron.db.ovn_revision_numbers_db [None req-85675290-c3d4-4ce0-a608-e921fa1a1738 4c37e9f4c896406d872d78f3bed0c496 e63d6cf45fd5428990c817ab86d83169 - - default default] Successfully bumped revision number for resource 9cb81a19-5a7e-4eeb-862a-60fa6a1d3c76 (type: security_groups) to 1
2026-07-21 22:14:26.839 9 INFO neutron.db.ovn_revision_numbers_db [None req-85675290-c3d4-4ce0-a608-e921fa1a1738 4c37e9f4c896406d872d78f3bed0c496 e63d6cf45fd5428990c817ab86d83169 - - default default] Successfully bumped revision number for resource 00ab133b-5d83-42c5-b826-cca1b11307ee (type: security_group_rules) to 0
2026-07-21 22:14:26.850 9 INFO neutron.db.ovn_revision_numbers_db [None req-85675290-c3d4-4ce0-a608-e921fa1a1738 4c37e9f4c896406d872d78f3bed0c496 e63d6cf45fd5428990c817ab86d83169 - - default default] Successfully bumped revision number for resource 06ce6e91-802b-4923-bfb8-767c41d31ec3 (type: security_group_rules) to 0
2026-07-21 22:14:26.862 9 INFO neutron.db.ovn_revision_numbers_db [None req-85675290-c3d4-4ce0-a608-e921fa1a1738 4c37e9f4c896406d872d78f3bed0c496 e63d6cf45fd5428990c817ab86d83169 - - default default] Successfully bumped revision number for resource 6477cd93-080c-4fcd-97ac-c0532150ae8f (type: security_group_rules) to 0
