2026-07-21 22:13:28.035 10 INFO neutron.db.segments_db [None req-920dfb2e-0bd9-4c89-a092-0343c60f026c 511684d68eb04c2c94e757a187830fcf 6afdbeeb976146e58dc49baffc2186a4 - - default default] Added segment 2501936e-03c5-4a68-b486-d3677c9a5ef7 of type geneve for network ab8c7a1e-fa98-40e0-841c-6063a6148fda
2026-07-21 22:13:28.040 10 INFO neutron.db.ovn_revision_numbers_db [None req-7080ada1-bb51-4554-95cd-af545d71ecfd 4c37e9f4c896406d872d78f3bed0c496 e63d6cf45fd5428990c817ab86d83169 - - default default] Successfully bumped revision number for resource 90a431c5-7212-474e-a93a-33b27fe61f23 (type: security_group_rules) to 0
2026-07-21 22:13:28.065 10 INFO neutron.db.ovn_revision_numbers_db [None req-7080ada1-bb51-4554-95cd-af545d71ecfd 4c37e9f4c896406d872d78f3bed0c496 e63d6cf45fd5428990c817ab86d83169 - - default default] Successfully bumped revision number for resource d205264c-e226-4a25-8b2d-e00ec3ad2241 (type: security_group_rules) to 0
2026-07-21 22:13:28.086 10 INFO neutron.db.ovn_revision_numbers_db [None req-7080ada1-bb51-4554-95cd-af545d71ecfd 4c37e9f4c896406d872d78f3bed0c496 e63d6cf45fd5428990c817ab86d83169 - - default default] Successfully bumped revision number for resource d2c09e54-d096-4195-a21f-38ff3f0443fc (type: security_group_rules) to 0
2026-07-21 22:13:28.124 10 INFO neutron.wsgi [None req-7080ada1-bb51-4554-95cd-af545d71ecfd 4c37e9f4c896406d872d78f3bed0c496 e63d6cf45fd5428990c817ab86d83169 - - default default] 10.0.0.24 "GET /v2.0/security-groups?tenant_id=a0ab13917b4541008b97cbe57e296759&name=default HTTP/1.1" status: 200 len: 2996 time: 0.3157747
2026-07-21 22:13:28.238 10 INFO neutron.db.ovn_revision_numbers_db [None req-920dfb2e-0bd9-4c89-a092-0343c60f026c 511684d68eb04c2c94e757a187830fcf 6afdbeeb976146e58dc49baffc2186a4 - - default default] Successfully bumped revision number for resource ab8c7a1e-fa98-40e0-841c-6063a6148fda (type: networks) to 1
2026-07-21 22:13:28.515 10 WARNING neutron.scheduler.dhcp_agent_scheduler [None req-920dfb2e-0bd9-4c89-a092-0343c60f026c 511684d68eb04c2c94e757a187830fcf 6afdbeeb976146e58dc49baffc2186a4 - - default default] No more DHCP agents
2026-07-21 22:13:28.522 10 WARNING neutron.api.rpc.agentnotifiers.dhcp_rpc_agent_api [None req-920dfb2e-0bd9-4c89-a092-0343c60f026c 511684d68eb04c2c94e757a187830fcf 6afdbeeb976146e58dc49baffc2186a4 - - default default] Unable to schedule network ab8c7a1e-fa98-40e0-841c-6063a6148fda: no agents available; will retry on subsequent port and subnet creation events.
2026-07-21 22:13:28.525 9 INFO neutron.services.segments.plugin [-] Segment 07cc62cc-08fa-4035-9877-7ac032352b8b resource provider aggregate not found
2026-07-21 22:13:28.545 9 INFO neutron.services.segments.plugin [-] Segment 07cc62cc-08fa-4035-9877-7ac032352b8b resource provider aggregate not found
2026-07-21 22:13:28.559 9 INFO neutron.services.segments.plugin [-] Segment 07cc62cc-08fa-4035-9877-7ac032352b8b resource provider not found; error: Placement Client Error (4xx): {"errors": [{"status": 404, "title": "Not Found", "detail": "The resource could not be found.\n\n No resource provider with uuid 07cc62cc-08fa-4035-9877-7ac032352b8b found for delete ", "request_id": "req-324140cf-986b-4a69-ae9e-b907c21fc899"}]}
2026-07-21 22:13:28.564 10 INFO neutron.wsgi [None req-59d480fa-f0fd-4ace-829e-57b4210d650a 4c37e9f4c896406d872d78f3bed0c496 e63d6cf45fd5428990c817ab86d83169 - - default default] 10.0.0.24 "DELETE /v2.0/security-groups/990253fb-cbf8-43d7-b121-869356811f08 HTTP/1.1" status: 204 len: 168 time: 0.4334888
2026-07-21 22:13:28.570 9 INFO neutron.services.segments.plugin [-] Segment 07cc62cc-08fa-4035-9877-7ac032352b8b resource provider not found; error: Placement Client Error (4xx): {"errors": [{"status": 404, "title": "Not Found", "detail": "The resource could not be found.\n\n No resource provider with uuid 07cc62cc-08fa-4035-9877-7ac032352b8b found for delete ", "request_id": "req-8eb5ae8d-29d5-4707-95af-8c58e1e0f5ea"}]}
2026-07-21 22:13:28.596 9 INFO neutron.wsgi [None req-7a0d686e-ef32-40a6-b26f-65df24175702 2c2defbd2684487cb8093757bb61bf65 96a5f56aec864db78066f02b9b2644a4 - - default default] 10.0.0.24 "DELETE /v2.0/networks/88011b10-9f07-42b8-a4ea-a3b839be9f20 HTTP/1.1" status: 204 len: 168 time: 0.6523199
2026-07-21 22:13:28.664 10 INFO neutron.db.ovn_revision_numbers_db [None req-920dfb2e-0bd9-4c89-a092-0343c60f026c 511684d68eb04c2c94e757a187830fcf 6afdbeeb976146e58dc49baffc2186a4 - - default default] Successfully bumped revision number for resource f11496cc-0bbf-4fe7-a9d6-3bc8ae9407e9 (type: ports) to 1
2026-07-21 22:13:28.695 10 INFO neutron.wsgi [None req-920dfb2e-0bd9-4c89-a092-0343c60f026c 511684d68eb04c2c94e757a187830fcf 6afdbeeb976146e58dc49baffc2186a4 - - default default] 10.0.0.24 "POST /v2.0/networks HTTP/1.1" status: 201 len: 843 time: 1.1285965
2026-07-21 22:13:28.741 10 INFO neutron.db.segments_db [None req-420375d4-43bf-4d17-ab1e-89d9222c40eb 2c2defbd2684487cb8093757bb61bf65 96a5f56aec864db78066f02b9b2644a4 - - default default] Added segment 447cfe47-00d5-4fca-84d5-00d9a523bebf of type geneve for network c1d5668b-faed-4f7f-8b20-9610dd876e7e
2026-07-21 22:13:28.979 10 INFO neutron.db.ovn_revision_numbers_db [None req-420375d4-43bf-4d17-ab1e-89d9222c40eb 2c2defbd2684487cb8093757bb61bf65 96a5f56aec864db78066f02b9b2644a4 - - default default] Successfully bumped revision number for resource c1d5668b-faed-4f7f-8b20-9610dd876e7e (type: networks) to 1
2026-07-21 22:13:29.160 10 WARNING neutron.scheduler.dhcp_agent_scheduler [None req-893a4dfa-08c5-4928-9cc6-c61b522666ca 511684d68eb04c2c94e757a187830fcf 6afdbeeb976146e58dc49baffc2186a4 - - default default] No more DHCP agents
2026-07-21 22:13:29.168 10 WARNING neutron.api.rpc.agentnotifiers.dhcp_rpc_agent_api [None req-893a4dfa-08c5-4928-9cc6-c61b522666ca 511684d68eb04c2c94e757a187830fcf 6afdbeeb976146e58dc49baffc2186a4 - - default default] Unable to schedule network ab8c7a1e-fa98-40e0-841c-6063a6148fda: no agents available; will retry on subsequent port and subnet creation events.
2026-07-21 22:13:29.277 10 WARNING neutron.scheduler.dhcp_agent_scheduler [None req-420375d4-43bf-4d17-ab1e-89d9222c40eb 2c2defbd2684487cb8093757bb61bf65 96a5f56aec864db78066f02b9b2644a4 - - default default] No more DHCP agents
2026-07-21 22:13:29.288 10 WARNING neutron.api.rpc.agentnotifiers.dhcp_rpc_agent_api [None req-420375d4-43bf-4d17-ab1e-89d9222c40eb 2c2defbd2684487cb8093757bb61bf65 96a5f56aec864db78066f02b9b2644a4 - - default default] Unable to schedule network c1d5668b-faed-4f7f-8b20-9610dd876e7e: no agents available; will retry on subsequent port and subnet creation events.
2026-07-21 22:13:29.356 10 INFO neutron.db.ovn_revision_numbers_db [None req-893a4dfa-08c5-4928-9cc6-c61b522666ca 511684d68eb04c2c94e757a187830fcf 6afdbeeb976146e58dc49baffc2186a4 - - default default] Successfully bumped revision number for resource f231e6d7-055f-4cde-a0f9-9b34b87026dc (type: ports) to 1
2026-07-21 22:13:29.409 10 INFO neutron.wsgi [None req-893a4dfa-08c5-4928-9cc6-c61b522666ca 511684d68eb04c2c94e757a187830fcf 6afdbeeb976146e58dc49baffc2186a4 - - default default] 10.0.0.24 "POST /v2.0/ports HTTP/1.1" status: 201 len: 973 time: 0.7091372 /var/lib/openstack/lib/python3.10/site-packages/pycadf/identifier.py:71: UserWarning: Invalid uuid: neutron. To ensure interoperability, identifiers should be a valid uuid. warnings.warn(('Invalid uuid: %s. To ensure interoperability, '
2026-07-21 22:13:29.441 10 INFO neutron.db.ovn_revision_numbers_db [None req-420375d4-43bf-4d17-ab1e-89d9222c40eb 2c2defbd2684487cb8093757bb61bf65 96a5f56aec864db78066f02b9b2644a4 - - default default] Successfully bumped revision number for resource 7fdc9fc4-7fd7-4eb2-8763-6c9b329c7e25 (type: ports) to 1
2026-07-21 22:13:29.474 10 INFO neutron.wsgi [None req-420375d4-43bf-4d17-ab1e-89d9222c40eb 2c2defbd2684487cb8093757bb61bf65 96a5f56aec864db78066f02b9b2644a4 - - default default] 10.0.0.24 "POST /v2.0/networks HTTP/1.1" status: 201 len: 928 time: 0.8667727
2026-07-21 22:13:29.530 10 INFO neutron.db.segments_db [None req-ce225da4-5774-4c73-8a46-73ca453197a8 511684d68eb04c2c94e757a187830fcf 6afdbeeb976146e58dc49baffc2186a4 - - default default] Added segment afc5f4a9-a478-49d6-81e7-f87add4da364 of type geneve for network 778f3d62-5dcf-412d-bdb2-a80d7d3c8421
2026-07-21 22:13:29.652 9 WARNING neutron.scheduler.dhcp_agent_scheduler [None req-de550357-05f6-4aa6-a92a-9a5013a65865 2c2defbd2684487cb8093757bb61bf65 96a5f56aec864db78066f02b9b2644a4 - - default default] No more DHCP agents
2026-07-21 22:13:29.655 9 WARNING neutron.api.rpc.agentnotifiers.dhcp_rpc_agent_api [None req-de550357-05f6-4aa6-a92a-9a5013a65865 2c2defbd2684487cb8093757bb61bf65 96a5f56aec864db78066f02b9b2644a4 - - default default] Unable to schedule network c1d5668b-faed-4f7f-8b20-9610dd876e7e: no agents available; will retry on subsequent port and subnet creation events.
2026-07-21 22:13:29.692 10 INFO neutron.db.ovn_revision_numbers_db [None req-ce225da4-5774-4c73-8a46-73ca453197a8 511684d68eb04c2c94e757a187830fcf 6afdbeeb976146e58dc49baffc2186a4 - - default default] Successfully bumped revision number for resource 778f3d62-5dcf-412d-bdb2-a80d7d3c8421 (type: networks) to 1
2026-07-21 22:13:29.881 10 WARNING neutron.scheduler.dhcp_agent_scheduler [None req-ce225da4-5774-4c73-8a46-73ca453197a8 511684d68eb04c2c94e757a187830fcf 6afdbeeb976146e58dc49baffc2186a4 - - default default] No more DHCP agents
2026-07-21 22:13:29.884 10 WARNING neutron.api.rpc.agentnotifiers.dhcp_rpc_agent_api [None req-ce225da4-5774-4c73-8a46-73ca453197a8 511684d68eb04c2c94e757a187830fcf 6afdbeeb976146e58dc49baffc2186a4 - - default default] Unable to schedule network 778f3d62-5dcf-412d-bdb2-a80d7d3c8421: no agents available; will retry on subsequent port and subnet creation events.
2026-07-21 22:13:29.971 10 INFO neutron.db.ovn_revision_numbers_db [None req-ce225da4-5774-4c73-8a46-73ca453197a8 511684d68eb04c2c94e757a187830fcf 6afdbeeb976146e58dc49baffc2186a4 - - default default] Successfully bumped revision number for resource 9e360a2f-16d5-42c1-9cf4-015a2512e5c2 (type: ports) to 1
2026-07-21 22:13:29.997 10 INFO neutron.wsgi [None req-ce225da4-5774-4c73-8a46-73ca453197a8 511684d68eb04c2c94e757a187830fcf 6afdbeeb976146e58dc49baffc2186a4 - - default default] 10.0.0.24 "POST /v2.0/networks HTTP/1.1" status: 201 len: 830 time: 0.5815873
2026-07-21 22:13:30.200 9 INFO neutron.db.ovn_revision_numbers_db [None req-de550357-05f6-4aa6-a92a-9a5013a65865 2c2defbd2684487cb8093757bb61bf65 96a5f56aec864db78066f02b9b2644a4 - - default default] Successfully bumped revision number for resource 7fdc9fc4-7fd7-4eb2-8763-6c9b329c7e25 (type: ports) to 2
2026-07-21 22:13:30.250 9 INFO neutron.db.ovn_revision_numbers_db [None req-de550357-05f6-4aa6-a92a-9a5013a65865 2c2defbd2684487cb8093757bb61bf65 96a5f56aec864db78066f02b9b2644a4 - - default default] Successfully bumped revision number for resource f0e79d91-59d8-4cac-a85d-0e1d53688d32 (type: subnets) to 0
2026-07-21 22:13:30.275 9 INFO neutron.wsgi [None req-de550357-05f6-4aa6-a92a-9a5013a65865 2c2defbd2684487cb8093757bb61bf65 96a5f56aec864db78066f02b9b2644a4 - - default default] 10.0.0.24 "POST /v2.0/subnets HTTP/1.1" status: 201 len: 822 time: 0.7921987
2026-07-21 22:13:30.293 9 WARNING neutron.api.v2.base [None req-47ac34cb-bb57-47e0-9ad8-4e01ec7218b1 2c2defbd2684487cb8093757bb61bf65 96a5f56aec864db78066f02b9b2644a4 - - default default] An exception happened while processing the request body. The exception message is [Invalid input for target_tenant. Reason: '1234123412341234123412341234123412341234123412341234123412341234123412341234123412341234123412341234123412341234123412341234123412341234123412341234123412341234123412341234123412341234123412341234123412341234123412341234123412341234123412341234123412341234123412341234123412341234123412341234123412341234123412341234123412341234123412341234123412341234123412341234123412341234123412341234123412341234' exceeds maximum length of 255.].: webob.exc.HTTPBadRequest: Invalid input for target_tenant. Reason: '1234123412341234123412341234123412341234123412341234123412341234123412341234123412341234123412341234123412341234123412341234123412341234123412341234123412341234123412341234123412341234123412341234123412341234123412341234123412341234123412341234123412341234123412341234123412341234123412341234123412341234123412341234123412341234123412341234123412341234123412341234123412341234123412341234123412341234' exceeds maximum length of 255.
2026-07-21 22:13:30.294 9 INFO neutron.api.v2.resource [None req-47ac34cb-bb57-47e0-9ad8-4e01ec7218b1 2c2defbd2684487cb8093757bb61bf65 96a5f56aec864db78066f02b9b2644a4 - - default default] create failed (client error): Invalid input for target_tenant. Reason: '1234123412341234123412341234123412341234123412341234123412341234123412341234123412341234123412341234123412341234123412341234123412341234123412341234123412341234123412341234123412341234123412341234123412341234123412341234123412341234123412341234123412341234123412341234123412341234123412341234123412341234123412341234123412341234123412341234123412341234123412341234123412341234123412341234123412341234' exceeds maximum length of 255.
2026-07-21 22:13:30.296 9 INFO neutron.wsgi [None req-47ac34cb-bb57-47e0-9ad8-4e01ec7218b1 2c2defbd2684487cb8093757bb61bf65 96a5f56aec864db78066f02b9b2644a4 - - default default] 10.0.0.24 "POST /v2.0/rbac-policies HTTP/1.1" status: 400 len: 750 time: 0.0109229
2026-07-21 22:13:30.297 10 WARNING neutron.scheduler.dhcp_agent_scheduler [None req-5088a9f0-62fb-4ea5-9713-a432630faaaf 511684d68eb04c2c94e757a187830fcf 6afdbeeb976146e58dc49baffc2186a4 - - default default] No more DHCP agents
2026-07-21 22:13:30.302 10 WARNING neutron.api.rpc.agentnotifiers.dhcp_rpc_agent_api [None req-5088a9f0-62fb-4ea5-9713-a432630faaaf 511684d68eb04c2c94e757a187830fcf 6afdbeeb976146e58dc49baffc2186a4 - - default default] Unable to schedule network 778f3d62-5dcf-412d-bdb2-a80d7d3c8421: no agents available; will retry on subsequent port and subnet creation events.
2026-07-21 22:13:31.048 10 INFO neutron.db.ovn_revision_numbers_db [None req-5088a9f0-62fb-4ea5-9713-a432630faaaf 511684d68eb04c2c94e757a187830fcf 6afdbeeb976146e58dc49baffc2186a4 - - default default] Successfully bumped revision number for resource 9e360a2f-16d5-42c1-9cf4-015a2512e5c2 (type: ports) to 2
2026-07-21 22:13:31.145 10 INFO neutron.db.ovn_revision_numbers_db [None req-5088a9f0-62fb-4ea5-9713-a432630faaaf 511684d68eb04c2c94e757a187830fcf 6afdbeeb976146e58dc49baffc2186a4 - - default default] Successfully bumped revision number for resource 83071e1f-bb2d-48b5-bf0a-6ce159a4736f (type: subnets) to 0
2026-07-21 22:13:31.154 10 INFO neutron.services.segments.plugin [-] Segment 447cfe47-00d5-4fca-84d5-00d9a523bebf resource provider aggregate not found
2026-07-21 22:13:31.170 10 INFO neutron.services.segments.plugin [-] Segment 447cfe47-00d5-4fca-84d5-00d9a523bebf resource provider aggregate not found
2026-07-21 22:13:31.188 10 INFO neutron.services.segments.plugin [-] Segment 447cfe47-00d5-4fca-84d5-00d9a523bebf resource provider not found; error: Placement Client Error (4xx): {"errors": [{"status": 404, "title": "Not Found", "detail": "The resource could not be found.\n\n No resource provider with uuid 447cfe47-00d5-4fca-84d5-00d9a523bebf found for delete ", "request_id": "req-e38ee8a9-7f21-4991-9fe9-0b365d307b39"}]}
2026-07-21 22:13:31.189 10 INFO neutron.services.segments.plugin [-] Segment 447cfe47-00d5-4fca-84d5-00d9a523bebf resource provider not found; error: Placement Client Error (4xx): {"errors": [{"status": 404, "title": "Not Found", "detail": "The resource could not be found.\n\n No resource provider with uuid 447cfe47-00d5-4fca-84d5-00d9a523bebf found for delete ", "request_id": "req-5e8ae13f-31e0-49e3-9983-463f000d37e5"}]}
2026-07-21 22:13:31.192 10 INFO neutron.wsgi [None req-5088a9f0-62fb-4ea5-9713-a432630faaaf 511684d68eb04c2c94e757a187830fcf 6afdbeeb976146e58dc49baffc2186a4 - - default default] 10.0.0.24 "POST /v2.0/subnets HTTP/1.1" status: 201 len: 801 time: 1.1899073
2026-07-21 22:13:31.213 10 INFO neutron.wsgi [None req-e1c02484-7faa-40b5-aebe-cb700f957e58 2c2defbd2684487cb8093757bb61bf65 96a5f56aec864db78066f02b9b2644a4 - - default default] 10.0.0.24 "DELETE /v2.0/networks/c1d5668b-faed-4f7f-8b20-9610dd876e7e HTTP/1.1" status: 204 len: 168 time: 0.9119666
2026-07-21 22:13:31.354 9 INFO neutron.db.segments_db [None req-e116cb8f-8fce-48bb-92e3-ac7f0497deb1 2c2defbd2684487cb8093757bb61bf65 96a5f56aec864db78066f02b9b2644a4 - - default default] Added segment 1ae211e2-aec4-4aba-9f84-c2a10ee8b452 of type geneve for network 271149ad-d410-4f85-a3df-0b77d53ed22f
2026-07-21 22:13:31.595 9 INFO neutron.db.ovn_revision_numbers_db [None req-e116cb8f-8fce-48bb-92e3-ac7f0497deb1 2c2defbd2684487cb8093757bb61bf65 96a5f56aec864db78066f02b9b2644a4 - - default default] Successfully bumped revision number for resource 271149ad-d410-4f85-a3df-0b77d53ed22f (type: networks) to 1
2026-07-21 22:13:31.739 9 WARNING neutron.scheduler.dhcp_agent_scheduler [None req-5cb0e73f-2010-4987-a0b5-ee75fe15a5b8 511684d68eb04c2c94e757a187830fcf 6afdbeeb976146e58dc49baffc2186a4 - - default default] No more DHCP agents
2026-07-21 22:13:31.743 9 WARNING neutron.api.rpc.agentnotifiers.dhcp_rpc_agent_api [None req-5cb0e73f-2010-4987-a0b5-ee75fe15a5b8 511684d68eb04c2c94e757a187830fcf 6afdbeeb976146e58dc49baffc2186a4 - - default default] Unable to schedule network 778f3d62-5dcf-412d-bdb2-a80d7d3c8421: no agents available; will retry on subsequent port and subnet creation events.
2026-07-21 22:13:31.838 9 WARNING neutron.scheduler.dhcp_agent_scheduler [None req-e116cb8f-8fce-48bb-92e3-ac7f0497deb1 2c2defbd2684487cb8093757bb61bf65 96a5f56aec864db78066f02b9b2644a4 - - default default] No more DHCP agents
2026-07-21 22:13:31.856 9 WARNING neutron.api.rpc.agentnotifiers.dhcp_rpc_agent_api [None req-e116cb8f-8fce-48bb-92e3-ac7f0497deb1 2c2defbd2684487cb8093757bb61bf65 96a5f56aec864db78066f02b9b2644a4 - - default default] Unable to schedule network 271149ad-d410-4f85-a3df-0b77d53ed22f: no agents available; will retry on subsequent port and subnet creation events.
2026-07-21 22:13:32.192 10 INFO neutron.db.ovn_revision_numbers_db [None req-525e0921-0ca0-43b8-9284-aee267c08eb5 c397656439174bdc8d7ca89df6805efd 30e71b4627cb4a399d43135456071205 - - default default] Successfully bumped revision number for resource 7ff64982-e1e4-49c7-b245-eb4599915758 (type: security_groups) to 1
2026-07-21 22:13:32.205 10 INFO neutron.db.ovn_revision_numbers_db [None req-525e0921-0ca0-43b8-9284-aee267c08eb5 c397656439174bdc8d7ca89df6805efd 30e71b4627cb4a399d43135456071205 - - default default] Successfully bumped revision number for resource 859a6bb8-604d-4a70-933b-8f269c232094 (type: security_group_rules) to 0
2026-07-21 22:13:32.219 10 INFO neutron.db.ovn_revision_numbers_db [None req-525e0921-0ca0-43b8-9284-aee267c08eb5 c397656439174bdc8d7ca89df6805efd 30e71b4627cb4a399d43135456071205 - - default default] Successfully bumped revision number for resource b9732529-51e2-4580-ab98-150ae1fbcb5e (type: security_group_rules) to 0
2026-07-21 22:13:32.234 10 INFO neutron.db.ovn_revision_numbers_db [None req-525e0921-0ca0-43b8-9284-aee267c08eb5 c397656439174bdc8d7ca89df6805efd 30e71b4627cb4a399d43135456071205 - - default default] Successfully bumped revision number for resource e4290269-06d1-4664-97c9-716f93166d40 (type: security_group_rules) to 0
2026-07-21 22:13:32.251 10 INFO neutron.db.ovn_revision_numbers_db [None req-525e0921-0ca0-43b8-9284-aee267c08eb5 c397656439174bdc8d7ca89df6805efd 30e71b4627cb4a399d43135456071205 - - default default] Successfully bumped revision number for resource ea02614b-1b03-4c1a-a154-c21bad637437 (type: security_group_rules) to 0
2026-07-21 22:13:32.316 10 INFO neutron.db.segments_db [None req-525e0921-0ca0-43b8-9284-aee267c08eb5 c397656439174bdc8d7ca89df6805efd 30e71b4627cb4a399d43135456071205 - - default default] Added segment 7eef6d1d-481e-4491-a97e-ceee8870cc27 of type geneve for network e594c2d7-2b45-41e6-9455-e84214e55fe8
2026-07-21 22:13:32.366 9 INFO neutron.db.ovn_revision_numbers_db [None req-e116cb8f-8fce-48bb-92e3-ac7f0497deb1 2c2defbd2684487cb8093757bb61bf65 96a5f56aec864db78066f02b9b2644a4 - - default default] Successfully bumped revision number for resource 9f2349a5-6497-4e2f-b928-18eb9339fa5d (type: ports) to 1
2026-07-21 22:13:32.403 9 INFO neutron.db.ovn_revision_numbers_db [None req-5cb0e73f-2010-4987-a0b5-ee75fe15a5b8 511684d68eb04c2c94e757a187830fcf 6afdbeeb976146e58dc49baffc2186a4 - - default default] Successfully bumped revision number for resource b7035f09-fe4d-4b11-99ae-0117f2d48356 (type: ports) to 1
2026-07-21 22:13:32.412 9 INFO neutron.wsgi [None req-e116cb8f-8fce-48bb-92e3-ac7f0497deb1 2c2defbd2684487cb8093757bb61bf65 96a5f56aec864db78066f02b9b2644a4 - - default default] 10.0.0.24 "POST /v2.0/networks HTTP/1.1" status: 201 len: 926 time: 1.1907604
2026-07-21 22:13:32.434 9 INFO neutron.wsgi [None req-5cb0e73f-2010-4987-a0b5-ee75fe15a5b8 511684d68eb04c2c94e757a187830fcf 6afdbeeb976146e58dc49baffc2186a4 - - default default] 10.0.0.24 "POST /v2.0/ports HTTP/1.1" status: 201 len: 1149 time: 1.2328737 /var/lib/openstack/lib/python3.10/site-packages/pycadf/identifier.py:71: UserWarning: Invalid uuid: neutron. To ensure interoperability, identifiers should be a valid uuid. warnings.warn(('Invalid uuid: %s. To ensure interoperability, '
2026-07-21 22:13:32.539 10 INFO neutron.db.ovn_revision_numbers_db [None req-525e0921-0ca0-43b8-9284-aee267c08eb5 c397656439174bdc8d7ca89df6805efd 30e71b4627cb4a399d43135456071205 - - default default] Successfully bumped revision number for resource e594c2d7-2b45-41e6-9455-e84214e55fe8 (type: networks) to 1
2026-07-21 22:13:32.688 10 WARNING neutron.scheduler.dhcp_agent_scheduler [None req-ba9e50a5-a26a-4b51-abc6-a13e7fccba01 2c2defbd2684487cb8093757bb61bf65 96a5f56aec864db78066f02b9b2644a4 - - default default] No more DHCP agents
2026-07-21 22:13:32.698 10 WARNING neutron.api.rpc.agentnotifiers.dhcp_rpc_agent_api [None req-ba9e50a5-a26a-4b51-abc6-a13e7fccba01 2c2defbd2684487cb8093757bb61bf65 96a5f56aec864db78066f02b9b2644a4 - - default default] Unable to schedule network 271149ad-d410-4f85-a3df-0b77d53ed22f: no agents available; will retry on subsequent port and subnet creation events.
2026-07-21 22:13:32.849 10 WARNING neutron.scheduler.dhcp_agent_scheduler [None req-525e0921-0ca0-43b8-9284-aee267c08eb5 c397656439174bdc8d7ca89df6805efd 30e71b4627cb4a399d43135456071205 - - default default] No more DHCP agents
2026-07-21 22:13:32.849 9 INFO neutron.wsgi [None req-d5969c04-131d-46be-9aba-b5b84d6fd13f 511684d68eb04c2c94e757a187830fcf 6afdbeeb976146e58dc49baffc2186a4 - - default default] 10.0.0.24 "DELETE /v2.0/ports/b7035f09-fe4d-4b11-99ae-0117f2d48356 HTTP/1.1" status: 204 len: 168 time: 0.4080751
2026-07-21 22:13:32.854 10 WARNING neutron.api.rpc.agentnotifiers.dhcp_rpc_agent_api [None req-525e0921-0ca0-43b8-9284-aee267c08eb5 c397656439174bdc8d7ca89df6805efd 30e71b4627cb4a399d43135456071205 - - default default] Unable to schedule network e594c2d7-2b45-41e6-9455-e84214e55fe8: no agents available; will retry on subsequent port and subnet creation events.
2026-07-21 22:13:32.873 9 INFO neutron.pecan_wsgi.hooks.translation [None req-d4accc01-3fb0-4b59-9047-0dcc7a127089 511684d68eb04c2c94e757a187830fcf 6afdbeeb976146e58dc49baffc2186a4 - - default default] DELETE failed (client error): The resource could not be found.
2026-07-21 22:13:32.876 9 INFO neutron.wsgi [None req-d4accc01-3fb0-4b59-9047-0dcc7a127089 511684d68eb04c2c94e757a187830fcf 6afdbeeb976146e58dc49baffc2186a4 - - default default] 10.0.0.24 "DELETE /v2.0/ports/b7035f09-fe4d-4b11-99ae-0117f2d48356 HTTP/1.1" status: 404 len: 333 time: 0.0207601
2026-07-21 22:13:32.894 9 INFO neutron.pecan_wsgi.hooks.translation [None req-b0224eda-5d43-48a6-bb4b-fcee6cd810d6 511684d68eb04c2c94e757a187830fcf 6afdbeeb976146e58dc49baffc2186a4 - - default default] GET failed (client error): The resource could not be found.
2026-07-21 22:13:32.897 9 INFO neutron.wsgi [None req-b0224eda-5d43-48a6-bb4b-fcee6cd810d6 511684d68eb04c2c94e757a187830fcf 6afdbeeb976146e58dc49baffc2186a4 - - default default] 10.0.0.24 "GET /v2.0/ports/b7035f09-fe4d-4b11-99ae-0117f2d48356 HTTP/1.1" status: 404 len: 333 time: 0.0172775
2026-07-21 22:13:32.978 10 INFO neutron.db.ovn_revision_numbers_db [None req-525e0921-0ca0-43b8-9284-aee267c08eb5 c397656439174bdc8d7ca89df6805efd 30e71b4627cb4a399d43135456071205 - - default default] Successfully bumped revision number for resource b7115a63-ab86-46bc-9693-f24a3d76f22e (type: ports) to 1
2026-07-21 22:13:33.006 10 INFO neutron.wsgi [None req-525e0921-0ca0-43b8-9284-aee267c08eb5 c397656439174bdc8d7ca89df6805efd 30e71b4627cb4a399d43135456071205 - - default default] 10.0.0.24 "POST /v2.0/networks HTTP/1.1" status: 201 len: 832 time: 1.4484961
2026-07-21 22:13:33.141 9 INFO neutron.wsgi [None req-03e4d038-5fa4-4bcc-a6ae-2f077be970d3 511684d68eb04c2c94e757a187830fcf 6afdbeeb976146e58dc49baffc2186a4 - - default default] 10.0.0.24 "DELETE /v2.0/subnets/83071e1f-bb2d-48b5-bf0a-6ce159a4736f HTTP/1.1" status: 204 len: 168 time: 0.2410381
2026-07-21 22:13:33.618 10 INFO neutron.db.ovn_revision_numbers_db [None req-ba9e50a5-a26a-4b51-abc6-a13e7fccba01 2c2defbd2684487cb8093757bb61bf65 96a5f56aec864db78066f02b9b2644a4 - - default default] Successfully bumped revision number for resource 9f2349a5-6497-4e2f-b928-18eb9339fa5d (type: ports) to 2
2026-07-21 22:13:33.701 10 INFO neutron.db.ovn_revision_numbers_db [None req-ba9e50a5-a26a-4b51-abc6-a13e7fccba01 2c2defbd2684487cb8093757bb61bf65 96a5f56aec864db78066f02b9b2644a4 - - default default] Successfully bumped revision number for resource ad4bbe26-ecc5-4503-9ead-02b9ab2590a3 (type: subnets) to 0
2026-07-21 22:13:33.721 10 INFO neutron.wsgi [None req-ba9e50a5-a26a-4b51-abc6-a13e7fccba01 2c2defbd2684487cb8093757bb61bf65 96a5f56aec864db78066f02b9b2644a4 - - default default] 10.0.0.24 "POST /v2.0/subnets HTTP/1.1" status: 201 len: 822 time: 1.3044920
2026-07-21 22:13:33.837 10 WARNING neutron.scheduler.dhcp_agent_scheduler [None req-38f701de-9eaf-48c9-a74f-894695b823b8 c397656439174bdc8d7ca89df6805efd 30e71b4627cb4a399d43135456071205 - - default default] No more DHCP agents
2026-07-21 22:13:33.882 10 INFO neutron.services.segments.plugin [-] Segment afc5f4a9-a478-49d6-81e7-f87add4da364 resource provider aggregate not found
2026-07-21 22:13:33.887 10 INFO neutron.services.segments.plugin [-] Segment afc5f4a9-a478-49d6-81e7-f87add4da364 resource provider aggregate not found
2026-07-21 22:13:33.891 10 WARNING neutron.api.rpc.agentnotifiers.dhcp_rpc_agent_api [None req-38f701de-9eaf-48c9-a74f-894695b823b8 c397656439174bdc8d7ca89df6805efd 30e71b4627cb4a399d43135456071205 - - default default] Unable to schedule network 4adc767c-d433-4b60-90dd-0b32e488d333: no agents available; will retry on subsequent port and subnet creation events.
2026-07-21 22:13:33.906 10 INFO neutron.services.segments.plugin [-] Segment afc5f4a9-a478-49d6-81e7-f87add4da364 resource provider not found; error: Placement Client Error (4xx): {"errors": [{"status": 404, "title": "Not Found", "detail": "The resource could not be found.\n\n No resource provider with uuid afc5f4a9-a478-49d6-81e7-f87add4da364 found for delete ", "request_id": "req-e2e8bf20-a00e-4a88-b78e-7a0e2e6c3534"}]}
2026-07-21 22:13:33.908 10 INFO neutron.services.segments.plugin [-] Segment afc5f4a9-a478-49d6-81e7-f87add4da364 resource provider not found; error: Placement Client Error (4xx): {"errors": [{"status": 404, "title": "Not Found", "detail": "The resource could not be found.\n\n No resource provider with uuid afc5f4a9-a478-49d6-81e7-f87add4da364 found for delete ", "request_id": "req-407c0e07-70af-46c5-a60f-51ee7e2e789c"}]}
2026-07-21 22:13:33.947 10 INFO neutron.wsgi [None req-d353eb34-ef7e-4858-bbda-e274f7b21aae 511684d68eb04c2c94e757a187830fcf 6afdbeeb976146e58dc49baffc2186a4 - - default default] 10.0.0.24 "DELETE /v2.0/networks/778f3d62-5dcf-412d-bdb2-a80d7d3c8421 HTTP/1.1" status: 204 len: 168 time: 0.7956204
2026-07-21 22:13:34.070 9 INFO neutron.wsgi [None req-9bb551c6-f6f2-432a-85a3-70baba61e96d 2c2defbd2684487cb8093757bb61bf65 96a5f56aec864db78066f02b9b2644a4 - - default default] 10.0.0.24 "POST /v2.0/rbac-policies HTTP/1.1" status: 201 len: 523 time: 0.3431602
2026-07-21 22:13:34.078 10 INFO neutron.db.segments_db [None req-3627b3d0-3ff7-41c8-9bc8-019f583ba3d5 511684d68eb04c2c94e757a187830fcf 6afdbeeb976146e58dc49baffc2186a4 - - default default] Added segment b2172ea0-63a5-4fc4-934b-c415d1c45c55 of type geneve for network c687a331-1c27-4ee0-bae0-d245aa9a6e38
2026-07-21 22:13:34.120 10 INFO neutron.db.ovn_revision_numbers_db [None req-38f701de-9eaf-48c9-a74f-894695b823b8 c397656439174bdc8d7ca89df6805efd 30e71b4627cb4a399d43135456071205 - - default default] Successfully bumped revision number for resource eeae6366-cd70-4b9d-8cf6-527893010c8e (type: ports) to 1
2026-07-21 22:13:34.301 10 INFO neutron.db.ovn_revision_numbers_db [None req-3627b3d0-3ff7-41c8-9bc8-019f583ba3d5 511684d68eb04c2c94e757a187830fcf 6afdbeeb976146e58dc49baffc2186a4 - - default default] Successfully bumped revision number for resource c687a331-1c27-4ee0-bae0-d245aa9a6e38 (type: networks) to 1
2026-07-21 22:13:34.337 9 INFO neutron.wsgi [-] 10.0.0.237 "GET / HTTP/1.1" status: 200 len: 247 time: 0.0032356
2026-07-21 22:13:34.342 9 INFO neutron.wsgi [-] 10.0.0.237 "GET / HTTP/1.1" status: 200 len: 247 time: 0.0042245
2026-07-21 22:13:34.608 9 INFO neutron.wsgi [None req-a4883846-3f0e-445e-a6f2-295e1cba3cd4 113a2429a1f54569b03ab9bbdaa1c5df 397f2cef3fe843dd9e98011a3d7f4e00 - - default default] 10.0.0.24 "GET /v2.0/networks/271149ad-d410-4f85-a3df-0b77d53ed22f HTTP/1.1" status: 200 len: 846 time: 0.1413114
2026-07-21 22:13:34.841 10 WARNING neutron.scheduler.dhcp_agent_scheduler [None req-3627b3d0-3ff7-41c8-9bc8-019f583ba3d5 511684d68eb04c2c94e757a187830fcf 6afdbeeb976146e58dc49baffc2186a4 - - default default] No more DHCP agents
2026-07-21 22:13:34.843 10 WARNING neutron.api.rpc.agentnotifiers.dhcp_rpc_agent_api [None req-3627b3d0-3ff7-41c8-9bc8-019f583ba3d5 511684d68eb04c2c94e757a187830fcf 6afdbeeb976146e58dc49baffc2186a4 - - default default] Unable to schedule network c687a331-1c27-4ee0-bae0-d245aa9a6e38: no agents available; will retry on subsequent port and subnet creation events.
2026-07-21 22:13:34.956 10 INFO neutron.db.ovn_revision_numbers_db [None req-3627b3d0-3ff7-41c8-9bc8-019f583ba3d5 511684d68eb04c2c94e757a187830fcf 6afdbeeb976146e58dc49baffc2186a4 - - default default] Successfully bumped revision number for resource 3fd15b81-70cf-4796-b593-0efccc4765a5 (type: ports) to 1
2026-07-21 22:13:34.993 10 INFO neutron.wsgi [None req-3627b3d0-3ff7-41c8-9bc8-019f583ba3d5 511684d68eb04c2c94e757a187830fcf 6afdbeeb976146e58dc49baffc2186a4 - - default default] 10.0.0.24 "POST /v2.0/networks HTTP/1.1" status: 201 len: 831 time: 1.0375345
2026-07-21 22:13:35.048 10 INFO neutron.pecan_wsgi.hooks.translation [None req-679c67e7-9909-4917-a7bf-129b9d1c78a0 69a3028015b04521b31b8320e3740afe f072c48a4f234c3c8f33ab2484f23999 - - default default] GET failed (client error): The resource could not be found.
2026-07-21 22:13:35.050 10 INFO neutron.wsgi [None req-679c67e7-9909-4917-a7bf-129b9d1c78a0 69a3028015b04521b31b8320e3740afe f072c48a4f234c3c8f33ab2484f23999 - - default default] 10.0.0.24 "GET /v2.0/networks/271149ad-d410-4f85-a3df-0b77d53ed22f HTTP/1.1" status: 404 len: 339 time: 0.0787637
2026-07-21 22:13:35.172 10 INFO neutron.plugins.ml2.drivers.ovn.mech_driver.mech_driver [None req-23b69857-0848-41f6-bdef-cf138be61e50 - - - - - -] OVN reports status up for port: eeae6366-cd70-4b9d-8cf6-527893010c8e
2026-07-21 22:13:35.197 10 INFO neutron.plugins.ml2.plugin [None req-23b69857-0848-41f6-bdef-cf138be61e50 - - - - - -] Attempt 1 to provision port eeae6366-cd70-4b9d-8cf6-527893010c8e
2026-07-21 22:13:35.203 9 INFO neutron.plugins.ml2.drivers.ovn.mech_driver.ovsdb.ovsdb_monitor [None req-b5125cf2-8ed1-46e2-884a-707acc62e4e1 - - - - - -] Router a5110c57-7323-4338-9136-3c9bce70035f is bound to host instance
2026-07-21 22:13:35.218 10 INFO neutron.db.ovn_revision_numbers_db [None req-38f701de-9eaf-48c9-a74f-894695b823b8 c397656439174bdc8d7ca89df6805efd 30e71b4627cb4a399d43135456071205 - - default default] Successfully bumped revision number for resource eeae6366-cd70-4b9d-8cf6-527893010c8e (type: router_ports) to 1
2026-07-21 22:13:35.340 10 INFO neutron.db.ovn_revision_numbers_db [None req-38f701de-9eaf-48c9-a74f-894695b823b8 c397656439174bdc8d7ca89df6805efd 30e71b4627cb4a399d43135456071205 - - default default] Successfully bumped revision number for resource a5110c57-7323-4338-9136-3c9bce70035f (type: routers) to 2
2026-07-21 22:13:35.355 10 INFO neutron.wsgi [None req-38f701de-9eaf-48c9-a74f-894695b823b8 c397656439174bdc8d7ca89df6805efd 30e71b4627cb4a399d43135456071205 - - default default] 10.0.0.24 "POST /v2.0/routers HTTP/1.1" status: 201 len: 875 time: 2.3414180
2026-07-21 22:13:35.438 10 INFO neutron.wsgi [None req-bc6e42da-f0f3-435b-8e50-04eec0ade543 5a82914ec84b47849f97d7bd4410a6e8 7ab88bc098924204bc133fdd5cf49dc3 - - default default] 10.0.0.24 "GET /v2.0/subnets?project_id=30e71b4627cb4a399d43135456071205&cidr=10.100.0.0%2F28 HTTP/1.1" status: 200 len: 207 time: 0.0772102
2026-07-21 22:13:35.474 9 WARNING neutron.scheduler.dhcp_agent_scheduler [None req-e0260455-07cb-4952-8a0b-fc2947a25e5a 511684d68eb04c2c94e757a187830fcf 6afdbeeb976146e58dc49baffc2186a4 - - default default] No more DHCP agents
2026-07-21 22:13:35.477 9 WARNING neutron.api.rpc.agentnotifiers.dhcp_rpc_agent_api [None req-e0260455-07cb-4952-8a0b-fc2947a25e5a 511684d68eb04c2c94e757a187830fcf 6afdbeeb976146e58dc49baffc2186a4 - - default default] Unable to schedule network c687a331-1c27-4ee0-bae0-d245aa9a6e38: no agents available; will retry on subsequent port and subnet creation events.
2026-07-21 22:13:35.532 10 INFO neutron.wsgi [None req-a28a976d-e05e-4df6-bdc0-fb2133b0022d 5a82914ec84b47849f97d7bd4410a6e8 7ab88bc098924204bc133fdd5cf49dc3 - - default default] 10.0.0.24 "GET /v2.0/networks?router%3Aexternal=True HTTP/1.1" status: 200 len: 947 time: 0.0891371
2026-07-21 22:13:35.560 10 INFO neutron.wsgi [None req-a145c53c-2476-4a3b-ad25-9c38b6948dc9 5a82914ec84b47849f97d7bd4410a6e8 7ab88bc098924204bc133fdd5cf49dc3 - - default default] 10.0.0.24 "GET /v2.0/subnets?network_id=4adc767c-d433-4b60-90dd-0b32e488d333&cidr=10.100.0.0%2F28 HTTP/1.1" status: 200 len: 207 time: 0.0211406
2026-07-21 22:13:35.874 10 INFO neutron.wsgi [None req-f303e1cc-c452-4891-b73e-eab4d6cc557a 2c2defbd2684487cb8093757bb61bf65 96a5f56aec864db78066f02b9b2644a4 - - default default] 10.0.0.24 "DELETE /v2.0/networks/271149ad-d410-4f85-a3df-0b77d53ed22f HTTP/1.1" status: 204 len: 168 time: 0.8198957
2026-07-21 22:13:35.892 10 WARNING neutron.scheduler.dhcp_agent_scheduler [None req-fd6620f2-00d0-4aa5-b379-ddc17ea35ba2 c397656439174bdc8d7ca89df6805efd 30e71b4627cb4a399d43135456071205 - - default default] No more DHCP agents
2026-07-21 22:13:35.894 10 WARNING neutron.api.rpc.agentnotifiers.dhcp_rpc_agent_api [None req-fd6620f2-00d0-4aa5-b379-ddc17ea35ba2 c397656439174bdc8d7ca89df6805efd 30e71b4627cb4a399d43135456071205 - - default default] Unable to schedule network e594c2d7-2b45-41e6-9455-e84214e55fe8: no agents available; will retry on subsequent port and subnet creation events.
2026-07-21 22:13:35.913 9 INFO neutron.pecan_wsgi.hooks.translation [None req-fef25557-1c4d-42f8-872d-ab69a3d7a700 2c2defbd2684487cb8093757bb61bf65 96a5f56aec864db78066f02b9b2644a4 - - default default] DELETE failed (client error): The resource could not be found.
2026-07-21 22:13:35.916 9 INFO neutron.wsgi [None req-fef25557-1c4d-42f8-872d-ab69a3d7a700 2c2defbd2684487cb8093757bb61bf65 96a5f56aec864db78066f02b9b2644a4 - - default default] 10.0.0.24 "DELETE /v2.0/subnets/0a390046-7fcb-4a1f-bd99-f10dfc4eb8e6 HTTP/1.1" status: 404 len: 337 time: 0.0340176
2026-07-21 22:13:35.939 10 INFO neutron.services.segments.plugin [-] Segment 1ae211e2-aec4-4aba-9f84-c2a10ee8b452 resource provider aggregate not found
2026-07-21 22:13:35.947 10 INFO neutron.services.segments.plugin [-] Segment 1ae211e2-aec4-4aba-9f84-c2a10ee8b452 resource provider aggregate not found
2026-07-21 22:13:35.965 10 INFO neutron.services.segments.plugin [-] Segment 1ae211e2-aec4-4aba-9f84-c2a10ee8b452 resource provider not found; error: Placement Client Error (4xx): {"errors": [{"status": 404, "title": "Not Found", "detail": "The resource could not be found.\n\n No resource provider with uuid 1ae211e2-aec4-4aba-9f84-c2a10ee8b452 found for delete ", "request_id": "req-04ffc757-9bea-4d40-969a-c67a2411710c"}]}
2026-07-21 22:13:35.966 10 INFO neutron.pecan_wsgi.hooks.translation [None req-41f922c5-ab1b-49a1-8324-797298a53400 2c2defbd2684487cb8093757bb61bf65 96a5f56aec864db78066f02b9b2644a4 - - default default] DELETE failed (client error): The resource could not be found.
2026-07-21 22:13:35.968 10 INFO neutron.wsgi [None req-41f922c5-ab1b-49a1-8324-797298a53400 2c2defbd2684487cb8093757bb61bf65 96a5f56aec864db78066f02b9b2644a4 - - default default] 10.0.0.24 "DELETE /v2.0/subnets/f0e79d91-59d8-4cac-a85d-0e1d53688d32 HTTP/1.1" status: 404 len: 337 time: 0.0392647
2026-07-21 22:13:35.984 10 INFO neutron.services.segments.plugin [-] Segment 1ae211e2-aec4-4aba-9f84-c2a10ee8b452 resource provider not found; error: Placement Client Error (4xx): {"errors": [{"status": 404, "title": "Not Found", "detail": "The resource could not be found.\n\n No resource provider with uuid 1ae211e2-aec4-4aba-9f84-c2a10ee8b452 found for delete ", "request_id": "req-cf9465e1-10fe-45e6-87f2-1a6a18ad996b"}]}
2026-07-21 22:13:36.016 9 INFO neutron.pecan_wsgi.hooks.translation [None req-ca1cea4a-fd22-42f1-a078-ae916d578291 2c2defbd2684487cb8093757bb61bf65 96a5f56aec864db78066f02b9b2644a4 - - default default] DELETE failed (client error): The resource could not be found.
2026-07-21 22:13:36.020 9 INFO neutron.wsgi [None req-ca1cea4a-fd22-42f1-a078-ae916d578291 2c2defbd2684487cb8093757bb61bf65 96a5f56aec864db78066f02b9b2644a4 - - default default] 10.0.0.24 "DELETE /v2.0/subnets/ad4bbe26-ecc5-4503-9ead-02b9ab2590a3 HTTP/1.1" status: 404 len: 337 time: 0.0369961
2026-07-21 22:13:36.138 9 INFO neutron.db.ovn_revision_numbers_db [None req-b5125cf2-8ed1-46e2-884a-707acc62e4e1 - - - - - -] Successfully bumped revision number for resource eeae6366-cd70-4b9d-8cf6-527893010c8e (type: ports) to 1
2026-07-21 22:13:36.281 9 INFO neutron.db.ovn_revision_numbers_db [None req-e0260455-07cb-4952-8a0b-fc2947a25e5a 511684d68eb04c2c94e757a187830fcf 6afdbeeb976146e58dc49baffc2186a4 - - default default] Successfully bumped revision number for resource 3fd15b81-70cf-4796-b593-0efccc4765a5 (type: ports) to 2
2026-07-21 22:13:36.362 9 INFO neutron.db.ovn_revision_numbers_db [None req-e0260455-07cb-4952-8a0b-fc2947a25e5a 511684d68eb04c2c94e757a187830fcf 6afdbeeb976146e58dc49baffc2186a4 - - default default] Successfully bumped revision number for resource 1a7a69e7-fffc-44c9-9a1e-1df9f34f6d3b (type: subnets) to 0
2026-07-21 22:13:36.395 9 INFO neutron.wsgi [None req-e0260455-07cb-4952-8a0b-fc2947a25e5a 511684d68eb04c2c94e757a187830fcf 6afdbeeb976146e58dc49baffc2186a4 - - default default] 10.0.0.24 "POST /v2.0/subnets HTTP/1.1" status: 201 len: 801 time: 1.3964868
2026-07-21 22:13:36.526 9 INFO neutron.db.ovn_revision_numbers_db [None req-b5125cf2-8ed1-46e2-884a-707acc62e4e1 - - - - - -] Successfully bumped revision number for resource eeae6366-cd70-4b9d-8cf6-527893010c8e (type: router_ports) to 3
2026-07-21 22:13:36.624 10 INFO neutron.db.ovn_revision_numbers_db [None req-fd6620f2-00d0-4aa5-b379-ddc17ea35ba2 c397656439174bdc8d7ca89df6805efd 30e71b4627cb4a399d43135456071205 - - default default] Successfully bumped revision number for resource b7115a63-ab86-46bc-9693-f24a3d76f22e (type: ports) to 2
2026-07-21 22:13:36.687 10 INFO neutron.db.ovn_revision_numbers_db [None req-fd6620f2-00d0-4aa5-b379-ddc17ea35ba2 c397656439174bdc8d7ca89df6805efd 30e71b4627cb4a399d43135456071205 - - default default] Successfully bumped revision number for resource d53cdb87-9e20-4145-9292-976dd1cb8ebe (type: subnets) to 0
2026-07-21 22:13:36.736 9 INFO neutron.db.ovn_revision_numbers_db [None req-b5125cf2-8ed1-46e2-884a-707acc62e4e1 - - - - - -] Successfully bumped revision number for resource eeae6366-cd70-4b9d-8cf6-527893010c8e (type: ports) to 2
2026-07-21 22:13:36.741 10 INFO neutron.wsgi [None req-fd6620f2-00d0-4aa5-b379-ddc17ea35ba2 c397656439174bdc8d7ca89df6805efd 30e71b4627cb4a399d43135456071205 - - default default] 10.0.0.24 "POST /v2.0/subnets HTTP/1.1" status: 201 len: 831 time: 1.1746523
2026-07-21 22:13:36.997 9 INFO neutron.db.ovn_revision_numbers_db [None req-b5125cf2-8ed1-46e2-884a-707acc62e4e1 - - - - - -] Successfully bumped revision number for resource eeae6366-cd70-4b9d-8cf6-527893010c8e (type: ports) to 4
2026-07-21 22:13:37.212 10 WARNING neutron.scheduler.dhcp_agent_scheduler [None req-64e2485c-40cd-4a14-ae5d-eda50107f7f1 511684d68eb04c2c94e757a187830fcf 6afdbeeb976146e58dc49baffc2186a4 - - default default] No more DHCP agents
2026-07-21 22:13:37.216 10 WARNING neutron.api.rpc.agentnotifiers.dhcp_rpc_agent_api [None req-64e2485c-40cd-4a14-ae5d-eda50107f7f1 511684d68eb04c2c94e757a187830fcf 6afdbeeb976146e58dc49baffc2186a4 - - default default] Unable to schedule network c687a331-1c27-4ee0-bae0-d245aa9a6e38: no agents available; will retry on subsequent port and subnet creation events.
2026-07-21 22:13:37.498 10 INFO neutron.db.ovn_revision_numbers_db [None req-64e2485c-40cd-4a14-ae5d-eda50107f7f1 511684d68eb04c2c94e757a187830fcf 6afdbeeb976146e58dc49baffc2186a4 - - default default] Successfully bumped revision number for resource 0f9a5c96-1cd2-4b13-8767-aaf8011858fa (type: ports) to 1
2026-07-21 22:13:37.533 10 INFO neutron.wsgi [None req-64e2485c-40cd-4a14-ae5d-eda50107f7f1 511684d68eb04c2c94e757a187830fcf 6afdbeeb976146e58dc49baffc2186a4 - - default default] 10.0.0.24 "POST /v2.0/ports HTTP/1.1" status: 201 len: 1110 time: 1.1314068
2026-07-21 22:13:37.575 9 INFO neutron.wsgi [None req-2b0b5516-a433-44da-9d1e-c7962f6d1a61 4c37e9f4c896406d872d78f3bed0c496 e63d6cf45fd5428990c817ab86d83169 - - default default] 10.0.0.24 "GET /v2.0/security-groups?tenant_id=96a5f56aec864db78066f02b9b2644a4&name=default HTTP/1.1" status: 200 len: 2996 time: 0.6026826
2026-07-21 22:13:37.641 9 INFO neutron.db.ovn_revision_numbers_db [None req-b5125cf2-8ed1-46e2-884a-707acc62e4e1 - - - - - -] Successfully bumped revision number for resource eeae6366-cd70-4b9d-8cf6-527893010c8e (type: router_ports) to 4
2026-07-21 22:13:37.756 10 WARNING neutron.scheduler.dhcp_agent_scheduler [None req-9d9aae1e-b691-4006-b58d-747312454b4e c397656439174bdc8d7ca89df6805efd 30e71b4627cb4a399d43135456071205 - - default default] No more DHCP agents
2026-07-21 22:13:37.761 10 WARNING neutron.api.rpc.agentnotifiers.dhcp_rpc_agent_api [None req-9d9aae1e-b691-4006-b58d-747312454b4e c397656439174bdc8d7ca89df6805efd 30e71b4627cb4a399d43135456071205 - - default default] Unable to schedule network e594c2d7-2b45-41e6-9455-e84214e55fe8: no agents available; will retry on subsequent port and subnet creation events.
2026-07-21 22:13:37.927 10 INFO neutron.wsgi [None req-f11eeedf-557c-4edb-a0fb-76ddb11750db 4c37e9f4c896406d872d78f3bed0c496 e63d6cf45fd5428990c817ab86d83169 - - default default] 10.0.0.24 "DELETE /v2.0/security-groups/e45d2ba7-da4b-4631-bb26-73b09588ac40 HTTP/1.1" status: 204 len: 168 time: 0.3450239
2026-07-21 22:13:37.938 9 INFO neutron.wsgi [None req-0849f1b2-f5b2-457a-b329-d24b8a2ae3c8 511684d68eb04c2c94e757a187830fcf 6afdbeeb976146e58dc49baffc2186a4 - - default default] 10.0.0.24 "DELETE /v2.0/ports/0f9a5c96-1cd2-4b13-8767-aaf8011858fa HTTP/1.1" status: 204 len: 168 time: 0.3986380
2026-07-21 22:13:37.940 10 INFO neutron.db.ovn_revision_numbers_db [None req-9d9aae1e-b691-4006-b58d-747312454b4e c397656439174bdc8d7ca89df6805efd 30e71b4627cb4a399d43135456071205 - - default default] Successfully bumped revision number for resource 375cd34d-7043-4958-ad18-a5c97e4d910f (type: ports) to 1
2026-07-21 22:13:37.971 10 INFO neutron.pecan_wsgi.hooks.translation [None req-46de564e-1600-41ba-8d35-82e5ef31bf02 511684d68eb04c2c94e757a187830fcf 6afdbeeb976146e58dc49baffc2186a4 - - default default] GET failed (client error): The resource could not be found.
2026-07-21 22:13:37.974 10 INFO neutron.wsgi [None req-46de564e-1600-41ba-8d35-82e5ef31bf02 511684d68eb04c2c94e757a187830fcf 6afdbeeb976146e58dc49baffc2186a4 - - default default] 10.0.0.24 "GET /v2.0/ports/0f9a5c96-1cd2-4b13-8767-aaf8011858fa HTTP/1.1" status: 404 len: 333 time: 0.0310659
2026-07-21 22:13:38.194 10 INFO neutron.db.ovn_revision_numbers_db [None req-a6e7598a-542d-453e-a1c0-da159b349d2f 4c37e9f4c896406d872d78f3bed0c496 e63d6cf45fd5428990c817ab86d83169 - - default default] Successfully bumped revision number for resource 9594866a-ad5a-45af-9a25-4af511f41695 (type: security_groups) to 1
2026-07-21 22:13:38.217 10 INFO neutron.db.ovn_revision_numbers_db [None req-a6e7598a-542d-453e-a1c0-da159b349d2f 4c37e9f4c896406d872d78f3bed0c496 e63d6cf45fd5428990c817ab86d83169 - - default default] Successfully bumped revision number for resource 34309e87-0e40-42d0-8d40-4b39d412d6f2 (type: security_group_rules) to 0
2026-07-21 22:13:38.224 9 INFO neutron.wsgi [None req-2a3a5c05-14b5-44a8-be77-f24450c3de26 511684d68eb04c2c94e757a187830fcf 6afdbeeb976146e58dc49baffc2186a4 - - default default] 10.0.0.24 "DELETE /v2.0/subnets/1a7a69e7-fffc-44c9-9a1e-1df9f34f6d3b HTTP/1.1" status: 204 len: 168 time: 0.2440646
2026-07-21 22:13:38.244 10 INFO neutron.db.ovn_revision_numbers_db [None req-a6e7598a-542d-453e-a1c0-da159b349d2f 4c37e9f4c896406d872d78f3bed0c496 e63d6cf45fd5428990c817ab86d83169 - - default default] Successfully bumped revision number for resource 82c18ac3-7099-4f67-a791-764a45c5c2c0 (type: security_group_rules) to 0
2026-07-21 22:13:38.296 10 INFO neutron.db.ovn_revision_numbers_db [None req-a6e7598a-542d-453e-a1c0-da159b349d2f 4c37e9f4c896406d872d78f3bed0c496 e63d6cf45fd5428990c817ab86d83169 - - default default] Successfully bumped revision number for resource bbb729bb-dea5-432a-a537-b1d7f0a80e26 (type: security_group_rules) to 0
2026-07-21 22:13:38.342 10 INFO neutron.db.ovn_revision_numbers_db [None req-a6e7598a-542d-453e-a1c0-da159b349d2f 4c37e9f4c896406d872d78f3bed0c496 e63d6cf45fd5428990c817ab86d83169 - - default default] Successfully bumped revision number for resource c2ae9067-bb44-4585-acc8-9f9262afd6e3 (type: security_group_rules) to 0
2026-07-21 22:13:38.392 10 INFO neutron.wsgi [None req-a6e7598a-542d-453e-a1c0-da159b349d2f 4c37e9f4c896406d872d78f3bed0c496 e63d6cf45fd5428990c817ab86d83169 - - default default] 10.0.0.24 "GET /v2.0/security-groups?tenant_id=f072c48a4f234c3c8f33ab2484f23999&name=default HTTP/1.1" status: 200 len: 2996 time: 0.3561945
2026-07-21 22:13:38.596 10 INFO neutron.plugins.ml2.drivers.ovn.mech_driver.mech_driver [None req-23b69857-0848-41f6-bdef-cf138be61e50 - - - - - -] OVN reports status up for port: 375cd34d-7043-4958-ad18-a5c97e4d910f
2026-07-21 22:13:38.617 10 INFO neutron.plugins.ml2.plugin [None req-23b69857-0848-41f6-bdef-cf138be61e50 - - - - - -] Attempt 1 to provision port 375cd34d-7043-4958-ad18-a5c97e4d910f
2026-07-21 22:13:38.639 10 INFO neutron.db.ovn_revision_numbers_db [None req-9d9aae1e-b691-4006-b58d-747312454b4e c397656439174bdc8d7ca89df6805efd 30e71b4627cb4a399d43135456071205 - - default default] Successfully bumped revision number for resource 375cd34d-7043-4958-ad18-a5c97e4d910f (type: router_ports) to 1
2026-07-21 22:13:38.686 9 INFO neutron.services.segments.plugin [-] Segment b2172ea0-63a5-4fc4-934b-c415d1c45c55 resource provider aggregate not found
2026-07-21 22:13:38.691 9 INFO neutron.services.segments.plugin [-] Segment b2172ea0-63a5-4fc4-934b-c415d1c45c55 resource provider aggregate not found
2026-07-21 22:13:38.708 9 INFO neutron.services.segments.plugin [-] Segment b2172ea0-63a5-4fc4-934b-c415d1c45c55 resource provider not found; error: Placement Client Error (4xx): {"errors": [{"status": 404, "title": "Not Found", "detail": "The resource could not be found.\n\n No resource provider with uuid b2172ea0-63a5-4fc4-934b-c415d1c45c55 found for delete ", "request_id": "req-11d75170-7a01-42c7-9eff-b0a7017bdf47"}]}
2026-07-21 22:13:38.710 9 INFO neutron.services.segments.plugin [-] Segment b2172ea0-63a5-4fc4-934b-c415d1c45c55 resource provider not found; error: Placement Client Error (4xx): {"errors": [{"status": 404, "title": "Not Found", "detail": "The resource could not be found.\n\n No resource provider with uuid b2172ea0-63a5-4fc4-934b-c415d1c45c55 found for delete ", "request_id": "req-32c129a3-bd3b-4a81-b2b8-6cef8c9f9a83"}]}
2026-07-21 22:13:38.748 9 INFO neutron.wsgi [None req-85a2fd78-2d4e-47b5-a3c8-0912914e1ea1 511684d68eb04c2c94e757a187830fcf 6afdbeeb976146e58dc49baffc2186a4 - - default default] 10.0.0.24 "DELETE /v2.0/networks/c687a331-1c27-4ee0-bae0-d245aa9a6e38 HTTP/1.1" status: 204 len: 168 time: 0.5182226
2026-07-21 22:13:38.822 10 INFO neutron.wsgi [None req-4b7ef7e2-04a1-498b-bc54-ac59783ead02 4c37e9f4c896406d872d78f3bed0c496 e63d6cf45fd5428990c817ab86d83169 - - default default] 10.0.0.24 "DELETE /v2.0/security-groups/9594866a-ad5a-45af-9a25-4af511f41695 HTTP/1.1" status: 204 len: 168 time: 0.4216182
2026-07-21 22:13:38.969 10 INFO neutron.db.ovn_revision_numbers_db [None req-9d9aae1e-b691-4006-b58d-747312454b4e c397656439174bdc8d7ca89df6805efd 30e71b4627cb4a399d43135456071205 - - default default] Successfully bumped revision number for resource 375cd34d-7043-4958-ad18-a5c97e4d910f (type: ports) to 1
2026-07-21 22:13:39.190 10 WARNING neutron.scheduler.dhcp_agent_scheduler [None req-9d9aae1e-b691-4006-b58d-747312454b4e c397656439174bdc8d7ca89df6805efd 30e71b4627cb4a399d43135456071205 - - default default] No more DHCP agents
