2026-07-21 22:11:00.190 9 INFO neutron.wsgi [req-0800fee5-b16d-4245-abca-901a5f26fcb8 req-96506b2a-6fee-412d-a46a-3390ad1af11d 294eab28782a44b793f68080f8646925 a2a1e0c2788048ff8492de98ea2929da - - 98c96a7a0f3343c0a18ad4bd9845e374 98c96a7a0f3343c0a18ad4bd9845e374] 10.0.0.81 "GET /v2.0/networks/505bd670-965f-4452-bd4e-c1bfb3843020?fields=segments HTTP/1.1" status: 200 len: 212 time: 0.0643167
2026-07-21 22:11:00.224 9 INFO neutron.wsgi [None req-08ab8f2d-5e21-4cce-90d5-dc5061e2b754 2aed61eecd834232a5840281f9b6d5c2 424ab9e4889f4e38bc6aa7d093186412 - - default default] 10.0.0.24 "DELETE /v2.0/security-groups/8ef55fab-c34d-4e1a-9ef9-558096b172a8 HTTP/1.1" status: 204 len: 168 time: 0.1651001 /var/lib/openstack/lib/python3.10/site-packages/pycadf/identifier.py:71: UserWarning: Invalid uuid: neutron. To ensure interoperability, identifiers should be a valid uuid. warnings.warn(('Invalid uuid: %s. To ensure interoperability, '
2026-07-21 22:11:00.262 9 INFO neutron.wsgi [req-0800fee5-b16d-4245-abca-901a5f26fcb8 req-81b95362-822f-4f35-8f8d-e97caef0fdd6 294eab28782a44b793f68080f8646925 a2a1e0c2788048ff8492de98ea2929da - - 98c96a7a0f3343c0a18ad4bd9845e374 98c96a7a0f3343c0a18ad4bd9845e374] 10.0.0.81 "GET /v2.0/networks/505bd670-965f-4452-bd4e-c1bfb3843020?fields=provider%3Aphysical_network&fields=provider%3Anetwork_type HTTP/1.1" status: 200 len: 277 time: 0.0653801
2026-07-21 22:11:00.284 10 INFO neutron.wsgi [None req-87cf3c59-1251-4b81-abd0-080ee347ac04 2aed61eecd834232a5840281f9b6d5c2 424ab9e4889f4e38bc6aa7d093186412 - - default default] 10.0.0.24 "GET /v2.0/security-groups HTTP/1.1" status: 200 len: 2996 time: 0.0549147
2026-07-21 22:11:00.312 10 INFO neutron.api.v2.resource [None req-1e453f71-cd4f-4ae5-b5f7-17733d9db0c5 2aed61eecd834232a5840281f9b6d5c2 424ab9e4889f4e38bc6aa7d093186412 - - default default] delete failed (client error): The resource could not be found.
2026-07-21 22:11:00.314 10 INFO neutron.wsgi [None req-1e453f71-cd4f-4ae5-b5f7-17733d9db0c5 2aed61eecd834232a5840281f9b6d5c2 424ab9e4889f4e38bc6aa7d093186412 - - default default] 10.0.0.24 "DELETE /v2.0/security-groups/8ef55fab-c34d-4e1a-9ef9-558096b172a8 HTTP/1.1" status: 404 len: 347 time: 0.0191300
2026-07-21 22:11:00.478 10 INFO neutron.wsgi [req-42c9fa61-341d-43db-ab71-e05909a71943 req-3f4dae54-680d-4158-9f9b-b2423e59ad4a a945ce985cb04fd2862f5d577f3e8df1 e76cb161f9fd4f728c52e009311795fd - - default default] 10.0.0.81 "GET /v2.0/ports?device_id=d98f65f6-25e2-4231-aff6-aa6c9bf08690 HTTP/1.1" status: 200 len: 210 time: 0.0282309
2026-07-21 22:11:00.504 10 INFO neutron.db.ovn_revision_numbers_db [None req-866306b7-c1bc-46e9-9bc6-e44ed03b96b7 2aed61eecd834232a5840281f9b6d5c2 424ab9e4889f4e38bc6aa7d093186412 - - default default] Successfully bumped revision number for resource 8f0f4269-7a23-469d-9aa4-f4d510ad40de (type: security_groups) to 1
2026-07-21 22:11:00.522 10 INFO neutron.db.ovn_revision_numbers_db [None req-866306b7-c1bc-46e9-9bc6-e44ed03b96b7 2aed61eecd834232a5840281f9b6d5c2 424ab9e4889f4e38bc6aa7d093186412 - - default default] Successfully bumped revision number for resource 2fbe34da-49ac-4ab7-8406-9d382d335475 (type: security_group_rules) to 0
2026-07-21 22:11:00.545 10 INFO neutron.db.ovn_revision_numbers_db [None req-866306b7-c1bc-46e9-9bc6-e44ed03b96b7 2aed61eecd834232a5840281f9b6d5c2 424ab9e4889f4e38bc6aa7d093186412 - - default default] Successfully bumped revision number for resource d5e58364-0fb8-4e20-ac36-5da53c3fe8a1 (type: security_group_rules) to 0
2026-07-21 22:11:00.591 10 INFO neutron.wsgi [None req-866306b7-c1bc-46e9-9bc6-e44ed03b96b7 2aed61eecd834232a5840281f9b6d5c2 424ab9e4889f4e38bc6aa7d093186412 - - default default] 10.0.0.24 "POST /v2.0/security-groups HTTP/1.1" status: 201 len: 1760 time: 0.2688546
2026-07-21 22:11:00.694 10 INFO neutron.db.ovn_revision_numbers_db [None req-8234fdc0-d075-4d67-bdcc-30dc3c7f6da6 4c37e9f4c896406d872d78f3bed0c496 e63d6cf45fd5428990c817ab86d83169 - - default default] Successfully bumped revision number for resource 99409acc-786c-412f-ac45-3cff32926124 (type: security_groups) to 1
2026-07-21 22:11:00.724 10 INFO neutron.db.ovn_revision_numbers_db [None req-8234fdc0-d075-4d67-bdcc-30dc3c7f6da6 4c37e9f4c896406d872d78f3bed0c496 e63d6cf45fd5428990c817ab86d83169 - - default default] Successfully bumped revision number for resource 04425c0e-6ae6-4686-a1d7-39e653cc7afa (type: security_group_rules) to 0
2026-07-21 22:11:00.741 10 INFO neutron.db.ovn_revision_numbers_db [None req-8234fdc0-d075-4d67-bdcc-30dc3c7f6da6 4c37e9f4c896406d872d78f3bed0c496 e63d6cf45fd5428990c817ab86d83169 - - default default] Successfully bumped revision number for resource 837ba534-6d31-4250-bc81-d3dc9827eaeb (type: security_group_rules) to 0
2026-07-21 22:11:00.756 10 INFO neutron.db.ovn_revision_numbers_db [None req-8234fdc0-d075-4d67-bdcc-30dc3c7f6da6 4c37e9f4c896406d872d78f3bed0c496 e63d6cf45fd5428990c817ab86d83169 - - default default] Successfully bumped revision number for resource a2a6ca3e-533b-45af-b033-e12c30f53997 (type: security_group_rules) to 0
2026-07-21 22:11:00.774 10 INFO neutron.db.ovn_revision_numbers_db [None req-8234fdc0-d075-4d67-bdcc-30dc3c7f6da6 4c37e9f4c896406d872d78f3bed0c496 e63d6cf45fd5428990c817ab86d83169 - - default default] Successfully bumped revision number for resource ff9841cd-eaea-4943-9778-1838e69e9882 (type: security_group_rules) to 0
2026-07-21 22:11:00.830 10 INFO neutron.db.segments_db [None req-8234fdc0-d075-4d67-bdcc-30dc3c7f6da6 4c37e9f4c896406d872d78f3bed0c496 e63d6cf45fd5428990c817ab86d83169 - - default default] Added segment adcc88cf-9fa1-4a23-ac57-4708aee20d6c of type geneve for network ba1aedc6-2d21-499e-86c8-a14efbef3659
2026-07-21 22:11:00.848 9 INFO neutron.db.ovn_revision_numbers_db [None req-f00ac85a-84a2-4c6d-9ad3-ccddce50b58e 2aed61eecd834232a5840281f9b6d5c2 424ab9e4889f4e38bc6aa7d093186412 - - default default] Successfully bumped revision number for resource 58d361ec-ba64-428e-a5d1-202a1b15dc81 (type: security_group_rules) to 0
2026-07-21 22:11:00.868 9 INFO neutron.wsgi [req-8d7963e7-ffbe-413d-860a-bff25d9e584e req-a9f1c770-ef64-44a7-bbee-065ddcc8a394 02d96977e9d44b5295762966b8a933af fbcca595b06f4fd4929f431a3044efb4 - - default default] 10.0.0.81 "GET /v2.0/ports?device_id=df513c58-b361-4e63-b877-70d2fd4d54d6 HTTP/1.1" status: 200 len: 1174 time: 0.1405118
2026-07-21 22:11:00.903 9 INFO neutron.wsgi [None req-f00ac85a-84a2-4c6d-9ad3-ccddce50b58e 2aed61eecd834232a5840281f9b6d5c2 424ab9e4889f4e38bc6aa7d093186412 - - default default] 10.0.0.24 "POST /v2.0/security-group-rules HTTP/1.1" status: 201 len: 768 time: 0.3050838
2026-07-21 22:11:00.945 9 INFO neutron.wsgi [None req-6354cd6f-f7ed-46b7-bb26-fc9f734893b3 2aed61eecd834232a5840281f9b6d5c2 424ab9e4889f4e38bc6aa7d093186412 - - default default] 10.0.0.24 "GET /v2.0/security-group-rules/58d361ec-ba64-428e-a5d1-202a1b15dc81 HTTP/1.1" status: 200 len: 763 time: 0.0368497
2026-07-21 22:11:00.950 9 INFO neutron.wsgi [req-8d7963e7-ffbe-413d-860a-bff25d9e584e req-db381a43-ee5b-44d1-97c2-2f4952770d69 02d96977e9d44b5295762966b8a933af fbcca595b06f4fd4929f431a3044efb4 - - default default] 10.0.0.81 "GET /v2.0/security-groups?id=ed3a3202-234f-49a6-b410-2578dd4f29dd&fields=id&fields=name HTTP/1.1" status: 200 len: 312 time: 0.0754156
2026-07-21 22:11:00.995 10 INFO neutron.db.ovn_revision_numbers_db [None req-8234fdc0-d075-4d67-bdcc-30dc3c7f6da6 4c37e9f4c896406d872d78f3bed0c496 e63d6cf45fd5428990c817ab86d83169 - - default default] Successfully bumped revision number for resource ba1aedc6-2d21-499e-86c8-a14efbef3659 (type: networks) to 1
2026-07-21 22:11:01.015 9 INFO neutron.wsgi [None req-e322cb1f-81bf-473b-a35d-ed2efc6eb0ca 2aed61eecd834232a5840281f9b6d5c2 424ab9e4889f4e38bc6aa7d093186412 - - default default] 10.0.0.24 "GET /v2.0/security-group-rules HTTP/1.1" status: 200 len: 4113 time: 0.0580645
2026-07-21 22:11:01.065 10 INFO neutron.wsgi [req-efa9d3ef-9d05-49d8-99f2-8c0de1d403df req-554b5173-40a2-473e-86e9-222c389abfcf 02d96977e9d44b5295762966b8a933af fbcca595b06f4fd4929f431a3044efb4 - - default default] 10.0.0.81 "GET /v2.0/ports?device_id=df513c58-b361-4e63-b877-70d2fd4d54d6 HTTP/1.1" status: 200 len: 1174 time: 0.0405970
2026-07-21 22:11:01.183 9 INFO neutron.wsgi [None req-6b9d6274-a033-4618-bfe5-3e40b6b8841c 2aed61eecd834232a5840281f9b6d5c2 424ab9e4889f4e38bc6aa7d093186412 - - default default] 10.0.0.24 "DELETE /v2.0/security-group-rules/58d361ec-ba64-428e-a5d1-202a1b15dc81 HTTP/1.1" status: 204 len: 168 time: 0.1615307
2026-07-21 22:11:01.245 9 INFO neutron.wsgi [None req-c68ee568-bdab-4997-9891-30d98b2e377a 2aed61eecd834232a5840281f9b6d5c2 424ab9e4889f4e38bc6aa7d093186412 - - default default] 10.0.0.24 "GET /v2.0/security-group-rules HTTP/1.1" status: 200 len: 3567 time: 0.0466874
2026-07-21 22:11:01.303 10 WARNING neutron.scheduler.dhcp_agent_scheduler [None req-8234fdc0-d075-4d67-bdcc-30dc3c7f6da6 4c37e9f4c896406d872d78f3bed0c496 e63d6cf45fd5428990c817ab86d83169 - - default default] No more DHCP agents
2026-07-21 22:11:01.309 10 WARNING neutron.api.rpc.agentnotifiers.dhcp_rpc_agent_api [None req-8234fdc0-d075-4d67-bdcc-30dc3c7f6da6 4c37e9f4c896406d872d78f3bed0c496 e63d6cf45fd5428990c817ab86d83169 - - default default] Unable to schedule network ba1aedc6-2d21-499e-86c8-a14efbef3659: no agents available; will retry on subsequent port and subnet creation events.
2026-07-21 22:11:01.392 9 INFO neutron.wsgi [req-0800fee5-b16d-4245-abca-901a5f26fcb8 req-68ad7c49-c30f-4d78-a3af-475c5cfe16a9 a945ce985cb04fd2862f5d577f3e8df1 e76cb161f9fd4f728c52e009311795fd - - default default] 199.204.45.72 "GET /v2.0/networks?id=505bd670-965f-4452-bd4e-c1bfb3843020 HTTP/1.1" status: 200 len: 869 time: 0.1317828
2026-07-21 22:11:01.435 10 INFO neutron.db.l3_db [None req-77b01b24-c72e-4954-b299-854509b4658e 02d96977e9d44b5295762966b8a933af fbcca595b06f4fd4929f431a3044efb4 - - default default] Floating IP dea9a739-4285-4533-a901-eecf92abf1a9 associated. External IP: 10.96.250.215, port: f29ed082-1d53-4bb8-b3b8-1fa8e619072d.
2026-07-21 22:11:01.470 10 INFO neutron.notifiers.nova [-] Nova event matching ['req-b9eb7e96-a48a-452c-82ab-a612f18908eb'] response: {'server_uuid': 'df513c58-b361-4e63-b877-70d2fd4d54d6', 'name': 'network-vif-plugged', 'status': 'completed', 'tag': 'f29ed082-1d53-4bb8-b3b8-1fa8e619072d', 'code': 200}
2026-07-21 22:11:01.471 10 INFO neutron.db.ovn_revision_numbers_db [None req-8234fdc0-d075-4d67-bdcc-30dc3c7f6da6 4c37e9f4c896406d872d78f3bed0c496 e63d6cf45fd5428990c817ab86d83169 - - default default] Successfully bumped revision number for resource 2dc54172-0a05-4fd5-8651-95de67566451 (type: ports) to 1
2026-07-21 22:11:01.476 9 INFO neutron.wsgi [req-0800fee5-b16d-4245-abca-901a5f26fcb8 req-85b7ca1a-64a5-44e0-be8b-b20b9357ac7d a945ce985cb04fd2862f5d577f3e8df1 e76cb161f9fd4f728c52e009311795fd - - default default] 199.204.45.72 "GET /v2.0/security-groups?fields=id&fields=name&tenant_id=e76cb161f9fd4f728c52e009311795fd HTTP/1.1" status: 200 len: 379 time: 0.0704753
2026-07-21 22:11:01.490 9 INFO neutron.db.ovn_revision_numbers_db [None req-e14c060c-d2c0-4b30-8679-64309394a4a1 2aed61eecd834232a5840281f9b6d5c2 424ab9e4889f4e38bc6aa7d093186412 - - default default] Successfully bumped revision number for resource 88e21d6b-567a-49d4-81c0-17525b57f622 (type: security_group_rules) to 0
2026-07-21 22:11:01.502 10 INFO neutron.wsgi [None req-8234fdc0-d075-4d67-bdcc-30dc3c7f6da6 4c37e9f4c896406d872d78f3bed0c496 e63d6cf45fd5428990c817ab86d83169 - - default default] 10.0.0.24 "POST /v2.0/networks HTTP/1.1" status: 201 len: 948 time: 1.0715780
2026-07-21 22:11:01.554 9 INFO neutron.wsgi [None req-e14c060c-d2c0-4b30-8679-64309394a4a1 2aed61eecd834232a5840281f9b6d5c2 424ab9e4889f4e38bc6aa7d093186412 - - default default] 10.0.0.24 "POST /v2.0/security-group-rules HTTP/1.1" status: 201 len: 768 time: 0.2947495
2026-07-21 22:11:01.618 10 INFO neutron.wsgi [None req-03424772-df90-49b3-bedc-22a1a28adb2b 2aed61eecd834232a5840281f9b6d5c2 424ab9e4889f4e38bc6aa7d093186412 - - default default] 10.0.0.24 "GET /v2.0/security-group-rules/88e21d6b-567a-49d4-81c0-17525b57f622 HTTP/1.1" status: 200 len: 763 time: 0.0561862
2026-07-21 22:11:01.635 10 INFO neutron.wsgi [req-f7758354-e2eb-4138-b62f-9ce59f963915 req-720d983f-7e7c-4333-a505-b5a4c4a4e7a1 a945ce985cb04fd2862f5d577f3e8df1 e76cb161f9fd4f728c52e009311795fd - - default default] 10.0.0.81 "GET /v2.0/ports?device_id=d98f65f6-25e2-4231-aff6-aa6c9bf08690 HTTP/1.1" status: 200 len: 210 time: 0.0738957
2026-07-21 22:11:01.697 9 INFO neutron.wsgi [None req-68c7ac5c-fabf-4b96-8d5a-96d7d2f39df2 2aed61eecd834232a5840281f9b6d5c2 424ab9e4889f4e38bc6aa7d093186412 - - default default] 10.0.0.24 "GET /v2.0/security-group-rules HTTP/1.1" status: 200 len: 4113 time: 0.0674779
2026-07-21 22:11:01.785 10 INFO neutron.db.ovn_revision_numbers_db [None req-77b01b24-c72e-4954-b299-854509b4658e 02d96977e9d44b5295762966b8a933af fbcca595b06f4fd4929f431a3044efb4 - - default default] Successfully bumped revision number for resource dea9a739-4285-4533-a901-eecf92abf1a9 (type: floatingips) to 1
2026-07-21 22:11:01.860 10 WARNING neutron.scheduler.dhcp_agent_scheduler [None req-a244fc6e-5a1d-4dc9-9a5c-5f629561a074 4c37e9f4c896406d872d78f3bed0c496 e63d6cf45fd5428990c817ab86d83169 - - default default] No more DHCP agents
2026-07-21 22:11:01.864 10 WARNING neutron.api.rpc.agentnotifiers.dhcp_rpc_agent_api [None req-a244fc6e-5a1d-4dc9-9a5c-5f629561a074 4c37e9f4c896406d872d78f3bed0c496 e63d6cf45fd5428990c817ab86d83169 - - default default] Unable to schedule network ba1aedc6-2d21-499e-86c8-a14efbef3659: no agents available; will retry on subsequent port and subnet creation events.
2026-07-21 22:11:01.972 10 INFO neutron.db.ovn_revision_numbers_db [None req-77b01b24-c72e-4954-b299-854509b4658e 02d96977e9d44b5295762966b8a933af fbcca595b06f4fd4929f431a3044efb4 - - default default] Successfully bumped revision number for resource dea9a739-4285-4533-a901-eecf92abf1a9 (type: floatingips) to 2
2026-07-21 22:11:01.980 10 INFO neutron.wsgi [None req-d6369277-d1df-48f5-8853-90f99df20ae3 2aed61eecd834232a5840281f9b6d5c2 424ab9e4889f4e38bc6aa7d093186412 - - default default] 10.0.0.24 "DELETE /v2.0/security-group-rules/88e21d6b-567a-49d4-81c0-17525b57f622 HTTP/1.1" status: 204 len: 168 time: 0.2770801
2026-07-21 22:11:01.987 9 WARNING neutron.scheduler.dhcp_agent_scheduler [req-0800fee5-b16d-4245-abca-901a5f26fcb8 req-87a9956b-7ebd-49b3-92b6-3406185fcb6b a945ce985cb04fd2862f5d577f3e8df1 e76cb161f9fd4f728c52e009311795fd - - default default] No more DHCP agents /var/lib/openstack/lib/python3.10/site-packages/pycadf/identifier.py:71: UserWarning: Invalid uuid: neutron. To ensure interoperability, identifiers should be a valid uuid. warnings.warn(('Invalid uuid: %s. To ensure interoperability, '
2026-07-21 22:11:01.999 9 WARNING neutron.api.rpc.agentnotifiers.dhcp_rpc_agent_api [req-0800fee5-b16d-4245-abca-901a5f26fcb8 req-87a9956b-7ebd-49b3-92b6-3406185fcb6b a945ce985cb04fd2862f5d577f3e8df1 e76cb161f9fd4f728c52e009311795fd - - default default] Unable to schedule network 505bd670-965f-4452-bd4e-c1bfb3843020: no agents available; will retry on subsequent port and subnet creation events.
2026-07-21 22:11:02.009 10 INFO neutron.wsgi [None req-77b01b24-c72e-4954-b299-854509b4658e 02d96977e9d44b5295762966b8a933af fbcca595b06f4fd4929f431a3044efb4 - - default default] 10.0.0.24 "PUT /v2.0/floatingips/dea9a739-4285-4533-a901-eecf92abf1a9 HTTP/1.1" status: 200 len: 1050 time: 0.9299166 /var/lib/openstack/lib/python3.10/site-packages/pycadf/identifier.py:71: UserWarning: Invalid uuid: neutron. To ensure interoperability, identifiers should be a valid uuid. warnings.warn(('Invalid uuid: %s. To ensure interoperability, '
2026-07-21 22:11:02.088 9 INFO neutron.wsgi [None req-09e6cecb-ef68-4633-a3f0-51189c465508 2aed61eecd834232a5840281f9b6d5c2 424ab9e4889f4e38bc6aa7d093186412 - - default default] 10.0.0.24 "GET /v2.0/security-group-rules HTTP/1.1" status: 200 len: 3567 time: 0.1018121
2026-07-21 22:11:02.121 9 INFO neutron.wsgi [req-bffbb03e-28b2-4289-9480-d672d610b4be req-9b5e5865-7228-4454-b68a-522dc5c8ae33 02d96977e9d44b5295762966b8a933af fbcca595b06f4fd4929f431a3044efb4 - - default default] 10.0.0.81 "GET /v2.0/ports?device_id=df513c58-b361-4e63-b877-70d2fd4d54d6 HTTP/1.1" status: 200 len: 1174 time: 0.0641596
2026-07-21 22:11:02.133 10 INFO neutron.db.securitygroups_db [None req-4f8ddc58-9a4b-46f1-bcf5-c8cc8693f110 2aed61eecd834232a5840281f9b6d5c2 424ab9e4889f4e38bc6aa7d093186412 - - default default] Project 424ab9e4889f4e38bc6aa7d093186412 added a security group rule with legacy IPv6 ICMP protocol name icmp, ipv6-icmp should be used instead. It was automatically converted.
2026-07-21 22:11:02.195 9 INFO neutron.wsgi [req-bffbb03e-28b2-4289-9480-d672d610b4be req-ef726239-95d5-41fc-80a1-50a56c9fc274 02d96977e9d44b5295762966b8a933af fbcca595b06f4fd4929f431a3044efb4 - - default default] 10.0.0.81 "GET /v2.0/security-groups?id=ed3a3202-234f-49a6-b410-2578dd4f29dd&fields=id&fields=name HTTP/1.1" status: 200 len: 312 time: 0.0538335
2026-07-21 22:11:02.223 9 INFO neutron.db.ovn_revision_numbers_db [req-0800fee5-b16d-4245-abca-901a5f26fcb8 req-87a9956b-7ebd-49b3-92b6-3406185fcb6b a945ce985cb04fd2862f5d577f3e8df1 e76cb161f9fd4f728c52e009311795fd - - default default] Successfully bumped revision number for resource 36f80c85-36d5-44a7-962e-adfbecf5f4f4 (type: ports) to 1
2026-07-21 22:11:02.256 9 INFO neutron.wsgi [req-0800fee5-b16d-4245-abca-901a5f26fcb8 req-87a9956b-7ebd-49b3-92b6-3406185fcb6b a945ce985cb04fd2862f5d577f3e8df1 e76cb161f9fd4f728c52e009311795fd - - default default] 199.204.45.72 "POST /v2.0/ports HTTP/1.1" status: 201 len: 1162 time: 0.7576001
2026-07-21 22:11:02.544 10 INFO neutron.db.ovn_revision_numbers_db [None req-4f8ddc58-9a4b-46f1-bcf5-c8cc8693f110 2aed61eecd834232a5840281f9b6d5c2 424ab9e4889f4e38bc6aa7d093186412 - - default default] Successfully bumped revision number for resource 79e4b1a1-967f-4f74-9004-10093279df33 (type: security_group_rules) to 0
2026-07-21 22:11:02.594 10 INFO neutron.wsgi [None req-4f8ddc58-9a4b-46f1-bcf5-c8cc8693f110 2aed61eecd834232a5840281f9b6d5c2 424ab9e4889f4e38bc6aa7d093186412 - - default default] 10.0.0.24 "POST /v2.0/security-group-rules HTTP/1.1" status: 201 len: 774 time: 0.5013106
2026-07-21 22:11:02.636 9 INFO neutron.wsgi [None req-1e94fbae-fd0c-4341-8f74-863a7f79d7dc 2aed61eecd834232a5840281f9b6d5c2 424ab9e4889f4e38bc6aa7d093186412 - - default default] 10.0.0.24 "GET /v2.0/security-group-rules/79e4b1a1-967f-4f74-9004-10093279df33 HTTP/1.1" status: 200 len: 769 time: 0.0287740 /var/lib/openstack/lib/python3.10/site-packages/pycadf/identifier.py:71: UserWarning: Invalid uuid: neutron. To ensure interoperability, identifiers should be a valid uuid. warnings.warn(('Invalid uuid: %s. To ensure interoperability, '
2026-07-21 22:11:02.695 9 INFO neutron.wsgi [None req-d6434c02-3eb8-4062-8364-8ec2e65a2a63 2aed61eecd834232a5840281f9b6d5c2 424ab9e4889f4e38bc6aa7d093186412 - - default default] 10.0.0.24 "GET /v2.0/security-group-rules HTTP/1.1" status: 200 len: 4119 time: 0.0535812
2026-07-21 22:11:02.771 9 INFO neutron.db.ovn_revision_numbers_db [req-0800fee5-b16d-4245-abca-901a5f26fcb8 req-93dd1f03-4b19-422a-8501-f06a2e7d15bc 294eab28782a44b793f68080f8646925 a2a1e0c2788048ff8492de98ea2929da - - 98c96a7a0f3343c0a18ad4bd9845e374 98c96a7a0f3343c0a18ad4bd9845e374] Successfully bumped revision number for resource 36f80c85-36d5-44a7-962e-adfbecf5f4f4 (type: ports) to 2
2026-07-21 22:11:02.775 10 INFO neutron.db.ovn_revision_numbers_db [None req-a244fc6e-5a1d-4dc9-9a5c-5f629561a074 4c37e9f4c896406d872d78f3bed0c496 e63d6cf45fd5428990c817ab86d83169 - - default default] Successfully bumped revision number for resource 2dc54172-0a05-4fd5-8651-95de67566451 (type: ports) to 2
2026-07-21 22:11:02.849 10 INFO neutron.db.ovn_revision_numbers_db [None req-a244fc6e-5a1d-4dc9-9a5c-5f629561a074 4c37e9f4c896406d872d78f3bed0c496 e63d6cf45fd5428990c817ab86d83169 - - default default] Successfully bumped revision number for resource 6e98dcb3-3e34-4cab-87fa-e7d89e1b9497 (type: subnets) to 0
2026-07-21 22:11:02.865 10 INFO neutron.wsgi [req-d7b657d7-a3ec-44ea-9e9e-b0ea01f7ba9a req-5d3bfccf-d262-4e35-9834-2e4658ee51a8 a945ce985cb04fd2862f5d577f3e8df1 e76cb161f9fd4f728c52e009311795fd - - default default] 10.0.0.81 "GET /v2.0/ports?device_id=d98f65f6-25e2-4231-aff6-aa6c9bf08690 HTTP/1.1" status: 200 len: 1172 time: 0.1366587
2026-07-21 22:11:02.884 10 INFO neutron.wsgi [None req-a244fc6e-5a1d-4dc9-9a5c-5f629561a074 4c37e9f4c896406d872d78f3bed0c496 e63d6cf45fd5428990c817ab86d83169 - - default default] 10.0.0.24 "POST /v2.0/subnets HTTP/1.1" status: 201 len: 868 time: 1.3766074
2026-07-21 22:11:02.941 10 INFO neutron.wsgi [req-d7b657d7-a3ec-44ea-9e9e-b0ea01f7ba9a req-a9aaf182-9017-40a9-8202-2d133a6ebfb9 a945ce985cb04fd2862f5d577f3e8df1 e76cb161f9fd4f728c52e009311795fd - - default default] 10.0.0.81 "GET /v2.0/security-groups?id=f9e5c2e0-84fb-4497-8f50-de243638dc03&fields=id&fields=name HTTP/1.1" status: 200 len: 312 time: 0.0696435
2026-07-21 22:11:02.986 10 INFO neutron.wsgi [None req-b471585e-1533-41d8-8da2-95916b33b469 2aed61eecd834232a5840281f9b6d5c2 424ab9e4889f4e38bc6aa7d093186412 - - default default] 10.0.0.24 "DELETE /v2.0/security-group-rules/79e4b1a1-967f-4f74-9004-10093279df33 HTTP/1.1" status: 204 len: 168 time: 0.2799580
2026-07-21 22:11:02.989 9 INFO neutron.db.ovn_revision_numbers_db [req-0800fee5-b16d-4245-abca-901a5f26fcb8 req-93dd1f03-4b19-422a-8501-f06a2e7d15bc 294eab28782a44b793f68080f8646925 a2a1e0c2788048ff8492de98ea2929da - - 98c96a7a0f3343c0a18ad4bd9845e374 98c96a7a0f3343c0a18ad4bd9845e374] Successfully bumped revision number for resource 36f80c85-36d5-44a7-962e-adfbecf5f4f4 (type: ports) to 2
2026-07-21 22:11:03.006 9 INFO neutron.wsgi [req-0800fee5-b16d-4245-abca-901a5f26fcb8 req-93dd1f03-4b19-422a-8501-f06a2e7d15bc 294eab28782a44b793f68080f8646925 a2a1e0c2788048ff8492de98ea2929da - - 98c96a7a0f3343c0a18ad4bd9845e374 98c96a7a0f3343c0a18ad4bd9845e374] 199.204.45.72 "PUT /v2.0/ports/36f80c85-36d5-44a7-962e-adfbecf5f4f4 HTTP/1.1" status: 200 len: 1380 time: 0.7379372
2026-07-21 22:11:03.067 9 INFO neutron.notifiers.nova [-] Nova event matching ['req-1b07fd3e-8f91-4edd-9b10-65d0652f5c5c'] response: {'name': 'network-changed', 'server_uuid': 'd98f65f6-25e2-4231-aff6-aa6c9bf08690', 'tag': '36f80c85-36d5-44a7-962e-adfbecf5f4f4', 'status': 'completed', 'code': 200} /var/lib/openstack/lib/python3.10/site-packages/pycadf/identifier.py:71: UserWarning: Invalid uuid: neutron. To ensure interoperability, identifiers should be a valid uuid. warnings.warn(('Invalid uuid: %s. To ensure interoperability, '
2026-07-21 22:11:03.111 10 INFO neutron.wsgi [None req-0636a391-e062-4b33-9ad6-c602b3760463 2aed61eecd834232a5840281f9b6d5c2 424ab9e4889f4e38bc6aa7d093186412 - - default default] 10.0.0.24 "GET /v2.0/security-group-rules HTTP/1.1" status: 200 len: 3567 time: 0.1200364
2026-07-21 22:11:03.117 9 INFO neutron.wsgi [req-0800fee5-b16d-4245-abca-901a5f26fcb8 req-ca4fba4d-d915-4915-b53e-450a5811c923 294eab28782a44b793f68080f8646925 a2a1e0c2788048ff8492de98ea2929da - - 98c96a7a0f3343c0a18ad4bd9845e374 98c96a7a0f3343c0a18ad4bd9845e374] 199.204.45.72 "GET /v2.0/ports?tenant_id=e76cb161f9fd4f728c52e009311795fd&device_id=d98f65f6-25e2-4231-aff6-aa6c9bf08690 HTTP/1.1" status: 200 len: 1411 time: 0.0421402
2026-07-21 22:11:03.148 9 INFO neutron.wsgi [req-0800fee5-b16d-4245-abca-901a5f26fcb8 req-73495470-56e4-4815-a5a0-be3ecd18a161 294eab28782a44b793f68080f8646925 a2a1e0c2788048ff8492de98ea2929da - - 98c96a7a0f3343c0a18ad4bd9845e374 98c96a7a0f3343c0a18ad4bd9845e374] 199.204.45.72 "GET /v2.0/floatingips?fixed_ip_address=10.100.0.13&port_id=36f80c85-36d5-44a7-962e-adfbecf5f4f4 HTTP/1.1" status: 200 len: 217 time: 0.0252562
2026-07-21 22:11:03.186 9 INFO neutron.wsgi [req-0800fee5-b16d-4245-abca-901a5f26fcb8 req-93294fa9-a6d2-48f8-bb70-7eabdc326a20 294eab28782a44b793f68080f8646925 a2a1e0c2788048ff8492de98ea2929da - - 98c96a7a0f3343c0a18ad4bd9845e374 98c96a7a0f3343c0a18ad4bd9845e374] 199.204.45.72 "GET /v2.0/subnets?id=2efca456-562e-4e29-939c-74da8e6c6942 HTTP/1.1" status: 200 len: 863 time: 0.0324264
2026-07-21 22:11:03.217 9 INFO neutron.wsgi [req-0800fee5-b16d-4245-abca-901a5f26fcb8 req-8d4018ef-c6ab-4c6d-b967-69d37fbe09a6 294eab28782a44b793f68080f8646925 a2a1e0c2788048ff8492de98ea2929da - - 98c96a7a0f3343c0a18ad4bd9845e374 98c96a7a0f3343c0a18ad4bd9845e374] 199.204.45.72 "GET /v2.0/ports?network_id=505bd670-965f-4452-bd4e-c1bfb3843020&device_owner=network%3Adhcp HTTP/1.1" status: 200 len: 210 time: 0.0255482
2026-07-21 22:11:03.285 9 INFO neutron.wsgi [req-0800fee5-b16d-4245-abca-901a5f26fcb8 req-e9a3a132-8404-4c32-b929-aaddeecec5e3 294eab28782a44b793f68080f8646925 a2a1e0c2788048ff8492de98ea2929da - - 98c96a7a0f3343c0a18ad4bd9845e374 98c96a7a0f3343c0a18ad4bd9845e374] 199.204.45.72 "GET /v2.0/networks/505bd670-965f-4452-bd4e-c1bfb3843020?fields=segments HTTP/1.1" status: 200 len: 212 time: 0.0628538
2026-07-21 22:11:03.331 10 INFO neutron.wsgi [None req-4b169bff-dc00-41fe-913a-26a579a301a8 2aed61eecd834232a5840281f9b6d5c2 424ab9e4889f4e38bc6aa7d093186412 - - default default] 10.0.0.24 "DELETE /v2.0/security-groups/8f0f4269-7a23-469d-9aa4-f4d510ad40de HTTP/1.1" status: 204 len: 168 time: 0.2148302
2026-07-21 22:11:03.371 9 INFO neutron.wsgi [req-0800fee5-b16d-4245-abca-901a5f26fcb8 req-11f758dc-7e80-4b64-ae0a-399e3524027a 294eab28782a44b793f68080f8646925 a2a1e0c2788048ff8492de98ea2929da - - 98c96a7a0f3343c0a18ad4bd9845e374 98c96a7a0f3343c0a18ad4bd9845e374] 199.204.45.72 "GET /v2.0/networks/505bd670-965f-4452-bd4e-c1bfb3843020?fields=provider%3Aphysical_network&fields=provider%3Anetwork_type HTTP/1.1" status: 200 len: 277 time: 0.0784614
2026-07-21 22:11:03.406 10 INFO neutron.wsgi [None req-2e1d9ab8-a440-4dc9-b898-d14f6ca10a93 2aed61eecd834232a5840281f9b6d5c2 424ab9e4889f4e38bc6aa7d093186412 - - default default] 10.0.0.24 "GET /v2.0/security-groups HTTP/1.1" status: 200 len: 2996 time: 0.0681062
2026-07-21 22:11:03.470 9 INFO neutron.wsgi [req-284d0cc4-d79f-4c13-9497-03c343787575 req-993f8c36-e89b-4c71-aa7c-438ac1535d89 294eab28782a44b793f68080f8646925 a2a1e0c2788048ff8492de98ea2929da - - 98c96a7a0f3343c0a18ad4bd9845e374 98c96a7a0f3343c0a18ad4bd9845e374] 199.204.45.72 "GET /v2.0/ports?tenant_id=e76cb161f9fd4f728c52e009311795fd&device_id=d98f65f6-25e2-4231-aff6-aa6c9bf08690 HTTP/1.1" status: 200 len: 1411 time: 0.0415075
2026-07-21 22:11:03.509 10 INFO neutron.wsgi [None req-e43813dc-295a-458d-8c7b-61ff761fd352 2aed61eecd834232a5840281f9b6d5c2 424ab9e4889f4e38bc6aa7d093186412 - - default default] 10.0.0.24 "GET /v2.0/security-groups HTTP/1.1" status: 200 len: 2996 time: 0.0939622
2026-07-21 22:11:03.541 10 INFO neutron.notifiers.nova [-] Nova event matching ['req-0c3e92f8-f6c5-4db2-9526-61b97c42de91'] response: {'name': 'network-changed', 'server_uuid': 'df513c58-b361-4e63-b877-70d2fd4d54d6', 'tag': 'f29ed082-1d53-4bb8-b3b8-1fa8e619072d', 'status': 'completed', 'code': 200}
2026-07-21 22:11:03.566 9 INFO neutron.wsgi [req-284d0cc4-d79f-4c13-9497-03c343787575 req-c28301b3-b2e2-41b4-bba7-efe08d104acd 294eab28782a44b793f68080f8646925 a2a1e0c2788048ff8492de98ea2929da - - 98c96a7a0f3343c0a18ad4bd9845e374 98c96a7a0f3343c0a18ad4bd9845e374] 199.204.45.72 "GET /v2.0/networks?id=505bd670-965f-4452-bd4e-c1bfb3843020 HTTP/1.1" status: 200 len: 968 time: 0.0902488
2026-07-21 22:11:03.610 9 INFO neutron.wsgi [req-284d0cc4-d79f-4c13-9497-03c343787575 req-4659cee1-cafb-4149-a5bb-28a24f2bf9f4 294eab28782a44b793f68080f8646925 a2a1e0c2788048ff8492de98ea2929da - - 98c96a7a0f3343c0a18ad4bd9845e374 98c96a7a0f3343c0a18ad4bd9845e374] 199.204.45.72 "GET /v2.0/floatingips?fixed_ip_address=10.100.0.13&port_id=36f80c85-36d5-44a7-962e-adfbecf5f4f4 HTTP/1.1" status: 200 len: 217 time: 0.0372715
2026-07-21 22:11:03.629 10 INFO neutron.plugins.ml2.drivers.ovn.mech_driver.mech_driver [None req-23b69857-0848-41f6-bdef-cf138be61e50 - - - - - -] OVN reports status up for port: 36f80c85-36d5-44a7-962e-adfbecf5f4f4
2026-07-21 22:11:03.638 10 INFO neutron.wsgi [req-597581e2-5651-4e82-a1f4-0cdd4ef8746e req-2d0ac315-5dc4-4761-8068-c2fea34757a0 294eab28782a44b793f68080f8646925 a2a1e0c2788048ff8492de98ea2929da - - 98c96a7a0f3343c0a18ad4bd9845e374 98c96a7a0f3343c0a18ad4bd9845e374] 199.204.45.72 "GET /v2.0/ports?tenant_id=fbcca595b06f4fd4929f431a3044efb4&device_id=df513c58-b361-4e63-b877-70d2fd4d54d6 HTTP/1.1" status: 200 len: 1413 time: 0.0772870
2026-07-21 22:11:03.655 10 INFO neutron.plugins.ml2.plugin [None req-23b69857-0848-41f6-bdef-cf138be61e50 - - - - - -] Attempt 1 to provision port 36f80c85-36d5-44a7-962e-adfbecf5f4f4
2026-07-21 22:11:03.659 9 INFO neutron.wsgi [req-284d0cc4-d79f-4c13-9497-03c343787575 req-20d8264e-c09b-40ef-af9b-f8fef4293dc0 294eab28782a44b793f68080f8646925 a2a1e0c2788048ff8492de98ea2929da - - 98c96a7a0f3343c0a18ad4bd9845e374 98c96a7a0f3343c0a18ad4bd9845e374] 199.204.45.72 "GET /v2.0/subnets?id=2efca456-562e-4e29-939c-74da8e6c6942 HTTP/1.1" status: 200 len: 863 time: 0.0421472
2026-07-21 22:11:03.684 10 WARNING neutron.scheduler.dhcp_agent_scheduler [None req-e1b35a08-64e2-4a83-8b08-be1d50d31025 4c37e9f4c896406d872d78f3bed0c496 e63d6cf45fd5428990c817ab86d83169 - - default default] No more DHCP agents
2026-07-21 22:11:03.699 9 INFO neutron.wsgi [req-284d0cc4-d79f-4c13-9497-03c343787575 req-5784cb58-eed0-464f-af2b-2a4165504bdc 294eab28782a44b793f68080f8646925 a2a1e0c2788048ff8492de98ea2929da - - 98c96a7a0f3343c0a18ad4bd9845e374 98c96a7a0f3343c0a18ad4bd9845e374] 199.204.45.72 "GET /v2.0/ports?network_id=505bd670-965f-4452-bd4e-c1bfb3843020&device_owner=network%3Adhcp HTTP/1.1" status: 200 len: 210 time: 0.0334253
2026-07-21 22:11:03.704 10 WARNING neutron.api.rpc.agentnotifiers.dhcp_rpc_agent_api [None req-e1b35a08-64e2-4a83-8b08-be1d50d31025 4c37e9f4c896406d872d78f3bed0c496 e63d6cf45fd5428990c817ab86d83169 - - default default] Unable to schedule network 4adc767c-d433-4b60-90dd-0b32e488d333: no agents available; will retry on subsequent port and subnet creation events.
2026-07-21 22:11:03.779 10 INFO neutron.wsgi [req-597581e2-5651-4e82-a1f4-0cdd4ef8746e req-8979367b-2f01-4501-ad66-c231b6c5002a 294eab28782a44b793f68080f8646925 a2a1e0c2788048ff8492de98ea2929da - - 98c96a7a0f3343c0a18ad4bd9845e374 98c96a7a0f3343c0a18ad4bd9845e374] 199.204.45.72 "GET /v2.0/networks?id=ce57b1c4-d021-4b89-9b41-0ce04e817105 HTTP/1.1" status: 200 len: 981 time: 0.1267061
2026-07-21 22:11:03.796 9 INFO neutron.wsgi [req-284d0cc4-d79f-4c13-9497-03c343787575 req-c92735f6-6707-483f-be18-8b5a6c5fc4f3 294eab28782a44b793f68080f8646925 a2a1e0c2788048ff8492de98ea2929da - - 98c96a7a0f3343c0a18ad4bd9845e374 98c96a7a0f3343c0a18ad4bd9845e374] 199.204.45.72 "GET /v2.0/networks/505bd670-965f-4452-bd4e-c1bfb3843020?fields=segments HTTP/1.1" status: 200 len: 212 time: 0.0874047
2026-07-21 22:11:03.858 10 INFO neutron.wsgi [req-597581e2-5651-4e82-a1f4-0cdd4ef8746e req-3d129434-5f5a-4ea1-a174-c71ffefc306a 294eab28782a44b793f68080f8646925 a2a1e0c2788048ff8492de98ea2929da - - 98c96a7a0f3343c0a18ad4bd9845e374 98c96a7a0f3343c0a18ad4bd9845e374] 199.204.45.72 "GET /v2.0/floatingips?fixed_ip_address=10.100.0.12&port_id=f29ed082-1d53-4bb8-b3b8-1fa8e619072d HTTP/1.1" status: 200 len: 1060 time: 0.0665567
2026-07-21 22:11:03.875 9 INFO neutron.wsgi [req-284d0cc4-d79f-4c13-9497-03c343787575 req-6bf82511-ebe6-4dd3-9503-70d6f746b84d 294eab28782a44b793f68080f8646925 a2a1e0c2788048ff8492de98ea2929da - - 98c96a7a0f3343c0a18ad4bd9845e374 98c96a7a0f3343c0a18ad4bd9845e374] 199.204.45.72 "GET /v2.0/networks/505bd670-965f-4452-bd4e-c1bfb3843020?fields=provider%3Aphysical_network&fields=provider%3Anetwork_type HTTP/1.1" status: 200 len: 277 time: 0.0738311
2026-07-21 22:11:03.928 10 INFO neutron.wsgi [req-597581e2-5651-4e82-a1f4-0cdd4ef8746e req-ae134864-3683-4283-bcee-a053d17840be 294eab28782a44b793f68080f8646925 a2a1e0c2788048ff8492de98ea2929da - - 98c96a7a0f3343c0a18ad4bd9845e374 98c96a7a0f3343c0a18ad4bd9845e374] 199.204.45.72 "GET /v2.0/subnets?id=3e660e8c-6821-4f36-99bc-0655416dc871 HTTP/1.1" status: 200 len: 876 time: 0.0602858
2026-07-21 22:11:03.975 10 INFO neutron.wsgi [req-597581e2-5651-4e82-a1f4-0cdd4ef8746e req-7f5f578f-be67-4fe1-af6c-e7238154afdc 294eab28782a44b793f68080f8646925 a2a1e0c2788048ff8492de98ea2929da - - 98c96a7a0f3343c0a18ad4bd9845e374 98c96a7a0f3343c0a18ad4bd9845e374] 199.204.45.72 "GET /v2.0/ports?network_id=ce57b1c4-d021-4b89-9b41-0ce04e817105&device_owner=network%3Adhcp HTTP/1.1" status: 200 len: 210 time: 0.0390320
2026-07-21 22:11:04.075 9 INFO neutron.wsgi [req-89374446-9f82-4ef9-9655-2dc74b559ca7 req-d83f1698-c5c8-4ea9-8b58-0e6363b5a9f5 a945ce985cb04fd2862f5d577f3e8df1 e76cb161f9fd4f728c52e009311795fd - - default default] 10.0.0.81 "GET /v2.0/ports?device_id=d98f65f6-25e2-4231-aff6-aa6c9bf08690 HTTP/1.1" status: 200 len: 1174 time: 0.0369439
2026-07-21 22:11:04.080 10 INFO neutron.db.ovn_revision_numbers_db [None req-e1b35a08-64e2-4a83-8b08-be1d50d31025 4c37e9f4c896406d872d78f3bed0c496 e63d6cf45fd5428990c817ab86d83169 - - default default] Successfully bumped revision number for resource fa87da67-944f-431f-b21a-349bc5b18ef7 (type: ports) to 1
2026-07-21 22:11:04.093 10 INFO neutron.wsgi [req-597581e2-5651-4e82-a1f4-0cdd4ef8746e req-4e8d9d7f-93d6-4a16-b670-3cf00018becd 294eab28782a44b793f68080f8646925 a2a1e0c2788048ff8492de98ea2929da - - 98c96a7a0f3343c0a18ad4bd9845e374 98c96a7a0f3343c0a18ad4bd9845e374] 199.204.45.72 "GET /v2.0/networks/ce57b1c4-d021-4b89-9b41-0ce04e817105?fields=segments HTTP/1.1" status: 200 len: 212 time: 0.1076419
2026-07-21 22:11:04.145 9 INFO neutron.wsgi [req-89374446-9f82-4ef9-9655-2dc74b559ca7 req-1c2cec1c-21a9-4402-9535-73940790e131 a945ce985cb04fd2862f5d577f3e8df1 e76cb161f9fd4f728c52e009311795fd - - default default] 10.0.0.81 "GET /v2.0/security-groups?id=f9e5c2e0-84fb-4497-8f50-de243638dc03&fields=id&fields=name HTTP/1.1" status: 200 len: 312 time: 0.0587192
2026-07-21 22:11:04.236 10 INFO neutron.wsgi [req-597581e2-5651-4e82-a1f4-0cdd4ef8746e req-e758091e-4efd-4a85-86f5-2f3d9a745674 294eab28782a44b793f68080f8646925 a2a1e0c2788048ff8492de98ea2929da - - 98c96a7a0f3343c0a18ad4bd9845e374 98c96a7a0f3343c0a18ad4bd9845e374] 199.204.45.72 "GET /v2.0/networks/ce57b1c4-d021-4b89-9b41-0ce04e817105?fields=provider%3Aphysical_network&fields=provider%3Anetwork_type HTTP/1.1" status: 200 len: 277 time: 0.1221306
2026-07-21 22:11:04.334 9 INFO neutron.wsgi [-] 10.0.0.237 "GET / HTTP/1.1" status: 200 len: 247 time: 0.0021818
2026-07-21 22:11:04.336 9 INFO neutron.wsgi [-] 10.0.0.237 "GET / HTTP/1.1" status: 200 len: 247 time: 0.0011759
2026-07-21 22:11:04.612 10 INFO neutron.db.ovn_revision_numbers_db [None req-23b69857-0848-41f6-bdef-cf138be61e50 - - - - - -] Successfully bumped revision number for resource 36f80c85-36d5-44a7-962e-adfbecf5f4f4 (type: ports) to 4
2026-07-21 22:11:04.648 10 INFO neutron.wsgi [None req-985b849c-0c24-457b-8277-4121101023cf 4c37e9f4c896406d872d78f3bed0c496 e63d6cf45fd5428990c817ab86d83169 - - default default] 10.0.0.24 "GET /v2.0/security-groups?tenant_id=424ab9e4889f4e38bc6aa7d093186412&name=default HTTP/1.1" status: 200 len: 2996 time: 0.4760747
2026-07-21 22:11:04.888 9 INFO neutron.wsgi [None req-d48efe62-3af5-43f9-99ec-34344bb63362 4c37e9f4c896406d872d78f3bed0c496 e63d6cf45fd5428990c817ab86d83169 - - default default] 10.0.0.24 "DELETE /v2.0/security-groups/d0ed113b-3c2f-440a-8d19-4a9dde4f7790 HTTP/1.1" status: 204 len: 168 time: 0.2339733
2026-07-21 22:11:05.135 10 INFO neutron.plugins.ml2.drivers.ovn.mech_driver.mech_driver [None req-23b69857-0848-41f6-bdef-cf138be61e50 - - - - - -] OVN reports status up for port: fa87da67-944f-431f-b21a-349bc5b18ef7
2026-07-21 22:11:05.163 10 INFO neutron.plugins.ml2.drivers.ovn.mech_driver.ovsdb.ovsdb_monitor [None req-18cc6619-e812-4b2c-9ca3-2bbcc2e8effb - - - - - -] Router 02cb56c2-c83b-4a36-bce5-f6fddd31cabf is bound to host instance
2026-07-21 22:11:05.173 10 INFO neutron.plugins.ml2.plugin [None req-23b69857-0848-41f6-bdef-cf138be61e50 - - - - - -] Attempt 1 to provision port fa87da67-944f-431f-b21a-349bc5b18ef7
2026-07-21 22:11:05.212 10 INFO neutron.db.ovn_revision_numbers_db [None req-e1b35a08-64e2-4a83-8b08-be1d50d31025 4c37e9f4c896406d872d78f3bed0c496 e63d6cf45fd5428990c817ab86d83169 - - default default] Successfully bumped revision number for resource fa87da67-944f-431f-b21a-349bc5b18ef7 (type: router_ports) to 1 /var/lib/openstack/lib/python3.10/site-packages/pycadf/identifier.py:71: UserWarning: Invalid uuid: neutron. To ensure interoperability, identifiers should be a valid uuid. warnings.warn(('Invalid uuid: %s. To ensure interoperability, '
2026-07-21 22:11:05.352 10 INFO neutron.wsgi [req-e586a4f8-a190-411d-b8fe-76479ddabd4b req-65265607-d757-4b00-809f-a50da10e2e2e a945ce985cb04fd2862f5d577f3e8df1 e76cb161f9fd4f728c52e009311795fd - - default default] 10.0.0.81 "GET /v2.0/ports?device_id=d98f65f6-25e2-4231-aff6-aa6c9bf08690 HTTP/1.1" status: 200 len: 1174 time: 0.1194832
2026-07-21 22:11:05.414 10 INFO neutron.db.ovn_revision_numbers_db [None req-e1b35a08-64e2-4a83-8b08-be1d50d31025 4c37e9f4c896406d872d78f3bed0c496 e63d6cf45fd5428990c817ab86d83169 - - default default] Successfully bumped revision number for resource 02cb56c2-c83b-4a36-bce5-f6fddd31cabf (type: routers) to 2
2026-07-21 22:11:05.452 10 INFO neutron.wsgi [req-e586a4f8-a190-411d-b8fe-76479ddabd4b req-7e6a43aa-5cdb-457e-830e-b97839e7b5f3 a945ce985cb04fd2862f5d577f3e8df1 e76cb161f9fd4f728c52e009311795fd - - default default] 10.0.0.81 "GET /v2.0/security-groups?id=f9e5c2e0-84fb-4497-8f50-de243638dc03&fields=id&fields=name HTTP/1.1" status: 200 len: 312 time: 0.0930481
2026-07-21 22:11:05.458 10 INFO neutron.wsgi [None req-e1b35a08-64e2-4a83-8b08-be1d50d31025 4c37e9f4c896406d872d78f3bed0c496 e63d6cf45fd5428990c817ab86d83169 - - default default] 10.0.0.24 "POST /v2.0/routers HTTP/1.1" status: 201 len: 879 time: 2.5684130
2026-07-21 22:11:05.592 10 INFO neutron.notifiers.nova [-] Nova event matching ['req-8dbc06fe-d795-441c-aeae-3b5462858b8d'] response: {'server_uuid': 'd98f65f6-25e2-4231-aff6-aa6c9bf08690', 'name': 'network-vif-plugged', 'status': 'completed', 'tag': '36f80c85-36d5-44a7-962e-adfbecf5f4f4', 'code': 200}
2026-07-21 22:11:05.593 10 INFO neutron.notifiers.nova [-] Nova event matching ['req-8dbc06fe-d795-441c-aeae-3b5462858b8d'] response: {'server_uuid': 'd98f65f6-25e2-4231-aff6-aa6c9bf08690', 'name': 'network-vif-plugged', 'status': 'completed', 'tag': '36f80c85-36d5-44a7-962e-adfbecf5f4f4', 'code': 200}
2026-07-21 22:11:06.135 10 INFO neutron.db.ovn_revision_numbers_db [None req-18cc6619-e812-4b2c-9ca3-2bbcc2e8effb - - - - - -] Successfully bumped revision number for resource fa87da67-944f-431f-b21a-349bc5b18ef7 (type: ports) to 1
2026-07-21 22:11:06.158 10 WARNING neutron.scheduler.dhcp_agent_scheduler [None req-653283bb-3846-45e5-8374-3ca04ea95c32 4c37e9f4c896406d872d78f3bed0c496 e63d6cf45fd5428990c817ab86d83169 - - default default] No more DHCP agents
2026-07-21 22:11:06.164 10 WARNING neutron.api.rpc.agentnotifiers.dhcp_rpc_agent_api [None req-653283bb-3846-45e5-8374-3ca04ea95c32 4c37e9f4c896406d872d78f3bed0c496 e63d6cf45fd5428990c817ab86d83169 - - default default] Unable to schedule network ba1aedc6-2d21-499e-86c8-a14efbef3659: no agents available; will retry on subsequent port and subnet creation events.
2026-07-21 22:11:06.736 10 INFO neutron.db.ovn_revision_numbers_db [None req-653283bb-3846-45e5-8374-3ca04ea95c32 4c37e9f4c896406d872d78f3bed0c496 e63d6cf45fd5428990c817ab86d83169 - - default default] Successfully bumped revision number for resource 5ed6490b-26fe-417d-9830-330fc7733094 (type: ports) to 1
2026-07-21 22:11:06.757 10 INFO neutron.wsgi [req-56902adf-496a-4c90-8db2-d35fa54f0736 req-db263ff6-6558-41d4-b32a-a6c60882cda2 a945ce985cb04fd2862f5d577f3e8df1 e76cb161f9fd4f728c52e009311795fd - - default default] 10.0.0.81 "GET /v2.0/ports?device_id=d98f65f6-25e2-4231-aff6-aa6c9bf08690 HTTP/1.1" status: 200 len: 1174 time: 0.0627432
2026-07-21 22:11:06.781 9 INFO neutron.wsgi [-] 10.0.0.24 "GET / HTTP/1.1" status: 200 len: 279 time: 0.0075026
2026-07-21 22:11:06.835 10 INFO neutron.wsgi [req-56902adf-496a-4c90-8db2-d35fa54f0736 req-70c2619b-01d1-4165-b4fa-345201cd413d a945ce985cb04fd2862f5d577f3e8df1 e76cb161f9fd4f728c52e009311795fd - - default default] 10.0.0.81 "GET /v2.0/security-groups?id=f9e5c2e0-84fb-4497-8f50-de243638dc03&fields=id&fields=name HTTP/1.1" status: 200 len: 312 time: 0.0674775
2026-07-21 22:11:06.881 10 INFO neutron.db.ovn_revision_numbers_db [None req-18cc6619-e812-4b2c-9ca3-2bbcc2e8effb - - - - - -] Successfully bumped revision number for resource fa87da67-944f-431f-b21a-349bc5b18ef7 (type: router_ports) to 3
2026-07-21 22:11:07.000 9 INFO neutron.wsgi [None req-64b00304-5f1d-4b4d-9858-2f1c869574bf 3f1296c27dc746a4993c8361bd1e1c24 e3aa93f79ea240de8c0c5d3720c99546 - - default default] 10.0.0.24 "GET /v2.0/ HTTP/1.1" status: 200 len: 826 time: 0.1994390
2026-07-21 22:11:07.023 9 INFO neutron.wsgi [req-57bf6f3d-5ae4-46ff-a108-57bd82062ad2 req-dd812271-10ce-45a1-9f5c-8eb392988853 a945ce985cb04fd2862f5d577f3e8df1 e76cb161f9fd4f728c52e009311795fd - - default default] 10.0.0.81 "GET /v2.0/ports?device_id=d98f65f6-25e2-4231-aff6-aa6c9bf08690 HTTP/1.1" status: 200 len: 1174 time: 0.1123388
2026-07-21 22:11:07.099 10 INFO neutron.db.ovn_revision_numbers_db [None req-18cc6619-e812-4b2c-9ca3-2bbcc2e8effb - - - - - -] Successfully bumped revision number for resource fa87da67-944f-431f-b21a-349bc5b18ef7 (type: ports) to 2
2026-07-21 22:11:07.474 10 INFO neutron.db.ovn_revision_numbers_db [None req-653283bb-3846-45e5-8374-3ca04ea95c32 4c37e9f4c896406d872d78f3bed0c496 e63d6cf45fd5428990c817ab86d83169 - - default default] Successfully bumped revision number for resource 5ed6490b-26fe-417d-9830-330fc7733094 (type: router_ports) to 1
2026-07-21 22:11:07.481 10 INFO neutron.db.ovn_revision_numbers_db [None req-18cc6619-e812-4b2c-9ca3-2bbcc2e8effb - - - - - -] Successfully bumped revision number for resource fa87da67-944f-431f-b21a-349bc5b18ef7 (type: ports) to 4
2026-07-21 22:11:07.561 9 INFO neutron.plugins.ml2.drivers.ovn.mech_driver.mech_driver [None req-8835f594-bc35-4410-94ff-92550b4c7f68 - - - - - -] OVN reports status up for port: 5ed6490b-26fe-417d-9830-330fc7733094
2026-07-21 22:11:07.591 9 INFO neutron.plugins.ml2.plugin [None req-8835f594-bc35-4410-94ff-92550b4c7f68 - - - - - -] Attempt 1 to provision port 5ed6490b-26fe-417d-9830-330fc7733094
2026-07-21 22:11:07.688 9 INFO neutron.db.l3_db [None req-274708fe-f235-46b8-b023-645fc0c2a5b5 a945ce985cb04fd2862f5d577f3e8df1 e76cb161f9fd4f728c52e009311795fd - - default default] Floating IP 67061b4c-edcd-40e4-8404-171e29c0d1de associated. External IP: 10.96.250.204, port: 36f80c85-36d5-44a7-962e-adfbecf5f4f4.
2026-07-21 22:11:07.794 10 INFO neutron.db.ovn_revision_numbers_db [None req-653283bb-3846-45e5-8374-3ca04ea95c32 4c37e9f4c896406d872d78f3bed0c496 e63d6cf45fd5428990c817ab86d83169 - - default default] Successfully bumped revision number for resource 5ed6490b-26fe-417d-9830-330fc7733094 (type: ports) to 1
2026-07-21 22:11:07.898 10 INFO neutron.db.ovn_revision_numbers_db [None req-18cc6619-e812-4b2c-9ca3-2bbcc2e8effb - - - - - -] Successfully bumped revision number for resource fa87da67-944f-431f-b21a-349bc5b18ef7 (type: router_ports) to 4
2026-07-21 22:11:07.945 10 WARNING neutron.scheduler.dhcp_agent_scheduler [None req-653283bb-3846-45e5-8374-3ca04ea95c32 4c37e9f4c896406d872d78f3bed0c496 e63d6cf45fd5428990c817ab86d83169 - - default default] No more DHCP agents
2026-07-21 22:11:07.953 10 WARNING neutron.api.rpc.agentnotifiers.dhcp_rpc_agent_api [None req-653283bb-3846-45e5-8374-3ca04ea95c32 4c37e9f4c896406d872d78f3bed0c496 e63d6cf45fd5428990c817ab86d83169 - - default default] Unable to schedule network ba1aedc6-2d21-499e-86c8-a14efbef3659: no agents available; will retry on subsequent port and subnet creation events.
2026-07-21 22:11:08.038 9 INFO neutron.db.ovn_revision_numbers_db [None req-274708fe-f235-46b8-b023-645fc0c2a5b5 a945ce985cb04fd2862f5d577f3e8df1 e76cb161f9fd4f728c52e009311795fd - - default default] Successfully bumped revision number for resource 67061b4c-edcd-40e4-8404-171e29c0d1de (type: floatingips) to 1
2026-07-21 22:11:08.097 10 INFO neutron.db.ovn_revision_numbers_db [None req-603d9c9e-e300-425e-9005-987eb45b9b13 4c37e9f4c896406d872d78f3bed0c496 e63d6cf45fd5428990c817ab86d83169 - - default default] Successfully bumped revision number for resource 9ea915f3-d103-4175-bba2-8af26ac0c57b (type: security_groups) to 1
2026-07-21 22:11:08.128 10 INFO neutron.db.ovn_revision_numbers_db [None req-603d9c9e-e300-425e-9005-987eb45b9b13 4c37e9f4c896406d872d78f3bed0c496 e63d6cf45fd5428990c817ab86d83169 - - default default] Successfully bumped revision number for resource 4252155b-829d-4b01-9e28-041c9126f67e (type: security_group_rules) to 0
2026-07-21 22:11:08.152 10 INFO neutron.db.ovn_revision_numbers_db [None req-603d9c9e-e300-425e-9005-987eb45b9b13 4c37e9f4c896406d872d78f3bed0c496 e63d6cf45fd5428990c817ab86d83169 - - default default] Successfully bumped revision number for resource 4a40c5be-31ad-42f8-89d1-6b0a4761aa05 (type: security_group_rules) to 0
2026-07-21 22:11:08.171 9 INFO neutron.db.ovn_revision_numbers_db [None req-8835f594-bc35-4410-94ff-92550b4c7f68 - - - - - -] Successfully bumped revision number for resource 5ed6490b-26fe-417d-9830-330fc7733094 (type: ports) to 2
2026-07-21 22:11:08.199 10 INFO neutron.db.ovn_revision_numbers_db [None req-603d9c9e-e300-425e-9005-987eb45b9b13 4c37e9f4c896406d872d78f3bed0c496 e63d6cf45fd5428990c817ab86d83169 - - default default] Successfully bumped revision number for resource 838cbd8b-8b97-4962-aa28-bcd7f97063cf (type: security_group_rules) to 0
2026-07-21 22:11:08.215 9 INFO neutron.db.ovn_revision_numbers_db [None req-274708fe-f235-46b8-b023-645fc0c2a5b5 a945ce985cb04fd2862f5d577f3e8df1 e76cb161f9fd4f728c52e009311795fd - - default default] Successfully bumped revision number for resource 67061b4c-edcd-40e4-8404-171e29c0d1de (type: floatingips) to 2
2026-07-21 22:11:08.228 10 INFO neutron.db.ovn_revision_numbers_db [None req-603d9c9e-e300-425e-9005-987eb45b9b13 4c37e9f4c896406d872d78f3bed0c496 e63d6cf45fd5428990c817ab86d83169 - - default default] Successfully bumped revision number for resource e0377bb9-f6eb-4719-ab88-cfa1b792b8bd (type: security_group_rules) to 0
2026-07-21 22:11:08.252 9 INFO neutron.wsgi [None req-274708fe-f235-46b8-b023-645fc0c2a5b5 a945ce985cb04fd2862f5d577f3e8df1 e76cb161f9fd4f728c52e009311795fd - - default default] 10.0.0.24 "PUT /v2.0/floatingips/67061b4c-edcd-40e4-8404-171e29c0d1de HTTP/1.1" status: 200 len: 1050 time: 1.2102444
2026-07-21 22:11:08.263 10 INFO neutron.wsgi [None req-603d9c9e-e300-425e-9005-987eb45b9b13 4c37e9f4c896406d872d78f3bed0c496 e63d6cf45fd5428990c817ab86d83169 - - default default] 10.0.0.24 "GET /v2.0/security-groups?tenant_id=e3aa93f79ea240de8c0c5d3720c99546&name=default HTTP/1.1" status: 200 len: 2996 time: 0.5788634
2026-07-21 22:11:08.312 9 INFO neutron.notifiers.nova [-] Nova event matching ['req-4cf7f27d-2417-4988-9733-cfc48dd8b727'] response: {'name': 'network-changed', 'server_uuid': 'd98f65f6-25e2-4231-aff6-aa6c9bf08690', 'tag': '36f80c85-36d5-44a7-962e-adfbecf5f4f4', 'status': 'completed', 'code': 200}
2026-07-21 22:11:08.373 10 INFO neutron.wsgi [req-7f981274-0973-463c-8bb9-69a2cacae8dc req-6e92b557-b06f-43bb-8e36-08fa490c6d6c 294eab28782a44b793f68080f8646925 a2a1e0c2788048ff8492de98ea2929da - - 98c96a7a0f3343c0a18ad4bd9845e374 98c96a7a0f3343c0a18ad4bd9845e374] 199.204.45.72 "GET /v2.0/ports?tenant_id=e76cb161f9fd4f728c52e009311795fd&device_id=d98f65f6-25e2-4231-aff6-aa6c9bf08690 HTTP/1.1" status: 200 len: 1413 time: 0.0422709
2026-07-21 22:11:08.375 9 INFO neutron.wsgi [req-a9ad75ed-bab5-4794-8f6f-8b5cff956db9 req-13fc04c8-e2be-48a1-8f8a-bf9aa21e4bf3 a945ce985cb04fd2862f5d577f3e8df1 e76cb161f9fd4f728c52e009311795fd - - default default] 10.0.0.81 "GET /v2.0/ports?device_id=d98f65f6-25e2-4231-aff6-aa6c9bf08690 HTTP/1.1" status: 200 len: 1174 time: 0.0581958
2026-07-21 22:11:08.434 9 INFO neutron.db.ovn_revision_numbers_db [None req-8835f594-bc35-4410-94ff-92550b4c7f68 - - - - - -] Successfully bumped revision number for resource 5ed6490b-26fe-417d-9830-330fc7733094 (type: router_ports) to 2
2026-07-21 22:11:08.461 9 INFO neutron.wsgi [req-a9ad75ed-bab5-4794-8f6f-8b5cff956db9 req-716c01a6-e081-42bb-8ca1-bbb7fe36fcff a945ce985cb04fd2862f5d577f3e8df1 e76cb161f9fd4f728c52e009311795fd - - default default] 10.0.0.81 "GET /v2.0/security-groups?id=f9e5c2e0-84fb-4497-8f50-de243638dc03&fields=id&fields=name HTTP/1.1" status: 200 len: 312 time: 0.0786285
2026-07-21 22:11:08.502 10 INFO neutron.wsgi [req-7f981274-0973-463c-8bb9-69a2cacae8dc req-4d5fcd60-a825-41cc-a161-21e44086879e 294eab28782a44b793f68080f8646925 a2a1e0c2788048ff8492de98ea2929da - - 98c96a7a0f3343c0a18ad4bd9845e374 98c96a7a0f3343c0a18ad4bd9845e374] 199.204.45.72 "GET /v2.0/networks?id=505bd670-965f-4452-bd4e-c1bfb3843020 HTTP/1.1" status: 200 len: 968 time: 0.1117806
2026-07-21 22:11:08.584 10 INFO neutron.wsgi [req-7f981274-0973-463c-8bb9-69a2cacae8dc req-bdca7a03-c0f2-4536-be88-0da1a0919897 294eab28782a44b793f68080f8646925 a2a1e0c2788048ff8492de98ea2929da - - 98c96a7a0f3343c0a18ad4bd9845e374 98c96a7a0f3343c0a18ad4bd9845e374] 199.204.45.72 "GET /v2.0/floatingips?fixed_ip_address=10.100.0.13&port_id=36f80c85-36d5-44a7-962e-adfbecf5f4f4 HTTP/1.1" status: 200 len: 1060 time: 0.0741067
2026-07-21 22:11:08.609 9 INFO neutron.wsgi [None req-60410fec-1589-4677-819c-7d4692243730 4c37e9f4c896406d872d78f3bed0c496 e63d6cf45fd5428990c817ab86d83169 - - default default] 10.0.0.24 "DELETE /v2.0/security-groups/9ea915f3-d103-4175-bba2-8af26ac0c57b HTTP/1.1" status: 204 len: 168 time: 0.3388329
