+ exec neutron-metadata-agent --config-file /etc/neutron/neutron.conf --config-file /tmp/pod-shared/neutron-agent.ini --config-file /etc/neutron/metadata_agent.ini /var/lib/openstack/lib/python3.10/site-packages/neutron/common/utils.py:54: UserWarning: pkg_resources is deprecated as an API. See https://setuptools.pypa.io/en/latest/pkg_resources.html. The pkg_resources package is slated for removal as early as 2025-11-30. Refrain from using this package or pin to Setuptools<81. import pkg_resources
2026-05-19 19:48:10.678 39 INFO neutron.common.config [-] Logging enabled!
2026-05-19 19:48:10.679 39 INFO neutron.common.config [-] /var/lib/openstack/bin/neutron-metadata-agent version 21.2.2.dev24 /var/lib/openstack/lib/python3.10/site-packages/memcache.py:1303: SyntaxWarning: "is" with a literal. Did you mean "=="? if key is '': /var/lib/openstack/lib/python3.10/site-packages/memcache.py:1304: SyntaxWarning: "is" with a literal. Did you mean "=="? if key_extra_len is 0:
2026-05-19 19:48:10.693 39 INFO oslo_service.service [None req-bfcb7d3e-c426-4817-bfa3-c016a4bc2a99 - - - - - -] Starting 2 workers
2026-05-19 19:48:10.702 47 INFO eventlet.wsgi.server [-] (47) wsgi starting up on http:/var/lib/neutron/openstack-helm/metadata_proxy
2026-05-19 19:48:10.705 48 INFO eventlet.wsgi.server [-] (48) wsgi starting up on http:/var/lib/neutron/openstack-helm/metadata_proxy
2026-05-19 19:48:52.083 47 INFO eventlet.wsgi.server [-] 169.254.169.254, "GET / HTTP/1.1" status: 404 len: 176 time: 0.1481800
2026-05-19 19:52:01.908 48 INFO eventlet.wsgi.server [-] 169.254.169.254, "GET / HTTP/1.1" status: 404 len: 176 time: 0.0094557
2026-05-19 19:55:11.930 47 INFO eventlet.wsgi.server [-] 169.254.169.254, "GET / HTTP/1.1" status: 404 len: 176 time: 0.0147986
2026-05-19 19:55:41.918 48 INFO eventlet.wsgi.server [-] 169.254.169.254, "GET / HTTP/1.1" status: 404 len: 176 time: 0.0095370
2026-05-19 19:58:21.909 47 INFO eventlet.wsgi.server [-] 169.254.169.254, "GET / HTTP/1.1" status: 404 len: 176 time: 0.0071175
2026-05-19 20:01:32.023 48 INFO eventlet.wsgi.server [-] 169.254.169.254, "GET / HTTP/1.1" status: 404 len: 176 time: 0.1002424
2026-05-19 20:04:41.933 47 INFO eventlet.wsgi.server [-] 169.254.169.254, "GET / HTTP/1.1" status: 404 len: 176 time: 0.0099633
2026-05-19 20:05:41.952 48 INFO eventlet.wsgi.server [-] 169.254.169.254, "GET / HTTP/1.1" status: 404 len: 176 time: 0.0105145
2026-05-19 20:07:51.895 48 INFO eventlet.wsgi.server [-] 169.254.169.254, "GET / HTTP/1.1" status: 404 len: 176 time: 0.0060556
2026-05-19 20:11:01.907 48 INFO eventlet.wsgi.server [-] 169.254.169.254, "GET / HTTP/1.1" status: 404 len: 176 time: 0.0045481
2026-05-19 20:14:11.966 48 INFO eventlet.wsgi.server [-] 169.254.169.254, "GET / HTTP/1.1" status: 404 len: 176 time: 0.0652454
2026-05-19 20:15:41.984 48 INFO eventlet.wsgi.server [-] 169.254.169.254, "GET / HTTP/1.1" status: 404 len: 176 time: 0.0052085
2026-05-19 20:17:21.931 47 INFO eventlet.wsgi.server [-] 169.254.169.254, "GET / HTTP/1.1" status: 404 len: 176 time: 0.0048771
2026-05-19 20:20:31.991 47 INFO eventlet.wsgi.server [-] 169.254.169.254, "GET / HTTP/1.1" status: 404 len: 176 time: 0.0252414
2026-05-19 20:22:11.049 47 INFO eventlet.wsgi.server [-] 10.100.0.9, "GET /2009-04-04/meta-data/instance-id HTTP/1.1" status: 200 len: 146 time: 1.1547093
2026-05-19 20:22:11.081 47 INFO eventlet.wsgi.server [-] 10.100.0.9, "GET /2009-04-04/meta-data/public-keys HTTP/1.1" status: 200 len: 163 time: 0.0238755
2026-05-19 20:22:11.102 47 INFO eventlet.wsgi.server [-] 10.100.0.9, "GET /2009-04-04/meta-data/public-keys/0/openssh-key HTTP/1.1" status: 200 len: 341 time: 0.0166621
2026-05-19 20:22:11.124 47 INFO eventlet.wsgi.server [-] 10.100.0.9, "GET /2009-04-04/meta-data/instance-id HTTP/1.1" status: 200 len: 146 time: 0.0120919
2026-05-19 20:22:11.156 47 INFO eventlet.wsgi.server [-] 10.100.0.9, "GET /2009-04-04/meta-data/ami-launch-index HTTP/1.1" status: 200 len: 136 time: 0.0232961
2026-05-19 20:22:11.239 47 INFO eventlet.wsgi.server [-] 10.100.0.9, "GET /2009-04-04/meta-data/instance-type HTTP/1.1" status: 200 len: 142 time: 0.0658448
2026-05-19 20:22:11.255 47 INFO eventlet.wsgi.server [-] 10.100.0.9, "GET /2009-04-04/meta-data/local-ipv4 HTTP/1.1" status: 200 len: 146 time: 0.0106342
2026-05-19 20:22:11.277 47 INFO eventlet.wsgi.server [-] 10.100.0.9, "GET /2009-04-04/meta-data/public-ipv4 HTTP/1.1" status: 200 len: 149 time: 0.0116844
2026-05-19 20:22:11.302 47 INFO eventlet.wsgi.server [-] 10.100.0.9, "GET /2009-04-04/meta-data/hostname HTTP/1.1" status: 200 len: 190 time: 0.0187278
2026-05-19 20:22:11.327 47 INFO eventlet.wsgi.server [-] 10.100.0.9, "GET /2009-04-04/meta-data/local-hostname HTTP/1.1" status: 200 len: 190 time: 0.0175281
2026-05-19 20:22:11.368 47 INFO eventlet.wsgi.server [-] 10.100.0.9, "GET /2009-04-04/user-data HTTP/1.1" status: 200 len: 231 time: 0.0261230
2026-05-19 20:22:11.391 47 INFO eventlet.wsgi.server [-] 10.100.0.9, "GET /2009-04-04/meta-data/block-device-mapping HTTP/1.1" status: 200 len: 143 time: 0.0180750
2026-05-19 20:22:11.416 48 INFO eventlet.wsgi.server [-] 10.100.0.9, "GET /2009-04-04/meta-data/block-device-mapping/ami HTTP/1.1" status: 200 len: 138 time: 0.0193768
2026-05-19 20:22:11.439 47 INFO eventlet.wsgi.server [-] 10.100.0.9, "GET /2009-04-04/meta-data/block-device-mapping/root HTTP/1.1" status: 200 len: 143 time: 0.0177517
2026-05-19 20:22:11.458 48 INFO eventlet.wsgi.server [-] 10.100.0.9, "GET /2009-04-04/meta-data/public-hostname HTTP/1.1" status: 200 len: 190 time: 0.0111437
2026-05-19 20:22:11.489 48 INFO eventlet.wsgi.server [-] 10.100.0.9, "GET /2009-04-04/meta-data/placement/availability-zone HTTP/1.1" status: 200 len: 139 time: 0.0231607
2026-05-19 20:22:18.289 47 INFO eventlet.wsgi.server [-] 10.100.0.6, "GET /2009-04-04/meta-data/instance-id HTTP/1.1" status: 200 len: 146 time: 0.5882638
2026-05-19 20:22:18.312 47 INFO eventlet.wsgi.server [-] 10.100.0.6, "GET /2009-04-04/meta-data/public-keys HTTP/1.1" status: 200 len: 164 time: 0.0124872
2026-05-19 20:22:18.333 47 INFO eventlet.wsgi.server [-] 10.100.0.6, "GET /2009-04-04/meta-data/public-keys/0/openssh-key HTTP/1.1" status: 200 len: 341 time: 0.0135384
2026-05-19 20:22:18.355 47 INFO eventlet.wsgi.server [-] 10.100.0.6, "GET /2009-04-04/meta-data/instance-id HTTP/1.1" status: 200 len: 146 time: 0.0149438
2026-05-19 20:22:18.386 48 INFO eventlet.wsgi.server [-] 10.100.0.6, "GET /2009-04-04/meta-data/ami-launch-index HTTP/1.1" status: 200 len: 136 time: 0.0198290
2026-05-19 20:22:18.406 48 INFO eventlet.wsgi.server [-] 10.100.0.6, "GET /2009-04-04/meta-data/instance-type HTTP/1.1" status: 200 len: 142 time: 0.0112040
2026-05-19 20:22:18.430 48 INFO eventlet.wsgi.server [-] 10.100.0.6, "GET /2009-04-04/meta-data/local-ipv4 HTTP/1.1" status: 200 len: 146 time: 0.0156674
2026-05-19 20:22:18.451 48 INFO eventlet.wsgi.server [-] 10.100.0.6, "GET /2009-04-04/meta-data/public-ipv4 HTTP/1.1" status: 200 len: 149 time: 0.0111551
2026-05-19 20:22:18.472 48 INFO eventlet.wsgi.server [-] 10.100.0.6, "GET /2009-04-04/meta-data/hostname HTTP/1.1" status: 200 len: 201 time: 0.0095098
2026-05-19 20:22:18.492 47 INFO eventlet.wsgi.server [-] 10.100.0.6, "GET /2009-04-04/meta-data/local-hostname HTTP/1.1" status: 200 len: 201 time: 0.0139925
2026-05-19 20:22:18.536 47 INFO eventlet.wsgi.server [-] 10.100.0.6, "GET /2009-04-04/user-data HTTP/1.1" status: 200 len: 231 time: 0.0188184
2026-05-19 20:22:18.558 47 INFO eventlet.wsgi.server [-] 10.100.0.6, "GET /2009-04-04/meta-data/block-device-mapping HTTP/1.1" status: 200 len: 143 time: 0.0148804
2026-05-19 20:22:18.585 47 INFO eventlet.wsgi.server [-] 10.100.0.6, "GET /2009-04-04/meta-data/block-device-mapping/ami HTTP/1.1" status: 200 len: 138 time: 0.0162091
2026-05-19 20:22:18.600 47 INFO eventlet.wsgi.server [-] 10.100.0.6, "GET /2009-04-04/meta-data/block-device-mapping/root HTTP/1.1" status: 200 len: 143 time: 0.0109711
2026-05-19 20:22:18.619 47 INFO eventlet.wsgi.server [-] 10.100.0.6, "GET /2009-04-04/meta-data/public-hostname HTTP/1.1" status: 200 len: 201 time: 0.0126939
2026-05-19 20:22:18.640 47 INFO eventlet.wsgi.server [-] 10.100.0.6, "GET /2009-04-04/meta-data/placement/availability-zone HTTP/1.1" status: 200 len: 139 time: 0.0163765
2026-05-19 20:22:28.811 48 INFO eventlet.wsgi.server [-] 10.100.0.9, "GET /2009-04-04/meta-data/instance-id HTTP/1.1" status: 200 len: 146 time: 0.2568591
2026-05-19 20:22:28.835 48 INFO eventlet.wsgi.server [-] 10.100.0.9, "GET /2009-04-04/meta-data/public-keys HTTP/1.1" status: 200 len: 163 time: 0.0122542
2026-05-19 20:22:28.851 48 INFO eventlet.wsgi.server [-] 10.100.0.9, "GET /2009-04-04/meta-data/public-keys/0/openssh-key HTTP/1.1" status: 200 len: 341 time: 0.0101790
2026-05-19 20:22:28.876 48 INFO eventlet.wsgi.server [-] 10.100.0.9, "GET /2009-04-04/meta-data/instance-id HTTP/1.1" status: 200 len: 146 time: 0.0138607
2026-05-19 20:22:28.893 48 INFO eventlet.wsgi.server [-] 10.100.0.9, "GET /2009-04-04/meta-data/ami-launch-index HTTP/1.1" status: 200 len: 136 time: 0.0132680
2026-05-19 20:22:28.911 48 INFO eventlet.wsgi.server [-] 10.100.0.9, "GET /2009-04-04/meta-data/instance-type HTTP/1.1" status: 200 len: 142 time: 0.0110536
2026-05-19 20:22:28.928 48 INFO eventlet.wsgi.server [-] 10.100.0.9, "GET /2009-04-04/meta-data/local-ipv4 HTTP/1.1" status: 200 len: 146 time: 0.0112698
2026-05-19 20:22:28.943 48 INFO eventlet.wsgi.server [-] 10.100.0.9, "GET /2009-04-04/meta-data/public-ipv4 HTTP/1.1" status: 200 len: 149 time: 0.0096872
2026-05-19 20:22:28.960 48 INFO eventlet.wsgi.server [-] 10.100.0.9, "GET /2009-04-04/meta-data/hostname HTTP/1.1" status: 200 len: 190 time: 0.0113454
2026-05-19 20:22:28.988 48 INFO eventlet.wsgi.server [-] 10.100.0.9, "GET /2009-04-04/meta-data/local-hostname HTTP/1.1" status: 200 len: 190 time: 0.0182867
2026-05-19 20:22:29.008 48 INFO eventlet.wsgi.server [-] 10.100.0.9, "GET /2009-04-04/user-data HTTP/1.1" status: 200 len: 231 time: 0.0122292
2026-05-19 20:22:29.031 48 INFO eventlet.wsgi.server [-] 10.100.0.9, "GET /2009-04-04/meta-data/block-device-mapping HTTP/1.1" status: 200 len: 143 time: 0.0164680
2026-05-19 20:22:29.048 48 INFO eventlet.wsgi.server [-] 10.100.0.9, "GET /2009-04-04/meta-data/block-device-mapping/ami HTTP/1.1" status: 200 len: 138 time: 0.0117583
2026-05-19 20:22:29.065 48 INFO eventlet.wsgi.server [-] 10.100.0.9, "GET /2009-04-04/meta-data/block-device-mapping/root HTTP/1.1" status: 200 len: 143 time: 0.0129158
2026-05-19 20:22:29.084 48 INFO eventlet.wsgi.server [-] 10.100.0.9, "GET /2009-04-04/meta-data/public-hostname HTTP/1.1" status: 200 len: 190 time: 0.0130708
2026-05-19 20:22:29.105 48 INFO eventlet.wsgi.server [-] 10.100.0.9, "GET /2009-04-04/meta-data/placement/availability-zone HTTP/1.1" status: 200 len: 139 time: 0.0130472
2026-05-19 20:23:41.997 48 INFO eventlet.wsgi.server [-] 169.254.169.254, "GET / HTTP/1.1" status: 404 len: 176 time: 0.0098879
2026-05-19 20:24:43.207 48 INFO eventlet.wsgi.server [-] 10.100.0.13, "GET /2009-04-04/meta-data/instance-id HTTP/1.1" status: 200 len: 146 time: 1.1529188
2026-05-19 20:24:43.231 47 INFO eventlet.wsgi.server [-] 10.100.0.13, "GET /2009-04-04/meta-data/public-keys HTTP/1.1" status: 200 len: 176 time: 0.0140026
2026-05-19 20:24:43.254 48 INFO eventlet.wsgi.server [-] 10.100.0.13, "GET /2009-04-04/meta-data/public-keys/0/openssh-key HTTP/1.1" status: 200 len: 341 time: 0.0168135
2026-05-19 20:24:43.270 48 INFO eventlet.wsgi.server [-] 10.100.0.13, "GET /2009-04-04/meta-data/instance-id HTTP/1.1" status: 200 len: 146 time: 0.0114555
2026-05-19 20:24:43.291 48 INFO eventlet.wsgi.server [-] 10.100.0.13, "GET /2009-04-04/meta-data/ami-launch-index HTTP/1.1" status: 200 len: 136 time: 0.0136473
2026-05-19 20:24:43.311 48 INFO eventlet.wsgi.server [-] 10.100.0.13, "GET /2009-04-04/meta-data/instance-type HTTP/1.1" status: 200 len: 142 time: 0.0125432
2026-05-19 20:24:43.333 48 INFO eventlet.wsgi.server [-] 10.100.0.13, "GET /2009-04-04/meta-data/local-ipv4 HTTP/1.1" status: 200 len: 147 time: 0.0142438
2026-05-19 20:24:43.355 47 INFO eventlet.wsgi.server [-] 10.100.0.13, "GET /2009-04-04/meta-data/public-ipv4 HTTP/1.1" status: 200 len: 149 time: 0.0138617
2026-05-19 20:24:43.373 47 INFO eventlet.wsgi.server [-] 10.100.0.13, "GET /2009-04-04/meta-data/hostname HTTP/1.1" status: 200 len: 191 time: 0.0120780
2026-05-19 20:24:43.388 48 INFO eventlet.wsgi.server [-] 10.100.0.13, "GET /2009-04-04/meta-data/local-hostname HTTP/1.1" status: 200 len: 191 time: 0.0098097
2026-05-19 20:24:43.445 47 INFO neutron.agent.metadata.agent [-] The instance: 9926687a-9228-40bb-b85e-a3f6133968db is not present anymore, skipping cache...
2026-05-19 20:24:43.496 47 INFO eventlet.wsgi.server [-] 10.100.0.13, "GET /2009-04-04/user-data HTTP/1.1" status: 404 len: 297 time: 0.0658557
2026-05-19 20:24:43.520 47 INFO eventlet.wsgi.server [-] 10.100.0.13, "GET /2009-04-04/meta-data/block-device-mapping HTTP/1.1" status: 200 len: 143 time: 0.0142145
2026-05-19 20:24:43.533 47 INFO eventlet.wsgi.server [-] 10.100.0.13, "GET /2009-04-04/meta-data/block-device-mapping/ami HTTP/1.1" status: 200 len: 138 time: 0.0095615
2026-05-19 20:24:43.551 47 INFO eventlet.wsgi.server [-] 10.100.0.13, "GET /2009-04-04/meta-data/block-device-mapping/root HTTP/1.1" status: 200 len: 143 time: 0.0143621
2026-05-19 20:24:43.574 47 INFO eventlet.wsgi.server [-] 10.100.0.13, "GET /2009-04-04/meta-data/public-hostname HTTP/1.1" status: 200 len: 191 time: 0.0159192
2026-05-19 20:24:43.596 48 INFO eventlet.wsgi.server [-] 10.100.0.13, "GET /2009-04-04/meta-data/placement/availability-zone HTTP/1.1" status: 200 len: 139 time: 0.0130508
2026-05-19 20:25:10.812 48 INFO eventlet.wsgi.server [-] 10.100.0.14, "GET /2009-04-04/meta-data/instance-id HTTP/1.1" status: 200 len: 146 time: 0.2228746
2026-05-19 20:25:10.834 48 INFO eventlet.wsgi.server [-] 10.100.0.14, "GET /2009-04-04/meta-data/public-keys HTTP/1.1" status: 200 len: 176 time: 0.0128579
2026-05-19 20:25:10.854 48 INFO eventlet.wsgi.server [-] 10.100.0.14, "GET /2009-04-04/meta-data/public-keys/0/openssh-key HTTP/1.1" status: 200 len: 341 time: 0.0144987
2026-05-19 20:25:10.875 48 INFO eventlet.wsgi.server [-] 10.100.0.14, "GET /2009-04-04/meta-data/instance-id HTTP/1.1" status: 200 len: 146 time: 0.0135343
2026-05-19 20:25:10.897 48 INFO eventlet.wsgi.server [-] 10.100.0.14, "GET /2009-04-04/meta-data/ami-launch-index HTTP/1.1" status: 200 len: 136 time: 0.0165224
2026-05-19 20:25:10.929 48 INFO eventlet.wsgi.server [-] 10.100.0.14, "GET /2009-04-04/meta-data/instance-type HTTP/1.1" status: 200 len: 142 time: 0.0225654
2026-05-19 20:25:10.951 47 INFO eventlet.wsgi.server [-] 10.100.0.14, "GET /2009-04-04/meta-data/local-ipv4 HTTP/1.1" status: 200 len: 147 time: 0.0149574
2026-05-19 20:25:10.973 47 INFO eventlet.wsgi.server [-] 10.100.0.14, "GET /2009-04-04/meta-data/public-ipv4 HTTP/1.1" status: 200 len: 149 time: 0.0168684
2026-05-19 20:25:10.992 47 INFO eventlet.wsgi.server [-] 10.100.0.14, "GET /2009-04-04/meta-data/hostname HTTP/1.1" status: 200 len: 191 time: 0.0112190
2026-05-19 20:25:11.023 47 INFO eventlet.wsgi.server [-] 10.100.0.14, "GET /2009-04-04/meta-data/local-hostname HTTP/1.1" status: 200 len: 191 time: 0.0215082
2026-05-19 20:25:11.058 47 INFO neutron.agent.metadata.agent [-] The instance: 0872d80d-4871-4148-bcf1-7b242e22c62a is not present anymore, skipping cache...
2026-05-19 20:25:11.105 47 INFO eventlet.wsgi.server [-] 10.100.0.14, "GET /2009-04-04/user-data HTTP/1.1" status: 404 len: 297 time: 0.0766723
2026-05-19 20:25:11.129 47 INFO eventlet.wsgi.server [-] 10.100.0.14, "GET /2009-04-04/meta-data/block-device-mapping HTTP/1.1" status: 200 len: 143 time: 0.0139751
2026-05-19 20:25:11.143 47 INFO eventlet.wsgi.server [-] 10.100.0.14, "GET /2009-04-04/meta-data/block-device-mapping/ami HTTP/1.1" status: 200 len: 138 time: 0.0105505
2026-05-19 20:25:11.160 47 INFO eventlet.wsgi.server [-] 10.100.0.14, "GET /2009-04-04/meta-data/block-device-mapping/root HTTP/1.1" status: 200 len: 143 time: 0.0128014
2026-05-19 20:25:11.179 47 INFO eventlet.wsgi.server [-] 10.100.0.14, "GET /2009-04-04/meta-data/public-hostname HTTP/1.1" status: 200 len: 191 time: 0.0140197
2026-05-19 20:25:11.199 47 INFO eventlet.wsgi.server [-] 10.100.0.14, "GET /2009-04-04/meta-data/placement/availability-zone HTTP/1.1" status: 200 len: 139 time: 0.0116096
2026-05-19 20:25:40.654 47 INFO eventlet.wsgi.server [-] 10.100.0.3, "GET /latest/meta-data/public-ipv4 HTTP/1.1" status: 200 len: 149 time: 0.9539781
2026-05-19 20:25:40.958 48 INFO eventlet.wsgi.server [-] 10.100.0.3, "POST /openstack/2013-10-17/password HTTP/1.1" status: 200 len: 134 time: 0.2155051
2026-05-19 20:25:42.150 48 INFO eventlet.wsgi.server [-] 169.254.169.254, "GET / HTTP/1.1" status: 404 len: 176 time: 0.0798728
2026-05-19 20:26:49.402 47 INFO eventlet.wsgi.server [-] 10.2.1.221, "GET /2009-04-04/meta-data/instance-id HTTP/1.1" status: 200 len: 146 time: 0.2146883
2026-05-19 20:26:49.436 47 INFO eventlet.wsgi.server [-] 10.2.1.221, "GET /2009-04-04/meta-data/public-keys HTTP/1.1" status: 200 len: 174 time: 0.0206552
2026-05-19 20:26:49.452 47 INFO eventlet.wsgi.server [-] 10.2.1.221, "GET /2009-04-04/meta-data/public-keys/0/openssh-key HTTP/1.1" status: 200 len: 341 time: 0.0117004
2026-05-19 20:26:49.476 47 INFO eventlet.wsgi.server [-] 10.2.1.221, "GET /2009-04-04/meta-data/instance-id HTTP/1.1" status: 200 len: 146 time: 0.0178599
2026-05-19 20:26:49.505 48 INFO eventlet.wsgi.server [-] 10.2.1.221, "GET /2009-04-04/meta-data/ami-launch-index HTTP/1.1" status: 200 len: 136 time: 0.0196662
2026-05-19 20:26:49.534 47 INFO eventlet.wsgi.server [-] 10.2.1.221, "GET /2009-04-04/meta-data/instance-type HTTP/1.1" status: 200 len: 142 time: 0.0175102
2026-05-19 20:26:49.554 47 INFO eventlet.wsgi.server [-] 10.2.1.221, "GET /2009-04-04/meta-data/local-ipv4 HTTP/1.1" status: 200 len: 146 time: 0.0134339
2026-05-19 20:26:49.576 47 INFO eventlet.wsgi.server [-] 10.2.1.221, "GET /2009-04-04/meta-data/public-ipv4 HTTP/1.1" status: 200 len: 149 time: 0.0166268
2026-05-19 20:26:49.602 47 INFO eventlet.wsgi.server [-] 10.2.1.221, "GET /2009-04-04/meta-data/hostname HTTP/1.1" status: 200 len: 184 time: 0.0163307
2026-05-19 20:26:49.629 47 INFO eventlet.wsgi.server [-] 10.2.1.221, "GET /2009-04-04/meta-data/local-hostname HTTP/1.1" status: 200 len: 184 time: 0.0191813
2026-05-19 20:26:49.658 48 INFO neutron.agent.metadata.agent [-] The instance: 0e0faff8-2e57-4158-b53e-35effe5f6bb7 is not present anymore, skipping cache...
2026-05-19 20:26:49.701 48 INFO eventlet.wsgi.server [-] 10.2.1.221, "GET /2009-04-04/user-data HTTP/1.1" status: 404 len: 297 time: 0.0555155
2026-05-19 20:26:49.734 47 INFO eventlet.wsgi.server [-] 10.2.1.221, "GET /2009-04-04/meta-data/block-device-mapping HTTP/1.1" status: 200 len: 143 time: 0.0185745
2026-05-19 20:26:49.754 48 INFO eventlet.wsgi.server [-] 10.2.1.221, "GET /2009-04-04/meta-data/block-device-mapping/ami HTTP/1.1" status: 200 len: 138 time: 0.0142813
2026-05-19 20:26:49.771 48 INFO eventlet.wsgi.server [-] 10.2.1.221, "GET /2009-04-04/meta-data/block-device-mapping/root HTTP/1.1" status: 200 len: 143 time: 0.0121520
2026-05-19 20:26:49.791 48 INFO eventlet.wsgi.server [-] 10.2.1.221, "GET /2009-04-04/meta-data/public-hostname HTTP/1.1" status: 200 len: 184 time: 0.0125651
2026-05-19 20:26:49.810 48 INFO eventlet.wsgi.server [-] 10.2.1.221, "GET /2009-04-04/meta-data/placement/availability-zone HTTP/1.1" status: 200 len: 139 time: 0.0122294
2026-05-19 20:26:51.962 48 INFO eventlet.wsgi.server [-] 169.254.169.254, "GET / HTTP/1.1" status: 404 len: 176 time: 0.0045450
2026-05-19 20:26:59.303 47 INFO eventlet.wsgi.server [-] 10.2.2.46, "GET /2009-04-04/meta-data/instance-id HTTP/1.1" status: 200 len: 146 time: 0.2034740
2026-05-19 20:26:59.330 47 INFO eventlet.wsgi.server [-] 10.2.2.46, "GET /2009-04-04/meta-data/public-keys HTTP/1.1" status: 200 len: 174 time: 0.0157070
2026-05-19 20:26:59.360 47 INFO eventlet.wsgi.server [-] 10.2.2.46, "GET /2009-04-04/meta-data/public-keys/0/openssh-key HTTP/1.1" status: 200 len: 341 time: 0.0214214
2026-05-19 20:26:59.379 47 INFO eventlet.wsgi.server [-] 10.2.2.46, "GET /2009-04-04/meta-data/instance-id HTTP/1.1" status: 200 len: 146 time: 0.0129528
2026-05-19 20:26:59.404 48 INFO eventlet.wsgi.server [-] 10.2.2.46, "GET /2009-04-04/meta-data/ami-launch-index HTTP/1.1" status: 200 len: 136 time: 0.0165143
2026-05-19 20:26:59.425 48 INFO eventlet.wsgi.server [-] 10.2.2.46, "GET /2009-04-04/meta-data/instance-type HTTP/1.1" status: 200 len: 142 time: 0.0142336
2026-05-19 20:26:59.441 48 INFO eventlet.wsgi.server [-] 10.2.2.46, "GET /2009-04-04/meta-data/local-ipv4 HTTP/1.1" status: 200 len: 144 time: 0.0114799
2026-05-19 20:26:59.461 48 INFO eventlet.wsgi.server [-] 10.2.2.46, "GET /2009-04-04/meta-data/public-ipv4 HTTP/1.1" status: 200 len: 149 time: 0.0155158
2026-05-19 20:26:59.486 48 INFO eventlet.wsgi.server [-] 10.2.2.46, "GET /2009-04-04/meta-data/hostname HTTP/1.1" status: 200 len: 185 time: 0.0171964
2026-05-19 20:26:59.515 48 INFO eventlet.wsgi.server [-] 10.2.2.46, "GET /2009-04-04/meta-data/local-hostname HTTP/1.1" status: 200 len: 185 time: 0.0226545
2026-05-19 20:26:59.556 48 INFO neutron.agent.metadata.agent [-] The instance: 03f9861b-b29a-4772-ba98-883d11447ed4 is not present anymore, skipping cache...
2026-05-19 20:26:59.602 48 INFO eventlet.wsgi.server [-] 10.2.2.46, "GET /2009-04-04/user-data HTTP/1.1" status: 404 len: 297 time: 0.0593870
2026-05-19 20:26:59.638 48 INFO eventlet.wsgi.server [-] 10.2.2.46, "GET /2009-04-04/meta-data/block-device-mapping HTTP/1.1" status: 200 len: 143 time: 0.0214870
2026-05-19 20:26:59.664 48 INFO eventlet.wsgi.server [-] 10.2.2.46, "GET /2009-04-04/meta-data/block-device-mapping/ami HTTP/1.1" status: 200 len: 138 time: 0.0151920
2026-05-19 20:26:59.686 48 INFO eventlet.wsgi.server [-] 10.2.2.46, "GET /2009-04-04/meta-data/block-device-mapping/root HTTP/1.1" status: 200 len: 143 time: 0.0132077
2026-05-19 20:26:59.708 48 INFO eventlet.wsgi.server [-] 10.2.2.46, "GET /2009-04-04/meta-data/public-hostname HTTP/1.1" status: 200 len: 185 time: 0.0130262
2026-05-19 20:26:59.733 48 INFO eventlet.wsgi.server [-] 10.2.2.46, "GET /2009-04-04/meta-data/placement/availability-zone HTTP/1.1" status: 200 len: 139 time: 0.0142326
2026-05-19 20:30:02.042 48 INFO eventlet.wsgi.server [-] 169.254.169.254, "GET / HTTP/1.1" status: 404 len: 176 time: 0.0067046
2026-05-19 20:33:12.019 47 INFO eventlet.wsgi.server [-] 169.254.169.254, "GET / HTTP/1.1" status: 404 len: 176 time: 0.0045538