+ COMMAND=start + start + for KEYSTONE_WSGI_SCRIPT in keystone-wsgi-public ++ type -p keystone-wsgi-public + cp -a /var/lib/openstack/bin/keystone-wsgi-public /var/www/cgi-bin/keystone/ + '[' -f /etc/apache2/envvars ']' + source /etc/apache2/envvars ++ unset HOME ++ '[' '' '!=' '' ']' ++ SUFFIX= ++ export APACHE_RUN_USER=www-data ++ APACHE_RUN_USER=www-data ++ export APACHE_RUN_GROUP=www-data ++ APACHE_RUN_GROUP=www-data ++ export APACHE_PID_FILE=/var/run/apache2/apache2.pid ++ APACHE_PID_FILE=/var/run/apache2/apache2.pid ++ export APACHE_RUN_DIR=/var/run/apache2 ++ APACHE_RUN_DIR=/var/run/apache2 ++ export APACHE_LOCK_DIR=/var/lock/apache2 ++ APACHE_LOCK_DIR=/var/lock/apache2 ++ export APACHE_LOG_DIR=/var/log/apache2 ++ APACHE_LOG_DIR=/var/log/apache2 ++ export LANG=C ++ LANG=C ++ export LANG + '[' -f /var/run/apache2/apache2.pid ']' + exec apache2 -DFOREGROUND AH00558: apache2: Could not reliably determine the server's fully qualified domain name, using 10.0.0.188. Set the 'ServerName' directive globally to suppress this message AH00558: apache2: Could not reliably determine the server's fully qualified domain name, using 10.0.0.188. Set the 'ServerName' directive globally to suppress this message
[Mon May 11 01:09:55.359549 2026] [mpm_event:notice] [pid 1:tid 140450805122944] AH00489: Apache/2.4.58 (Ubuntu) mod_wsgi/5.0.0 Python/3.12 configured -- resuming normal operations
[Mon May 11 01:09:55.359682 2026] [core:notice] [pid 1:tid 140450805122944] AH00094: Command line: 'apache2 -D FOREGROUND'
[Mon May 11 01:10:34.411037 2026] [wsgi:error] [pid 13:tid 140450168350400] /var/lib/openstack/lib/python3.12/site-packages/oslo_utils/importutils.py:77: EventletDeprecationWarning:
[Mon May 11 01:10:34.411088 2026] [wsgi:error] [pid 13:tid 140450168350400] Eventlet is deprecated. It is currently being maintained in bugfix mode, and
[Mon May 11 01:10:34.411090 2026] [wsgi:error] [pid 13:tid 140450168350400] we strongly recommend against using it for new projects.
[Mon May 11 01:10:34.411091 2026] [wsgi:error] [pid 13:tid 140450168350400]
[Mon May 11 01:10:34.411092 2026] [wsgi:error] [pid 13:tid 140450168350400] If you are already using Eventlet, we recommend migrating to a different
[Mon May 11 01:10:34.411093 2026] [wsgi:error] [pid 13:tid 140450168350400] framework. For more detail see
[Mon May 11 01:10:34.411094 2026] [wsgi:error] [pid 13:tid 140450168350400] https://eventlet.readthedocs.io/en/latest/asyncio/migration.html
[Mon May 11 01:10:34.411096 2026] [wsgi:error] [pid 13:tid 140450168350400]
[Mon May 11 01:10:34.411097 2026] [wsgi:error] [pid 13:tid 140450168350400] __import__(import_str) 10.0.0.168 - - [11/May/2026:01:10:33 +0000] "GET /v3/ HTTP/1.1" 200 250
[Mon May 11 01:10:39.782944 2026] [wsgi:error] [pid 12:tid 140450168350400] /var/lib/openstack/lib/python3.12/site-packages/oslo_utils/importutils.py:77: EventletDeprecationWarning:
[Mon May 11 01:10:39.782982 2026] [wsgi:error] [pid 12:tid 140450168350400] Eventlet is deprecated. It is currently being maintained in bugfix mode, and
[Mon May 11 01:10:39.782984 2026] [wsgi:error] [pid 12:tid 140450168350400] we strongly recommend against using it for new projects.
[Mon May 11 01:10:39.782985 2026] [wsgi:error] [pid 12:tid 140450168350400]
[Mon May 11 01:10:39.782986 2026] [wsgi:error] [pid 12:tid 140450168350400] If you are already using Eventlet, we recommend migrating to a different
[Mon May 11 01:10:39.782987 2026] [wsgi:error] [pid 12:tid 140450168350400] framework. For more detail see
[Mon May 11 01:10:39.782988 2026] [wsgi:error] [pid 12:tid 140450168350400] https://eventlet.readthedocs.io/en/latest/asyncio/migration.html
[Mon May 11 01:10:39.782990 2026] [wsgi:error] [pid 12:tid 140450168350400]
[Mon May 11 01:10:39.782991 2026] [wsgi:error] [pid 12:tid 140450168350400] __import__(import_str) 10.0.0.168 - - [11/May/2026:01:10:38 +0000] "GET /v3/ HTTP/1.1" 200 250
[Mon May 11 01:10:47.019396 2026] [wsgi:error] [pid 11:tid 140450168350400] /var/lib/openstack/lib/python3.12/site-packages/oslo_utils/importutils.py:77: EventletDeprecationWarning:
[Mon May 11 01:10:47.019464 2026] [wsgi:error] [pid 11:tid 140450168350400] Eventlet is deprecated. It is currently being maintained in bugfix mode, and
[Mon May 11 01:10:47.019466 2026] [wsgi:error] [pid 11:tid 140450168350400] we strongly recommend against using it for new projects.
[Mon May 11 01:10:47.019467 2026] [wsgi:error] [pid 11:tid 140450168350400]
[Mon May 11 01:10:47.019468 2026] [wsgi:error] [pid 11:tid 140450168350400] If you are already using Eventlet, we recommend migrating to a different
[Mon May 11 01:10:47.019470 2026] [wsgi:error] [pid 11:tid 140450168350400] framework. For more detail see
[Mon May 11 01:10:47.019471 2026] [wsgi:error] [pid 11:tid 140450168350400] https://eventlet.readthedocs.io/en/latest/asyncio/migration.html
[Mon May 11 01:10:47.019472 2026] [wsgi:error] [pid 11:tid 140450168350400]
[Mon May 11 01:10:47.019473 2026] [wsgi:error] [pid 11:tid 140450168350400] __import__(import_str) 10.0.0.55 - - [11/May/2026:01:10:46 +0000] "GET / HTTP/1.1" 300 295
[Mon May 11 01:10:52.487072 2026] [wsgi:error] [pid 10:tid 140450168350400] /var/lib/openstack/lib/python3.12/site-packages/oslo_utils/importutils.py:77: EventletDeprecationWarning:
[Mon May 11 01:10:52.487106 2026] [wsgi:error] [pid 10:tid 140450168350400] Eventlet is deprecated. It is currently being maintained in bugfix mode, and
[Mon May 11 01:10:52.487107 2026] [wsgi:error] [pid 10:tid 140450168350400] we strongly recommend against using it for new projects.
[Mon May 11 01:10:52.487109 2026] [wsgi:error] [pid 10:tid 140450168350400]
[Mon May 11 01:10:52.487110 2026] [wsgi:error] [pid 10:tid 140450168350400] If you are already using Eventlet, we recommend migrating to a different
[Mon May 11 01:10:52.487111 2026] [wsgi:error] [pid 10:tid 140450168350400] framework. For more detail see
[Mon May 11 01:10:52.487112 2026] [wsgi:error] [pid 10:tid 140450168350400] https://eventlet.readthedocs.io/en/latest/asyncio/migration.html
[Mon May 11 01:10:52.487113 2026] [wsgi:error] [pid 10:tid 140450168350400]
[Mon May 11 01:10:52.487114 2026] [wsgi:error] [pid 10:tid 140450168350400] __import__(import_str)
[Mon May 11 01:10:57.058153 2026] [wsgi:error] [pid 10:tid 140450168350400] [remote 10.0.0.55:43720] 2026-05-11 01:10:57.055 10 WARNING keystone.identity.core [None req-7018bd53-f6c3-4102-a0f5-d4d853e5d1da - - - - - -] Invalid domain name (atmosphere) found in config file name: keystone.exception.DomainNotFound: Could not find domain: atmosphere.
[Mon May 11 01:10:57.114300 2026] [wsgi:error] [pid 10:tid 140450168350400] [remote 10.0.0.55:43720] 2026-05-11 01:10:57.113 10 WARNING keystone.common.password_hashing [None req-7018bd53-f6c3-4102-a0f5-d4d853e5d1da - - - - - -] Truncating password to algorithm specific maximum length 72 characters.
[Mon May 11 01:10:57.417250 2026] [wsgi:error] [pid 10:tid 140450168350400] [remote 10.0.0.55:43720] 2026-05-11 01:10:57.417 10 WARNING keystone.common.fernet_utils [None req-7018bd53-f6c3-4102-a0f5-d4d853e5d1da - - - - - -] key_repository is world readable: /etc/keystone/fernet-keys/ 10.0.0.55 - - [11/May/2026:01:10:51 +0000] "POST /v3/auth/tokens HTTP/1.1" 201 1359
[Mon May 11 01:10:57.759592 2026] [wsgi:error] [pid 13:tid 140450168350400] [remote 10.0.0.55:43720] 2026-05-11 01:10:57.756 13 WARNING keystone.identity.core [None req-c63710a1-c5a4-4636-b70c-6653c8ea6743 - - - - - -] Invalid domain name (atmosphere) found in config file name: keystone.exception.DomainNotFound: Could not find domain: atmosphere. 10.0.0.55 - - [11/May/2026:01:10:57 +0000] "POST /v3/domains HTTP/1.1" 201 261 10.0.0.85 - - [11/May/2026:01:11:09 +0000] "GET / HTTP/1.1" 300 295
[Mon May 11 01:11:09.768387 2026] [wsgi:error] [pid 11:tid 140450168350400] [remote 10.0.0.85:41466] 2026-05-11 01:11:09.767 11 WARNING keystone.common.password_hashing [None req-5736efcd-b0b7-4039-8f2f-d5536fc7007d - - - - - -] Truncating password to algorithm specific maximum length 72 characters.
[Mon May 11 01:11:10.048437 2026] [wsgi:error] [pid 11:tid 140450168350400] [remote 10.0.0.85:41466] 2026-05-11 01:11:10.048 11 WARNING keystone.common.fernet_utils [None req-5736efcd-b0b7-4039-8f2f-d5536fc7007d - - - - - -] key_repository is world readable: /etc/keystone/fernet-keys/ 10.0.0.85 - - [11/May/2026:01:11:09 +0000] "POST /v3/auth/tokens HTTP/1.1" 201 1359 10.0.0.85 - - [11/May/2026:01:11:10 +0000] "GET /v3/roles/admin HTTP/1.1" 404 83
[Mon May 11 01:11:10.277967 2026] [wsgi:error] [pid 13:tid 140450168350400] [remote 10.0.0.85:41466] 2026-05-11 01:11:10.277 13 WARNING keystone.common.rbac_enforcer.enforcer [None req-7bc47587-5bc9-45cd-b07b-2f455a20b875 ad14b04668f24dbab4129a9723c1b3da 5e09051a66f64a99b9fdfe929128423b - - default default] Deprecated policy rules found. Use oslopolicy-policy-generator and oslopolicy-policy-upgrade to detect and resolve deprecated policies in your configuration. 10.0.0.85 - - [11/May/2026:01:11:10 +0000] "GET /v3/roles?name=admin HTTP/1.1" 200 389
[Mon May 11 01:11:10.662629 2026] [wsgi:error] [pid 12:tid 140450168350400] [remote 10.0.0.85:41466] 2026-05-11 01:11:10.662 12 WARNING keystone.common.rbac_enforcer.enforcer [None req-1413338c-3b43-4993-84c7-828852ef03f5 ad14b04668f24dbab4129a9723c1b3da 5e09051a66f64a99b9fdfe929128423b - - default default] Deprecated policy rules found. Use oslopolicy-policy-generator and oslopolicy-policy-upgrade to detect and resolve deprecated policies in your configuration. 10.0.0.85 - - [11/May/2026:01:11:10 +0000] "GET /v3/users/admin-RegionOne HTTP/1.1" 404 93
[Mon May 11 01:11:10.895142 2026] [wsgi:error] [pid 11:tid 140450168350400] [remote 10.0.0.85:41466] 2026-05-11 01:11:10.894 11 WARNING keystone.common.rbac_enforcer.enforcer [None req-bd436d0c-9b2f-4a2e-978a-d7533c8f9fa7 ad14b04668f24dbab4129a9723c1b3da 5e09051a66f64a99b9fdfe929128423b - - default default] Deprecated policy rules found. Use oslopolicy-policy-generator and oslopolicy-policy-upgrade to detect and resolve deprecated policies in your configuration. 10.0.0.85 - - [11/May/2026:01:11:10 +0000] "GET /v3/users?name=admin-RegionOne HTTP/1.1" 200 422
[Mon May 11 01:11:11.072313 2026] [wsgi:error] [pid 10:tid 140450168350400] [remote 10.0.0.85:41466] 2026-05-11 01:11:11.072 10 WARNING keystone.common.rbac_enforcer.enforcer [None req-9413305a-262f-46fe-8c94-d859834e84ee ad14b04668f24dbab4129a9723c1b3da 5e09051a66f64a99b9fdfe929128423b - - default default] Deprecated policy rules found. Use oslopolicy-policy-generator and oslopolicy-policy-upgrade to detect and resolve deprecated policies in your configuration. 10.0.0.85 - - [11/May/2026:01:11:10 +0000] "GET /v3/domains/default HTTP/1.1" 200 224 10.0.0.85 - - [11/May/2026:01:11:11 +0000] "PUT /v3/domains/default/users/ad14b04668f24dbab4129a9723c1b3da/roles/98337fc66cac40cfa49542e7d44ceee9 HTTP/1.1" 204 - 10.0.0.168 - - [11/May/2026:01:11:21 +0000] "GET / HTTP/1.1" 300 280 10.0.0.168 - - [11/May/2026:01:11:23 +0000] "GET /v3 HTTP/1.1" 200 265
[Mon May 11 01:11:23.031207 2026] [wsgi:error] [pid 10:tid 140450168350400] [remote 10.0.0.168:40188] 2026-05-11 01:11:23.031 10 WARNING keystone.common.password_hashing [None req-187d50b1-a3c8-4b7b-a3d5-58a3b98a3b14 - - - - - -] Truncating password to algorithm specific maximum length 72 characters.
[Mon May 11 01:11:23.301551 2026] [wsgi:error] [pid 10:tid 140450168350400] [remote 10.0.0.168:40188] 2026-05-11 01:11:23.301 10 WARNING keystone.common.fernet_utils [None req-187d50b1-a3c8-4b7b-a3d5-58a3b98a3b14 - - - - - -] key_repository is world readable: /etc/keystone/fernet-keys/ 10.0.0.168 - - [11/May/2026:01:11:23 +0000] "POST /v3/auth/tokens HTTP/1.1" 201 1359 10.0.0.168 - - [11/May/2026:01:11:23 +0000] "GET / HTTP/1.1" 300 280 10.0.0.168 - - [11/May/2026:01:11:23 +0000] "GET /v3/domains/atmosphere HTTP/1.1" 404 90 10.0.0.168 - - [11/May/2026:01:11:23 +0000] "GET /v3/domains?name=atmosphere HTTP/1.1" 200 368 10.0.0.168 - - [11/May/2026:01:11:23 +0000] "GET /v3/domains/cd326b9b8ca4469a8d4f14b56958ba58 HTTP/1.1" 200 246 10.0.0.168 - - [11/May/2026:01:11:24 +0000] "GET /v3 HTTP/1.1" 200 265
[Mon May 11 01:11:24.379786 2026] [wsgi:error] [pid 12:tid 140450168350400] [remote 10.0.0.168:40188] 2026-05-11 01:11:24.379 12 WARNING keystone.common.password_hashing [None req-6a87b90f-9603-4faf-babb-92b97f65a844 - - - - - -] Truncating password to algorithm specific maximum length 72 characters.
[Mon May 11 01:11:24.655105 2026] [wsgi:error] [pid 12:tid 140450168350400] [remote 10.0.0.168:40188] 2026-05-11 01:11:24.654 12 WARNING keystone.common.fernet_utils [None req-6a87b90f-9603-4faf-babb-92b97f65a844 - - - - - -] key_repository is world readable: /etc/keystone/fernet-keys/ 10.0.0.168 - - [11/May/2026:01:11:24 +0000] "POST /v3/auth/tokens HTTP/1.1" 201 1359 10.0.0.168 - - [11/May/2026:01:11:24 +0000] "GET / HTTP/1.1" 300 280 10.0.0.168 - - [11/May/2026:01:11:24 +0000] "GET /v3/OS-FEDERATION/identity_providers/atmosphere HTTP/1.1" 404 101 10.0.0.168 - - [11/May/2026:01:11:24 +0000] "GET /v3/OS-FEDERATION/identity_providers HTTP/1.1" 200 155 10.0.0.168 - - [11/May/2026:01:11:24 +0000] "PUT /v3/OS-FEDERATION/identity_providers/atmosphere HTTP/1.1" 201 340 10.0.0.168 - - [11/May/2026:01:11:25 +0000] "GET /v3 HTTP/1.1" 200 265
[Mon May 11 01:11:25.464764 2026] [wsgi:error] [pid 10:tid 140450168350400] [remote 10.0.0.168:43046] 2026-05-11 01:11:25.464 10 WARNING keystone.common.password_hashing [None req-ec0ae0d0-cadc-4de7-bb47-4c51afc3400e - - - - - -] Truncating password to algorithm specific maximum length 72 characters.
[Mon May 11 01:11:25.744707 2026] [wsgi:error] [pid 10:tid 140450168350400] [remote 10.0.0.168:43046] 2026-05-11 01:11:25.744 10 WARNING keystone.common.fernet_utils [None req-ec0ae0d0-cadc-4de7-bb47-4c51afc3400e - - - - - -] key_repository is world readable: /etc/keystone/fernet-keys/ 10.0.0.168 - - [11/May/2026:01:11:25 +0000] "POST /v3/auth/tokens HTTP/1.1" 201 1359 10.0.0.168 - - [11/May/2026:01:11:25 +0000] "GET / HTTP/1.1" 300 280 10.0.0.168 - - [11/May/2026:01:11:25 +0000] "GET /v3/OS-FEDERATION/mappings/atmosphere-openid HTTP/1.1" 404 98 10.0.0.168 - - [11/May/2026:01:11:25 +0000] "GET /v3/OS-FEDERATION/mappings HTTP/1.1" 200 135 10.0.0.168 - - [11/May/2026:01:11:25 +0000] "PUT /v3/OS-FEDERATION/mappings/atmosphere-openid HTTP/1.1" 201 356 10.0.0.168 - - [11/May/2026:01:11:26 +0000] "GET /v3 HTTP/1.1" 200 265
[Mon May 11 01:11:26.538187 2026] [wsgi:error] [pid 12:tid 140450168350400] [remote 10.0.0.168:43046] 2026-05-11 01:11:26.537 12 WARNING keystone.common.password_hashing [None req-f19cdc8f-c6f9-4a79-aedc-347b059eb813 - - - - - -] Truncating password to algorithm specific maximum length 72 characters.
[Mon May 11 01:11:26.823430 2026] [wsgi:error] [pid 12:tid 140450168350400] [remote 10.0.0.168:43046] 2026-05-11 01:11:26.823 12 WARNING keystone.common.fernet_utils [None req-f19cdc8f-c6f9-4a79-aedc-347b059eb813 - - - - - -] key_repository is world readable: /etc/keystone/fernet-keys/ 10.0.0.168 - - [11/May/2026:01:11:26 +0000] "POST /v3/auth/tokens HTTP/1.1" 201 1359 10.0.0.168 - - [11/May/2026:01:11:26 +0000] "GET / HTTP/1.1" 300 280 10.0.0.168 - - [11/May/2026:01:11:26 +0000] "GET /v3/OS-FEDERATION/identity_providers/atmosphere/protocols/openid?idp_id=atmosphere HTTP/1.1" 404 131 10.0.0.168 - - [11/May/2026:01:11:26 +0000] "GET /v3/OS-FEDERATION/identity_providers/atmosphere/protocols HTTP/1.1" 200 167 10.0.0.168 - - [11/May/2026:01:11:26 +0000] "PUT /v3/OS-FEDERATION/identity_providers/atmosphere/protocols/openid HTTP/1.1" 201 222 10.0.0.168 - - [11/May/2026:01:11:33 +0000] "GET /v3/ HTTP/1.1" 200 250 10.0.0.168 - - [11/May/2026:01:11:33 +0000] "GET /v3/ HTTP/1.1" 200 250 10.0.0.168 - - [11/May/2026:01:12:33 +0000] "GET /v3/ HTTP/1.1" 200 250 10.0.0.168 - - [11/May/2026:01:12:33 +0000] "GET /v3/ HTTP/1.1" 200 250 10.0.0.202 - - [11/May/2026:01:12:49 +0000] "GET / HTTP/1.1" 300 295
[Mon May 11 01:12:49.201915 2026] [wsgi:error] [pid 10:tid 140450168350400] [remote 10.0.0.202:60996] 2026-05-11 01:12:49.201 10 WARNING keystone.common.password_hashing [None req-43012f22-a4b2-4b62-b5c7-430b2235a5a0 - - - - - -] Truncating password to algorithm specific maximum length 72 characters.
[Mon May 11 01:12:49.485426 2026] [wsgi:error] [pid 10:tid 140450168350400] [remote 10.0.0.202:60996] 2026-05-11 01:12:49.485 10 WARNING keystone.common.fernet_utils [None req-43012f22-a4b2-4b62-b5c7-430b2235a5a0 - - - - - -] key_repository is world readable: /etc/keystone/fernet-keys/ 10.0.0.202 - - [11/May/2026:01:12:49 +0000] "POST /v3/auth/tokens HTTP/1.1" 201 1359 10.0.0.202 - - [11/May/2026:01:12:49 +0000] "GET /v3/services HTTP/1.1" 200 355 10.0.0.202 - - [11/May/2026:01:12:53 +0000] "GET / HTTP/1.1" 300 295
[Mon May 11 01:12:53.201573 2026] [wsgi:error] [pid 11:tid 140450168350400] [remote 10.0.0.202:38740] 2026-05-11 01:12:53.201 11 WARNING keystone.common.password_hashing [None req-5fd93a4c-10e6-4769-8cc3-66eee6d8e6c8 - - - - - -] Truncating password to algorithm specific maximum length 72 characters.
[Mon May 11 01:12:53.501893 2026] [wsgi:error] [pid 11:tid 140450168350400] [remote 10.0.0.202:38740] 2026-05-11 01:12:53.501 11 WARNING keystone.common.fernet_utils [None req-5fd93a4c-10e6-4769-8cc3-66eee6d8e6c8 - - - - - -] key_repository is world readable: /etc/keystone/fernet-keys/ 10.0.0.202 - - [11/May/2026:01:12:53 +0000] "POST /v3/auth/tokens HTTP/1.1" 201 1359 10.0.0.202 - - [11/May/2026:01:12:53 +0000] "GET /v3/services HTTP/1.1" 200 355 10.0.0.202 - - [11/May/2026:01:12:56 +0000] "GET / HTTP/1.1" 300 295
[Mon May 11 01:12:56.941799 2026] [wsgi:error] [pid 13:tid 140450168350400] [remote 10.0.0.202:38756] 2026-05-11 01:12:56.941 13 WARNING keystone.common.password_hashing [None req-8d430912-9755-469f-8deb-ac80e17dd6d0 - - - - - -] Truncating password to algorithm specific maximum length 72 characters.
[Mon May 11 01:12:57.217177 2026] [wsgi:error] [pid 13:tid 140450168350400] [remote 10.0.0.202:38756] 2026-05-11 01:12:57.217 13 WARNING keystone.common.fernet_utils [None req-8d430912-9755-469f-8deb-ac80e17dd6d0 - - - - - -] key_repository is world readable: /etc/keystone/fernet-keys/ 10.0.0.202 - - [11/May/2026:01:12:56 +0000] "POST /v3/auth/tokens HTTP/1.1" 201 1359 10.0.0.202 - - [11/May/2026:01:12:57 +0000] "GET /v3/services HTTP/1.1" 200 355 10.0.0.202 - - [11/May/2026:01:13:00 +0000] "GET / HTTP/1.1" 300 295
[Mon May 11 01:13:00.653295 2026] [wsgi:error] [pid 12:tid 140450168350400] [remote 10.0.0.202:38770] 2026-05-11 01:13:00.653 12 WARNING keystone.common.password_hashing [None req-7b0c700a-0c59-43db-8bab-3cbc647ac5c6 - - - - - -] Truncating password to algorithm specific maximum length 72 characters.
[Mon May 11 01:13:00.927340 2026] [wsgi:error] [pid 12:tid 140450168350400] [remote 10.0.0.202:38770] 2026-05-11 01:13:00.927 12 WARNING keystone.common.fernet_utils [None req-7b0c700a-0c59-43db-8bab-3cbc647ac5c6 - - - - - -] key_repository is world readable: /etc/keystone/fernet-keys/ 10.0.0.202 - - [11/May/2026:01:13:00 +0000] "POST /v3/auth/tokens HTTP/1.1" 201 1359 10.0.0.202 - - [11/May/2026:01:13:01 +0000] "POST /v3/services HTTP/1.1" 201 296 10.0.0.63 - - [11/May/2026:01:13:11 +0000] "GET / HTTP/1.1" 300 295
[Mon May 11 01:13:11.522842 2026] [wsgi:error] [pid 10:tid 140450168350400] [remote 10.0.0.63:45484] 2026-05-11 01:13:11.522 10 WARNING keystone.common.password_hashing [None req-e70cacb7-ba36-44c9-bd4e-d49172356fe5 - - - - - -] Truncating password to algorithm specific maximum length 72 characters. 10.0.0.63 - - [11/May/2026:01:13:11 +0000] "GET / HTTP/1.1" 300 295
[Mon May 11 01:13:11.613128 2026] [wsgi:error] [pid 13:tid 140450168350400] [remote 10.0.0.63:45500] 2026-05-11 01:13:11.612 13 WARNING keystone.common.password_hashing [None req-eb772dcc-a19d-4d0a-b9ad-6fff561bb9cd - - - - - -] Truncating password to algorithm specific maximum length 72 characters. 10.0.0.63 - - [11/May/2026:01:13:11 +0000] "GET / HTTP/1.1" 300 295
[Mon May 11 01:13:11.632495 2026] [wsgi:error] [pid 12:tid 140450168350400] [remote 10.0.0.63:45514] 2026-05-11 01:13:11.632 12 WARNING keystone.common.password_hashing [None req-4f5c12b1-ca6b-4373-98f8-e2d6c6c63e4f - - - - - -] Truncating password to algorithm specific maximum length 72 characters.
[Mon May 11 01:13:11.810858 2026] [wsgi:error] [pid 10:tid 140450168350400] [remote 10.0.0.63:45484] 2026-05-11 01:13:11.810 10 WARNING keystone.common.fernet_utils [None req-e70cacb7-ba36-44c9-bd4e-d49172356fe5 - - - - - -] key_repository is world readable: /etc/keystone/fernet-keys/ 10.0.0.63 - - [11/May/2026:01:13:11 +0000] "POST /v3/auth/tokens HTTP/1.1" 201 1463
[Mon May 11 01:13:11.890619 2026] [wsgi:error] [pid 13:tid 140450168350400] [remote 10.0.0.63:45500] 2026-05-11 01:13:11.890 13 WARNING keystone.common.fernet_utils [None req-eb772dcc-a19d-4d0a-b9ad-6fff561bb9cd - - - - - -] key_repository is world readable: /etc/keystone/fernet-keys/ 10.0.0.63 - - [11/May/2026:01:13:11 +0000] "POST /v3/auth/tokens HTTP/1.1" 201 1463 10.0.0.63 - - [11/May/2026:01:13:11 +0000] "GET /v3/services HTTP/1.1" 200 639
[Mon May 11 01:13:11.993576 2026] [wsgi:error] [pid 12:tid 140450168350400] [remote 10.0.0.63:45514] 2026-05-11 01:13:11.993 12 WARNING keystone.common.fernet_utils [None req-4f5c12b1-ca6b-4373-98f8-e2d6c6c63e4f - - - - - -] key_repository is world readable: /etc/keystone/fernet-keys/ 10.0.0.63 - - [11/May/2026:01:13:11 +0000] "POST /v3/auth/tokens HTTP/1.1" 201 1463 10.0.0.63 - - [11/May/2026:01:13:12 +0000] "GET /v3/services HTTP/1.1" 200 639 10.0.0.63 - - [11/May/2026:01:13:12 +0000] "GET /v3/services HTTP/1.1" 200 639 10.0.0.63 - - [11/May/2026:01:13:13 +0000] "GET / HTTP/1.1" 300 295
[Mon May 11 01:13:13.349165 2026] [wsgi:error] [pid 12:tid 140450168350400] [remote 10.0.0.63:58704] 2026-05-11 01:13:13.349 12 WARNING keystone.common.password_hashing [None req-07bb916d-7eed-428a-b6e2-8d8ede1a1779 - - - - - -] Truncating password to algorithm specific maximum length 72 characters. 10.0.0.63 - - [11/May/2026:01:13:13 +0000] "GET / HTTP/1.1" 300 295
[Mon May 11 01:13:13.466613 2026] [wsgi:error] [pid 13:tid 140450168350400] [remote 10.0.0.63:58720] 2026-05-11 01:13:13.466 13 WARNING keystone.common.password_hashing [None req-531e3ff1-3932-46c9-aa9c-01d27c863664 - - - - - -] Truncating password to algorithm specific maximum length 72 characters. 10.0.0.63 - - [11/May/2026:01:13:13 +0000] "GET / HTTP/1.1" 300 295
[Mon May 11 01:13:13.488199 2026] [wsgi:error] [pid 10:tid 140450168350400] [remote 10.0.0.63:58730] 2026-05-11 01:13:13.488 10 WARNING keystone.common.password_hashing [None req-a53f8ab9-63a7-4e26-9a91-5d7abd9d47e7 - - - - - -] Truncating password to algorithm specific maximum length 72 characters.
[Mon May 11 01:13:13.631558 2026] [wsgi:error] [pid 12:tid 140450168350400] [remote 10.0.0.63:58704] 2026-05-11 01:13:13.631 12 WARNING keystone.common.fernet_utils [None req-07bb916d-7eed-428a-b6e2-8d8ede1a1779 - - - - - -] key_repository is world readable: /etc/keystone/fernet-keys/ 10.0.0.63 - - [11/May/2026:01:13:13 +0000] "POST /v3/auth/tokens HTTP/1.1" 201 1463
[Mon May 11 01:13:13.750403 2026] [wsgi:error] [pid 13:tid 140450168350400] [remote 10.0.0.63:58720] 2026-05-11 01:13:13.750 13 WARNING keystone.common.fernet_utils [None req-531e3ff1-3932-46c9-aa9c-01d27c863664 - - - - - -] key_repository is world readable: /etc/keystone/fernet-keys/ 10.0.0.63 - - [11/May/2026:01:13:13 +0000] "GET /v3/endpoints HTTP/1.1" 200 1226 10.0.0.63 - - [11/May/2026:01:13:13 +0000] "POST /v3/auth/tokens HTTP/1.1" 201 1463
[Mon May 11 01:13:13.767512 2026] [wsgi:error] [pid 10:tid 140450168350400] [remote 10.0.0.63:58730] 2026-05-11 01:13:13.767 10 WARNING keystone.common.fernet_utils [None req-a53f8ab9-63a7-4e26-9a91-5d7abd9d47e7 - - - - - -] key_repository is world readable: /etc/keystone/fernet-keys/ 10.0.0.63 - - [11/May/2026:01:13:13 +0000] "POST /v3/auth/tokens HTTP/1.1" 201 1463 10.0.0.63 - - [11/May/2026:01:13:13 +0000] "GET /v3/services/cf6c9bf6e53f4cdab30d3c3bd72205d0 HTTP/1.1" 200 233 10.0.0.63 - - [11/May/2026:01:13:13 +0000] "GET /v3/services/cf6c9bf6e53f4cdab30d3c3bd72205d0 HTTP/1.1" 200 233 10.0.0.63 - - [11/May/2026:01:13:13 +0000] "GET /v3/services/cf6c9bf6e53f4cdab30d3c3bd72205d0 HTTP/1.1" 200 233 10.0.0.63 - - [11/May/2026:01:13:13 +0000] "GET /v3/endpoints HTTP/1.1" 200 1226 10.0.0.63 - - [11/May/2026:01:13:13 +0000] "GET /v3/endpoints HTTP/1.1" 200 1226 10.0.0.63 - - [11/May/2026:01:13:13 +0000] "GET /v3/services/cf6c9bf6e53f4cdab30d3c3bd72205d0 HTTP/1.1" 200 233 10.0.0.63 - - [11/May/2026:01:13:13 +0000] "GET /v3/services/cf6c9bf6e53f4cdab30d3c3bd72205d0 HTTP/1.1" 200 233 10.0.0.63 - - [11/May/2026:01:13:13 +0000] "GET /v3/services/cf6c9bf6e53f4cdab30d3c3bd72205d0 HTTP/1.1" 200 233 10.0.0.63 - - [11/May/2026:01:13:13 +0000] "GET /v3/services/cf6c9bf6e53f4cdab30d3c3bd72205d0 HTTP/1.1" 200 233 10.0.0.63 - - [11/May/2026:01:13:13 +0000] "GET /v3/services/cf6c9bf6e53f4cdab30d3c3bd72205d0 HTTP/1.1" 200 233 10.0.0.63 - - [11/May/2026:01:13:13 +0000] "GET /v3/services/cf6c9bf6e53f4cdab30d3c3bd72205d0 HTTP/1.1" 200 233 10.0.0.63 - - [11/May/2026:01:13:15 +0000] "GET / HTTP/1.1" 300 295 10.0.0.63 - - [11/May/2026:01:13:15 +0000] "GET / HTTP/1.1" 300 295
[Mon May 11 01:13:15.248563 2026] [wsgi:error] [pid 12:tid 140450168350400] [remote 10.0.0.63:58746] 2026-05-11 01:13:15.248 12 WARNING keystone.common.password_hashing [None req-59c32b84-4c71-4cb3-a43f-309dc006fcf0 - - - - - -] Truncating password to algorithm specific maximum length 72 characters.
[Mon May 11 01:13:15.265306 2026] [wsgi:error] [pid 11:tid 140450168350400] [remote 10.0.0.63:58754] 2026-05-11 01:13:15.265 11 WARNING keystone.common.password_hashing [None req-4393b594-ddd7-4e1a-9dd1-c7adcccb2008 - - - - - -] Truncating password to algorithm specific maximum length 72 characters. 10.0.0.63 - - [11/May/2026:01:13:15 +0000] "GET / HTTP/1.1" 300 295
[Mon May 11 01:13:15.294356 2026] [wsgi:error] [pid 10:tid 140450168350400] [remote 10.0.0.63:58760] 2026-05-11 01:13:15.294 10 WARNING keystone.common.password_hashing [None req-d1d48e32-8f2c-48e1-abce-d5be148bc866 - - - - - -] Truncating password to algorithm specific maximum length 72 characters.
[Mon May 11 01:13:15.518471 2026] [wsgi:error] [pid 12:tid 140450168350400] [remote 10.0.0.63:58746] 2026-05-11 01:13:15.518 12 WARNING keystone.common.fernet_utils [None req-59c32b84-4c71-4cb3-a43f-309dc006fcf0 - - - - - -] key_repository is world readable: /etc/keystone/fernet-keys/ 10.0.0.63 - - [11/May/2026:01:13:15 +0000] "POST /v3/auth/tokens HTTP/1.1" 201 1463
[Mon May 11 01:13:15.558169 2026] [wsgi:error] [pid 11:tid 140450168350400] [remote 10.0.0.63:58754] 2026-05-11 01:13:15.557 11 WARNING keystone.common.fernet_utils [None req-4393b594-ddd7-4e1a-9dd1-c7adcccb2008 - - - - - -] key_repository is world readable: /etc/keystone/fernet-keys/ 10.0.0.63 - - [11/May/2026:01:13:15 +0000] "POST /v3/auth/tokens HTTP/1.1" 201 1463
[Mon May 11 01:13:15.570839 2026] [wsgi:error] [pid 10:tid 140450168350400] [remote 10.0.0.63:58760] 2026-05-11 01:13:15.570 10 WARNING keystone.common.fernet_utils [None req-d1d48e32-8f2c-48e1-abce-d5be148bc866 - - - - - -] key_repository is world readable: /etc/keystone/fernet-keys/ 10.0.0.63 - - [11/May/2026:01:13:15 +0000] "POST /v3/auth/tokens HTTP/1.1" 201 1463 10.0.0.63 - - [11/May/2026:01:13:15 +0000] "GET /v3/services/2cab70bb69da43ee80d3d1c8d0553f0a HTTP/1.1" 200 296 10.0.0.63 - - [11/May/2026:01:13:15 +0000] "GET /v3/regions/RegionOne HTTP/1.1" 200 173 10.0.0.63 - - [11/May/2026:01:13:15 +0000] "GET /v3/services/2cab70bb69da43ee80d3d1c8d0553f0a HTTP/1.1" 200 296 10.0.0.63 - - [11/May/2026:01:13:15 +0000] "GET /v3/services/2cab70bb69da43ee80d3d1c8d0553f0a HTTP/1.1" 200 296 10.0.0.63 - - [11/May/2026:01:13:15 +0000] "GET /v3/regions/RegionOne HTTP/1.1" 200 173 10.0.0.63 - - [11/May/2026:01:13:15 +0000] "GET /v3/regions/RegionOne HTTP/1.1" 200 173 10.0.0.63 - - [11/May/2026:01:13:15 +0000] "POST /v3/endpoints HTTP/1.1" 201 380 10.0.0.63 - - [11/May/2026:01:13:15 +0000] "POST /v3/endpoints HTTP/1.1" 201 369 10.0.0.63 - - [11/May/2026:01:13:15 +0000] "POST /v3/endpoints HTTP/1.1" 201 383 10.0.0.63 - - [11/May/2026:01:13:17 +0000] "GET / HTTP/1.1" 300 295
[Mon May 11 01:13:17.176718 2026] [wsgi:error] [pid 13:tid 140450168350400] [remote 10.0.0.63:58762] 2026-05-11 01:13:17.176 13 WARNING keystone.common.password_hashing [None req-cd5ef26b-950f-42ad-9b5c-8c056c45a0ec - - - - - -] Truncating password to algorithm specific maximum length 72 characters. 10.0.0.63 - - [11/May/2026:01:13:17 +0000] "GET / HTTP/1.1" 300 295
[Mon May 11 01:13:17.311990 2026] [wsgi:error] [pid 10:tid 140450168350400] [remote 10.0.0.63:58776] 2026-05-11 01:13:17.311 10 WARNING keystone.common.password_hashing [None req-e55151c0-aaef-49e2-90f1-2ccd284742b0 - - - - - -] Truncating password to algorithm specific maximum length 72 characters. 10.0.0.63 - - [11/May/2026:01:13:17 +0000] "GET / HTTP/1.1" 300 295
[Mon May 11 01:13:17.330436 2026] [wsgi:error] [pid 12:tid 140450168350400] [remote 10.0.0.63:58778] 2026-05-11 01:13:17.330 12 WARNING keystone.common.password_hashing [None req-80bb589d-cfbb-4828-aefb-9f21fea8bdd4 - - - - - -] Truncating password to algorithm specific maximum length 72 characters.
[Mon May 11 01:13:17.459828 2026] [wsgi:error] [pid 13:tid 140450168350400] [remote 10.0.0.63:58762] 2026-05-11 01:13:17.459 13 WARNING keystone.common.fernet_utils [None req-cd5ef26b-950f-42ad-9b5c-8c056c45a0ec - - - - - -] key_repository is world readable: /etc/keystone/fernet-keys/ 10.0.0.63 - - [11/May/2026:01:13:17 +0000] "POST /v3/auth/tokens HTTP/1.1" 201 1990
[Mon May 11 01:13:17.596030 2026] [wsgi:error] [pid 10:tid 140450168350400] [remote 10.0.0.63:58776] 2026-05-11 01:13:17.595 10 WARNING keystone.common.fernet_utils [None req-e55151c0-aaef-49e2-90f1-2ccd284742b0 - - - - - -] key_repository is world readable: /etc/keystone/fernet-keys/ 10.0.0.63 - - [11/May/2026:01:13:17 +0000] "GET /v3/endpoints/805f8b84db1f499481bc85c9145d4627 HTTP/1.1" 200 380 10.0.0.63 - - [11/May/2026:01:13:17 +0000] "POST /v3/auth/tokens HTTP/1.1" 201 1990
[Mon May 11 01:13:17.616865 2026] [wsgi:error] [pid 12:tid 140450168350400] [remote 10.0.0.63:58778] 2026-05-11 01:13:17.616 12 WARNING keystone.common.fernet_utils [None req-80bb589d-cfbb-4828-aefb-9f21fea8bdd4 - - - - - -] key_repository is world readable: /etc/keystone/fernet-keys/ 10.0.0.63 - - [11/May/2026:01:13:17 +0000] "GET /v3/services/2cab70bb69da43ee80d3d1c8d0553f0a HTTP/1.1" 200 296 10.0.0.63 - - [11/May/2026:01:13:17 +0000] "POST /v3/auth/tokens HTTP/1.1" 201 1990 10.0.0.63 - - [11/May/2026:01:13:17 +0000] "GET /v3/endpoints/412690541a014b1e9379edb5e9c4c97c HTTP/1.1" 200 369 10.0.0.63 - - [11/May/2026:01:13:17 +0000] "GET /v3/endpoints/f603e4327129420caaa7f02ba513258f HTTP/1.1" 200 383 10.0.0.63 - - [11/May/2026:01:13:17 +0000] "GET /v3/services/2cab70bb69da43ee80d3d1c8d0553f0a HTTP/1.1" 200 296 10.0.0.63 - - [11/May/2026:01:13:17 +0000] "GET /v3/services/2cab70bb69da43ee80d3d1c8d0553f0a HTTP/1.1" 200 296 10.0.0.89 - - [11/May/2026:01:13:28 +0000] "GET / HTTP/1.1" 300 295
[Mon May 11 01:13:28.544647 2026] [wsgi:error] [pid 10:tid 140450168350400] [remote 10.0.0.89:59974] 2026-05-11 01:13:28.544 10 WARNING keystone.common.password_hashing [None req-1f7acd3f-11d8-4491-811a-c4091eb4f7bb - - - - - -] Truncating password to algorithm specific maximum length 72 characters.
[Mon May 11 01:13:28.819608 2026] [wsgi:error] [pid 10:tid 140450168350400] [remote 10.0.0.89:59974] 2026-05-11 01:13:28.819 10 WARNING keystone.common.fernet_utils [None req-1f7acd3f-11d8-4491-811a-c4091eb4f7bb - - - - - -] key_repository is world readable: /etc/keystone/fernet-keys/ 10.0.0.89 - - [11/May/2026:01:13:28 +0000] "POST /v3/auth/tokens HTTP/1.1" 201 1990 10.0.0.89 - - [11/May/2026:01:13:28 +0000] "POST /v3/domains HTTP/1.1" 201 284 10.0.0.89 - - [11/May/2026:01:13:30 +0000] "GET / HTTP/1.1" 300 295
[Mon May 11 01:13:30.284422 2026] [wsgi:error] [pid 11:tid 140450168350400] [remote 10.0.0.89:59986] 2026-05-11 01:13:30.284 11 WARNING keystone.common.password_hashing [None req-b4c9d6e0-98fb-4840-b138-57129d23b773 - - - - - -] Truncating password to algorithm specific maximum length 72 characters.
[Mon May 11 01:13:30.555114 2026] [wsgi:error] [pid 11:tid 140450168350400] [remote 10.0.0.89:59986] 2026-05-11 01:13:30.554 11 WARNING keystone.common.fernet_utils [None req-b4c9d6e0-98fb-4840-b138-57129d23b773 - - - - - -] key_repository is world readable: /etc/keystone/fernet-keys/ 10.0.0.89 - - [11/May/2026:01:13:30 +0000] "POST /v3/auth/tokens HTTP/1.1" 201 1990
[Mon May 11 01:13:30.747068 2026] [wsgi:error] [pid 10:tid 140450168350400] [remote 10.0.0.89:59986] 2026-05-11 01:13:30.734 10 ERROR keystone.server.flask.application [None req-a6554d09-1313-4d84-bf2b-74ce798ccd90 ad14b04668f24dbab4129a9723c1b3da 5e09051a66f64a99b9fdfe929128423b - - default default] Conflict occurred attempting to store project - it is not permitted to have two projects acting as domains with the same name: service.: keystone.exception.Conflict: Conflict occurred attempting to store project - it is not permitted to have two projects acting as domains with the same name: service.
[Mon May 11 01:13:30.747091 2026] [wsgi:error] [pid 10:tid 140450168350400] [remote 10.0.0.89:59986] 2026-05-11 01:13:30.734 10 ERROR keystone.server.flask.application
Traceback (most recent call last):
[Mon May 11 01:13:30.747093 2026] [wsgi:error] [pid 10:tid 140450168350400] [remote 10.0.0.89:59986] 2026-05-11 01:13:30.734 10 ERROR keystone.server.flask.application
File "/var/lib/openstack/lib/python3.12/site-packages/sqlalchemy/engine/base.py", line 1967, in _exec_single_context
[Mon May 11 01:13:30.747095 2026] [wsgi:error] [pid 10:tid 140450168350400] [remote 10.0.0.89:59986] 2026-05-11 01:13:30.734 10 ERROR keystone.server.flask.application self.dialect.do_execute(
[Mon May 11 01:13:30.747096 2026] [wsgi:error] [pid 10:tid 140450168350400] [remote 10.0.0.89:59986] 2026-05-11 01:13:30.734 10 ERROR keystone.server.flask.application
File "/var/lib/openstack/lib/python3.12/site-packages/sqlalchemy/engine/default.py", line 952, in do_execute
[Mon May 11 01:13:30.747098 2026] [wsgi:error] [pid 10:tid 140450168350400] [remote 10.0.0.89:59986] 2026-05-11 01:13:30.734 10 ERROR keystone.server.flask.application cursor.execute(statement, parameters)
[Mon May 11 01:13:30.747099 2026] [wsgi:error] [pid 10:tid 140450168350400] [remote 10.0.0.89:59986] 2026-05-11 01:13:30.734 10 ERROR keystone.server.flask.application
File "/var/lib/openstack/lib/python3.12/site-packages/pymysql/cursors.py", line 157, in execute
[Mon May 11 01:13:30.747101 2026] [wsgi:error] [pid 10:tid 140450168350400] [remote 10.0.0.89:59986] 2026-05-11 01:13:30.734 10 ERROR keystone.server.flask.application result = self._query(query)
[Mon May 11 01:13:30.747102 2026] [wsgi:error] [pid 10:tid 140450168350400] [remote 10.0.0.89:59986] 2026-05-11 01:13:30.734 10 ERROR keystone.server.flask.application ^^^^^^^^^^^^^^^^^^
[Mon May 11 01:13:30.747103 2026] [wsgi:error] [pid 10:tid 140450168350400] [remote 10.0.0.89:59986] 2026-05-11 01:13:30.734 10 ERROR keystone.server.flask.application
File "/var/lib/openstack/lib/python3.12/site-packages/pymysql/cursors.py", line 328, in _query
[Mon May 11 01:13:30.747105 2026] [wsgi:error] [pid 10:tid 140450168350400] [remote 10.0.0.89:59986] 2026-05-11 01:13:30.734 10 ERROR keystone.server.flask.application conn.query(q)
[Mon May 11 01:13:30.747106 2026] [wsgi:error] [pid 10:tid 140450168350400] [remote 10.0.0.89:59986] 2026-05-11 01:13:30.734 10 ERROR keystone.server.flask.application
File "/var/lib/openstack/lib/python3.12/site-packages/pymysql/connections.py", line 575, in query
[Mon May 11 01:13:30.747108 2026] [wsgi:error] [pid 10:tid 140450168350400] [remote 10.0.0.89:59986] 2026-05-11 01:13:30.734 10 ERROR keystone.server.flask.application self._affected_rows = self._read_query_result(unbuffered=unbuffered)
[Mon May 11 01:13:30.747110 2026] [wsgi:error] [pid 10:tid 140450168350400] [remote 10.0.0.89:59986] 2026-05-11 01:13:30.734 10 ERROR keystone.server.flask.application ^^^^^^^^^^^^^^^^^^^^^^^^^^^^^^^^^^^^^^^^^^^^^^
[Mon May 11 01:13:30.747111 2026] [wsgi:error] [pid 10:tid 140450168350400] [remote 10.0.0.89:59986] 2026-05-11 01:13:30.734 10 ERROR keystone.server.flask.application
File "/var/lib/openstack/lib/python3.12/site-packages/pymysql/connections.py", line 826, in _read_query_result
[Mon May 11 01:13:30.747113 2026] [wsgi:error] [pid 10:tid 140450168350400] [remote 10.0.0.89:59986] 2026-05-11 01:13:30.734 10 ERROR keystone.server.flask.application result.read()
[Mon May 11 01:13:30.747116 2026] [wsgi:error] [pid 10:tid 140450168350400] [remote 10.0.0.89:59986] 2026-05-11 01:13:30.734 10 ERROR keystone.server.flask.application
File "/var/lib/openstack/lib/python3.12/site-packages/pymysql/connections.py", line 1203, in read
[Mon May 11 01:13:30.747117 2026] [wsgi:error] [pid 10:tid 140450168350400] [remote 10.0.0.89:59986] 2026-05-11 01:13:30.734 10 ERROR keystone.server.flask.application first_packet = self.connection._read_packet()
[Mon May 11 01:13:30.747119 2026] [wsgi:error] [pid 10:tid 140450168350400] [remote 10.0.0.89:59986] 2026-05-11 01:13:30.734 10 ERROR keystone.server.flask.application ^^^^^^^^^^^^^^^^^^^^^^^^^^^^^^
[Mon May 11 01:13:30.747120 2026] [wsgi:error] [pid 10:tid 140450168350400] [remote 10.0.0.89:59986] 2026-05-11 01:13:30.734 10 ERROR keystone.server.flask.application
File "/var/lib/openstack/lib/python3.12/site-packages/pymysql/connections.py", line 782, in _read_packet
[Mon May 11 01:13:30.747121 2026] [wsgi:error] [pid 10:tid 140450168350400] [remote 10.0.0.89:59986] 2026-05-11 01:13:30.734 10 ERROR keystone.server.flask.application packet.raise_for_error()
[Mon May 11 01:13:30.747123 2026] [wsgi:error] [pid 10:tid 140450168350400] [remote 10.0.0.89:59986] 2026-05-11 01:13:30.734 10 ERROR keystone.server.flask.application
File "/var/lib/openstack/lib/python3.12/site-packages/pymysql/protocol.py", line 219, in raise_for_error
[Mon May 11 01:13:30.747124 2026] [wsgi:error] [pid 10:tid 140450168350400] [remote 10.0.0.89:59986] 2026-05-11 01:13:30.734 10 ERROR keystone.server.flask.application err.raise_mysql_exception(self._data)
[Mon May 11 01:13:30.747125 2026] [wsgi:error] [pid 10:tid 140450168350400] [remote 10.0.0.89:59986] 2026-05-11 01:13:30.734 10 ERROR keystone.server.flask.application
File "/var/lib/openstack/lib/python3.12/site-packages/pymysql/err.py", line 150, in raise_mysql_exception
[Mon May 11 01:13:30.747127 2026] [wsgi:error] [pid 10:tid 140450168350400] [remote 10.0.0.89:59986] 2026-05-11 01:13:30.734 10 ERROR keystone.server.flask.application raise errorclass(errno, errval)
[Mon May 11 01:13:30.747128 2026] [wsgi:error] [pid 10:tid 140450168350400] [remote 10.0.0.89:59986] 2026-05-11 01:13:30.734 10 ERROR keystone.server.flask.application pymysql.err.IntegrityError: (1062, "Duplicate entry '<>-service' for key 'project.ixu_project_name_domain_id'")
[Mon May 11 01:13:30.747130 2026] [wsgi:error] [pid 10:tid 140450168350400] [remote 10.0.0.89:59986] 2026-05-11 01:13:30.734 10 ERROR keystone.server.flask.application
[Mon May 11 01:13:30.747131 2026] [wsgi:error] [pid 10:tid 140450168350400] [remote 10.0.0.89:59986] 2026-05-11 01:13:30.734 10 ERROR keystone.server.flask.application The above exception was the direct cause of the following exception:
[Mon May 11 01:13:30.747133 2026] [wsgi:error] [pid 10:tid 140450168350400] [remote 10.0.0.89:59986] 2026-05-11 01:13:30.734 10 ERROR keystone.server.flask.application
[Mon May 11 01:13:30.747134 2026] [wsgi:error] [pid 10:tid 140450168350400] [remote 10.0.0.89:59986] 2026-05-11 01:13:30.734 10 ERROR keystone.server.flask.application
Traceback (most recent call last):
[Mon May 11 01:13:30.747135 2026] [wsgi:error] [pid 10:tid 140450168350400] [remote 10.0.0.89:59986] 2026-05-11 01:13:30.734 10 ERROR keystone.server.flask.application
File "/var/lib/openstack/lib/python3.12/site-packages/keystone/common/sql/core.py", line 575, in wrapper
[Mon May 11 01:13:30.747137 2026] [wsgi:error] [pid 10:tid 140450168350400] [remote 10.0.0.89:59986] 2026-05-11 01:13:30.734 10 ERROR keystone.server.flask.application return method(*args, **kwargs)
[Mon May 11 01:13:30.747138 2026] [wsgi:error] [pid 10:tid 140450168350400] [remote 10.0.0.89:59986] 2026-05-11 01:13:30.734 10 ERROR keystone.server.flask.application ^^^^^^^^^^^^^^^^^^^^^^^
[Mon May 11 01:13:30.747139 2026] [wsgi:error] [pid 10:tid 140450168350400] [remote 10.0.0.89:59986] 2026-05-11 01:13:30.734 10 ERROR keystone.server.flask.application
File "/var/lib/openstack/lib/python3.12/site-packages/keystone/resource/backends/sql.py", line 278, in create_project
[Mon May 11 01:13:30.747142 2026] [wsgi:error] [pid 10:tid 140450168350400] [remote 10.0.0.89:59986] 2026-05-11 01:13:30.734 10 ERROR keystone.server.flask.application with sql.session_for_write() as session:
[Mon May 11 01:13:30.747143 2026] [wsgi:error] [pid 10:tid 140450168350400] [remote 10.0.0.89:59986] 2026-05-11 01:13:30.734 10 ERROR keystone.server.flask.application
File "/usr/lib/python3.12/contextlib.py", line 144, in __exit__
[Mon May 11 01:13:30.747151 2026] [wsgi:error] [pid 10:tid 140450168350400] [remote 10.0.0.89:59986] 2026-05-11 01:13:30.734 10 ERROR keystone.server.flask.application next(self.gen)
[Mon May 11 01:13:30.747153 2026] [wsgi:error] [pid 10:tid 140450168350400] [remote 10.0.0.89:59986] 2026-05-11 01:13:30.734 10 ERROR keystone.server.flask.application
File "/var/lib/openstack/lib/python3.12/site-packages/oslo_db/sqlalchemy/enginefacade.py", line 1175, in _transaction_scope
[Mon May 11 01:13:30.747154 2026] [wsgi:error] [pid 10:tid 140450168350400] [remote 10.0.0.89:59986] 2026-05-11 01:13:30.734 10 ERROR keystone.server.flask.application with current._produce_block(
[Mon May 11 01:13:30.747156 2026] [wsgi:error] [pid 10:tid 140450168350400] [remote 10.0.0.89:59986] 2026-05-11 01:13:30.734 10 ERROR keystone.server.flask.application
File "/usr/lib/python3.12/contextlib.py", line 144, in __exit__
[Mon May 11 01:13:30.747157 2026] [wsgi:error] [pid 10:tid 140450168350400] [remote 10.0.0.89:59986] 2026-05-11 01:13:30.734 10 ERROR keystone.server.flask.application next(self.gen)
[Mon May 11 01:13:30.747158 2026] [wsgi:error] [pid 10:tid 140450168350400] [remote 10.0.0.89:59986] 2026-05-11 01:13:30.734 10 ERROR keystone.server.flask.application
File "/var/lib/openstack/lib/python3.12/site-packages/oslo_db/sqlalchemy/enginefacade.py", line 837, in _session
[Mon May 11 01:13:30.747160 2026] [wsgi:error] [pid 10:tid 140450168350400] [remote 10.0.0.89:59986] 2026-05-11 01:13:30.734 10 ERROR keystone.server.flask.application with excutils.save_and_reraise_exception():
[Mon May 11 01:13:30.747161 2026] [wsgi:error] [pid 10:tid 140450168350400] [remote 10.0.0.89:59986] 2026-05-11 01:13:30.734 10 ERROR keystone.server.flask.application
File "/var/lib/openstack/lib/python3.12/site-packages/oslo_utils/excutils.py", line 271, in __exit__
[Mon May 11 01:13:30.747162 2026] [wsgi:error] [pid 10:tid 140450168350400] [remote 10.0.0.89:59986] 2026-05-11 01:13:30.734 10 ERROR keystone.server.flask.application self.force_reraise()
[Mon May 11 01:13:30.747164 2026] [wsgi:error] [pid 10:tid 140450168350400] [remote 10.0.0.89:59986] 2026-05-11 01:13:30.734 10 ERROR keystone.server.flask.application
File "/var/lib/openstack/lib/python3.12/site-packages/oslo_utils/excutils.py", line 233, in force_reraise
[Mon May 11 01:13:30.747165 2026] [wsgi:error] [pid 10:tid 140450168350400] [remote 10.0.0.89:59986] 2026-05-11 01:13:30.734 10 ERROR keystone.server.flask.application raise self.value
[Mon May 11 01:13:30.747166 2026] [wsgi:error] [pid 10:tid 140450168350400] [remote 10.0.0.89:59986] 2026-05-11 01:13:30.734 10 ERROR keystone.server.flask.application
File "/var/lib/openstack/lib/python3.12/site-packages/oslo_db/sqlalchemy/enginefacade.py", line 835, in _session
[Mon May 11 01:13:30.747168 2026] [wsgi:error] [pid 10:tid 140450168350400] [remote 10.0.0.89:59986] 2026-05-11 01:13:30.734 10 ERROR keystone.server.flask.application self._end_session_transaction(self.session)
[Mon May 11 01:13:30.747169 2026] [wsgi:error] [pid 10:tid 140450168350400] [remote 10.0.0.89:59986] 2026-05-11 01:13:30.734 10 ERROR keystone.server.flask.application
File "/var/lib/openstack/lib/python3.12/site-packages/oslo_db/sqlalchemy/enginefacade.py", line 748, in _end_session_transaction
[Mon May 11 01:13:30.747171 2026] [wsgi:error] [pid 10:tid 140450168350400] [remote 10.0.0.89:59986] 2026-05-11 01:13:30.734 10 ERROR keystone.server.flask.application session.commit()
[Mon May 11 01:13:30.747172 2026] [wsgi:error] [pid 10:tid 140450168350400] [remote 10.0.0.89:59986] 2026-05-11 01:13:30.734 10 ERROR keystone.server.flask.application
File "/var/lib/openstack/lib/python3.12/site-packages/sqlalchemy/orm/session.py", line 2030, in commit
[Mon May 11 01:13:30.747173 2026] [wsgi:error] [pid 10:tid 140450168350400] [remote 10.0.0.89:59986] 2026-05-11 01:13:30.734 10 ERROR keystone.server.flask.application trans.commit(_to_root=True)
[Mon May 11 01:13:30.747176 2026] [wsgi:error] [pid 10:tid 140450168350400] [remote 10.0.0.89:59986] 2026-05-11 01:13:30.734 10 ERROR keystone.server.flask.application File "", line 2, in commit
[Mon May 11 01:13:30.747177 2026] [wsgi:error] [pid 10:tid 140450168350400] [remote 10.0.0.89:59986] 2026-05-11 01:13:30.734 10 ERROR keystone.server.flask.application
File "/var/lib/openstack/lib/python3.12/site-packages/sqlalchemy/orm/state_changes.py", line 137, in _go
[Mon May 11 01:13:30.747178 2026] [wsgi:error] [pid 10:tid 140450168350400] [remote 10.0.0.89:59986] 2026-05-11 01:13:30.734 10 ERROR keystone.server.flask.application ret_value = fn(self, *arg, **kw)
[Mon May 11 01:13:30.747180 2026] [wsgi:error] [pid 10:tid 140450168350400] [remote 10.0.0.89:59986] 2026-05-11 01:13:30.734 10 ERROR keystone.server.flask.application ^^^^^^^^^^^^^^^^^^^^
[Mon May 11 01:13:30.747181 2026] [wsgi:error] [pid 10:tid 140450168350400] [remote 10.0.0.89:59986] 2026-05-11 01:13:30.734 10 ERROR keystone.server.flask.application
File "/var/lib/openstack/lib/python3.12/site-packages/sqlalchemy/orm/session.py", line 1311, in commit
[Mon May 11 01:13:30.747182 2026] [wsgi:error] [pid 10:tid 140450168350400] [remote 10.0.0.89:59986] 2026-05-11 01:13:30.734 10 ERROR keystone.server.flask.application self._prepare_impl()
[Mon May 11 01:13:30.747184 2026] [wsgi:error] [pid 10:tid 140450168350400] [remote 10.0.0.89:59986] 2026-05-11 01:13:30.734 10 ERROR keystone.server.flask.application File "", line 2, in _prepare_impl
[Mon May 11 01:13:30.747185 2026] [wsgi:error] [pid 10:tid 140450168350400] [remote 10.0.0.89:59986] 2026-05-11 01:13:30.734 10 ERROR keystone.server.flask.application
File "/var/lib/openstack/lib/python3.12/site-packages/sqlalchemy/orm/state_changes.py", line 137, in _go
[Mon May 11 01:13:30.747186 2026] [wsgi:error] [pid 10:tid 140450168350400] [remote 10.0.0.89:59986] 2026-05-11 01:13:30.734 10 ERROR keystone.server.flask.application ret_value = fn(self, *arg, **kw)
[Mon May 11 01:13:30.747188 2026] [wsgi:error] [pid 10:tid 140450168350400] [remote 10.0.0.89:59986] 2026-05-11 01:13:30.734 10 ERROR keystone.server.flask.application ^^^^^^^^^^^^^^^^^^^^
[Mon May 11 01:13:30.747192 2026] [wsgi:error] [pid 10:tid 140450168350400] [remote 10.0.0.89:59986] 2026-05-11 01:13:30.734 10 ERROR keystone.server.flask.application
File "/var/lib/openstack/lib/python3.12/site-packages/sqlalchemy/orm/session.py", line 1286, in _prepare_impl
[Mon May 11 01:13:30.747193 2026] [wsgi:error] [pid 10:tid 140450168350400] [remote 10.0.0.89:59986] 2026-05-11 01:13:30.734 10 ERROR keystone.server.flask.application self.session.flush()
[Mon May 11 01:13:30.747194 2026] [wsgi:error] [pid 10:tid 140450168350400] [remote 10.0.0.89:59986] 2026-05-11 01:13:30.734 10 ERROR keystone.server.flask.application
File "/var/lib/openstack/lib/python3.12/site-packages/sqlalchemy/orm/session.py", line 4331, in flush
[Mon May 11 01:13:30.747196 2026] [wsgi:error] [pid 10:tid 140450168350400] [remote 10.0.0.89:59986] 2026-05-11 01:13:30.734 10 ERROR keystone.server.flask.application self._flush(objects)
[Mon May 11 01:13:30.747198 2026] [wsgi:error] [pid 10:tid 140450168350400] [remote 10.0.0.89:59986] 2026-05-11 01:13:30.734 10 ERROR keystone.server.flask.application
File "/var/lib/openstack/lib/python3.12/site-packages/sqlalchemy/orm/session.py", line 4466, in _flush
[Mon May 11 01:13:30.747199 2026] [wsgi:error] [pid 10:tid 140450168350400] [remote 10.0.0.89:59986] 2026-05-11 01:13:30.734 10 ERROR keystone.server.flask.application with util.safe_reraise():
[Mon May 11 01:13:30.747201 2026] [wsgi:error] [pid 10:tid 140450168350400] [remote 10.0.0.89:59986] 2026-05-11 01:13:30.734 10 ERROR keystone.server.flask.application
File "/var/lib/openstack/lib/python3.12/site-packages/sqlalchemy/util/langhelpers.py", line 121, in __exit__
[Mon May 11 01:13:30.747202 2026] [wsgi:error] [pid 10:tid 140450168350400] [remote 10.0.0.89:59986] 2026-05-11 01:13:30.734 10 ERROR keystone.server.flask.application raise exc_value.with_traceback(exc_tb)
[Mon May 11 01:13:30.747203 2026] [wsgi:error] [pid 10:tid 140450168350400] [remote 10.0.0.89:59986] 2026-05-11 01:13:30.734 10 ERROR keystone.server.flask.application
File "/var/lib/openstack/lib/python3.12/site-packages/sqlalchemy/orm/session.py", line 4427, in _flush
[Mon May 11 01:13:30.747205 2026] [wsgi:error] [pid 10:tid 140450168350400] [remote 10.0.0.89:59986] 2026-05-11 01:13:30.734 10 ERROR keystone.server.flask.application flush_context.execute()
[Mon May 11 01:13:30.747207 2026] [wsgi:error] [pid 10:tid 140450168350400] [remote 10.0.0.89:59986] 2026-05-11 01:13:30.734 10 ERROR keystone.server.flask.application
File "/var/lib/openstack/lib/python3.12/site-packages/sqlalchemy/orm/unitofwork.py", line 466, in execute
