May 26 03:31:17.396774 np0000176385 devstack@neutron-api.service[103413]: INFO neutron.api.extensions [None req-cb98e7bc-c7fe-48d5-8e96-4b31e86a153d None None] Extension l3-conntrack-helper not supported by any of loaded plugins
May 26 03:31:17.396774 np0000176385 devstack@neutron-api.service[103413]: DEBUG neutron.api.extensions [None req-cb98e7bc-c7fe-48d5-8e96-4b31e86a153d None None] Loading extension file: l3_enable_default_route_bfd.py {{(pid=103413) _load_all_extensions_from_path /opt/stack/neutron/neutron/api/extensions.py:449}}
May 26 03:31:17.396843 np0000176385 devstack@neutron-api.service[103415]: DEBUG neutron.manager [None req-86288181-59a8-4a88-8d50-519385a4a097 None None] Loading services supported by the core plugin {{(pid=103415) _load_services_from_core_plugin /opt/stack/neutron/neutron/manager.py:170}}
May 26 03:31:17.396843 np0000176385 devstack@neutron-api.service[103415]: INFO neutron.plugins.ml2.managers [None req-86288181-59a8-4a88-8d50-519385a4a097 None None] Got port-security extension from driver 'port_security'
May 26 03:31:17.396967 np0000176385 devstack@neutron-api.service[103413]: DEBUG neutron.api.extensions [None req-cb98e7bc-c7fe-48d5-8e96-4b31e86a153d None None] Ext name="Enable Default Route BFD" alias="enable-default-route-bfd" description="Enables configurable BFD behavior for default routes" updated="2023-02-27T00:00:00-00:00" {{(pid=103413) _check_extension /opt/stack/neutron/neutron/api/extensions.py:415}}
May 26 03:31:17.397008 np0000176385 devstack@neutron-api.service[103415]: DEBUG neutron.manager [None req-86288181-59a8-4a88-8d50-519385a4a097 None None] Loading service plugins: ['ovn-router', 'auto_allocate', 'tag', 'timestamp', 'network_ip_availability', 'flavors', 'revisions'] {{(pid=103415) _load_service_plugins /opt/stack/neutron/neutron/manager.py:195}}
May 26 03:31:17.397071 np0000176385 devstack@neutron-api.service[103413]: INFO neutron.api.extensions [None req-cb98e7bc-c7fe-48d5-8e96-4b31e86a153d None None] Loaded extension: enable-default-route-bfd
May 26 03:31:17.397164 np0000176385 devstack@neutron-api.service[103415]: INFO neutron.manager [None req-86288181-59a8-4a88-8d50-519385a4a097 None None] Loading Plugin: ovn-router
May 26 03:31:17.397203 np0000176385 devstack@neutron-api.service[103413]: DEBUG neutron.api.extensions [None req-cb98e7bc-c7fe-48d5-8e96-4b31e86a153d None None] Loading extension file: l3_enable_default_route_ecmp.py {{(pid=103413) _load_all_extensions_from_path /opt/stack/neutron/neutron/api/extensions.py:449}}
May 26 03:31:17.397203 np0000176385 devstack@neutron-api.service[103413]: DEBUG neutron.api.extensions [None req-cb98e7bc-c7fe-48d5-8e96-4b31e86a153d None None] Ext name="Enable Default Route ECMP" alias="enable-default-route-ecmp" description="Enables configurable ECMP behavior for default routes" updated="2023-02-27T00:00:00-00:00" {{(pid=103413) _check_extension /opt/stack/neutron/neutron/api/extensions.py:415}}
May 26 03:31:17.397203 np0000176385 devstack@neutron-api.service[103413]: INFO neutron.api.extensions [None req-cb98e7bc-c7fe-48d5-8e96-4b31e86a153d None None] Loaded extension: enable-default-route-ecmp
May 26 03:31:17.397203 np0000176385 devstack@neutron-api.service[103413]: DEBUG neutron.api.extensions [None req-cb98e7bc-c7fe-48d5-8e96-4b31e86a153d None None] Loading extension file: l3_ext_gw_mode.py {{(pid=103413) _load_all_extensions_from_path /opt/stack/neutron/neutron/api/extensions.py:449}}
May 26 03:31:17.397203 np0000176385 devstack@neutron-api.service[103413]: DEBUG neutron.api.extensions [None req-cb98e7bc-c7fe-48d5-8e96-4b31e86a153d None None] Ext name="Neutron L3 Configurable external gateway mode" alias="ext-gw-mode" description="Extension of the router abstraction for specifying whether SNAT should occur on the external gateway" updated="2013-03-28T10:00:00-00:00" {{(pid=103413) _check_extension /opt/stack/neutron/neutron/api/extensions.py:415}}
May 26 03:31:17.397203 np0000176385 devstack@neutron-api.service[103413]: INFO neutron.api.extensions [None req-cb98e7bc-c7fe-48d5-8e96-4b31e86a153d None None] Loaded extension: ext-gw-mode
May 26 03:31:17.397203 np0000176385 devstack@neutron-api.service[103413]: DEBUG neutron.api.extensions [None req-cb98e7bc-c7fe-48d5-8e96-4b31e86a153d None None] Loading extension file: l3_ext_ha_mode.py {{(pid=103413) _load_all_extensions_from_path /opt/stack/neutron/neutron/api/extensions.py:449}}
May 26 03:31:17.397632 np0000176385 devstack@neutron-api.service[103413]: DEBUG neutron.api.extensions [None req-cb98e7bc-c7fe-48d5-8e96-4b31e86a153d None None] Ext name="HA Router extension" alias="l3-ha" description="Adds HA capability to routers." updated="2014-04-26T00:00:00-00:00" {{(pid=103413) _check_extension /opt/stack/neutron/neutron/api/extensions.py:415}}
May 26 03:31:17.397632 np0000176385 devstack@neutron-api.service[103413]: INFO neutron.api.extensions [None req-cb98e7bc-c7fe-48d5-8e96-4b31e86a153d None None] Loaded extension: l3-ha
May 26 03:31:17.397632 np0000176385 devstack@neutron-api.service[103413]: DEBUG neutron.api.extensions [None req-cb98e7bc-c7fe-48d5-8e96-4b31e86a153d None None] Loading extension file: l3_ext_ndp_proxy.py {{(pid=103413) _load_all_extensions_from_path /opt/stack/neutron/neutron/api/extensions.py:449}}
May 26 03:31:17.397632 np0000176385 devstack@neutron-api.service[103413]: DEBUG neutron.api.extensions [None req-cb98e7bc-c7fe-48d5-8e96-4b31e86a153d None None] Ext name="Router support to enable NDP proxy" alias="l3-ext-ndp-proxy" description="Router extension to enable ndp proxy" updated="2020-08-25T00:00:00-00:00" {{(pid=103413) _check_extension /opt/stack/neutron/neutron/api/extensions.py:415}}
May 26 03:31:17.397632 np0000176385 devstack@neutron-api.service[103413]: INFO neutron.api.extensions [None req-cb98e7bc-c7fe-48d5-8e96-4b31e86a153d None None] Extension l3-ext-ndp-proxy not supported by any of loaded plugins
May 26 03:31:17.397632 np0000176385 devstack@neutron-api.service[103413]: DEBUG neutron.api.extensions [None req-cb98e7bc-c7fe-48d5-8e96-4b31e86a153d None None] Loading extension file: l3_extra_gws.py {{(pid=103413) _load_all_extensions_from_path /opt/stack/neutron/neutron/api/extensions.py:449}}
May 26 03:31:17.397632 np0000176385 devstack@neutron-api.service[103413]: DEBUG neutron.api.extensions [None req-cb98e7bc-c7fe-48d5-8e96-4b31e86a153d None None] Ext name="Neutron L3 External Gateway Multihoming" alias="external-gateway-multihoming" description="Allow multiple external gateway ports per router" updated="2023-01-18T00:00:00-00:00" {{(pid=103413) _check_extension /opt/stack/neutron/neutron/api/extensions.py:415}}
May 26 03:31:17.398088 np0000176385 devstack@neutron-api.service[103413]: INFO neutron.api.extensions [None req-cb98e7bc-c7fe-48d5-8e96-4b31e86a153d None None] Loaded extension: external-gateway-multihoming
May 26 03:31:17.398088 np0000176385 devstack@neutron-api.service[103413]: DEBUG neutron.api.extensions [None req-cb98e7bc-c7fe-48d5-8e96-4b31e86a153d None None] Loading extension file: l3_flavors.py {{(pid=103413) _load_all_extensions_from_path /opt/stack/neutron/neutron/api/extensions.py:449}}
May 26 03:31:17.398088 np0000176385 devstack@neutron-api.service[103413]: DEBUG neutron.api.extensions [None req-cb98e7bc-c7fe-48d5-8e96-4b31e86a153d None None] Ext name="Router Flavor Extension" alias="l3-flavors" description="Flavor support for routers." updated="2016-05-17T00:00:00-00:00" {{(pid=103413) _check_extension /opt/stack/neutron/neutron/api/extensions.py:415}}
May 26 03:31:17.398088 np0000176385 devstack@neutron-api.service[103413]: INFO neutron.api.extensions [None req-cb98e7bc-c7fe-48d5-8e96-4b31e86a153d None None] Loaded extension: l3-flavors
May 26 03:31:17.398088 np0000176385 devstack@neutron-api.service[103413]: DEBUG neutron.api.extensions [None req-cb98e7bc-c7fe-48d5-8e96-4b31e86a153d None None] Loading extension file: l3_ndp_proxy.py {{(pid=103413) _load_all_extensions_from_path /opt/stack/neutron/neutron/api/extensions.py:449}}
May 26 03:31:17.398088 np0000176385 devstack@neutron-api.service[103413]: DEBUG neutron.api.extensions [None req-cb98e7bc-c7fe-48d5-8e96-4b31e86a153d None None] Ext name="name" alias="l3-ndp-proxy" description="description" updated="2021-06-29T10:00:00-00:00" {{(pid=103413) _check_extension /opt/stack/neutron/neutron/api/extensions.py:415}}
May 26 03:31:17.398088 np0000176385 devstack@neutron-api.service[103413]: INFO neutron.api.extensions [None req-cb98e7bc-c7fe-48d5-8e96-4b31e86a153d None None] Extension l3-ndp-proxy not supported by any of loaded plugins
May 26 03:31:17.398088 np0000176385 devstack@neutron-api.service[103413]: DEBUG neutron.api.extensions [None req-cb98e7bc-c7fe-48d5-8e96-4b31e86a153d None None] Loading extension file: l3_port_ip_change_not_allowed.py {{(pid=103413) _load_all_extensions_from_path /opt/stack/neutron/neutron/api/extensions.py:449}}
May 26 03:31:17.398531 np0000176385 devstack@neutron-api.service[103413]: DEBUG neutron.api.extensions [None req-cb98e7bc-c7fe-48d5-8e96-4b31e86a153d None None] Ext name="Prevent L3 router ports IP address change extension" alias="l3-port-ip-change-not-allowed" description="Prevent change of IP address for some L3 router ports" updated="2018-10-09T10:00:00-00:00" {{(pid=103413) _check_extension /opt/stack/neutron/neutron/api/extensions.py:415}}
May 26 03:31:17.398531 np0000176385 devstack@neutron-api.service[103413]: INFO neutron.api.extensions [None req-cb98e7bc-c7fe-48d5-8e96-4b31e86a153d None None] Extension l3-port-ip-change-not-allowed not supported by any of loaded plugins
May 26 03:31:17.398531 np0000176385 devstack@neutron-api.service[103413]: DEBUG neutron.api.extensions [None req-cb98e7bc-c7fe-48d5-8e96-4b31e86a153d None None] Loading extension file: l3agentscheduler.py {{(pid=103413) _load_all_extensions_from_path /opt/stack/neutron/neutron/api/extensions.py:449}}
May 26 03:31:17.398531 np0000176385 devstack@neutron-api.service[103413]: DEBUG neutron.api.extensions [None req-cb98e7bc-c7fe-48d5-8e96-4b31e86a153d None None] Ext name="L3 Agent Scheduler" alias="l3_agent_scheduler" description="Schedule routers among l3 agents" updated="2013-02-07T10:00:00-00:00" {{(pid=103413) _check_extension /opt/stack/neutron/neutron/api/extensions.py:415}}
May 26 03:31:17.398531 np0000176385 devstack@neutron-api.service[103413]: INFO neutron.api.extensions [None req-cb98e7bc-c7fe-48d5-8e96-4b31e86a153d None None] Extension l3_agent_scheduler not supported by any of loaded plugins
May 26 03:31:17.398531 np0000176385 devstack@neutron-api.service[103413]: DEBUG neutron.api.extensions [None req-cb98e7bc-c7fe-48d5-8e96-4b31e86a153d None None] Loading extension file: local_ip.py {{(pid=103413) _load_all_extensions_from_path /opt/stack/neutron/neutron/api/extensions.py:449}}
May 26 03:31:17.398531 np0000176385 devstack@neutron-api.service[103413]: DEBUG neutron.api.extensions [None req-cb98e7bc-c7fe-48d5-8e96-4b31e86a153d None None] Ext name="Local IP" alias="local_ip" description="Support Node Local Virtual IP" updated="2021-07-26T10:00:00-00:00" {{(pid=103413) _check_extension /opt/stack/neutron/neutron/api/extensions.py:415}}
May 26 03:31:17.398928 np0000176385 devstack@neutron-api.service[103413]: INFO neutron.api.extensions [None req-cb98e7bc-c7fe-48d5-8e96-4b31e86a153d None None] Extension local_ip not supported by any of loaded plugins
May 26 03:31:17.398928 np0000176385 devstack@neutron-api.service[103413]: DEBUG neutron.api.extensions [None req-cb98e7bc-c7fe-48d5-8e96-4b31e86a153d None None] Loading extension file: logging.py {{(pid=103413) _load_all_extensions_from_path /opt/stack/neutron/neutron/api/extensions.py:449}}
May 26 03:31:17.398928 np0000176385 devstack@neutron-api.service[103413]: DEBUG neutron.api.extensions [None req-cb98e7bc-c7fe-48d5-8e96-4b31e86a153d None None] Ext name="Logging API Extension" alias="logging" description="Provides a logging API for resources such as security group and firewall." updated="2017-01-01T10:00:00-00:00" {{(pid=103413) _check_extension /opt/stack/neutron/neutron/api/extensions.py:415}}
May 26 03:31:17.398928 np0000176385 devstack@neutron-api.service[103413]: INFO neutron.api.extensions [None req-cb98e7bc-c7fe-48d5-8e96-4b31e86a153d None None] Extension logging not supported by any of loaded plugins
May 26 03:31:17.398928 np0000176385 devstack@neutron-api.service[103413]: DEBUG neutron.api.extensions [None req-cb98e7bc-c7fe-48d5-8e96-4b31e86a153d None None] Loading extension file: metering.py {{(pid=103413) _load_all_extensions_from_path /opt/stack/neutron/neutron/api/extensions.py:449}}
May 26 03:31:17.398928 np0000176385 devstack@neutron-api.service[103413]: DEBUG neutron.api.extensions [None req-cb98e7bc-c7fe-48d5-8e96-4b31e86a153d None None] Ext name="Neutron Metering" alias="metering" description="Neutron Metering extension." updated="2013-06-12T10:00:00-00:00" {{(pid=103413) _check_extension /opt/stack/neutron/neutron/api/extensions.py:415}}
May 26 03:31:17.398928 np0000176385 devstack@neutron-api.service[103413]: INFO neutron.api.extensions [None req-cb98e7bc-c7fe-48d5-8e96-4b31e86a153d None None] Extension metering not supported by any of loaded plugins
May 26 03:31:17.398928 np0000176385 devstack@neutron-api.service[103413]: DEBUG neutron.api.extensions [None req-cb98e7bc-c7fe-48d5-8e96-4b31e86a153d None None] Loading extension file: metering_source_and_destination_fields.py {{(pid=103413) _load_all_extensions_from_path /opt/stack/neutron/neutron/api/extensions.py:449}}
May 26 03:31:17.399397 np0000176385 devstack@neutron-api.service[103413]: DEBUG neutron.api.extensions [None req-cb98e7bc-c7fe-48d5-8e96-4b31e86a153d None None] Ext name="Neutron Metering with source and destination filtering" alias="metering_source_and_destination_fields" description="Neutron Metering extension that enables the use of source and destination IP prefixes to create metering label rules." updated="2020-08-21T08:12:00-00:00" {{(pid=103413) _check_extension /opt/stack/neutron/neutron/api/extensions.py:415}}
May 26 03:31:17.399397 np0000176385 devstack@neutron-api.service[103413]: INFO neutron.api.extensions [None req-cb98e7bc-c7fe-48d5-8e96-4b31e86a153d None None] Extension metering_source_and_destination_fields not supported by any of loaded plugins
May 26 03:31:17.399397 np0000176385 devstack@neutron-api.service[103413]: DEBUG neutron.api.extensions [None req-cb98e7bc-c7fe-48d5-8e96-4b31e86a153d None None] Loading extension file: multiprovidernet.py {{(pid=103413) _load_all_extensions_from_path /opt/stack/neutron/neutron/api/extensions.py:449}}
May 26 03:31:17.399397 np0000176385 devstack@neutron-api.service[103413]: DEBUG neutron.api.extensions [None req-cb98e7bc-c7fe-48d5-8e96-4b31e86a153d None None] Ext name="Multi Provider Network" alias="multi-provider" description="Expose mapping of virtual networks to multiple physical networks" updated="2013-06-27T10:00:00-00:00" {{(pid=103413) _check_extension /opt/stack/neutron/neutron/api/extensions.py:415}}
May 26 03:31:17.399397 np0000176385 devstack@neutron-api.service[103413]: INFO neutron.api.extensions [None req-cb98e7bc-c7fe-48d5-8e96-4b31e86a153d None None] Loaded extension: multi-provider
May 26 03:31:17.399397 np0000176385 devstack@neutron-api.service[103413]: DEBUG neutron.api.extensions [None req-cb98e7bc-c7fe-48d5-8e96-4b31e86a153d None None] Loading extension file: netmtu.py {{(pid=103413) _load_all_extensions_from_path /opt/stack/neutron/neutron/api/extensions.py:449}}
May 26 03:31:17.399807 np0000176385 devstack@neutron-api.service[103413]: DEBUG neutron.api.extensions [None req-cb98e7bc-c7fe-48d5-8e96-4b31e86a153d None None] Ext name="Network MTU" alias="net-mtu" description="Provides MTU attribute for a network resource." updated="2015-03-25T10:00:00-00:00" {{(pid=103413) _check_extension /opt/stack/neutron/neutron/api/extensions.py:415}}
May 26 03:31:17.399807 np0000176385 devstack@neutron-api.service[103413]: INFO neutron.api.extensions [None req-cb98e7bc-c7fe-48d5-8e96-4b31e86a153d None None] Loaded extension: net-mtu
May 26 03:31:17.399807 np0000176385 devstack@neutron-api.service[103413]: DEBUG neutron.api.extensions [None req-cb98e7bc-c7fe-48d5-8e96-4b31e86a153d None None] Loading extension file: netmtu_writable.py {{(pid=103413) _load_all_extensions_from_path /opt/stack/neutron/neutron/api/extensions.py:449}}
May 26 03:31:17.399807 np0000176385 devstack@neutron-api.service[103413]: DEBUG neutron.api.extensions [None req-cb98e7bc-c7fe-48d5-8e96-4b31e86a153d None None] Ext name="Network MTU (writable)" alias="net-mtu-writable" description="Provides a writable MTU attribute for a network resource." updated="2017-07-12T00:00:00-00:00" {{(pid=103413) _check_extension /opt/stack/neutron/neutron/api/extensions.py:415}}
May 26 03:31:17.399807 np0000176385 devstack@neutron-api.service[103413]: INFO neutron.api.extensions [None req-cb98e7bc-c7fe-48d5-8e96-4b31e86a153d None None] Loaded extension: net-mtu-writable
May 26 03:31:17.399807 np0000176385 devstack@neutron-api.service[103413]: DEBUG neutron.api.extensions [None req-cb98e7bc-c7fe-48d5-8e96-4b31e86a153d None None] Loading extension file: network_availability_zone.py {{(pid=103413) _load_all_extensions_from_path /opt/stack/neutron/neutron/api/extensions.py:449}}
May 26 03:31:17.399807 np0000176385 devstack@neutron-api.service[103413]: DEBUG neutron.api.extensions [None req-cb98e7bc-c7fe-48d5-8e96-4b31e86a153d None None] Ext name="Network Availability Zone" alias="network_availability_zone" description="Availability zone support for network." updated="2015-01-01T10:00:00-00:00" {{(pid=103413) _check_extension /opt/stack/neutron/neutron/api/extensions.py:415}}
May 26 03:31:17.400147 np0000176385 devstack@neutron-api.service[103413]: INFO neutron.api.extensions [None req-cb98e7bc-c7fe-48d5-8e96-4b31e86a153d None None] Loaded extension: network_availability_zone
May 26 03:31:17.400147 np0000176385 devstack@neutron-api.service[103413]: DEBUG neutron.api.extensions [None req-cb98e7bc-c7fe-48d5-8e96-4b31e86a153d None None] Loading extension file: network_ha.py {{(pid=103413) _load_all_extensions_from_path /opt/stack/neutron/neutron/api/extensions.py:449}}
May 26 03:31:17.400275 np0000176385 devstack@neutron-api.service[103415]: DEBUG neutron_lib.callbacks.manager [None req-86288181-59a8-4a88-8d50-519385a4a097 None None] Subscribe: > router before_delete 55550000, False {{(pid=103415) subscribe /opt/stack/data/venv/lib/python3.12/site-packages/neutron_lib/callbacks/manager.py:52}}
May 26 03:31:17.400314 np0000176385 devstack@neutron-api.service[103413]: DEBUG neutron.api.extensions [None req-cb98e7bc-c7fe-48d5-8e96-4b31e86a153d None None] Ext name="Network HA creation flag" alias="network_ha" description="Network high availability creation flag." updated="2023-04-27T10:00:00-00:00" {{(pid=103413) _check_extension /opt/stack/neutron/neutron/api/extensions.py:415}}
May 26 03:31:17.400398 np0000176385 devstack@neutron-api.service[103415]: DEBUG neutron_lib.callbacks.manager [None req-86288181-59a8-4a88-8d50-519385a4a097 None None] Subscribe: port before_update 55550000, False {{(pid=103415) subscribe /opt/stack/data/venv/lib/python3.12/site-packages/neutron_lib/callbacks/manager.py:52}}
May 26 03:31:17.400398 np0000176385 devstack@neutron-api.service[103415]: DEBUG neutron_lib.callbacks.manager [None req-86288181-59a8-4a88-8d50-519385a4a097 None None] Subscribe: port after_update 55550000, False {{(pid=103415) subscribe /opt/stack/data/venv/lib/python3.12/site-packages/neutron_lib/callbacks/manager.py:52}}
May 26 03:31:17.400523 np0000176385 devstack@neutron-api.service[103413]: INFO neutron.api.extensions [None req-cb98e7bc-c7fe-48d5-8e96-4b31e86a153d None None] Extension network_ha not supported by any of loaded plugins
May 26 03:31:17.400523 np0000176385 devstack@neutron-api.service[103413]: DEBUG neutron.api.extensions [None req-cb98e7bc-c7fe-48d5-8e96-4b31e86a153d None None] Loading extension file: network_ip_availability.py {{(pid=103413) _load_all_extensions_from_path /opt/stack/neutron/neutron/api/extensions.py:449}}
May 26 03:31:17.400635 np0000176385 devstack@neutron-api.service[103415]: DEBUG neutron_lib.callbacks.manager [None req-86288181-59a8-4a88-8d50-519385a4a097 None None] Subscribe: > port precommit_delete 55550000, False {{(pid=103415) subscribe /opt/stack/data/venv/lib/python3.12/site-packages/neutron_lib/callbacks/manager.py:52}}
May 26 03:31:17.400635 np0000176385 devstack@neutron-api.service[103415]: DEBUG neutron_lib.callbacks.manager [None req-86288181-59a8-4a88-8d50-519385a4a097 None None] Subscribe: port before_update 55550000, False {{(pid=103415) subscribe /opt/stack/data/venv/lib/python3.12/site-packages/neutron_lib/callbacks/manager.py:52}}
May 26 03:31:17.400734 np0000176385 devstack@neutron-api.service[103413]: DEBUG neutron.api.extensions [None req-cb98e7bc-c7fe-48d5-8e96-4b31e86a153d None None] Ext name="Network IP Availability" alias="network-ip-availability" description="Provides IP availability data for each network and subnet." updated="2015-09-24T00:00:00-00:00" {{(pid=103413) _check_extension /opt/stack/neutron/neutron/api/extensions.py:415}}
May 26 03:31:17.400802 np0000176385 devstack@neutron-api.service[103415]: DEBUG neutron_lib.callbacks.manager [None req-86288181-59a8-4a88-8d50-519385a4a097 None None] Subscribe: port before_delete 55550000, False {{(pid=103415) subscribe /opt/stack/data/venv/lib/python3.12/site-packages/neutron_lib/callbacks/manager.py:52}}
May 26 03:31:17.400802 np0000176385 devstack@neutron-api.service[103415]: DEBUG neutron_lib.callbacks.manager [None req-86288181-59a8-4a88-8d50-519385a4a097 None None] Subscribe: > router precommit_create 55550000, False {{(pid=103415) subscribe /opt/stack/data/venv/lib/python3.12/site-packages/neutron_lib/callbacks/manager.py:52}}
May 26 03:31:17.400939 np0000176385 devstack@neutron-api.service[103413]: INFO neutron.api.extensions [None req-cb98e7bc-c7fe-48d5-8e96-4b31e86a153d None None] Loaded extension: network-ip-availability
May 26 03:31:17.400979 np0000176385 devstack@neutron-api.service[103415]: DEBUG neutron_lib.callbacks.manager [None req-86288181-59a8-4a88-8d50-519385a4a097 None None] Subscribe: > router precommit_create 55550000, False {{(pid=103415) subscribe /opt/stack/data/venv/lib/python3.12/site-packages/neutron_lib/callbacks/manager.py:52}}
May 26 03:31:17.401063 np0000176385 devstack@neutron-api.service[103413]: DEBUG neutron.api.extensions [None req-cb98e7bc-c7fe-48d5-8e96-4b31e86a153d None None] Loading extension file: network_ip_availability_details.py {{(pid=103413) _load_all_extensions_from_path /opt/stack/neutron/neutron/api/extensions.py:449}}
May 26 03:31:17.401106 np0000176385 devstack@neutron-api.service[103415]: DEBUG neutron_lib.callbacks.manager [None req-86288181-59a8-4a88-8d50-519385a4a097 None None] Subscribe: > router precommit_update 55550000, False {{(pid=103415) subscribe /opt/stack/data/venv/lib/python3.12/site-packages/neutron_lib/callbacks/manager.py:52}}
May 26 03:31:17.401106 np0000176385 devstack@neutron-api.service[103415]: DEBUG neutron_lib.callbacks.manager [None req-86288181-59a8-4a88-8d50-519385a4a097 None None] Subscribe: subnet after_update 55550000, False {{(pid=103415) subscribe /opt/stack/data/venv/lib/python3.12/site-packages/neutron_lib/callbacks/manager.py:52}}
May 26 03:31:17.401256 np0000176385 devstack@neutron-api.service[103413]: DEBUG neutron.api.extensions [None req-cb98e7bc-c7fe-48d5-8e96-4b31e86a153d None None] Ext name="Network IP Availability Details Extension" alias="network-ip-availability-details" description="Add ip_availability_details attribute to network-ip-availabilities resource." updated="2025-10-31T00:00:00-00:00" {{(pid=103413) _check_extension /opt/stack/neutron/neutron/api/extensions.py:415}}
May 26 03:31:17.401296 np0000176385 devstack@neutron-api.service[103415]: DEBUG neutron.quota.resource_registry [None req-86288181-59a8-4a88-8d50-519385a4a097 None None] Tracking information for resource: router configured {{(pid=103415) set_tracked_resource /opt/stack/neutron/neutron/quota/resource_registry.py:203}}
May 26 03:31:17.401365 np0000176385 devstack@neutron-api.service[103413]: INFO neutron.api.extensions [None req-cb98e7bc-c7fe-48d5-8e96-4b31e86a153d None None] Loaded extension: network-ip-availability-details
May 26 03:31:17.401423 np0000176385 devstack@neutron-api.service[103415]: DEBUG neutron.quota.resource_registry [None req-86288181-59a8-4a88-8d50-519385a4a097 None None] Tracking information for resource: floatingip configured {{(pid=103415) set_tracked_resource /opt/stack/neutron/neutron/quota/resource_registry.py:203}}
May 26 03:31:17.401423 np0000176385 devstack@neutron-api.service[103415]: INFO neutron.services.ovn_l3.plugin [None req-86288181-59a8-4a88-8d50-519385a4a097 None None] Starting OVNL3RouterPlugin
May 26 03:31:17.401594 np0000176385 devstack@neutron-api.service[103413]: DEBUG neutron.api.extensions [None req-cb98e7bc-c7fe-48d5-8e96-4b31e86a153d None None] Loading extension file: network_segment_range.py {{(pid=103413) _load_all_extensions_from_path /opt/stack/neutron/neutron/api/extensions.py:449}}
May 26 03:31:17.401664 np0000176385 devstack@neutron-api.service[103415]: DEBUG neutron_lib.callbacks.manager [None req-86288181-59a8-4a88-8d50-519385a4a097 None None] Subscribe: > port_forwarding_plugin after_init 55550000, False {{(pid=103415) subscribe /opt/stack/data/venv/lib/python3.12/site-packages/neutron_lib/callbacks/manager.py:52}}
May 26 03:31:17.401725 np0000176385 devstack@neutron-api.service[103413]: DEBUG neutron.api.extensions [None req-cb98e7bc-c7fe-48d5-8e96-4b31e86a153d None None] Ext name="Neutron Network Segment Range" alias="network-segment-range" description="Provides support for the network segment range management" updated="2018-11-29T00:00:00-00:00" {{(pid=103413) _check_extension /opt/stack/neutron/neutron/api/extensions.py:415}}
May 26 03:31:17.401784 np0000176385 devstack@neutron-api.service[103415]: DEBUG neutron_lib.callbacks.manager [None req-86288181-59a8-4a88-8d50-519385a4a097 None None] Subscribe: > router before_create 55550100, False {{(pid=103415) subscribe /opt/stack/data/venv/lib/python3.12/site-packages/neutron_lib/callbacks/manager.py:52}}
May 26 03:31:17.401847 np0000176385 devstack@neutron-api.service[103413]: INFO neutron.api.extensions [None req-cb98e7bc-c7fe-48d5-8e96-4b31e86a153d None None] Extension network-segment-range not supported by any of loaded plugins
May 26 03:31:17.401907 np0000176385 devstack@neutron-api.service[103415]: DEBUG neutron_lib.callbacks.manager [None req-86288181-59a8-4a88-8d50-519385a4a097 None None] Subscribe: > router precommit_delete 55550100, False {{(pid=103415) subscribe /opt/stack/data/venv/lib/python3.12/site-packages/neutron_lib/callbacks/manager.py:52}}
May 26 03:31:17.401970 np0000176385 devstack@neutron-api.service[103413]: DEBUG neutron.api.extensions [None req-cb98e7bc-c7fe-48d5-8e96-4b31e86a153d None None] Loading extension file: pagination.py {{(pid=103413) _load_all_extensions_from_path /opt/stack/neutron/neutron/api/extensions.py:449}}
May 26 03:31:17.402062 np0000176385 devstack@neutron-api.service[103415]: DEBUG neutron_lib.callbacks.manager [None req-86288181-59a8-4a88-8d50-519385a4a097 None None] Subscribe: > router precommit_create 55550100, False {{(pid=103415) subscribe /opt/stack/data/venv/lib/python3.12/site-packages/neutron_lib/callbacks/manager.py:52}}
May 26 03:31:17.402062 np0000176385 devstack@neutron-api.service[103415]: DEBUG neutron_lib.callbacks.manager [None req-86288181-59a8-4a88-8d50-519385a4a097 None None] Subscribe: > router precommit_update 55550100, False {{(pid=103415) subscribe /opt/stack/data/venv/lib/python3.12/site-packages/neutron_lib/callbacks/manager.py:52}}
May 26 03:31:17.402160 np0000176385 devstack@neutron-api.service[103413]: DEBUG neutron.api.extensions [None req-cb98e7bc-c7fe-48d5-8e96-4b31e86a153d None None] Ext name="Pagination support" alias="pagination" description="Extension that indicates that pagination is enabled." updated="2016-06-12T00:00:00-00:00" {{(pid=103413) _check_extension /opt/stack/neutron/neutron/api/extensions.py:415}}
May 26 03:31:17.402160 np0000176385 devstack@neutron-api.service[103413]: INFO neutron.api.extensions [None req-cb98e7bc-c7fe-48d5-8e96-4b31e86a153d None None] Loaded extension: pagination
May 26 03:31:17.402160 np0000176385 devstack@neutron-api.service[103413]: DEBUG neutron.api.extensions [None req-cb98e7bc-c7fe-48d5-8e96-4b31e86a153d None None] Loading extension file: port_device_profile.py {{(pid=103413) _load_all_extensions_from_path /opt/stack/neutron/neutron/api/extensions.py:449}}
May 26 03:31:17.402160 np0000176385 devstack@neutron-api.service[103413]: DEBUG neutron.api.extensions [None req-cb98e7bc-c7fe-48d5-8e96-4b31e86a153d None None] Ext name="Port device profile" alias="port-device-profile" description="Expose the port device profile (Cyborg)" updated="2020-12-17T10:00:00-00:00" {{(pid=103413) _check_extension /opt/stack/neutron/neutron/api/extensions.py:415}}
May 26 03:31:17.402160 np0000176385 devstack@neutron-api.service[103413]: INFO neutron.api.extensions [None req-cb98e7bc-c7fe-48d5-8e96-4b31e86a153d None None] Loaded extension: port-device-profile
May 26 03:31:17.402160 np0000176385 devstack@neutron-api.service[103413]: DEBUG neutron.api.extensions [None req-cb98e7bc-c7fe-48d5-8e96-4b31e86a153d None None] Loading extension file: port_hardware_offload_type.py {{(pid=103413) _load_all_extensions_from_path /opt/stack/neutron/neutron/api/extensions.py:449}}
May 26 03:31:17.402160 np0000176385 devstack@neutron-api.service[103413]: DEBUG neutron.api.extensions [None req-cb98e7bc-c7fe-48d5-8e96-4b31e86a153d None None] Ext name="Port hardware offload" alias="port-hardware-offload-type" description="Expose port hardware offload extension" updated="2023-05-09T10:00:00-00:00" {{(pid=103413) _check_extension /opt/stack/neutron/neutron/api/extensions.py:415}}
May 26 03:31:17.402538 np0000176385 devstack@neutron-api.service[103413]: INFO neutron.api.extensions [None req-cb98e7bc-c7fe-48d5-8e96-4b31e86a153d None None] Extension port-hardware-offload-type not supported by any of loaded plugins
May 26 03:31:17.402538 np0000176385 devstack@neutron-api.service[103413]: DEBUG neutron.api.extensions [None req-cb98e7bc-c7fe-48d5-8e96-4b31e86a153d None None] Loading extension file: port_hint_ovs_tx_steering.py {{(pid=103413) _load_all_extensions_from_path /opt/stack/neutron/neutron/api/extensions.py:449}}
May 26 03:31:17.402538 np0000176385 devstack@neutron-api.service[103413]: DEBUG neutron.api.extensions [None req-cb98e7bc-c7fe-48d5-8e96-4b31e86a153d None None] Ext name="Port hint: Open vSwitch Tx steering" alias="port-hint-ovs-tx-steering" description="Enable Port hint: Open vSwitch Tx steering" updated="2023-01-01T00:00:00-00:00" {{(pid=103413) _check_extension /opt/stack/neutron/neutron/api/extensions.py:415}}
May 26 03:31:17.402538 np0000176385 devstack@neutron-api.service[103413]: INFO neutron.api.extensions [None req-cb98e7bc-c7fe-48d5-8e96-4b31e86a153d None None] Extension port-hint-ovs-tx-steering not supported by any of loaded plugins
May 26 03:31:17.402538 np0000176385 devstack@neutron-api.service[103413]: DEBUG neutron.api.extensions [None req-cb98e7bc-c7fe-48d5-8e96-4b31e86a153d None None] Loading extension file: port_hints.py {{(pid=103413) _load_all_extensions_from_path /opt/stack/neutron/neutron/api/extensions.py:449}}
May 26 03:31:17.402538 np0000176385 devstack@neutron-api.service[103413]: DEBUG neutron.api.extensions [None req-cb98e7bc-c7fe-48d5-8e96-4b31e86a153d None None] Ext name="Port hints" alias="port-hints" description="Backend specific port hints to allow backend specific tuning" updated="2023-01-01T00:00:00-00:00" {{(pid=103413) _check_extension /opt/stack/neutron/neutron/api/extensions.py:415}}
May 26 03:31:17.402538 np0000176385 devstack@neutron-api.service[103413]: INFO neutron.api.extensions [None req-cb98e7bc-c7fe-48d5-8e96-4b31e86a153d None None] Extension port-hints not supported by any of loaded plugins
May 26 03:31:17.402928 np0000176385 devstack@neutron-api.service[103413]: DEBUG neutron.api.extensions [None req-cb98e7bc-c7fe-48d5-8e96-4b31e86a153d None None] Loading extension file: port_mac_address_override.py {{(pid=103413) _load_all_extensions_from_path /opt/stack/neutron/neutron/api/extensions.py:449}}
May 26 03:31:17.402928 np0000176385 devstack@neutron-api.service[103413]: DEBUG neutron.api.extensions [None req-cb98e7bc-c7fe-48d5-8e96-4b31e86a153d None None] Ext name="Neutron Port MAC address override" alias="port-mac-override" description="Allow overriding the MAC address of a direct-physical Port via the active binding profile" updated="2022-03-18T10:00:00-00:00" {{(pid=103413) _check_extension /opt/stack/neutron/neutron/api/extensions.py:415}}
May 26 03:31:17.402928 np0000176385 devstack@neutron-api.service[103413]: INFO neutron.api.extensions [None req-cb98e7bc-c7fe-48d5-8e96-4b31e86a153d None None] Extension port-mac-override not supported by any of loaded plugins
May 26 03:31:17.402928 np0000176385 devstack@neutron-api.service[103413]: DEBUG neutron.api.extensions [None req-cb98e7bc-c7fe-48d5-8e96-4b31e86a153d None None] Loading extension file: port_mac_address_regenerate.py {{(pid=103413) _load_all_extensions_from_path /opt/stack/neutron/neutron/api/extensions.py:449}}
May 26 03:31:17.402928 np0000176385 devstack@neutron-api.service[103413]: DEBUG neutron.api.extensions [None req-cb98e7bc-c7fe-48d5-8e96-4b31e86a153d None None] Ext name="Neutron Port MAC address regenerate" alias="port-mac-address-regenerate" description="Network port MAC address regenerate" updated="2018-05-03T10:00:00-00:00" {{(pid=103413) _check_extension /opt/stack/neutron/neutron/api/extensions.py:415}}
May 26 03:31:17.402928 np0000176385 devstack@neutron-api.service[103413]: INFO neutron.api.extensions [None req-cb98e7bc-c7fe-48d5-8e96-4b31e86a153d None None] Loaded extension: port-mac-address-regenerate
May 26 03:31:17.402928 np0000176385 devstack@neutron-api.service[103413]: DEBUG neutron.api.extensions [None req-cb98e7bc-c7fe-48d5-8e96-4b31e86a153d None None] Loading extension file: port_numa_affinity_policy.py {{(pid=103413) _load_all_extensions_from_path /opt/stack/neutron/neutron/api/extensions.py:449}}
May 26 03:31:17.403196 np0000176385 devstack@neutron-api.service[103413]: DEBUG neutron.api.extensions [None req-cb98e7bc-c7fe-48d5-8e96-4b31e86a153d None None] Ext name="Port NUMA affinity policy" alias="port-numa-affinity-policy" description="Expose the port NUMA affinity policy" updated="2020-07-08T10:00:00-00:00" {{(pid=103413) _check_extension /opt/stack/neutron/neutron/api/extensions.py:415}}
May 26 03:31:17.403231 np0000176385 devstack@neutron-api.service[103415]: DEBUG neutron.services.provider_configuration [None req-86288181-59a8-4a88-8d50-519385a4a097 None None] Service providers = [] {{(pid=103415) parse_service_provider_opt /opt/stack/neutron/neutron/services/provider_configuration.py:170}}
May 26 03:31:17.403231 np0000176385 devstack@neutron-api.service[103415]: DEBUG neutron.db.servicetype_db [None req-86288181-59a8-4a88-8d50-519385a4a097 None None] Adding provider configuration for service L3_ROUTER_NAT {{(pid=103415) add_provider_configuration /opt/stack/neutron/neutron/db/servicetype_db.py:45}}
May 26 03:31:17.403296 np0000176385 devstack@neutron-api.service[103413]: INFO neutron.api.extensions [None req-cb98e7bc-c7fe-48d5-8e96-4b31e86a153d None None] Loaded extension: port-numa-affinity-policy
May 26 03:31:17.403296 np0000176385 devstack@neutron-api.service[103413]: DEBUG neutron.api.extensions [None req-cb98e7bc-c7fe-48d5-8e96-4b31e86a153d None None] Loading extension file: port_numa_affinity_policy_socket.py {{(pid=103413) _load_all_extensions_from_path /opt/stack/neutron/neutron/api/extensions.py:449}}
May 26 03:31:17.403296 np0000176385 devstack@neutron-api.service[103413]: DEBUG neutron.api.extensions [None req-cb98e7bc-c7fe-48d5-8e96-4b31e86a153d None None] Ext name="Port NUMA affinity policy "socket"" alias="port-numa-affinity-policy-socket" description="Adds "socket" to the supported port NUMA affinity policies" updated="2024-02-09T10:00:00-00:00" {{(pid=103413) _check_extension /opt/stack/neutron/neutron/api/extensions.py:415}}
May 26 03:31:17.403296 np0000176385 devstack@neutron-api.service[103413]: INFO neutron.api.extensions [None req-cb98e7bc-c7fe-48d5-8e96-4b31e86a153d None None] Loaded extension: port-numa-affinity-policy-socket
May 26 03:31:17.403296 np0000176385 devstack@neutron-api.service[103413]: DEBUG neutron.api.extensions [None req-cb98e7bc-c7fe-48d5-8e96-4b31e86a153d None None] Loading extension file: port_resource_request.py {{(pid=103413) _load_all_extensions_from_path /opt/stack/neutron/neutron/api/extensions.py:449}}
May 26 03:31:17.403450 np0000176385 devstack@neutron-api.service[103414]: INFO neutron.plugins.ml2.drivers.type_vlan [None req-b7884748-7348-4244-b553-55a0fc91461c None None] VlanTypeDriver initialization complete
May 26 03:31:17.403450 np0000176385 devstack@neutron-api.service[103414]: INFO neutron.plugins.ml2.managers [None req-b7884748-7348-4244-b553-55a0fc91461c None None] Initializing extension driver 'port_security'
May 26 03:31:17.403870 np0000176385 devstack@neutron-api.service[103413]: DEBUG neutron.api.extensions [None req-cb98e7bc-c7fe-48d5-8e96-4b31e86a153d None None] Ext name="Port Resource Request" alias="port-resource-request" description="Expose resource request to Port" updated="2018-05-08T10:00:00-00:00" {{(pid=103413) _check_extension /opt/stack/neutron/neutron/api/extensions.py:415}}
May 26 03:31:17.403910 np0000176385 devstack@neutron-api.service[103414]: INFO neutron.plugins.ml2.extensions.port_security [None req-b7884748-7348-4244-b553-55a0fc91461c None None] PortSecurityExtensionDriver initialization complete
May 26 03:31:17.403941 np0000176385 devstack@neutron-api.service[103413]: INFO neutron.api.extensions [None req-cb98e7bc-c7fe-48d5-8e96-4b31e86a153d None None] Extension port-resource-request not supported by any of loaded plugins
May 26 03:31:17.403972 np0000176385 devstack@neutron-api.service[103414]: INFO neutron.plugins.ml2.managers [None req-b7884748-7348-4244-b553-55a0fc91461c None None] Initializing extension driver 'qos'
May 26 03:31:17.404015 np0000176385 devstack@neutron-api.service[103413]: DEBUG neutron.api.extensions [None req-cb98e7bc-c7fe-48d5-8e96-4b31e86a153d None None] Loading extension file: port_resource_request_groups.py {{(pid=103413) _load_all_extensions_from_path /opt/stack/neutron/neutron/api/extensions.py:449}}
May 26 03:31:17.404054 np0000176385 devstack@neutron-api.service[103414]: DEBUG neutron.plugins.ml2.extensions.qos [None req-b7884748-7348-4244-b553-55a0fc91461c None None] QosExtensionDriver initialization complete {{(pid=103414) initialize /opt/stack/neutron/neutron/plugins/ml2/extensions/qos.py:31}}
May 26 03:31:17.404088 np0000176385 devstack@neutron-api.service[103415]: DEBUG neutron_lib.callbacks.manager [None req-86288181-59a8-4a88-8d50-519385a4a097 None None] Subscribe: > router precommit_create 55549900, False {{(pid=103415) subscribe /opt/stack/data/venv/lib/python3.12/site-packages/neutron_lib/callbacks/manager.py:52}}
May 26 03:31:17.404303 np0000176385 devstack@neutron-api.service[103414]: INFO neutron.plugins.ml2.managers [None req-b7884748-7348-4244-b553-55a0fc91461c None None] Initializing mechanism driver 'ovn'
May 26 03:31:17.404361 np0000176385 devstack@neutron-api.service[103413]: DEBUG neutron.api.extensions [None req-cb98e7bc-c7fe-48d5-8e96-4b31e86a153d None None] Ext name="Port Resource Request Groups" alias="port-resource-request-groups" description="Support requesting multiple groups of resources and traits from the same RP subtree in resource_request" updated="2021-08-02T10:00:00-00:00" {{(pid=103413) _check_extension /opt/stack/neutron/neutron/api/extensions.py:415}}
May 26 03:31:17.404413 np0000176385 devstack@neutron-api.service[103415]: DEBUG neutron_lib.callbacks.manager [None req-86288181-59a8-4a88-8d50-519385a4a097 None None] Subscribe: > router_interface after_create 55550000, False {{(pid=103415) subscribe /opt/stack/data/venv/lib/python3.12/site-packages/neutron_lib/callbacks/manager.py:52}}
May 26 03:31:17.404452 np0000176385 devstack@neutron-api.service[103414]: INFO neutron.plugins.ml2.drivers.ovn.mech_driver.mech_driver [None req-b7884748-7348-4244-b553-55a0fc91461c None None] Starting OVNMechanismDriver
May 26 03:31:17.404484 np0000176385 devstack@neutron-api.service[103415]: DEBUG neutron_lib.callbacks.manager [None req-86288181-59a8-4a88-8d50-519385a4a097 None None] Subscribe: > floatingip after_create 55550000, False {{(pid=103415) subscribe /opt/stack/data/venv/lib/python3.12/site-packages/neutron_lib/callbacks/manager.py:52}}
May 26 03:31:17.404523 np0000176385 devstack@neutron-api.service[103413]: INFO neutron.api.extensions [None req-cb98e7bc-c7fe-48d5-8e96-4b31e86a153d None None] Extension port-resource-request-groups not supported by any of loaded plugins
May 26 03:31:17.404556 np0000176385 devstack@neutron-api.service[103415]: DEBUG neutron_lib.callbacks.manager [None req-86288181-59a8-4a88-8d50-519385a4a097 None None] Subscribe: > floatingip precommit_create 55550000, False {{(pid=103415) subscribe /opt/stack/data/venv/lib/python3.12/site-packages/neutron_lib/callbacks/manager.py:52}}
May 26 03:31:17.404729 np0000176385 devstack@neutron-api.service[103413]: DEBUG neutron.api.extensions [None req-cb98e7bc-c7fe-48d5-8e96-4b31e86a153d None None] Loading extension file: port_trusted_vif.py {{(pid=103413) _load_all_extensions_from_path /opt/stack/neutron/neutron/api/extensions.py:449}}
May 26 03:31:17.404791 np0000176385 devstack@neutron-api.service[103415]: DEBUG neutron_lib.callbacks.manager [None req-86288181-59a8-4a88-8d50-519385a4a097 None None] Subscribe: > floatingip precommit_update 55550000, False {{(pid=103415) subscribe /opt/stack/data/venv/lib/python3.12/site-packages/neutron_lib/callbacks/manager.py:52}}
May 26 03:31:17.404791 np0000176385 devstack@neutron-api.service[103415]: DEBUG neutron_lib.callbacks.manager [None req-86288181-59a8-4a88-8d50-519385a4a097 None None] Subscribe: > floatingip after_delete 55550000, False {{(pid=103415) subscribe /opt/stack/data/venv/lib/python3.12/site-packages/neutron_lib/callbacks/manager.py:52}}
May 26 03:31:17.404890 np0000176385 devstack@neutron-api.service[103413]: DEBUG neutron.api.extensions [None req-cb98e7bc-c7fe-48d5-8e96-4b31e86a153d None None] Ext name="Port trusted vif" alias="port-trusted-vif" description="Expose port 'trusted' attribute in the API" updated="2024-07-10T10:00:00-00:00" {{(pid=103413) _check_extension /opt/stack/neutron/neutron/api/extensions.py:415}}
May 26 03:31:17.404966 np0000176385 devstack@neutron-api.service[103415]: DEBUG neutron_lib.callbacks.manager [None req-86288181-59a8-4a88-8d50-519385a4a097 None None] Subscribe: > floatingip after_status_update 55550000, False {{(pid=103415) subscribe /opt/stack/data/venv/lib/python3.12/site-packages/neutron_lib/callbacks/manager.py:52}}
May 26 03:31:17.404966 np0000176385 devstack@neutron-api.service[103415]: DEBUG neutron_lib.callbacks.manager [None req-86288181-59a8-4a88-8d50-519385a4a097 None None] Subscribe: > floatingip after_update 55550000, False {{(pid=103415) subscribe /opt/stack/data/venv/lib/python3.12/site-packages/neutron_lib/callbacks/manager.py:52}}
May 26 03:31:17.405066 np0000176385 devstack@neutron-api.service[103413]: INFO neutron.api.extensions [None req-cb98e7bc-c7fe-48d5-8e96-4b31e86a153d None None] Extension port-trusted-vif not supported by any of loaded plugins
May 26 03:31:17.405162 np0000176385 devstack@neutron-api.service[103415]: DEBUG neutron_lib.callbacks.manager [None req-86288181-59a8-4a88-8d50-519385a4a097 None None] Subscribe: > port_forwarding after_create 55550000, False {{(pid=103415) subscribe /opt/stack/data/venv/lib/python3.12/site-packages/neutron_lib/callbacks/manager.py:52}}
May 26 03:31:17.405206 np0000176385 devstack@neutron-api.service[103413]: DEBUG neutron.api.extensions [None req-cb98e7bc-c7fe-48d5-8e96-4b31e86a153d None None] Loading extension file: portbindings.py {{(pid=103413) _load_all_extensions_from_path /opt/stack/neutron/neutron/api/extensions.py:449}}
May 26 03:31:17.405265 np0000176385 devstack@neutron-api.service[103415]: DEBUG neutron_lib.callbacks.manager [None req-86288181-59a8-4a88-8d50-519385a4a097 None None] Subscribe: > router_interface after_delete 55550000, False {{(pid=103415) subscribe /opt/stack/data/venv/lib/python3.12/site-packages/neutron_lib/callbacks/manager.py:52}}
May 26 03:31:17.405265 np0000176385 devstack@neutron-api.service[103415]: DEBUG neutron_lib.callbacks.manager [None req-86288181-59a8-4a88-8d50-519385a4a097 None None] Subscribe: > router after_create 55550000, False {{(pid=103415) subscribe /opt/stack/data/venv/lib/python3.12/site-packages/neutron_lib/callbacks/manager.py:52}}
May 26 03:31:17.405398 np0000176385 devstack@neutron-api.service[103413]: DEBUG neutron.api.extensions [None req-cb98e7bc-c7fe-48d5-8e96-4b31e86a153d None None] Ext name="Port Binding" alias="binding" description="Expose port bindings of a virtual port to external application" updated="2014-02-03T10:00:00-00:00" {{(pid=103413) _check_extension /opt/stack/neutron/neutron/api/extensions.py:415}}
May 26 03:31:17.405435 np0000176385 devstack@neutron-api.service[103415]: DEBUG neutron_lib.callbacks.manager [None req-86288181-59a8-4a88-8d50-519385a4a097 None None] Subscribe: > router precommit_create 55550000, False {{(pid=103415) subscribe /opt/stack/data/venv/lib/python3.12/site-packages/neutron_lib/callbacks/manager.py:52}}
May 26 03:31:17.405435 np0000176385 devstack@neutron-api.service[103415]: DEBUG neutron_lib.callbacks.manager [None req-86288181-59a8-4a88-8d50-519385a4a097 None None] Subscribe: > router after_delete 55550000, False {{(pid=103415) subscribe /opt/stack/data/venv/lib/python3.12/site-packages/neutron_lib/callbacks/manager.py:52}}
May 26 03:31:17.405584 np0000176385 devstack@neutron-api.service[103413]: INFO neutron.api.extensions [None req-cb98e7bc-c7fe-48d5-8e96-4b31e86a153d None None] Loaded extension: binding
May 26 03:31:17.405651 np0000176385 devstack@neutron-api.service[103415]: DEBUG neutron_lib.callbacks.manager [None req-86288181-59a8-4a88-8d50-519385a4a097 None None] Subscribe: > router after_update 55550000, False {{(pid=103415) subscribe /opt/stack/data/venv/lib/python3.12/site-packages/neutron_lib/callbacks/manager.py:52}}
May 26 03:31:17.405793 np0000176385 devstack@neutron-api.service[103413]: DEBUG neutron.api.extensions [None req-cb98e7bc-c7fe-48d5-8e96-4b31e86a153d None None] Loading extension file: portbindings_extended.py {{(pid=103413) _load_all_extensions_from_path /opt/stack/neutron/neutron/api/extensions.py:449}}
May 26 03:31:17.405911 np0000176385 devstack@neutron-api.service[103415]: DEBUG neutron.services.service_base [None req-86288181-59a8-4a88-8d50-519385a4a097 None None] Loaded 'neutron.services.ovn_l3.service_providers.ovn.OvnDriver' provider for service L3_ROUTER_NAT {{(pid=103415) load_drivers /opt/stack/neutron/neutron/services/service_base.py:49}}
May 26 03:31:17.405911 np0000176385 devstack@neutron-api.service[103415]: DEBUG neutron_lib.callbacks.manager [None req-86288181-59a8-4a88-8d50-519385a4a097 None None] Subscribe: > process after_init 55550001, True {{(pid=103415) subscribe /opt/stack/data/venv/lib/python3.12/site-packages/neutron_lib/callbacks/manager.py:52}}
May 26 03:31:17.406028 np0000176385 devstack@neutron-api.service[103413]: DEBUG neutron.api.extensions [None req-cb98e7bc-c7fe-48d5-8e96-4b31e86a153d None None] Ext name="Port Bindings Extended" alias="binding-extended" description="Expose port bindings of a virtual port to external application" updated="2017-07-17T10:00:00-00:00" {{(pid=103413) _check_extension /opt/stack/neutron/neutron/api/extensions.py:415}}
May 26 03:31:17.406092 np0000176385 devstack@neutron-api.service[103415]: DEBUG neutron.manager [None req-86288181-59a8-4a88-8d50-519385a4a097 None None] Successfully loaded L3_ROUTER_NAT plugin. Description: L3 Router Service Plugin for basic L3 forwarding using OVN {{(pid=103415) _create_and_add_service_plugin /opt/stack/neutron/neutron/manager.py:239}}
May 26 03:31:17.406092 np0000176385 devstack@neutron-api.service[103415]: INFO neutron.manager [None req-86288181-59a8-4a88-8d50-519385a4a097 None None] Loading Plugin: auto_allocate
May 26 03:31:17.406233 np0000176385 devstack@neutron-api.service[103413]: INFO neutron.api.extensions [None req-cb98e7bc-c7fe-48d5-8e96-4b31e86a153d None None] Loaded extension: binding-extended
May 26 03:31:17.406233 np0000176385 devstack@neutron-api.service[103413]: DEBUG neutron.api.extensions [None req-cb98e7bc-c7fe-48d5-8e96-4b31e86a153d None None] Loading extension file: portsecurity.py {{(pid=103413) _load_all_extensions_from_path /opt/stack/neutron/neutron/api/extensions.py:449}}
May 26 03:31:17.406233 np0000176385 devstack@neutron-api.service[103413]: DEBUG neutron.api.extensions [None req-cb98e7bc-c7fe-48d5-8e96-4b31e86a153d None None] Ext name="Port Security" alias="port-security" description="Provides port security" updated="2012-07-23T10:00:00-00:00" {{(pid=103413) _check_extension /opt/stack/neutron/neutron/api/extensions.py:415}}
May 26 03:31:17.406443 np0000176385 devstack@neutron-api.service[103414]: DEBUG neutron_lib.callbacks.manager [None req-b7884748-7348-4244-b553-55a0fc91461c None None] Subscribe: > process before_spawn 55550000, False {{(pid=103414) subscribe /opt/stack/data/venv/lib/python3.12/site-packages/neutron_lib/callbacks/manager.py:52}}
May 26 03:31:17.406488 np0000176385 devstack@neutron-api.service[103413]: INFO neutron.api.extensions [None req-cb98e7bc-c7fe-48d5-8e96-4b31e86a153d None None] Loaded extension: port-security
