May 14 10:19:02.451189 np0000174116 devstack@g-api.service[115047]: INFO glance.image_cache [None req-c5e12c38-bdb0-4506-87ae-864ca7bf292c None None] Image cache loaded driver 'centralized_db'.
May 14 10:19:02.451900 np0000174116 devstack@g-api.service[115045]: INFO glance.image_cache [None req-8222d04c-5cbb-48b9-87da-7bb3eaac0d50 None None] Image cache loaded driver 'centralized_db'.
May 14 10:19:02.454624 np0000174116 devstack@g-api.service[115046]: DEBUG glance.api.v2.cached_images [None req-2a2cedde-85de-4a69-9f0a-815ddc10398e None None] Started cache worker thread {{(pid=115046) __init__ /opt/stack/glance/glance/api/v2/cached_images.py:69}}
May 14 10:19:02.455153 np0000174116 devstack@g-api.service[115048]: DEBUG dbcounter [-] [115048] Writer thread running {{(pid=115048) stat_writer /opt/stack/data/venv/lib/python3.12/site-packages/dbcounter.py:102}}
May 14 10:19:02.455298 np0000174116 devstack@g-api.service[115046]: INFO glance.image_cache [None req-2a2cedde-85de-4a69-9f0a-815ddc10398e None None] Image cache loaded driver 'centralized_db'.
May 14 10:19:02.459214 np0000174116 devstack@g-api.service[115048]: DEBUG glance.image_cache.drivers.centralized_db [None req-b82c6c71-bcfb-4893-bb7c-41a5105f8461 None None] Node reference is already recorded, ignoring it {{(pid=115048) configure /opt/stack/glance/glance/image_cache/drivers/centralized_db.py:71}}
May 14 10:19:02.460593 np0000174116 devstack@g-api.service[115047]: DEBUG glance.image_cache.drivers.centralized_db [None req-c5e12c38-bdb0-4506-87ae-864ca7bf292c None None] Node reference is already recorded, ignoring it {{(pid=115047) configure /opt/stack/glance/glance/image_cache/drivers/centralized_db.py:71}}
May 14 10:19:02.462042 np0000174116 devstack@g-api.service[115045]: DEBUG glance.image_cache.drivers.centralized_db [None req-8222d04c-5cbb-48b9-87da-7bb3eaac0d50 None None] Node reference is already recorded, ignoring it {{(pid=115045) configure /opt/stack/glance/glance/image_cache/drivers/centralized_db.py:71}}
May 14 10:19:02.463418 np0000174116 devstack@g-api.service[115046]: DEBUG glance.image_cache.drivers.centralized_db [None req-2a2cedde-85de-4a69-9f0a-815ddc10398e None None] Node reference is already recorded, ignoring it {{(pid=115046) configure /opt/stack/glance/glance/image_cache/drivers/centralized_db.py:71}}
May 14 10:19:02.468652 np0000174116 devstack@g-api.service[115045]: DEBUG glance.api.v2.cached_images [None req-8222d04c-5cbb-48b9-87da-7bb3eaac0d50 None None] Started cache worker thread {{(pid=115045) __init__ /opt/stack/glance/glance/api/v2/cached_images.py:69}}
May 14 10:19:02.468889 np0000174116 devstack@g-api.service[115047]: DEBUG glance.api.v2.cached_images [None req-c5e12c38-bdb0-4506-87ae-864ca7bf292c None None] Started cache worker thread {{(pid=115047) __init__ /opt/stack/glance/glance/api/v2/cached_images.py:69}}
May 14 10:19:02.469298 np0000174116 devstack@g-api.service[115045]: INFO glance.image_cache [None req-8222d04c-5cbb-48b9-87da-7bb3eaac0d50 None None] Image cache loaded driver 'centralized_db'.
May 14 10:19:02.469531 np0000174116 devstack@g-api.service[115047]: INFO glance.image_cache [None req-c5e12c38-bdb0-4506-87ae-864ca7bf292c None None] Image cache loaded driver 'centralized_db'.
May 14 10:19:02.469618 np0000174116 devstack@g-api.service[115046]: INFO glance.api.middleware.cache_manage [None req-2a2cedde-85de-4a69-9f0a-815ddc10398e None None] Initialized image cache management middleware
May 14 10:19:02.469754 np0000174116 devstack@g-api.service[115046]: INFO glance.image_cache [None req-2a2cedde-85de-4a69-9f0a-815ddc10398e None None] Image cache loaded driver 'centralized_db'.
May 14 10:19:02.470016 np0000174116 devstack@g-api.service[115048]: INFO glance.image_cache [None req-b82c6c71-bcfb-4893-bb7c-41a5105f8461 None None] Image cache loaded driver 'centralized_db'.
May 14 10:19:02.477319 np0000174116 devstack@g-api.service[115046]: DEBUG glance.image_cache.drivers.centralized_db [None req-2a2cedde-85de-4a69-9f0a-815ddc10398e None None] Node reference is already recorded, ignoring it {{(pid=115046) configure /opt/stack/glance/glance/image_cache/drivers/centralized_db.py:71}}
May 14 10:19:02.479158 np0000174116 devstack@g-api.service[115048]: DEBUG glance.image_cache.drivers.centralized_db [None req-b82c6c71-bcfb-4893-bb7c-41a5105f8461 None None] Node reference is already recorded, ignoring it {{(pid=115048) configure /opt/stack/glance/glance/image_cache/drivers/centralized_db.py:71}}
May 14 10:19:02.479219 np0000174116 devstack@g-api.service[115045]: DEBUG glance.image_cache.drivers.centralized_db [None req-8222d04c-5cbb-48b9-87da-7bb3eaac0d50 None None] Node reference is already recorded, ignoring it {{(pid=115045) configure /opt/stack/glance/glance/image_cache/drivers/centralized_db.py:71}}
May 14 10:19:02.479304 np0000174116 devstack@g-api.service[115047]: DEBUG glance.image_cache.drivers.centralized_db [None req-c5e12c38-bdb0-4506-87ae-864ca7bf292c None None] Node reference is already recorded, ignoring it {{(pid=115047) configure /opt/stack/glance/glance/image_cache/drivers/centralized_db.py:71}}
May 14 10:19:02.481358 np0000174116 devstack@g-api.service[115046]: INFO glance.api.middleware.cache [None req-2a2cedde-85de-4a69-9f0a-815ddc10398e None None] Initialized image cache middleware
May 14 10:19:02.484701 np0000174116 devstack@g-api.service[115048]: DEBUG glance.api.v2.cached_images [None req-b82c6c71-bcfb-4893-bb7c-41a5105f8461 None None] Started cache worker thread {{(pid=115048) __init__ /opt/stack/glance/glance/api/v2/cached_images.py:69}}
May 14 10:19:02.485416 np0000174116 devstack@g-api.service[115048]: INFO glance.image_cache [None req-b82c6c71-bcfb-4893-bb7c-41a5105f8461 None None] Image cache loaded driver 'centralized_db'.
May 14 10:19:02.485708 np0000174116 devstack@g-api.service[115045]: INFO glance.api.middleware.cache_manage [None req-8222d04c-5cbb-48b9-87da-7bb3eaac0d50 None None] Initialized image cache management middleware
May 14 10:19:02.485889 np0000174116 devstack@g-api.service[115045]: INFO glance.image_cache [None req-8222d04c-5cbb-48b9-87da-7bb3eaac0d50 None None] Image cache loaded driver 'centralized_db'.
May 14 10:19:02.486760 np0000174116 devstack@g-api.service[115047]: INFO glance.api.middleware.cache_manage [None req-c5e12c38-bdb0-4506-87ae-864ca7bf292c None None] Initialized image cache management middleware
May 14 10:19:02.487007 np0000174116 devstack@g-api.service[115047]: INFO glance.image_cache [None req-c5e12c38-bdb0-4506-87ae-864ca7bf292c None None] Image cache loaded driver 'centralized_db'.
May 14 10:19:02.487864 np0000174116 devstack@g-api.service[115046]: WARNING keystonemiddleware.auth_token [None req-2a2cedde-85de-4a69-9f0a-815ddc10398e None None] AuthToken middleware is set with keystone_authtoken.service_token_roles_required set to False. This is backwards compatible but deprecated behaviour. Please set this to True.
May 14 10:19:02.493826 np0000174116 devstack@g-api.service[115046]: DEBUG glance.common.config [None req-2a2cedde-85de-4a69-9f0a-815ddc10398e None None] ******************************************************************************** {{(pid=115046) log_opt_values /opt/stack/data/venv/lib/python3.12/site-packages/oslo_config/cfg.py:2979}}
May 14 10:19:02.493928 np0000174116 devstack@g-api.service[115046]: DEBUG glance.common.config [None req-2a2cedde-85de-4a69-9f0a-815ddc10398e None None] Configuration options gathered from: {{(pid=115046) log_opt_values /opt/stack/data/venv/lib/python3.12/site-packages/oslo_config/cfg.py:2980}}
May 14 10:19:02.494014 np0000174116 devstack@g-api.service[115045]: DEBUG glance.image_cache.drivers.centralized_db [None req-8222d04c-5cbb-48b9-87da-7bb3eaac0d50 None None] Node reference is already recorded, ignoring it {{(pid=115045) configure /opt/stack/glance/glance/image_cache/drivers/centralized_db.py:71}}
May 14 10:19:02.494253 np0000174116 devstack@g-api.service[115046]: DEBUG glance.common.config [None req-2a2cedde-85de-4a69-9f0a-815ddc10398e None None] command line args: [] {{(pid=115046) log_opt_values /opt/stack/data/venv/lib/python3.12/site-packages/oslo_config/cfg.py:2981}}
May 14 10:19:02.494367 np0000174116 devstack@g-api.service[115046]: DEBUG glance.common.config [None req-2a2cedde-85de-4a69-9f0a-815ddc10398e None None] config files: ['/etc/glance/glance-image-import.conf', '/etc/glance/glance-api.conf'] {{(pid=115046) log_opt_values /opt/stack/data/venv/lib/python3.12/site-packages/oslo_config/cfg.py:2982}}
May 14 10:19:02.494367 np0000174116 devstack@g-api.service[115046]: DEBUG glance.common.config [None req-2a2cedde-85de-4a69-9f0a-815ddc10398e None None] ================================================================================ {{(pid=115046) log_opt_values /opt/stack/data/venv/lib/python3.12/site-packages/oslo_config/cfg.py:2987}}
May 14 10:19:02.494545 np0000174116 devstack@g-api.service[115046]: DEBUG glance.common.config [None req-2a2cedde-85de-4a69-9f0a-815ddc10398e None None] allow_anonymous_access = False {{(pid=115046) log_opt_values /opt/stack/data/venv/lib/python3.12/site-packages/oslo_config/cfg.py:2995}}
May 14 10:19:02.494694 np0000174116 devstack@g-api.service[115046]: DEBUG glance.common.config [None req-2a2cedde-85de-4a69-9f0a-815ddc10398e None None] api_limit_max = 1000 {{(pid=115046) log_opt_values /opt/stack/data/venv/lib/python3.12/site-packages/oslo_config/cfg.py:2995}}
May 14 10:19:02.494802 np0000174116 devstack@g-api.service[115046]: DEBUG glance.common.config [None req-2a2cedde-85de-4a69-9f0a-815ddc10398e None None] backlog = 4096 {{(pid=115046) log_opt_values /opt/stack/data/venv/lib/python3.12/site-packages/oslo_config/cfg.py:2995}}
May 14 10:19:02.494928 np0000174116 devstack@g-api.service[115046]: DEBUG glance.common.config [None req-2a2cedde-85de-4a69-9f0a-815ddc10398e None None] bind_host = 0.0.0.0 {{(pid=115046) log_opt_values /opt/stack/data/venv/lib/python3.12/site-packages/oslo_config/cfg.py:2995}}
May 14 10:19:02.495093 np0000174116 devstack@g-api.service[115046]: DEBUG glance.common.config [None req-2a2cedde-85de-4a69-9f0a-815ddc10398e None None] bind_port = 19292 {{(pid=115046) log_opt_values /opt/stack/data/venv/lib/python3.12/site-packages/oslo_config/cfg.py:2995}}
May 14 10:19:02.495185 np0000174116 devstack@g-api.service[115046]: DEBUG glance.common.config [None req-2a2cedde-85de-4a69-9f0a-815ddc10398e None None] client_socket_timeout = 900 {{(pid=115046) log_opt_values /opt/stack/data/venv/lib/python3.12/site-packages/oslo_config/cfg.py:2995}}
May 14 10:19:02.495335 np0000174116 devstack@g-api.service[115046]: DEBUG glance.common.config [None req-2a2cedde-85de-4a69-9f0a-815ddc10398e None None] config_dir = [] {{(pid=115046) log_opt_values /opt/stack/data/venv/lib/python3.12/site-packages/oslo_config/cfg.py:2995}}
May 14 10:19:02.495465 np0000174116 devstack@g-api.service[115046]: DEBUG glance.common.config [None req-2a2cedde-85de-4a69-9f0a-815ddc10398e None None] config_file = ['/etc/glance/glance-image-import.conf', '/etc/glance/glance-api.conf'] {{(pid=115046) log_opt_values /opt/stack/data/venv/lib/python3.12/site-packages/oslo_config/cfg.py:2995}}
May 14 10:19:02.495587 np0000174116 devstack@g-api.service[115046]: DEBUG glance.common.config [None req-2a2cedde-85de-4a69-9f0a-815ddc10398e None None] config_source = [] {{(pid=115046) log_opt_values /opt/stack/data/venv/lib/python3.12/site-packages/oslo_config/cfg.py:2995}}
May 14 10:19:02.495587 np0000174116 devstack@g-api.service[115046]: DEBUG glance.common.config [None req-2a2cedde-85de-4a69-9f0a-815ddc10398e None None] control_exchange = glance {{(pid=115046) log_opt_values /opt/stack/data/venv/lib/python3.12/site-packages/oslo_config/cfg.py:2995}}
May 14 10:19:02.495762 np0000174116 devstack@g-api.service[115046]: DEBUG glance.common.config [None req-2a2cedde-85de-4a69-9f0a-815ddc10398e None None] debug = True {{(pid=115046) log_opt_values /opt/stack/data/venv/lib/python3.12/site-packages/oslo_config/cfg.py:2995}}
May 14 10:19:02.495848 np0000174116 devstack@g-api.service[115046]: DEBUG glance.common.config [None req-2a2cedde-85de-4a69-9f0a-815ddc10398e None None] default_log_levels = ['amqp=WARN', 'boto=WARN', 'sqlalchemy=WARN', 'suds=INFO', 'oslo.messaging=INFO', 'oslo_messaging=INFO', 'iso8601=WARN', 'requests.packages.urllib3.connectionpool=WARN', 'urllib3.connectionpool=WARN', 'websocket=WARN', 'requests.packages.urllib3.util.retry=WARN', 'urllib3.util.retry=WARN', 'keystonemiddleware=WARN', 'routes.middleware=WARN', 'stevedore=WARN', 'taskflow=WARN', 'keystoneauth=WARN', 'oslo.cache=INFO', 'oslo_policy=INFO', 'dogpile.core.dogpile=INFO'] {{(pid=115046) log_opt_values /opt/stack/data/venv/lib/python3.12/site-packages/oslo_config/cfg.py:2995}}
May 14 10:19:02.496033 np0000174116 devstack@g-api.service[115046]: DEBUG glance.common.config [None req-2a2cedde-85de-4a69-9f0a-815ddc10398e None None] default_publisher_id = image.localhost {{(pid=115046) log_opt_values /opt/stack/data/venv/lib/python3.12/site-packages/oslo_config/cfg.py:2995}}
May 14 10:19:02.496033 np0000174116 devstack@g-api.service[115046]: DEBUG glance.common.config [None req-2a2cedde-85de-4a69-9f0a-815ddc10398e None None] delayed_delete = False {{(pid=115046) log_opt_values /opt/stack/data/venv/lib/python3.12/site-packages/oslo_config/cfg.py:2995}}
May 14 10:19:02.496242 np0000174116 devstack@g-api.service[115046]: DEBUG glance.common.config [None req-2a2cedde-85de-4a69-9f0a-815ddc10398e None None] digest_algorithm = sha256 {{(pid=115046) log_opt_values /opt/stack/data/venv/lib/python3.12/site-packages/oslo_config/cfg.py:2995}}
May 14 10:19:02.496242 np0000174116 devstack@g-api.service[115046]: DEBUG glance.common.config [None req-2a2cedde-85de-4a69-9f0a-815ddc10398e None None] disabled_notifications = [] {{(pid=115046) log_opt_values /opt/stack/data/venv/lib/python3.12/site-packages/oslo_config/cfg.py:2995}}
May 14 10:19:02.496497 np0000174116 devstack@g-api.service[115047]: DEBUG glance.image_cache.drivers.centralized_db [None req-c5e12c38-bdb0-4506-87ae-864ca7bf292c None None] Node reference is already recorded, ignoring it {{(pid=115047) configure /opt/stack/glance/glance/image_cache/drivers/centralized_db.py:71}}
May 14 10:19:02.496600 np0000174116 devstack@g-api.service[115046]: DEBUG glance.common.config [None req-2a2cedde-85de-4a69-9f0a-815ddc10398e None None] do_secure_hash = True {{(pid=115046) log_opt_values /opt/stack/data/venv/lib/python3.12/site-packages/oslo_config/cfg.py:2995}}
May 14 10:19:02.496600 np0000174116 devstack@g-api.service[115046]: DEBUG glance.common.config [None req-2a2cedde-85de-4a69-9f0a-815ddc10398e None None] enabled_backends = None {{(pid=115046) log_opt_values /opt/stack/data/venv/lib/python3.12/site-packages/oslo_config/cfg.py:2995}}
May 14 10:19:02.496600 np0000174116 devstack@g-api.service[115046]: DEBUG glance.common.config [None req-2a2cedde-85de-4a69-9f0a-815ddc10398e None None] enabled_import_methods = ['glance-direct', 'web-download', 'copy-image'] {{(pid=115046) log_opt_values /opt/stack/data/venv/lib/python3.12/site-packages/oslo_config/cfg.py:2995}}
May 14 10:19:02.496899 np0000174116 devstack@g-api.service[115046]: DEBUG glance.common.config [None req-2a2cedde-85de-4a69-9f0a-815ddc10398e None None] hashing_algorithm = sha512 {{(pid=115046) log_opt_values /opt/stack/data/venv/lib/python3.12/site-packages/oslo_config/cfg.py:2995}}
May 14 10:19:02.496899 np0000174116 devstack@g-api.service[115046]: DEBUG glance.common.config [None req-2a2cedde-85de-4a69-9f0a-815ddc10398e None None] http_keepalive = True {{(pid=115046) log_opt_values /opt/stack/data/venv/lib/python3.12/site-packages/oslo_config/cfg.py:2995}}
May 14 10:19:02.496899 np0000174116 devstack@g-api.service[115046]: DEBUG glance.common.config [None req-2a2cedde-85de-4a69-9f0a-815ddc10398e None None] http_retries = 3 {{(pid=115046) log_opt_values /opt/stack/data/venv/lib/python3.12/site-packages/oslo_config/cfg.py:2995}}
May 14 10:19:02.497164 np0000174116 devstack@g-api.service[115046]: DEBUG glance.common.config [None req-2a2cedde-85de-4a69-9f0a-815ddc10398e None None] image_cache_dir = /opt/stack/data/glance/cache/ {{(pid=115046) log_opt_values /opt/stack/data/venv/lib/python3.12/site-packages/oslo_config/cfg.py:2995}}
May 14 10:19:02.497164 np0000174116 devstack@g-api.service[115046]: DEBUG glance.common.config [None req-2a2cedde-85de-4a69-9f0a-815ddc10398e None None] image_cache_driver = centralized_db {{(pid=115046) log_opt_values /opt/stack/data/venv/lib/python3.12/site-packages/oslo_config/cfg.py:2995}}
May 14 10:19:02.497491 np0000174116 devstack@g-api.service[115048]: DEBUG glance.image_cache.drivers.centralized_db [None req-b82c6c71-bcfb-4893-bb7c-41a5105f8461 None None] Node reference is already recorded, ignoring it {{(pid=115048) configure /opt/stack/glance/glance/image_cache/drivers/centralized_db.py:71}}
May 14 10:19:02.497594 np0000174116 devstack@g-api.service[115046]: DEBUG glance.common.config [None req-2a2cedde-85de-4a69-9f0a-815ddc10398e None None] image_cache_max_size = 10737418240 {{(pid=115046) log_opt_values /opt/stack/data/venv/lib/python3.12/site-packages/oslo_config/cfg.py:2995}}
May 14 10:19:02.497594 np0000174116 devstack@g-api.service[115046]: DEBUG glance.common.config [None req-2a2cedde-85de-4a69-9f0a-815ddc10398e None None] image_cache_sqlite_db = cache.db {{(pid=115046) log_opt_values /opt/stack/data/venv/lib/python3.12/site-packages/oslo_config/cfg.py:2995}}
May 14 10:19:02.497594 np0000174116 devstack@g-api.service[115046]: DEBUG glance.common.config [None req-2a2cedde-85de-4a69-9f0a-815ddc10398e None None] image_cache_stall_time = 86400 {{(pid=115046) log_opt_values /opt/stack/data/venv/lib/python3.12/site-packages/oslo_config/cfg.py:2995}}
May 14 10:19:02.497594 np0000174116 devstack@g-api.service[115046]: DEBUG glance.common.config [None req-2a2cedde-85de-4a69-9f0a-815ddc10398e None None] image_location_quota = 10 {{(pid=115046) log_opt_values /opt/stack/data/venv/lib/python3.12/site-packages/oslo_config/cfg.py:2995}}
May 14 10:19:02.497594 np0000174116 devstack@g-api.service[115046]: DEBUG glance.common.config [None req-2a2cedde-85de-4a69-9f0a-815ddc10398e None None] image_member_quota = 128 {{(pid=115046) log_opt_values /opt/stack/data/venv/lib/python3.12/site-packages/oslo_config/cfg.py:2995}}
May 14 10:19:02.498030 np0000174116 devstack@g-api.service[115046]: DEBUG glance.common.config [None req-2a2cedde-85de-4a69-9f0a-815ddc10398e None None] image_property_quota = 128 {{(pid=115046) log_opt_values /opt/stack/data/venv/lib/python3.12/site-packages/oslo_config/cfg.py:2995}}
May 14 10:19:02.498030 np0000174116 devstack@g-api.service[115046]: DEBUG glance.common.config [None req-2a2cedde-85de-4a69-9f0a-815ddc10398e None None] image_size_cap = 1099511627776 {{(pid=115046) log_opt_values /opt/stack/data/venv/lib/python3.12/site-packages/oslo_config/cfg.py:2995}}
May 14 10:19:02.498030 np0000174116 devstack@g-api.service[115046]: DEBUG glance.common.config [None req-2a2cedde-85de-4a69-9f0a-815ddc10398e None None] image_tag_quota = 128 {{(pid=115046) log_opt_values /opt/stack/data/venv/lib/python3.12/site-packages/oslo_config/cfg.py:2995}}
May 14 10:19:02.498030 np0000174116 devstack@g-api.service[115046]: DEBUG glance.common.config [None req-2a2cedde-85de-4a69-9f0a-815ddc10398e None None] instance_format = [instance: %(uuid)s] {{(pid=115046) log_opt_values /opt/stack/data/venv/lib/python3.12/site-packages/oslo_config/cfg.py:2995}}
May 14 10:19:02.498030 np0000174116 devstack@g-api.service[115046]: DEBUG glance.common.config [None req-2a2cedde-85de-4a69-9f0a-815ddc10398e None None] instance_uuid_format = [instance: %(uuid)s] {{(pid=115046) log_opt_values /opt/stack/data/venv/lib/python3.12/site-packages/oslo_config/cfg.py:2995}}
May 14 10:19:02.498521 np0000174116 devstack@g-api.service[115046]: DEBUG glance.common.config [None req-2a2cedde-85de-4a69-9f0a-815ddc10398e None None] limit_param_default = 25 {{(pid=115046) log_opt_values /opt/stack/data/venv/lib/python3.12/site-packages/oslo_config/cfg.py:2995}}
May 14 10:19:02.498521 np0000174116 devstack@g-api.service[115046]: DEBUG glance.common.config [None req-2a2cedde-85de-4a69-9f0a-815ddc10398e None None] log_color = False {{(pid=115046) log_opt_values /opt/stack/data/venv/lib/python3.12/site-packages/oslo_config/cfg.py:2995}}
May 14 10:19:02.498521 np0000174116 devstack@g-api.service[115046]: DEBUG glance.common.config [None req-2a2cedde-85de-4a69-9f0a-815ddc10398e None None] log_config_append = None {{(pid=115046) log_opt_values /opt/stack/data/venv/lib/python3.12/site-packages/oslo_config/cfg.py:2995}}
May 14 10:19:02.498521 np0000174116 devstack@g-api.service[115046]: DEBUG glance.common.config [None req-2a2cedde-85de-4a69-9f0a-815ddc10398e None None] log_date_format = %Y-%m-%d %H:%M:%S {{(pid=115046) log_opt_values /opt/stack/data/venv/lib/python3.12/site-packages/oslo_config/cfg.py:2995}}
May 14 10:19:02.498859 np0000174116 devstack@g-api.service[115046]: DEBUG glance.common.config [None req-2a2cedde-85de-4a69-9f0a-815ddc10398e None None] log_dir = None {{(pid=115046) log_opt_values /opt/stack/data/venv/lib/python3.12/site-packages/oslo_config/cfg.py:2995}}
May 14 10:19:02.498859 np0000174116 devstack@g-api.service[115046]: DEBUG glance.common.config [None req-2a2cedde-85de-4a69-9f0a-815ddc10398e None None] log_file = None {{(pid=115046) log_opt_values /opt/stack/data/venv/lib/python3.12/site-packages/oslo_config/cfg.py:2995}}
May 14 10:19:02.498859 np0000174116 devstack@g-api.service[115046]: DEBUG glance.common.config [None req-2a2cedde-85de-4a69-9f0a-815ddc10398e None None] log_rotate_interval = 1 {{(pid=115046) log_opt_values /opt/stack/data/venv/lib/python3.12/site-packages/oslo_config/cfg.py:2995}}
May 14 10:19:02.498859 np0000174116 devstack@g-api.service[115046]: DEBUG glance.common.config [None req-2a2cedde-85de-4a69-9f0a-815ddc10398e None None] log_rotate_interval_type = days {{(pid=115046) log_opt_values /opt/stack/data/venv/lib/python3.12/site-packages/oslo_config/cfg.py:2995}}
May 14 10:19:02.499240 np0000174116 devstack@g-api.service[115045]: INFO glance.api.middleware.cache [None req-8222d04c-5cbb-48b9-87da-7bb3eaac0d50 None None] Initialized image cache middleware
May 14 10:19:02.499336 np0000174116 devstack@g-api.service[115046]: DEBUG glance.common.config [None req-2a2cedde-85de-4a69-9f0a-815ddc10398e None None] log_rotation_type = none {{(pid=115046) log_opt_values /opt/stack/data/venv/lib/python3.12/site-packages/oslo_config/cfg.py:2995}}
May 14 10:19:02.499336 np0000174116 devstack@g-api.service[115046]: DEBUG glance.common.config [None req-2a2cedde-85de-4a69-9f0a-815ddc10398e None None] logging_context_format_string = %(color)s%(levelname)s %(name)s [%(global_request_id)s %(request_id)s %(project_name)s %(user_name)s%(color)s] %(instance)s%(color)s%(message)s {{(pid=115046) log_opt_values /opt/stack/data/venv/lib/python3.12/site-packages/oslo_config/cfg.py:2995}}
May 14 10:19:02.499336 np0000174116 devstack@g-api.service[115046]: DEBUG glance.common.config [None req-2a2cedde-85de-4a69-9f0a-815ddc10398e None None] logging_debug_format_suffix = {{(pid=%(process)d) %(funcName)s %(pathname)s:%(lineno)d}} {{(pid=115046) log_opt_values /opt/stack/data/venv/lib/python3.12/site-packages/oslo_config/cfg.py:2995}}
May 14 10:19:02.499336 np0000174116 devstack@g-api.service[115046]: DEBUG glance.common.config [None req-2a2cedde-85de-4a69-9f0a-815ddc10398e None None] logging_default_format_string = %(color)s%(levelname)s %(name)s [-%(color)s] %(instance)s%(color)s%(message)s {{(pid=115046) log_opt_values /opt/stack/data/venv/lib/python3.12/site-packages/oslo_config/cfg.py:2995}}
May 14 10:19:02.499336 np0000174116 devstack@g-api.service[115046]: DEBUG glance.common.config [None req-2a2cedde-85de-4a69-9f0a-815ddc10398e None None] logging_exception_prefix = ERROR %(name)s %(instance)s {{(pid=115046) log_opt_values /opt/stack/data/venv/lib/python3.12/site-packages/oslo_config/cfg.py:2995}}
May 14 10:19:02.499838 np0000174116 devstack@g-api.service[115046]: DEBUG glance.common.config [None req-2a2cedde-85de-4a69-9f0a-815ddc10398e None None] logging_user_identity_format = %(user)s %(project)s %(domain)s %(system_scope)s %(user_domain)s %(project_domain)s {{(pid=115046) log_opt_values /opt/stack/data/venv/lib/python3.12/site-packages/oslo_config/cfg.py:2995}}
May 14 10:19:02.499838 np0000174116 devstack@g-api.service[115046]: DEBUG glance.common.config [None req-2a2cedde-85de-4a69-9f0a-815ddc10398e None None] max_header_line = 16384 {{(pid=115046) log_opt_values /opt/stack/data/venv/lib/python3.12/site-packages/oslo_config/cfg.py:2995}}
May 14 10:19:02.499838 np0000174116 devstack@g-api.service[115046]: DEBUG glance.common.config [None req-2a2cedde-85de-4a69-9f0a-815ddc10398e None None] max_logfile_count = 30 {{(pid=115046) log_opt_values /opt/stack/data/venv/lib/python3.12/site-packages/oslo_config/cfg.py:2995}}
May 14 10:19:02.499838 np0000174116 devstack@g-api.service[115046]: DEBUG glance.common.config [None req-2a2cedde-85de-4a69-9f0a-815ddc10398e None None] max_logfile_size_mb = 200 {{(pid=115046) log_opt_values /opt/stack/data/venv/lib/python3.12/site-packages/oslo_config/cfg.py:2995}}
May 14 10:19:02.499838 np0000174116 devstack@g-api.service[115046]: DEBUG glance.common.config [None req-2a2cedde-85de-4a69-9f0a-815ddc10398e None None] max_request_id_length = 64 {{(pid=115046) log_opt_values /opt/stack/data/venv/lib/python3.12/site-packages/oslo_config/cfg.py:2995}}
May 14 10:19:02.499838 np0000174116 devstack@g-api.service[115046]: DEBUG glance.common.config [None req-2a2cedde-85de-4a69-9f0a-815ddc10398e None None] metadata_encryption_key = **** {{(pid=115046) log_opt_values /opt/stack/data/venv/lib/python3.12/site-packages/oslo_config/cfg.py:2995}}
May 14 10:19:02.500442 np0000174116 devstack@g-api.service[115046]: DEBUG glance.common.config [None req-2a2cedde-85de-4a69-9f0a-815ddc10398e None None] node_staging_uri = file:///tmp/staging/ {{(pid=115046) log_opt_values /opt/stack/data/venv/lib/python3.12/site-packages/oslo_config/cfg.py:2995}}
May 14 10:19:02.500442 np0000174116 devstack@g-api.service[115046]: DEBUG glance.common.config [None req-2a2cedde-85de-4a69-9f0a-815ddc10398e None None] property_protection_file = None {{(pid=115046) log_opt_values /opt/stack/data/venv/lib/python3.12/site-packages/oslo_config/cfg.py:2995}}
May 14 10:19:02.500442 np0000174116 devstack@g-api.service[115046]: DEBUG glance.common.config [None req-2a2cedde-85de-4a69-9f0a-815ddc10398e None None] property_protection_rule_format = roles {{(pid=115046) log_opt_values /opt/stack/data/venv/lib/python3.12/site-packages/oslo_config/cfg.py:2995}}
May 14 10:19:02.500442 np0000174116 devstack@g-api.service[115046]: DEBUG glance.common.config [None req-2a2cedde-85de-4a69-9f0a-815ddc10398e None None] public_endpoint = https://199.204.45.113/image {{(pid=115046) log_opt_values /opt/stack/data/venv/lib/python3.12/site-packages/oslo_config/cfg.py:2995}}
May 14 10:19:02.500442 np0000174116 devstack@g-api.service[115046]: DEBUG glance.common.config [None req-2a2cedde-85de-4a69-9f0a-815ddc10398e None None] publish_errors = False {{(pid=115046) log_opt_values /opt/stack/data/venv/lib/python3.12/site-packages/oslo_config/cfg.py:2995}}
May 14 10:19:02.500442 np0000174116 devstack@g-api.service[115046]: DEBUG glance.common.config [None req-2a2cedde-85de-4a69-9f0a-815ddc10398e None None] pydev_worker_debug_host = None {{(pid=115046) log_opt_values /opt/stack/data/venv/lib/python3.12/site-packages/oslo_config/cfg.py:2995}}
May 14 10:19:02.501392 np0000174116 devstack@g-api.service[115046]: DEBUG glance.common.config [None req-2a2cedde-85de-4a69-9f0a-815ddc10398e None None] pydev_worker_debug_port = 5678 {{(pid=115046) log_opt_values /opt/stack/data/venv/lib/python3.12/site-packages/oslo_config/cfg.py:2995}}
May 14 10:19:02.501392 np0000174116 devstack@g-api.service[115046]: DEBUG glance.common.config [None req-2a2cedde-85de-4a69-9f0a-815ddc10398e None None] rate_limit_burst = 0 {{(pid=115046) log_opt_values /opt/stack/data/venv/lib/python3.12/site-packages/oslo_config/cfg.py:2995}}
May 14 10:19:02.501392 np0000174116 devstack@g-api.service[115046]: DEBUG glance.common.config [None req-2a2cedde-85de-4a69-9f0a-815ddc10398e None None] rate_limit_except_level = CRITICAL {{(pid=115046) log_opt_values /opt/stack/data/venv/lib/python3.12/site-packages/oslo_config/cfg.py:2995}}
May 14 10:19:02.501392 np0000174116 devstack@g-api.service[115046]: DEBUG glance.common.config [None req-2a2cedde-85de-4a69-9f0a-815ddc10398e None None] rate_limit_interval = 0 {{(pid=115046) log_opt_values /opt/stack/data/venv/lib/python3.12/site-packages/oslo_config/cfg.py:2995}}
May 14 10:19:02.501392 np0000174116 devstack@g-api.service[115046]: DEBUG glance.common.config [None req-2a2cedde-85de-4a69-9f0a-815ddc10398e None None] scrub_pool_size = 1 {{(pid=115046) log_opt_values /opt/stack/data/venv/lib/python3.12/site-packages/oslo_config/cfg.py:2995}}
May 14 10:19:02.501392 np0000174116 devstack@g-api.service[115046]: DEBUG glance.common.config [None req-2a2cedde-85de-4a69-9f0a-815ddc10398e None None] scrub_time = 0 {{(pid=115046) log_opt_values /opt/stack/data/venv/lib/python3.12/site-packages/oslo_config/cfg.py:2995}}
May 14 10:19:02.501392 np0000174116 devstack@g-api.service[115046]: DEBUG glance.common.config [None req-2a2cedde-85de-4a69-9f0a-815ddc10398e None None] shell_completion = None {{(pid=115046) log_opt_values /opt/stack/data/venv/lib/python3.12/site-packages/oslo_config/cfg.py:2995}}
May 14 10:19:02.502199 np0000174116 devstack@g-api.service[115046]: DEBUG glance.common.config [None req-2a2cedde-85de-4a69-9f0a-815ddc10398e None None] show_image_direct_url = False {{(pid=115046) log_opt_values /opt/stack/data/venv/lib/python3.12/site-packages/oslo_config/cfg.py:2995}}
May 14 10:19:02.502199 np0000174116 devstack@g-api.service[115046]: WARNING oslo_config.cfg [None req-2a2cedde-85de-4a69-9f0a-815ddc10398e None None] Deprecated: Option "show_multiple_locations" from group "DEFAULT" is deprecated for removal (Use of this option, deprecated since Newton, is a security risk and will be removed once we figure out a way to satisfy those use cases that currently require it. An earlier announcement that the same functionality can be achieved with greater granularity by using policies is incorrect. You cannot work around this option via policy configuration at the present time, though that is the direction we believe the fix will take. Please keep an eye on the Glance release notes to stay up to date on progress in addressing this issue.). Its value may be silently ignored in the future.
May 14 10:19:02.502199 np0000174116 devstack@g-api.service[115046]: DEBUG glance.common.config [None req-2a2cedde-85de-4a69-9f0a-815ddc10398e None None] show_multiple_locations = False {{(pid=115046) log_opt_values /opt/stack/data/venv/lib/python3.12/site-packages/oslo_config/cfg.py:2995}}
May 14 10:19:02.502199 np0000174116 devstack@g-api.service[115046]: DEBUG glance.common.config [None req-2a2cedde-85de-4a69-9f0a-815ddc10398e None None] syslog_log_facility = LOG_USER {{(pid=115046) log_opt_values /opt/stack/data/venv/lib/python3.12/site-packages/oslo_config/cfg.py:2995}}
May 14 10:19:02.502199 np0000174116 devstack@g-api.service[115046]: DEBUG glance.common.config [None req-2a2cedde-85de-4a69-9f0a-815ddc10398e None None] tcp_keepidle = 600 {{(pid=115046) log_opt_values /opt/stack/data/venv/lib/python3.12/site-packages/oslo_config/cfg.py:2995}}
May 14 10:19:02.502733 np0000174116 devstack@g-api.service[115046]: DEBUG glance.common.config [None req-2a2cedde-85de-4a69-9f0a-815ddc10398e None None] transport_url = **** {{(pid=115046) log_opt_values /opt/stack/data/venv/lib/python3.12/site-packages/oslo_config/cfg.py:2995}}
May 14 10:19:02.502733 np0000174116 devstack@g-api.service[115046]: DEBUG glance.common.config [None req-2a2cedde-85de-4a69-9f0a-815ddc10398e None None] use_journal = False {{(pid=115046) log_opt_values /opt/stack/data/venv/lib/python3.12/site-packages/oslo_config/cfg.py:2995}}
May 14 10:19:02.502733 np0000174116 devstack@g-api.service[115046]: DEBUG glance.common.config [None req-2a2cedde-85de-4a69-9f0a-815ddc10398e None None] use_json = False {{(pid=115046) log_opt_values /opt/stack/data/venv/lib/python3.12/site-packages/oslo_config/cfg.py:2995}}
May 14 10:19:02.502733 np0000174116 devstack@g-api.service[115046]: DEBUG glance.common.config [None req-2a2cedde-85de-4a69-9f0a-815ddc10398e None None] use_keystone_limits = True {{(pid=115046) log_opt_values /opt/stack/data/venv/lib/python3.12/site-packages/oslo_config/cfg.py:2995}}
May 14 10:19:02.502733 np0000174116 devstack@g-api.service[115046]: DEBUG glance.common.config [None req-2a2cedde-85de-4a69-9f0a-815ddc10398e None None] use_stderr = False {{(pid=115046) log_opt_values /opt/stack/data/venv/lib/python3.12/site-packages/oslo_config/cfg.py:2995}}
May 14 10:19:02.502733 np0000174116 devstack@g-api.service[115046]: DEBUG glance.common.config [None req-2a2cedde-85de-4a69-9f0a-815ddc10398e None None] use_syslog = False {{(pid=115046) log_opt_values /opt/stack/data/venv/lib/python3.12/site-packages/oslo_config/cfg.py:2995}}
May 14 10:19:02.502733 np0000174116 devstack@g-api.service[115046]: DEBUG glance.common.config [None req-2a2cedde-85de-4a69-9f0a-815ddc10398e None None] user_storage_quota = 0 {{(pid=115046) log_opt_values /opt/stack/data/venv/lib/python3.12/site-packages/oslo_config/cfg.py:2995}}
May 14 10:19:02.503428 np0000174116 devstack@g-api.service[115046]: DEBUG glance.common.config [None req-2a2cedde-85de-4a69-9f0a-815ddc10398e None None] worker_self_reference_url = http://127.0.0.1:60999 {{(pid=115046) log_opt_values /opt/stack/data/venv/lib/python3.12/site-packages/oslo_config/cfg.py:2995}}
May 14 10:19:02.503428 np0000174116 devstack@g-api.service[115046]: DEBUG glance.common.config [None req-2a2cedde-85de-4a69-9f0a-815ddc10398e None None] workers = None {{(pid=115046) log_opt_values /opt/stack/data/venv/lib/python3.12/site-packages/oslo_config/cfg.py:2995}}
May 14 10:19:02.503428 np0000174116 devstack@g-api.service[115046]: DEBUG glance.common.config [None req-2a2cedde-85de-4a69-9f0a-815ddc10398e None None] oslo_concurrency.disable_process_locking = False {{(pid=115046) log_opt_values /opt/stack/data/venv/lib/python3.12/site-packages/oslo_config/cfg.py:3006}}
May 14 10:19:02.503428 np0000174116 devstack@g-api.service[115046]: DEBUG glance.common.config [None req-2a2cedde-85de-4a69-9f0a-815ddc10398e None None] oslo_concurrency.lock_path = /opt/stack/data/glance/locks {{(pid=115046) log_opt_values /opt/stack/data/venv/lib/python3.12/site-packages/oslo_config/cfg.py:3006}}
May 14 10:19:02.503428 np0000174116 devstack@g-api.service[115046]: DEBUG glance.common.config [None req-2a2cedde-85de-4a69-9f0a-815ddc10398e None None] oslo_middleware.enable_proxy_headers_parsing = False {{(pid=115046) log_opt_values /opt/stack/data/venv/lib/python3.12/site-packages/oslo_config/cfg.py:3006}}
May 14 10:19:02.503428 np0000174116 devstack@g-api.service[115046]: DEBUG glance.common.config [None req-2a2cedde-85de-4a69-9f0a-815ddc10398e None None] oslo_middleware.http_basic_auth_user_file = /etc/htpasswd {{(pid=115046) log_opt_values /opt/stack/data/venv/lib/python3.12/site-packages/oslo_config/cfg.py:3006}}
May 14 10:19:02.503929 np0000174116 devstack@g-api.service[115048]: INFO glance.api.middleware.cache_manage [None req-b82c6c71-bcfb-4893-bb7c-41a5105f8461 None None] Initialized image cache management middleware
May 14 10:19:02.504023 np0000174116 devstack@g-api.service[115046]: DEBUG glance.common.config [None req-2a2cedde-85de-4a69-9f0a-815ddc10398e None None] paste_deploy.config_file = None {{(pid=115046) log_opt_values /opt/stack/data/venv/lib/python3.12/site-packages/oslo_config/cfg.py:3006}}
May 14 10:19:02.504068 np0000174116 devstack@g-api.service[115048]: INFO glance.image_cache [None req-b82c6c71-bcfb-4893-bb7c-41a5105f8461 None None] Image cache loaded driver 'centralized_db'.
May 14 10:19:02.504105 np0000174116 devstack@g-api.service[115046]: DEBUG glance.common.config [None req-2a2cedde-85de-4a69-9f0a-815ddc10398e None None] paste_deploy.flavor = keystone+cachemanagement {{(pid=115046) log_opt_values /opt/stack/data/venv/lib/python3.12/site-packages/oslo_config/cfg.py:3006}}
May 14 10:19:02.504105 np0000174116 devstack@g-api.service[115046]: DEBUG glance.common.config [None req-2a2cedde-85de-4a69-9f0a-815ddc10398e None None] image_format.container_formats = ['ami', 'ari', 'aki', 'bare', 'ovf', 'ova', 'docker', 'compressed'] {{(pid=115046) log_opt_values /opt/stack/data/venv/lib/python3.12/site-packages/oslo_config/cfg.py:3006}}
May 14 10:19:02.504105 np0000174116 devstack@g-api.service[115046]: DEBUG glance.common.config [None req-2a2cedde-85de-4a69-9f0a-815ddc10398e None None] image_format.disk_formats = ['ami', 'ari', 'aki', 'vhd', 'vhdx', 'vmdk', 'raw', 'qcow2', 'vdi', 'iso', 'ploop'] {{(pid=115046) log_opt_values /opt/stack/data/venv/lib/python3.12/site-packages/oslo_config/cfg.py:3006}}
May 14 10:19:02.504105 np0000174116 devstack@g-api.service[115046]: DEBUG glance.common.config [None req-2a2cedde-85de-4a69-9f0a-815ddc10398e None None] image_format.gpt_safety_checks_nonfatal = [] {{(pid=115046) log_opt_values /opt/stack/data/venv/lib/python3.12/site-packages/oslo_config/cfg.py:3006}}
May 14 10:19:02.504105 np0000174116 devstack@g-api.service[115046]: DEBUG glance.common.config [None req-2a2cedde-85de-4a69-9f0a-815ddc10398e None None] image_format.require_image_format_match = True {{(pid=115046) log_opt_values /opt/stack/data/venv/lib/python3.12/site-packages/oslo_config/cfg.py:3006}}
May 14 10:19:02.504105 np0000174116 devstack@g-api.service[115046]: DEBUG glance.common.config [None req-2a2cedde-85de-4a69-9f0a-815ddc10398e None None] image_format.vmdk_allowed_types = ['streamOptimized', 'monolithicSparse'] {{(pid=115046) log_opt_values /opt/stack/data/venv/lib/python3.12/site-packages/oslo_config/cfg.py:3006}}
May 14 10:19:02.504315 np0000174116 devstack@g-api.service[115046]: DEBUG glance.common.config [None req-2a2cedde-85de-4a69-9f0a-815ddc10398e None None] task.task_executor = taskflow {{(pid=115046) log_opt_values /opt/stack/data/venv/lib/python3.12/site-packages/oslo_config/cfg.py:3006}}
May 14 10:19:02.504315 np0000174116 devstack@g-api.service[115046]: DEBUG glance.common.config [None req-2a2cedde-85de-4a69-9f0a-815ddc10398e None None] task.task_time_to_live = 48 {{(pid=115046) log_opt_values /opt/stack/data/venv/lib/python3.12/site-packages/oslo_config/cfg.py:3006}}
May 14 10:19:02.504315 np0000174116 devstack@g-api.service[115046]: DEBUG glance.common.config [None req-2a2cedde-85de-4a69-9f0a-815ddc10398e None None] task.work_dir = None {{(pid=115046) log_opt_values /opt/stack/data/venv/lib/python3.12/site-packages/oslo_config/cfg.py:3006}}
May 14 10:19:02.504468 np0000174116 devstack@g-api.service[115046]: DEBUG glance.common.config [None req-2a2cedde-85de-4a69-9f0a-815ddc10398e None None] wsgi.python_interpreter = /opt/stack/data/venv/bin/python3 {{(pid=115046) log_opt_values /opt/stack/data/venv/lib/python3.12/site-packages/oslo_config/cfg.py:3006}}
May 14 10:19:02.504543 np0000174116 devstack@g-api.service[115046]: DEBUG glance.common.config [None req-2a2cedde-85de-4a69-9f0a-815ddc10398e None None] wsgi.task_pool_threads = 16 {{(pid=115046) log_opt_values /opt/stack/data/venv/lib/python3.12/site-packages/oslo_config/cfg.py:3006}}
May 14 10:19:02.504670 np0000174116 devstack@g-api.service[115046]: DEBUG glance.common.config [None req-2a2cedde-85de-4a69-9f0a-815ddc10398e None None] profiler.connection_string = messaging:// {{(pid=115046) log_opt_values /opt/stack/data/venv/lib/python3.12/site-packages/oslo_config/cfg.py:3006}}
May 14 10:19:02.504765 np0000174116 devstack@g-api.service[115046]: DEBUG glance.common.config [None req-2a2cedde-85de-4a69-9f0a-815ddc10398e None None] profiler.enabled = False {{(pid=115046) log_opt_values /opt/stack/data/venv/lib/python3.12/site-packages/oslo_config/cfg.py:3006}}
May 14 10:19:02.504870 np0000174116 devstack@g-api.service[115046]: DEBUG glance.common.config [None req-2a2cedde-85de-4a69-9f0a-815ddc10398e None None] profiler.es_doc_type = notification {{(pid=115046) log_opt_values /opt/stack/data/venv/lib/python3.12/site-packages/oslo_config/cfg.py:3006}}
May 14 10:19:02.504972 np0000174116 devstack@g-api.service[115046]: DEBUG glance.common.config [None req-2a2cedde-85de-4a69-9f0a-815ddc10398e None None] profiler.es_scroll_size = 10000 {{(pid=115046) log_opt_values /opt/stack/data/venv/lib/python3.12/site-packages/oslo_config/cfg.py:3006}}
May 14 10:19:02.505075 np0000174116 devstack@g-api.service[115046]: DEBUG glance.common.config [None req-2a2cedde-85de-4a69-9f0a-815ddc10398e None None] profiler.es_scroll_time = 2m {{(pid=115046) log_opt_values /opt/stack/data/venv/lib/python3.12/site-packages/oslo_config/cfg.py:3006}}
May 14 10:19:02.505176 np0000174116 devstack@g-api.service[115046]: DEBUG glance.common.config [None req-2a2cedde-85de-4a69-9f0a-815ddc10398e None None] profiler.filter_error_trace = False {{(pid=115046) log_opt_values /opt/stack/data/venv/lib/python3.12/site-packages/oslo_config/cfg.py:3006}}
May 14 10:19:02.505279 np0000174116 devstack@g-api.service[115046]: DEBUG glance.common.config [None req-2a2cedde-85de-4a69-9f0a-815ddc10398e None None] profiler.hmac_keys = **** {{(pid=115046) log_opt_values /opt/stack/data/venv/lib/python3.12/site-packages/oslo_config/cfg.py:3006}}
May 14 10:19:02.505383 np0000174116 devstack@g-api.service[115046]: DEBUG glance.common.config [None req-2a2cedde-85de-4a69-9f0a-815ddc10398e None None] profiler.sentinel_service_name = mymaster {{(pid=115046) log_opt_values /opt/stack/data/venv/lib/python3.12/site-packages/oslo_config/cfg.py:3006}}
May 14 10:19:02.505526 np0000174116 devstack@g-api.service[115046]: DEBUG glance.common.config [None req-2a2cedde-85de-4a69-9f0a-815ddc10398e None None] profiler.socket_timeout = 0.1 {{(pid=115046) log_opt_values /opt/stack/data/venv/lib/python3.12/site-packages/oslo_config/cfg.py:3006}}
May 14 10:19:02.505615 np0000174116 devstack@g-api.service[115046]: DEBUG glance.common.config [None req-2a2cedde-85de-4a69-9f0a-815ddc10398e None None] profiler.trace_requests = False {{(pid=115046) log_opt_values /opt/stack/data/venv/lib/python3.12/site-packages/oslo_config/cfg.py:3006}}
May 14 10:19:02.505717 np0000174116 devstack@g-api.service[115046]: DEBUG glance.common.config [None req-2a2cedde-85de-4a69-9f0a-815ddc10398e None None] profiler.trace_sqlalchemy = False {{(pid=115046) log_opt_values /opt/stack/data/venv/lib/python3.12/site-packages/oslo_config/cfg.py:3006}}
May 14 10:19:02.505825 np0000174116 devstack@g-api.service[115046]: DEBUG glance.common.config [None req-2a2cedde-85de-4a69-9f0a-815ddc10398e None None] profiler_jaeger.process_tags = {} {{(pid=115046) log_opt_values /opt/stack/data/venv/lib/python3.12/site-packages/oslo_config/cfg.py:3006}}
May 14 10:19:02.505923 np0000174116 devstack@g-api.service[115046]: DEBUG glance.common.config [None req-2a2cedde-85de-4a69-9f0a-815ddc10398e None None] profiler_jaeger.service_name_prefix = None {{(pid=115046) log_opt_values /opt/stack/data/venv/lib/python3.12/site-packages/oslo_config/cfg.py:3006}}
May 14 10:19:02.506024 np0000174116 devstack@g-api.service[115046]: DEBUG glance.common.config [None req-2a2cedde-85de-4a69-9f0a-815ddc10398e None None] profiler_otlp.service_name_prefix = None {{(pid=115046) log_opt_values /opt/stack/data/venv/lib/python3.12/site-packages/oslo_config/cfg.py:3006}}
May 14 10:19:02.506130 np0000174116 devstack@g-api.service[115046]: DEBUG glance.common.config [None req-2a2cedde-85de-4a69-9f0a-815ddc10398e None None] import_filtering_opts.allowed_hosts = [] {{(pid=115046) log_opt_values /opt/stack/data/venv/lib/python3.12/site-packages/oslo_config/cfg.py:3006}}
May 14 10:19:02.506241 np0000174116 devstack@g-api.service[115046]: DEBUG glance.common.config [None req-2a2cedde-85de-4a69-9f0a-815ddc10398e None None] import_filtering_opts.allowed_ports = [80, 443] {{(pid=115046) log_opt_values /opt/stack/data/venv/lib/python3.12/site-packages/oslo_config/cfg.py:3006}}
May 14 10:19:02.506354 np0000174116 devstack@g-api.service[115046]: DEBUG glance.common.config [None req-2a2cedde-85de-4a69-9f0a-815ddc10398e None None] import_filtering_opts.allowed_schemes = ['http', 'https'] {{(pid=115046) log_opt_values /opt/stack/data/venv/lib/python3.12/site-packages/oslo_config/cfg.py:3006}}
May 14 10:19:02.506474 np0000174116 devstack@g-api.service[115046]: DEBUG glance.common.config [None req-2a2cedde-85de-4a69-9f0a-815ddc10398e None None] import_filtering_opts.disallowed_hosts = [] {{(pid=115046) log_opt_values /opt/stack/data/venv/lib/python3.12/site-packages/oslo_config/cfg.py:3006}}
May 14 10:19:02.506525 np0000174116 devstack@g-api.service[115045]: WARNING keystonemiddleware.auth_token [None req-8222d04c-5cbb-48b9-87da-7bb3eaac0d50 None None] AuthToken middleware is set with keystone_authtoken.service_token_roles_required set to False. This is backwards compatible but deprecated behaviour. Please set this to True.
May 14 10:19:02.506596 np0000174116 devstack@g-api.service[115047]: INFO glance.api.middleware.cache [None req-c5e12c38-bdb0-4506-87ae-864ca7bf292c None None] Initialized image cache middleware
May 14 10:19:02.506655 np0000174116 devstack@g-api.service[115046]: DEBUG glance.common.config [None req-2a2cedde-85de-4a69-9f0a-815ddc10398e None None] import_filtering_opts.disallowed_ports = [] {{(pid=115046) log_opt_values /opt/stack/data/venv/lib/python3.12/site-packages/oslo_config/cfg.py:3006}}
May 14 10:19:02.506701 np0000174116 devstack@g-api.service[115046]: DEBUG glance.common.config [None req-2a2cedde-85de-4a69-9f0a-815ddc10398e None None] import_filtering_opts.disallowed_schemes = [] {{(pid=115046) log_opt_values /opt/stack/data/venv/lib/python3.12/site-packages/oslo_config/cfg.py:3006}}
May 14 10:19:02.506813 np0000174116 devstack@g-api.service[115046]: DEBUG glance.common.config [None req-2a2cedde-85de-4a69-9f0a-815ddc10398e None None] oslo_messaging_metrics.metrics_buffer_size = 1000 {{(pid=115046) log_opt_values /opt/stack/data/venv/lib/python3.12/site-packages/oslo_config/cfg.py:3006}}
May 14 10:19:02.506926 np0000174116 devstack@g-api.service[115046]: DEBUG glance.common.config [None req-2a2cedde-85de-4a69-9f0a-815ddc10398e None None] oslo_messaging_metrics.metrics_enabled = False {{(pid=115046) log_opt_values /opt/stack/data/venv/lib/python3.12/site-packages/oslo_config/cfg.py:3006}}
May 14 10:19:02.507014 np0000174116 devstack@g-api.service[115046]: DEBUG glance.common.config [None req-2a2cedde-85de-4a69-9f0a-815ddc10398e None None] oslo_messaging_metrics.metrics_process_name = {{(pid=115046) log_opt_values /opt/stack/data/venv/lib/python3.12/site-packages/oslo_config/cfg.py:3006}}
May 14 10:19:02.507220 np0000174116 devstack@g-api.service[115046]: DEBUG glance.common.config [None req-2a2cedde-85de-4a69-9f0a-815ddc10398e None None] oslo_messaging_metrics.metrics_socket_file = /var/tmp/metrics_collector.sock {{(pid=115046) log_opt_values /opt/stack/data/venv/lib/python3.12/site-packages/oslo_config/cfg.py:3006}}
May 14 10:19:02.507361 np0000174116 devstack@g-api.service[115046]: DEBUG glance.common.config [None req-2a2cedde-85de-4a69-9f0a-815ddc10398e None None] oslo_messaging_metrics.metrics_thread_stop_timeout = 10 {{(pid=115046) log_opt_values /opt/stack/data/venv/lib/python3.12/site-packages/oslo_config/cfg.py:3006}}
May 14 10:19:02.507569 np0000174116 devstack@g-api.service[115046]: DEBUG glance.common.config [None req-2a2cedde-85de-4a69-9f0a-815ddc10398e None None] os_brick.lightos_discovery_client_address = localhost {{(pid=115046) log_opt_values /opt/stack/data/venv/lib/python3.12/site-packages/oslo_config/cfg.py:3006}}
May 14 10:19:02.507708 np0000174116 devstack@g-api.service[115046]: DEBUG glance.common.config [None req-2a2cedde-85de-4a69-9f0a-815ddc10398e None None] os_brick.lightos_discovery_client_dir_path = /etc/discovery-client/discovery.d/ {{(pid=115046) log_opt_values /opt/stack/data/venv/lib/python3.12/site-packages/oslo_config/cfg.py:3006}}
May 14 10:19:02.507849 np0000174116 devstack@g-api.service[115046]: DEBUG glance.common.config [None req-2a2cedde-85de-4a69-9f0a-815ddc10398e None None] os_brick.lightos_discovery_client_port = 6060 {{(pid=115046) log_opt_values /opt/stack/data/venv/lib/python3.12/site-packages/oslo_config/cfg.py:3006}}
May 14 10:19:02.507999 np0000174116 devstack@g-api.service[115046]: DEBUG glance.common.config [None req-2a2cedde-85de-4a69-9f0a-815ddc10398e None None] os_brick.lock_path = /opt/stack/data/os_brick {{(pid=115046) log_opt_values /opt/stack/data/venv/lib/python3.12/site-packages/oslo_config/cfg.py:3006}}
May 14 10:19:02.508112 np0000174116 devstack@g-api.service[115046]: DEBUG glance.common.config [None req-2a2cedde-85de-4a69-9f0a-815ddc10398e None None] os_brick.wait_mpath_device_attempts = 4 {{(pid=115046) log_opt_values /opt/stack/data/venv/lib/python3.12/site-packages/oslo_config/cfg.py:3006}}
May 14 10:19:02.508210 np0000174116 devstack@g-api.service[115046]: DEBUG glance.common.config [None req-2a2cedde-85de-4a69-9f0a-815ddc10398e None None] os_brick.wait_mpath_device_interval = 1 {{(pid=115046) log_opt_values /opt/stack/data/venv/lib/python3.12/site-packages/oslo_config/cfg.py:3006}}
May 14 10:19:02.508318 np0000174116 devstack@g-api.service[115046]: DEBUG glance.common.config [None req-2a2cedde-85de-4a69-9f0a-815ddc10398e None None] privsep_osbrick.capabilities = [21, 2] {{(pid=115046) log_opt_values /opt/stack/data/venv/lib/python3.12/site-packages/oslo_config/cfg.py:3006}}
May 14 10:19:02.508434 np0000174116 devstack@g-api.service[115046]: DEBUG glance.common.config [None req-2a2cedde-85de-4a69-9f0a-815ddc10398e None None] privsep_osbrick.group = None {{(pid=115046) log_opt_values /opt/stack/data/venv/lib/python3.12/site-packages/oslo_config/cfg.py:3006}}
