2026-05-19 19:22:04.145 8 INFO placement.requestlog [None req-b4ed7f8c-1925-4193-98ea-d16dfe09bd42 9c96c4464f874a15995c236a420f0039 85b12369cd264ddf8f344f0870ed67fc - - bd96efa683ad44e8ad3f697d3381e880 bd96efa683ad44e8ad3f697d3381e880] 10.0.0.242 "GET /resource_providers/1056e480-b5f1-4487-b043-7f3de1063e17/aggregates" status: 404 len: 235 microversion: 1.1 [pid: 8|app: 0|req: 427/853] 10.0.0.242 () {32 vars in 816 bytes} [Tue May 19 19:22:04 2026] GET /resource_providers/1056e480-b5f1-4487-b043-7f3de1063e17/aggregates => generated 235 bytes in 22 msecs (HTTP/1.1 404) 5 headers in 202 bytes (1 switches on core 0)
2026-05-19 19:22:04.155 7 INFO placement.requestlog [None req-444fc751-fcd5-41f8-b891-9c89757843e6 9c96c4464f874a15995c236a420f0039 85b12369cd264ddf8f344f0870ed67fc - - bd96efa683ad44e8ad3f697d3381e880 bd96efa683ad44e8ad3f697d3381e880] 10.0.0.242 "DELETE /resource_providers/1056e480-b5f1-4487-b043-7f3de1063e17" status: 404 len: 246 microversion: 1.1 [pid: 7|app: 0|req: 427/854] 10.0.0.242 () {34 vars in 816 bytes} [Tue May 19 19:22:04 2026] DELETE /resource_providers/1056e480-b5f1-4487-b043-7f3de1063e17 => generated 246 bytes in 14 msecs (HTTP/1.1 404) 6 headers in 231 bytes (1 switches on core 0)
2026-05-19 19:22:04.169 8 INFO placement.requestlog [None req-79f986ba-081a-4e34-95c6-90601e1067cc 9c96c4464f874a15995c236a420f0039 85b12369cd264ddf8f344f0870ed67fc - - bd96efa683ad44e8ad3f697d3381e880 bd96efa683ad44e8ad3f697d3381e880] 10.0.0.242 "DELETE /resource_providers/1056e480-b5f1-4487-b043-7f3de1063e17" status: 404 len: 246 microversion: 1.1 [pid: 8|app: 0|req: 428/855] 10.0.0.242 () {34 vars in 816 bytes} [Tue May 19 19:22:04 2026] DELETE /resource_providers/1056e480-b5f1-4487-b043-7f3de1063e17 => generated 246 bytes in 14 msecs (HTTP/1.1 404) 6 headers in 231 bytes (1 switches on core 0)
2026-05-19 19:22:06.324 8 INFO placement.requestlog [None req-eb9ac8e5-672f-4cc1-9b52-259231eceb54 9c96c4464f874a15995c236a420f0039 85b12369cd264ddf8f344f0870ed67fc - - bd96efa683ad44e8ad3f697d3381e880 bd96efa683ad44e8ad3f697d3381e880] 10.0.0.242 "GET /resource_providers/65aa52a7-680b-4d1d-86a2-666f749c1c7c/aggregates" status: 404 len: 235 microversion: 1.1 [pid: 8|app: 0|req: 429/856] 10.0.0.242 () {32 vars in 816 bytes} [Tue May 19 19:22:06 2026] GET /resource_providers/65aa52a7-680b-4d1d-86a2-666f749c1c7c/aggregates => generated 235 bytes in 12 msecs (HTTP/1.1 404) 5 headers in 202 bytes (1 switches on core 0)
2026-05-19 19:22:06.326 7 INFO placement.requestlog [None req-47020d88-03c6-4425-b202-262dd69cc756 9c96c4464f874a15995c236a420f0039 85b12369cd264ddf8f344f0870ed67fc - - bd96efa683ad44e8ad3f697d3381e880 bd96efa683ad44e8ad3f697d3381e880] 10.0.0.242 "GET /resource_providers/65aa52a7-680b-4d1d-86a2-666f749c1c7c/aggregates" status: 404 len: 235 microversion: 1.1 [pid: 7|app: 0|req: 428/857] 10.0.0.242 () {32 vars in 816 bytes} [Tue May 19 19:22:06 2026] GET /resource_providers/65aa52a7-680b-4d1d-86a2-666f749c1c7c/aggregates => generated 235 bytes in 14 msecs (HTTP/1.1 404) 5 headers in 202 bytes (1 switches on core 0)
2026-05-19 19:22:06.376 8 INFO placement.requestlog [None req-4fec7bca-3845-4226-9747-06630811acb2 9c96c4464f874a15995c236a420f0039 85b12369cd264ddf8f344f0870ed67fc - - bd96efa683ad44e8ad3f697d3381e880 bd96efa683ad44e8ad3f697d3381e880] 10.0.0.242 "DELETE /resource_providers/65aa52a7-680b-4d1d-86a2-666f749c1c7c" status: 404 len: 246 microversion: 1.1 [pid: 8|app: 0|req: 430/858] 10.0.0.242 () {34 vars in 816 bytes} [Tue May 19 19:22:06 2026] DELETE /resource_providers/65aa52a7-680b-4d1d-86a2-666f749c1c7c => generated 246 bytes in 11 msecs (HTTP/1.1 404) 6 headers in 231 bytes (1 switches on core 0)
2026-05-19 19:22:06.379 7 INFO placement.requestlog [None req-253372fc-3a97-4731-9710-b6bee7357340 9c96c4464f874a15995c236a420f0039 85b12369cd264ddf8f344f0870ed67fc - - bd96efa683ad44e8ad3f697d3381e880 bd96efa683ad44e8ad3f697d3381e880] 10.0.0.242 "DELETE /resource_providers/65aa52a7-680b-4d1d-86a2-666f749c1c7c" status: 404 len: 246 microversion: 1.1 [pid: 7|app: 0|req: 429/859] 10.0.0.242 () {34 vars in 816 bytes} [Tue May 19 19:22:06 2026] DELETE /resource_providers/65aa52a7-680b-4d1d-86a2-666f749c1c7c => generated 246 bytes in 14 msecs (HTTP/1.1 404) 6 headers in 231 bytes (1 switches on core 0)
2026-05-19 19:22:07.930 7 INFO placement.requestlog [None req-8ce10d1f-11d6-458c-94be-fbabc3d1d0db - - - - - -] 10.0.0.1 "GET /" status: 200 len: 136 microversion: 1.0
2026-05-19 19:22:07.932 8 INFO placement.requestlog [None req-09be27a8-ba57-4b7b-a855-113eefc1880c - - - - - -] 10.0.0.1 "GET /" status: 200 len: 136 microversion: 1.0
2026-05-19 19:22:17.929 8 INFO placement.requestlog [None req-6c5969a8-28d2-4a81-b9e8-bfd2368c0f14 - - - - - -] 10.0.0.1 "GET /" status: 200 len: 136 microversion: 1.0
2026-05-19 19:22:17.929 7 INFO placement.requestlog [None req-8893b3ab-5666-4d14-a4af-475c7ed3a5a9 - - - - - -] 10.0.0.1 "GET /" status: 200 len: 136 microversion: 1.0
2026-05-19 19:22:23.353 8 INFO placement.requestlog [req-5c27f3fa-d22c-44e7-a39c-dce5e50463de req-8896d5de-6f76-4ef6-a48f-9908112eda90 eed2cc0dee5148ad83c95506b18502d7 85b12369cd264ddf8f344f0870ed67fc - - bd96efa683ad44e8ad3f697d3381e880 bd96efa683ad44e8ad3f697d3381e880] 10.0.0.211 "GET /allocation_candidates?limit=1000&resources=MEMORY_MB%3A512%2CVCPU%3A1&root_required=%21COMPUTE_STATUS_DISABLED" status: 200 len: 2135 microversion: 1.36 [pid: 8|app: 0|req: 433/864] 10.0.0.211 () {34 vars in 984 bytes} [Tue May 19 19:22:23 2026] GET /allocation_candidates?limit=1000&resources=MEMORY_MB%3A512%2CVCPU%3A1&root_required=%21COMPUTE_STATUS_DISABLED => generated 2135 bytes in 53 msecs (HTTP/1.1 200) 8 headers in 297 bytes (1 switches on core 0)
2026-05-19 19:22:23.385 7 INFO placement.requestlog [req-5c27f3fa-d22c-44e7-a39c-dce5e50463de req-47b99468-fb2e-4fdf-9133-9175557f35a3 eed2cc0dee5148ad83c95506b18502d7 85b12369cd264ddf8f344f0870ed67fc - - bd96efa683ad44e8ad3f697d3381e880 bd96efa683ad44e8ad3f697d3381e880] 10.0.0.211 "GET /allocations/9ca77624-0c12-47b3-8540-5a1de315ff81" status: 200 len: 19 microversion: 1.28 [pid: 7|app: 0|req: 432/865] 10.0.0.211 () {34 vars in 861 bytes} [Tue May 19 19:22:23 2026] GET /allocations/9ca77624-0c12-47b3-8540-5a1de315ff81 => generated 19 bytes in 11 msecs (HTTP/1.1 200) 8 headers in 295 bytes (1 switches on core 0)
2026-05-19 19:22:23.460 8 INFO placement.requestlog [req-5c27f3fa-d22c-44e7-a39c-dce5e50463de req-1fd885f4-f16b-42ce-9c2e-a2827249b248 eed2cc0dee5148ad83c95506b18502d7 85b12369cd264ddf8f344f0870ed67fc - - bd96efa683ad44e8ad3f697d3381e880 bd96efa683ad44e8ad3f697d3381e880] 10.0.0.211 "PUT /allocations/9ca77624-0c12-47b3-8540-5a1de315ff81" status: 204 len: 0 microversion: 1.36 [pid: 8|app: 0|req: 434/866] 10.0.0.211 () {38 vars in 914 bytes} [Tue May 19 19:22:23 2026] PUT /allocations/9ca77624-0c12-47b3-8540-5a1de315ff81 => generated 0 bytes in 64 msecs (HTTP/1.1 204) 5 headers in 199 bytes (1 switches on core 0)
2026-05-19 19:22:23.767 7 INFO placement.requestlog [req-5c27f3fa-d22c-44e7-a39c-dce5e50463de req-05c0a3ba-57e1-4cea-af89-71cab4a7a327 eed2cc0dee5148ad83c95506b18502d7 85b12369cd264ddf8f344f0870ed67fc - - bd96efa683ad44e8ad3f697d3381e880 bd96efa683ad44e8ad3f697d3381e880] 199.204.45.153 "GET /allocations/9ca77624-0c12-47b3-8540-5a1de315ff81" status: 200 len: 243 microversion: 1.28 [pid: 7|app: 0|req: 433/867] 199.204.45.153 () {34 vars in 863 bytes} [Tue May 19 19:22:23 2026] GET /allocations/9ca77624-0c12-47b3-8540-5a1de315ff81 => generated 243 bytes in 14 msecs (HTTP/1.1 200) 8 headers in 296 bytes (1 switches on core 0)
2026-05-19 19:22:23.893 8 INFO placement.requestlog [req-5c27f3fa-d22c-44e7-a39c-dce5e50463de req-7e267878-a7a4-49af-86db-9e84d1d9a959 eed2cc0dee5148ad83c95506b18502d7 85b12369cd264ddf8f344f0870ed67fc - - bd96efa683ad44e8ad3f697d3381e880 bd96efa683ad44e8ad3f697d3381e880] 199.204.45.153 "GET /resource_providers/f1e020c6-1c75-4de4-b315-1fa17c332e43/allocations" status: 200 len: 238 microversion: 1.0 [pid: 8|app: 0|req: 435/868] 199.204.45.153 () {32 vars in 857 bytes} [Tue May 19 19:22:23 2026] GET /resource_providers/f1e020c6-1c75-4de4-b315-1fa17c332e43/allocations => generated 238 bytes in 16 msecs (HTTP/1.1 200) 6 headers in 224 bytes (1 switches on core 0)
2026-05-19 19:22:23.914 7 INFO placement.requestlog [req-5c27f3fa-d22c-44e7-a39c-dce5e50463de req-59523b5c-5a9e-41c5-a553-dd67f4dd3b15 eed2cc0dee5148ad83c95506b18502d7 85b12369cd264ddf8f344f0870ed67fc - - bd96efa683ad44e8ad3f697d3381e880 bd96efa683ad44e8ad3f697d3381e880] 199.204.45.153 "GET /allocations/7d1988cf-a30c-413f-8982-c7b35f9e8f01" status: 200 len: 257 microversion: 1.28 [pid: 7|app: 0|req: 434/869] 199.204.45.153 () {34 vars in 863 bytes} [Tue May 19 19:22:23 2026] GET /allocations/7d1988cf-a30c-413f-8982-c7b35f9e8f01 => generated 257 bytes in 15 msecs (HTTP/1.1 200) 8 headers in 296 bytes (1 switches on core 0)
2026-05-19 19:22:23.936 8 INFO placement.requestlog [req-5c27f3fa-d22c-44e7-a39c-dce5e50463de req-b38db19b-bbb8-4a39-99ed-1d798b4e5fa4 eed2cc0dee5148ad83c95506b18502d7 85b12369cd264ddf8f344f0870ed67fc - - bd96efa683ad44e8ad3f697d3381e880 bd96efa683ad44e8ad3f697d3381e880] 199.204.45.153 "GET /allocations/9ca77624-0c12-47b3-8540-5a1de315ff81" status: 200 len: 243 microversion: 1.28 [pid: 8|app: 0|req: 436/870] 199.204.45.153 () {34 vars in 863 bytes} [Tue May 19 19:22:23 2026] GET /allocations/9ca77624-0c12-47b3-8540-5a1de315ff81 => generated 243 bytes in 13 msecs (HTTP/1.1 200) 8 headers in 296 bytes (1 switches on core 0)
2026-05-19 19:22:24.195 8 INFO placement.requestlog [None req-a2dd87aa-b9bc-4061-beff-6ebe4c36cb5e 9c96c4464f874a15995c236a420f0039 85b12369cd264ddf8f344f0870ed67fc - - bd96efa683ad44e8ad3f697d3381e880 bd96efa683ad44e8ad3f697d3381e880] 10.0.0.242 "GET /resource_providers/190e424a-425d-487f-8b82-e72752b21869/aggregates" status: 404 len: 235 microversion: 1.1 [pid: 8|app: 0|req: 437/871] 10.0.0.242 () {32 vars in 816 bytes} [Tue May 19 19:22:24 2026] GET /resource_providers/190e424a-425d-487f-8b82-e72752b21869/aggregates => generated 235 bytes in 12 msecs (HTTP/1.1 404) 5 headers in 202 bytes (1 switches on core 0)
2026-05-19 19:22:24.195 7 INFO placement.requestlog [None req-29e574ba-88ac-442d-8d1c-05f5a3b4869b 9c96c4464f874a15995c236a420f0039 85b12369cd264ddf8f344f0870ed67fc - - bd96efa683ad44e8ad3f697d3381e880 bd96efa683ad44e8ad3f697d3381e880] 10.0.0.242 "GET /resource_providers/190e424a-425d-487f-8b82-e72752b21869/aggregates" status: 404 len: 235 microversion: 1.1 [pid: 7|app: 0|req: 435/872] 10.0.0.242 () {32 vars in 816 bytes} [Tue May 19 19:22:24 2026] GET /resource_providers/190e424a-425d-487f-8b82-e72752b21869/aggregates => generated 235 bytes in 13 msecs (HTTP/1.1 404) 5 headers in 202 bytes (1 switches on core 0)
2026-05-19 19:22:24.216 8 INFO placement.requestlog [None req-c36c0c41-9395-4755-91e6-276ef1a934d8 9c96c4464f874a15995c236a420f0039 85b12369cd264ddf8f344f0870ed67fc - - bd96efa683ad44e8ad3f697d3381e880 bd96efa683ad44e8ad3f697d3381e880] 10.0.0.242 "DELETE /resource_providers/190e424a-425d-487f-8b82-e72752b21869" status: 404 len: 246 microversion: 1.1 [pid: 8|app: 0|req: 438/873] 10.0.0.242 () {34 vars in 816 bytes} [Tue May 19 19:22:24 2026] DELETE /resource_providers/190e424a-425d-487f-8b82-e72752b21869 => generated 246 bytes in 8 msecs (HTTP/1.1 404) 6 headers in 231 bytes (1 switches on core 0)
2026-05-19 19:22:24.220 7 INFO placement.requestlog [None req-72f92402-6ebf-4cf7-a848-a683ead1a701 9c96c4464f874a15995c236a420f0039 85b12369cd264ddf8f344f0870ed67fc - - bd96efa683ad44e8ad3f697d3381e880 bd96efa683ad44e8ad3f697d3381e880] 10.0.0.242 "DELETE /resource_providers/190e424a-425d-487f-8b82-e72752b21869" status: 404 len: 246 microversion: 1.1 [pid: 7|app: 0|req: 436/874] 10.0.0.242 () {34 vars in 816 bytes} [Tue May 19 19:22:24 2026] DELETE /resource_providers/190e424a-425d-487f-8b82-e72752b21869 => generated 246 bytes in 11 msecs (HTTP/1.1 404) 6 headers in 231 bytes (1 switches on core 0)
2026-05-19 19:22:26.484 8 INFO placement.requestlog [None req-59081fa6-7827-4aa6-8859-883b14383598 9c96c4464f874a15995c236a420f0039 85b12369cd264ddf8f344f0870ed67fc - - bd96efa683ad44e8ad3f697d3381e880 bd96efa683ad44e8ad3f697d3381e880] 10.0.0.242 "GET /resource_providers/d050a096-2b60-4a27-a216-ea8a37b63873/aggregates" status: 404 len: 235 microversion: 1.1 [pid: 8|app: 0|req: 439/875] 10.0.0.242 () {32 vars in 816 bytes} [Tue May 19 19:22:26 2026] GET /resource_providers/d050a096-2b60-4a27-a216-ea8a37b63873/aggregates => generated 235 bytes in 11 msecs (HTTP/1.1 404) 5 headers in 202 bytes (1 switches on core 0)
2026-05-19 19:22:26.485 7 INFO placement.requestlog [None req-55667ea9-8d80-4545-86a1-195905a023a6 9c96c4464f874a15995c236a420f0039 85b12369cd264ddf8f344f0870ed67fc - - bd96efa683ad44e8ad3f697d3381e880 bd96efa683ad44e8ad3f697d3381e880] 10.0.0.242 "GET /resource_providers/d050a096-2b60-4a27-a216-ea8a37b63873/aggregates" status: 404 len: 235 microversion: 1.1 [pid: 7|app: 0|req: 437/876] 10.0.0.242 () {32 vars in 816 bytes} [Tue May 19 19:22:26 2026] GET /resource_providers/d050a096-2b60-4a27-a216-ea8a37b63873/aggregates => generated 235 bytes in 11 msecs (HTTP/1.1 404) 5 headers in 202 bytes (1 switches on core 0)
2026-05-19 19:22:26.524 8 INFO placement.requestlog [None req-fc6f5170-c58f-4972-a4d6-8028bda30ff8 9c96c4464f874a15995c236a420f0039 85b12369cd264ddf8f344f0870ed67fc - - bd96efa683ad44e8ad3f697d3381e880 bd96efa683ad44e8ad3f697d3381e880] 10.0.0.242 "DELETE /resource_providers/d050a096-2b60-4a27-a216-ea8a37b63873" status: 404 len: 246 microversion: 1.1 [pid: 8|app: 0|req: 440/877] 10.0.0.242 () {34 vars in 816 bytes} [Tue May 19 19:22:26 2026] DELETE /resource_providers/d050a096-2b60-4a27-a216-ea8a37b63873 => generated 246 bytes in 25 msecs (HTTP/1.1 404) 6 headers in 231 bytes (1 switches on core 0)
2026-05-19 19:22:26.529 7 INFO placement.requestlog [None req-699f1257-3e9b-4dc7-98d7-5ba13557940c 9c96c4464f874a15995c236a420f0039 85b12369cd264ddf8f344f0870ed67fc - - bd96efa683ad44e8ad3f697d3381e880 bd96efa683ad44e8ad3f697d3381e880] 10.0.0.242 "DELETE /resource_providers/d050a096-2b60-4a27-a216-ea8a37b63873" status: 404 len: 246 microversion: 1.1 [pid: 7|app: 0|req: 438/878] 10.0.0.242 () {34 vars in 816 bytes} [Tue May 19 19:22:26 2026] DELETE /resource_providers/d050a096-2b60-4a27-a216-ea8a37b63873 => generated 246 bytes in 29 msecs (HTTP/1.1 404) 6 headers in 231 bytes (1 switches on core 0)
2026-05-19 19:22:27.931 8 INFO placement.requestlog [None req-35382579-81ce-4ce9-869e-938e88ebe539 - - - - - -] 10.0.0.1 "GET /" status: 200 len: 136 microversion: 1.0
2026-05-19 19:22:27.931 7 INFO placement.requestlog [None req-89a692f4-e55b-448b-abfe-d8fa4470fe4e - - - - - -] 10.0.0.1 "GET /" status: 200 len: 136 microversion: 1.0
2026-05-19 19:22:28.237 8 INFO placement.requestlog [None req-cc2a22e5-cb38-472a-98cf-a10714566c24 9c96c4464f874a15995c236a420f0039 85b12369cd264ddf8f344f0870ed67fc - - bd96efa683ad44e8ad3f697d3381e880 bd96efa683ad44e8ad3f697d3381e880] 10.0.0.242 "GET /resource_providers/b877e0bb-eb29-4fc0-9b82-2dc3985ea833/aggregates" status: 404 len: 235 microversion: 1.1
2026-05-19 19:22:28.238 7 INFO placement.requestlog [None req-5e445ca8-4cc8-40c4-b25a-cc642d84462f 9c96c4464f874a15995c236a420f0039 85b12369cd264ddf8f344f0870ed67fc - - bd96efa683ad44e8ad3f697d3381e880 bd96efa683ad44e8ad3f697d3381e880] 10.0.0.242 "GET /resource_providers/b877e0bb-eb29-4fc0-9b82-2dc3985ea833/aggregates" status: 404 len: 235 microversion: 1.1 [pid: 8|app: 0|req: 442/882] 10.0.0.242 () {32 vars in 816 bytes} [Tue May 19 19:22:28 2026] GET /resource_providers/b877e0bb-eb29-4fc0-9b82-2dc3985ea833/aggregates => generated 235 bytes in 14 msecs (HTTP/1.1 404) 5 headers in 202 bytes (1 switches on core 0) [pid: 7|app: 0|req: 440/882] 10.0.0.242 () {32 vars in 816 bytes} [Tue May 19 19:22:28 2026] GET /resource_providers/b877e0bb-eb29-4fc0-9b82-2dc3985ea833/aggregates => generated 235 bytes in 14 msecs (HTTP/1.1 404) 5 headers in 202 bytes (1 switches on core 0)
2026-05-19 19:22:28.267 7 INFO placement.requestlog [None req-d41da22c-1ef7-4e77-b8cc-cd67ded8d2ff 9c96c4464f874a15995c236a420f0039 85b12369cd264ddf8f344f0870ed67fc - - bd96efa683ad44e8ad3f697d3381e880 bd96efa683ad44e8ad3f697d3381e880] 10.0.0.242 "DELETE /resource_providers/b877e0bb-eb29-4fc0-9b82-2dc3985ea833" status: 404 len: 246 microversion: 1.1 [pid: 7|app: 0|req: 441/883] 10.0.0.242 () {34 vars in 816 bytes} [Tue May 19 19:22:28 2026] DELETE /resource_providers/b877e0bb-eb29-4fc0-9b82-2dc3985ea833 => generated 246 bytes in 12 msecs (HTTP/1.1 404) 6 headers in 231 bytes (1 switches on core 0)
2026-05-19 19:22:28.269 8 INFO placement.requestlog [None req-b7602db1-ef3c-43d6-a4e8-f70dae745983 9c96c4464f874a15995c236a420f0039 85b12369cd264ddf8f344f0870ed67fc - - bd96efa683ad44e8ad3f697d3381e880 bd96efa683ad44e8ad3f697d3381e880] 10.0.0.242 "DELETE /resource_providers/b877e0bb-eb29-4fc0-9b82-2dc3985ea833" status: 404 len: 246 microversion: 1.1 [pid: 8|app: 0|req: 443/884] 10.0.0.242 () {34 vars in 816 bytes} [Tue May 19 19:22:28 2026] DELETE /resource_providers/b877e0bb-eb29-4fc0-9b82-2dc3985ea833 => generated 246 bytes in 13 msecs (HTTP/1.1 404) 6 headers in 231 bytes (1 switches on core 0)
2026-05-19 19:22:32.397 7 INFO placement.requestlog [req-0dc74f1a-903e-44f8-b835-d561ac5833b2 req-f7d49652-bda9-499b-bfce-5bca8b188b41 eed2cc0dee5148ad83c95506b18502d7 85b12369cd264ddf8f344f0870ed67fc - - bd96efa683ad44e8ad3f697d3381e880 bd96efa683ad44e8ad3f697d3381e880] 199.204.45.153 "GET /resource_providers/f1e020c6-1c75-4de4-b315-1fa17c332e43/allocations" status: 200 len: 238 microversion: 1.0 [pid: 7|app: 0|req: 442/885] 199.204.45.153 () {32 vars in 857 bytes} [Tue May 19 19:22:32 2026] GET /resource_providers/f1e020c6-1c75-4de4-b315-1fa17c332e43/allocations => generated 238 bytes in 27 msecs (HTTP/1.1 200) 6 headers in 224 bytes (1 switches on core 0)
2026-05-19 19:22:32.421 8 INFO placement.requestlog [req-0dc74f1a-903e-44f8-b835-d561ac5833b2 req-81c9ce22-37cd-4fe0-b8ab-ecd1f019d378 eed2cc0dee5148ad83c95506b18502d7 85b12369cd264ddf8f344f0870ed67fc - - bd96efa683ad44e8ad3f697d3381e880 bd96efa683ad44e8ad3f697d3381e880] 199.204.45.153 "GET /allocations/7d1988cf-a30c-413f-8982-c7b35f9e8f01" status: 200 len: 257 microversion: 1.28 [pid: 8|app: 0|req: 444/886] 199.204.45.153 () {34 vars in 863 bytes} [Tue May 19 19:22:32 2026] GET /allocations/7d1988cf-a30c-413f-8982-c7b35f9e8f01 => generated 257 bytes in 13 msecs (HTTP/1.1 200) 8 headers in 296 bytes (1 switches on core 0)
2026-05-19 19:22:32.447 7 INFO placement.requestlog [req-0dc74f1a-903e-44f8-b835-d561ac5833b2 req-b068032a-eabb-4563-a88d-94ae0580939e eed2cc0dee5148ad83c95506b18502d7 85b12369cd264ddf8f344f0870ed67fc - - bd96efa683ad44e8ad3f697d3381e880 bd96efa683ad44e8ad3f697d3381e880] 199.204.45.153 "GET /allocations/9ca77624-0c12-47b3-8540-5a1de315ff81" status: 200 len: 243 microversion: 1.28 [pid: 7|app: 0|req: 443/887] 199.204.45.153 () {34 vars in 863 bytes} [Tue May 19 19:22:32 2026] GET /allocations/9ca77624-0c12-47b3-8540-5a1de315ff81 => generated 243 bytes in 17 msecs (HTTP/1.1 200) 8 headers in 296 bytes (1 switches on core 0)
2026-05-19 19:22:32.555 8 INFO placement.requestlog [req-0dc74f1a-903e-44f8-b835-d561ac5833b2 req-66ebfb47-b64b-4e9a-a349-cf97971fa770 eed2cc0dee5148ad83c95506b18502d7 85b12369cd264ddf8f344f0870ed67fc - - bd96efa683ad44e8ad3f697d3381e880 bd96efa683ad44e8ad3f697d3381e880] 199.204.45.153 "DELETE /allocations/9ca77624-0c12-47b3-8540-5a1de315ff81" status: 204 len: 0 microversion: 1.0 [pid: 8|app: 0|req: 445/888] 199.204.45.153 () {34 vars in 841 bytes} [Tue May 19 19:22:32 2026] DELETE /allocations/9ca77624-0c12-47b3-8540-5a1de315ff81 => generated 0 bytes in 51 msecs (HTTP/1.1 204) 5 headers in 198 bytes (1 switches on core 0)
2026-05-19 19:22:36.317 7 INFO placement.requestlog [None req-1b0cff45-156e-42e3-a26a-5deae1af996a 9c96c4464f874a15995c236a420f0039 85b12369cd264ddf8f344f0870ed67fc - - bd96efa683ad44e8ad3f697d3381e880 bd96efa683ad44e8ad3f697d3381e880] 10.0.0.242 "GET /resource_providers/8fbdc75a-d83e-41dd-b48d-86fd410b00d1/aggregates" status: 404 len: 235 microversion: 1.1 [pid: 7|app: 0|req: 444/889] 10.0.0.242 () {32 vars in 816 bytes} [Tue May 19 19:22:36 2026] GET /resource_providers/8fbdc75a-d83e-41dd-b48d-86fd410b00d1/aggregates => generated 235 bytes in 10 msecs (HTTP/1.1 404) 5 headers in 202 bytes (1 switches on core 0)
2026-05-19 19:22:36.318 8 INFO placement.requestlog [None req-485497c8-6a6f-4b2e-9734-c3ffc266e19a 9c96c4464f874a15995c236a420f0039 85b12369cd264ddf8f344f0870ed67fc - - bd96efa683ad44e8ad3f697d3381e880 bd96efa683ad44e8ad3f697d3381e880] 10.0.0.242 "GET /resource_providers/8fbdc75a-d83e-41dd-b48d-86fd410b00d1/aggregates" status: 404 len: 235 microversion: 1.1 [pid: 8|app: 0|req: 446/890] 10.0.0.242 () {32 vars in 816 bytes} [Tue May 19 19:22:36 2026] GET /resource_providers/8fbdc75a-d83e-41dd-b48d-86fd410b00d1/aggregates => generated 235 bytes in 11 msecs (HTTP/1.1 404) 5 headers in 202 bytes (1 switches on core 0)
2026-05-19 19:22:36.357 7 INFO placement.requestlog [None req-c40eaf40-d679-4b85-b260-09f80dfcb59e 9c96c4464f874a15995c236a420f0039 85b12369cd264ddf8f344f0870ed67fc - - bd96efa683ad44e8ad3f697d3381e880 bd96efa683ad44e8ad3f697d3381e880] 10.0.0.242 "DELETE /resource_providers/8fbdc75a-d83e-41dd-b48d-86fd410b00d1" status: 404 len: 246 microversion: 1.1 [pid: 7|app: 0|req: 445/891] 10.0.0.242 () {34 vars in 816 bytes} [Tue May 19 19:22:36 2026] DELETE /resource_providers/8fbdc75a-d83e-41dd-b48d-86fd410b00d1 => generated 246 bytes in 15 msecs (HTTP/1.1 404) 6 headers in 231 bytes (1 switches on core 0)
2026-05-19 19:22:36.360 8 INFO placement.requestlog [None req-99ec7787-0821-4688-8158-7dc0791f915a 9c96c4464f874a15995c236a420f0039 85b12369cd264ddf8f344f0870ed67fc - - bd96efa683ad44e8ad3f697d3381e880 bd96efa683ad44e8ad3f697d3381e880] 10.0.0.242 "DELETE /resource_providers/8fbdc75a-d83e-41dd-b48d-86fd410b00d1" status: 404 len: 246 microversion: 1.1 [pid: 8|app: 0|req: 447/892] 10.0.0.242 () {34 vars in 816 bytes} [Tue May 19 19:22:36 2026] DELETE /resource_providers/8fbdc75a-d83e-41dd-b48d-86fd410b00d1 => generated 246 bytes in 18 msecs (HTTP/1.1 404) 6 headers in 231 bytes (1 switches on core 0)
2026-05-19 19:22:37.931 8 INFO placement.requestlog [None req-c53b9d96-487f-4935-bfe7-238c6a413712 - - - - - -] 10.0.0.1 "GET /" status: 200 len: 136 microversion: 1.0
2026-05-19 19:22:37.930 7 INFO placement.requestlog [None req-27d7e3e6-e859-45f9-877d-41765ba8dadf - - - - - -] 10.0.0.1 "GET /" status: 200 len: 136 microversion: 1.0
2026-05-19 19:22:38.394 7 INFO placement.requestlog [None req-2b399be4-d55d-4aeb-95fa-4eb70dddfe10 9c96c4464f874a15995c236a420f0039 85b12369cd264ddf8f344f0870ed67fc - - bd96efa683ad44e8ad3f697d3381e880 bd96efa683ad44e8ad3f697d3381e880] 10.0.0.242 "GET /resource_providers/ec0f78b8-4419-4538-856d-8ba28cb3eed0/aggregates" status: 404 len: 235 microversion: 1.1 [pid: 7|app: 0|req: 447/895] 10.0.0.242 () {32 vars in 816 bytes} [Tue May 19 19:22:38 2026] GET /resource_providers/ec0f78b8-4419-4538-856d-8ba28cb3eed0/aggregates => generated 235 bytes in 13 msecs (HTTP/1.1 404) 5 headers in 202 bytes (1 switches on core 0)
2026-05-19 19:22:38.401 8 INFO placement.requestlog [None req-99a0d3e7-7224-4bdc-967c-1a2a4c6d67a7 9c96c4464f874a15995c236a420f0039 85b12369cd264ddf8f344f0870ed67fc - - bd96efa683ad44e8ad3f697d3381e880 bd96efa683ad44e8ad3f697d3381e880] 10.0.0.242 "GET /resource_providers/ec0f78b8-4419-4538-856d-8ba28cb3eed0/aggregates" status: 404 len: 235 microversion: 1.1 [pid: 8|app: 0|req: 449/896] 10.0.0.242 () {32 vars in 816 bytes} [Tue May 19 19:22:38 2026] GET /resource_providers/ec0f78b8-4419-4538-856d-8ba28cb3eed0/aggregates => generated 235 bytes in 20 msecs (HTTP/1.1 404) 5 headers in 202 bytes (1 switches on core 0)
2026-05-19 19:22:38.423 8 INFO placement.requestlog [None req-fb8b6f40-0277-4cc0-9e57-96a3ca57a739 9c96c4464f874a15995c236a420f0039 85b12369cd264ddf8f344f0870ed67fc - - bd96efa683ad44e8ad3f697d3381e880 bd96efa683ad44e8ad3f697d3381e880] 10.0.0.242 "DELETE /resource_providers/ec0f78b8-4419-4538-856d-8ba28cb3eed0" status: 404 len: 246 microversion: 1.1
2026-05-19 19:22:38.423 7 INFO placement.requestlog [None req-9ec2eced-a96b-4a81-bd0d-4fbb22f68cde 9c96c4464f874a15995c236a420f0039 85b12369cd264ddf8f344f0870ed67fc - - bd96efa683ad44e8ad3f697d3381e880 bd96efa683ad44e8ad3f697d3381e880] 10.0.0.242 "DELETE /resource_providers/ec0f78b8-4419-4538-856d-8ba28cb3eed0" status: 404 len: 246 microversion: 1.1 [pid: 8|app: 0|req: 450/897] 10.0.0.242 () {34 vars in 816 bytes} [Tue May 19 19:22:38 2026] DELETE /resource_providers/ec0f78b8-4419-4538-856d-8ba28cb3eed0 => generated 246 bytes in 10 msecs (HTTP/1.1 404) 6 headers in 231 bytes (1 switches on core 0) [pid: 7|app: 0|req: 448/898] 10.0.0.242 () {34 vars in 816 bytes} [Tue May 19 19:22:38 2026] DELETE /resource_providers/ec0f78b8-4419-4538-856d-8ba28cb3eed0 => generated 246 bytes in 20 msecs (HTTP/1.1 404) 6 headers in 231 bytes (1 switches on core 0)
2026-05-19 19:22:38.725 8 INFO placement.requestlog [req-f812ab92-9443-454d-80f3-e4e9b9848409 req-8d132421-3af4-4078-94a4-77ba642cae08 eed2cc0dee5148ad83c95506b18502d7 85b12369cd264ddf8f344f0870ed67fc - - bd96efa683ad44e8ad3f697d3381e880 bd96efa683ad44e8ad3f697d3381e880] 199.204.45.153 "GET /resource_providers/f1e020c6-1c75-4de4-b315-1fa17c332e43/allocations" status: 200 len: 152 microversion: 1.0 [pid: 8|app: 0|req: 451/899] 199.204.45.153 () {32 vars in 857 bytes} [Tue May 19 19:22:38 2026] GET /resource_providers/f1e020c6-1c75-4de4-b315-1fa17c332e43/allocations => generated 152 bytes in 21 msecs (HTTP/1.1 200) 6 headers in 224 bytes (1 switches on core 0)
2026-05-19 19:22:38.745 7 INFO placement.requestlog [req-f812ab92-9443-454d-80f3-e4e9b9848409 req-f1e01530-fe61-4bf2-a41f-3bd07187ebe2 eed2cc0dee5148ad83c95506b18502d7 85b12369cd264ddf8f344f0870ed67fc - - bd96efa683ad44e8ad3f697d3381e880 bd96efa683ad44e8ad3f697d3381e880] 199.204.45.153 "GET /allocations/7d1988cf-a30c-413f-8982-c7b35f9e8f01" status: 200 len: 257 microversion: 1.28 [pid: 7|app: 0|req: 449/900] 199.204.45.153 () {34 vars in 863 bytes} [Tue May 19 19:22:38 2026] GET /allocations/7d1988cf-a30c-413f-8982-c7b35f9e8f01 => generated 257 bytes in 11 msecs (HTTP/1.1 200) 8 headers in 296 bytes (1 switches on core 0)
2026-05-19 19:22:38.867 8 INFO placement.requestlog [req-f812ab92-9443-454d-80f3-e4e9b9848409 req-c356b1f2-106f-4953-a9d4-8238a724e697 eed2cc0dee5148ad83c95506b18502d7 85b12369cd264ddf8f344f0870ed67fc - - bd96efa683ad44e8ad3f697d3381e880 bd96efa683ad44e8ad3f697d3381e880] 199.204.45.153 "DELETE /allocations/7d1988cf-a30c-413f-8982-c7b35f9e8f01" status: 204 len: 0 microversion: 1.0 [pid: 8|app: 0|req: 452/901] 199.204.45.153 () {34 vars in 841 bytes} [Tue May 19 19:22:38 2026] DELETE /allocations/7d1988cf-a30c-413f-8982-c7b35f9e8f01 => generated 0 bytes in 54 msecs (HTTP/1.1 204) 5 headers in 198 bytes (1 switches on core 0)
2026-05-19 19:22:41.744 7 INFO placement.requestlog [None req-147aba94-aa5d-4389-985f-69f0a0a22f0b 9c96c4464f874a15995c236a420f0039 85b12369cd264ddf8f344f0870ed67fc - - bd96efa683ad44e8ad3f697d3381e880 bd96efa683ad44e8ad3f697d3381e880] 10.0.0.242 "GET /resource_providers/90aabb8d-971e-4da9-b810-a58a7d049085/aggregates" status: 404 len: 235 microversion: 1.1 [pid: 7|app: 0|req: 450/902] 10.0.0.242 () {32 vars in 816 bytes} [Tue May 19 19:22:41 2026] GET /resource_providers/90aabb8d-971e-4da9-b810-a58a7d049085/aggregates => generated 235 bytes in 10 msecs (HTTP/1.1 404) 5 headers in 202 bytes (1 switches on core 0)
2026-05-19 19:22:41.750 8 INFO placement.requestlog [None req-c4ff5a47-638c-454f-b744-8a0fb7c9677c 9c96c4464f874a15995c236a420f0039 85b12369cd264ddf8f344f0870ed67fc - - bd96efa683ad44e8ad3f697d3381e880 bd96efa683ad44e8ad3f697d3381e880] 10.0.0.242 "GET /resource_providers/90aabb8d-971e-4da9-b810-a58a7d049085/aggregates" status: 404 len: 235 microversion: 1.1 [pid: 8|app: 0|req: 453/903] 10.0.0.242 () {32 vars in 816 bytes} [Tue May 19 19:22:41 2026] GET /resource_providers/90aabb8d-971e-4da9-b810-a58a7d049085/aggregates => generated 235 bytes in 15 msecs (HTTP/1.1 404) 5 headers in 202 bytes (1 switches on core 0)
2026-05-19 19:22:41.774 8 INFO placement.requestlog [None req-503ff403-eb37-40a3-b537-4c9c9e41c9bf 9c96c4464f874a15995c236a420f0039 85b12369cd264ddf8f344f0870ed67fc - - bd96efa683ad44e8ad3f697d3381e880 bd96efa683ad44e8ad3f697d3381e880] 10.0.0.242 "DELETE /resource_providers/90aabb8d-971e-4da9-b810-a58a7d049085" status: 404 len: 246 microversion: 1.1 [pid: 8|app: 0|req: 454/904] 10.0.0.242 () {34 vars in 816 bytes} [Tue May 19 19:22:41 2026] DELETE /resource_providers/90aabb8d-971e-4da9-b810-a58a7d049085 => generated 246 bytes in 10 msecs (HTTP/1.1 404) 6 headers in 231 bytes (1 switches on core 0)
2026-05-19 19:22:41.777 7 INFO placement.requestlog [None req-e3f5a9cd-abed-4d55-8828-503ba8605622 9c96c4464f874a15995c236a420f0039 85b12369cd264ddf8f344f0870ed67fc - - bd96efa683ad44e8ad3f697d3381e880 bd96efa683ad44e8ad3f697d3381e880] 10.0.0.242 "DELETE /resource_providers/90aabb8d-971e-4da9-b810-a58a7d049085" status: 404 len: 246 microversion: 1.1 [pid: 7|app: 0|req: 451/905] 10.0.0.242 () {34 vars in 816 bytes} [Tue May 19 19:22:41 2026] DELETE /resource_providers/90aabb8d-971e-4da9-b810-a58a7d049085 => generated 246 bytes in 15 msecs (HTTP/1.1 404) 6 headers in 231 bytes (1 switches on core 0)
2026-05-19 19:22:42.937 7 INFO placement.requestlog [None req-d87c7d7c-1fc6-49f5-86e8-293233784202 9c96c4464f874a15995c236a420f0039 85b12369cd264ddf8f344f0870ed67fc - - bd96efa683ad44e8ad3f697d3381e880 bd96efa683ad44e8ad3f697d3381e880] 10.0.0.242 "GET /resource_providers/28e45d81-0191-41bf-b7cc-e9a557f20f5e/aggregates" status: 404 len: 235 microversion: 1.1 [pid: 7|app: 0|req: 452/906] 10.0.0.242 () {32 vars in 816 bytes} [Tue May 19 19:22:42 2026] GET /resource_providers/28e45d81-0191-41bf-b7cc-e9a557f20f5e/aggregates => generated 235 bytes in 12 msecs (HTTP/1.1 404) 5 headers in 202 bytes (1 switches on core 0)
2026-05-19 19:22:42.947 8 INFO placement.requestlog [None req-06972705-01cc-42f9-bd32-ee07d83db04d 9c96c4464f874a15995c236a420f0039 85b12369cd264ddf8f344f0870ed67fc - - bd96efa683ad44e8ad3f697d3381e880 bd96efa683ad44e8ad3f697d3381e880] 10.0.0.242 "GET /resource_providers/28e45d81-0191-41bf-b7cc-e9a557f20f5e/aggregates" status: 404 len: 235 microversion: 1.1 [pid: 8|app: 0|req: 455/907] 10.0.0.242 () {32 vars in 816 bytes} [Tue May 19 19:22:42 2026] GET /resource_providers/28e45d81-0191-41bf-b7cc-e9a557f20f5e/aggregates => generated 235 bytes in 25 msecs (HTTP/1.1 404) 5 headers in 202 bytes (1 switches on core 0)
2026-05-19 19:22:42.967 7 INFO placement.requestlog [None req-7dcedb24-800f-470c-9e76-9e8af231cd03 9c96c4464f874a15995c236a420f0039 85b12369cd264ddf8f344f0870ed67fc - - bd96efa683ad44e8ad3f697d3381e880 bd96efa683ad44e8ad3f697d3381e880] 10.0.0.242 "DELETE /resource_providers/28e45d81-0191-41bf-b7cc-e9a557f20f5e" status: 404 len: 246 microversion: 1.1 [pid: 7|app: 0|req: 453/908] 10.0.0.242 () {34 vars in 816 bytes} [Tue May 19 19:22:42 2026] DELETE /resource_providers/28e45d81-0191-41bf-b7cc-e9a557f20f5e => generated 246 bytes in 10 msecs (HTTP/1.1 404) 6 headers in 231 bytes (1 switches on core 0)
2026-05-19 19:22:42.968 8 INFO placement.requestlog [None req-c2053106-0bb8-4cc7-8924-4aa67ba8a72f 9c96c4464f874a15995c236a420f0039 85b12369cd264ddf8f344f0870ed67fc - - bd96efa683ad44e8ad3f697d3381e880 bd96efa683ad44e8ad3f697d3381e880] 10.0.0.242 "DELETE /resource_providers/28e45d81-0191-41bf-b7cc-e9a557f20f5e" status: 404 len: 246 microversion: 1.1 [pid: 8|app: 0|req: 456/909] 10.0.0.242 () {34 vars in 816 bytes} [Tue May 19 19:22:42 2026] DELETE /resource_providers/28e45d81-0191-41bf-b7cc-e9a557f20f5e => generated 246 bytes in 11 msecs (HTTP/1.1 404) 6 headers in 231 bytes (1 switches on core 0)
2026-05-19 19:22:43.802 8 INFO placement.requestlog [None req-ea7b93ed-6106-48bd-b8a8-560a2f415dce 9c96c4464f874a15995c236a420f0039 85b12369cd264ddf8f344f0870ed67fc - - bd96efa683ad44e8ad3f697d3381e880 bd96efa683ad44e8ad3f697d3381e880] 10.0.0.242 "GET /resource_providers/bd55c229-d416-4a3f-b3a5-3d32f0a3a510/aggregates" status: 404 len: 235 microversion: 1.1 [pid: 8|app: 0|req: 457/910] 10.0.0.242 () {32 vars in 816 bytes} [Tue May 19 19:22:43 2026] GET /resource_providers/bd55c229-d416-4a3f-b3a5-3d32f0a3a510/aggregates => generated 235 bytes in 11 msecs (HTTP/1.1 404) 5 headers in 202 bytes (1 switches on core 0)
2026-05-19 19:22:43.814 7 INFO placement.requestlog [None req-4a5037bf-e731-4c7d-8c94-102ec6ee916d 9c96c4464f874a15995c236a420f0039 85b12369cd264ddf8f344f0870ed67fc - - bd96efa683ad44e8ad3f697d3381e880 bd96efa683ad44e8ad3f697d3381e880] 10.0.0.242 "GET /resource_providers/bd55c229-d416-4a3f-b3a5-3d32f0a3a510/aggregates" status: 404 len: 235 microversion: 1.1 [pid: 7|app: 0|req: 454/911] 10.0.0.242 () {32 vars in 816 bytes} [Tue May 19 19:22:43 2026] GET /resource_providers/bd55c229-d416-4a3f-b3a5-3d32f0a3a510/aggregates => generated 235 bytes in 31 msecs (HTTP/1.1 404) 5 headers in 202 bytes (1 switches on core 0)
2026-05-19 19:22:43.823 8 INFO placement.requestlog [None req-f3c345ac-c4d3-44fb-989f-0c53b833b97c 9c96c4464f874a15995c236a420f0039 85b12369cd264ddf8f344f0870ed67fc - - bd96efa683ad44e8ad3f697d3381e880 bd96efa683ad44e8ad3f697d3381e880] 10.0.0.242 "DELETE /resource_providers/bd55c229-d416-4a3f-b3a5-3d32f0a3a510" status: 404 len: 246 microversion: 1.1 [pid: 8|app: 0|req: 458/912] 10.0.0.242 () {34 vars in 816 bytes} [Tue May 19 19:22:43 2026] DELETE /resource_providers/bd55c229-d416-4a3f-b3a5-3d32f0a3a510 => generated 246 bytes in 13 msecs (HTTP/1.1 404) 6 headers in 231 bytes (1 switches on core 0)
2026-05-19 19:22:43.844 7 INFO placement.requestlog [None req-bf4163a7-09c8-4194-bdeb-b25ec15c4b88 9c96c4464f874a15995c236a420f0039 85b12369cd264ddf8f344f0870ed67fc - - bd96efa683ad44e8ad3f697d3381e880 bd96efa683ad44e8ad3f697d3381e880] 10.0.0.242 "DELETE /resource_providers/bd55c229-d416-4a3f-b3a5-3d32f0a3a510" status: 404 len: 246 microversion: 1.1 [pid: 7|app: 0|req: 455/913] 10.0.0.242 () {34 vars in 816 bytes} [Tue May 19 19:22:43 2026] DELETE /resource_providers/bd55c229-d416-4a3f-b3a5-3d32f0a3a510 => generated 246 bytes in 13 msecs (HTTP/1.1 404) 6 headers in 231 bytes (1 switches on core 0)
2026-05-19 19:22:43.850 8 INFO placement.requestlog [None req-4a13c5ca-acba-4f39-87f6-5294d44fc091 9c96c4464f874a15995c236a420f0039 85b12369cd264ddf8f344f0870ed67fc - - bd96efa683ad44e8ad3f697d3381e880 bd96efa683ad44e8ad3f697d3381e880] 10.0.0.242 "GET /resource_providers/2fc33f7f-6ff3-40f8-a4b6-a5c28c36ccd7/aggregates" status: 404 len: 235 microversion: 1.1 [pid: 8|app: 0|req: 459/914] 10.0.0.242 () {32 vars in 816 bytes} [Tue May 19 19:22:43 2026] GET /resource_providers/2fc33f7f-6ff3-40f8-a4b6-a5c28c36ccd7/aggregates => generated 235 bytes in 17 msecs (HTTP/1.1 404) 5 headers in 202 bytes (1 switches on core 0)
2026-05-19 19:22:43.869 8 INFO placement.requestlog [None req-f925bd75-9cc9-45cb-8268-298fa1c2504d 9c96c4464f874a15995c236a420f0039 85b12369cd264ddf8f344f0870ed67fc - - bd96efa683ad44e8ad3f697d3381e880 bd96efa683ad44e8ad3f697d3381e880] 10.0.0.242 "DELETE /resource_providers/2fc33f7f-6ff3-40f8-a4b6-a5c28c36ccd7" status: 404 len: 246 microversion: 1.1 [pid: 8|app: 0|req: 460/915] 10.0.0.242 () {34 vars in 816 bytes} [Tue May 19 19:22:43 2026] DELETE /resource_providers/2fc33f7f-6ff3-40f8-a4b6-a5c28c36ccd7 => generated 246 bytes in 11 msecs (HTTP/1.1 404) 6 headers in 231 bytes (1 switches on core 0)
2026-05-19 19:22:43.871 7 INFO placement.requestlog [None req-ac7b2f23-e1c5-4cf1-a40d-b432956147b8 9c96c4464f874a15995c236a420f0039 85b12369cd264ddf8f344f0870ed67fc - - bd96efa683ad44e8ad3f697d3381e880 bd96efa683ad44e8ad3f697d3381e880] 10.0.0.242 "GET /resource_providers/2fc33f7f-6ff3-40f8-a4b6-a5c28c36ccd7/aggregates" status: 404 len: 235 microversion: 1.1 [pid: 7|app: 0|req: 456/916] 10.0.0.242 () {32 vars in 816 bytes} [Tue May 19 19:22:43 2026] GET /resource_providers/2fc33f7f-6ff3-40f8-a4b6-a5c28c36ccd7/aggregates => generated 235 bytes in 13 msecs (HTTP/1.1 404) 5 headers in 202 bytes (1 switches on core 0)
2026-05-19 19:22:43.890 8 INFO placement.requestlog [None req-02564e37-a93a-4a4c-b55f-a08688e41446 9c96c4464f874a15995c236a420f0039 85b12369cd264ddf8f344f0870ed67fc - - bd96efa683ad44e8ad3f697d3381e880 bd96efa683ad44e8ad3f697d3381e880] 10.0.0.242 "DELETE /resource_providers/2fc33f7f-6ff3-40f8-a4b6-a5c28c36ccd7" status: 404 len: 246 microversion: 1.1 [pid: 8|app: 0|req: 461/917] 10.0.0.242 () {34 vars in 816 bytes} [Tue May 19 19:22:43 2026] DELETE /resource_providers/2fc33f7f-6ff3-40f8-a4b6-a5c28c36ccd7 => generated 246 bytes in 12 msecs (HTTP/1.1 404) 6 headers in 231 bytes (1 switches on core 0)
2026-05-19 19:22:45.302 8 INFO placement.requestlog [None req-a45aa6db-dfd1-4951-9dca-bafa798ac571 9c96c4464f874a15995c236a420f0039 85b12369cd264ddf8f344f0870ed67fc - - bd96efa683ad44e8ad3f697d3381e880 bd96efa683ad44e8ad3f697d3381e880] 10.0.0.242 "GET /resource_providers/85dd88cf-b74c-4e1b-88e2-190c739328d5/aggregates" status: 404 len: 235 microversion: 1.1 [pid: 8|app: 0|req: 462/918] 10.0.0.242 () {32 vars in 816 bytes} [Tue May 19 19:22:45 2026] GET /resource_providers/85dd88cf-b74c-4e1b-88e2-190c739328d5/aggregates => generated 235 bytes in 21 msecs (HTTP/1.1 404) 5 headers in 202 bytes (1 switches on core 0)
2026-05-19 19:22:45.302 7 INFO placement.requestlog [None req-93533a2c-6b94-4dad-a41f-6d763c25d8a1 9c96c4464f874a15995c236a420f0039 85b12369cd264ddf8f344f0870ed67fc - - bd96efa683ad44e8ad3f697d3381e880 bd96efa683ad44e8ad3f697d3381e880] 10.0.0.242 "GET /resource_providers/85dd88cf-b74c-4e1b-88e2-190c739328d5/aggregates" status: 404 len: 235 microversion: 1.1 [pid: 7|app: 0|req: 457/919] 10.0.0.242 () {32 vars in 816 bytes} [Tue May 19 19:22:45 2026] GET /resource_providers/85dd88cf-b74c-4e1b-88e2-190c739328d5/aggregates => generated 235 bytes in 22 msecs (HTTP/1.1 404) 5 headers in 202 bytes (1 switches on core 0)
2026-05-19 19:22:45.341 7 INFO placement.requestlog [None req-2cb1f45d-e381-4d78-832a-fe13d828d246 9c96c4464f874a15995c236a420f0039 85b12369cd264ddf8f344f0870ed67fc - - bd96efa683ad44e8ad3f697d3381e880 bd96efa683ad44e8ad3f697d3381e880] 10.0.0.242 "DELETE /resource_providers/85dd88cf-b74c-4e1b-88e2-190c739328d5" status: 404 len: 246 microversion: 1.1 [pid: 7|app: 0|req: 458/920] 10.0.0.242 () {34 vars in 816 bytes} [Tue May 19 19:22:45 2026] DELETE /resource_providers/85dd88cf-b74c-4e1b-88e2-190c739328d5 => generated 246 bytes in 12 msecs (HTTP/1.1 404) 6 headers in 231 bytes (1 switches on core 0)
2026-05-19 19:22:45.350 8 INFO placement.requestlog [None req-dde3cbe5-0f98-4afd-b1b4-0f1b50ac8c0e 9c96c4464f874a15995c236a420f0039 85b12369cd264ddf8f344f0870ed67fc - - bd96efa683ad44e8ad3f697d3381e880 bd96efa683ad44e8ad3f697d3381e880] 10.0.0.242 "DELETE /resource_providers/85dd88cf-b74c-4e1b-88e2-190c739328d5" status: 404 len: 246 microversion: 1.1 [pid: 8|app: 0|req: 463/921] 10.0.0.242 () {34 vars in 816 bytes} [Tue May 19 19:22:45 2026] DELETE /resource_providers/85dd88cf-b74c-4e1b-88e2-190c739328d5 => generated 246 bytes in 26 msecs (HTTP/1.1 404) 6 headers in 231 bytes (1 switches on core 0)
2026-05-19 19:22:47.930 7 INFO placement.requestlog [None req-c27fd837-883a-499d-a91e-05b6b04bb7f7 - - - - - -] 10.0.0.1 "GET /" status: 200 len: 136 microversion: 1.0
2026-05-19 19:22:47.930 8 INFO placement.requestlog [None req-44a7c53e-49be-452e-bd6e-b65bf2d39f9d - - - - - -] 10.0.0.1 "GET /" status: 200 len: 136 microversion: 1.0
2026-05-19 19:22:51.055 8 INFO placement.requestlog [None req-28a92011-2a7c-48cd-a244-9586cef0ee19 9c96c4464f874a15995c236a420f0039 85b12369cd264ddf8f344f0870ed67fc - - bd96efa683ad44e8ad3f697d3381e880 bd96efa683ad44e8ad3f697d3381e880] 10.0.0.242 "GET /resource_providers/bc429016-0bba-407b-bb63-aa932656c4cf/aggregates" status: 404 len: 235 microversion: 1.1 [pid: 8|app: 0|req: 465/924] 10.0.0.242 () {32 vars in 816 bytes} [Tue May 19 19:22:51 2026] GET /resource_providers/bc429016-0bba-407b-bb63-aa932656c4cf/aggregates => generated 235 bytes in 11 msecs (HTTP/1.1 404) 5 headers in 202 bytes (1 switches on core 0)
2026-05-19 19:22:51.057 7 INFO placement.requestlog [None req-ba4e91b0-16ee-4141-bef8-a57716247205 9c96c4464f874a15995c236a420f0039 85b12369cd264ddf8f344f0870ed67fc - - bd96efa683ad44e8ad3f697d3381e880 bd96efa683ad44e8ad3f697d3381e880] 10.0.0.242 "GET /resource_providers/bc429016-0bba-407b-bb63-aa932656c4cf/aggregates" status: 404 len: 235 microversion: 1.1 [pid: 7|app: 0|req: 460/925] 10.0.0.242 () {32 vars in 816 bytes} [Tue May 19 19:22:51 2026] GET /resource_providers/bc429016-0bba-407b-bb63-aa932656c4cf/aggregates => generated 235 bytes in 13 msecs (HTTP/1.1 404) 5 headers in 202 bytes (1 switches on core 0)
2026-05-19 19:22:51.070 8 INFO placement.requestlog [None req-cca289be-5192-4ff4-bd05-e3b8a083f7ea 9c96c4464f874a15995c236a420f0039 85b12369cd264ddf8f344f0870ed67fc - - bd96efa683ad44e8ad3f697d3381e880 bd96efa683ad44e8ad3f697d3381e880] 10.0.0.242 "DELETE /resource_providers/bc429016-0bba-407b-bb63-aa932656c4cf" status: 404 len: 246 microversion: 1.1 [pid: 8|app: 0|req: 466/926] 10.0.0.242 () {34 vars in 816 bytes} [Tue May 19 19:22:51 2026] DELETE /resource_providers/bc429016-0bba-407b-bb63-aa932656c4cf => generated 246 bytes in 8 msecs (HTTP/1.1 404) 6 headers in 231 bytes (1 switches on core 0)
2026-05-19 19:22:51.082 7 INFO placement.requestlog [None req-e1af5ae5-15a1-4bf8-994d-2e1a262de679 9c96c4464f874a15995c236a420f0039 85b12369cd264ddf8f344f0870ed67fc - - bd96efa683ad44e8ad3f697d3381e880 bd96efa683ad44e8ad3f697d3381e880] 10.0.0.242 "DELETE /resource_providers/bc429016-0bba-407b-bb63-aa932656c4cf" status: 404 len: 246 microversion: 1.1 [pid: 7|app: 0|req: 461/927] 10.0.0.242 () {34 vars in 816 bytes} [Tue May 19 19:22:51 2026] DELETE /resource_providers/bc429016-0bba-407b-bb63-aa932656c4cf => generated 246 bytes in 15 msecs (HTTP/1.1 404) 6 headers in 231 bytes (1 switches on core 0)
2026-05-19 19:22:51.920 8 INFO placement.requestlog [None req-9ddc912e-017c-4630-91dd-85d3af9d3cfd 9c96c4464f874a15995c236a420f0039 85b12369cd264ddf8f344f0870ed67fc - - bd96efa683ad44e8ad3f697d3381e880 bd96efa683ad44e8ad3f697d3381e880] 10.0.0.242 "GET /resource_providers/d64cf169-e7f2-46c9-8fd4-81c965923917/aggregates" status: 404 len: 235 microversion: 1.1 [pid: 8|app: 0|req: 467/928] 10.0.0.242 () {32 vars in 816 bytes} [Tue May 19 19:22:51 2026] GET /resource_providers/d64cf169-e7f2-46c9-8fd4-81c965923917/aggregates => generated 235 bytes in 12 msecs (HTTP/1.1 404) 5 headers in 202 bytes (1 switches on core 0)
2026-05-19 19:22:51.926 7 INFO placement.requestlog [None req-0b1fb353-44d7-4b34-885f-a7604412a85f 9c96c4464f874a15995c236a420f0039 85b12369cd264ddf8f344f0870ed67fc - - bd96efa683ad44e8ad3f697d3381e880 bd96efa683ad44e8ad3f697d3381e880] 10.0.0.242 "GET /resource_providers/d64cf169-e7f2-46c9-8fd4-81c965923917/aggregates" status: 404 len: 235 microversion: 1.1 [pid: 7|app: 0|req: 462/929] 10.0.0.242 () {32 vars in 816 bytes} [Tue May 19 19:22:51 2026] GET /resource_providers/d64cf169-e7f2-46c9-8fd4-81c965923917/aggregates => generated 235 bytes in 11 msecs (HTTP/1.1 404) 5 headers in 202 bytes (1 switches on core 0)
2026-05-19 19:22:51.951 7 INFO placement.requestlog [None req-8fe0337e-54bc-4738-97f4-7819b64330df 9c96c4464f874a15995c236a420f0039 85b12369cd264ddf8f344f0870ed67fc - - bd96efa683ad44e8ad3f697d3381e880 bd96efa683ad44e8ad3f697d3381e880] 10.0.0.242 "DELETE /resource_providers/d64cf169-e7f2-46c9-8fd4-81c965923917" status: 404 len: 246 microversion: 1.1 [pid: 7|app: 0|req: 463/930] 10.0.0.242 () {34 vars in 816 bytes} [Tue May 19 19:22:51 2026] DELETE /resource_providers/d64cf169-e7f2-46c9-8fd4-81c965923917 => generated 246 bytes in 8 msecs (HTTP/1.1 404) 6 headers in 231 bytes (1 switches on core 0)
2026-05-19 19:22:51.954 8 INFO placement.requestlog [None req-3851f9f6-f81a-422e-ac5f-e3e1137dc8c7 9c96c4464f874a15995c236a420f0039 85b12369cd264ddf8f344f0870ed67fc - - bd96efa683ad44e8ad3f697d3381e880 bd96efa683ad44e8ad3f697d3381e880] 10.0.0.242 "DELETE /resource_providers/d64cf169-e7f2-46c9-8fd4-81c965923917" status: 404 len: 246 microversion: 1.1 [pid: 8|app: 0|req: 468/931] 10.0.0.242 () {34 vars in 816 bytes} [Tue May 19 19:22:51 2026] DELETE /resource_providers/d64cf169-e7f2-46c9-8fd4-81c965923917 => generated 246 bytes in 13 msecs (HTTP/1.1 404) 6 headers in 231 bytes (1 switches on core 0)
2026-05-19 19:22:53.063 7 INFO placement.requestlog [req-201b3ea7-0b99-453e-8791-439f17460352 req-cc0ce9d6-eb9a-4a72-9212-9e1c54717281 eed2cc0dee5148ad83c95506b18502d7 85b12369cd264ddf8f344f0870ed67fc - - bd96efa683ad44e8ad3f697d3381e880 bd96efa683ad44e8ad3f697d3381e880] 10.0.0.211 "GET /allocation_candidates?limit=1000&resources=DISK_GB%3A1%2CMEMORY_MB%3A512%2CVCPU%3A1&root_required=%21COMPUTE_STATUS_DISABLED" status: 200 len: 2147 microversion: 1.36 [pid: 7|app: 0|req: 464/932] 10.0.0.211 () {34 vars in 1012 bytes} [Tue May 19 19:22:53 2026] GET /allocation_candidates?limit=1000&resources=DISK_GB%3A1%2CMEMORY_MB%3A512%2CVCPU%3A1&root_required=%21COMPUTE_STATUS_DISABLED => generated 2147 bytes in 56 msecs (HTTP/1.1 200) 8 headers in 297 bytes (1 switches on core 0)
2026-05-19 19:22:53.115 8 INFO placement.requestlog [req-201b3ea7-0b99-453e-8791-439f17460352 req-75b2cf93-ec19-4f01-9359-8d2b2337c330 eed2cc0dee5148ad83c95506b18502d7 85b12369cd264ddf8f344f0870ed67fc - - bd96efa683ad44e8ad3f697d3381e880 bd96efa683ad44e8ad3f697d3381e880] 10.0.0.211 "GET /allocations/bc6f1e51-eea7-430f-8553-b556d71118f7" status: 200 len: 19 microversion: 1.28 [pid: 8|app: 0|req: 469/933] 10.0.0.211 () {34 vars in 861 bytes} [Tue May 19 19:22:53 2026] GET /allocations/bc6f1e51-eea7-430f-8553-b556d71118f7 => generated 19 bytes in 20 msecs (HTTP/1.1 200) 8 headers in 295 bytes (1 switches on core 0)
2026-05-19 19:22:53.193 7 INFO placement.requestlog [req-201b3ea7-0b99-453e-8791-439f17460352 req-fcad5b29-5410-40d3-b6db-43351d910c06 eed2cc0dee5148ad83c95506b18502d7 85b12369cd264ddf8f344f0870ed67fc - - bd96efa683ad44e8ad3f697d3381e880 bd96efa683ad44e8ad3f697d3381e880] 10.0.0.211 "PUT /allocations/bc6f1e51-eea7-430f-8553-b556d71118f7" status: 204 len: 0 microversion: 1.36 [pid: 7|app: 0|req: 465/934] 10.0.0.211 () {38 vars in 914 bytes} [Tue May 19 19:22:53 2026] PUT /allocations/bc6f1e51-eea7-430f-8553-b556d71118f7 => generated 0 bytes in 66 msecs (HTTP/1.1 204) 5 headers in 199 bytes (1 switches on core 0)
2026-05-19 19:22:53.518 8 INFO placement.requestlog [req-201b3ea7-0b99-453e-8791-439f17460352 req-76879dbd-18d6-46de-8183-20f94a01afbc eed2cc0dee5148ad83c95506b18502d7 85b12369cd264ddf8f344f0870ed67fc - - bd96efa683ad44e8ad3f697d3381e880 bd96efa683ad44e8ad3f697d3381e880] 199.204.45.153 "GET /allocations/bc6f1e51-eea7-430f-8553-b556d71118f7" status: 200 len: 257 microversion: 1.28 [pid: 8|app: 0|req: 470/935] 199.204.45.153 () {34 vars in 863 bytes} [Tue May 19 19:22:53 2026] GET /allocations/bc6f1e51-eea7-430f-8553-b556d71118f7 => generated 257 bytes in 19 msecs (HTTP/1.1 200) 8 headers in 296 bytes (1 switches on core 0)
2026-05-19 19:22:53.633 7 INFO placement.requestlog [req-201b3ea7-0b99-453e-8791-439f17460352 req-0e4e9b75-7163-49df-b934-71434d53ee8c eed2cc0dee5148ad83c95506b18502d7 85b12369cd264ddf8f344f0870ed67fc - - bd96efa683ad44e8ad3f697d3381e880 bd96efa683ad44e8ad3f697d3381e880] 199.204.45.153 "GET /resource_providers/f1e020c6-1c75-4de4-b315-1fa17c332e43/allocations" status: 200 len: 152 microversion: 1.0 [pid: 7|app: 0|req: 466/936] 199.204.45.153 () {32 vars in 857 bytes} [Tue May 19 19:22:53 2026] GET /resource_providers/f1e020c6-1c75-4de4-b315-1fa17c332e43/allocations => generated 152 bytes in 27 msecs (HTTP/1.1 200) 6 headers in 224 bytes (1 switches on core 0)
2026-05-19 19:22:53.669 8 INFO placement.requestlog [req-201b3ea7-0b99-453e-8791-439f17460352 req-df3987d7-2257-4444-9792-47f5c7f2d638 eed2cc0dee5148ad83c95506b18502d7 85b12369cd264ddf8f344f0870ed67fc - - bd96efa683ad44e8ad3f697d3381e880 bd96efa683ad44e8ad3f697d3381e880] 199.204.45.153 "GET /allocations/bc6f1e51-eea7-430f-8553-b556d71118f7" status: 200 len: 257 microversion: 1.28 [pid: 8|app: 0|req: 471/937] 199.204.45.153 () {34 vars in 863 bytes} [Tue May 19 19:22:53 2026] GET /allocations/bc6f1e51-eea7-430f-8553-b556d71118f7 => generated 257 bytes in 16 msecs (HTTP/1.1 200) 8 headers in 296 bytes (1 switches on core 0)
2026-05-19 19:22:53.975 7 INFO placement.requestlog [None req-af32fcb6-6a78-4f04-a7a1-1638b52c213b 9c96c4464f874a15995c236a420f0039 85b12369cd264ddf8f344f0870ed67fc - - bd96efa683ad44e8ad3f697d3381e880 bd96efa683ad44e8ad3f697d3381e880] 10.0.0.242 "GET /resource_providers/484ce63c-22f2-43e3-bbf8-06899f1bd91b/aggregates" status: 404 len: 235 microversion: 1.1 [pid: 7|app: 0|req: 467/938] 10.0.0.242 () {32 vars in 816 bytes} [Tue May 19 19:22:53 2026] GET /resource_providers/484ce63c-22f2-43e3-bbf8-06899f1bd91b/aggregates => generated 235 bytes in 14 msecs (HTTP/1.1 404) 5 headers in 202 bytes (1 switches on core 0)
2026-05-19 19:22:53.984 8 INFO placement.requestlog [None req-cf3c2905-641f-4a8a-a237-ddc3fda19de3 9c96c4464f874a15995c236a420f0039 85b12369cd264ddf8f344f0870ed67fc - - bd96efa683ad44e8ad3f697d3381e880 bd96efa683ad44e8ad3f697d3381e880] 10.0.0.242 "GET /resource_providers/484ce63c-22f2-43e3-bbf8-06899f1bd91b/aggregates" status: 404 len: 235 microversion: 1.1 [pid: 8|app: 0|req: 472/939] 10.0.0.242 () {32 vars in 816 bytes} [Tue May 19 19:22:53 2026] GET /resource_providers/484ce63c-22f2-43e3-bbf8-06899f1bd91b/aggregates => generated 235 bytes in 13 msecs (HTTP/1.1 404) 5 headers in 202 bytes (1 switches on core 0)
