Apr 20 15:24:48.305874 np0000168360 neutron-periodic-workers[105879]: DEBUG cotyledon.oslo_config_glue [-] ml2.path_mtu = 0 {{(pid=105879) log_opt_values /opt/stack/data/venv/lib/python3.12/site-packages/oslo_config/cfg.py:3006}}
Apr 20 15:24:48.305874 np0000168360 neutron-periodic-workers[105879]: DEBUG cotyledon.oslo_config_glue [-] ml2.physical_network_mtus = {} {{(pid=105879) log_opt_values /opt/stack/data/venv/lib/python3.12/site-packages/oslo_config/cfg.py:3006}}
Apr 20 15:24:48.305874 np0000168360 neutron-periodic-workers[105879]: DEBUG cotyledon.oslo_config_glue [-] ml2.project_network_types = ['geneve'] {{(pid=105879) log_opt_values /opt/stack/data/venv/lib/python3.12/site-packages/oslo_config/cfg.py:3006}}
Apr 20 15:24:48.305874 np0000168360 neutron-periodic-workers[105879]: DEBUG cotyledon.oslo_config_glue [-] ml2.tunnelled_network_rp_name = rp_tunnelled {{(pid=105879) log_opt_values /opt/stack/data/venv/lib/python3.12/site-packages/oslo_config/cfg.py:3006}}
Apr 20 15:24:48.305874 np0000168360 neutron-periodic-workers[105879]: DEBUG cotyledon.oslo_config_glue [-] ml2.type_drivers = ['local', 'flat', 'vlan', 'geneve'] {{(pid=105879) log_opt_values /opt/stack/data/venv/lib/python3.12/site-packages/oslo_config/cfg.py:3006}}
Apr 20 15:24:48.305874 np0000168360 neutron-periodic-workers[105879]: DEBUG cotyledon.oslo_config_glue [-] ml2_type_flat.flat_networks = ['public'] {{(pid=105879) log_opt_values /opt/stack/data/venv/lib/python3.12/site-packages/oslo_config/cfg.py:3006}}
Apr 20 15:24:48.305874 np0000168360 neutron-periodic-workers[105879]: DEBUG cotyledon.oslo_config_glue [-] ml2_type_geneve.max_header_size = 38 {{(pid=105879) log_opt_values /opt/stack/data/venv/lib/python3.12/site-packages/oslo_config/cfg.py:3006}}
Apr 20 15:24:48.306102 np0000168360 neutron-periodic-workers[105879]: DEBUG cotyledon.oslo_config_glue [-] ml2_type_geneve.vni_ranges = ['1:65536'] {{(pid=105879) log_opt_values /opt/stack/data/venv/lib/python3.12/site-packages/oslo_config/cfg.py:3006}}
Apr 20 15:24:48.306102 np0000168360 neutron-periodic-workers[105879]: DEBUG cotyledon.oslo_config_glue [-] ml2_type_vlan.network_vlan_ranges = ['public'] {{(pid=105879) log_opt_values /opt/stack/data/venv/lib/python3.12/site-packages/oslo_config/cfg.py:3006}}
Apr 20 15:24:48.306102 np0000168360 neutron-periodic-workers[105879]: DEBUG cotyledon.oslo_config_glue [-] network_log.burst_limit = 25 {{(pid=105879) log_opt_values /opt/stack/data/venv/lib/python3.12/site-packages/oslo_config/cfg.py:3006}}
Apr 20 15:24:48.306102 np0000168360 neutron-periodic-workers[105879]: DEBUG cotyledon.oslo_config_glue [-] network_log.local_output_log_base = None {{(pid=105879) log_opt_values /opt/stack/data/venv/lib/python3.12/site-packages/oslo_config/cfg.py:3006}}
Apr 20 15:24:48.306102 np0000168360 neutron-periodic-workers[105879]: DEBUG cotyledon.oslo_config_glue [-] network_log.rate_limit = 100 {{(pid=105879) log_opt_values /opt/stack/data/venv/lib/python3.12/site-packages/oslo_config/cfg.py:3006}}
Apr 20 15:24:48.306102 np0000168360 neutron-periodic-workers[105879]: DEBUG cotyledon.oslo_config_glue [-] database.asyncio_connection = **** {{(pid=105879) log_opt_values /opt/stack/data/venv/lib/python3.12/site-packages/oslo_config/cfg.py:3006}}
Apr 20 15:24:48.306102 np0000168360 neutron-periodic-workers[105879]: DEBUG cotyledon.oslo_config_glue [-] database.asyncio_slave_connection = **** {{(pid=105879) log_opt_values /opt/stack/data/venv/lib/python3.12/site-packages/oslo_config/cfg.py:3006}}
Apr 20 15:24:48.306102 np0000168360 neutron-periodic-workers[105879]: DEBUG cotyledon.oslo_config_glue [-] database.backend = sqlalchemy {{(pid=105879) log_opt_values /opt/stack/data/venv/lib/python3.12/site-packages/oslo_config/cfg.py:3006}}
Apr 20 15:24:48.306102 np0000168360 neutron-periodic-workers[105879]: DEBUG cotyledon.oslo_config_glue [-] database.connection = **** {{(pid=105879) log_opt_values /opt/stack/data/venv/lib/python3.12/site-packages/oslo_config/cfg.py:3006}}
Apr 20 15:24:48.306316 np0000168360 neutron-periodic-workers[105879]: DEBUG cotyledon.oslo_config_glue [-] database.connection_debug = 0 {{(pid=105879) log_opt_values /opt/stack/data/venv/lib/python3.12/site-packages/oslo_config/cfg.py:3006}}
Apr 20 15:24:48.306316 np0000168360 neutron-periodic-workers[105879]: DEBUG cotyledon.oslo_config_glue [-] database.connection_parameters = {{(pid=105879) log_opt_values /opt/stack/data/venv/lib/python3.12/site-packages/oslo_config/cfg.py:3006}}
Apr 20 15:24:48.306316 np0000168360 neutron-periodic-workers[105879]: DEBUG cotyledon.oslo_config_glue [-] database.connection_recycle_time = 3600 {{(pid=105879) log_opt_values /opt/stack/data/venv/lib/python3.12/site-packages/oslo_config/cfg.py:3006}}
Apr 20 15:24:48.306316 np0000168360 neutron-periodic-workers[105879]: DEBUG cotyledon.oslo_config_glue [-] database.connection_trace = False {{(pid=105879) log_opt_values /opt/stack/data/venv/lib/python3.12/site-packages/oslo_config/cfg.py:3006}}
Apr 20 15:24:48.306316 np0000168360 neutron-periodic-workers[105879]: DEBUG cotyledon.oslo_config_glue [-] database.db_inc_retry_interval = True {{(pid=105879) log_opt_values /opt/stack/data/venv/lib/python3.12/site-packages/oslo_config/cfg.py:3006}}
Apr 20 15:24:48.306316 np0000168360 neutron-periodic-workers[105879]: DEBUG cotyledon.oslo_config_glue [-] database.db_max_retries = 20 {{(pid=105879) log_opt_values /opt/stack/data/venv/lib/python3.12/site-packages/oslo_config/cfg.py:3006}}
Apr 20 15:24:48.306316 np0000168360 neutron-periodic-workers[105879]: DEBUG cotyledon.oslo_config_glue [-] database.db_max_retry_interval = 10 {{(pid=105879) log_opt_values /opt/stack/data/venv/lib/python3.12/site-packages/oslo_config/cfg.py:3006}}
Apr 20 15:24:48.306316 np0000168360 neutron-periodic-workers[105879]: DEBUG cotyledon.oslo_config_glue [-] database.db_retry_interval = 1 {{(pid=105879) log_opt_values /opt/stack/data/venv/lib/python3.12/site-packages/oslo_config/cfg.py:3006}}
Apr 20 15:24:48.306316 np0000168360 neutron-periodic-workers[105879]: DEBUG cotyledon.oslo_config_glue [-] database.max_overflow = 50 {{(pid=105879) log_opt_values /opt/stack/data/venv/lib/python3.12/site-packages/oslo_config/cfg.py:3006}}
Apr 20 15:24:48.306900 np0000168360 neutron-periodic-workers[105879]: DEBUG cotyledon.oslo_config_glue [-] database.max_pool_size = 5 {{(pid=105879) log_opt_values /opt/stack/data/venv/lib/python3.12/site-packages/oslo_config/cfg.py:3006}}
Apr 20 15:24:48.306900 np0000168360 neutron-periodic-workers[105879]: DEBUG cotyledon.oslo_config_glue [-] database.max_retries = 10 {{(pid=105879) log_opt_values /opt/stack/data/venv/lib/python3.12/site-packages/oslo_config/cfg.py:3006}}
Apr 20 15:24:48.306900 np0000168360 neutron-periodic-workers[105879]: DEBUG cotyledon.oslo_config_glue [-] database.mysql_sql_mode = TRADITIONAL {{(pid=105879) log_opt_values /opt/stack/data/venv/lib/python3.12/site-packages/oslo_config/cfg.py:3006}}
Apr 20 15:24:48.306900 np0000168360 neutron-periodic-workers[105879]: DEBUG cotyledon.oslo_config_glue [-] database.mysql_wsrep_sync_wait = None {{(pid=105879) log_opt_values /opt/stack/data/venv/lib/python3.12/site-packages/oslo_config/cfg.py:3006}}
Apr 20 15:24:48.306900 np0000168360 neutron-periodic-workers[105879]: DEBUG cotyledon.oslo_config_glue [-] database.pool_timeout = None {{(pid=105879) log_opt_values /opt/stack/data/venv/lib/python3.12/site-packages/oslo_config/cfg.py:3006}}
Apr 20 15:24:48.306900 np0000168360 neutron-periodic-workers[105879]: DEBUG cotyledon.oslo_config_glue [-] database.retry_interval = 10 {{(pid=105879) log_opt_values /opt/stack/data/venv/lib/python3.12/site-packages/oslo_config/cfg.py:3006}}
Apr 20 15:24:48.306900 np0000168360 neutron-periodic-workers[105879]: DEBUG cotyledon.oslo_config_glue [-] database.slave_connection = **** {{(pid=105879) log_opt_values /opt/stack/data/venv/lib/python3.12/site-packages/oslo_config/cfg.py:3006}}
Apr 20 15:24:48.306900 np0000168360 neutron-periodic-workers[105879]: DEBUG cotyledon.oslo_config_glue [-] database.sqlite_synchronous = True {{(pid=105879) log_opt_values /opt/stack/data/venv/lib/python3.12/site-packages/oslo_config/cfg.py:3006}}
Apr 20 15:24:48.306900 np0000168360 neutron-periodic-workers[105879]: DEBUG cotyledon.oslo_config_glue [-] database.synchronous_reader = True {{(pid=105879) log_opt_values /opt/stack/data/venv/lib/python3.12/site-packages/oslo_config/cfg.py:3006}}
Apr 20 15:24:48.307165 np0000168360 neutron-periodic-workers[105879]: DEBUG cotyledon.oslo_config_glue [-] database.use_db_reconnect = False {{(pid=105879) log_opt_values /opt/stack/data/venv/lib/python3.12/site-packages/oslo_config/cfg.py:3006}}
Apr 20 15:24:48.307165 np0000168360 neutron-periodic-workers[105879]: DEBUG cotyledon.oslo_config_glue [-] ovn.bfd_min_rx = 1000 {{(pid=105879) log_opt_values /opt/stack/data/venv/lib/python3.12/site-packages/oslo_config/cfg.py:3006}}
Apr 20 15:24:48.307165 np0000168360 neutron-periodic-workers[105879]: DEBUG cotyledon.oslo_config_glue [-] ovn.bfd_min_tx = 100 {{(pid=105879) log_opt_values /opt/stack/data/venv/lib/python3.12/site-packages/oslo_config/cfg.py:3006}}
Apr 20 15:24:48.307165 np0000168360 neutron-periodic-workers[105879]: DEBUG cotyledon.oslo_config_glue [-] ovn.bfd_mult = 3 {{(pid=105879) log_opt_values /opt/stack/data/venv/lib/python3.12/site-packages/oslo_config/cfg.py:3006}}
Apr 20 15:24:48.307165 np0000168360 neutron-periodic-workers[105879]: DEBUG cotyledon.oslo_config_glue [-] ovn.broadcast_arps_to_all_routers = True {{(pid=105879) log_opt_values /opt/stack/data/venv/lib/python3.12/site-packages/oslo_config/cfg.py:3006}}
Apr 20 15:24:48.307165 np0000168360 neutron-periodic-workers[105879]: DEBUG cotyledon.oslo_config_glue [-] ovn.dhcp_default_lease_time = 43200 {{(pid=105879) log_opt_values /opt/stack/data/venv/lib/python3.12/site-packages/oslo_config/cfg.py:3006}}
Apr 20 15:24:48.307165 np0000168360 neutron-periodic-workers[105879]: DEBUG cotyledon.oslo_config_glue [-] ovn.disable_ovn_dhcp_for_baremetal_ports = False {{(pid=105879) log_opt_values /opt/stack/data/venv/lib/python3.12/site-packages/oslo_config/cfg.py:3006}}
Apr 20 15:24:48.307165 np0000168360 neutron-periodic-workers[105879]: DEBUG cotyledon.oslo_config_glue [-] ovn.dns_records_ovn_owned = False {{(pid=105879) log_opt_values /opt/stack/data/venv/lib/python3.12/site-packages/oslo_config/cfg.py:3006}}
Apr 20 15:24:48.307165 np0000168360 neutron-periodic-workers[105879]: DEBUG cotyledon.oslo_config_glue [-] ovn.dns_servers = [] {{(pid=105879) log_opt_values /opt/stack/data/venv/lib/python3.12/site-packages/oslo_config/cfg.py:3006}}
Apr 20 15:24:48.307453 np0000168360 neutron-periodic-workers[105879]: DEBUG cotyledon.oslo_config_glue [-] ovn.enable_distributed_floating_ip = False {{(pid=105879) log_opt_values /opt/stack/data/venv/lib/python3.12/site-packages/oslo_config/cfg.py:3006}}
Apr 20 15:24:48.307453 np0000168360 neutron-periodic-workers[105879]: DEBUG cotyledon.oslo_config_glue [-] ovn.fdb_age_threshold = 300 {{(pid=105879) log_opt_values /opt/stack/data/venv/lib/python3.12/site-packages/oslo_config/cfg.py:3006}}
Apr 20 15:24:48.307453 np0000168360 neutron-periodic-workers[105879]: DEBUG cotyledon.oslo_config_glue [-] ovn.ha_failover_strategy = normal {{(pid=105879) log_opt_values /opt/stack/data/venv/lib/python3.12/site-packages/oslo_config/cfg.py:3006}}
Apr 20 15:24:48.307453 np0000168360 neutron-periodic-workers[105879]: DEBUG cotyledon.oslo_config_glue [-] ovn.live_migration_activation_strategy = rarp {{(pid=105879) log_opt_values /opt/stack/data/venv/lib/python3.12/site-packages/oslo_config/cfg.py:3006}}
Apr 20 15:24:48.307453 np0000168360 neutron-periodic-workers[105879]: DEBUG cotyledon.oslo_config_glue [-] ovn.localnet_learn_fdb = False {{(pid=105879) log_opt_values /opt/stack/data/venv/lib/python3.12/site-packages/oslo_config/cfg.py:3006}}
Apr 20 15:24:48.307453 np0000168360 neutron-periodic-workers[105879]: DEBUG cotyledon.oslo_config_glue [-] ovn.mac_binding_age_threshold = 300 {{(pid=105879) log_opt_values /opt/stack/data/venv/lib/python3.12/site-packages/oslo_config/cfg.py:3006}}
Apr 20 15:24:48.307453 np0000168360 neutron-periodic-workers[105879]: DEBUG cotyledon.oslo_config_glue [-] ovn.neutron_sync_mode = log {{(pid=105879) log_opt_values /opt/stack/data/venv/lib/python3.12/site-packages/oslo_config/cfg.py:3006}}
Apr 20 15:24:48.307453 np0000168360 neutron-periodic-workers[105879]: DEBUG cotyledon.oslo_config_glue [-] ovn.ovn_dhcp4_global_options = {} {{(pid=105879) log_opt_values /opt/stack/data/venv/lib/python3.12/site-packages/oslo_config/cfg.py:3006}}
Apr 20 15:24:48.307453 np0000168360 neutron-periodic-workers[105879]: DEBUG cotyledon.oslo_config_glue [-] ovn.ovn_dhcp6_global_options = {} {{(pid=105879) log_opt_values /opt/stack/data/venv/lib/python3.12/site-packages/oslo_config/cfg.py:3006}}
Apr 20 15:24:48.307714 np0000168360 neutron-periodic-workers[105879]: DEBUG cotyledon.oslo_config_glue [-] ovn.ovn_l3_scheduler = leastloaded {{(pid=105879) log_opt_values /opt/stack/data/venv/lib/python3.12/site-packages/oslo_config/cfg.py:3006}}
Apr 20 15:24:48.307714 np0000168360 neutron-periodic-workers[105879]: DEBUG cotyledon.oslo_config_glue [-] ovn.ovn_metadata_enabled = True {{(pid=105879) log_opt_values /opt/stack/data/venv/lib/python3.12/site-packages/oslo_config/cfg.py:3006}}
Apr 20 15:24:48.307714 np0000168360 neutron-periodic-workers[105879]: DEBUG cotyledon.oslo_config_glue [-] ovn.ovn_nb_ca_cert = /opt/stack/data/CA/int-ca/ca-chain.pem {{(pid=105879) log_opt_values /opt/stack/data/venv/lib/python3.12/site-packages/oslo_config/cfg.py:3006}}
Apr 20 15:24:48.307714 np0000168360 neutron-periodic-workers[105879]: DEBUG cotyledon.oslo_config_glue [-] ovn.ovn_nb_certificate = /opt/stack/data/CA/int-ca/devstack-cert.crt {{(pid=105879) log_opt_values /opt/stack/data/venv/lib/python3.12/site-packages/oslo_config/cfg.py:3006}}
Apr 20 15:24:48.307714 np0000168360 neutron-periodic-workers[105879]: DEBUG cotyledon.oslo_config_glue [-] ovn.ovn_nb_connection = ['ssl:199.204.45.129:6641'] {{(pid=105879) log_opt_values /opt/stack/data/venv/lib/python3.12/site-packages/oslo_config/cfg.py:3006}}
Apr 20 15:24:48.307714 np0000168360 neutron-periodic-workers[105879]: DEBUG cotyledon.oslo_config_glue [-] ovn.ovn_nb_private_key = /opt/stack/data/CA/int-ca/private/devstack-cert.key {{(pid=105879) log_opt_values /opt/stack/data/venv/lib/python3.12/site-packages/oslo_config/cfg.py:3006}}
Apr 20 15:24:48.307714 np0000168360 neutron-periodic-workers[105879]: DEBUG cotyledon.oslo_config_glue [-] ovn.ovn_router_indirect_snat = False {{(pid=105879) log_opt_values /opt/stack/data/venv/lib/python3.12/site-packages/oslo_config/cfg.py:3006}}
Apr 20 15:24:48.307714 np0000168360 neutron-periodic-workers[105879]: DEBUG cotyledon.oslo_config_glue [-] ovn.ovn_sb_ca_cert = /opt/stack/data/CA/int-ca/ca-chain.pem {{(pid=105879) log_opt_values /opt/stack/data/venv/lib/python3.12/site-packages/oslo_config/cfg.py:3006}}
Apr 20 15:24:48.307953 np0000168360 neutron-periodic-workers[105879]: DEBUG cotyledon.oslo_config_glue [-] ovn.ovn_sb_certificate = /opt/stack/data/CA/int-ca/devstack-cert.crt {{(pid=105879) log_opt_values /opt/stack/data/venv/lib/python3.12/site-packages/oslo_config/cfg.py:3006}}
Apr 20 15:24:48.307953 np0000168360 neutron-periodic-workers[105879]: DEBUG cotyledon.oslo_config_glue [-] ovn.ovn_sb_connection = ['ssl:199.204.45.129:6642'] {{(pid=105879) log_opt_values /opt/stack/data/venv/lib/python3.12/site-packages/oslo_config/cfg.py:3006}}
Apr 20 15:24:48.307953 np0000168360 neutron-periodic-workers[105879]: DEBUG cotyledon.oslo_config_glue [-] ovn.ovn_sb_private_key = /opt/stack/data/CA/int-ca/private/devstack-cert.key {{(pid=105879) log_opt_values /opt/stack/data/venv/lib/python3.12/site-packages/oslo_config/cfg.py:3006}}
Apr 20 15:24:48.307953 np0000168360 neutron-periodic-workers[105879]: DEBUG cotyledon.oslo_config_glue [-] ovn.ovs_create_tap = False {{(pid=105879) log_opt_values /opt/stack/data/venv/lib/python3.12/site-packages/oslo_config/cfg.py:3006}}
Apr 20 15:24:48.307953 np0000168360 neutron-periodic-workers[105879]: DEBUG cotyledon.oslo_config_glue [-] ovn.ovsdb_connection_timeout = 180 {{(pid=105879) log_opt_values /opt/stack/data/venv/lib/python3.12/site-packages/oslo_config/cfg.py:3006}}
Apr 20 15:24:48.307953 np0000168360 neutron-periodic-workers[105879]: DEBUG cotyledon.oslo_config_glue [-] ovn.ovsdb_log_level = INFO {{(pid=105879) log_opt_values /opt/stack/data/venv/lib/python3.12/site-packages/oslo_config/cfg.py:3006}}
Apr 20 15:24:48.307953 np0000168360 neutron-periodic-workers[105879]: DEBUG cotyledon.oslo_config_glue [-] ovn.ovsdb_probe_interval = 60000 {{(pid=105879) log_opt_values /opt/stack/data/venv/lib/python3.12/site-packages/oslo_config/cfg.py:3006}}
Apr 20 15:24:48.307953 np0000168360 neutron-periodic-workers[105879]: DEBUG cotyledon.oslo_config_glue [-] ovn.ovsdb_retry_max_interval = 180 {{(pid=105879) log_opt_values /opt/stack/data/venv/lib/python3.12/site-packages/oslo_config/cfg.py:3006}}
Apr 20 15:24:48.307953 np0000168360 neutron-periodic-workers[105879]: DEBUG cotyledon.oslo_config_glue [-] ovn.stateless_nat_enabled = False {{(pid=105879) log_opt_values /opt/stack/data/venv/lib/python3.12/site-packages/oslo_config/cfg.py:3006}}
Apr 20 15:24:48.308355 np0000168360 neutron-periodic-workers[105879]: DEBUG cotyledon.oslo_config_glue [-] ovn.vhost_sock_dir = /var/run/openvswitch {{(pid=105879) log_opt_values /opt/stack/data/venv/lib/python3.12/site-packages/oslo_config/cfg.py:3006}}
Apr 20 15:24:48.308355 np0000168360 neutron-periodic-workers[105879]: DEBUG cotyledon.oslo_config_glue [-] OVS.bridge_mac_table_size = 50000 {{(pid=105879) log_opt_values /opt/stack/data/venv/lib/python3.12/site-packages/oslo_config/cfg.py:3006}}
Apr 20 15:24:48.308355 np0000168360 neutron-periodic-workers[105879]: DEBUG cotyledon.oslo_config_glue [-] OVS.igmp_flood = False {{(pid=105879) log_opt_values /opt/stack/data/venv/lib/python3.12/site-packages/oslo_config/cfg.py:3006}}
Apr 20 15:24:48.308355 np0000168360 neutron-periodic-workers[105879]: DEBUG cotyledon.oslo_config_glue [-] OVS.igmp_flood_reports = True {{(pid=105879) log_opt_values /opt/stack/data/venv/lib/python3.12/site-packages/oslo_config/cfg.py:3006}}
Apr 20 15:24:48.308355 np0000168360 neutron-periodic-workers[105879]: DEBUG cotyledon.oslo_config_glue [-] OVS.igmp_flood_unregistered = False {{(pid=105879) log_opt_values /opt/stack/data/venv/lib/python3.12/site-packages/oslo_config/cfg.py:3006}}
Apr 20 15:24:48.308355 np0000168360 neutron-periodic-workers[105879]: DEBUG cotyledon.oslo_config_glue [-] OVS.igmp_snooping_enable = False {{(pid=105879) log_opt_values /opt/stack/data/venv/lib/python3.12/site-packages/oslo_config/cfg.py:3006}}
Apr 20 15:24:48.308355 np0000168360 neutron-periodic-workers[105879]: DEBUG cotyledon.oslo_config_glue [-] OVS.ovsdb_timeout = 10 {{(pid=105879) log_opt_values /opt/stack/data/venv/lib/python3.12/site-packages/oslo_config/cfg.py:3006}}
Apr 20 15:24:48.308355 np0000168360 neutron-periodic-workers[105879]: DEBUG cotyledon.oslo_config_glue [-] ovn_nb_global.fdb_removal_limit = 0 {{(pid=105879) log_opt_values /opt/stack/data/venv/lib/python3.12/site-packages/oslo_config/cfg.py:3006}}
Apr 20 15:24:48.308355 np0000168360 neutron-periodic-workers[105879]: DEBUG cotyledon.oslo_config_glue [-] ovn_nb_global.ignore_lsp_down = False {{(pid=105879) log_opt_values /opt/stack/data/venv/lib/python3.12/site-packages/oslo_config/cfg.py:3006}}
Apr 20 15:24:48.308618 np0000168360 neutron-periodic-workers[105879]: DEBUG cotyledon.oslo_config_glue [-] ovn_nb_global.mac_binding_removal_limit = 0 {{(pid=105879) log_opt_values /opt/stack/data/venv/lib/python3.12/site-packages/oslo_config/cfg.py:3006}}
Apr 20 15:24:48.308618 np0000168360 neutron-periodic-workers[105879]: DEBUG cotyledon.oslo_config_glue [-] ******************************************************************************** {{(pid=105879) log_opt_values /opt/stack/data/venv/lib/python3.12/site-packages/oslo_config/cfg.py:3013}}
Apr 20 15:24:48.308618 np0000168360 neutron-periodic-workers[105879]: DEBUG cotyledon._service_worker [-] Run service ServiceWrapper(0) [105879] {{(pid=105879) wait_forever /opt/stack/data/venv/lib/python3.12/site-packages/cotyledon/_service_worker.py:218}}
Apr 20 15:24:57.915049 np0000168360 neutron-periodic-workers[105105]: DEBUG dbcounter [-] [105105] Writing DB stats neutron:SELECT=4 {{(pid=105105) stat_writer /opt/stack/data/venv/lib/python3.12/site-packages/dbcounter.py:115}}
Apr 20 15:25:28.258829 np0000168360 neutron-periodic-workers[105850]: DEBUG oslo_db.sqlalchemy.engines [None req-356a2d50-00f8-4b7e-9099-f49fe640f289 None None] Parent process 105105 forked (105850) with an open database connection, which is being discarded and recreated. {{(pid=105850) checkout /opt/stack/data/venv/lib/python3.12/site-packages/oslo_db/sqlalchemy/engines.py:402}}
Apr 20 15:25:28.267507 np0000168360 neutron-periodic-workers[105850]: DEBUG dbcounter [-] [105850] Writer thread running {{(pid=105850) stat_writer /opt/stack/data/venv/lib/python3.12/site-packages/dbcounter.py:102}}
Apr 20 15:25:28.277860 np0000168360 neutron-periodic-workers[105850]: DEBUG oslo.service.backend._threading.loopingcall [None req-356a2d50-00f8-4b7e-9099-f49fe640f289 None None] Fixed interval looping call 'neutron.plugins.ml2.plugin.DhcpAgentSchedulerDbMixin.remove_networks_from_down_agents' sleeping for 36.98 seconds {{(pid=105850) _run_loop /opt/stack/data/venv/lib/python3.12/site-packages/oslo_service/backend/_threading/loopingcall.py:125}}
Apr 20 15:25:36.282191 np0000168360 neutron-periodic-workers[105841]: DEBUG dbcounter [-] [105841] Writer thread running {{(pid=105841) stat_writer /opt/stack/data/venv/lib/python3.12/site-packages/dbcounter.py:102}}
Apr 20 15:25:36.293579 np0000168360 neutron-periodic-workers[105841]: DEBUG oslo.service.backend._threading.loopingcall [None req-cdcb46c6-022c-4e69-8cac-9a19547d0fa2 None None] Fixed interval looping call 'neutron.services.ovn_l3.plugin.L3_NAT_dbonly_mixin._clean_garbage' sleeping for 299.94 seconds {{(pid=105841) _run_loop /opt/stack/data/venv/lib/python3.12/site-packages/oslo_service/backend/_threading/loopingcall.py:125}}
Apr 20 15:25:38.276992 np0000168360 neutron-periodic-workers[105850]: DEBUG dbcounter [-] [105850] Writing DB stats neutron:SELECT=3 {{(pid=105850) stat_writer /opt/stack/data/venv/lib/python3.12/site-packages/dbcounter.py:115}}
Apr 20 15:25:44.303146 np0000168360 neutron-periodic-workers[105864]: DEBUG dbcounter [-] [105864] Writer thread running {{(pid=105864) stat_writer /opt/stack/data/venv/lib/python3.12/site-packages/dbcounter.py:102}}
Apr 20 15:25:44.307709 np0000168360 neutron-periodic-workers[105864]: DEBUG neutron.db.agents_db [None req-1e422e6a-5461-4005-887f-6984989855b6 None None] Agent healthcheck: found 0 active agents {{(pid=105864) agent_health_check /opt/stack/neutron/neutron/db/agents_db.py:317}}
Apr 20 15:25:44.307944 np0000168360 neutron-periodic-workers[105864]: DEBUG oslo.service.backend._threading.loopingcall [None req-1e422e6a-5461-4005-887f-6984989855b6 None None] Fixed interval looping call 'neutron.plugins.ml2.plugin.AgentDbMixin.agent_health_check' sleeping for 36.98 seconds {{(pid=105864) _run_loop /opt/stack/data/venv/lib/python3.12/site-packages/oslo_service/backend/_threading/loopingcall.py:125}}
Apr 20 15:25:46.282842 np0000168360 neutron-periodic-workers[105841]: DEBUG dbcounter [-] [105841] Writing DB stats neutron:SELECT=1 {{(pid=105841) stat_writer /opt/stack/data/venv/lib/python3.12/site-packages/dbcounter.py:115}}
Apr 20 15:25:54.305040 np0000168360 neutron-periodic-workers[105864]: DEBUG dbcounter [-] [105864] Writing DB stats neutron:SELECT=1 {{(pid=105864) stat_writer /opt/stack/data/venv/lib/python3.12/site-packages/dbcounter.py:115}}
Apr 20 15:26:05.267458 np0000168360 neutron-periodic-workers[105850]: DEBUG oslo.service.backend._threading.loopingcall [None req-356a2d50-00f8-4b7e-9099-f49fe640f289 None None] Fixed interval looping call 'neutron.plugins.ml2.plugin.DhcpAgentSchedulerDbMixin.remove_networks_from_down_agents' sleeping for 36.99 seconds {{(pid=105850) _run_loop /opt/stack/data/venv/lib/python3.12/site-packages/oslo_service/backend/_threading/loopingcall.py:125}}
Apr 20 15:26:15.268655 np0000168360 neutron-periodic-workers[105850]: DEBUG dbcounter [-] [105850] Writing DB stats neutron:SELECT=3 {{(pid=105850) stat_writer /opt/stack/data/venv/lib/python3.12/site-packages/dbcounter.py:115}}
Apr 20 15:26:21.294138 np0000168360 neutron-periodic-workers[105864]: DEBUG neutron.db.agents_db [None req-1e422e6a-5461-4005-887f-6984989855b6 None None] Agent healthcheck: found 0 active agents {{(pid=105864) agent_health_check /opt/stack/neutron/neutron/db/agents_db.py:317}}
Apr 20 15:26:21.294498 np0000168360 neutron-periodic-workers[105864]: DEBUG oslo.service.backend._threading.loopingcall [None req-1e422e6a-5461-4005-887f-6984989855b6 None None] Fixed interval looping call 'neutron.plugins.ml2.plugin.AgentDbMixin.agent_health_check' sleeping for 36.99 seconds {{(pid=105864) _run_loop /opt/stack/data/venv/lib/python3.12/site-packages/oslo_service/backend/_threading/loopingcall.py:125}}
Apr 20 15:26:31.293323 np0000168360 neutron-periodic-workers[105864]: DEBUG dbcounter [-] [105864] Writing DB stats neutron:SELECT=1 {{(pid=105864) stat_writer /opt/stack/data/venv/lib/python3.12/site-packages/dbcounter.py:115}}
Apr 20 15:26:42.272038 np0000168360 neutron-periodic-workers[105850]: DEBUG oslo.service.backend._threading.loopingcall [None req-356a2d50-00f8-4b7e-9099-f49fe640f289 None None] Fixed interval looping call 'neutron.plugins.ml2.plugin.DhcpAgentSchedulerDbMixin.remove_networks_from_down_agents' sleeping for 36.99 seconds {{(pid=105850) _run_loop /opt/stack/data/venv/lib/python3.12/site-packages/oslo_service/backend/_threading/loopingcall.py:125}}
Apr 20 15:26:48.305321 np0000168360 neutron-periodic-workers[105879]: DEBUG dbcounter [-] [105879] Writer thread running {{(pid=105879) stat_writer /opt/stack/data/venv/lib/python3.12/site-packages/dbcounter.py:102}}
Apr 20 15:26:48.307592 np0000168360 neutron-periodic-workers[105879]: DEBUG oslo.service.backend._threading.loopingcall [None req-1ab95308-c444-4ff8-b317-6d176cc4d4a3 None None] Fixed interval looping call 'neutron.db.quota.driver_nolock.DbQuotaNoLockDriver._remove_expired_reservations' sleeping for 119.98 seconds {{(pid=105879) _run_loop /opt/stack/data/venv/lib/python3.12/site-packages/oslo_service/backend/_threading/loopingcall.py:125}}
Apr 20 15:26:52.273383 np0000168360 neutron-periodic-workers[105850]: DEBUG dbcounter [-] [105850] Writing DB stats neutron:SELECT=3 {{(pid=105850) stat_writer /opt/stack/data/venv/lib/python3.12/site-packages/dbcounter.py:115}}
Apr 20 15:26:58.289982 np0000168360 neutron-periodic-workers[105864]: DEBUG neutron.db.agents_db [None req-1e422e6a-5461-4005-887f-6984989855b6 None None] Agent healthcheck: found 0 active agents {{(pid=105864) agent_health_check /opt/stack/neutron/neutron/db/agents_db.py:317}}
Apr 20 15:26:58.290693 np0000168360 neutron-periodic-workers[105864]: DEBUG oslo.service.backend._threading.loopingcall [None req-1e422e6a-5461-4005-887f-6984989855b6 None None] Fixed interval looping call 'neutron.plugins.ml2.plugin.AgentDbMixin.agent_health_check' sleeping for 36.99 seconds {{(pid=105864) _run_loop /opt/stack/data/venv/lib/python3.12/site-packages/oslo_service/backend/_threading/loopingcall.py:125}}
Apr 20 15:26:58.305970 np0000168360 neutron-periodic-workers[105879]: DEBUG dbcounter [-] [105879] Writing DB stats neutron:DELETE=1 {{(pid=105879) stat_writer /opt/stack/data/venv/lib/python3.12/site-packages/dbcounter.py:115}}
Apr 20 15:27:08.289898 np0000168360 neutron-periodic-workers[105864]: DEBUG dbcounter [-] [105864] Writing DB stats neutron:SELECT=1 {{(pid=105864) stat_writer /opt/stack/data/venv/lib/python3.12/site-packages/dbcounter.py:115}}
Apr 20 15:27:19.270956 np0000168360 neutron-periodic-workers[105850]: DEBUG oslo.service.backend._threading.loopingcall [None req-356a2d50-00f8-4b7e-9099-f49fe640f289 None None] Fixed interval looping call 'neutron.plugins.ml2.plugin.DhcpAgentSchedulerDbMixin.remove_networks_from_down_agents' sleeping for 36.99 seconds {{(pid=105850) _run_loop /opt/stack/data/venv/lib/python3.12/site-packages/oslo_service/backend/_threading/loopingcall.py:125}}
Apr 20 15:27:29.270103 np0000168360 neutron-periodic-workers[105850]: DEBUG dbcounter [-] [105850] Writing DB stats neutron:SELECT=3 {{(pid=105850) stat_writer /opt/stack/data/venv/lib/python3.12/site-packages/dbcounter.py:115}}
Apr 20 15:27:35.287296 np0000168360 neutron-periodic-workers[105864]: DEBUG neutron.db.agents_db [None req-1e422e6a-5461-4005-887f-6984989855b6 None None] Agent healthcheck: found 0 active agents {{(pid=105864) agent_health_check /opt/stack/neutron/neutron/db/agents_db.py:317}}
Apr 20 15:27:35.287990 np0000168360 neutron-periodic-workers[105864]: DEBUG oslo.service.backend._threading.loopingcall [None req-1e422e6a-5461-4005-887f-6984989855b6 None None] Fixed interval looping call 'neutron.plugins.ml2.plugin.AgentDbMixin.agent_health_check' sleeping for 36.99 seconds {{(pid=105864) _run_loop /opt/stack/data/venv/lib/python3.12/site-packages/oslo_service/backend/_threading/loopingcall.py:125}}
Apr 20 15:27:45.284797 np0000168360 neutron-periodic-workers[105864]: DEBUG dbcounter [-] [105864] Writing DB stats neutron:SELECT=1 {{(pid=105864) stat_writer /opt/stack/data/venv/lib/python3.12/site-packages/dbcounter.py:115}}
Apr 20 15:27:56.271173 np0000168360 neutron-periodic-workers[105850]: DEBUG oslo.service.backend._threading.loopingcall [None req-356a2d50-00f8-4b7e-9099-f49fe640f289 None None] Fixed interval looping call 'neutron.plugins.ml2.plugin.DhcpAgentSchedulerDbMixin.remove_networks_from_down_agents' sleeping for 36.99 seconds {{(pid=105850) _run_loop /opt/stack/data/venv/lib/python3.12/site-packages/oslo_service/backend/_threading/loopingcall.py:125}}
Apr 20 15:28:06.269555 np0000168360 neutron-periodic-workers[105850]: DEBUG dbcounter [-] [105850] Writing DB stats neutron:SELECT=3 {{(pid=105850) stat_writer /opt/stack/data/venv/lib/python3.12/site-packages/dbcounter.py:115}}
Apr 20 15:28:12.281742 np0000168360 neutron-periodic-workers[105864]: DEBUG neutron.db.agents_db [None req-1e422e6a-5461-4005-887f-6984989855b6 None None] Agent healthcheck: found 0 active agents {{(pid=105864) agent_health_check /opt/stack/neutron/neutron/db/agents_db.py:317}}
Apr 20 15:28:12.282553 np0000168360 neutron-periodic-workers[105864]: DEBUG oslo.service.backend._threading.loopingcall [None req-1e422e6a-5461-4005-887f-6984989855b6 None None] Fixed interval looping call 'neutron.plugins.ml2.plugin.AgentDbMixin.agent_health_check' sleeping for 37.00 seconds {{(pid=105864) _run_loop /opt/stack/data/venv/lib/python3.12/site-packages/oslo_service/backend/_threading/loopingcall.py:125}}
Apr 20 15:28:22.280639 np0000168360 neutron-periodic-workers[105864]: DEBUG dbcounter [-] [105864] Writing DB stats neutron:SELECT=1 {{(pid=105864) stat_writer /opt/stack/data/venv/lib/python3.12/site-packages/dbcounter.py:115}}
Apr 20 15:28:33.271533 np0000168360 neutron-periodic-workers[105850]: DEBUG oslo.service.backend._threading.loopingcall [None req-356a2d50-00f8-4b7e-9099-f49fe640f289 None None] Fixed interval looping call 'neutron.plugins.ml2.plugin.DhcpAgentSchedulerDbMixin.remove_networks_from_down_agents' sleeping for 36.99 seconds {{(pid=105850) _run_loop /opt/stack/data/venv/lib/python3.12/site-packages/oslo_service/backend/_threading/loopingcall.py:125}}
Apr 20 15:28:43.270983 np0000168360 neutron-periodic-workers[105850]: DEBUG dbcounter [-] [105850] Writing DB stats neutron:SELECT=3 {{(pid=105850) stat_writer /opt/stack/data/venv/lib/python3.12/site-packages/dbcounter.py:115}}
Apr 20 15:28:48.292577 np0000168360 neutron-periodic-workers[105879]: DEBUG oslo.service.backend._threading.loopingcall [None req-1ab95308-c444-4ff8-b317-6d176cc4d4a3 None None] Fixed interval looping call 'neutron.db.quota.driver_nolock.DbQuotaNoLockDriver._remove_expired_reservations' sleeping for 120.00 seconds {{(pid=105879) _run_loop /opt/stack/data/venv/lib/python3.12/site-packages/oslo_service/backend/_threading/loopingcall.py:125}}
Apr 20 15:28:49.286474 np0000168360 neutron-periodic-workers[105864]: DEBUG neutron.db.agents_db [None req-1e422e6a-5461-4005-887f-6984989855b6 None None] Agent healthcheck: found 0 active agents {{(pid=105864) agent_health_check /opt/stack/neutron/neutron/db/agents_db.py:317}}
Apr 20 15:28:49.287238 np0000168360 neutron-periodic-workers[105864]: DEBUG oslo.service.backend._threading.loopingcall [None req-1e422e6a-5461-4005-887f-6984989855b6 None None] Fixed interval looping call 'neutron.plugins.ml2.plugin.AgentDbMixin.agent_health_check' sleeping for 37.00 seconds {{(pid=105864) _run_loop /opt/stack/data/venv/lib/python3.12/site-packages/oslo_service/backend/_threading/loopingcall.py:125}}
Apr 20 15:28:58.291375 np0000168360 neutron-periodic-workers[105879]: DEBUG dbcounter [-] [105879] Writing DB stats neutron:DELETE=1 {{(pid=105879) stat_writer /opt/stack/data/venv/lib/python3.12/site-packages/dbcounter.py:115}}
Apr 20 15:28:59.285329 np0000168360 neutron-periodic-workers[105864]: DEBUG dbcounter [-] [105864] Writing DB stats neutron:SELECT=1 {{(pid=105864) stat_writer /opt/stack/data/venv/lib/python3.12/site-packages/dbcounter.py:115}}
Apr 20 15:29:10.276131 np0000168360 neutron-periodic-workers[105850]: DEBUG oslo.service.backend._threading.loopingcall [None req-356a2d50-00f8-4b7e-9099-f49fe640f289 None None] Fixed interval looping call 'neutron.plugins.ml2.plugin.DhcpAgentSchedulerDbMixin.remove_networks_from_down_agents' sleeping for 36.99 seconds {{(pid=105850) _run_loop /opt/stack/data/venv/lib/python3.12/site-packages/oslo_service/backend/_threading/loopingcall.py:125}}
Apr 20 15:29:20.275225 np0000168360 neutron-periodic-workers[105850]: DEBUG dbcounter [-] [105850] Writing DB stats neutron:SELECT=3 {{(pid=105850) stat_writer /opt/stack/data/venv/lib/python3.12/site-packages/dbcounter.py:115}}
Apr 20 15:29:26.292281 np0000168360 neutron-periodic-workers[105864]: DEBUG neutron.db.agents_db [None req-1e422e6a-5461-4005-887f-6984989855b6 None None] Agent healthcheck: found 0 active agents {{(pid=105864) agent_health_check /opt/stack/neutron/neutron/db/agents_db.py:317}}
Apr 20 15:29:26.293149 np0000168360 neutron-periodic-workers[105864]: DEBUG oslo.service.backend._threading.loopingcall [None req-1e422e6a-5461-4005-887f-6984989855b6 None None] Fixed interval looping call 'neutron.plugins.ml2.plugin.AgentDbMixin.agent_health_check' sleeping for 36.99 seconds {{(pid=105864) _run_loop /opt/stack/data/venv/lib/python3.12/site-packages/oslo_service/backend/_threading/loopingcall.py:125}}
Apr 20 15:29:36.290919 np0000168360 neutron-periodic-workers[105864]: DEBUG dbcounter [-] [105864] Writing DB stats neutron:SELECT=1 {{(pid=105864) stat_writer /opt/stack/data/venv/lib/python3.12/site-packages/dbcounter.py:115}}
Apr 20 15:29:47.274816 np0000168360 neutron-periodic-workers[105850]: DEBUG oslo.service.backend._threading.loopingcall [None req-356a2d50-00f8-4b7e-9099-f49fe640f289 None None] Fixed interval looping call 'neutron.plugins.ml2.plugin.DhcpAgentSchedulerDbMixin.remove_networks_from_down_agents' sleeping for 36.99 seconds {{(pid=105850) _run_loop /opt/stack/data/venv/lib/python3.12/site-packages/oslo_service/backend/_threading/loopingcall.py:125}}
Apr 20 15:29:57.274232 np0000168360 neutron-periodic-workers[105850]: DEBUG dbcounter [-] [105850] Writing DB stats neutron:SELECT=3 {{(pid=105850) stat_writer /opt/stack/data/venv/lib/python3.12/site-packages/dbcounter.py:115}}
Apr 20 15:30:03.287939 np0000168360 neutron-periodic-workers[105864]: DEBUG neutron.db.agents_db [None req-1e422e6a-5461-4005-887f-6984989855b6 None None] Agent healthcheck: found 0 active agents {{(pid=105864) agent_health_check /opt/stack/neutron/neutron/db/agents_db.py:317}}
Apr 20 15:30:03.287939 np0000168360 neutron-periodic-workers[105864]: DEBUG oslo.service.backend._threading.loopingcall [None req-1e422e6a-5461-4005-887f-6984989855b6 None None] Fixed interval looping call 'neutron.plugins.ml2.plugin.AgentDbMixin.agent_health_check' sleeping for 36.99 seconds {{(pid=105864) _run_loop /opt/stack/data/venv/lib/python3.12/site-packages/oslo_service/backend/_threading/loopingcall.py:125}}
Apr 20 15:30:13.286264 np0000168360 neutron-periodic-workers[105864]: DEBUG dbcounter [-] [105864] Writing DB stats neutron:SELECT=1 {{(pid=105864) stat_writer /opt/stack/data/venv/lib/python3.12/site-packages/dbcounter.py:115}}
Apr 20 15:30:24.273701 np0000168360 neutron-periodic-workers[105850]: DEBUG oslo.service.backend._threading.loopingcall [None req-356a2d50-00f8-4b7e-9099-f49fe640f289 None None] Fixed interval looping call 'neutron.plugins.ml2.plugin.DhcpAgentSchedulerDbMixin.remove_networks_from_down_agents' sleeping for 36.99 seconds {{(pid=105850) _run_loop /opt/stack/data/venv/lib/python3.12/site-packages/oslo_service/backend/_threading/loopingcall.py:125}}
Apr 20 15:30:34.272699 np0000168360 neutron-periodic-workers[105850]: DEBUG dbcounter [-] [105850] Writing DB stats neutron:SELECT=3 {{(pid=105850) stat_writer /opt/stack/data/venv/lib/python3.12/site-packages/dbcounter.py:115}}
Apr 20 15:30:36.245140 np0000168360 neutron-periodic-workers[105841]: DEBUG oslo.service.backend._threading.loopingcall [None req-cdcb46c6-022c-4e69-8cac-9a19547d0fa2 None None] Fixed interval looping call 'neutron.services.ovn_l3.plugin.L3_NAT_dbonly_mixin._clean_garbage' sleeping for 299.99 seconds {{(pid=105841) _run_loop /opt/stack/data/venv/lib/python3.12/site-packages/oslo_service/backend/_threading/loopingcall.py:125}}
Apr 20 15:30:40.283449 np0000168360 neutron-periodic-workers[105864]: DEBUG neutron.db.agents_db [None req-1e422e6a-5461-4005-887f-6984989855b6 None None] Agent healthcheck: found 0 active agents {{(pid=105864) agent_health_check /opt/stack/neutron/neutron/db/agents_db.py:317}}
Apr 20 15:30:40.284075 np0000168360 neutron-periodic-workers[105864]: DEBUG oslo.service.backend._threading.loopingcall [None req-1e422e6a-5461-4005-887f-6984989855b6 None None] Fixed interval looping call 'neutron.plugins.ml2.plugin.AgentDbMixin.agent_health_check' sleeping for 36.99 seconds {{(pid=105864) _run_loop /opt/stack/data/venv/lib/python3.12/site-packages/oslo_service/backend/_threading/loopingcall.py:125}}
Apr 20 15:30:46.237124 np0000168360 neutron-periodic-workers[105841]: DEBUG dbcounter [-] [105841] Writing DB stats neutron:SELECT=1 {{(pid=105841) stat_writer /opt/stack/data/venv/lib/python3.12/site-packages/dbcounter.py:115}}
Apr 20 15:30:48.299183 np0000168360 neutron-periodic-workers[105879]: DEBUG oslo.service.backend._threading.loopingcall [None req-1ab95308-c444-4ff8-b317-6d176cc4d4a3 None None] Fixed interval looping call 'neutron.db.quota.driver_nolock.DbQuotaNoLockDriver._remove_expired_reservations' sleeping for 119.99 seconds {{(pid=105879) _run_loop /opt/stack/data/venv/lib/python3.12/site-packages/oslo_service/backend/_threading/loopingcall.py:125}}
Apr 20 15:30:50.281467 np0000168360 neutron-periodic-workers[105864]: DEBUG dbcounter [-] [105864] Writing DB stats neutron:SELECT=1 {{(pid=105864) stat_writer /opt/stack/data/venv/lib/python3.12/site-packages/dbcounter.py:115}}
Apr 20 15:30:58.297045 np0000168360 neutron-periodic-workers[105879]: DEBUG dbcounter [-] [105879] Writing DB stats neutron:DELETE=1 {{(pid=105879) stat_writer /opt/stack/data/venv/lib/python3.12/site-packages/dbcounter.py:115}}
Apr 20 15:31:01.276696 np0000168360 neutron-periodic-workers[105850]: DEBUG oslo.service.backend._threading.loopingcall [None req-356a2d50-00f8-4b7e-9099-f49fe640f289 None None] Fixed interval looping call 'neutron.plugins.ml2.plugin.DhcpAgentSchedulerDbMixin.remove_networks_from_down_agents' sleeping for 36.99 seconds {{(pid=105850) _run_loop /opt/stack/data/venv/lib/python3.12/site-packages/oslo_service/backend/_threading/loopingcall.py:125}}
Apr 20 15:31:11.276148 np0000168360 neutron-periodic-workers[105850]: DEBUG dbcounter [-] [105850] Writing DB stats neutron:SELECT=3 {{(pid=105850) stat_writer /opt/stack/data/venv/lib/python3.12/site-packages/dbcounter.py:115}}
Apr 20 15:31:17.278993 np0000168360 neutron-periodic-workers[105864]: DEBUG neutron.db.agents_db [None req-1e422e6a-5461-4005-887f-6984989855b6 None None] Agent healthcheck: found 0 active agents {{(pid=105864) agent_health_check /opt/stack/neutron/neutron/db/agents_db.py:317}}
Apr 20 15:31:17.279513 np0000168360 neutron-periodic-workers[105864]: DEBUG oslo.service.backend._threading.loopingcall [None req-1e422e6a-5461-4005-887f-6984989855b6 None None] Fixed interval looping call 'neutron.plugins.ml2.plugin.AgentDbMixin.agent_health_check' sleeping for 36.99 seconds {{(pid=105864) _run_loop /opt/stack/data/venv/lib/python3.12/site-packages/oslo_service/backend/_threading/loopingcall.py:125}}
Apr 20 15:31:27.277520 np0000168360 neutron-periodic-workers[105864]: DEBUG dbcounter [-] [105864] Writing DB stats neutron:SELECT=1 {{(pid=105864) stat_writer /opt/stack/data/venv/lib/python3.12/site-packages/dbcounter.py:115}}
Apr 20 15:31:38.277749 np0000168360 neutron-periodic-workers[105850]: DEBUG oslo.service.backend._threading.loopingcall [None req-356a2d50-00f8-4b7e-9099-f49fe640f289 None None] Fixed interval looping call 'neutron.plugins.ml2.plugin.DhcpAgentSchedulerDbMixin.remove_networks_from_down_agents' sleeping for 36.99 seconds {{(pid=105850) _run_loop /opt/stack/data/venv/lib/python3.12/site-packages/oslo_service/backend/_threading/loopingcall.py:125}}
Apr 20 15:31:48.276335 np0000168360 neutron-periodic-workers[105850]: DEBUG dbcounter [-] [105850] Writing DB stats neutron:SELECT=3 {{(pid=105850) stat_writer /opt/stack/data/venv/lib/python3.12/site-packages/dbcounter.py:115}}
Apr 20 15:31:54.274447 np0000168360 neutron-periodic-workers[105864]: DEBUG neutron.db.agents_db [None req-1e422e6a-5461-4005-887f-6984989855b6 None None] Agent healthcheck: found 0 active agents {{(pid=105864) agent_health_check /opt/stack/neutron/neutron/db/agents_db.py:317}}
Apr 20 15:31:54.275220 np0000168360 neutron-periodic-workers[105864]: DEBUG oslo.service.backend._threading.loopingcall [None req-1e422e6a-5461-4005-887f-6984989855b6 None None] Fixed interval looping call 'neutron.plugins.ml2.plugin.AgentDbMixin.agent_health_check' sleeping for 36.99 seconds {{(pid=105864) _run_loop /opt/stack/data/venv/lib/python3.12/site-packages/oslo_service/backend/_threading/loopingcall.py:125}}
Apr 20 15:32:04.272770 np0000168360 neutron-periodic-workers[105864]: DEBUG dbcounter [-] [105864] Writing DB stats neutron:SELECT=1 {{(pid=105864) stat_writer /opt/stack/data/venv/lib/python3.12/site-packages/dbcounter.py:115}}
Apr 20 15:32:15.276394 np0000168360 neutron-periodic-workers[105850]: DEBUG oslo.service.backend._threading.loopingcall [None req-356a2d50-00f8-4b7e-9099-f49fe640f289 None None] Fixed interval looping call 'neutron.plugins.ml2.plugin.DhcpAgentSchedulerDbMixin.remove_networks_from_down_agents' sleeping for 36.99 seconds {{(pid=105850) _run_loop /opt/stack/data/venv/lib/python3.12/site-packages/oslo_service/backend/_threading/loopingcall.py:125}}
Apr 20 15:32:25.275994 np0000168360 neutron-periodic-workers[105850]: DEBUG dbcounter [-] [105850] Writing DB stats neutron:SELECT=3 {{(pid=105850) stat_writer /opt/stack/data/venv/lib/python3.12/site-packages/dbcounter.py:115}}
Apr 20 15:32:31.270624 np0000168360 neutron-periodic-workers[105864]: DEBUG neutron.db.agents_db [None req-1e422e6a-5461-4005-887f-6984989855b6 None None] Agent healthcheck: found 0 active agents {{(pid=105864) agent_health_check /opt/stack/neutron/neutron/db/agents_db.py:317}}
Apr 20 15:32:31.271377 np0000168360 neutron-periodic-workers[105864]: DEBUG oslo.service.backend._threading.loopingcall [None req-1e422e6a-5461-4005-887f-6984989855b6 None None] Fixed interval looping call 'neutron.plugins.ml2.plugin.AgentDbMixin.agent_health_check' sleeping for 36.99 seconds {{(pid=105864) _run_loop /opt/stack/data/venv/lib/python3.12/site-packages/oslo_service/backend/_threading/loopingcall.py:125}}
Apr 20 15:32:41.268174 np0000168360 neutron-periodic-workers[105864]: DEBUG dbcounter [-] [105864] Writing DB stats neutron:SELECT=1 {{(pid=105864) stat_writer /opt/stack/data/venv/lib/python3.12/site-packages/dbcounter.py:115}}
Apr 20 15:32:48.293859 np0000168360 neutron-periodic-workers[105879]: DEBUG oslo.service.backend._threading.loopingcall [None req-1ab95308-c444-4ff8-b317-6d176cc4d4a3 None None] Fixed interval looping call 'neutron.db.quota.driver_nolock.DbQuotaNoLockDriver._remove_expired_reservations' sleeping for 120.00 seconds {{(pid=105879) _run_loop /opt/stack/data/venv/lib/python3.12/site-packages/oslo_service/backend/_threading/loopingcall.py:125}}
Apr 20 15:32:52.276604 np0000168360 neutron-periodic-workers[105850]: DEBUG oslo.service.backend._threading.loopingcall [None req-356a2d50-00f8-4b7e-9099-f49fe640f289 None None] Fixed interval looping call 'neutron.plugins.ml2.plugin.DhcpAgentSchedulerDbMixin.remove_networks_from_down_agents' sleeping for 36.99 seconds {{(pid=105850) _run_loop /opt/stack/data/venv/lib/python3.12/site-packages/oslo_service/backend/_threading/loopingcall.py:125}}
Apr 20 15:32:58.292632 np0000168360 neutron-periodic-workers[105879]: DEBUG dbcounter [-] [105879] Writing DB stats neutron:DELETE=1 {{(pid=105879) stat_writer /opt/stack/data/venv/lib/python3.12/site-packages/dbcounter.py:115}}
Apr 20 15:33:02.276272 np0000168360 neutron-periodic-workers[105850]: DEBUG dbcounter [-] [105850] Writing DB stats neutron:SELECT=3 {{(pid=105850) stat_writer /opt/stack/data/venv/lib/python3.12/site-packages/dbcounter.py:115}}
Apr 20 15:33:08.266798 np0000168360 neutron-periodic-workers[105864]: DEBUG neutron.db.agents_db [None req-1e422e6a-5461-4005-887f-6984989855b6 None None] Agent healthcheck: found 0 active agents {{(pid=105864) agent_health_check /opt/stack/neutron/neutron/db/agents_db.py:317}}
Apr 20 15:33:08.267536 np0000168360 neutron-periodic-workers[105864]: DEBUG oslo.service.backend._threading.loopingcall [None req-1e422e6a-5461-4005-887f-6984989855b6 None None] Fixed interval looping call 'neutron.plugins.ml2.plugin.AgentDbMixin.agent_health_check' sleeping for 36.99 seconds {{(pid=105864) _run_loop /opt/stack/data/venv/lib/python3.12/site-packages/oslo_service/backend/_threading/loopingcall.py:125}}
Apr 20 15:33:18.265098 np0000168360 neutron-periodic-workers[105864]: DEBUG dbcounter [-] [105864] Writing DB stats neutron:SELECT=1 {{(pid=105864) stat_writer /opt/stack/data/venv/lib/python3.12/site-packages/dbcounter.py:115}}
Apr 20 15:33:29.275378 np0000168360 neutron-periodic-workers[105850]: DEBUG oslo.service.backend._threading.loopingcall [None req-356a2d50-00f8-4b7e-9099-f49fe640f289 None None] Fixed interval looping call 'neutron.plugins.ml2.plugin.DhcpAgentSchedulerDbMixin.remove_networks_from_down_agents' sleeping for 36.99 seconds {{(pid=105850) _run_loop /opt/stack/data/venv/lib/python3.12/site-packages/oslo_service/backend/_threading/loopingcall.py:125}}
Apr 20 15:33:39.274511 np0000168360 neutron-periodic-workers[105850]: DEBUG dbcounter [-] [105850] Writing DB stats neutron:SELECT=3 {{(pid=105850) stat_writer /opt/stack/data/venv/lib/python3.12/site-packages/dbcounter.py:115}}
Apr 20 15:33:45.263109 np0000168360 neutron-periodic-workers[105864]: DEBUG neutron.db.agents_db [None req-1e422e6a-5461-4005-887f-6984989855b6 None None] Agent healthcheck: found 0 active agents {{(pid=105864) agent_health_check /opt/stack/neutron/neutron/db/agents_db.py:317}}
Apr 20 15:33:45.264378 np0000168360 neutron-periodic-workers[105864]: DEBUG oslo.service.backend._threading.loopingcall [None req-1e422e6a-5461-4005-887f-6984989855b6 None None] Fixed interval looping call 'neutron.plugins.ml2.plugin.AgentDbMixin.agent_health_check' sleeping for 36.99 seconds {{(pid=105864) _run_loop /opt/stack/data/venv/lib/python3.12/site-packages/oslo_service/backend/_threading/loopingcall.py:125}}
Apr 20 15:33:55.261076 np0000168360 neutron-periodic-workers[105864]: DEBUG dbcounter [-] [105864] Writing DB stats neutron:SELECT=1 {{(pid=105864) stat_writer /opt/stack/data/venv/lib/python3.12/site-packages/dbcounter.py:115}}
Apr 20 15:34:06.277538 np0000168360 neutron-periodic-workers[105850]: DEBUG oslo.service.backend._threading.loopingcall [None req-356a2d50-00f8-4b7e-9099-f49fe640f289 None None] Fixed interval looping call 'neutron.plugins.ml2.plugin.DhcpAgentSchedulerDbMixin.remove_networks_from_down_agents' sleeping for 36.99 seconds {{(pid=105850) _run_loop /opt/stack/data/venv/lib/python3.12/site-packages/oslo_service/backend/_threading/loopingcall.py:125}}
Apr 20 15:34:16.276171 np0000168360 neutron-periodic-workers[105850]: DEBUG dbcounter [-] [105850] Writing DB stats neutron:SELECT=3 {{(pid=105850) stat_writer /opt/stack/data/venv/lib/python3.12/site-packages/dbcounter.py:115}}
Apr 20 15:34:22.259182 np0000168360 neutron-periodic-workers[105864]: DEBUG neutron.db.agents_db [None req-1e422e6a-5461-4005-887f-6984989855b6 None None] Agent healthcheck: found 0 active agents {{(pid=105864) agent_health_check /opt/stack/neutron/neutron/db/agents_db.py:317}}
Apr 20 15:34:22.260066 np0000168360 neutron-periodic-workers[105864]: DEBUG oslo.service.backend._threading.loopingcall [None req-1e422e6a-5461-4005-887f-6984989855b6 None None] Fixed interval looping call 'neutron.plugins.ml2.plugin.AgentDbMixin.agent_health_check' sleeping for 36.99 seconds {{(pid=105864) _run_loop /opt/stack/data/venv/lib/python3.12/site-packages/oslo_service/backend/_threading/loopingcall.py:125}}
Apr 20 15:34:32.257113 np0000168360 neutron-periodic-workers[105864]: DEBUG dbcounter [-] [105864] Writing DB stats neutron:SELECT=1 {{(pid=105864) stat_writer /opt/stack/data/venv/lib/python3.12/site-packages/dbcounter.py:115}}
