2026-02-26 02:46:34.282 8 INFO placement.requestlog [req-cc920b96-ddc3-4bf1-84ae-2d452222ca11 req-b64b5fc8-9394-41ba-8121-f29f2091d057 fe8e2c50865c441b926c0ce1fdcb0b83 be9abaf8ad7141e59d58a44111b259b0 - - 2d7226f8ed1d40f98a6941b88a2fbe60 2d7226f8ed1d40f98a6941b88a2fbe60] 162.253.55.43 "GET /allocations/e2a9bcda-42f3-41a7-bdb1-a29843cfc629" status: 200 len: 258 microversion: 1.28 [pid: 8|app: 0|req: 421/846] 162.253.55.43 () {34 vars in 861 bytes} [Thu Feb 26 02:46:34 2026] GET /allocations/e2a9bcda-42f3-41a7-bdb1-a29843cfc629 => generated 258 bytes in 15 msecs (HTTP/1.1 200) 8 headers in 296 bytes (1 switches on core 0)
2026-02-26 02:46:35.324 7 INFO placement.requestlog [req-cc920b96-ddc3-4bf1-84ae-2d452222ca11 req-ee8f66e2-823b-40df-bb89-0839f3e93ec8 fe8e2c50865c441b926c0ce1fdcb0b83 be9abaf8ad7141e59d58a44111b259b0 - - 2d7226f8ed1d40f98a6941b88a2fbe60 2d7226f8ed1d40f98a6941b88a2fbe60] 162.253.55.43 "GET /resource_providers/7f2e7d33-c22f-4c85-8a1c-b7baa9b34980/allocations" status: 200 len: 253 microversion: 1.0 [pid: 7|app: 0|req: 426/847] 162.253.55.43 () {32 vars in 855 bytes} [Thu Feb 26 02:46:35 2026] GET /resource_providers/7f2e7d33-c22f-4c85-8a1c-b7baa9b34980/allocations => generated 253 bytes in 17 msecs (HTTP/1.1 200) 6 headers in 224 bytes (1 switches on core 0)
2026-02-26 02:46:35.345 8 INFO placement.requestlog [req-cc920b96-ddc3-4bf1-84ae-2d452222ca11 req-265225a6-2506-490e-a7cc-55222cae2272 fe8e2c50865c441b926c0ce1fdcb0b83 be9abaf8ad7141e59d58a44111b259b0 - - 2d7226f8ed1d40f98a6941b88a2fbe60 2d7226f8ed1d40f98a6941b88a2fbe60] 162.253.55.43 "GET /allocations/e2a9bcda-42f3-41a7-bdb1-a29843cfc629" status: 200 len: 258 microversion: 1.28 [pid: 8|app: 0|req: 422/848] 162.253.55.43 () {34 vars in 861 bytes} [Thu Feb 26 02:46:35 2026] GET /allocations/e2a9bcda-42f3-41a7-bdb1-a29843cfc629 => generated 258 bytes in 13 msecs (HTTP/1.1 200) 8 headers in 296 bytes (1 switches on core 0)
2026-02-26 02:46:35.368 7 INFO placement.requestlog [req-cc920b96-ddc3-4bf1-84ae-2d452222ca11 req-667b9f09-af21-401c-a02d-8e6ebfbf9d72 fe8e2c50865c441b926c0ce1fdcb0b83 be9abaf8ad7141e59d58a44111b259b0 - - 2d7226f8ed1d40f98a6941b88a2fbe60 2d7226f8ed1d40f98a6941b88a2fbe60] 162.253.55.43 "GET /allocations/262a461f-6029-49fa-9467-a9add6e02a58" status: 200 len: 258 microversion: 1.28 [pid: 7|app: 0|req: 427/849] 162.253.55.43 () {34 vars in 861 bytes} [Thu Feb 26 02:46:35 2026] GET /allocations/262a461f-6029-49fa-9467-a9add6e02a58 => generated 258 bytes in 13 msecs (HTTP/1.1 200) 8 headers in 296 bytes (1 switches on core 0)
2026-02-26 02:46:37.581 8 INFO placement.requestlog [None req-8f4c9d27-a0fe-4bf3-8113-c27fecd0e134 - - - - - -] 10.0.0.144 "GET /" status: 200 len: 136 microversion: 1.0
2026-02-26 02:46:37.581 7 INFO placement.requestlog [None req-c35e1e1b-2a24-4c04-a4e2-a2c43695068b - - - - - -] 10.0.0.144 "GET /" status: 200 len: 136 microversion: 1.0
2026-02-26 02:46:38.539 8 INFO placement.requestlog [None req-f26ad401-42ff-452b-aef5-293611305200 d892fce6ee744e3ca626bfc94fe1246b be9abaf8ad7141e59d58a44111b259b0 - - 2d7226f8ed1d40f98a6941b88a2fbe60 2d7226f8ed1d40f98a6941b88a2fbe60] 10.0.0.134 "GET /resource_providers/5f209e99-fdfb-466e-8bfe-caeafa061530/aggregates" status: 404 len: 235 microversion: 1.1 [pid: 8|app: 0|req: 424/852] 10.0.0.134 () {32 vars in 824 bytes} [Thu Feb 26 02:46:38 2026] GET /resource_providers/5f209e99-fdfb-466e-8bfe-caeafa061530/aggregates => generated 235 bytes in 14 msecs (HTTP/1.1 404) 5 headers in 202 bytes (1 switches on core 0)
2026-02-26 02:46:38.540 7 INFO placement.requestlog [None req-c2d0fb26-be9a-41db-a807-2e455d7e00ff d892fce6ee744e3ca626bfc94fe1246b be9abaf8ad7141e59d58a44111b259b0 - - 2d7226f8ed1d40f98a6941b88a2fbe60 2d7226f8ed1d40f98a6941b88a2fbe60] 10.0.0.134 "GET /resource_providers/5f209e99-fdfb-466e-8bfe-caeafa061530/aggregates" status: 404 len: 235 microversion: 1.1 [pid: 7|app: 0|req: 429/853] 10.0.0.134 () {32 vars in 824 bytes} [Thu Feb 26 02:46:38 2026] GET /resource_providers/5f209e99-fdfb-466e-8bfe-caeafa061530/aggregates => generated 235 bytes in 15 msecs (HTTP/1.1 404) 5 headers in 202 bytes (1 switches on core 0)
2026-02-26 02:46:38.563 8 INFO placement.requestlog [None req-2abbecaa-c326-4dd2-8e26-fe7fc7f1a32f d892fce6ee744e3ca626bfc94fe1246b be9abaf8ad7141e59d58a44111b259b0 - - 2d7226f8ed1d40f98a6941b88a2fbe60 2d7226f8ed1d40f98a6941b88a2fbe60] 10.0.0.134 "DELETE /resource_providers/5f209e99-fdfb-466e-8bfe-caeafa061530" status: 404 len: 246 microversion: 1.1 [pid: 8|app: 0|req: 425/854] 10.0.0.134 () {34 vars in 824 bytes} [Thu Feb 26 02:46:38 2026] DELETE /resource_providers/5f209e99-fdfb-466e-8bfe-caeafa061530 => generated 246 bytes in 20 msecs (HTTP/1.1 404) 6 headers in 231 bytes (1 switches on core 0)
2026-02-26 02:46:38.572 7 INFO placement.requestlog [None req-47b2ff57-3280-4f67-ab7d-c38b13ad8ee5 d892fce6ee744e3ca626bfc94fe1246b be9abaf8ad7141e59d58a44111b259b0 - - 2d7226f8ed1d40f98a6941b88a2fbe60 2d7226f8ed1d40f98a6941b88a2fbe60] 10.0.0.134 "DELETE /resource_providers/5f209e99-fdfb-466e-8bfe-caeafa061530" status: 404 len: 246 microversion: 1.1 [pid: 7|app: 0|req: 430/855] 10.0.0.134 () {34 vars in 824 bytes} [Thu Feb 26 02:46:38 2026] DELETE /resource_providers/5f209e99-fdfb-466e-8bfe-caeafa061530 => generated 246 bytes in 17 msecs (HTTP/1.1 404) 6 headers in 231 bytes (1 switches on core 0)
2026-02-26 02:46:39.349 8 INFO placement.requestlog [req-414c91ae-59e4-4544-88b4-fde852c0dc4b req-b43b2951-5325-4eb3-b282-dd3954ecf432 fe8e2c50865c441b926c0ce1fdcb0b83 be9abaf8ad7141e59d58a44111b259b0 - - 2d7226f8ed1d40f98a6941b88a2fbe60 2d7226f8ed1d40f98a6941b88a2fbe60] 10.0.0.206 "GET /allocation_candidates?limit=1000&resources=DISK_GB%3A1%2CMEMORY_MB%3A512%2CVCPU%3A1&root_required=%21COMPUTE_STATUS_DISABLED" status: 200 len: 2387 microversion: 1.36 [pid: 8|app: 0|req: 426/856] 10.0.0.206 () {34 vars in 1011 bytes} [Thu Feb 26 02:46:39 2026] GET /allocation_candidates?limit=1000&resources=DISK_GB%3A1%2CMEMORY_MB%3A512%2CVCPU%3A1&root_required=%21COMPUTE_STATUS_DISABLED => generated 2387 bytes in 44 msecs (HTTP/1.1 200) 8 headers in 297 bytes (1 switches on core 0)
2026-02-26 02:46:39.376 7 INFO placement.requestlog [req-414c91ae-59e4-4544-88b4-fde852c0dc4b req-de72b08c-0b13-48ac-9220-fc4f33905de2 fe8e2c50865c441b926c0ce1fdcb0b83 be9abaf8ad7141e59d58a44111b259b0 - - 2d7226f8ed1d40f98a6941b88a2fbe60 2d7226f8ed1d40f98a6941b88a2fbe60] 10.0.0.206 "GET /allocations/571e01ad-63a9-4129-8d97-b371b27be53c" status: 200 len: 19 microversion: 1.28 [pid: 7|app: 0|req: 431/857] 10.0.0.206 () {34 vars in 860 bytes} [Thu Feb 26 02:46:39 2026] GET /allocations/571e01ad-63a9-4129-8d97-b371b27be53c => generated 19 bytes in 11 msecs (HTTP/1.1 200) 8 headers in 295 bytes (1 switches on core 0)
2026-02-26 02:46:39.442 8 INFO placement.requestlog [req-414c91ae-59e4-4544-88b4-fde852c0dc4b req-7e1ac243-184f-4d06-8f33-1459546a3dc8 fe8e2c50865c441b926c0ce1fdcb0b83 be9abaf8ad7141e59d58a44111b259b0 - - 2d7226f8ed1d40f98a6941b88a2fbe60 2d7226f8ed1d40f98a6941b88a2fbe60] 10.0.0.206 "PUT /allocations/571e01ad-63a9-4129-8d97-b371b27be53c" status: 204 len: 0 microversion: 1.36 [pid: 8|app: 0|req: 427/858] 10.0.0.206 () {38 vars in 913 bytes} [Thu Feb 26 02:46:39 2026] PUT /allocations/571e01ad-63a9-4129-8d97-b371b27be53c => generated 0 bytes in 59 msecs (HTTP/1.1 204) 5 headers in 199 bytes (1 switches on core 0)
2026-02-26 02:46:39.599 7 INFO placement.requestlog [req-d36ac834-7569-43c8-ac86-42f11bd06c9b req-0f133d80-ed97-400c-8dfa-ec551f98109a fe8e2c50865c441b926c0ce1fdcb0b83 be9abaf8ad7141e59d58a44111b259b0 - - 2d7226f8ed1d40f98a6941b88a2fbe60 2d7226f8ed1d40f98a6941b88a2fbe60] 162.253.55.43 "GET /resource_providers/7f2e7d33-c22f-4c85-8a1c-b7baa9b34980/allocations" status: 200 len: 353 microversion: 1.0 [pid: 7|app: 0|req: 432/859] 162.253.55.43 () {32 vars in 855 bytes} [Thu Feb 26 02:46:39 2026] GET /resource_providers/7f2e7d33-c22f-4c85-8a1c-b7baa9b34980/allocations => generated 353 bytes in 17 msecs (HTTP/1.1 200) 6 headers in 224 bytes (1 switches on core 0)
2026-02-26 02:46:39.617 8 INFO placement.requestlog [req-d36ac834-7569-43c8-ac86-42f11bd06c9b req-c313f42a-73c7-41d0-86f8-825f6ae68fbb fe8e2c50865c441b926c0ce1fdcb0b83 be9abaf8ad7141e59d58a44111b259b0 - - 2d7226f8ed1d40f98a6941b88a2fbe60 2d7226f8ed1d40f98a6941b88a2fbe60] 162.253.55.43 "GET /allocations/e2a9bcda-42f3-41a7-bdb1-a29843cfc629" status: 200 len: 258 microversion: 1.28 [pid: 8|app: 0|req: 428/860] 162.253.55.43 () {34 vars in 861 bytes} [Thu Feb 26 02:46:39 2026] GET /allocations/e2a9bcda-42f3-41a7-bdb1-a29843cfc629 => generated 258 bytes in 11 msecs (HTTP/1.1 200) 8 headers in 296 bytes (1 switches on core 0)
2026-02-26 02:46:39.634 7 INFO placement.requestlog [req-d36ac834-7569-43c8-ac86-42f11bd06c9b req-54bccf0f-3db0-4058-8f6a-858c55ea3e80 fe8e2c50865c441b926c0ce1fdcb0b83 be9abaf8ad7141e59d58a44111b259b0 - - 2d7226f8ed1d40f98a6941b88a2fbe60 2d7226f8ed1d40f98a6941b88a2fbe60] 162.253.55.43 "GET /allocations/571e01ad-63a9-4129-8d97-b371b27be53c" status: 200 len: 258 microversion: 1.28 [pid: 7|app: 0|req: 433/861] 162.253.55.43 () {34 vars in 861 bytes} [Thu Feb 26 02:46:39 2026] GET /allocations/571e01ad-63a9-4129-8d97-b371b27be53c => generated 258 bytes in 11 msecs (HTTP/1.1 200) 8 headers in 296 bytes (1 switches on core 0)
2026-02-26 02:46:39.655 8 INFO placement.requestlog [req-d36ac834-7569-43c8-ac86-42f11bd06c9b req-86c43de3-e24a-4a26-a4c9-5384544bc4cf fe8e2c50865c441b926c0ce1fdcb0b83 be9abaf8ad7141e59d58a44111b259b0 - - 2d7226f8ed1d40f98a6941b88a2fbe60 2d7226f8ed1d40f98a6941b88a2fbe60] 162.253.55.43 "GET /allocations/262a461f-6029-49fa-9467-a9add6e02a58" status: 200 len: 258 microversion: 1.28 [pid: 8|app: 0|req: 429/862] 162.253.55.43 () {34 vars in 861 bytes} [Thu Feb 26 02:46:39 2026] GET /allocations/262a461f-6029-49fa-9467-a9add6e02a58 => generated 258 bytes in 13 msecs (HTTP/1.1 200) 8 headers in 296 bytes (1 switches on core 0)
2026-02-26 02:46:40.701 7 INFO placement.requestlog [req-d36ac834-7569-43c8-ac86-42f11bd06c9b req-5ea9ff0e-84ea-4aed-bfc7-269f24d28a9d fe8e2c50865c441b926c0ce1fdcb0b83 be9abaf8ad7141e59d58a44111b259b0 - - 2d7226f8ed1d40f98a6941b88a2fbe60 2d7226f8ed1d40f98a6941b88a2fbe60] 162.253.55.43 "DELETE /allocations/262a461f-6029-49fa-9467-a9add6e02a58" status: 204 len: 0 microversion: 1.0 [pid: 7|app: 0|req: 434/863] 162.253.55.43 () {34 vars in 839 bytes} [Thu Feb 26 02:46:40 2026] DELETE /allocations/262a461f-6029-49fa-9467-a9add6e02a58 => generated 0 bytes in 22 msecs (HTTP/1.1 204) 5 headers in 198 bytes (1 switches on core 0)
2026-02-26 02:46:40.942 8 INFO placement.requestlog [req-414c91ae-59e4-4544-88b4-fde852c0dc4b req-8074d43c-7543-4f09-9c5f-8f84e1db9ac0 fe8e2c50865c441b926c0ce1fdcb0b83 be9abaf8ad7141e59d58a44111b259b0 - - 2d7226f8ed1d40f98a6941b88a2fbe60 2d7226f8ed1d40f98a6941b88a2fbe60] 162.253.55.43 "GET /allocations/571e01ad-63a9-4129-8d97-b371b27be53c" status: 200 len: 258 microversion: 1.28 [pid: 8|app: 0|req: 430/864] 162.253.55.43 () {34 vars in 861 bytes} [Thu Feb 26 02:46:40 2026] GET /allocations/571e01ad-63a9-4129-8d97-b371b27be53c => generated 258 bytes in 10 msecs (HTTP/1.1 200) 8 headers in 296 bytes (1 switches on core 0)
2026-02-26 02:46:41.984 7 INFO placement.requestlog [req-414c91ae-59e4-4544-88b4-fde852c0dc4b req-c2814356-3d33-4399-99bf-856e3c441d40 fe8e2c50865c441b926c0ce1fdcb0b83 be9abaf8ad7141e59d58a44111b259b0 - - 2d7226f8ed1d40f98a6941b88a2fbe60 2d7226f8ed1d40f98a6941b88a2fbe60] 162.253.55.43 "GET /resource_providers/7f2e7d33-c22f-4c85-8a1c-b7baa9b34980/allocations" status: 200 len: 253 microversion: 1.0 [pid: 7|app: 0|req: 435/865] 162.253.55.43 () {32 vars in 855 bytes} [Thu Feb 26 02:46:41 2026] GET /resource_providers/7f2e7d33-c22f-4c85-8a1c-b7baa9b34980/allocations => generated 253 bytes in 18 msecs (HTTP/1.1 200) 6 headers in 224 bytes (1 switches on core 0)
2026-02-26 02:46:42.001 8 INFO placement.requestlog [req-414c91ae-59e4-4544-88b4-fde852c0dc4b req-ce3e8e80-1e54-4cca-b183-553eed4aa0cb fe8e2c50865c441b926c0ce1fdcb0b83 be9abaf8ad7141e59d58a44111b259b0 - - 2d7226f8ed1d40f98a6941b88a2fbe60 2d7226f8ed1d40f98a6941b88a2fbe60] 162.253.55.43 "GET /allocations/e2a9bcda-42f3-41a7-bdb1-a29843cfc629" status: 200 len: 258 microversion: 1.28 [pid: 8|app: 0|req: 431/866] 162.253.55.43 () {34 vars in 861 bytes} [Thu Feb 26 02:46:41 2026] GET /allocations/e2a9bcda-42f3-41a7-bdb1-a29843cfc629 => generated 258 bytes in 11 msecs (HTTP/1.1 200) 8 headers in 296 bytes (1 switches on core 0)
2026-02-26 02:46:42.019 7 INFO placement.requestlog [req-414c91ae-59e4-4544-88b4-fde852c0dc4b req-6f2171f0-50cf-4c25-bfa2-13ed6ae0c6bd fe8e2c50865c441b926c0ce1fdcb0b83 be9abaf8ad7141e59d58a44111b259b0 - - 2d7226f8ed1d40f98a6941b88a2fbe60 2d7226f8ed1d40f98a6941b88a2fbe60] 162.253.55.43 "GET /allocations/571e01ad-63a9-4129-8d97-b371b27be53c" status: 200 len: 258 microversion: 1.28 [pid: 7|app: 0|req: 436/867] 162.253.55.43 () {34 vars in 861 bytes} [Thu Feb 26 02:46:42 2026] GET /allocations/571e01ad-63a9-4129-8d97-b371b27be53c => generated 258 bytes in 13 msecs (HTTP/1.1 200) 8 headers in 296 bytes (1 switches on core 0)
2026-02-26 02:46:43.966 7 INFO placement.requestlog [None req-60ffb1d8-f90b-45ba-b67a-0303cc9dfabc d892fce6ee744e3ca626bfc94fe1246b be9abaf8ad7141e59d58a44111b259b0 - - 2d7226f8ed1d40f98a6941b88a2fbe60 2d7226f8ed1d40f98a6941b88a2fbe60] 10.0.0.134 "GET /resource_providers/5d2f00c9-81a6-4965-8b41-1cb93995543d/aggregates" status: 404 len: 235 microversion: 1.1 [pid: 7|app: 0|req: 437/868] 10.0.0.134 () {32 vars in 824 bytes} [Thu Feb 26 02:46:43 2026] GET /resource_providers/5d2f00c9-81a6-4965-8b41-1cb93995543d/aggregates => generated 235 bytes in 18 msecs (HTTP/1.1 404) 5 headers in 202 bytes (1 switches on core 0)
2026-02-26 02:46:43.968 8 INFO placement.requestlog [None req-58338a76-92dc-4bbe-8524-cb26f63d7945 d892fce6ee744e3ca626bfc94fe1246b be9abaf8ad7141e59d58a44111b259b0 - - 2d7226f8ed1d40f98a6941b88a2fbe60 2d7226f8ed1d40f98a6941b88a2fbe60] 10.0.0.134 "GET /resource_providers/5d2f00c9-81a6-4965-8b41-1cb93995543d/aggregates" status: 404 len: 235 microversion: 1.1 [pid: 8|app: 0|req: 432/869] 10.0.0.134 () {32 vars in 824 bytes} [Thu Feb 26 02:46:43 2026] GET /resource_providers/5d2f00c9-81a6-4965-8b41-1cb93995543d/aggregates => generated 235 bytes in 20 msecs (HTTP/1.1 404) 5 headers in 202 bytes (1 switches on core 0)
2026-02-26 02:46:43.987 7 INFO placement.requestlog [None req-a3490055-16e9-4162-a045-aae0b278a119 d892fce6ee744e3ca626bfc94fe1246b be9abaf8ad7141e59d58a44111b259b0 - - 2d7226f8ed1d40f98a6941b88a2fbe60 2d7226f8ed1d40f98a6941b88a2fbe60] 10.0.0.134 "DELETE /resource_providers/5d2f00c9-81a6-4965-8b41-1cb93995543d" status: 404 len: 246 microversion: 1.1 [pid: 7|app: 0|req: 438/870] 10.0.0.134 () {34 vars in 824 bytes} [Thu Feb 26 02:46:43 2026] DELETE /resource_providers/5d2f00c9-81a6-4965-8b41-1cb93995543d => generated 246 bytes in 12 msecs (HTTP/1.1 404) 6 headers in 231 bytes (1 switches on core 0)
2026-02-26 02:46:43.994 8 INFO placement.requestlog [None req-064d3259-f5ac-413f-b56a-f8f7a5903abb d892fce6ee744e3ca626bfc94fe1246b be9abaf8ad7141e59d58a44111b259b0 - - 2d7226f8ed1d40f98a6941b88a2fbe60 2d7226f8ed1d40f98a6941b88a2fbe60] 10.0.0.134 "DELETE /resource_providers/5d2f00c9-81a6-4965-8b41-1cb93995543d" status: 404 len: 246 microversion: 1.1 [pid: 8|app: 0|req: 433/871] 10.0.0.134 () {34 vars in 824 bytes} [Thu Feb 26 02:46:43 2026] DELETE /resource_providers/5d2f00c9-81a6-4965-8b41-1cb93995543d => generated 246 bytes in 15 msecs (HTTP/1.1 404) 6 headers in 231 bytes (1 switches on core 0)
2026-02-26 02:46:47.582 7 INFO placement.requestlog [None req-3f3a918b-d664-4450-894c-766e92f5e042 - - - - - -] 10.0.0.144 "GET /" status: 200 len: 136 microversion: 1.0
2026-02-26 02:46:47.582 8 INFO placement.requestlog [None req-59825716-22e1-46bb-8e61-c78b407d1098 - - - - - -] 10.0.0.144 "GET /" status: 200 len: 136 microversion: 1.0
2026-02-26 02:46:57.200 7 INFO placement.requestlog [req-a1fb2589-ab43-48c3-8f08-163b111a7d13 req-907ca774-b4cd-4220-90fc-a74478a035cb fe8e2c50865c441b926c0ce1fdcb0b83 be9abaf8ad7141e59d58a44111b259b0 - - 2d7226f8ed1d40f98a6941b88a2fbe60 2d7226f8ed1d40f98a6941b88a2fbe60] 10.0.0.206 "GET /allocation_candidates?limit=1000&resources=DISK_GB%3A1%2CMEMORY_MB%3A512%2CVCPU%3A1&root_required=%21COMPUTE_STATUS_DISABLED" status: 200 len: 2387 microversion: 1.36 [pid: 7|app: 0|req: 440/874] 10.0.0.206 () {34 vars in 1011 bytes} [Thu Feb 26 02:46:57 2026] GET /allocation_candidates?limit=1000&resources=DISK_GB%3A1%2CMEMORY_MB%3A512%2CVCPU%3A1&root_required=%21COMPUTE_STATUS_DISABLED => generated 2387 bytes in 49 msecs (HTTP/1.1 200) 8 headers in 297 bytes (1 switches on core 0)
2026-02-26 02:46:57.259 8 INFO placement.requestlog [req-a1fb2589-ab43-48c3-8f08-163b111a7d13 req-f297c83e-2d15-483c-81cb-af5ac6235469 fe8e2c50865c441b926c0ce1fdcb0b83 be9abaf8ad7141e59d58a44111b259b0 - - 2d7226f8ed1d40f98a6941b88a2fbe60 2d7226f8ed1d40f98a6941b88a2fbe60] 10.0.0.206 "GET /allocations/482dbb62-683e-4d22-9e4c-7d7b30bf759c" status: 200 len: 19 microversion: 1.28 [pid: 8|app: 0|req: 435/875] 10.0.0.206 () {34 vars in 860 bytes} [Thu Feb 26 02:46:57 2026] GET /allocations/482dbb62-683e-4d22-9e4c-7d7b30bf759c => generated 19 bytes in 17 msecs (HTTP/1.1 200) 8 headers in 295 bytes (1 switches on core 0)
2026-02-26 02:46:57.318 7 INFO placement.requestlog [req-a1fb2589-ab43-48c3-8f08-163b111a7d13 req-b05f1bfe-99a4-4d46-8007-bcc175f5da0f fe8e2c50865c441b926c0ce1fdcb0b83 be9abaf8ad7141e59d58a44111b259b0 - - 2d7226f8ed1d40f98a6941b88a2fbe60 2d7226f8ed1d40f98a6941b88a2fbe60] 10.0.0.206 "PUT /allocations/482dbb62-683e-4d22-9e4c-7d7b30bf759c" status: 204 len: 0 microversion: 1.36 [pid: 7|app: 0|req: 441/876] 10.0.0.206 () {38 vars in 913 bytes} [Thu Feb 26 02:46:57 2026] PUT /allocations/482dbb62-683e-4d22-9e4c-7d7b30bf759c => generated 0 bytes in 54 msecs (HTTP/1.1 204) 5 headers in 199 bytes (1 switches on core 0)
2026-02-26 02:46:57.581 8 INFO placement.requestlog [None req-33abeb13-3ee5-439f-bad9-f25e17ed5ed6 - - - - - -] 10.0.0.144 "GET /" status: 200 len: 136 microversion: 1.0
2026-02-26 02:46:57.582 7 INFO placement.requestlog [None req-5ca1e179-02e7-4575-abcc-294950479e1b - - - - - -] 10.0.0.144 "GET /" status: 200 len: 136 microversion: 1.0
2026-02-26 02:46:58.825 8 INFO placement.requestlog [req-a1fb2589-ab43-48c3-8f08-163b111a7d13 req-7c152503-12ae-4f35-a166-ba37b584b76d fe8e2c50865c441b926c0ce1fdcb0b83 be9abaf8ad7141e59d58a44111b259b0 - - 2d7226f8ed1d40f98a6941b88a2fbe60 2d7226f8ed1d40f98a6941b88a2fbe60] 162.253.55.43 "GET /allocations/482dbb62-683e-4d22-9e4c-7d7b30bf759c" status: 200 len: 258 microversion: 1.28 [pid: 8|app: 0|req: 437/879] 162.253.55.43 () {34 vars in 861 bytes} [Thu Feb 26 02:46:58 2026] GET /allocations/482dbb62-683e-4d22-9e4c-7d7b30bf759c => generated 258 bytes in 16 msecs (HTTP/1.1 200) 8 headers in 296 bytes (1 switches on core 0)
2026-02-26 02:46:59.859 7 INFO placement.requestlog [req-a1fb2589-ab43-48c3-8f08-163b111a7d13 req-5db8fed5-5769-4c55-a2e2-6f682eb65773 fe8e2c50865c441b926c0ce1fdcb0b83 be9abaf8ad7141e59d58a44111b259b0 - - 2d7226f8ed1d40f98a6941b88a2fbe60 2d7226f8ed1d40f98a6941b88a2fbe60] 162.253.55.43 "GET /resource_providers/7f2e7d33-c22f-4c85-8a1c-b7baa9b34980/allocations" status: 200 len: 353 microversion: 1.0 [pid: 7|app: 0|req: 443/880] 162.253.55.43 () {32 vars in 855 bytes} [Thu Feb 26 02:46:59 2026] GET /resource_providers/7f2e7d33-c22f-4c85-8a1c-b7baa9b34980/allocations => generated 353 bytes in 15 msecs (HTTP/1.1 200) 6 headers in 224 bytes (1 switches on core 0)
2026-02-26 02:46:59.877 8 INFO placement.requestlog [req-a1fb2589-ab43-48c3-8f08-163b111a7d13 req-4be3e890-5160-49cb-b4db-8b6b30f742d2 fe8e2c50865c441b926c0ce1fdcb0b83 be9abaf8ad7141e59d58a44111b259b0 - - 2d7226f8ed1d40f98a6941b88a2fbe60 2d7226f8ed1d40f98a6941b88a2fbe60] 162.253.55.43 "GET /allocations/482dbb62-683e-4d22-9e4c-7d7b30bf759c" status: 200 len: 258 microversion: 1.28 [pid: 8|app: 0|req: 438/881] 162.253.55.43 () {34 vars in 861 bytes} [Thu Feb 26 02:46:59 2026] GET /allocations/482dbb62-683e-4d22-9e4c-7d7b30bf759c => generated 258 bytes in 11 msecs (HTTP/1.1 200) 8 headers in 296 bytes (1 switches on core 0)
2026-02-26 02:46:59.896 7 INFO placement.requestlog [req-a1fb2589-ab43-48c3-8f08-163b111a7d13 req-1f9ff2f5-1d09-4d9f-947f-0aa481a2fad8 fe8e2c50865c441b926c0ce1fdcb0b83 be9abaf8ad7141e59d58a44111b259b0 - - 2d7226f8ed1d40f98a6941b88a2fbe60 2d7226f8ed1d40f98a6941b88a2fbe60] 162.253.55.43 "GET /allocations/e2a9bcda-42f3-41a7-bdb1-a29843cfc629" status: 200 len: 258 microversion: 1.28 [pid: 7|app: 0|req: 444/882] 162.253.55.43 () {34 vars in 861 bytes} [Thu Feb 26 02:46:59 2026] GET /allocations/e2a9bcda-42f3-41a7-bdb1-a29843cfc629 => generated 258 bytes in 12 msecs (HTTP/1.1 200) 8 headers in 296 bytes (1 switches on core 0)
2026-02-26 02:46:59.911 8 INFO placement.requestlog [req-a1fb2589-ab43-48c3-8f08-163b111a7d13 req-d8aa9e31-66b3-45c5-bfa9-e6bdd6e8e1c1 fe8e2c50865c441b926c0ce1fdcb0b83 be9abaf8ad7141e59d58a44111b259b0 - - 2d7226f8ed1d40f98a6941b88a2fbe60 2d7226f8ed1d40f98a6941b88a2fbe60] 162.253.55.43 "GET /allocations/571e01ad-63a9-4129-8d97-b371b27be53c" status: 200 len: 258 microversion: 1.28 [pid: 8|app: 0|req: 439/883] 162.253.55.43 () {34 vars in 861 bytes} [Thu Feb 26 02:46:59 2026] GET /allocations/571e01ad-63a9-4129-8d97-b371b27be53c => generated 258 bytes in 10 msecs (HTTP/1.1 200) 8 headers in 296 bytes (1 switches on core 0)
2026-02-26 02:47:07.582 8 INFO placement.requestlog [None req-37b980d1-3e82-45d3-b6c0-2bfd75008dd7 - - - - - -] 10.0.0.144 "GET /" status: 200 len: 136 microversion: 1.0
2026-02-26 02:47:07.582 7 INFO placement.requestlog [None req-29f832f1-0f74-41e2-85b6-fcebccfe555f - - - - - -] 10.0.0.144 "GET /" status: 200 len: 136 microversion: 1.0
2026-02-26 02:47:08.829 7 INFO placement.requestlog [req-486498ec-7316-4f03-954d-969850e94c81 req-e116b6eb-0abe-4baf-b62c-aaa361c5fc32 fe8e2c50865c441b926c0ce1fdcb0b83 be9abaf8ad7141e59d58a44111b259b0 - - 2d7226f8ed1d40f98a6941b88a2fbe60 2d7226f8ed1d40f98a6941b88a2fbe60] 162.253.55.43 "GET /resource_providers/7f2e7d33-c22f-4c85-8a1c-b7baa9b34980/allocations" status: 200 len: 353 microversion: 1.0 [pid: 7|app: 0|req: 446/886] 162.253.55.43 () {32 vars in 855 bytes} [Thu Feb 26 02:47:08 2026] GET /resource_providers/7f2e7d33-c22f-4c85-8a1c-b7baa9b34980/allocations => generated 353 bytes in 16 msecs (HTTP/1.1 200) 6 headers in 224 bytes (1 switches on core 0)
2026-02-26 02:47:08.849 8 INFO placement.requestlog [req-486498ec-7316-4f03-954d-969850e94c81 req-b3c99104-4f64-4148-9e15-b8ee53b275c9 fe8e2c50865c441b926c0ce1fdcb0b83 be9abaf8ad7141e59d58a44111b259b0 - - 2d7226f8ed1d40f98a6941b88a2fbe60 2d7226f8ed1d40f98a6941b88a2fbe60] 162.253.55.43 "GET /allocations/482dbb62-683e-4d22-9e4c-7d7b30bf759c" status: 200 len: 258 microversion: 1.28 [pid: 8|app: 0|req: 441/887] 162.253.55.43 () {34 vars in 861 bytes} [Thu Feb 26 02:47:08 2026] GET /allocations/482dbb62-683e-4d22-9e4c-7d7b30bf759c => generated 258 bytes in 13 msecs (HTTP/1.1 200) 8 headers in 296 bytes (1 switches on core 0)
2026-02-26 02:47:08.867 7 INFO placement.requestlog [req-486498ec-7316-4f03-954d-969850e94c81 req-c6271211-2e8c-401c-8aac-0976e1a9625e fe8e2c50865c441b926c0ce1fdcb0b83 be9abaf8ad7141e59d58a44111b259b0 - - 2d7226f8ed1d40f98a6941b88a2fbe60 2d7226f8ed1d40f98a6941b88a2fbe60] 162.253.55.43 "GET /allocations/e2a9bcda-42f3-41a7-bdb1-a29843cfc629" status: 200 len: 258 microversion: 1.28 [pid: 7|app: 0|req: 447/888] 162.253.55.43 () {34 vars in 861 bytes} [Thu Feb 26 02:47:08 2026] GET /allocations/e2a9bcda-42f3-41a7-bdb1-a29843cfc629 => generated 258 bytes in 12 msecs (HTTP/1.1 200) 8 headers in 296 bytes (1 switches on core 0)
2026-02-26 02:47:08.885 8 INFO placement.requestlog [req-486498ec-7316-4f03-954d-969850e94c81 req-8bc186b6-c898-4447-83e5-14d18b687bef fe8e2c50865c441b926c0ce1fdcb0b83 be9abaf8ad7141e59d58a44111b259b0 - - 2d7226f8ed1d40f98a6941b88a2fbe60 2d7226f8ed1d40f98a6941b88a2fbe60] 162.253.55.43 "GET /allocations/571e01ad-63a9-4129-8d97-b371b27be53c" status: 200 len: 258 microversion: 1.28 [pid: 8|app: 0|req: 442/889] 162.253.55.43 () {34 vars in 861 bytes} [Thu Feb 26 02:47:08 2026] GET /allocations/571e01ad-63a9-4129-8d97-b371b27be53c => generated 258 bytes in 12 msecs (HTTP/1.1 200) 8 headers in 296 bytes (1 switches on core 0)
2026-02-26 02:47:09.976 7 INFO placement.requestlog [req-486498ec-7316-4f03-954d-969850e94c81 req-1aa9cfa6-d8fa-483b-8e40-ba4c51eb0325 fe8e2c50865c441b926c0ce1fdcb0b83 be9abaf8ad7141e59d58a44111b259b0 - - 2d7226f8ed1d40f98a6941b88a2fbe60 2d7226f8ed1d40f98a6941b88a2fbe60] 162.253.55.43 "DELETE /allocations/e2a9bcda-42f3-41a7-bdb1-a29843cfc629" status: 204 len: 0 microversion: 1.0 [pid: 7|app: 0|req: 448/890] 162.253.55.43 () {34 vars in 839 bytes} [Thu Feb 26 02:47:09 2026] DELETE /allocations/e2a9bcda-42f3-41a7-bdb1-a29843cfc629 => generated 0 bytes in 31 msecs (HTTP/1.1 204) 5 headers in 198 bytes (1 switches on core 0)
2026-02-26 02:47:13.465 7 INFO placement.requestlog [None req-6814b951-adb5-4f51-a907-832ba018bf9e d892fce6ee744e3ca626bfc94fe1246b be9abaf8ad7141e59d58a44111b259b0 - - 2d7226f8ed1d40f98a6941b88a2fbe60 2d7226f8ed1d40f98a6941b88a2fbe60] 10.0.0.134 "GET /resource_providers/ed86c7bf-f898-4fa3-bfd3-2d482b97ce78/aggregates" status: 404 len: 235 microversion: 1.1 [pid: 7|app: 0|req: 449/891] 10.0.0.134 () {32 vars in 824 bytes} [Thu Feb 26 02:47:13 2026] GET /resource_providers/ed86c7bf-f898-4fa3-bfd3-2d482b97ce78/aggregates => generated 235 bytes in 10 msecs (HTTP/1.1 404) 5 headers in 202 bytes (1 switches on core 0)
2026-02-26 02:47:13.466 8 INFO placement.requestlog [None req-7f4bb82d-5fcd-4484-acce-93d19acc35cc d892fce6ee744e3ca626bfc94fe1246b be9abaf8ad7141e59d58a44111b259b0 - - 2d7226f8ed1d40f98a6941b88a2fbe60 2d7226f8ed1d40f98a6941b88a2fbe60] 10.0.0.134 "GET /resource_providers/ed86c7bf-f898-4fa3-bfd3-2d482b97ce78/aggregates" status: 404 len: 235 microversion: 1.1 [pid: 8|app: 0|req: 443/892] 10.0.0.134 () {32 vars in 824 bytes} [Thu Feb 26 02:47:13 2026] GET /resource_providers/ed86c7bf-f898-4fa3-bfd3-2d482b97ce78/aggregates => generated 235 bytes in 11 msecs (HTTP/1.1 404) 5 headers in 202 bytes (1 switches on core 0)
2026-02-26 02:47:13.484 7 INFO placement.requestlog [None req-fc252e35-107e-4b11-9d13-8ae2583aaf19 d892fce6ee744e3ca626bfc94fe1246b be9abaf8ad7141e59d58a44111b259b0 - - 2d7226f8ed1d40f98a6941b88a2fbe60 2d7226f8ed1d40f98a6941b88a2fbe60] 10.0.0.134 "DELETE /resource_providers/ed86c7bf-f898-4fa3-bfd3-2d482b97ce78" status: 404 len: 246 microversion: 1.1 [pid: 7|app: 0|req: 450/893] 10.0.0.134 () {34 vars in 824 bytes} [Thu Feb 26 02:47:13 2026] DELETE /resource_providers/ed86c7bf-f898-4fa3-bfd3-2d482b97ce78 => generated 246 bytes in 7 msecs (HTTP/1.1 404) 6 headers in 231 bytes (1 switches on core 0)
2026-02-26 02:47:13.487 8 INFO placement.requestlog [None req-1fa44a41-d466-49b0-a640-f99fcc7c585f d892fce6ee744e3ca626bfc94fe1246b be9abaf8ad7141e59d58a44111b259b0 - - 2d7226f8ed1d40f98a6941b88a2fbe60 2d7226f8ed1d40f98a6941b88a2fbe60] 10.0.0.134 "DELETE /resource_providers/ed86c7bf-f898-4fa3-bfd3-2d482b97ce78" status: 404 len: 246 microversion: 1.1 [pid: 8|app: 0|req: 444/894] 10.0.0.134 () {34 vars in 824 bytes} [Thu Feb 26 02:47:13 2026] DELETE /resource_providers/ed86c7bf-f898-4fa3-bfd3-2d482b97ce78 => generated 246 bytes in 10 msecs (HTTP/1.1 404) 6 headers in 231 bytes (1 switches on core 0)
2026-02-26 02:47:15.821 8 INFO placement.requestlog [None req-e5926f7f-e25e-440e-8f5d-2602c769d516 d892fce6ee744e3ca626bfc94fe1246b be9abaf8ad7141e59d58a44111b259b0 - - 2d7226f8ed1d40f98a6941b88a2fbe60 2d7226f8ed1d40f98a6941b88a2fbe60] 10.0.0.134 "GET /resource_providers/0e41926b-5627-48be-aebc-ffa0ba00d5aa/aggregates" status: 404 len: 235 microversion: 1.1 [pid: 8|app: 0|req: 445/895] 10.0.0.134 () {32 vars in 824 bytes} [Thu Feb 26 02:47:15 2026] GET /resource_providers/0e41926b-5627-48be-aebc-ffa0ba00d5aa/aggregates => generated 235 bytes in 10 msecs (HTTP/1.1 404) 5 headers in 202 bytes (1 switches on core 0)
2026-02-26 02:47:15.824 7 INFO placement.requestlog [None req-18201ffe-0219-4fd0-98ff-c22fddf50ed9 d892fce6ee744e3ca626bfc94fe1246b be9abaf8ad7141e59d58a44111b259b0 - - 2d7226f8ed1d40f98a6941b88a2fbe60 2d7226f8ed1d40f98a6941b88a2fbe60] 10.0.0.134 "GET /resource_providers/0e41926b-5627-48be-aebc-ffa0ba00d5aa/aggregates" status: 404 len: 235 microversion: 1.1 [pid: 7|app: 0|req: 451/896] 10.0.0.134 () {32 vars in 824 bytes} [Thu Feb 26 02:47:15 2026] GET /resource_providers/0e41926b-5627-48be-aebc-ffa0ba00d5aa/aggregates => generated 235 bytes in 13 msecs (HTTP/1.1 404) 5 headers in 202 bytes (1 switches on core 0)
2026-02-26 02:47:15.835 8 INFO placement.requestlog [None req-d2dd9ed2-1ced-47e0-94a4-c545885c1bb9 d892fce6ee744e3ca626bfc94fe1246b be9abaf8ad7141e59d58a44111b259b0 - - 2d7226f8ed1d40f98a6941b88a2fbe60 2d7226f8ed1d40f98a6941b88a2fbe60] 10.0.0.134 "DELETE /resource_providers/0e41926b-5627-48be-aebc-ffa0ba00d5aa" status: 404 len: 246 microversion: 1.1 [pid: 8|app: 0|req: 446/897] 10.0.0.134 () {34 vars in 824 bytes} [Thu Feb 26 02:47:15 2026] DELETE /resource_providers/0e41926b-5627-48be-aebc-ffa0ba00d5aa => generated 246 bytes in 7 msecs (HTTP/1.1 404) 6 headers in 231 bytes (1 switches on core 0)
2026-02-26 02:47:15.836 7 INFO placement.requestlog [None req-772c3009-f200-4f08-88e3-cb28df3f1e97 d892fce6ee744e3ca626bfc94fe1246b be9abaf8ad7141e59d58a44111b259b0 - - 2d7226f8ed1d40f98a6941b88a2fbe60 2d7226f8ed1d40f98a6941b88a2fbe60] 10.0.0.134 "DELETE /resource_providers/0e41926b-5627-48be-aebc-ffa0ba00d5aa" status: 404 len: 246 microversion: 1.1 [pid: 7|app: 0|req: 452/898] 10.0.0.134 () {34 vars in 824 bytes} [Thu Feb 26 02:47:15 2026] DELETE /resource_providers/0e41926b-5627-48be-aebc-ffa0ba00d5aa => generated 246 bytes in 7 msecs (HTTP/1.1 404) 6 headers in 231 bytes (1 switches on core 0)
2026-02-26 02:47:17.582 8 INFO placement.requestlog [None req-eac65c64-d40a-4cbb-91c8-b3770dc5ae8f - - - - - -] 10.0.0.144 "GET /" status: 200 len: 136 microversion: 1.0
2026-02-26 02:47:17.582 7 INFO placement.requestlog [None req-5c71b0b8-64ff-4a6e-9102-01b500541029 - - - - - -] 10.0.0.144 "GET /" status: 200 len: 136 microversion: 1.0
2026-02-26 02:47:22.093 7 INFO placement.requestlog [None req-8e84d0d6-36d9-4b91-8850-7218d77110cc d892fce6ee744e3ca626bfc94fe1246b be9abaf8ad7141e59d58a44111b259b0 - - 2d7226f8ed1d40f98a6941b88a2fbe60 2d7226f8ed1d40f98a6941b88a2fbe60] 10.0.0.134 "GET /resource_providers/8a4510e2-917f-48b9-950a-9ee098eecdb4/aggregates" status: 404 len: 235 microversion: 1.1 [pid: 7|app: 0|req: 454/901] 10.0.0.134 () {32 vars in 824 bytes} [Thu Feb 26 02:47:22 2026] GET /resource_providers/8a4510e2-917f-48b9-950a-9ee098eecdb4/aggregates => generated 235 bytes in 9 msecs (HTTP/1.1 404) 5 headers in 202 bytes (1 switches on core 0)
2026-02-26 02:47:22.102 8 INFO placement.requestlog [None req-07ffb972-4793-4a6e-8cf9-e0a2d8275b84 d892fce6ee744e3ca626bfc94fe1246b be9abaf8ad7141e59d58a44111b259b0 - - 2d7226f8ed1d40f98a6941b88a2fbe60 2d7226f8ed1d40f98a6941b88a2fbe60] 10.0.0.134 "GET /resource_providers/8a4510e2-917f-48b9-950a-9ee098eecdb4/aggregates" status: 404 len: 235 microversion: 1.1 [pid: 8|app: 0|req: 448/902] 10.0.0.134 () {32 vars in 824 bytes} [Thu Feb 26 02:47:22 2026] GET /resource_providers/8a4510e2-917f-48b9-950a-9ee098eecdb4/aggregates => generated 235 bytes in 20 msecs (HTTP/1.1 404) 5 headers in 202 bytes (1 switches on core 0)
2026-02-26 02:47:22.106 7 INFO placement.requestlog [None req-d86860be-5d84-4be3-ba9a-ceea9ed18a09 d892fce6ee744e3ca626bfc94fe1246b be9abaf8ad7141e59d58a44111b259b0 - - 2d7226f8ed1d40f98a6941b88a2fbe60 2d7226f8ed1d40f98a6941b88a2fbe60] 10.0.0.134 "DELETE /resource_providers/8a4510e2-917f-48b9-950a-9ee098eecdb4" status: 404 len: 246 microversion: 1.1 [pid: 7|app: 0|req: 455/903] 10.0.0.134 () {34 vars in 824 bytes} [Thu Feb 26 02:47:22 2026] DELETE /resource_providers/8a4510e2-917f-48b9-950a-9ee098eecdb4 => generated 246 bytes in 8 msecs (HTTP/1.1 404) 6 headers in 231 bytes (1 switches on core 0)
2026-02-26 02:47:22.115 8 INFO placement.requestlog [None req-ed584ef6-1756-43bb-b08a-d4c48d985f53 d892fce6ee744e3ca626bfc94fe1246b be9abaf8ad7141e59d58a44111b259b0 - - 2d7226f8ed1d40f98a6941b88a2fbe60 2d7226f8ed1d40f98a6941b88a2fbe60] 10.0.0.134 "DELETE /resource_providers/8a4510e2-917f-48b9-950a-9ee098eecdb4" status: 404 len: 246 microversion: 1.1 [pid: 8|app: 0|req: 449/904] 10.0.0.134 () {34 vars in 824 bytes} [Thu Feb 26 02:47:22 2026] DELETE /resource_providers/8a4510e2-917f-48b9-950a-9ee098eecdb4 => generated 246 bytes in 9 msecs (HTTP/1.1 404) 6 headers in 231 bytes (1 switches on core 0)
2026-02-26 02:47:24.124 7 INFO placement.requestlog [None req-cb9c6b78-4153-4b99-ba3e-995c67fe7aca d892fce6ee744e3ca626bfc94fe1246b be9abaf8ad7141e59d58a44111b259b0 - - 2d7226f8ed1d40f98a6941b88a2fbe60 2d7226f8ed1d40f98a6941b88a2fbe60] 10.0.0.134 "GET /resource_providers/6f66a24b-371c-42b5-aa80-dfd2eb06738f/aggregates" status: 404 len: 235 microversion: 1.1 [pid: 7|app: 0|req: 456/905] 10.0.0.134 () {32 vars in 824 bytes} [Thu Feb 26 02:47:24 2026] GET /resource_providers/6f66a24b-371c-42b5-aa80-dfd2eb06738f/aggregates => generated 235 bytes in 13 msecs (HTTP/1.1 404) 5 headers in 202 bytes (1 switches on core 0)
2026-02-26 02:47:24.137 8 INFO placement.requestlog [None req-c32c2439-be2f-434f-be39-6802e5659252 d892fce6ee744e3ca626bfc94fe1246b be9abaf8ad7141e59d58a44111b259b0 - - 2d7226f8ed1d40f98a6941b88a2fbe60 2d7226f8ed1d40f98a6941b88a2fbe60] 10.0.0.134 "GET /resource_providers/6f66a24b-371c-42b5-aa80-dfd2eb06738f/aggregates" status: 404 len: 235 microversion: 1.1 [pid: 8|app: 0|req: 450/906] 10.0.0.134 () {32 vars in 824 bytes} [Thu Feb 26 02:47:24 2026] GET /resource_providers/6f66a24b-371c-42b5-aa80-dfd2eb06738f/aggregates => generated 235 bytes in 17 msecs (HTTP/1.1 404) 5 headers in 202 bytes (1 switches on core 0)
2026-02-26 02:47:24.145 7 INFO placement.requestlog [None req-e0183806-f88d-4095-b3bc-7dad6151bd66 d892fce6ee744e3ca626bfc94fe1246b be9abaf8ad7141e59d58a44111b259b0 - - 2d7226f8ed1d40f98a6941b88a2fbe60 2d7226f8ed1d40f98a6941b88a2fbe60] 10.0.0.134 "DELETE /resource_providers/6f66a24b-371c-42b5-aa80-dfd2eb06738f" status: 404 len: 246 microversion: 1.1 [pid: 7|app: 0|req: 457/907] 10.0.0.134 () {34 vars in 824 bytes} [Thu Feb 26 02:47:24 2026] DELETE /resource_providers/6f66a24b-371c-42b5-aa80-dfd2eb06738f => generated 246 bytes in 15 msecs (HTTP/1.1 404) 6 headers in 231 bytes (1 switches on core 0)
2026-02-26 02:47:24.154 8 INFO placement.requestlog [None req-2b2fa878-5e09-436f-b42d-11c25fededdc d892fce6ee744e3ca626bfc94fe1246b be9abaf8ad7141e59d58a44111b259b0 - - 2d7226f8ed1d40f98a6941b88a2fbe60 2d7226f8ed1d40f98a6941b88a2fbe60] 10.0.0.134 "DELETE /resource_providers/6f66a24b-371c-42b5-aa80-dfd2eb06738f" status: 404 len: 246 microversion: 1.1 [pid: 8|app: 0|req: 451/908] 10.0.0.134 () {34 vars in 824 bytes} [Thu Feb 26 02:47:24 2026] DELETE /resource_providers/6f66a24b-371c-42b5-aa80-dfd2eb06738f => generated 246 bytes in 13 msecs (HTTP/1.1 404) 6 headers in 231 bytes (1 switches on core 0)
2026-02-26 02:47:24.235 7 INFO placement.requestlog [req-e35280a4-b8c8-49f3-8a29-e9ddd7b06a93 req-bc1f3960-396c-458a-b501-c776a7286054 fe8e2c50865c441b926c0ce1fdcb0b83 be9abaf8ad7141e59d58a44111b259b0 - - 2d7226f8ed1d40f98a6941b88a2fbe60 2d7226f8ed1d40f98a6941b88a2fbe60] 10.0.0.206 "GET /allocation_candidates?limit=1000&resources=DISK_GB%3A1%2CMEMORY_MB%3A512%2CVCPU%3A1&root_required=%21COMPUTE_STATUS_DISABLED" status: 200 len: 2387 microversion: 1.36 [pid: 7|app: 0|req: 458/909] 10.0.0.206 () {34 vars in 1011 bytes} [Thu Feb 26 02:47:24 2026] GET /allocation_candidates?limit=1000&resources=DISK_GB%3A1%2CMEMORY_MB%3A512%2CVCPU%3A1&root_required=%21COMPUTE_STATUS_DISABLED => generated 2387 bytes in 47 msecs (HTTP/1.1 200) 8 headers in 297 bytes (1 switches on core 0)
2026-02-26 02:47:24.273 8 INFO placement.requestlog [req-e35280a4-b8c8-49f3-8a29-e9ddd7b06a93 req-f3a3d296-0744-4035-a691-1903f5253d35 fe8e2c50865c441b926c0ce1fdcb0b83 be9abaf8ad7141e59d58a44111b259b0 - - 2d7226f8ed1d40f98a6941b88a2fbe60 2d7226f8ed1d40f98a6941b88a2fbe60] 10.0.0.206 "GET /allocations/c1e4672d-7fd7-4c6d-b478-7ccdd94ea32c" status: 200 len: 19 microversion: 1.28 [pid: 8|app: 0|req: 452/910] 10.0.0.206 () {34 vars in 860 bytes} [Thu Feb 26 02:47:24 2026] GET /allocations/c1e4672d-7fd7-4c6d-b478-7ccdd94ea32c => generated 19 bytes in 18 msecs (HTTP/1.1 200) 8 headers in 295 bytes (1 switches on core 0)
2026-02-26 02:47:24.342 7 INFO placement.requestlog [req-e35280a4-b8c8-49f3-8a29-e9ddd7b06a93 req-2265f00c-6824-42ae-b5f3-f6a47139fb8a fe8e2c50865c441b926c0ce1fdcb0b83 be9abaf8ad7141e59d58a44111b259b0 - - 2d7226f8ed1d40f98a6941b88a2fbe60 2d7226f8ed1d40f98a6941b88a2fbe60] 10.0.0.206 "PUT /allocations/c1e4672d-7fd7-4c6d-b478-7ccdd94ea32c" status: 204 len: 0 microversion: 1.36 [pid: 7|app: 0|req: 459/911] 10.0.0.206 () {38 vars in 913 bytes} [Thu Feb 26 02:47:24 2026] PUT /allocations/c1e4672d-7fd7-4c6d-b478-7ccdd94ea32c => generated 0 bytes in 65 msecs (HTTP/1.1 204) 5 headers in 199 bytes (1 switches on core 0)
2026-02-26 02:47:24.535 8 INFO placement.requestlog [None req-a02a0f9c-dfa6-4381-aaae-e4c13a11af82 d892fce6ee744e3ca626bfc94fe1246b be9abaf8ad7141e59d58a44111b259b0 - - 2d7226f8ed1d40f98a6941b88a2fbe60 2d7226f8ed1d40f98a6941b88a2fbe60] 10.0.0.134 "GET /resource_providers/9b5709aa-fb0c-4285-b07a-15c2cb8e20f8/aggregates" status: 404 len: 235 microversion: 1.1 [pid: 8|app: 0|req: 453/912] 10.0.0.134 () {32 vars in 824 bytes} [Thu Feb 26 02:47:24 2026] GET /resource_providers/9b5709aa-fb0c-4285-b07a-15c2cb8e20f8/aggregates => generated 235 bytes in 12 msecs (HTTP/1.1 404) 5 headers in 202 bytes (1 switches on core 0)
2026-02-26 02:47:24.536 7 INFO placement.requestlog [None req-95ca15f6-a671-40b8-9ce2-f32e63b68212 d892fce6ee744e3ca626bfc94fe1246b be9abaf8ad7141e59d58a44111b259b0 - - 2d7226f8ed1d40f98a6941b88a2fbe60 2d7226f8ed1d40f98a6941b88a2fbe60] 10.0.0.134 "GET /resource_providers/9b5709aa-fb0c-4285-b07a-15c2cb8e20f8/aggregates" status: 404 len: 235 microversion: 1.1 [pid: 7|app: 0|req: 460/913] 10.0.0.134 () {32 vars in 824 bytes} [Thu Feb 26 02:47:24 2026] GET /resource_providers/9b5709aa-fb0c-4285-b07a-15c2cb8e20f8/aggregates => generated 235 bytes in 13 msecs (HTTP/1.1 404) 5 headers in 202 bytes (1 switches on core 0)
2026-02-26 02:47:24.554 8 INFO placement.requestlog [None req-5f293a6e-e661-47d5-a0c4-c0e4cbf71c9c d892fce6ee744e3ca626bfc94fe1246b be9abaf8ad7141e59d58a44111b259b0 - - 2d7226f8ed1d40f98a6941b88a2fbe60 2d7226f8ed1d40f98a6941b88a2fbe60] 10.0.0.134 "DELETE /resource_providers/9b5709aa-fb0c-4285-b07a-15c2cb8e20f8" status: 404 len: 246 microversion: 1.1 [pid: 8|app: 0|req: 454/914] 10.0.0.134 () {34 vars in 824 bytes} [Thu Feb 26 02:47:24 2026] DELETE /resource_providers/9b5709aa-fb0c-4285-b07a-15c2cb8e20f8 => generated 246 bytes in 15 msecs (HTTP/1.1 404) 6 headers in 231 bytes (1 switches on core 0)
2026-02-26 02:47:24.559 7 INFO placement.requestlog [None req-35a3b432-1c99-43bd-b638-4b324f7653aa d892fce6ee744e3ca626bfc94fe1246b be9abaf8ad7141e59d58a44111b259b0 - - 2d7226f8ed1d40f98a6941b88a2fbe60 2d7226f8ed1d40f98a6941b88a2fbe60] 10.0.0.134 "DELETE /resource_providers/9b5709aa-fb0c-4285-b07a-15c2cb8e20f8" status: 404 len: 246 microversion: 1.1 [pid: 7|app: 0|req: 461/915] 10.0.0.134 () {34 vars in 824 bytes} [Thu Feb 26 02:47:24 2026] DELETE /resource_providers/9b5709aa-fb0c-4285-b07a-15c2cb8e20f8 => generated 246 bytes in 16 msecs (HTTP/1.1 404) 6 headers in 231 bytes (1 switches on core 0)
2026-02-26 02:47:25.721 8 INFO placement.requestlog [req-502a066b-f5f3-4c2b-aa99-2cd53fcf9887 req-8b8bbfea-14c6-46c2-9a8b-fc189aea574c fe8e2c50865c441b926c0ce1fdcb0b83 be9abaf8ad7141e59d58a44111b259b0 - - 2d7226f8ed1d40f98a6941b88a2fbe60 2d7226f8ed1d40f98a6941b88a2fbe60] 162.253.55.43 "GET /resource_providers/7f2e7d33-c22f-4c85-8a1c-b7baa9b34980/allocations" status: 200 len: 353 microversion: 1.0 [pid: 8|app: 0|req: 455/916] 162.253.55.43 () {32 vars in 855 bytes} [Thu Feb 26 02:47:25 2026] GET /resource_providers/7f2e7d33-c22f-4c85-8a1c-b7baa9b34980/allocations => generated 353 bytes in 20 msecs (HTTP/1.1 200) 6 headers in 224 bytes (1 switches on core 0)
2026-02-26 02:47:25.843 7 INFO placement.requestlog [req-e35280a4-b8c8-49f3-8a29-e9ddd7b06a93 req-f3ec3ccb-bf12-4160-ad91-34049e6fb8a8 fe8e2c50865c441b926c0ce1fdcb0b83 be9abaf8ad7141e59d58a44111b259b0 - - 2d7226f8ed1d40f98a6941b88a2fbe60 2d7226f8ed1d40f98a6941b88a2fbe60] 162.253.55.43 "GET /allocations/c1e4672d-7fd7-4c6d-b478-7ccdd94ea32c" status: 200 len: 258 microversion: 1.28 [pid: 7|app: 0|req: 462/917] 162.253.55.43 () {34 vars in 861 bytes} [Thu Feb 26 02:47:25 2026] GET /allocations/c1e4672d-7fd7-4c6d-b478-7ccdd94ea32c => generated 258 bytes in 16 msecs (HTTP/1.1 200) 8 headers in 296 bytes (1 switches on core 0)
2026-02-26 02:47:26.160 8 INFO placement.requestlog [None req-f191008b-cb52-4c9b-9207-81b3e9855237 d892fce6ee744e3ca626bfc94fe1246b be9abaf8ad7141e59d58a44111b259b0 - - 2d7226f8ed1d40f98a6941b88a2fbe60 2d7226f8ed1d40f98a6941b88a2fbe60] 10.0.0.134 "GET /resource_providers/cedd756e-8861-4610-96d8-715237e66228/aggregates" status: 404 len: 235 microversion: 1.1 [pid: 8|app: 0|req: 456/918] 10.0.0.134 () {32 vars in 824 bytes} [Thu Feb 26 02:47:26 2026] GET /resource_providers/cedd756e-8861-4610-96d8-715237e66228/aggregates => generated 235 bytes in 11 msecs (HTTP/1.1 404) 5 headers in 202 bytes (1 switches on core 0)
2026-02-26 02:47:26.171 7 INFO placement.requestlog [None req-9ffa7b9a-80e8-42bd-94cc-24d733ccc47f d892fce6ee744e3ca626bfc94fe1246b be9abaf8ad7141e59d58a44111b259b0 - - 2d7226f8ed1d40f98a6941b88a2fbe60 2d7226f8ed1d40f98a6941b88a2fbe60] 10.0.0.134 "GET /resource_providers/cedd756e-8861-4610-96d8-715237e66228/aggregates" status: 404 len: 235 microversion: 1.1 [pid: 7|app: 0|req: 463/919] 10.0.0.134 () {32 vars in 824 bytes} [Thu Feb 26 02:47:26 2026] GET /resource_providers/cedd756e-8861-4610-96d8-715237e66228/aggregates => generated 235 bytes in 7 msecs (HTTP/1.1 404) 5 headers in 202 bytes (1 switches on core 0)
2026-02-26 02:47:26.181 7 INFO placement.requestlog [None req-8d12f31f-99d6-4512-b03c-7a5e7543c46c d892fce6ee744e3ca626bfc94fe1246b be9abaf8ad7141e59d58a44111b259b0 - - 2d7226f8ed1d40f98a6941b88a2fbe60 2d7226f8ed1d40f98a6941b88a2fbe60] 10.0.0.134 "DELETE /resource_providers/cedd756e-8861-4610-96d8-715237e66228" status: 404 len: 246 microversion: 1.1 [pid: 7|app: 0|req: 464/920] 10.0.0.134 () {34 vars in 824 bytes} [Thu Feb 26 02:47:26 2026] DELETE /resource_providers/cedd756e-8861-4610-96d8-715237e66228 => generated 246 bytes in 6 msecs (HTTP/1.1 404) 6 headers in 231 bytes (1 switches on core 0)
2026-02-26 02:47:26.182 8 INFO placement.requestlog [None req-d073c3fe-8d7a-4922-b287-56ca9951e842 d892fce6ee744e3ca626bfc94fe1246b be9abaf8ad7141e59d58a44111b259b0 - - 2d7226f8ed1d40f98a6941b88a2fbe60 2d7226f8ed1d40f98a6941b88a2fbe60] 10.0.0.134 "DELETE /resource_providers/cedd756e-8861-4610-96d8-715237e66228" status: 404 len: 246 microversion: 1.1 [pid: 8|app: 0|req: 457/921] 10.0.0.134 () {34 vars in 824 bytes} [Thu Feb 26 02:47:26 2026] DELETE /resource_providers/cedd756e-8861-4610-96d8-715237e66228 => generated 246 bytes in 16 msecs (HTTP/1.1 404) 6 headers in 231 bytes (1 switches on core 0)
2026-02-26 02:47:26.248 7 INFO placement.requestlog [req-502a066b-f5f3-4c2b-aa99-2cd53fcf9887 req-a86c270b-27a2-4c94-85f0-ee75246a78ce fe8e2c50865c441b926c0ce1fdcb0b83 be9abaf8ad7141e59d58a44111b259b0 - - 2d7226f8ed1d40f98a6941b88a2fbe60 2d7226f8ed1d40f98a6941b88a2fbe60] 162.253.55.43 "GET /resource_providers/7f2e7d33-c22f-4c85-8a1c-b7baa9b34980/allocations" status: 200 len: 353 microversion: 1.0 [pid: 7|app: 0|req: 465/922] 162.253.55.43 () {32 vars in 855 bytes} [Thu Feb 26 02:47:26 2026] GET /resource_providers/7f2e7d33-c22f-4c85-8a1c-b7baa9b34980/allocations => generated 353 bytes in 16 msecs (HTTP/1.1 200) 6 headers in 224 bytes (1 switches on core 0)
2026-02-26 02:47:26.269 8 INFO placement.requestlog [req-502a066b-f5f3-4c2b-aa99-2cd53fcf9887 req-abac7606-af12-4392-aeaa-b2fd9be6f22a fe8e2c50865c441b926c0ce1fdcb0b83 be9abaf8ad7141e59d58a44111b259b0 - - 2d7226f8ed1d40f98a6941b88a2fbe60 2d7226f8ed1d40f98a6941b88a2fbe60] 162.253.55.43 "GET /allocations/482dbb62-683e-4d22-9e4c-7d7b30bf759c" status: 200 len: 258 microversion: 1.28 [pid: 8|app: 0|req: 458/923] 162.253.55.43 () {34 vars in 861 bytes} [Thu Feb 26 02:47:26 2026] GET /allocations/482dbb62-683e-4d22-9e4c-7d7b30bf759c => generated 258 bytes in 13 msecs (HTTP/1.1 200) 8 headers in 296 bytes (1 switches on core 0)
2026-02-26 02:47:26.293 7 INFO placement.requestlog [req-502a066b-f5f3-4c2b-aa99-2cd53fcf9887 req-142a3441-acdf-4cfb-8023-b6cd24506b73 fe8e2c50865c441b926c0ce1fdcb0b83 be9abaf8ad7141e59d58a44111b259b0 - - 2d7226f8ed1d40f98a6941b88a2fbe60 2d7226f8ed1d40f98a6941b88a2fbe60] 162.253.55.43 "GET /allocations/571e01ad-63a9-4129-8d97-b371b27be53c" status: 200 len: 258 microversion: 1.28 [pid: 7|app: 0|req: 466/924] 162.253.55.43 () {34 vars in 861 bytes} [Thu Feb 26 02:47:26 2026] GET /allocations/571e01ad-63a9-4129-8d97-b371b27be53c => generated 258 bytes in 18 msecs (HTTP/1.1 200) 8 headers in 296 bytes (1 switches on core 0)
2026-02-26 02:47:26.313 8 INFO placement.requestlog [req-502a066b-f5f3-4c2b-aa99-2cd53fcf9887 req-b26760f4-8501-4d73-b1ca-1ff55b87ccf5 fe8e2c50865c441b926c0ce1fdcb0b83 be9abaf8ad7141e59d58a44111b259b0 - - 2d7226f8ed1d40f98a6941b88a2fbe60 2d7226f8ed1d40f98a6941b88a2fbe60] 162.253.55.43 "GET /allocations/c1e4672d-7fd7-4c6d-b478-7ccdd94ea32c" status: 200 len: 258 microversion: 1.28 [pid: 8|app: 0|req: 459/925] 162.253.55.43 () {34 vars in 861 bytes} [Thu Feb 26 02:47:26 2026] GET /allocations/c1e4672d-7fd7-4c6d-b478-7ccdd94ea32c => generated 258 bytes in 14 msecs (HTTP/1.1 200) 8 headers in 296 bytes (1 switches on core 0)
2026-02-26 02:47:27.584 7 INFO placement.requestlog [None req-2dbe6414-cccb-45f2-bac1-e72004f7a62e - - - - - -] 10.0.0.144 "GET /" status: 200 len: 136 microversion: 1.0
2026-02-26 02:47:27.597 8 INFO placement.requestlog [None req-1226559d-fb1d-48b5-b8fb-b470a7da57f6 - - - - - -] 10.0.0.144 "GET /" status: 200 len: 136 microversion: 1.0
2026-02-26 02:47:28.195 8 INFO placement.requestlog [None req-30a101fe-df6b-48ee-8e26-197d41503adb d892fce6ee744e3ca626bfc94fe1246b be9abaf8ad7141e59d58a44111b259b0 - - 2d7226f8ed1d40f98a6941b88a2fbe60 2d7226f8ed1d40f98a6941b88a2fbe60] 10.0.0.134 "GET /resource_providers/e68f5bd4-53b1-43b8-b1d1-4bcecbb724b1/aggregates" status: 404 len: 235 microversion: 1.1 [pid: 8|app: 0|req: 461/928] 10.0.0.134 () {32 vars in 824 bytes} [Thu Feb 26 02:47:28 2026] GET /resource_providers/e68f5bd4-53b1-43b8-b1d1-4bcecbb724b1/aggregates => generated 235 bytes in 8 msecs (HTTP/1.1 404) 5 headers in 202 bytes (1 switches on core 0)
2026-02-26 02:47:28.205 8 INFO placement.requestlog [None req-c705e773-6265-427f-8abf-428f88933a25 d892fce6ee744e3ca626bfc94fe1246b be9abaf8ad7141e59d58a44111b259b0 - - 2d7226f8ed1d40f98a6941b88a2fbe60 2d7226f8ed1d40f98a6941b88a2fbe60] 10.0.0.134 "GET /resource_providers/e68f5bd4-53b1-43b8-b1d1-4bcecbb724b1/aggregates" status: 404 len: 235 microversion: 1.1 [pid: 8|app: 0|req: 462/929] 10.0.0.134 () {32 vars in 824 bytes} [Thu Feb 26 02:47:28 2026] GET /resource_providers/e68f5bd4-53b1-43b8-b1d1-4bcecbb724b1/aggregates => generated 235 bytes in 8 msecs (HTTP/1.1 404) 5 headers in 202 bytes (1 switches on core 0)
2026-02-26 02:47:28.213 8 INFO placement.requestlog [None req-af082942-6802-4ff0-b03a-93d0e8d631e6 d892fce6ee744e3ca626bfc94fe1246b be9abaf8ad7141e59d58a44111b259b0 - - 2d7226f8ed1d40f98a6941b88a2fbe60 2d7226f8ed1d40f98a6941b88a2fbe60] 10.0.0.134 "DELETE /resource_providers/e68f5bd4-53b1-43b8-b1d1-4bcecbb724b1" status: 404 len: 246 microversion: 1.1 [pid: 8|app: 0|req: 463/930] 10.0.0.134 () {34 vars in 824 bytes} [Thu Feb 26 02:47:28 2026] DELETE /resource_providers/e68f5bd4-53b1-43b8-b1d1-4bcecbb724b1 => generated 246 bytes in 7 msecs (HTTP/1.1 404) 6 headers in 231 bytes (1 switches on core 0)
2026-02-26 02:47:28.220 8 INFO placement.requestlog [None req-3e98a960-9913-42b3-8bd6-062501dd32b3 d892fce6ee744e3ca626bfc94fe1246b be9abaf8ad7141e59d58a44111b259b0 - - 2d7226f8ed1d40f98a6941b88a2fbe60 2d7226f8ed1d40f98a6941b88a2fbe60] 10.0.0.134 "DELETE /resource_providers/e68f5bd4-53b1-43b8-b1d1-4bcecbb724b1" status: 404 len: 246 microversion: 1.1 [pid: 8|app: 0|req: 464/931] 10.0.0.134 () {34 vars in 824 bytes} [Thu Feb 26 02:47:28 2026] DELETE /resource_providers/e68f5bd4-53b1-43b8-b1d1-4bcecbb724b1 => generated 246 bytes in 12 msecs (HTTP/1.1 404) 6 headers in 231 bytes (1 switches on core 0)
2026-02-26 02:47:28.231 7 INFO placement.requestlog [None req-25e93292-0abc-4a8e-b15f-df4db1c89030 bbf1c22f41b943158cd85a9bda41e907 6d914e61d5414143b27b9d384a9380e1 - - default default] 10.0.0.190 "GET /resource_providers" status: 200 len: 406 microversion: 1.0 [pid: 7|app: 0|req: 468/932] 10.0.0.190 () {28 vars in 593 bytes} [Thu Feb 26 02:47:27 2026] GET /resource_providers => generated 406 bytes in 238 msecs (HTTP/1.1 200) 6 headers in 224 bytes (1 switches on core 0)
2026-02-26 02:47:28.237 8 INFO placement.requestlog [None req-16ad93da-3b48-4a99-b3dd-e88f5423e059 d892fce6ee744e3ca626bfc94fe1246b be9abaf8ad7141e59d58a44111b259b0 - - 2d7226f8ed1d40f98a6941b88a2fbe60 2d7226f8ed1d40f98a6941b88a2fbe60] 10.0.0.134 "GET /resource_providers/a3f9ac2d-7061-47fa-b404-f41e61875f4a/aggregates" status: 404 len: 235 microversion: 1.1 [pid: 8|app: 0|req: 465/933] 10.0.0.134 () {32 vars in 824 bytes} [Thu Feb 26 02:47:28 2026] GET /resource_providers/a3f9ac2d-7061-47fa-b404-f41e61875f4a/aggregates => generated 235 bytes in 12 msecs (HTTP/1.1 404) 5 headers in 202 bytes (1 switches on core 0)
