2026-02-26 02:40:19.895 8 INFO placement.requestlog [req-a46bfe0a-bb2a-4b31-93e4-49abae664f68 req-65fb1330-cdf0-4fcf-9164-783d69b68f9f fe8e2c50865c441b926c0ce1fdcb0b83 be9abaf8ad7141e59d58a44111b259b0 - - 2d7226f8ed1d40f98a6941b88a2fbe60 2d7226f8ed1d40f98a6941b88a2fbe60] 162.253.55.43 "GET /resource_providers/7f2e7d33-c22f-4c85-8a1c-b7baa9b34980/allocations" status: 200 len: 54 microversion: 1.0 [pid: 8|app: 0|req: 277/552] 162.253.55.43 () {32 vars in 855 bytes} [Thu Feb 26 02:40:19 2026] GET /resource_providers/7f2e7d33-c22f-4c85-8a1c-b7baa9b34980/allocations => generated 54 bytes in 13 msecs (HTTP/1.1 200) 6 headers in 223 bytes (1 switches on core 0)
2026-02-26 02:40:27.581 7 INFO placement.requestlog [None req-b7929d41-c1b1-41df-a15a-f2cf7cfc6311 - - - - - -] 10.0.0.144 "GET /" status: 200 len: 136 microversion: 1.0
2026-02-26 02:40:27.581 8 INFO placement.requestlog [None req-c4181f0e-0e8c-45bc-a6d2-7947eec12f17 - - - - - -] 10.0.0.144 "GET /" status: 200 len: 136 microversion: 1.0
2026-02-26 02:40:27.955 7 INFO placement.requestlog [None req-1cb5d095-8cb6-4af0-bf24-59899b9c344e bbf1c22f41b943158cd85a9bda41e907 6d914e61d5414143b27b9d384a9380e1 - - default default] 10.0.0.190 "GET /resource_providers" status: 200 len: 405 microversion: 1.0 [pid: 7|app: 0|req: 277/555] 10.0.0.190 () {28 vars in 593 bytes} [Thu Feb 26 02:40:27 2026] GET /resource_providers => generated 405 bytes in 83 msecs (HTTP/1.1 200) 6 headers in 224 bytes (1 switches on core 0)
2026-02-26 02:40:27.978 8 INFO placement.requestlog [None req-ca2824b3-31f0-4029-b568-724db9c4f53e bbf1c22f41b943158cd85a9bda41e907 6d914e61d5414143b27b9d384a9380e1 - - default default] 10.0.0.190 "GET /resource_providers/7f2e7d33-c22f-4c85-8a1c-b7baa9b34980/inventories" status: 200 len: 400 microversion: 1.0 [pid: 8|app: 0|req: 279/556] 10.0.0.190 () {28 vars in 691 bytes} [Thu Feb 26 02:40:27 2026] GET /resource_providers/7f2e7d33-c22f-4c85-8a1c-b7baa9b34980/inventories => generated 400 bytes in 17 msecs (HTTP/1.1 200) 6 headers in 224 bytes (1 switches on core 0)
2026-02-26 02:40:28.000 7 INFO placement.requestlog [None req-8e67d948-ece2-490f-808b-28964801da97 bbf1c22f41b943158cd85a9bda41e907 6d914e61d5414143b27b9d384a9380e1 - - default default] 10.0.0.190 "GET /resource_providers/7f2e7d33-c22f-4c85-8a1c-b7baa9b34980/usages" status: 200 len: 88 microversion: 1.0 [pid: 7|app: 0|req: 278/557] 10.0.0.190 () {28 vars in 681 bytes} [Thu Feb 26 02:40:27 2026] GET /resource_providers/7f2e7d33-c22f-4c85-8a1c-b7baa9b34980/usages => generated 88 bytes in 14 msecs (HTTP/1.1 200) 6 headers in 223 bytes (1 switches on core 0)
2026-02-26 02:40:37.581 7 INFO placement.requestlog [None req-228bd0ef-f0e2-44df-bfff-8428dbce9555 - - - - - -] 10.0.0.144 "GET /" status: 200 len: 136 microversion: 1.0
2026-02-26 02:40:37.581 8 INFO placement.requestlog [None req-c4a14ef8-08ec-4a0b-8a46-5edcce4ec8bc - - - - - -] 10.0.0.144 "GET /" status: 200 len: 136 microversion: 1.0
2026-02-26 02:40:47.581 7 INFO placement.requestlog [None req-a3496d26-9e8f-493a-9c6d-069a98054490 - - - - - -] 10.0.0.144 "GET /" status: 200 len: 136 microversion: 1.0
2026-02-26 02:40:47.581 8 INFO placement.requestlog [None req-c2f65e17-390b-47bc-bd59-1ee74a3e92fa - - - - - -] 10.0.0.144 "GET /" status: 200 len: 136 microversion: 1.0
2026-02-26 02:40:57.581 8 INFO placement.requestlog [None req-387f4343-b154-4ea1-939b-ec88bbc0dba2 - - - - - -] 10.0.0.144 "GET /" status: 200 len: 136 microversion: 1.0
2026-02-26 02:40:57.582 7 INFO placement.requestlog [None req-7cddd010-0e43-4c81-bfca-53d5fa95eda1 - - - - - -] 10.0.0.144 "GET /" status: 200 len: 136 microversion: 1.0
2026-02-26 02:41:07.581 8 INFO placement.requestlog [None req-7614fea8-ecd5-424a-b432-c4eb2e61f778 - - - - - -] 10.0.0.144 "GET /" status: 200 len: 136 microversion: 1.0
2026-02-26 02:41:07.581 7 INFO placement.requestlog [None req-51de87af-f26b-4bc4-9dd9-995a31bca4ff - - - - - -] 10.0.0.144 "GET /" status: 200 len: 136 microversion: 1.0
2026-02-26 02:41:17.582 7 INFO placement.requestlog [None req-b909cda5-b0b6-4905-8644-0d85d44ef603 - - - - - -] 10.0.0.144 "GET /" status: 200 len: 136 microversion: 1.0
2026-02-26 02:41:17.582 8 INFO placement.requestlog [None req-822ab196-24ce-413c-814f-6a64a927e52b - - - - - -] 10.0.0.144 "GET /" status: 200 len: 136 microversion: 1.0
2026-02-26 02:41:19.444 7 INFO placement.requestlog [req-71815a9c-7c9d-4c88-8942-f8a4d4cede41 req-3b97afd3-4ddd-45ff-9c7e-f299d91cd6b7 fe8e2c50865c441b926c0ce1fdcb0b83 be9abaf8ad7141e59d58a44111b259b0 - - 2d7226f8ed1d40f98a6941b88a2fbe60 2d7226f8ed1d40f98a6941b88a2fbe60] 162.253.55.43 "GET /resource_providers/7f2e7d33-c22f-4c85-8a1c-b7baa9b34980/allocations" status: 200 len: 54 microversion: 1.0 [pid: 7|app: 0|req: 284/568] 162.253.55.43 () {32 vars in 855 bytes} [Thu Feb 26 02:41:19 2026] GET /resource_providers/7f2e7d33-c22f-4c85-8a1c-b7baa9b34980/allocations => generated 54 bytes in 19 msecs (HTTP/1.1 200) 6 headers in 223 bytes (1 switches on core 0)
2026-02-26 02:41:19.465 8 INFO placement.requestlog [req-71815a9c-7c9d-4c88-8942-f8a4d4cede41 req-969ca727-1124-4f94-8220-95a5a89372a1 fe8e2c50865c441b926c0ce1fdcb0b83 be9abaf8ad7141e59d58a44111b259b0 - - 2d7226f8ed1d40f98a6941b88a2fbe60 2d7226f8ed1d40f98a6941b88a2fbe60] 162.253.55.43 "GET /resource_providers/7f2e7d33-c22f-4c85-8a1c-b7baa9b34980/allocations" status: 200 len: 54 microversion: 1.0 [pid: 8|app: 0|req: 285/569] 162.253.55.43 () {32 vars in 855 bytes} [Thu Feb 26 02:41:19 2026] GET /resource_providers/7f2e7d33-c22f-4c85-8a1c-b7baa9b34980/allocations => generated 54 bytes in 14 msecs (HTTP/1.1 200) 6 headers in 223 bytes (1 switches on core 0)
2026-02-26 02:41:27.581 8 INFO placement.requestlog [None req-56f6620e-9e6d-41f8-9a1d-0015a47a485c - - - - - -] 10.0.0.144 "GET /" status: 200 len: 136 microversion: 1.0
2026-02-26 02:41:27.581 7 INFO placement.requestlog [None req-ac5ce0f0-e80c-4dd3-bb03-582c85def1aa - - - - - -] 10.0.0.144 "GET /" status: 200 len: 136 microversion: 1.0
2026-02-26 02:41:27.824 8 INFO placement.requestlog [None req-025ecdb6-8242-444c-a86f-4e06691ea6aa bbf1c22f41b943158cd85a9bda41e907 6d914e61d5414143b27b9d384a9380e1 - - default default] 10.0.0.190 "GET /resource_providers" status: 200 len: 405 microversion: 1.0 [pid: 8|app: 0|req: 287/572] 10.0.0.190 () {28 vars in 593 bytes} [Thu Feb 26 02:41:27 2026] GET /resource_providers => generated 405 bytes in 60 msecs (HTTP/1.1 200) 6 headers in 224 bytes (1 switches on core 0)
2026-02-26 02:41:27.845 7 INFO placement.requestlog [None req-2c03c136-f2f2-4d0b-ab3f-56094b9b9911 bbf1c22f41b943158cd85a9bda41e907 6d914e61d5414143b27b9d384a9380e1 - - default default] 10.0.0.190 "GET /resource_providers/7f2e7d33-c22f-4c85-8a1c-b7baa9b34980/inventories" status: 200 len: 400 microversion: 1.0 [pid: 7|app: 0|req: 286/573] 10.0.0.190 () {28 vars in 691 bytes} [Thu Feb 26 02:41:27 2026] GET /resource_providers/7f2e7d33-c22f-4c85-8a1c-b7baa9b34980/inventories => generated 400 bytes in 14 msecs (HTTP/1.1 200) 6 headers in 224 bytes (1 switches on core 0)
2026-02-26 02:41:27.877 8 INFO placement.requestlog [None req-4060e3df-742d-411d-8961-eb6067eae055 bbf1c22f41b943158cd85a9bda41e907 6d914e61d5414143b27b9d384a9380e1 - - default default] 10.0.0.190 "GET /resource_providers/7f2e7d33-c22f-4c85-8a1c-b7baa9b34980/usages" status: 200 len: 88 microversion: 1.0 [pid: 8|app: 0|req: 288/574] 10.0.0.190 () {28 vars in 681 bytes} [Thu Feb 26 02:41:27 2026] GET /resource_providers/7f2e7d33-c22f-4c85-8a1c-b7baa9b34980/usages => generated 88 bytes in 28 msecs (HTTP/1.1 200) 6 headers in 223 bytes (1 switches on core 0)
2026-02-26 02:41:37.580 7 INFO placement.requestlog [None req-a9360b50-090f-4e53-b39e-bee7bfcda8a3 - - - - - -] 10.0.0.144 "GET /" status: 200 len: 136 microversion: 1.0
2026-02-26 02:41:37.583 8 INFO placement.requestlog [None req-02468dae-25be-4f7a-ba9f-93e1d62022ab - - - - - -] 10.0.0.144 "GET /" status: 200 len: 136 microversion: 1.0
2026-02-26 02:41:47.582 7 INFO placement.requestlog [None req-0218fe06-9548-44ba-815f-e2ad03ee658b - - - - - -] 10.0.0.144 "GET /" status: 200 len: 136 microversion: 1.0
2026-02-26 02:41:47.582 8 INFO placement.requestlog [None req-c791e35b-29dd-459f-925b-83398ec113ec - - - - - -] 10.0.0.144 "GET /" status: 200 len: 136 microversion: 1.0
2026-02-26 02:41:57.581 7 INFO placement.requestlog [None req-bd1806f2-81f5-4e2b-b06d-443c22da11a0 - - - - - -] 10.0.0.144 "GET /" status: 200 len: 136 microversion: 1.0
2026-02-26 02:41:57.581 8 INFO placement.requestlog [None req-89ecb80d-8f8a-4bb8-b906-8cabccf43eb4 - - - - - -] 10.0.0.144 "GET /" status: 200 len: 136 microversion: 1.0
2026-02-26 02:42:07.582 7 INFO placement.requestlog [None req-4a8aaf1a-c598-422b-8535-fa9e75f63323 - - - - - -] 10.0.0.144 "GET /" status: 200 len: 136 microversion: 1.0
2026-02-26 02:42:07.584 8 INFO placement.requestlog [None req-7229e28a-42f7-4edc-9855-4ab1ca24b9c7 - - - - - -] 10.0.0.144 "GET /" status: 200 len: 136 microversion: 1.0
2026-02-26 02:42:17.581 7 INFO placement.requestlog [None req-b0bdb624-4ff5-48e5-977e-30656f6cc8f3 - - - - - -] 10.0.0.144 "GET /" status: 200 len: 136 microversion: 1.0
2026-02-26 02:42:17.581 8 INFO placement.requestlog [None req-c0ff9d75-c742-4c8a-ae73-ab10310d959b - - - - - -] 10.0.0.144 "GET /" status: 200 len: 136 microversion: 1.0
2026-02-26 02:42:20.785 7 INFO placement.requestlog [req-d0fdd2c6-ed84-49d7-bfb3-42d98bc60692 req-226dcef0-fb5a-4da5-b49c-d31fd320113d fe8e2c50865c441b926c0ce1fdcb0b83 be9abaf8ad7141e59d58a44111b259b0 - - 2d7226f8ed1d40f98a6941b88a2fbe60 2d7226f8ed1d40f98a6941b88a2fbe60] 162.253.55.43 "GET /resource_providers/7f2e7d33-c22f-4c85-8a1c-b7baa9b34980/allocations" status: 200 len: 54 microversion: 1.0 [pid: 7|app: 0|req: 292/585] 162.253.55.43 () {32 vars in 855 bytes} [Thu Feb 26 02:42:20 2026] GET /resource_providers/7f2e7d33-c22f-4c85-8a1c-b7baa9b34980/allocations => generated 54 bytes in 14 msecs (HTTP/1.1 200) 6 headers in 223 bytes (1 switches on core 0)
2026-02-26 02:42:20.805 8 INFO placement.requestlog [req-d0fdd2c6-ed84-49d7-bfb3-42d98bc60692 req-b96c7ea9-7fef-48d1-86cb-b481389c7811 fe8e2c50865c441b926c0ce1fdcb0b83 be9abaf8ad7141e59d58a44111b259b0 - - 2d7226f8ed1d40f98a6941b88a2fbe60 2d7226f8ed1d40f98a6941b88a2fbe60] 162.253.55.43 "GET /resource_providers/7f2e7d33-c22f-4c85-8a1c-b7baa9b34980/allocations" status: 200 len: 54 microversion: 1.0 [pid: 8|app: 0|req: 294/586] 162.253.55.43 () {32 vars in 855 bytes} [Thu Feb 26 02:42:20 2026] GET /resource_providers/7f2e7d33-c22f-4c85-8a1c-b7baa9b34980/allocations => generated 54 bytes in 11 msecs (HTTP/1.1 200) 6 headers in 223 bytes (1 switches on core 0)
2026-02-26 02:42:27.582 7 INFO placement.requestlog [None req-e8fbe2a5-becd-4751-85fb-2671d5d22183 - - - - - -] 10.0.0.144 "GET /" status: 200 len: 136 microversion: 1.0
2026-02-26 02:42:27.582 8 INFO placement.requestlog [None req-1f8145d8-6acb-473c-8866-724999dfd19b - - - - - -] 10.0.0.144 "GET /" status: 200 len: 136 microversion: 1.0
2026-02-26 02:42:27.861 7 INFO placement.requestlog [None req-fd160cb2-9c52-422a-ae8b-fffb106cb77b bbf1c22f41b943158cd85a9bda41e907 6d914e61d5414143b27b9d384a9380e1 - - default default] 10.0.0.190 "GET /resource_providers" status: 200 len: 405 microversion: 1.0 [pid: 7|app: 0|req: 294/589] 10.0.0.190 () {28 vars in 593 bytes} [Thu Feb 26 02:42:27 2026] GET /resource_providers => generated 405 bytes in 83 msecs (HTTP/1.1 200) 6 headers in 224 bytes (1 switches on core 0)
2026-02-26 02:42:27.893 8 INFO placement.requestlog [None req-3e662681-a7b3-4381-afb0-511407e81acd bbf1c22f41b943158cd85a9bda41e907 6d914e61d5414143b27b9d384a9380e1 - - default default] 10.0.0.190 "GET /resource_providers/7f2e7d33-c22f-4c85-8a1c-b7baa9b34980/inventories" status: 200 len: 400 microversion: 1.0 [pid: 8|app: 0|req: 296/590] 10.0.0.190 () {28 vars in 691 bytes} [Thu Feb 26 02:42:27 2026] GET /resource_providers/7f2e7d33-c22f-4c85-8a1c-b7baa9b34980/inventories => generated 400 bytes in 25 msecs (HTTP/1.1 200) 6 headers in 224 bytes (1 switches on core 0)
2026-02-26 02:42:27.924 7 INFO placement.requestlog [None req-bea01d2c-de6d-4550-afc5-2601e09c3895 bbf1c22f41b943158cd85a9bda41e907 6d914e61d5414143b27b9d384a9380e1 - - default default] 10.0.0.190 "GET /resource_providers/7f2e7d33-c22f-4c85-8a1c-b7baa9b34980/usages" status: 200 len: 88 microversion: 1.0 [pid: 7|app: 0|req: 295/591] 10.0.0.190 () {28 vars in 681 bytes} [Thu Feb 26 02:42:27 2026] GET /resource_providers/7f2e7d33-c22f-4c85-8a1c-b7baa9b34980/usages => generated 88 bytes in 16 msecs (HTTP/1.1 200) 6 headers in 223 bytes (1 switches on core 0)
2026-02-26 02:42:37.581 7 INFO placement.requestlog [None req-8a36bb4a-d6e0-45ea-b854-5d041befef68 - - - - - -] 10.0.0.144 "GET /" status: 200 len: 136 microversion: 1.0
2026-02-26 02:42:37.582 8 INFO placement.requestlog [None req-0b0c1869-08e2-44de-b548-d1ffb7511707 - - - - - -] 10.0.0.144 "GET /" status: 200 len: 136 microversion: 1.0
2026-02-26 02:42:47.581 8 INFO placement.requestlog [None req-741ec1a8-f84a-468a-aeae-4726afa3c510 - - - - - -] 10.0.0.144 "GET /" status: 200 len: 136 microversion: 1.0
2026-02-26 02:42:47.581 7 INFO placement.requestlog [None req-e7149f66-42e7-42b3-aa52-de57bb3b7943 - - - - - -] 10.0.0.144 "GET /" status: 200 len: 136 microversion: 1.0
2026-02-26 02:42:57.581 7 INFO placement.requestlog [None req-69e81905-ae69-485b-bda1-80b858e3d426 - - - - - -] 10.0.0.144 "GET /" status: 200 len: 136 microversion: 1.0
2026-02-26 02:42:57.582 8 INFO placement.requestlog [None req-c754e636-2d22-4ddd-b7d3-a68a8c70698d - - - - - -] 10.0.0.144 "GET /" status: 200 len: 136 microversion: 1.0
2026-02-26 02:43:07.581 7 INFO placement.requestlog [None req-d97f06d2-98dc-410a-b8ff-e4b5ec1c875b - - - - - -] 10.0.0.144 "GET /" status: 200 len: 136 microversion: 1.0
2026-02-26 02:43:07.581 8 INFO placement.requestlog [None req-da3123f1-1e7c-444c-99dd-e21ef5d3ceaf - - - - - -] 10.0.0.144 "GET /" status: 200 len: 136 microversion: 1.0
2026-02-26 02:43:17.581 7 INFO placement.requestlog [None req-092ba1e7-6027-42ea-9403-40a32a12557b - - - - - -] 10.0.0.144 "GET /" status: 200 len: 136 microversion: 1.0
2026-02-26 02:43:17.581 8 INFO placement.requestlog [None req-d8188bff-7911-4255-8aa5-35c5b1afc091 - - - - - -] 10.0.0.144 "GET /" status: 200 len: 136 microversion: 1.0
2026-02-26 02:43:21.268 7 INFO placement.requestlog [req-b069162c-48ec-46cb-bdf4-1c525116132c req-5f9d9b39-be35-4d49-8a48-a13726c9f4ac fe8e2c50865c441b926c0ce1fdcb0b83 be9abaf8ad7141e59d58a44111b259b0 - - 2d7226f8ed1d40f98a6941b88a2fbe60 2d7226f8ed1d40f98a6941b88a2fbe60] 162.253.55.43 "GET /resource_providers/7f2e7d33-c22f-4c85-8a1c-b7baa9b34980/allocations" status: 200 len: 54 microversion: 1.0 [pid: 7|app: 0|req: 301/602] 162.253.55.43 () {32 vars in 855 bytes} [Thu Feb 26 02:43:21 2026] GET /resource_providers/7f2e7d33-c22f-4c85-8a1c-b7baa9b34980/allocations => generated 54 bytes in 14 msecs (HTTP/1.1 200) 6 headers in 223 bytes (1 switches on core 0)
2026-02-26 02:43:21.289 8 INFO placement.requestlog [req-b069162c-48ec-46cb-bdf4-1c525116132c req-6365a413-6ea6-463d-88ff-51f292d7c061 fe8e2c50865c441b926c0ce1fdcb0b83 be9abaf8ad7141e59d58a44111b259b0 - - 2d7226f8ed1d40f98a6941b88a2fbe60 2d7226f8ed1d40f98a6941b88a2fbe60] 162.253.55.43 "GET /resource_providers/7f2e7d33-c22f-4c85-8a1c-b7baa9b34980/allocations" status: 200 len: 54 microversion: 1.0 [pid: 8|app: 0|req: 302/603] 162.253.55.43 () {32 vars in 855 bytes} [Thu Feb 26 02:43:21 2026] GET /resource_providers/7f2e7d33-c22f-4c85-8a1c-b7baa9b34980/allocations => generated 54 bytes in 13 msecs (HTTP/1.1 200) 6 headers in 223 bytes (1 switches on core 0)
2026-02-26 02:43:27.581 7 INFO placement.requestlog [None req-03464ee8-33e4-49da-8c24-0ce6a63114d1 - - - - - -] 10.0.0.144 "GET /" status: 200 len: 136 microversion: 1.0
2026-02-26 02:43:27.582 8 INFO placement.requestlog [None req-9e84f1f2-bfb3-40d2-a3a1-45b5af626088 - - - - - -] 10.0.0.144 "GET /" status: 200 len: 136 microversion: 1.0
2026-02-26 02:43:27.923 7 INFO placement.requestlog [None req-4c39808d-6dc8-4d8b-9e00-c97b8af7b971 bbf1c22f41b943158cd85a9bda41e907 6d914e61d5414143b27b9d384a9380e1 - - default default] 10.0.0.190 "GET /resource_providers" status: 200 len: 405 microversion: 1.0 [pid: 7|app: 0|req: 303/606] 10.0.0.190 () {28 vars in 593 bytes} [Thu Feb 26 02:43:27 2026] GET /resource_providers => generated 405 bytes in 56 msecs (HTTP/1.1 200) 6 headers in 224 bytes (1 switches on core 0)
2026-02-26 02:43:27.954 8 INFO placement.requestlog [None req-9f9d90b7-c056-4533-a5b6-f061de41962c bbf1c22f41b943158cd85a9bda41e907 6d914e61d5414143b27b9d384a9380e1 - - default default] 10.0.0.190 "GET /resource_providers/7f2e7d33-c22f-4c85-8a1c-b7baa9b34980/inventories" status: 200 len: 400 microversion: 1.0 [pid: 8|app: 0|req: 304/607] 10.0.0.190 () {28 vars in 691 bytes} [Thu Feb 26 02:43:27 2026] GET /resource_providers/7f2e7d33-c22f-4c85-8a1c-b7baa9b34980/inventories => generated 400 bytes in 26 msecs (HTTP/1.1 200) 6 headers in 224 bytes (1 switches on core 0)
2026-02-26 02:43:27.972 7 INFO placement.requestlog [None req-04319871-6174-4d5b-8a7c-9f52bc0a6710 bbf1c22f41b943158cd85a9bda41e907 6d914e61d5414143b27b9d384a9380e1 - - default default] 10.0.0.190 "GET /resource_providers/7f2e7d33-c22f-4c85-8a1c-b7baa9b34980/usages" status: 200 len: 88 microversion: 1.0 [pid: 7|app: 0|req: 304/608] 10.0.0.190 () {28 vars in 681 bytes} [Thu Feb 26 02:43:27 2026] GET /resource_providers/7f2e7d33-c22f-4c85-8a1c-b7baa9b34980/usages => generated 88 bytes in 14 msecs (HTTP/1.1 200) 6 headers in 223 bytes (1 switches on core 0)
2026-02-26 02:43:37.581 8 INFO placement.requestlog [None req-5fa4dbf7-ad29-4965-8fc9-91ab76df1a6e - - - - - -] 10.0.0.144 "GET /" status: 200 len: 136 microversion: 1.0
2026-02-26 02:43:37.582 7 INFO placement.requestlog [None req-b3781220-12d6-4a53-b09f-a008f37d219b - - - - - -] 10.0.0.144 "GET /" status: 200 len: 136 microversion: 1.0
2026-02-26 02:43:47.581 8 INFO placement.requestlog [None req-eb1bc834-d3f7-41b8-8291-842322045b89 - - - - - -] 10.0.0.144 "GET /" status: 200 len: 136 microversion: 1.0
2026-02-26 02:43:47.581 7 INFO placement.requestlog [None req-97be83c8-3fe9-4657-8484-44b169bf03cf - - - - - -] 10.0.0.144 "GET /" status: 200 len: 136 microversion: 1.0
2026-02-26 02:43:57.581 8 INFO placement.requestlog [None req-b458a565-7a55-4dd6-8f53-9fb8923ccab1 - - - - - -] 10.0.0.144 "GET /" status: 200 len: 136 microversion: 1.0
2026-02-26 02:43:57.581 7 INFO placement.requestlog [None req-aad0c3ad-88c9-41fb-917e-2d9c8a2774bf - - - - - -] 10.0.0.144 "GET /" status: 200 len: 136 microversion: 1.0
2026-02-26 02:44:07.581 7 INFO placement.requestlog [None req-5debe4da-f000-4dcb-bcba-1768e5d8e11a - - - - - -] 10.0.0.144 "GET /" status: 200 len: 136 microversion: 1.0
2026-02-26 02:44:07.582 8 INFO placement.requestlog [None req-3c026347-1b17-4126-828a-ce8b7b4791de - - - - - -] 10.0.0.144 "GET /" status: 200 len: 136 microversion: 1.0
2026-02-26 02:44:17.582 8 INFO placement.requestlog [None req-8e88d4f8-86c9-4098-a2c1-c9b6646c29c0 - - - - - -] 10.0.0.144 "GET /" status: 200 len: 136 microversion: 1.0
2026-02-26 02:44:17.582 7 INFO placement.requestlog [None req-0c3e4c88-f8f1-46d1-a4a9-0a6feea8ce91 - - - - - -] 10.0.0.144 "GET /" status: 200 len: 136 microversion: 1.0
2026-02-26 02:44:24.005 8 INFO placement.requestlog [req-1d7d709d-bd0f-426b-ac73-cd13e2e1227f req-46bb8fca-96ef-4732-b39d-eabbb0a1c78e fe8e2c50865c441b926c0ce1fdcb0b83 be9abaf8ad7141e59d58a44111b259b0 - - 2d7226f8ed1d40f98a6941b88a2fbe60 2d7226f8ed1d40f98a6941b88a2fbe60] 162.253.55.43 "GET /resource_providers/7f2e7d33-c22f-4c85-8a1c-b7baa9b34980/allocations" status: 200 len: 54 microversion: 1.0 [pid: 8|app: 0|req: 310/619] 162.253.55.43 () {32 vars in 855 bytes} [Thu Feb 26 02:44:23 2026] GET /resource_providers/7f2e7d33-c22f-4c85-8a1c-b7baa9b34980/allocations => generated 54 bytes in 138 msecs (HTTP/1.1 200) 6 headers in 223 bytes (1 switches on core 0)
2026-02-26 02:44:24.029 7 INFO placement.requestlog [req-1d7d709d-bd0f-426b-ac73-cd13e2e1227f req-f22f394c-3a73-40a3-aff2-5f3c5f4a1cf3 fe8e2c50865c441b926c0ce1fdcb0b83 be9abaf8ad7141e59d58a44111b259b0 - - 2d7226f8ed1d40f98a6941b88a2fbe60 2d7226f8ed1d40f98a6941b88a2fbe60] 162.253.55.43 "GET /resource_providers?in_tree=7f2e7d33-c22f-4c85-8a1c-b7baa9b34980" status: 200 len: 797 microversion: 1.14 [pid: 7|app: 0|req: 310/620] 162.253.55.43 () {34 vars in 890 bytes} [Thu Feb 26 02:44:24 2026] GET /resource_providers?in_tree=7f2e7d33-c22f-4c85-8a1c-b7baa9b34980 => generated 797 bytes in 16 msecs (HTTP/1.1 200) 6 headers in 225 bytes (1 switches on core 0)
2026-02-26 02:44:24.050 8 INFO placement.requestlog [req-1d7d709d-bd0f-426b-ac73-cd13e2e1227f req-1d48c7a3-75de-4a48-96fa-bf614a7d5392 fe8e2c50865c441b926c0ce1fdcb0b83 be9abaf8ad7141e59d58a44111b259b0 - - 2d7226f8ed1d40f98a6941b88a2fbe60 2d7226f8ed1d40f98a6941b88a2fbe60] 162.253.55.43 "GET /resource_providers/7f2e7d33-c22f-4c85-8a1c-b7baa9b34980/inventories" status: 200 len: 400 microversion: 1.0 [pid: 8|app: 0|req: 311/621] 162.253.55.43 () {32 vars in 855 bytes} [Thu Feb 26 02:44:24 2026] GET /resource_providers/7f2e7d33-c22f-4c85-8a1c-b7baa9b34980/inventories => generated 400 bytes in 15 msecs (HTTP/1.1 200) 6 headers in 224 bytes (1 switches on core 0)
2026-02-26 02:44:24.066 7 INFO placement.requestlog [req-1d7d709d-bd0f-426b-ac73-cd13e2e1227f req-c1e049cc-e038-4159-b999-2a7408d2b948 fe8e2c50865c441b926c0ce1fdcb0b83 be9abaf8ad7141e59d58a44111b259b0 - - 2d7226f8ed1d40f98a6941b88a2fbe60 2d7226f8ed1d40f98a6941b88a2fbe60] 162.253.55.43 "GET /resource_providers/7f2e7d33-c22f-4c85-8a1c-b7baa9b34980/aggregates" status: 200 len: 53 microversion: 1.19 [pid: 7|app: 0|req: 311/622] 162.253.55.43 () {34 vars in 897 bytes} [Thu Feb 26 02:44:24 2026] GET /resource_providers/7f2e7d33-c22f-4c85-8a1c-b7baa9b34980/aggregates => generated 53 bytes in 10 msecs (HTTP/1.1 200) 8 headers in 295 bytes (1 switches on core 0)
2026-02-26 02:44:24.091 8 INFO placement.requestlog [req-1d7d709d-bd0f-426b-ac73-cd13e2e1227f req-36f40366-629c-47f9-9421-e5c70c0263ae fe8e2c50865c441b926c0ce1fdcb0b83 be9abaf8ad7141e59d58a44111b259b0 - - 2d7226f8ed1d40f98a6941b88a2fbe60 2d7226f8ed1d40f98a6941b88a2fbe60] 162.253.55.43 "GET /resource_providers/7f2e7d33-c22f-4c85-8a1c-b7baa9b34980/traits" status: 200 len: 1919 microversion: 1.6 [pid: 8|app: 0|req: 312/623] 162.253.55.43 () {34 vars in 888 bytes} [Thu Feb 26 02:44:24 2026] GET /resource_providers/7f2e7d33-c22f-4c85-8a1c-b7baa9b34980/traits => generated 1919 bytes in 18 msecs (HTTP/1.1 200) 6 headers in 225 bytes (1 switches on core 0)
2026-02-26 02:44:24.112 7 INFO placement.requestlog [req-1d7d709d-bd0f-426b-ac73-cd13e2e1227f req-47b93cd1-51ab-495a-8381-a2f79403b40b fe8e2c50865c441b926c0ce1fdcb0b83 be9abaf8ad7141e59d58a44111b259b0 - - 2d7226f8ed1d40f98a6941b88a2fbe60 2d7226f8ed1d40f98a6941b88a2fbe60] 162.253.55.43 "GET /resource_providers/7f2e7d33-c22f-4c85-8a1c-b7baa9b34980/allocations" status: 200 len: 54 microversion: 1.0 [pid: 7|app: 0|req: 312/624] 162.253.55.43 () {32 vars in 855 bytes} [Thu Feb 26 02:44:24 2026] GET /resource_providers/7f2e7d33-c22f-4c85-8a1c-b7baa9b34980/allocations => generated 54 bytes in 14 msecs (HTTP/1.1 200) 6 headers in 223 bytes (1 switches on core 0)
2026-02-26 02:44:27.581 8 INFO placement.requestlog [None req-1dddd3ba-1596-4f54-892e-b81914274c0a - - - - - -] 10.0.0.144 "GET /" status: 200 len: 136 microversion: 1.0
2026-02-26 02:44:27.581 7 INFO placement.requestlog [None req-36f35daf-d072-4d03-a51f-5488fcd6294d - - - - - -] 10.0.0.144 "GET /" status: 200 len: 136 microversion: 1.0
2026-02-26 02:44:28.032 8 INFO placement.requestlog [None req-7e3b52bb-8082-4cf5-b1bd-e610b432b8ee bbf1c22f41b943158cd85a9bda41e907 6d914e61d5414143b27b9d384a9380e1 - - default default] 10.0.0.190 "GET /resource_providers" status: 200 len: 405 microversion: 1.0 [pid: 8|app: 0|req: 314/627] 10.0.0.190 () {28 vars in 593 bytes} [Thu Feb 26 02:44:27 2026] GET /resource_providers => generated 405 bytes in 103 msecs (HTTP/1.1 200) 6 headers in 224 bytes (1 switches on core 0)
2026-02-26 02:44:28.053 7 INFO placement.requestlog [None req-bddc88c9-bbca-47d5-a13d-dc2795a9cb5a bbf1c22f41b943158cd85a9bda41e907 6d914e61d5414143b27b9d384a9380e1 - - default default] 10.0.0.190 "GET /resource_providers/7f2e7d33-c22f-4c85-8a1c-b7baa9b34980/inventories" status: 200 len: 400 microversion: 1.0 [pid: 7|app: 0|req: 314/628] 10.0.0.190 () {28 vars in 691 bytes} [Thu Feb 26 02:44:28 2026] GET /resource_providers/7f2e7d33-c22f-4c85-8a1c-b7baa9b34980/inventories => generated 400 bytes in 17 msecs (HTTP/1.1 200) 6 headers in 224 bytes (1 switches on core 0)
2026-02-26 02:44:28.073 8 INFO placement.requestlog [None req-0c84a083-f41b-4ac8-92cf-b3f311ffd1b0 bbf1c22f41b943158cd85a9bda41e907 6d914e61d5414143b27b9d384a9380e1 - - default default] 10.0.0.190 "GET /resource_providers/7f2e7d33-c22f-4c85-8a1c-b7baa9b34980/usages" status: 200 len: 88 microversion: 1.0 [pid: 8|app: 0|req: 315/629] 10.0.0.190 () {28 vars in 681 bytes} [Thu Feb 26 02:44:28 2026] GET /resource_providers/7f2e7d33-c22f-4c85-8a1c-b7baa9b34980/usages => generated 88 bytes in 16 msecs (HTTP/1.1 200) 6 headers in 223 bytes (1 switches on core 0)
2026-02-26 02:44:37.109 7 INFO placement.requestlog [req-4caf8cf1-5d62-4a96-8eef-62075093cfe5 req-5ab10570-75c6-48bd-a433-2ce139243ba4 fe8e2c50865c441b926c0ce1fdcb0b83 be9abaf8ad7141e59d58a44111b259b0 - - 2d7226f8ed1d40f98a6941b88a2fbe60 2d7226f8ed1d40f98a6941b88a2fbe60] 10.0.0.206 "GET /allocation_candidates?limit=1000&resources=DISK_GB%3A1%2CMEMORY_MB%3A512%2CVCPU%3A1&root_required=%21COMPUTE_STATUS_DISABLED" status: 200 len: 2384 microversion: 1.36 [pid: 7|app: 0|req: 315/630] 10.0.0.206 () {34 vars in 1011 bytes} [Thu Feb 26 02:44:36 2026] GET /allocation_candidates?limit=1000&resources=DISK_GB%3A1%2CMEMORY_MB%3A512%2CVCPU%3A1&root_required=%21COMPUTE_STATUS_DISABLED => generated 2384 bytes in 198 msecs (HTTP/1.1 200) 8 headers in 297 bytes (1 switches on core 0)
2026-02-26 02:44:37.153 8 INFO placement.requestlog [req-4caf8cf1-5d62-4a96-8eef-62075093cfe5 req-0e200a9d-b177-4f74-91fa-8a2d1fa66f60 fe8e2c50865c441b926c0ce1fdcb0b83 be9abaf8ad7141e59d58a44111b259b0 - - 2d7226f8ed1d40f98a6941b88a2fbe60 2d7226f8ed1d40f98a6941b88a2fbe60] 10.0.0.206 "GET /allocations/22176f47-73ed-40d7-9a50-db6beeaebc86" status: 200 len: 19 microversion: 1.28 [pid: 8|app: 0|req: 316/631] 10.0.0.206 () {34 vars in 860 bytes} [Thu Feb 26 02:44:37 2026] GET /allocations/22176f47-73ed-40d7-9a50-db6beeaebc86 => generated 19 bytes in 14 msecs (HTTP/1.1 200) 8 headers in 295 bytes (1 switches on core 0)
2026-02-26 02:44:37.226 7 INFO placement.requestlog [req-4caf8cf1-5d62-4a96-8eef-62075093cfe5 req-a688aeb6-7167-4a42-8244-7774c2a44038 fe8e2c50865c441b926c0ce1fdcb0b83 be9abaf8ad7141e59d58a44111b259b0 - - 2d7226f8ed1d40f98a6941b88a2fbe60 2d7226f8ed1d40f98a6941b88a2fbe60] 10.0.0.206 "PUT /allocations/22176f47-73ed-40d7-9a50-db6beeaebc86" status: 204 len: 0 microversion: 1.36 [pid: 7|app: 0|req: 316/632] 10.0.0.206 () {38 vars in 913 bytes} [Thu Feb 26 02:44:37 2026] PUT /allocations/22176f47-73ed-40d7-9a50-db6beeaebc86 => generated 0 bytes in 66 msecs (HTTP/1.1 204) 5 headers in 199 bytes (1 switches on core 0)
2026-02-26 02:44:37.581 7 INFO placement.requestlog [None req-8d75aa4c-019b-4f93-b704-71fe4d1e732c - - - - - -] 10.0.0.144 "GET /" status: 200 len: 136 microversion: 1.0
2026-02-26 02:44:37.581 8 INFO placement.requestlog [None req-7e219076-599b-4d19-922a-90224dc0eec9 - - - - - -] 10.0.0.144 "GET /" status: 200 len: 136 microversion: 1.0
2026-02-26 02:44:38.716 7 INFO placement.requestlog [req-4caf8cf1-5d62-4a96-8eef-62075093cfe5 req-c43c39b8-432e-472e-8b07-c57e0c16b37b fe8e2c50865c441b926c0ce1fdcb0b83 be9abaf8ad7141e59d58a44111b259b0 - - 2d7226f8ed1d40f98a6941b88a2fbe60 2d7226f8ed1d40f98a6941b88a2fbe60] 162.253.55.43 "GET /allocations/22176f47-73ed-40d7-9a50-db6beeaebc86" status: 200 len: 257 microversion: 1.28 [pid: 7|app: 0|req: 318/635] 162.253.55.43 () {34 vars in 861 bytes} [Thu Feb 26 02:44:38 2026] GET /allocations/22176f47-73ed-40d7-9a50-db6beeaebc86 => generated 257 bytes in 16 msecs (HTTP/1.1 200) 8 headers in 296 bytes (1 switches on core 0)
2026-02-26 02:44:39.758 8 INFO placement.requestlog [req-4caf8cf1-5d62-4a96-8eef-62075093cfe5 req-82002c4f-78a7-4c1b-aee7-4d594eb27141 fe8e2c50865c441b926c0ce1fdcb0b83 be9abaf8ad7141e59d58a44111b259b0 - - 2d7226f8ed1d40f98a6941b88a2fbe60 2d7226f8ed1d40f98a6941b88a2fbe60] 162.253.55.43 "GET /resource_providers/7f2e7d33-c22f-4c85-8a1c-b7baa9b34980/allocations" status: 200 len: 152 microversion: 1.0 [pid: 8|app: 0|req: 318/636] 162.253.55.43 () {32 vars in 855 bytes} [Thu Feb 26 02:44:39 2026] GET /resource_providers/7f2e7d33-c22f-4c85-8a1c-b7baa9b34980/allocations => generated 152 bytes in 15 msecs (HTTP/1.1 200) 6 headers in 224 bytes (1 switches on core 0)
2026-02-26 02:44:39.773 7 INFO placement.requestlog [req-4caf8cf1-5d62-4a96-8eef-62075093cfe5 req-81a43ac8-e552-416c-bc0c-594fc047a0ef fe8e2c50865c441b926c0ce1fdcb0b83 be9abaf8ad7141e59d58a44111b259b0 - - 2d7226f8ed1d40f98a6941b88a2fbe60 2d7226f8ed1d40f98a6941b88a2fbe60] 162.253.55.43 "GET /allocations/22176f47-73ed-40d7-9a50-db6beeaebc86" status: 200 len: 257 microversion: 1.28 [pid: 7|app: 0|req: 319/637] 162.253.55.43 () {34 vars in 861 bytes} [Thu Feb 26 02:44:39 2026] GET /allocations/22176f47-73ed-40d7-9a50-db6beeaebc86 => generated 257 bytes in 10 msecs (HTTP/1.1 200) 8 headers in 296 bytes (1 switches on core 0)
2026-02-26 02:44:40.696 7 INFO placement.requestlog [None req-d9f2cfb9-c6d4-47e1-99dc-87a2b68d4342 d892fce6ee744e3ca626bfc94fe1246b be9abaf8ad7141e59d58a44111b259b0 - - 2d7226f8ed1d40f98a6941b88a2fbe60 2d7226f8ed1d40f98a6941b88a2fbe60] 10.0.0.134 "GET /resource_providers/d040f634-766f-481e-a491-6084d24b3874/aggregates" status: 404 len: 235 microversion: 1.1 [pid: 7|app: 0|req: 320/638] 10.0.0.134 () {32 vars in 824 bytes} [Thu Feb 26 02:44:40 2026] GET /resource_providers/d040f634-766f-481e-a491-6084d24b3874/aggregates => generated 235 bytes in 85 msecs (HTTP/1.1 404) 5 headers in 202 bytes (1 switches on core 0)
2026-02-26 02:44:40.707 7 INFO placement.requestlog [None req-18007c27-e444-44a9-add4-981bcaf6c9a7 d892fce6ee744e3ca626bfc94fe1246b be9abaf8ad7141e59d58a44111b259b0 - - 2d7226f8ed1d40f98a6941b88a2fbe60 2d7226f8ed1d40f98a6941b88a2fbe60] 10.0.0.134 "DELETE /resource_providers/d040f634-766f-481e-a491-6084d24b3874" status: 404 len: 246 microversion: 1.1 [pid: 7|app: 0|req: 321/639] 10.0.0.134 () {34 vars in 824 bytes} [Thu Feb 26 02:44:40 2026] DELETE /resource_providers/d040f634-766f-481e-a491-6084d24b3874 => generated 246 bytes in 6 msecs (HTTP/1.1 404) 6 headers in 231 bytes (1 switches on core 0)
2026-02-26 02:44:40.732 8 INFO placement.requestlog [None req-f04a9b13-1014-4193-8691-26128895bb65 d892fce6ee744e3ca626bfc94fe1246b be9abaf8ad7141e59d58a44111b259b0 - - 2d7226f8ed1d40f98a6941b88a2fbe60 2d7226f8ed1d40f98a6941b88a2fbe60] 10.0.0.134 "GET /resource_providers/d040f634-766f-481e-a491-6084d24b3874/aggregates" status: 404 len: 235 microversion: 1.1 [pid: 8|app: 0|req: 319/640] 10.0.0.134 () {32 vars in 824 bytes} [Thu Feb 26 02:44:40 2026] GET /resource_providers/d040f634-766f-481e-a491-6084d24b3874/aggregates => generated 235 bytes in 125 msecs (HTTP/1.1 404) 5 headers in 202 bytes (1 switches on core 0)
2026-02-26 02:44:40.748 7 INFO placement.requestlog [None req-1afb8c47-6424-49fb-adc6-62e8c0d7e816 d892fce6ee744e3ca626bfc94fe1246b be9abaf8ad7141e59d58a44111b259b0 - - 2d7226f8ed1d40f98a6941b88a2fbe60 2d7226f8ed1d40f98a6941b88a2fbe60] 10.0.0.134 "DELETE /resource_providers/d040f634-766f-481e-a491-6084d24b3874" status: 404 len: 246 microversion: 1.1 [pid: 7|app: 0|req: 322/641] 10.0.0.134 () {34 vars in 824 bytes} [Thu Feb 26 02:44:40 2026] DELETE /resource_providers/d040f634-766f-481e-a491-6084d24b3874 => generated 246 bytes in 10 msecs (HTTP/1.1 404) 6 headers in 231 bytes (1 switches on core 0)
2026-02-26 02:44:41.525 8 INFO placement.requestlog [None req-93d6949d-1940-4568-bd98-fe16580806b0 d892fce6ee744e3ca626bfc94fe1246b be9abaf8ad7141e59d58a44111b259b0 - - 2d7226f8ed1d40f98a6941b88a2fbe60 2d7226f8ed1d40f98a6941b88a2fbe60] 10.0.0.134 "GET /resource_providers/6844ba4f-ff4a-47d7-8a3c-362b2ef9ca21/aggregates" status: 404 len: 235 microversion: 1.1 [pid: 8|app: 0|req: 320/642] 10.0.0.134 () {32 vars in 824 bytes} [Thu Feb 26 02:44:41 2026] GET /resource_providers/6844ba4f-ff4a-47d7-8a3c-362b2ef9ca21/aggregates => generated 235 bytes in 192 msecs (HTTP/1.1 404) 5 headers in 202 bytes (1 switches on core 0)
2026-02-26 02:44:41.531 7 INFO placement.requestlog [None req-41c9d1c3-2388-48e1-91d9-e300d465f4d9 d892fce6ee744e3ca626bfc94fe1246b be9abaf8ad7141e59d58a44111b259b0 - - 2d7226f8ed1d40f98a6941b88a2fbe60 2d7226f8ed1d40f98a6941b88a2fbe60] 10.0.0.134 "GET /resource_providers/6844ba4f-ff4a-47d7-8a3c-362b2ef9ca21/aggregates" status: 404 len: 235 microversion: 1.1 [pid: 7|app: 0|req: 323/643] 10.0.0.134 () {32 vars in 824 bytes} [Thu Feb 26 02:44:41 2026] GET /resource_providers/6844ba4f-ff4a-47d7-8a3c-362b2ef9ca21/aggregates => generated 235 bytes in 197 msecs (HTTP/1.1 404) 5 headers in 202 bytes (1 switches on core 0)
2026-02-26 02:44:41.539 8 INFO placement.requestlog [None req-3982066d-ab35-4308-ada2-86fa0299b341 d892fce6ee744e3ca626bfc94fe1246b be9abaf8ad7141e59d58a44111b259b0 - - 2d7226f8ed1d40f98a6941b88a2fbe60 2d7226f8ed1d40f98a6941b88a2fbe60] 10.0.0.134 "DELETE /resource_providers/6844ba4f-ff4a-47d7-8a3c-362b2ef9ca21" status: 404 len: 246 microversion: 1.1 [pid: 8|app: 0|req: 321/644] 10.0.0.134 () {34 vars in 824 bytes} [Thu Feb 26 02:44:41 2026] DELETE /resource_providers/6844ba4f-ff4a-47d7-8a3c-362b2ef9ca21 => generated 246 bytes in 7 msecs (HTTP/1.1 404) 6 headers in 231 bytes (1 switches on core 0)
2026-02-26 02:44:41.548 7 INFO placement.requestlog [None req-8e6f1cfb-574f-458f-9863-f89aadba1dfd d892fce6ee744e3ca626bfc94fe1246b be9abaf8ad7141e59d58a44111b259b0 - - 2d7226f8ed1d40f98a6941b88a2fbe60 2d7226f8ed1d40f98a6941b88a2fbe60] 10.0.0.134 "DELETE /resource_providers/6844ba4f-ff4a-47d7-8a3c-362b2ef9ca21" status: 404 len: 246 microversion: 1.1 [pid: 7|app: 0|req: 324/645] 10.0.0.134 () {34 vars in 824 bytes} [Thu Feb 26 02:44:41 2026] DELETE /resource_providers/6844ba4f-ff4a-47d7-8a3c-362b2ef9ca21 => generated 246 bytes in 13 msecs (HTTP/1.1 404) 6 headers in 231 bytes (1 switches on core 0)
2026-02-26 02:44:47.581 7 INFO placement.requestlog [None req-f1e5ee91-6f95-4312-b693-044f9377ccd4 - - - - - -] 10.0.0.144 "GET /" status: 200 len: 136 microversion: 1.0
2026-02-26 02:44:47.582 8 INFO placement.requestlog [None req-4036a12c-b35d-4394-86bf-5e479dacab9d - - - - - -] 10.0.0.144 "GET /" status: 200 len: 136 microversion: 1.0
2026-02-26 02:44:50.668 8 INFO placement.requestlog [req-1cd33ab5-19c4-45a5-8bc6-174295f16347 req-4a1a1941-4538-4edc-ae01-9a548ff1133d fe8e2c50865c441b926c0ce1fdcb0b83 be9abaf8ad7141e59d58a44111b259b0 - - 2d7226f8ed1d40f98a6941b88a2fbe60 2d7226f8ed1d40f98a6941b88a2fbe60] 10.0.0.206 "GET /allocation_candidates?limit=1000&resources=DISK_GB%3A1%2CMEMORY_MB%3A512%2CVCPU%3A1&root_required=%21COMPUTE_STATUS_DISABLED" status: 200 len: 2386 microversion: 1.36 [pid: 8|app: 0|req: 323/648] 10.0.0.206 () {34 vars in 1011 bytes} [Thu Feb 26 02:44:50 2026] GET /allocation_candidates?limit=1000&resources=DISK_GB%3A1%2CMEMORY_MB%3A512%2CVCPU%3A1&root_required=%21COMPUTE_STATUS_DISABLED => generated 2386 bytes in 72 msecs (HTTP/1.1 200) 8 headers in 297 bytes (1 switches on core 0)
2026-02-26 02:44:50.705 7 INFO placement.requestlog [req-1cd33ab5-19c4-45a5-8bc6-174295f16347 req-1f76c687-5577-4e03-ac47-6506647ef9f4 fe8e2c50865c441b926c0ce1fdcb0b83 be9abaf8ad7141e59d58a44111b259b0 - - 2d7226f8ed1d40f98a6941b88a2fbe60 2d7226f8ed1d40f98a6941b88a2fbe60] 10.0.0.206 "GET /allocations/f2a1b4a7-d7da-4b30-a656-363fa5538ec5" status: 200 len: 19 microversion: 1.28 [pid: 7|app: 0|req: 326/649] 10.0.0.206 () {34 vars in 860 bytes} [Thu Feb 26 02:44:50 2026] GET /allocations/f2a1b4a7-d7da-4b30-a656-363fa5538ec5 => generated 19 bytes in 11 msecs (HTTP/1.1 200) 8 headers in 295 bytes (1 switches on core 0)
2026-02-26 02:44:50.775 8 INFO placement.requestlog [req-1cd33ab5-19c4-45a5-8bc6-174295f16347 req-982da097-882d-48be-b19a-7e226e570131 fe8e2c50865c441b926c0ce1fdcb0b83 be9abaf8ad7141e59d58a44111b259b0 - - 2d7226f8ed1d40f98a6941b88a2fbe60 2d7226f8ed1d40f98a6941b88a2fbe60] 10.0.0.206 "PUT /allocations/f2a1b4a7-d7da-4b30-a656-363fa5538ec5" status: 204 len: 0 microversion: 1.36 [pid: 8|app: 0|req: 324/650] 10.0.0.206 () {38 vars in 913 bytes} [Thu Feb 26 02:44:50 2026] PUT /allocations/f2a1b4a7-d7da-4b30-a656-363fa5538ec5 => generated 0 bytes in 63 msecs (HTTP/1.1 204) 5 headers in 199 bytes (1 switches on core 0)
2026-02-26 02:44:52.364 7 INFO placement.requestlog [req-1cd33ab5-19c4-45a5-8bc6-174295f16347 req-e5bf1fb8-68c9-462e-ab7d-6acd3fc2a172 fe8e2c50865c441b926c0ce1fdcb0b83 be9abaf8ad7141e59d58a44111b259b0 - - 2d7226f8ed1d40f98a6941b88a2fbe60 2d7226f8ed1d40f98a6941b88a2fbe60] 162.253.55.43 "GET /allocations/f2a1b4a7-d7da-4b30-a656-363fa5538ec5" status: 200 len: 257 microversion: 1.28 [pid: 7|app: 0|req: 327/651] 162.253.55.43 () {34 vars in 861 bytes} [Thu Feb 26 02:44:52 2026] GET /allocations/f2a1b4a7-d7da-4b30-a656-363fa5538ec5 => generated 257 bytes in 25 msecs (HTTP/1.1 200) 8 headers in 296 bytes (1 switches on core 0)
2026-02-26 02:44:53.405 8 INFO placement.requestlog [req-1cd33ab5-19c4-45a5-8bc6-174295f16347 req-980f44f5-9197-4b10-bebc-c82b880ac4d6 fe8e2c50865c441b926c0ce1fdcb0b83 be9abaf8ad7141e59d58a44111b259b0 - - 2d7226f8ed1d40f98a6941b88a2fbe60 2d7226f8ed1d40f98a6941b88a2fbe60] 162.253.55.43 "GET /resource_providers/7f2e7d33-c22f-4c85-8a1c-b7baa9b34980/allocations" status: 200 len: 252 microversion: 1.0 [pid: 8|app: 0|req: 325/652] 162.253.55.43 () {32 vars in 855 bytes} [Thu Feb 26 02:44:53 2026] GET /resource_providers/7f2e7d33-c22f-4c85-8a1c-b7baa9b34980/allocations => generated 252 bytes in 18 msecs (HTTP/1.1 200) 6 headers in 224 bytes (1 switches on core 0)
2026-02-26 02:44:53.428 7 INFO placement.requestlog [req-1cd33ab5-19c4-45a5-8bc6-174295f16347 req-c90a9e9b-ac3e-40fb-9f84-a7f7f16e7c17 fe8e2c50865c441b926c0ce1fdcb0b83 be9abaf8ad7141e59d58a44111b259b0 - - 2d7226f8ed1d40f98a6941b88a2fbe60 2d7226f8ed1d40f98a6941b88a2fbe60] 162.253.55.43 "GET /allocations/f2a1b4a7-d7da-4b30-a656-363fa5538ec5" status: 200 len: 257 microversion: 1.28 [pid: 7|app: 0|req: 328/653] 162.253.55.43 () {34 vars in 861 bytes} [Thu Feb 26 02:44:53 2026] GET /allocations/f2a1b4a7-d7da-4b30-a656-363fa5538ec5 => generated 257 bytes in 15 msecs (HTTP/1.1 200) 8 headers in 296 bytes (1 switches on core 0)
2026-02-26 02:44:53.451 8 INFO placement.requestlog [req-1cd33ab5-19c4-45a5-8bc6-174295f16347 req-49d07d11-53c2-45ed-bc3e-7ba4eb52eeae fe8e2c50865c441b926c0ce1fdcb0b83 be9abaf8ad7141e59d58a44111b259b0 - - 2d7226f8ed1d40f98a6941b88a2fbe60 2d7226f8ed1d40f98a6941b88a2fbe60] 162.253.55.43 "GET /allocations/22176f47-73ed-40d7-9a50-db6beeaebc86" status: 200 len: 257 microversion: 1.28 [pid: 8|app: 0|req: 326/654] 162.253.55.43 () {34 vars in 861 bytes} [Thu Feb 26 02:44:53 2026] GET /allocations/22176f47-73ed-40d7-9a50-db6beeaebc86 => generated 257 bytes in 18 msecs (HTTP/1.1 200) 8 headers in 296 bytes (1 switches on core 0)
2026-02-26 02:44:54.296 8 INFO placement.requestlog [None req-c62b1ccd-2e25-4b8b-9a6e-520983f21de7 d892fce6ee744e3ca626bfc94fe1246b be9abaf8ad7141e59d58a44111b259b0 - - 2d7226f8ed1d40f98a6941b88a2fbe60 2d7226f8ed1d40f98a6941b88a2fbe60] 10.0.0.134 "GET /resource_providers/7ef61775-ecab-4e4d-ae31-01d4ac506616/aggregates" status: 404 len: 235 microversion: 1.1 [pid: 8|app: 0|req: 327/655] 10.0.0.134 () {32 vars in 824 bytes} [Thu Feb 26 02:44:54 2026] GET /resource_providers/7ef61775-ecab-4e4d-ae31-01d4ac506616/aggregates => generated 235 bytes in 13 msecs (HTTP/1.1 404) 5 headers in 202 bytes (1 switches on core 0)
2026-02-26 02:44:54.315 8 INFO placement.requestlog [None req-1315074e-762f-4932-84aa-1947c6681fb0 d892fce6ee744e3ca626bfc94fe1246b be9abaf8ad7141e59d58a44111b259b0 - - 2d7226f8ed1d40f98a6941b88a2fbe60 2d7226f8ed1d40f98a6941b88a2fbe60] 10.0.0.134 "GET /resource_providers/7ef61775-ecab-4e4d-ae31-01d4ac506616/aggregates" status: 404 len: 235 microversion: 1.1 [pid: 8|app: 0|req: 328/656] 10.0.0.134 () {32 vars in 824 bytes} [Thu Feb 26 02:44:54 2026] GET /resource_providers/7ef61775-ecab-4e4d-ae31-01d4ac506616/aggregates => generated 235 bytes in 19 msecs (HTTP/1.1 404) 5 headers in 202 bytes (1 switches on core 0)
2026-02-26 02:44:54.316 7 INFO placement.requestlog [req-cf67e72e-f400-4617-890c-e64f24db1c93 req-e65aca8e-e01d-40f5-97f9-3ad501902183 fe8e2c50865c441b926c0ce1fdcb0b83 be9abaf8ad7141e59d58a44111b259b0 - - 2d7226f8ed1d40f98a6941b88a2fbe60 2d7226f8ed1d40f98a6941b88a2fbe60] 10.0.0.206 "GET /allocation_candidates?limit=1000&resources=MEMORY_MB%3A512%2CVCPU%3A1&root_required=%21COMPUTE_STATUS_DISABLED" status: 200 len: 2373 microversion: 1.36 [pid: 7|app: 0|req: 329/657] 10.0.0.206 () {34 vars in 983 bytes} [Thu Feb 26 02:44:54 2026] GET /allocation_candidates?limit=1000&resources=MEMORY_MB%3A512%2CVCPU%3A1&root_required=%21COMPUTE_STATUS_DISABLED => generated 2373 bytes in 60 msecs (HTTP/1.1 200) 8 headers in 297 bytes (1 switches on core 0)
2026-02-26 02:44:54.324 8 INFO placement.requestlog [None req-40aa1cba-6f5a-4143-be74-c5b917ec5a04 d892fce6ee744e3ca626bfc94fe1246b be9abaf8ad7141e59d58a44111b259b0 - - 2d7226f8ed1d40f98a6941b88a2fbe60 2d7226f8ed1d40f98a6941b88a2fbe60] 10.0.0.134 "DELETE /resource_providers/7ef61775-ecab-4e4d-ae31-01d4ac506616" status: 404 len: 246 microversion: 1.1 [pid: 8|app: 0|req: 329/658] 10.0.0.134 () {34 vars in 824 bytes} [Thu Feb 26 02:44:54 2026] DELETE /resource_providers/7ef61775-ecab-4e4d-ae31-01d4ac506616 => generated 246 bytes in 9 msecs (HTTP/1.1 404) 6 headers in 231 bytes (1 switches on core 0)
2026-02-26 02:44:54.331 7 INFO placement.requestlog [None req-b13ae24b-64ac-4e64-b748-cc160d57f7a3 d892fce6ee744e3ca626bfc94fe1246b be9abaf8ad7141e59d58a44111b259b0 - - 2d7226f8ed1d40f98a6941b88a2fbe60 2d7226f8ed1d40f98a6941b88a2fbe60] 10.0.0.134 "DELETE /resource_providers/7ef61775-ecab-4e4d-ae31-01d4ac506616" status: 404 len: 246 microversion: 1.1 [pid: 7|app: 0|req: 330/659] 10.0.0.134 () {34 vars in 824 bytes} [Thu Feb 26 02:44:54 2026] DELETE /resource_providers/7ef61775-ecab-4e4d-ae31-01d4ac506616 => generated 246 bytes in 9 msecs (HTTP/1.1 404) 6 headers in 231 bytes (1 switches on core 0)
2026-02-26 02:44:54.354 8 INFO placement.requestlog [req-cf67e72e-f400-4617-890c-e64f24db1c93 req-c0069775-c57d-4eb1-8f96-392548db3b7e fe8e2c50865c441b926c0ce1fdcb0b83 be9abaf8ad7141e59d58a44111b259b0 - - 2d7226f8ed1d40f98a6941b88a2fbe60 2d7226f8ed1d40f98a6941b88a2fbe60] 10.0.0.206 "GET /allocations/fb6b1fca-5255-4d40-8b54-2c4aa2ed042a" status: 200 len: 19 microversion: 1.28 [pid: 8|app: 0|req: 330/660] 10.0.0.206 () {34 vars in 860 bytes} [Thu Feb 26 02:44:54 2026] GET /allocations/fb6b1fca-5255-4d40-8b54-2c4aa2ed042a => generated 19 bytes in 11 msecs (HTTP/1.1 200) 8 headers in 295 bytes (1 switches on core 0)
2026-02-26 02:44:54.423 7 INFO placement.requestlog [req-cf67e72e-f400-4617-890c-e64f24db1c93 req-08f4790c-b57c-4de0-948b-e5bd2d4ff3ea fe8e2c50865c441b926c0ce1fdcb0b83 be9abaf8ad7141e59d58a44111b259b0 - - 2d7226f8ed1d40f98a6941b88a2fbe60 2d7226f8ed1d40f98a6941b88a2fbe60] 10.0.0.206 "PUT /allocations/fb6b1fca-5255-4d40-8b54-2c4aa2ed042a" status: 204 len: 0 microversion: 1.36 [pid: 7|app: 0|req: 331/661] 10.0.0.206 () {38 vars in 913 bytes} [Thu Feb 26 02:44:54 2026] PUT /allocations/fb6b1fca-5255-4d40-8b54-2c4aa2ed042a => generated 0 bytes in 63 msecs (HTTP/1.1 204) 5 headers in 199 bytes (1 switches on core 0)
2026-02-26 02:44:55.921 8 INFO placement.requestlog [req-cf67e72e-f400-4617-890c-e64f24db1c93 req-e0e34168-dfc9-4632-8f9a-735aa981190b fe8e2c50865c441b926c0ce1fdcb0b83 be9abaf8ad7141e59d58a44111b259b0 - - 2d7226f8ed1d40f98a6941b88a2fbe60 2d7226f8ed1d40f98a6941b88a2fbe60] 162.253.55.43 "GET /allocations/fb6b1fca-5255-4d40-8b54-2c4aa2ed042a" status: 200 len: 243 microversion: 1.28 [pid: 8|app: 0|req: 331/662] 162.253.55.43 () {34 vars in 861 bytes} [Thu Feb 26 02:44:55 2026] GET /allocations/fb6b1fca-5255-4d40-8b54-2c4aa2ed042a => generated 243 bytes in 14 msecs (HTTP/1.1 200) 8 headers in 296 bytes (1 switches on core 0)
2026-02-26 02:44:56.351 7 INFO placement.requestlog [None req-bb8ed332-10e3-4426-bb16-3f946e56c321 d892fce6ee744e3ca626bfc94fe1246b be9abaf8ad7141e59d58a44111b259b0 - - 2d7226f8ed1d40f98a6941b88a2fbe60 2d7226f8ed1d40f98a6941b88a2fbe60] 10.0.0.134 "GET /resource_providers/32fef10b-39c1-496e-a87d-cea3303385b9/aggregates" status: 404 len: 235 microversion: 1.1 [pid: 7|app: 0|req: 332/663] 10.0.0.134 () {32 vars in 824 bytes} [Thu Feb 26 02:44:56 2026] GET /resource_providers/32fef10b-39c1-496e-a87d-cea3303385b9/aggregates => generated 235 bytes in 10 msecs (HTTP/1.1 404) 5 headers in 202 bytes (1 switches on core 0)
2026-02-26 02:44:56.354 8 INFO placement.requestlog [None req-e59d5599-2e60-4495-a179-ddc178530c3e d892fce6ee744e3ca626bfc94fe1246b be9abaf8ad7141e59d58a44111b259b0 - - 2d7226f8ed1d40f98a6941b88a2fbe60 2d7226f8ed1d40f98a6941b88a2fbe60] 10.0.0.134 "GET /resource_providers/32fef10b-39c1-496e-a87d-cea3303385b9/aggregates" status: 404 len: 235 microversion: 1.1 [pid: 8|app: 0|req: 332/664] 10.0.0.134 () {32 vars in 824 bytes} [Thu Feb 26 02:44:56 2026] GET /resource_providers/32fef10b-39c1-496e-a87d-cea3303385b9/aggregates => generated 235 bytes in 12 msecs (HTTP/1.1 404) 5 headers in 202 bytes (1 switches on core 0)
2026-02-26 02:44:56.362 7 INFO placement.requestlog [None req-05aadcf7-250f-469b-9273-ea1d5ce4bdbe d892fce6ee744e3ca626bfc94fe1246b be9abaf8ad7141e59d58a44111b259b0 - - 2d7226f8ed1d40f98a6941b88a2fbe60 2d7226f8ed1d40f98a6941b88a2fbe60] 10.0.0.134 "DELETE /resource_providers/32fef10b-39c1-496e-a87d-cea3303385b9" status: 404 len: 246 microversion: 1.1 [pid: 7|app: 0|req: 333/665] 10.0.0.134 () {34 vars in 824 bytes} [Thu Feb 26 02:44:56 2026] DELETE /resource_providers/32fef10b-39c1-496e-a87d-cea3303385b9 => generated 246 bytes in 8 msecs (HTTP/1.1 404) 6 headers in 231 bytes (1 switches on core 0)
2026-02-26 02:44:56.364 8 INFO placement.requestlog [None req-7e7e7c11-9180-4d42-9298-392924171923 d892fce6ee744e3ca626bfc94fe1246b be9abaf8ad7141e59d58a44111b259b0 - - 2d7226f8ed1d40f98a6941b88a2fbe60 2d7226f8ed1d40f98a6941b88a2fbe60] 10.0.0.134 "DELETE /resource_providers/32fef10b-39c1-496e-a87d-cea3303385b9" status: 404 len: 246 microversion: 1.1 [pid: 8|app: 0|req: 333/666] 10.0.0.134 () {34 vars in 824 bytes} [Thu Feb 26 02:44:56 2026] DELETE /resource_providers/32fef10b-39c1-496e-a87d-cea3303385b9 => generated 246 bytes in 6 msecs (HTTP/1.1 404) 6 headers in 231 bytes (1 switches on core 0)
2026-02-26 02:44:56.970 7 INFO placement.requestlog [req-cf67e72e-f400-4617-890c-e64f24db1c93 req-8e9a84a5-4c46-4aec-b4b1-f281aaf8043f fe8e2c50865c441b926c0ce1fdcb0b83 be9abaf8ad7141e59d58a44111b259b0 - - 2d7226f8ed1d40f98a6941b88a2fbe60 2d7226f8ed1d40f98a6941b88a2fbe60] 162.253.55.43 "GET /resource_providers/7f2e7d33-c22f-4c85-8a1c-b7baa9b34980/allocations" status: 200 len: 338 microversion: 1.0 [pid: 7|app: 0|req: 334/667] 162.253.55.43 () {32 vars in 855 bytes} [Thu Feb 26 02:44:56 2026] GET /resource_providers/7f2e7d33-c22f-4c85-8a1c-b7baa9b34980/allocations => generated 338 bytes in 17 msecs (HTTP/1.1 200) 6 headers in 224 bytes (1 switches on core 0)
2026-02-26 02:44:56.992 8 INFO placement.requestlog [req-cf67e72e-f400-4617-890c-e64f24db1c93 req-aa3419c7-2d10-4ef6-89d4-c57150142694 fe8e2c50865c441b926c0ce1fdcb0b83 be9abaf8ad7141e59d58a44111b259b0 - - 2d7226f8ed1d40f98a6941b88a2fbe60 2d7226f8ed1d40f98a6941b88a2fbe60] 162.253.55.43 "GET /allocations/f2a1b4a7-d7da-4b30-a656-363fa5538ec5" status: 200 len: 257 microversion: 1.28 [pid: 8|app: 0|req: 334/668] 162.253.55.43 () {34 vars in 861 bytes} [Thu Feb 26 02:44:56 2026] GET /allocations/f2a1b4a7-d7da-4b30-a656-363fa5538ec5 => generated 257 bytes in 13 msecs (HTTP/1.1 200) 8 headers in 296 bytes (1 switches on core 0)
2026-02-26 02:44:57.013 7 INFO placement.requestlog [req-cf67e72e-f400-4617-890c-e64f24db1c93 req-b9ba2dd4-dff1-4348-891a-7f961905336d fe8e2c50865c441b926c0ce1fdcb0b83 be9abaf8ad7141e59d58a44111b259b0 - - 2d7226f8ed1d40f98a6941b88a2fbe60 2d7226f8ed1d40f98a6941b88a2fbe60] 162.253.55.43 "GET /allocations/22176f47-73ed-40d7-9a50-db6beeaebc86" status: 200 len: 257 microversion: 1.28 [pid: 7|app: 0|req: 335/669] 162.253.55.43 () {34 vars in 861 bytes} [Thu Feb 26 02:44:56 2026] GET /allocations/22176f47-73ed-40d7-9a50-db6beeaebc86 => generated 257 bytes in 16 msecs (HTTP/1.1 200) 8 headers in 296 bytes (1 switches on core 0)
2026-02-26 02:44:57.048 8 INFO placement.requestlog [req-cf67e72e-f400-4617-890c-e64f24db1c93 req-74942867-ca04-43f9-8956-0da7a9bb894b fe8e2c50865c441b926c0ce1fdcb0b83 be9abaf8ad7141e59d58a44111b259b0 - - 2d7226f8ed1d40f98a6941b88a2fbe60 2d7226f8ed1d40f98a6941b88a2fbe60] 162.253.55.43 "GET /allocations/fb6b1fca-5255-4d40-8b54-2c4aa2ed042a" status: 200 len: 243 microversion: 1.28 [pid: 8|app: 0|req: 335/670] 162.253.55.43 () {34 vars in 861 bytes} [Thu Feb 26 02:44:57 2026] GET /allocations/fb6b1fca-5255-4d40-8b54-2c4aa2ed042a => generated 243 bytes in 16 msecs (HTTP/1.1 200) 8 headers in 296 bytes (1 switches on core 0)
2026-02-26 02:44:57.581 7 INFO placement.requestlog [None req-8c68256a-2305-4c66-86a7-12fafd5ede27 - - - - - -] 10.0.0.144 "GET /" status: 200 len: 136 microversion: 1.0
2026-02-26 02:44:57.581 8 INFO placement.requestlog [None req-917ea75b-7c17-4f60-9178-203d1a65794d - - - - - -] 10.0.0.144 "GET /" status: 200 len: 136 microversion: 1.0
