+ COMMAND=start + start + for KEYSTONE_WSGI_SCRIPT in keystone-wsgi-public ++ type -p keystone-wsgi-public + cp -a /var/lib/openstack/bin/keystone-wsgi-public /var/www/cgi-bin/keystone/ + '[' -f /etc/apache2/envvars ']' + source /etc/apache2/envvars ++ unset HOME ++ '[' '' '!=' '' ']' ++ SUFFIX= ++ export APACHE_RUN_USER=www-data ++ APACHE_RUN_USER=www-data ++ export APACHE_RUN_GROUP=www-data ++ APACHE_RUN_GROUP=www-data ++ export APACHE_PID_FILE=/var/run/apache2/apache2.pid ++ APACHE_PID_FILE=/var/run/apache2/apache2.pid ++ export APACHE_RUN_DIR=/var/run/apache2 ++ APACHE_RUN_DIR=/var/run/apache2 ++ export APACHE_LOCK_DIR=/var/lock/apache2 ++ APACHE_LOCK_DIR=/var/lock/apache2 ++ export APACHE_LOG_DIR=/var/log/apache2 ++ APACHE_LOG_DIR=/var/log/apache2 ++ export LANG=C ++ LANG=C ++ export LANG + '[' -f /var/run/apache2/apache2.pid ']' + exec apache2 -DFOREGROUND AH00558: apache2: Could not reliably determine the server's fully qualified domain name, using 10.0.0.167. Set the 'ServerName' directive globally to suppress this message AH00558: apache2: Could not reliably determine the server's fully qualified domain name, using 10.0.0.167. Set the 'ServerName' directive globally to suppress this message
[Wed Aug 26 00:28:27.456161 2026] [mpm_event:notice] [pid 1:tid 140255807604608] AH00489: Apache/2.4.58 (Ubuntu) mod_wsgi/5.0.0 Python/3.12 configured -- resuming normal operations
[Wed Aug 26 00:28:27.456506 2026] [core:notice] [pid 1:tid 140255807604608] AH00094: Command line: 'apache2 -D FOREGROUND'
[Wed Aug 26 00:29:26.718892 2026] [wsgi:error] [pid 10:tid 140255169783488] /var/lib/openstack/lib/python3.12/site-packages/oslo_utils/importutils.py:77: EventletDeprecationWarning:
[Wed Aug 26 00:29:26.718931 2026] [wsgi:error] [pid 10:tid 140255169783488] Eventlet is deprecated. It is currently being maintained in bugfix mode, and
[Wed Aug 26 00:29:26.718933 2026] [wsgi:error] [pid 10:tid 140255169783488] we strongly recommend against using it for new projects.
[Wed Aug 26 00:29:26.718934 2026] [wsgi:error] [pid 10:tid 140255169783488]
[Wed Aug 26 00:29:26.718935 2026] [wsgi:error] [pid 10:tid 140255169783488] If you are already using Eventlet, we recommend migrating to a different
[Wed Aug 26 00:29:26.718936 2026] [wsgi:error] [pid 10:tid 140255169783488] framework. For more detail see
[Wed Aug 26 00:29:26.718937 2026] [wsgi:error] [pid 10:tid 140255169783488] https://eventlet.readthedocs.io/en/latest/asyncio/migration.html
[Wed Aug 26 00:29:26.718938 2026] [wsgi:error] [pid 10:tid 140255169783488]
[Wed Aug 26 00:29:26.718939 2026] [wsgi:error] [pid 10:tid 140255169783488] __import__(import_str)
[Wed Aug 26 00:29:26.728216 2026] [wsgi:error] [pid 11:tid 140255169783488] /var/lib/openstack/lib/python3.12/site-packages/oslo_utils/importutils.py:77: EventletDeprecationWarning:
[Wed Aug 26 00:29:26.728257 2026] [wsgi:error] [pid 11:tid 140255169783488] Eventlet is deprecated. It is currently being maintained in bugfix mode, and
[Wed Aug 26 00:29:26.728259 2026] [wsgi:error] [pid 11:tid 140255169783488] we strongly recommend against using it for new projects.
[Wed Aug 26 00:29:26.728260 2026] [wsgi:error] [pid 11:tid 140255169783488]
[Wed Aug 26 00:29:26.728262 2026] [wsgi:error] [pid 11:tid 140255169783488] If you are already using Eventlet, we recommend migrating to a different
[Wed Aug 26 00:29:26.728263 2026] [wsgi:error] [pid 11:tid 140255169783488] framework. For more detail see
[Wed Aug 26 00:29:26.728264 2026] [wsgi:error] [pid 11:tid 140255169783488] https://eventlet.readthedocs.io/en/latest/asyncio/migration.html
[Wed Aug 26 00:29:26.728265 2026] [wsgi:error] [pid 11:tid 140255169783488]
[Wed Aug 26 00:29:26.728266 2026] [wsgi:error] [pid 11:tid 140255169783488] __import__(import_str) 10.0.0.3 - - [26/Aug/2026:00:29:25 +0000] "GET /v3/ HTTP/1.1" 200 250 10.0.0.3 - - [26/Aug/2026:00:29:25 +0000] "GET /v3/ HTTP/1.1" 200 250
[Wed Aug 26 00:29:40.512562 2026] [wsgi:error] [pid 12:tid 140255169783488] /var/lib/openstack/lib/python3.12/site-packages/oslo_utils/importutils.py:77: EventletDeprecationWarning:
[Wed Aug 26 00:29:40.512602 2026] [wsgi:error] [pid 12:tid 140255169783488] Eventlet is deprecated. It is currently being maintained in bugfix mode, and
[Wed Aug 26 00:29:40.512604 2026] [wsgi:error] [pid 12:tid 140255169783488] we strongly recommend against using it for new projects.
[Wed Aug 26 00:29:40.512605 2026] [wsgi:error] [pid 12:tid 140255169783488]
[Wed Aug 26 00:29:40.512606 2026] [wsgi:error] [pid 12:tid 140255169783488] If you are already using Eventlet, we recommend migrating to a different
[Wed Aug 26 00:29:40.512607 2026] [wsgi:error] [pid 12:tid 140255169783488] framework. For more detail see
[Wed Aug 26 00:29:40.512609 2026] [wsgi:error] [pid 12:tid 140255169783488] https://eventlet.readthedocs.io/en/latest/asyncio/migration.html
[Wed Aug 26 00:29:40.512610 2026] [wsgi:error] [pid 12:tid 140255169783488]
[Wed Aug 26 00:29:40.512611 2026] [wsgi:error] [pid 12:tid 140255169783488] __import__(import_str) 10.0.0.62 - - [26/Aug/2026:00:29:39 +0000] "GET / HTTP/1.1" 300 295
[Wed Aug 26 00:29:45.931112 2026] [wsgi:error] [pid 9:tid 140255169783488] /var/lib/openstack/lib/python3.12/site-packages/oslo_utils/importutils.py:77: EventletDeprecationWarning:
[Wed Aug 26 00:29:45.931150 2026] [wsgi:error] [pid 9:tid 140255169783488] Eventlet is deprecated. It is currently being maintained in bugfix mode, and
[Wed Aug 26 00:29:45.931152 2026] [wsgi:error] [pid 9:tid 140255169783488] we strongly recommend against using it for new projects.
[Wed Aug 26 00:29:45.931153 2026] [wsgi:error] [pid 9:tid 140255169783488]
[Wed Aug 26 00:29:45.931154 2026] [wsgi:error] [pid 9:tid 140255169783488] If you are already using Eventlet, we recommend migrating to a different
[Wed Aug 26 00:29:45.931155 2026] [wsgi:error] [pid 9:tid 140255169783488] framework. For more detail see
[Wed Aug 26 00:29:45.931157 2026] [wsgi:error] [pid 9:tid 140255169783488] https://eventlet.readthedocs.io/en/latest/asyncio/migration.html
[Wed Aug 26 00:29:45.931158 2026] [wsgi:error] [pid 9:tid 140255169783488]
[Wed Aug 26 00:29:45.931159 2026] [wsgi:error] [pid 9:tid 140255169783488] __import__(import_str)
[Wed Aug 26 00:29:50.666625 2026] [wsgi:error] [pid 9:tid 140255169783488] [remote 10.0.0.62:56204] 2026-08-26 00:29:50.663 9 WARNING keystone.identity.core [None req-eaaa913a-051f-47d7-a8ec-110e7af8f741 - - - - - -] Invalid domain name (atmosphere) found in config file name: keystone.exception.DomainNotFound: Could not find domain: atmosphere.
[Wed Aug 26 00:29:50.725323 2026] [wsgi:error] [pid 9:tid 140255169783488] [remote 10.0.0.62:56204] 2026-08-26 00:29:50.724 9 WARNING keystone.common.password_hashing [None req-eaaa913a-051f-47d7-a8ec-110e7af8f741 - - - - - -] Truncating password to algorithm specific maximum length 72 characters.
[Wed Aug 26 00:29:51.019003 2026] [wsgi:error] [pid 9:tid 140255169783488] [remote 10.0.0.62:56204] 2026-08-26 00:29:51.018 9 WARNING keystone.common.fernet_utils [None req-eaaa913a-051f-47d7-a8ec-110e7af8f741 - - - - - -] key_repository is world readable: /etc/keystone/fernet-keys/ 10.0.0.62 - - [26/Aug/2026:00:29:45 +0000] "POST /v3/auth/tokens HTTP/1.1" 201 1360
[Wed Aug 26 00:29:51.387422 2026] [wsgi:error] [pid 11:tid 140255169783488] [remote 10.0.0.62:56204] 2026-08-26 00:29:51.385 11 WARNING keystone.identity.core [None req-f04685ac-c194-4462-974a-ca3a2bb213d5 - - - - - -] Invalid domain name (atmosphere) found in config file name: keystone.exception.DomainNotFound: Could not find domain: atmosphere. 10.0.0.62 - - [26/Aug/2026:00:29:51 +0000] "POST /v3/domains HTTP/1.1" 201 261 10.0.0.73 - - [26/Aug/2026:00:30:02 +0000] "GET / HTTP/1.1" 300 295
[Wed Aug 26 00:30:03.320031 2026] [wsgi:error] [pid 12:tid 140255169783488] [remote 10.0.0.73:58460] 2026-08-26 00:30:03.319 12 WARNING keystone.common.password_hashing [None req-479b7f5f-dac9-4ffb-9f4b-8c6c75737951 - - - - - -] Truncating password to algorithm specific maximum length 72 characters.
[Wed Aug 26 00:30:03.589429 2026] [wsgi:error] [pid 12:tid 140255169783488] [remote 10.0.0.73:58460] 2026-08-26 00:30:03.589 12 WARNING keystone.common.fernet_utils [None req-479b7f5f-dac9-4ffb-9f4b-8c6c75737951 - - - - - -] key_repository is world readable: /etc/keystone/fernet-keys/ 10.0.0.73 - - [26/Aug/2026:00:30:03 +0000] "POST /v3/auth/tokens HTTP/1.1" 201 1360 10.0.0.73 - - [26/Aug/2026:00:30:03 +0000] "GET /v3/roles/admin HTTP/1.1" 404 83
[Wed Aug 26 00:30:03.861125 2026] [wsgi:error] [pid 11:tid 140255169783488] [remote 10.0.0.73:58460] 2026-08-26 00:30:03.860 11 WARNING keystone.common.rbac_enforcer.enforcer [None req-f0b5ceee-81ef-4bca-8cf4-131ca851fc02 468dceaedc3d47ed9e1c96be52135bf0 06bf85c470fb4dcdb2885529b7913656 - - default default] Deprecated policy rules found. Use oslopolicy-policy-generator and oslopolicy-policy-upgrade to detect and resolve deprecated policies in your configuration. 10.0.0.73 - - [26/Aug/2026:00:30:03 +0000] "GET /v3/roles?name=admin HTTP/1.1" 200 389
[Wed Aug 26 00:30:04.342349 2026] [wsgi:error] [pid 10:tid 140255169783488] [remote 10.0.0.73:58460] 2026-08-26 00:30:04.342 10 WARNING keystone.common.rbac_enforcer.enforcer [None req-2ea21423-5387-4e92-a112-cd88140e47d5 468dceaedc3d47ed9e1c96be52135bf0 06bf85c470fb4dcdb2885529b7913656 - - default default] Deprecated policy rules found. Use oslopolicy-policy-generator and oslopolicy-policy-upgrade to detect and resolve deprecated policies in your configuration. 10.0.0.73 - - [26/Aug/2026:00:30:03 +0000] "GET /v3/users/admin-RegionOne HTTP/1.1" 404 93
[Wed Aug 26 00:30:04.482827 2026] [wsgi:error] [pid 12:tid 140255169783488] [remote 10.0.0.73:58460] 2026-08-26 00:30:04.482 12 WARNING keystone.common.rbac_enforcer.enforcer [None req-a6b95283-dc2c-4565-b64b-4b3ed6a1cdae 468dceaedc3d47ed9e1c96be52135bf0 06bf85c470fb4dcdb2885529b7913656 - - default default] Deprecated policy rules found. Use oslopolicy-policy-generator and oslopolicy-policy-upgrade to detect and resolve deprecated policies in your configuration. 10.0.0.73 - - [26/Aug/2026:00:30:04 +0000] "GET /v3/users?name=admin-RegionOne HTTP/1.1" 200 422
[Wed Aug 26 00:30:04.676300 2026] [wsgi:error] [pid 9:tid 140255169783488] [remote 10.0.0.73:58460] 2026-08-26 00:30:04.676 9 WARNING keystone.common.rbac_enforcer.enforcer [None req-fdf9122b-6b30-4868-8c95-883b003b2605 468dceaedc3d47ed9e1c96be52135bf0 06bf85c470fb4dcdb2885529b7913656 - - default default] Deprecated policy rules found. Use oslopolicy-policy-generator and oslopolicy-policy-upgrade to detect and resolve deprecated policies in your configuration. 10.0.0.73 - - [26/Aug/2026:00:30:04 +0000] "GET /v3/domains/default HTTP/1.1" 200 224 10.0.0.73 - - [26/Aug/2026:00:30:04 +0000] "PUT /v3/domains/default/users/468dceaedc3d47ed9e1c96be52135bf0/roles/dd53e918faef4b09944170460b0af92b HTTP/1.1" 204 - 10.0.0.3 - - [26/Aug/2026:00:30:15 +0000] "GET / HTTP/1.1" 300 281 10.0.0.3 - - [26/Aug/2026:00:30:17 +0000] "GET /v3 HTTP/1.1" 200 266
[Wed Aug 26 00:30:17.065348 2026] [wsgi:error] [pid 9:tid 140255169783488] [remote 10.0.0.3:38946] 2026-08-26 00:30:17.065 9 WARNING keystone.common.password_hashing [None req-304e21ce-8aaf-4182-918c-9fdca83141a5 - - - - - -] Truncating password to algorithm specific maximum length 72 characters.
[Wed Aug 26 00:30:17.338189 2026] [wsgi:error] [pid 9:tid 140255169783488] [remote 10.0.0.3:38946] 2026-08-26 00:30:17.338 9 WARNING keystone.common.fernet_utils [None req-304e21ce-8aaf-4182-918c-9fdca83141a5 - - - - - -] key_repository is world readable: /etc/keystone/fernet-keys/ 10.0.0.3 - - [26/Aug/2026:00:30:17 +0000] "POST /v3/auth/tokens HTTP/1.1" 201 1360 10.0.0.3 - - [26/Aug/2026:00:30:17 +0000] "GET / HTTP/1.1" 300 281 10.0.0.3 - - [26/Aug/2026:00:30:17 +0000] "GET /v3/domains/atmosphere HTTP/1.1" 404 90 10.0.0.3 - - [26/Aug/2026:00:30:17 +0000] "GET /v3/domains?name=atmosphere HTTP/1.1" 200 370 10.0.0.3 - - [26/Aug/2026:00:30:17 +0000] "GET /v3/domains/6a1271568e3248b1bceb096d754c9f4b HTTP/1.1" 200 247 10.0.0.3 - - [26/Aug/2026:00:30:18 +0000] "GET /v3 HTTP/1.1" 200 266
[Wed Aug 26 00:30:18.468563 2026] [wsgi:error] [pid 10:tid 140255169783488] [remote 10.0.0.3:38366] 2026-08-26 00:30:18.467 10 WARNING keystone.common.password_hashing [None req-c4c9a3c2-bfa6-4d39-9d4f-8ad91e8464ea - - - - - -] Truncating password to algorithm specific maximum length 72 characters.
[Wed Aug 26 00:30:18.746420 2026] [wsgi:error] [pid 10:tid 140255169783488] [remote 10.0.0.3:38366] 2026-08-26 00:30:18.746 10 WARNING keystone.common.fernet_utils [None req-c4c9a3c2-bfa6-4d39-9d4f-8ad91e8464ea - - - - - -] key_repository is world readable: /etc/keystone/fernet-keys/ 10.0.0.3 - - [26/Aug/2026:00:30:18 +0000] "POST /v3/auth/tokens HTTP/1.1" 201 1360 10.0.0.3 - - [26/Aug/2026:00:30:18 +0000] "GET / HTTP/1.1" 300 281 10.0.0.3 - - [26/Aug/2026:00:30:18 +0000] "GET /v3/OS-FEDERATION/identity_providers/atmosphere HTTP/1.1" 404 101 10.0.0.3 - - [26/Aug/2026:00:30:18 +0000] "GET /v3/OS-FEDERATION/identity_providers HTTP/1.1" 200 156 10.0.0.3 - - [26/Aug/2026:00:30:18 +0000] "PUT /v3/OS-FEDERATION/identity_providers/atmosphere HTTP/1.1" 201 342 10.0.0.3 - - [26/Aug/2026:00:30:19 +0000] "GET /v3 HTTP/1.1" 200 266
[Wed Aug 26 00:30:19.605659 2026] [wsgi:error] [pid 9:tid 140255169783488] [remote 10.0.0.3:38366] 2026-08-26 00:30:19.605 9 WARNING keystone.common.password_hashing [None req-1342e6a3-b8bd-4dcf-902d-80dc776891e3 - - - - - -] Truncating password to algorithm specific maximum length 72 characters.
[Wed Aug 26 00:30:19.878887 2026] [wsgi:error] [pid 9:tid 140255169783488] [remote 10.0.0.3:38366] 2026-08-26 00:30:19.878 9 WARNING keystone.common.fernet_utils [None req-1342e6a3-b8bd-4dcf-902d-80dc776891e3 - - - - - -] key_repository is world readable: /etc/keystone/fernet-keys/ 10.0.0.3 - - [26/Aug/2026:00:30:19 +0000] "POST /v3/auth/tokens HTTP/1.1" 201 1360 10.0.0.3 - - [26/Aug/2026:00:30:19 +0000] "GET / HTTP/1.1" 300 281 10.0.0.3 - - [26/Aug/2026:00:30:19 +0000] "GET /v3/OS-FEDERATION/mappings/atmosphere-openid HTTP/1.1" 404 98 10.0.0.3 - - [26/Aug/2026:00:30:19 +0000] "GET /v3/OS-FEDERATION/mappings HTTP/1.1" 200 136 10.0.0.3 - - [26/Aug/2026:00:30:19 +0000] "PUT /v3/OS-FEDERATION/mappings/atmosphere-openid HTTP/1.1" 201 357 10.0.0.3 - - [26/Aug/2026:00:30:20 +0000] "GET /v3 HTTP/1.1" 200 266
[Wed Aug 26 00:30:20.742284 2026] [wsgi:error] [pid 10:tid 140255169783488] [remote 10.0.0.3:38366] 2026-08-26 00:30:20.742 10 WARNING keystone.common.password_hashing [None req-1fe75bb8-fcd7-40d3-b65d-b8120b352c80 - - - - - -] Truncating password to algorithm specific maximum length 72 characters.
[Wed Aug 26 00:30:21.042477 2026] [wsgi:error] [pid 10:tid 140255169783488] [remote 10.0.0.3:38366] 2026-08-26 00:30:21.042 10 WARNING keystone.common.fernet_utils [None req-1fe75bb8-fcd7-40d3-b65d-b8120b352c80 - - - - - -] key_repository is world readable: /etc/keystone/fernet-keys/ 10.0.0.3 - - [26/Aug/2026:00:30:20 +0000] "POST /v3/auth/tokens HTTP/1.1" 201 1360 10.0.0.3 - - [26/Aug/2026:00:30:21 +0000] "GET / HTTP/1.1" 300 281 10.0.0.3 - - [26/Aug/2026:00:30:21 +0000] "GET /v3/OS-FEDERATION/identity_providers/atmosphere/protocols/openid?idp_id=atmosphere HTTP/1.1" 404 131 10.0.0.3 - - [26/Aug/2026:00:30:21 +0000] "GET /v3/OS-FEDERATION/identity_providers/atmosphere/protocols HTTP/1.1" 200 168 10.0.0.3 - - [26/Aug/2026:00:30:21 +0000] "PUT /v3/OS-FEDERATION/identity_providers/atmosphere/protocols/openid HTTP/1.1" 201 224 10.0.0.3 - - [26/Aug/2026:00:30:25 +0000] "GET /v3/ HTTP/1.1" 200 250 10.0.0.3 - - [26/Aug/2026:00:30:25 +0000] "GET /v3/ HTTP/1.1" 200 250 10.0.0.3 - - [26/Aug/2026:00:31:25 +0000] "GET /v3/ HTTP/1.1" 200 250 10.0.0.3 - - [26/Aug/2026:00:31:25 +0000] "GET /v3/ HTTP/1.1" 200 250 10.0.0.42 - - [26/Aug/2026:00:31:45 +0000] "GET / HTTP/1.1" 300 295
[Wed Aug 26 00:31:45.817907 2026] [wsgi:error] [pid 9:tid 140255169783488] [remote 10.0.0.42:59026] 2026-08-26 00:31:45.817 9 WARNING keystone.common.password_hashing [None req-2b4042f6-e68e-48f8-abf3-f67f93e2cdde - - - - - -] Truncating password to algorithm specific maximum length 72 characters.
[Wed Aug 26 00:31:46.102538 2026] [wsgi:error] [pid 9:tid 140255169783488] [remote 10.0.0.42:59026] 2026-08-26 00:31:46.102 9 WARNING keystone.common.fernet_utils [None req-2b4042f6-e68e-48f8-abf3-f67f93e2cdde - - - - - -] key_repository is world readable: /etc/keystone/fernet-keys/ 10.0.0.42 - - [26/Aug/2026:00:31:45 +0000] "POST /v3/auth/tokens HTTP/1.1" 201 1360 10.0.0.42 - - [26/Aug/2026:00:31:46 +0000] "GET /v3/services HTTP/1.1" 200 355 10.0.0.42 - - [26/Aug/2026:00:31:49 +0000] "GET / HTTP/1.1" 300 295
[Wed Aug 26 00:31:49.769934 2026] [wsgi:error] [pid 12:tid 140255169783488] [remote 10.0.0.42:33270] 2026-08-26 00:31:49.769 12 WARNING keystone.common.password_hashing [None req-d3e9f7ba-a833-4a11-a1c9-77e52e4b2478 - - - - - -] Truncating password to algorithm specific maximum length 72 characters.
[Wed Aug 26 00:31:50.043922 2026] [wsgi:error] [pid 12:tid 140255169783488] [remote 10.0.0.42:33270] 2026-08-26 00:31:50.043 12 WARNING keystone.common.fernet_utils [None req-d3e9f7ba-a833-4a11-a1c9-77e52e4b2478 - - - - - -] key_repository is world readable: /etc/keystone/fernet-keys/ 10.0.0.42 - - [26/Aug/2026:00:31:49 +0000] "POST /v3/auth/tokens HTTP/1.1" 201 1360 10.0.0.42 - - [26/Aug/2026:00:31:50 +0000] "GET /v3/services HTTP/1.1" 200 355 10.0.0.42 - - [26/Aug/2026:00:31:53 +0000] "GET / HTTP/1.1" 300 295
[Wed Aug 26 00:31:53.664765 2026] [wsgi:error] [pid 10:tid 140255169783488] [remote 10.0.0.42:33282] 2026-08-26 00:31:53.664 10 WARNING keystone.common.password_hashing [None req-f20b758a-c37e-4421-84e2-e8d01c9bfaa4 - - - - - -] Truncating password to algorithm specific maximum length 72 characters.
[Wed Aug 26 00:31:53.952809 2026] [wsgi:error] [pid 10:tid 140255169783488] [remote 10.0.0.42:33282] 2026-08-26 00:31:53.952 10 WARNING keystone.common.fernet_utils [None req-f20b758a-c37e-4421-84e2-e8d01c9bfaa4 - - - - - -] key_repository is world readable: /etc/keystone/fernet-keys/ 10.0.0.42 - - [26/Aug/2026:00:31:53 +0000] "POST /v3/auth/tokens HTTP/1.1" 201 1360 10.0.0.42 - - [26/Aug/2026:00:31:54 +0000] "GET /v3/services HTTP/1.1" 200 355 10.0.0.42 - - [26/Aug/2026:00:31:57 +0000] "GET / HTTP/1.1" 300 295
[Wed Aug 26 00:31:57.601133 2026] [wsgi:error] [pid 11:tid 140255169783488] [remote 10.0.0.42:47898] 2026-08-26 00:31:57.600 11 WARNING keystone.common.password_hashing [None req-a30ac670-b724-4b28-861a-e689fe4fd27f - - - - - -] Truncating password to algorithm specific maximum length 72 characters.
[Wed Aug 26 00:31:57.888390 2026] [wsgi:error] [pid 11:tid 140255169783488] [remote 10.0.0.42:47898] 2026-08-26 00:31:57.888 11 WARNING keystone.common.fernet_utils [None req-a30ac670-b724-4b28-861a-e689fe4fd27f - - - - - -] key_repository is world readable: /etc/keystone/fernet-keys/ 10.0.0.42 - - [26/Aug/2026:00:31:57 +0000] "POST /v3/auth/tokens HTTP/1.1" 201 1360 10.0.0.42 - - [26/Aug/2026:00:31:58 +0000] "POST /v3/services HTTP/1.1" 201 296 10.0.0.147 - - [26/Aug/2026:00:32:09 +0000] "GET / HTTP/1.1" 300 295
[Wed Aug 26 00:32:09.136905 2026] [wsgi:error] [pid 9:tid 140255169783488] [remote 10.0.0.147:59488] 2026-08-26 00:32:09.136 9 WARNING keystone.common.password_hashing [None req-dcc8e64a-e9da-443d-8362-0ecc22a80113 - - - - - -] Truncating password to algorithm specific maximum length 72 characters. 10.0.0.147 - - [26/Aug/2026:00:32:09 +0000] "GET / HTTP/1.1" 300 295
[Wed Aug 26 00:32:09.161704 2026] [wsgi:error] [pid 10:tid 140255169783488] [remote 10.0.0.147:59504] 2026-08-26 00:32:09.161 10 WARNING keystone.common.password_hashing [None req-c6b306ab-fcc2-4b3f-90f5-50b5344d85b6 - - - - - -] Truncating password to algorithm specific maximum length 72 characters. 10.0.0.147 - - [26/Aug/2026:00:32:09 +0000] "GET / HTTP/1.1" 300 295
[Wed Aug 26 00:32:09.329404 2026] [wsgi:error] [pid 11:tid 140255169783488] [remote 10.0.0.147:59510] 2026-08-26 00:32:09.329 11 WARNING keystone.common.password_hashing [None req-efe39db1-dc8c-4032-9ec3-cc90f65e1b95 - - - - - -] Truncating password to algorithm specific maximum length 72 characters.
[Wed Aug 26 00:32:09.406704 2026] [wsgi:error] [pid 9:tid 140255169783488] [remote 10.0.0.147:59488] 2026-08-26 00:32:09.406 9 WARNING keystone.common.fernet_utils [None req-dcc8e64a-e9da-443d-8362-0ecc22a80113 - - - - - -] key_repository is world readable: /etc/keystone/fernet-keys/ 10.0.0.147 - - [26/Aug/2026:00:32:09 +0000] "POST /v3/auth/tokens HTTP/1.1" 201 1464
[Wed Aug 26 00:32:09.442732 2026] [wsgi:error] [pid 10:tid 140255169783488] [remote 10.0.0.147:59504] 2026-08-26 00:32:09.442 10 WARNING keystone.common.fernet_utils [None req-c6b306ab-fcc2-4b3f-90f5-50b5344d85b6 - - - - - -] key_repository is world readable: /etc/keystone/fernet-keys/ 10.0.0.147 - - [26/Aug/2026:00:32:09 +0000] "POST /v3/auth/tokens HTTP/1.1" 201 1464 10.0.0.147 - - [26/Aug/2026:00:32:09 +0000] "GET /v3/services HTTP/1.1" 200 639 10.0.0.147 - - [26/Aug/2026:00:32:09 +0000] "GET /v3/services HTTP/1.1" 200 639
[Wed Aug 26 00:32:09.617835 2026] [wsgi:error] [pid 11:tid 140255169783488] [remote 10.0.0.147:59510] 2026-08-26 00:32:09.617 11 WARNING keystone.common.fernet_utils [None req-efe39db1-dc8c-4032-9ec3-cc90f65e1b95 - - - - - -] key_repository is world readable: /etc/keystone/fernet-keys/ 10.0.0.147 - - [26/Aug/2026:00:32:09 +0000] "POST /v3/auth/tokens HTTP/1.1" 201 1464 10.0.0.147 - - [26/Aug/2026:00:32:09 +0000] "GET /v3/services HTTP/1.1" 200 639 10.0.0.147 - - [26/Aug/2026:00:32:11 +0000] "GET / HTTP/1.1" 300 295 10.0.0.147 - - [26/Aug/2026:00:32:11 +0000] "GET / HTTP/1.1" 300 295
[Wed Aug 26 00:32:11.138436 2026] [wsgi:error] [pid 9:tid 140255169783488] [remote 10.0.0.147:59522] 2026-08-26 00:32:11.138 9 WARNING keystone.common.password_hashing [None req-5122e9da-5d2c-414f-9777-f04654eb0318 - - - - - -] Truncating password to algorithm specific maximum length 72 characters.
[Wed Aug 26 00:32:11.144129 2026] [wsgi:error] [pid 10:tid 140255169783488] [remote 10.0.0.147:59536] 2026-08-26 00:32:11.143 10 WARNING keystone.common.password_hashing [None req-9bc80571-7cc1-48df-aea6-36870bcbed6d - - - - - -] Truncating password to algorithm specific maximum length 72 characters. 10.0.0.147 - - [26/Aug/2026:00:32:11 +0000] "GET / HTTP/1.1" 300 295
[Wed Aug 26 00:32:11.250202 2026] [wsgi:error] [pid 11:tid 140255169783488] [remote 10.0.0.147:59538] 2026-08-26 00:32:11.250 11 WARNING keystone.common.password_hashing [None req-3f82fafc-c94c-4fb6-a7ca-1486d1b6a42b - - - - - -] Truncating password to algorithm specific maximum length 72 characters.
[Wed Aug 26 00:32:11.410677 2026] [wsgi:error] [pid 9:tid 140255169783488] [remote 10.0.0.147:59522] 2026-08-26 00:32:11.410 9 WARNING keystone.common.fernet_utils [None req-5122e9da-5d2c-414f-9777-f04654eb0318 - - - - - -] key_repository is world readable: /etc/keystone/fernet-keys/ 10.0.0.147 - - [26/Aug/2026:00:32:11 +0000] "POST /v3/auth/tokens HTTP/1.1" 201 1464
[Wed Aug 26 00:32:11.426789 2026] [wsgi:error] [pid 10:tid 140255169783488] [remote 10.0.0.147:59536] 2026-08-26 00:32:11.426 10 WARNING keystone.common.fernet_utils [None req-9bc80571-7cc1-48df-aea6-36870bcbed6d - - - - - -] key_repository is world readable: /etc/keystone/fernet-keys/ 10.0.0.147 - - [26/Aug/2026:00:32:11 +0000] "POST /v3/auth/tokens HTTP/1.1" 201 1464
[Wed Aug 26 00:32:11.519091 2026] [wsgi:error] [pid 11:tid 140255169783488] [remote 10.0.0.147:59538] 2026-08-26 00:32:11.518 11 WARNING keystone.common.fernet_utils [None req-3f82fafc-c94c-4fb6-a7ca-1486d1b6a42b - - - - - -] key_repository is world readable: /etc/keystone/fernet-keys/ 10.0.0.147 - - [26/Aug/2026:00:32:11 +0000] "POST /v3/auth/tokens HTTP/1.1" 201 1464 10.0.0.147 - - [26/Aug/2026:00:32:11 +0000] "GET /v3/endpoints HTTP/1.1" 200 1227 10.0.0.147 - - [26/Aug/2026:00:32:11 +0000] "GET /v3/endpoints HTTP/1.1" 200 1227 10.0.0.147 - - [26/Aug/2026:00:32:11 +0000] "GET /v3/services/aafa1479e62d46d993d35e693c8d4c22 HTTP/1.1" 200 233 10.0.0.147 - - [26/Aug/2026:00:32:11 +0000] "GET /v3/services/aafa1479e62d46d993d35e693c8d4c22 HTTP/1.1" 200 233 10.0.0.147 - - [26/Aug/2026:00:32:11 +0000] "GET /v3/services/aafa1479e62d46d993d35e693c8d4c22 HTTP/1.1" 200 233 10.0.0.147 - - [26/Aug/2026:00:32:11 +0000] "GET /v3/services/aafa1479e62d46d993d35e693c8d4c22 HTTP/1.1" 200 233 10.0.0.147 - - [26/Aug/2026:00:32:11 +0000] "GET /v3/services/aafa1479e62d46d993d35e693c8d4c22 HTTP/1.1" 200 233 10.0.0.147 - - [26/Aug/2026:00:32:11 +0000] "GET /v3/services/aafa1479e62d46d993d35e693c8d4c22 HTTP/1.1" 200 233 10.0.0.147 - - [26/Aug/2026:00:32:11 +0000] "GET /v3/endpoints HTTP/1.1" 200 1227 10.0.0.147 - - [26/Aug/2026:00:32:11 +0000] "GET /v3/services/aafa1479e62d46d993d35e693c8d4c22 HTTP/1.1" 200 233 10.0.0.147 - - [26/Aug/2026:00:32:11 +0000] "GET /v3/services/aafa1479e62d46d993d35e693c8d4c22 HTTP/1.1" 200 233 10.0.0.147 - - [26/Aug/2026:00:32:11 +0000] "GET /v3/services/aafa1479e62d46d993d35e693c8d4c22 HTTP/1.1" 200 233 10.0.0.147 - - [26/Aug/2026:00:32:13 +0000] "GET / HTTP/1.1" 300 295
[Wed Aug 26 00:32:13.087248 2026] [wsgi:error] [pid 9:tid 140255169783488] [remote 10.0.0.147:59548] 2026-08-26 00:32:13.087 9 WARNING keystone.common.password_hashing [None req-920ca99e-3784-472d-8639-42aa87d70910 - - - - - -] Truncating password to algorithm specific maximum length 72 characters. 10.0.0.147 - - [26/Aug/2026:00:32:13 +0000] "GET / HTTP/1.1" 300 295
[Wed Aug 26 00:32:13.115374 2026] [wsgi:error] [pid 11:tid 140255169783488] [remote 10.0.0.147:59556] 2026-08-26 00:32:13.115 11 WARNING keystone.common.password_hashing [None req-ea6e5adb-69e7-49a5-8a9d-04540eb6ec4a - - - - - -] Truncating password to algorithm specific maximum length 72 characters. 10.0.0.147 - - [26/Aug/2026:00:32:13 +0000] "GET / HTTP/1.1" 300 295
[Wed Aug 26 00:32:13.175032 2026] [wsgi:error] [pid 10:tid 140255169783488] [remote 10.0.0.147:59568] 2026-08-26 00:32:13.174 10 WARNING keystone.common.password_hashing [None req-06cb86b7-b86c-46e7-b5e9-9626aa250c43 - - - - - -] Truncating password to algorithm specific maximum length 72 characters.
[Wed Aug 26 00:32:13.363093 2026] [wsgi:error] [pid 9:tid 140255169783488] [remote 10.0.0.147:59548] 2026-08-26 00:32:13.362 9 WARNING keystone.common.fernet_utils [None req-920ca99e-3784-472d-8639-42aa87d70910 - - - - - -] key_repository is world readable: /etc/keystone/fernet-keys/ 10.0.0.147 - - [26/Aug/2026:00:32:13 +0000] "POST /v3/auth/tokens HTTP/1.1" 201 1464
[Wed Aug 26 00:32:13.388265 2026] [wsgi:error] [pid 11:tid 140255169783488] [remote 10.0.0.147:59556] 2026-08-26 00:32:13.388 11 WARNING keystone.common.fernet_utils [None req-ea6e5adb-69e7-49a5-8a9d-04540eb6ec4a - - - - - -] key_repository is world readable: /etc/keystone/fernet-keys/ 10.0.0.147 - - [26/Aug/2026:00:32:13 +0000] "POST /v3/auth/tokens HTTP/1.1" 201 1464
[Wed Aug 26 00:32:13.453590 2026] [wsgi:error] [pid 10:tid 140255169783488] [remote 10.0.0.147:59568] 2026-08-26 00:32:13.453 10 WARNING keystone.common.fernet_utils [None req-06cb86b7-b86c-46e7-b5e9-9626aa250c43 - - - - - -] key_repository is world readable: /etc/keystone/fernet-keys/ 10.0.0.147 - - [26/Aug/2026:00:32:13 +0000] "POST /v3/auth/tokens HTTP/1.1" 201 1464 10.0.0.147 - - [26/Aug/2026:00:32:13 +0000] "GET /v3/services/c08cfdce12174c00a5c7d2952f17141b HTTP/1.1" 200 296 10.0.0.147 - - [26/Aug/2026:00:32:13 +0000] "GET /v3/services/c08cfdce12174c00a5c7d2952f17141b HTTP/1.1" 200 296 10.0.0.147 - - [26/Aug/2026:00:32:13 +0000] "GET /v3/regions/RegionOne HTTP/1.1" 200 173 10.0.0.147 - - [26/Aug/2026:00:32:13 +0000] "GET /v3/regions/RegionOne HTTP/1.1" 200 173 10.0.0.147 - - [26/Aug/2026:00:32:13 +0000] "GET /v3/services/c08cfdce12174c00a5c7d2952f17141b HTTP/1.1" 200 296 10.0.0.147 - - [26/Aug/2026:00:32:13 +0000] "GET /v3/regions/RegionOne HTTP/1.1" 200 173 10.0.0.147 - - [26/Aug/2026:00:32:13 +0000] "POST /v3/endpoints HTTP/1.1" 201 370 10.0.0.147 - - [26/Aug/2026:00:32:13 +0000] "POST /v3/endpoints HTTP/1.1" 201 380 10.0.0.147 - - [26/Aug/2026:00:32:13 +0000] "POST /v3/endpoints HTTP/1.1" 201 383 10.0.0.147 - - [26/Aug/2026:00:32:15 +0000] "GET / HTTP/1.1" 300 295
[Wed Aug 26 00:32:15.153212 2026] [wsgi:error] [pid 11:tid 140255169783488] [remote 10.0.0.147:59574] 2026-08-26 00:32:15.153 11 WARNING keystone.common.password_hashing [None req-88a8db9a-c7fa-4b21-9d42-03f78c4ce0be - - - - - -] Truncating password to algorithm specific maximum length 72 characters. 10.0.0.147 - - [26/Aug/2026:00:32:15 +0000] "GET / HTTP/1.1" 300 295 10.0.0.147 - - [26/Aug/2026:00:32:15 +0000] "GET / HTTP/1.1" 300 295
[Wed Aug 26 00:32:15.197707 2026] [wsgi:error] [pid 9:tid 140255169783488] [remote 10.0.0.147:59576] 2026-08-26 00:32:15.197 9 WARNING keystone.common.password_hashing [None req-33b53c3d-4070-43d5-a6ec-7ba01b650141 - - - - - -] Truncating password to algorithm specific maximum length 72 characters.
[Wed Aug 26 00:32:15.209078 2026] [wsgi:error] [pid 12:tid 140255169783488] [remote 10.0.0.147:59590] 2026-08-26 00:32:15.208 12 WARNING keystone.common.password_hashing [None req-afa2fa00-79e6-4e62-ba81-4535ef1a958b - - - - - -] Truncating password to algorithm specific maximum length 72 characters.
[Wed Aug 26 00:32:15.428580 2026] [wsgi:error] [pid 11:tid 140255169783488] [remote 10.0.0.147:59574] 2026-08-26 00:32:15.428 11 WARNING keystone.common.fernet_utils [None req-88a8db9a-c7fa-4b21-9d42-03f78c4ce0be - - - - - -] key_repository is world readable: /etc/keystone/fernet-keys/ 10.0.0.147 - - [26/Aug/2026:00:32:15 +0000] "POST /v3/auth/tokens HTTP/1.1" 201 1992
[Wed Aug 26 00:32:15.481541 2026] [wsgi:error] [pid 12:tid 140255169783488] [remote 10.0.0.147:59590] 2026-08-26 00:32:15.481 12 WARNING keystone.common.fernet_utils [None req-afa2fa00-79e6-4e62-ba81-4535ef1a958b - - - - - -] key_repository is world readable: /etc/keystone/fernet-keys/ 10.0.0.147 - - [26/Aug/2026:00:32:15 +0000] "POST /v3/auth/tokens HTTP/1.1" 201 1992
[Wed Aug 26 00:32:15.494117 2026] [wsgi:error] [pid 9:tid 140255169783488] [remote 10.0.0.147:59576] 2026-08-26 00:32:15.493 9 WARNING keystone.common.fernet_utils [None req-33b53c3d-4070-43d5-a6ec-7ba01b650141 - - - - - -] key_repository is world readable: /etc/keystone/fernet-keys/ 10.0.0.147 - - [26/Aug/2026:00:32:15 +0000] "POST /v3/auth/tokens HTTP/1.1" 201 1992 10.0.0.147 - - [26/Aug/2026:00:32:15 +0000] "GET /v3/endpoints/98b17eb76e1a4554a166a03faf0ea1f6 HTTP/1.1" 200 370 10.0.0.147 - - [26/Aug/2026:00:32:15 +0000] "GET /v3/services/c08cfdce12174c00a5c7d2952f17141b HTTP/1.1" 200 296 10.0.0.147 - - [26/Aug/2026:00:32:15 +0000] "GET /v3/endpoints/f53e212bd56a4134b8f156e985af1c4a HTTP/1.1" 200 383 10.0.0.147 - - [26/Aug/2026:00:32:15 +0000] "GET /v3/endpoints/ce6ed86bc8c342f6aef70a2f0d0a5532 HTTP/1.1" 200 380 10.0.0.147 - - [26/Aug/2026:00:32:15 +0000] "GET /v3/services/c08cfdce12174c00a5c7d2952f17141b HTTP/1.1" 200 296 10.0.0.147 - - [26/Aug/2026:00:32:15 +0000] "GET /v3/services/c08cfdce12174c00a5c7d2952f17141b HTTP/1.1" 200 296 10.0.0.3 - - [26/Aug/2026:00:32:25 +0000] "GET /v3/ HTTP/1.1" 200 250 10.0.0.3 - - [26/Aug/2026:00:32:25 +0000] "GET /v3/ HTTP/1.1" 200 250 10.0.0.163 - - [26/Aug/2026:00:32:28 +0000] "GET / HTTP/1.1" 300 295
[Wed Aug 26 00:32:28.195616 2026] [wsgi:error] [pid 11:tid 140255169783488] [remote 10.0.0.163:50796] 2026-08-26 00:32:28.195 11 WARNING keystone.common.password_hashing [None req-790b02a4-8b84-4f28-84b0-7b6df03dfab7 - - - - - -] Truncating password to algorithm specific maximum length 72 characters.
[Wed Aug 26 00:32:28.466087 2026] [wsgi:error] [pid 11:tid 140255169783488] [remote 10.0.0.163:50796] 2026-08-26 00:32:28.465 11 WARNING keystone.common.fernet_utils [None req-790b02a4-8b84-4f28-84b0-7b6df03dfab7 - - - - - -] key_repository is world readable: /etc/keystone/fernet-keys/ 10.0.0.163 - - [26/Aug/2026:00:32:28 +0000] "POST /v3/auth/tokens HTTP/1.1" 201 1992 10.0.0.163 - - [26/Aug/2026:00:32:28 +0000] "POST /v3/domains HTTP/1.1" 201 284 10.0.0.163 - - [26/Aug/2026:00:32:30 +0000] "GET / HTTP/1.1" 300 295
[Wed Aug 26 00:32:30.319746 2026] [wsgi:error] [pid 10:tid 140255169783488] [remote 10.0.0.163:50800] 2026-08-26 00:32:30.319 10 WARNING keystone.common.password_hashing [None req-7568d413-e9f7-4c9c-a35b-95c05e0e6027 - - - - - -] Truncating password to algorithm specific maximum length 72 characters.
[Wed Aug 26 00:32:30.601227 2026] [wsgi:error] [pid 10:tid 140255169783488] [remote 10.0.0.163:50800] 2026-08-26 00:32:30.601 10 WARNING keystone.common.fernet_utils [None req-7568d413-e9f7-4c9c-a35b-95c05e0e6027 - - - - - -] key_repository is world readable: /etc/keystone/fernet-keys/ 10.0.0.163 - - [26/Aug/2026:00:32:30 +0000] "POST /v3/auth/tokens HTTP/1.1" 201 1992
[Wed Aug 26 00:32:30.798872 2026] [wsgi:error] [pid 11:tid 140255169783488] [remote 10.0.0.163:50800] 2026-08-26 00:32:30.785 11 ERROR keystone.server.flask.application [None req-d3a61bf5-4943-4ed3-8646-c089d52ab162 468dceaedc3d47ed9e1c96be52135bf0 06bf85c470fb4dcdb2885529b7913656 - - default default] Conflict occurred attempting to store project - it is not permitted to have two projects acting as domains with the same name: service.: keystone.exception.Conflict: Conflict occurred attempting to store project - it is not permitted to have two projects acting as domains with the same name: service.
[Wed Aug 26 00:32:30.798893 2026] [wsgi:error] [pid 11:tid 140255169783488] [remote 10.0.0.163:50800] 2026-08-26 00:32:30.785 11 ERROR keystone.server.flask.application
Traceback (most recent call last):
[Wed Aug 26 00:32:30.798895 2026] [wsgi:error] [pid 11:tid 140255169783488] [remote 10.0.0.163:50800] 2026-08-26 00:32:30.785 11 ERROR keystone.server.flask.application
File "/var/lib/openstack/lib/python3.12/site-packages/sqlalchemy/engine/base.py", line 1969, in _exec_single_context
[Wed Aug 26 00:32:30.798897 2026] [wsgi:error] [pid 11:tid 140255169783488] [remote 10.0.0.163:50800] 2026-08-26 00:32:30.785 11 ERROR keystone.server.flask.application self.dialect.do_execute(
[Wed Aug 26 00:32:30.798899 2026] [wsgi:error] [pid 11:tid 140255169783488] [remote 10.0.0.163:50800] 2026-08-26 00:32:30.785 11 ERROR keystone.server.flask.application
File "/var/lib/openstack/lib/python3.12/site-packages/sqlalchemy/engine/default.py", line 952, in do_execute
[Wed Aug 26 00:32:30.798901 2026] [wsgi:error] [pid 11:tid 140255169783488] [remote 10.0.0.163:50800] 2026-08-26 00:32:30.785 11 ERROR keystone.server.flask.application cursor.execute(statement, parameters)
[Wed Aug 26 00:32:30.798902 2026] [wsgi:error] [pid 11:tid 140255169783488] [remote 10.0.0.163:50800] 2026-08-26 00:32:30.785 11 ERROR keystone.server.flask.application
File "/var/lib/openstack/lib/python3.12/site-packages/pymysql/cursors.py", line 159, in execute
[Wed Aug 26 00:32:30.798903 2026] [wsgi:error] [pid 11:tid 140255169783488] [remote 10.0.0.163:50800] 2026-08-26 00:32:30.785 11 ERROR keystone.server.flask.application result = self._query(query)
[Wed Aug 26 00:32:30.798905 2026] [wsgi:error] [pid 11:tid 140255169783488] [remote 10.0.0.163:50800] 2026-08-26 00:32:30.785 11 ERROR keystone.server.flask.application ^^^^^^^^^^^^^^^^^^
[Wed Aug 26 00:32:30.798906 2026] [wsgi:error] [pid 11:tid 140255169783488] [remote 10.0.0.163:50800] 2026-08-26 00:32:30.785 11 ERROR keystone.server.flask.application
File "/var/lib/openstack/lib/python3.12/site-packages/pymysql/cursors.py", line 330, in _query
[Wed Aug 26 00:32:30.798908 2026] [wsgi:error] [pid 11:tid 140255169783488] [remote 10.0.0.163:50800] 2026-08-26 00:32:30.785 11 ERROR keystone.server.flask.application conn.query(q)
[Wed Aug 26 00:32:30.798909 2026] [wsgi:error] [pid 11:tid 140255169783488] [remote 10.0.0.163:50800] 2026-08-26 00:32:30.785 11 ERROR keystone.server.flask.application
File "/var/lib/openstack/lib/python3.12/site-packages/pymysql/connections.py", line 582, in query
[Wed Aug 26 00:32:30.798911 2026] [wsgi:error] [pid 11:tid 140255169783488] [remote 10.0.0.163:50800] 2026-08-26 00:32:30.785 11 ERROR keystone.server.flask.application self._affected_rows = self._read_query_result(unbuffered=unbuffered)
[Wed Aug 26 00:32:30.798912 2026] [wsgi:error] [pid 11:tid 140255169783488] [remote 10.0.0.163:50800] 2026-08-26 00:32:30.785 11 ERROR keystone.server.flask.application ^^^^^^^^^^^^^^^^^^^^^^^^^^^^^^^^^^^^^^^^^^^^^^
[Wed Aug 26 00:32:30.798914 2026] [wsgi:error] [pid 11:tid 140255169783488] [remote 10.0.0.163:50800] 2026-08-26 00:32:30.785 11 ERROR keystone.server.flask.application
File "/var/lib/openstack/lib/python3.12/site-packages/pymysql/connections.py", line 847, in _read_query_result
[Wed Aug 26 00:32:30.798916 2026] [wsgi:error] [pid 11:tid 140255169783488] [remote 10.0.0.163:50800] 2026-08-26 00:32:30.785 11 ERROR keystone.server.flask.application result.read()
[Wed Aug 26 00:32:30.798919 2026] [wsgi:error] [pid 11:tid 140255169783488] [remote 10.0.0.163:50800] 2026-08-26 00:32:30.785 11 ERROR keystone.server.flask.application
File "/var/lib/openstack/lib/python3.12/site-packages/pymysql/connections.py", line 1245, in read
[Wed Aug 26 00:32:30.798920 2026] [wsgi:error] [pid 11:tid 140255169783488] [remote 10.0.0.163:50800] 2026-08-26 00:32:30.785 11 ERROR keystone.server.flask.application first_packet = self.connection._read_packet()
[Wed Aug 26 00:32:30.798921 2026] [wsgi:error] [pid 11:tid 140255169783488] [remote 10.0.0.163:50800] 2026-08-26 00:32:30.785 11 ERROR keystone.server.flask.application ^^^^^^^^^^^^^^^^^^^^^^^^^^^^^^
[Wed Aug 26 00:32:30.798923 2026] [wsgi:error] [pid 11:tid 140255169783488] [remote 10.0.0.163:50800] 2026-08-26 00:32:30.785 11 ERROR keystone.server.flask.application
File "/var/lib/openstack/lib/python3.12/site-packages/pymysql/connections.py", line 803, in _read_packet
[Wed Aug 26 00:32:30.798924 2026] [wsgi:error] [pid 11:tid 140255169783488] [remote 10.0.0.163:50800] 2026-08-26 00:32:30.785 11 ERROR keystone.server.flask.application packet.raise_for_error()
[Wed Aug 26 00:32:30.798926 2026] [wsgi:error] [pid 11:tid 140255169783488] [remote 10.0.0.163:50800] 2026-08-26 00:32:30.785 11 ERROR keystone.server.flask.application
File "/var/lib/openstack/lib/python3.12/site-packages/pymysql/protocol.py", line 219, in raise_for_error
[Wed Aug 26 00:32:30.798927 2026] [wsgi:error] [pid 11:tid 140255169783488] [remote 10.0.0.163:50800] 2026-08-26 00:32:30.785 11 ERROR keystone.server.flask.application err.raise_mysql_exception(self._data)
[Wed Aug 26 00:32:30.798928 2026] [wsgi:error] [pid 11:tid 140255169783488] [remote 10.0.0.163:50800] 2026-08-26 00:32:30.785 11 ERROR keystone.server.flask.application
File "/var/lib/openstack/lib/python3.12/site-packages/pymysql/err.py", line 154, in raise_mysql_exception
[Wed Aug 26 00:32:30.798930 2026] [wsgi:error] [pid 11:tid 140255169783488] [remote 10.0.0.163:50800] 2026-08-26 00:32:30.785 11 ERROR keystone.server.flask.application raise errorclass(errno, errval, sqlstate=sqlstate)
[Wed Aug 26 00:32:30.798932 2026] [wsgi:error] [pid 11:tid 140255169783488] [remote 10.0.0.163:50800] 2026-08-26 00:32:30.785 11 ERROR keystone.server.flask.application pymysql.err.IntegrityError: (1062, "Duplicate entry '<>-service' for key 'project.ixu_project_name_domain_id'")
[Wed Aug 26 00:32:30.798933 2026] [wsgi:error] [pid 11:tid 140255169783488] [remote 10.0.0.163:50800] 2026-08-26 00:32:30.785 11 ERROR keystone.server.flask.application
[Wed Aug 26 00:32:30.798935 2026] [wsgi:error] [pid 11:tid 140255169783488] [remote 10.0.0.163:50800] 2026-08-26 00:32:30.785 11 ERROR keystone.server.flask.application The above exception was the direct cause of the following exception:
[Wed Aug 26 00:32:30.798936 2026] [wsgi:error] [pid 11:tid 140255169783488] [remote 10.0.0.163:50800] 2026-08-26 00:32:30.785 11 ERROR keystone.server.flask.application
[Wed Aug 26 00:32:30.798937 2026] [wsgi:error] [pid 11:tid 140255169783488] [remote 10.0.0.163:50800] 2026-08-26 00:32:30.785 11 ERROR keystone.server.flask.application
Traceback (most recent call last):
[Wed Aug 26 00:32:30.798939 2026] [wsgi:error] [pid 11:tid 140255169783488] [remote 10.0.0.163:50800] 2026-08-26 00:32:30.785 11 ERROR keystone.server.flask.application
File "/var/lib/openstack/lib/python3.12/site-packages/keystone/common/sql/core.py", line 575, in wrapper
[Wed Aug 26 00:32:30.798940 2026] [wsgi:error] [pid 11:tid 140255169783488] [remote 10.0.0.163:50800] 2026-08-26 00:32:30.785 11 ERROR keystone.server.flask.application return method(*args, **kwargs)
[Wed Aug 26 00:32:30.798949 2026] [wsgi:error] [pid 11:tid 140255169783488] [remote 10.0.0.163:50800] 2026-08-26 00:32:30.785 11 ERROR keystone.server.flask.application ^^^^^^^^^^^^^^^^^^^^^^^
[Wed Aug 26 00:32:30.798951 2026] [wsgi:error] [pid 11:tid 140255169783488] [remote 10.0.0.163:50800] 2026-08-26 00:32:30.785 11 ERROR keystone.server.flask.application
File "/var/lib/openstack/lib/python3.12/site-packages/keystone/resource/backends/sql.py", line 278, in create_project
[Wed Aug 26 00:32:30.798952 2026] [wsgi:error] [pid 11:tid 140255169783488] [remote 10.0.0.163:50800] 2026-08-26 00:32:30.785 11 ERROR keystone.server.flask.application with sql.session_for_write() as session:
[Wed Aug 26 00:32:30.798954 2026] [wsgi:error] [pid 11:tid 140255169783488] [remote 10.0.0.163:50800] 2026-08-26 00:32:30.785 11 ERROR keystone.server.flask.application
File "/usr/lib/python3.12/contextlib.py", line 144, in __exit__
[Wed Aug 26 00:32:30.798956 2026] [wsgi:error] [pid 11:tid 140255169783488] [remote 10.0.0.163:50800] 2026-08-26 00:32:30.785 11 ERROR keystone.server.flask.application next(self.gen)
[Wed Aug 26 00:32:30.798957 2026] [wsgi:error] [pid 11:tid 140255169783488] [remote 10.0.0.163:50800] 2026-08-26 00:32:30.785 11 ERROR keystone.server.flask.application
File "/var/lib/openstack/lib/python3.12/site-packages/oslo_db/sqlalchemy/enginefacade.py", line 1175, in _transaction_scope
[Wed Aug 26 00:32:30.798959 2026] [wsgi:error] [pid 11:tid 140255169783488] [remote 10.0.0.163:50800] 2026-08-26 00:32:30.785 11 ERROR keystone.server.flask.application with current._produce_block(
[Wed Aug 26 00:32:30.798960 2026] [wsgi:error] [pid 11:tid 140255169783488] [remote 10.0.0.163:50800] 2026-08-26 00:32:30.785 11 ERROR keystone.server.flask.application
File "/usr/lib/python3.12/contextlib.py", line 144, in __exit__
[Wed Aug 26 00:32:30.798962 2026] [wsgi:error] [pid 11:tid 140255169783488] [remote 10.0.0.163:50800] 2026-08-26 00:32:30.785 11 ERROR keystone.server.flask.application next(self.gen)
[Wed Aug 26 00:32:30.798963 2026] [wsgi:error] [pid 11:tid 140255169783488] [remote 10.0.0.163:50800] 2026-08-26 00:32:30.785 11 ERROR keystone.server.flask.application
File "/var/lib/openstack/lib/python3.12/site-packages/oslo_db/sqlalchemy/enginefacade.py", line 837, in _session
[Wed Aug 26 00:32:30.798965 2026] [wsgi:error] [pid 11:tid 140255169783488] [remote 10.0.0.163:50800] 2026-08-26 00:32:30.785 11 ERROR keystone.server.flask.application with excutils.save_and_reraise_exception():
[Wed Aug 26 00:32:30.798967 2026] [wsgi:error] [pid 11:tid 140255169783488] [remote 10.0.0.163:50800] 2026-08-26 00:32:30.785 11 ERROR keystone.server.flask.application
File "/var/lib/openstack/lib/python3.12/site-packages/oslo_utils/excutils.py", line 266, in __exit__
[Wed Aug 26 00:32:30.799173 2026] [wsgi:error] [pid 11:tid 140255169783488] [remote 10.0.0.163:50800] 2026-08-26 00:32:30.785 11 ERROR keystone.server.flask.application self.force_reraise()
[Wed Aug 26 00:32:30.799175 2026] [wsgi:error] [pid 11:tid 140255169783488] [remote 10.0.0.163:50800] 2026-08-26 00:32:30.785 11 ERROR keystone.server.flask.application
File "/var/lib/openstack/lib/python3.12/site-packages/oslo_utils/excutils.py", line 232, in force_reraise
[Wed Aug 26 00:32:30.799176 2026] [wsgi:error] [pid 11:tid 140255169783488] [remote 10.0.0.163:50800] 2026-08-26 00:32:30.785 11 ERROR keystone.server.flask.application raise self.value
[Wed Aug 26 00:32:30.799178 2026] [wsgi:error] [pid 11:tid 140255169783488] [remote 10.0.0.163:50800] 2026-08-26 00:32:30.785 11 ERROR keystone.server.flask.application
File "/var/lib/openstack/lib/python3.12/site-packages/oslo_db/sqlalchemy/enginefacade.py", line 835, in _session
[Wed Aug 26 00:32:30.799179 2026] [wsgi:error] [pid 11:tid 140255169783488] [remote 10.0.0.163:50800] 2026-08-26 00:32:30.785 11 ERROR keystone.server.flask.application self._end_session_transaction(self.session)
[Wed Aug 26 00:32:30.799181 2026] [wsgi:error] [pid 11:tid 140255169783488] [remote 10.0.0.163:50800] 2026-08-26 00:32:30.785 11 ERROR keystone.server.flask.application
File "/var/lib/openstack/lib/python3.12/site-packages/oslo_db/sqlalchemy/enginefacade.py", line 748, in _end_session_transaction
[Wed Aug 26 00:32:30.799182 2026] [wsgi:error] [pid 11:tid 140255169783488] [remote 10.0.0.163:50800] 2026-08-26 00:32:30.785 11 ERROR keystone.server.flask.application session.commit()
[Wed Aug 26 00:32:30.799184 2026] [wsgi:error] [pid 11:tid 140255169783488] [remote 10.0.0.163:50800] 2026-08-26 00:32:30.785 11 ERROR keystone.server.flask.application
File "/var/lib/openstack/lib/python3.12/site-packages/sqlalchemy/orm/session.py", line 2034, in commit
[Wed Aug 26 00:32:30.799185 2026] [wsgi:error] [pid 11:tid 140255169783488] [remote 10.0.0.163:50800] 2026-08-26 00:32:30.785 11 ERROR keystone.server.flask.application trans.commit(_to_root=True)
[Wed Aug 26 00:32:30.799186 2026] [wsgi:error] [pid 11:tid 140255169783488] [remote 10.0.0.163:50800] 2026-08-26 00:32:30.785 11 ERROR keystone.server.flask.application File "", line 2, in commit
[Wed Aug 26 00:32:30.799188 2026] [wsgi:error] [pid 11:tid 140255169783488] [remote 10.0.0.163:50800] 2026-08-26 00:32:30.785 11 ERROR keystone.server.flask.application
File "/var/lib/openstack/lib/python3.12/site-packages/sqlalchemy/orm/state_changes.py", line 137, in _go
[Wed Aug 26 00:32:30.799189 2026] [wsgi:error] [pid 11:tid 140255169783488] [remote 10.0.0.163:50800] 2026-08-26 00:32:30.785 11 ERROR keystone.server.flask.application ret_value = fn(self, *arg, **kw)
[Wed Aug 26 00:32:30.799191 2026] [wsgi:error] [pid 11:tid 140255169783488] [remote 10.0.0.163:50800] 2026-08-26 00:32:30.785 11 ERROR keystone.server.flask.application ^^^^^^^^^^^^^^^^^^^^
[Wed Aug 26 00:32:30.799192 2026] [wsgi:error] [pid 11:tid 140255169783488] [remote 10.0.0.163:50800] 2026-08-26 00:32:30.785 11 ERROR keystone.server.flask.application
File "/var/lib/openstack/lib/python3.12/site-packages/sqlalchemy/orm/session.py", line 1315, in commit
[Wed Aug 26 00:32:30.799194 2026] [wsgi:error] [pid 11:tid 140255169783488] [remote 10.0.0.163:50800] 2026-08-26 00:32:30.785 11 ERROR keystone.server.flask.application self._prepare_impl()
[Wed Aug 26 00:32:30.799195 2026] [wsgi:error] [pid 11:tid 140255169783488] [remote 10.0.0.163:50800] 2026-08-26 00:32:30.785 11 ERROR keystone.server.flask.application File "", line 2, in _prepare_impl
[Wed Aug 26 00:32:30.799197 2026] [wsgi:error] [pid 11:tid 140255169783488] [remote 10.0.0.163:50800] 2026-08-26 00:32:30.785 11 ERROR keystone.server.flask.application
File "/var/lib/openstack/lib/python3.12/site-packages/sqlalchemy/orm/state_changes.py", line 137, in _go
[Wed Aug 26 00:32:30.799200 2026] [wsgi:error] [pid 11:tid 140255169783488] [remote 10.0.0.163:50800] 2026-08-26 00:32:30.785 11 ERROR keystone.server.flask.application ret_value = fn(self, *arg, **kw)
[Wed Aug 26 00:32:30.799201 2026] [wsgi:error] [pid 11:tid 140255169783488] [remote 10.0.0.163:50800] 2026-08-26 00:32:30.785 11 ERROR keystone.server.flask.application ^^^^^^^^^^^^^^^^^^^^
[Wed Aug 26 00:32:30.799203 2026] [wsgi:error] [pid 11:tid 140255169783488] [remote 10.0.0.163:50800] 2026-08-26 00:32:30.785 11 ERROR keystone.server.flask.application
File "/var/lib/openstack/lib/python3.12/site-packages/sqlalchemy/orm/session.py", line 1290, in _prepare_impl
[Wed Aug 26 00:32:30.799204 2026] [wsgi:error] [pid 11:tid 140255169783488] [remote 10.0.0.163:50800] 2026-08-26 00:32:30.785 11 ERROR keystone.server.flask.application self.session.flush()
[Wed Aug 26 00:32:30.799205 2026] [wsgi:error] [pid 11:tid 140255169783488] [remote 10.0.0.163:50800] 2026-08-26 00:32:30.785 11 ERROR keystone.server.flask.application
File "/var/lib/openstack/lib/python3.12/site-packages/sqlalchemy/orm/session.py", line 4352, in flush
[Wed Aug 26 00:32:30.799207 2026] [wsgi:error] [pid 11:tid 140255169783488] [remote 10.0.0.163:50800] 2026-08-26 00:32:30.785 11 ERROR keystone.server.flask.application self._flush(objects)
[Wed Aug 26 00:32:30.799208 2026] [wsgi:error] [pid 11:tid 140255169783488] [remote 10.0.0.163:50800] 2026-08-26 00:32:30.785 11 ERROR keystone.server.flask.application
File "/var/lib/openstack/lib/python3.12/site-packages/sqlalchemy/orm/session.py", line 4487, in _flush
[Wed Aug 26 00:32:30.799213 2026] [wsgi:error] [pid 11:tid 140255169783488] [remote 10.0.0.163:50800] 2026-08-26 00:32:30.785 11 ERROR keystone.server.flask.application with util.safe_reraise():
[Wed Aug 26 00:32:30.799214 2026] [wsgi:error] [pid 11:tid 140255169783488] [remote 10.0.0.163:50800] 2026-08-26 00:32:30.785 11 ERROR keystone.server.flask.application
File "/var/lib/openstack/lib/python3.12/site-packages/sqlalchemy/util/langhelpers.py", line 122, in __exit__
[Wed Aug 26 00:32:30.799216 2026] [wsgi:error] [pid 11:tid 140255169783488] [remote 10.0.0.163:50800] 2026-08-26 00:32:30.785 11 ERROR keystone.server.flask.application raise exc_value.with_traceback(exc_tb)
[Wed Aug 26 00:32:30.799217 2026] [wsgi:error] [pid 11:tid 140255169783488] [remote 10.0.0.163:50800] 2026-08-26 00:32:30.785 11 ERROR keystone.server.flask.application
File "/var/lib/openstack/lib/python3.12/site-packages/sqlalchemy/orm/session.py", line 4448, in _flush
[Wed Aug 26 00:32:30.799219 2026] [wsgi:error] [pid 11:tid 140255169783488] [remote 10.0.0.163:50800] 2026-08-26 00:32:30.785 11 ERROR keystone.server.flask.application flush_context.execute()
[Wed Aug 26 00:32:30.799220 2026] [wsgi:error] [pid 11:tid 140255169783488] [remote 10.0.0.163:50800] 2026-08-26 00:32:30.785 11 ERROR keystone.server.flask.application
