May 09 07:22:35.295729 np0000172998 neutron-periodic-workers[105240]: DEBUG cotyledon.oslo_config_glue [-] network_log.local_output_log_base = None {{(pid=105240) log_opt_values /opt/stack/data/venv/lib/python3.12/site-packages/oslo_config/cfg.py:3006}}
May 09 07:22:35.295797 np0000172998 neutron-periodic-workers[105240]: DEBUG cotyledon.oslo_config_glue [-] network_log.rate_limit = 100 {{(pid=105240) log_opt_values /opt/stack/data/venv/lib/python3.12/site-packages/oslo_config/cfg.py:3006}}
May 09 07:22:35.295878 np0000172998 neutron-periodic-workers[105240]: DEBUG cotyledon.oslo_config_glue [-] database.asyncio_connection = **** {{(pid=105240) log_opt_values /opt/stack/data/venv/lib/python3.12/site-packages/oslo_config/cfg.py:3006}}
May 09 07:22:35.295945 np0000172998 neutron-periodic-workers[105240]: DEBUG cotyledon.oslo_config_glue [-] database.asyncio_slave_connection = **** {{(pid=105240) log_opt_values /opt/stack/data/venv/lib/python3.12/site-packages/oslo_config/cfg.py:3006}}
May 09 07:22:35.296014 np0000172998 neutron-periodic-workers[105240]: DEBUG cotyledon.oslo_config_glue [-] database.backend = sqlalchemy {{(pid=105240) log_opt_values /opt/stack/data/venv/lib/python3.12/site-packages/oslo_config/cfg.py:3006}}
May 09 07:22:35.296081 np0000172998 neutron-periodic-workers[105240]: DEBUG cotyledon.oslo_config_glue [-] database.connection = **** {{(pid=105240) log_opt_values /opt/stack/data/venv/lib/python3.12/site-packages/oslo_config/cfg.py:3006}}
May 09 07:22:35.296140 np0000172998 neutron-periodic-workers[105240]: DEBUG cotyledon.oslo_config_glue [-] database.connection_debug = 0 {{(pid=105240) log_opt_values /opt/stack/data/venv/lib/python3.12/site-packages/oslo_config/cfg.py:3006}}
May 09 07:22:35.296200 np0000172998 neutron-periodic-workers[105240]: DEBUG cotyledon.oslo_config_glue [-] database.connection_parameters = {{(pid=105240) log_opt_values /opt/stack/data/venv/lib/python3.12/site-packages/oslo_config/cfg.py:3006}}
May 09 07:22:35.296291 np0000172998 neutron-periodic-workers[105240]: DEBUG cotyledon.oslo_config_glue [-] database.connection_recycle_time = 3600 {{(pid=105240) log_opt_values /opt/stack/data/venv/lib/python3.12/site-packages/oslo_config/cfg.py:3006}}
May 09 07:22:35.296353 np0000172998 neutron-periodic-workers[105240]: DEBUG cotyledon.oslo_config_glue [-] database.connection_trace = False {{(pid=105240) log_opt_values /opt/stack/data/venv/lib/python3.12/site-packages/oslo_config/cfg.py:3006}}
May 09 07:22:35.296412 np0000172998 neutron-periodic-workers[105240]: DEBUG cotyledon.oslo_config_glue [-] database.db_inc_retry_interval = True {{(pid=105240) log_opt_values /opt/stack/data/venv/lib/python3.12/site-packages/oslo_config/cfg.py:3006}}
May 09 07:22:35.296472 np0000172998 neutron-periodic-workers[105240]: DEBUG cotyledon.oslo_config_glue [-] database.db_max_retries = 20 {{(pid=105240) log_opt_values /opt/stack/data/venv/lib/python3.12/site-packages/oslo_config/cfg.py:3006}}
May 09 07:22:35.296541 np0000172998 neutron-periodic-workers[105240]: DEBUG cotyledon.oslo_config_glue [-] database.db_max_retry_interval = 10 {{(pid=105240) log_opt_values /opt/stack/data/venv/lib/python3.12/site-packages/oslo_config/cfg.py:3006}}
May 09 07:22:35.296598 np0000172998 neutron-periodic-workers[105240]: DEBUG cotyledon.oslo_config_glue [-] database.db_retry_interval = 1 {{(pid=105240) log_opt_values /opt/stack/data/venv/lib/python3.12/site-packages/oslo_config/cfg.py:3006}}
May 09 07:22:35.296659 np0000172998 neutron-periodic-workers[105240]: DEBUG cotyledon.oslo_config_glue [-] database.max_overflow = 50 {{(pid=105240) log_opt_values /opt/stack/data/venv/lib/python3.12/site-packages/oslo_config/cfg.py:3006}}
May 09 07:22:35.296718 np0000172998 neutron-periodic-workers[105240]: DEBUG cotyledon.oslo_config_glue [-] database.max_pool_size = 5 {{(pid=105240) log_opt_values /opt/stack/data/venv/lib/python3.12/site-packages/oslo_config/cfg.py:3006}}
May 09 07:22:35.296777 np0000172998 neutron-periodic-workers[105240]: DEBUG cotyledon.oslo_config_glue [-] database.max_retries = 10 {{(pid=105240) log_opt_values /opt/stack/data/venv/lib/python3.12/site-packages/oslo_config/cfg.py:3006}}
May 09 07:22:35.296848 np0000172998 neutron-periodic-workers[105240]: DEBUG cotyledon.oslo_config_glue [-] database.mysql_sql_mode = TRADITIONAL {{(pid=105240) log_opt_values /opt/stack/data/venv/lib/python3.12/site-packages/oslo_config/cfg.py:3006}}
May 09 07:22:35.296905 np0000172998 neutron-periodic-workers[105240]: DEBUG cotyledon.oslo_config_glue [-] database.mysql_wsrep_sync_wait = None {{(pid=105240) log_opt_values /opt/stack/data/venv/lib/python3.12/site-packages/oslo_config/cfg.py:3006}}
May 09 07:22:35.296964 np0000172998 neutron-periodic-workers[105240]: DEBUG cotyledon.oslo_config_glue [-] database.pool_timeout = None {{(pid=105240) log_opt_values /opt/stack/data/venv/lib/python3.12/site-packages/oslo_config/cfg.py:3006}}
May 09 07:22:35.297023 np0000172998 neutron-periodic-workers[105240]: DEBUG cotyledon.oslo_config_glue [-] database.retry_interval = 10 {{(pid=105240) log_opt_values /opt/stack/data/venv/lib/python3.12/site-packages/oslo_config/cfg.py:3006}}
May 09 07:22:35.297082 np0000172998 neutron-periodic-workers[105240]: DEBUG cotyledon.oslo_config_glue [-] database.slave_connection = **** {{(pid=105240) log_opt_values /opt/stack/data/venv/lib/python3.12/site-packages/oslo_config/cfg.py:3006}}
May 09 07:22:35.297167 np0000172998 neutron-periodic-workers[105240]: DEBUG cotyledon.oslo_config_glue [-] database.sqlite_synchronous = True {{(pid=105240) log_opt_values /opt/stack/data/venv/lib/python3.12/site-packages/oslo_config/cfg.py:3006}}
May 09 07:22:35.297227 np0000172998 neutron-periodic-workers[105240]: DEBUG cotyledon.oslo_config_glue [-] database.synchronous_reader = True {{(pid=105240) log_opt_values /opt/stack/data/venv/lib/python3.12/site-packages/oslo_config/cfg.py:3006}}
May 09 07:22:35.297314 np0000172998 neutron-periodic-workers[105240]: DEBUG cotyledon.oslo_config_glue [-] database.use_db_reconnect = False {{(pid=105240) log_opt_values /opt/stack/data/venv/lib/python3.12/site-packages/oslo_config/cfg.py:3006}}
May 09 07:22:35.297422 np0000172998 neutron-periodic-workers[105240]: DEBUG cotyledon.oslo_config_glue [-] ovn.bfd_min_rx = 1000 {{(pid=105240) log_opt_values /opt/stack/data/venv/lib/python3.12/site-packages/oslo_config/cfg.py:3006}}
May 09 07:22:35.297476 np0000172998 neutron-periodic-workers[105240]: DEBUG cotyledon.oslo_config_glue [-] ovn.bfd_min_tx = 100 {{(pid=105240) log_opt_values /opt/stack/data/venv/lib/python3.12/site-packages/oslo_config/cfg.py:3006}}
May 09 07:22:35.297536 np0000172998 neutron-periodic-workers[105240]: DEBUG cotyledon.oslo_config_glue [-] ovn.bfd_mult = 3 {{(pid=105240) log_opt_values /opt/stack/data/venv/lib/python3.12/site-packages/oslo_config/cfg.py:3006}}
May 09 07:22:35.297597 np0000172998 neutron-periodic-workers[105240]: DEBUG cotyledon.oslo_config_glue [-] ovn.broadcast_arps_to_all_routers = True {{(pid=105240) log_opt_values /opt/stack/data/venv/lib/python3.12/site-packages/oslo_config/cfg.py:3006}}
May 09 07:22:35.297655 np0000172998 neutron-periodic-workers[105240]: DEBUG cotyledon.oslo_config_glue [-] ovn.dhcp_default_lease_time = 43200 {{(pid=105240) log_opt_values /opt/stack/data/venv/lib/python3.12/site-packages/oslo_config/cfg.py:3006}}
May 09 07:22:35.297716 np0000172998 neutron-periodic-workers[105240]: DEBUG cotyledon.oslo_config_glue [-] ovn.disable_ovn_dhcp_for_baremetal_ports = False {{(pid=105240) log_opt_values /opt/stack/data/venv/lib/python3.12/site-packages/oslo_config/cfg.py:3006}}
May 09 07:22:35.297776 np0000172998 neutron-periodic-workers[105240]: DEBUG cotyledon.oslo_config_glue [-] ovn.dns_records_ovn_owned = False {{(pid=105240) log_opt_values /opt/stack/data/venv/lib/python3.12/site-packages/oslo_config/cfg.py:3006}}
May 09 07:22:35.297852 np0000172998 neutron-periodic-workers[105240]: DEBUG cotyledon.oslo_config_glue [-] ovn.dns_servers = [] {{(pid=105240) log_opt_values /opt/stack/data/venv/lib/python3.12/site-packages/oslo_config/cfg.py:3006}}
May 09 07:22:35.297909 np0000172998 neutron-periodic-workers[105240]: DEBUG cotyledon.oslo_config_glue [-] ovn.enable_distributed_floating_ip = False {{(pid=105240) log_opt_values /opt/stack/data/venv/lib/python3.12/site-packages/oslo_config/cfg.py:3006}}
May 09 07:22:35.297978 np0000172998 neutron-periodic-workers[105240]: DEBUG cotyledon.oslo_config_glue [-] ovn.fdb_age_threshold = 300 {{(pid=105240) log_opt_values /opt/stack/data/venv/lib/python3.12/site-packages/oslo_config/cfg.py:3006}}
May 09 07:22:35.298037 np0000172998 neutron-periodic-workers[105240]: DEBUG cotyledon.oslo_config_glue [-] ovn.ha_failover_strategy = normal {{(pid=105240) log_opt_values /opt/stack/data/venv/lib/python3.12/site-packages/oslo_config/cfg.py:3006}}
May 09 07:22:35.298097 np0000172998 neutron-periodic-workers[105240]: DEBUG cotyledon.oslo_config_glue [-] ovn.live_migration_activation_strategy = rarp {{(pid=105240) log_opt_values /opt/stack/data/venv/lib/python3.12/site-packages/oslo_config/cfg.py:3006}}
May 09 07:22:35.298177 np0000172998 neutron-periodic-workers[105240]: DEBUG cotyledon.oslo_config_glue [-] ovn.localnet_learn_fdb = False {{(pid=105240) log_opt_values /opt/stack/data/venv/lib/python3.12/site-packages/oslo_config/cfg.py:3006}}
May 09 07:22:35.298234 np0000172998 neutron-periodic-workers[105240]: DEBUG cotyledon.oslo_config_glue [-] ovn.mac_binding_age_threshold = 300 {{(pid=105240) log_opt_values /opt/stack/data/venv/lib/python3.12/site-packages/oslo_config/cfg.py:3006}}
May 09 07:22:35.298328 np0000172998 neutron-periodic-workers[105240]: DEBUG cotyledon.oslo_config_glue [-] ovn.neutron_sync_mode = log {{(pid=105240) log_opt_values /opt/stack/data/venv/lib/python3.12/site-packages/oslo_config/cfg.py:3006}}
May 09 07:22:35.298385 np0000172998 neutron-periodic-workers[105240]: DEBUG cotyledon.oslo_config_glue [-] ovn.ovn_dhcp4_global_options = {} {{(pid=105240) log_opt_values /opt/stack/data/venv/lib/python3.12/site-packages/oslo_config/cfg.py:3006}}
May 09 07:22:35.298445 np0000172998 neutron-periodic-workers[105240]: DEBUG cotyledon.oslo_config_glue [-] ovn.ovn_dhcp6_global_options = {} {{(pid=105240) log_opt_values /opt/stack/data/venv/lib/python3.12/site-packages/oslo_config/cfg.py:3006}}
May 09 07:22:35.298517 np0000172998 neutron-periodic-workers[105240]: DEBUG cotyledon.oslo_config_glue [-] ovn.ovn_l3_scheduler = leastloaded {{(pid=105240) log_opt_values /opt/stack/data/venv/lib/python3.12/site-packages/oslo_config/cfg.py:3006}}
May 09 07:22:35.298575 np0000172998 neutron-periodic-workers[105240]: DEBUG cotyledon.oslo_config_glue [-] ovn.ovn_metadata_enabled = True {{(pid=105240) log_opt_values /opt/stack/data/venv/lib/python3.12/site-packages/oslo_config/cfg.py:3006}}
May 09 07:22:35.298645 np0000172998 neutron-periodic-workers[105240]: DEBUG cotyledon.oslo_config_glue [-] ovn.ovn_nb_ca_cert = /opt/stack/data/CA/int-ca/ca-chain.pem {{(pid=105240) log_opt_values /opt/stack/data/venv/lib/python3.12/site-packages/oslo_config/cfg.py:3006}}
May 09 07:22:35.298721 np0000172998 neutron-periodic-workers[105240]: DEBUG cotyledon.oslo_config_glue [-] ovn.ovn_nb_certificate = /opt/stack/data/CA/int-ca/devstack-cert.crt {{(pid=105240) log_opt_values /opt/stack/data/venv/lib/python3.12/site-packages/oslo_config/cfg.py:3006}}
May 09 07:22:35.298782 np0000172998 neutron-periodic-workers[105240]: DEBUG cotyledon.oslo_config_glue [-] ovn.ovn_nb_connection = ['ssl:199.204.45.235:6641'] {{(pid=105240) log_opt_values /opt/stack/data/venv/lib/python3.12/site-packages/oslo_config/cfg.py:3006}}
May 09 07:22:35.298852 np0000172998 neutron-periodic-workers[105240]: DEBUG cotyledon.oslo_config_glue [-] ovn.ovn_nb_private_key = /opt/stack/data/CA/int-ca/private/devstack-cert.key {{(pid=105240) log_opt_values /opt/stack/data/venv/lib/python3.12/site-packages/oslo_config/cfg.py:3006}}
May 09 07:22:35.298910 np0000172998 neutron-periodic-workers[105240]: DEBUG cotyledon.oslo_config_glue [-] ovn.ovn_router_indirect_snat = False {{(pid=105240) log_opt_values /opt/stack/data/venv/lib/python3.12/site-packages/oslo_config/cfg.py:3006}}
May 09 07:22:35.299004 np0000172998 neutron-periodic-workers[105240]: DEBUG cotyledon.oslo_config_glue [-] ovn.ovn_sb_ca_cert = /opt/stack/data/CA/int-ca/ca-chain.pem {{(pid=105240) log_opt_values /opt/stack/data/venv/lib/python3.12/site-packages/oslo_config/cfg.py:3006}}
May 09 07:22:35.299039 np0000172998 neutron-periodic-workers[105240]: DEBUG cotyledon.oslo_config_glue [-] ovn.ovn_sb_certificate = /opt/stack/data/CA/int-ca/devstack-cert.crt {{(pid=105240) log_opt_values /opt/stack/data/venv/lib/python3.12/site-packages/oslo_config/cfg.py:3006}}
May 09 07:22:35.299077 np0000172998 neutron-periodic-workers[105240]: DEBUG cotyledon.oslo_config_glue [-] ovn.ovn_sb_connection = ['ssl:199.204.45.235:6642'] {{(pid=105240) log_opt_values /opt/stack/data/venv/lib/python3.12/site-packages/oslo_config/cfg.py:3006}}
May 09 07:22:35.299139 np0000172998 neutron-periodic-workers[105240]: DEBUG cotyledon.oslo_config_glue [-] ovn.ovn_sb_private_key = /opt/stack/data/CA/int-ca/private/devstack-cert.key {{(pid=105240) log_opt_values /opt/stack/data/venv/lib/python3.12/site-packages/oslo_config/cfg.py:3006}}
May 09 07:22:35.299198 np0000172998 neutron-periodic-workers[105240]: DEBUG cotyledon.oslo_config_glue [-] ovn.ovs_create_tap = False {{(pid=105240) log_opt_values /opt/stack/data/venv/lib/python3.12/site-packages/oslo_config/cfg.py:3006}}
May 09 07:22:35.299260 np0000172998 neutron-periodic-workers[105240]: DEBUG cotyledon.oslo_config_glue [-] ovn.ovsdb_connection_timeout = 180 {{(pid=105240) log_opt_values /opt/stack/data/venv/lib/python3.12/site-packages/oslo_config/cfg.py:3006}}
May 09 07:22:35.299337 np0000172998 neutron-periodic-workers[105240]: DEBUG cotyledon.oslo_config_glue [-] ovn.ovsdb_log_level = INFO {{(pid=105240) log_opt_values /opt/stack/data/venv/lib/python3.12/site-packages/oslo_config/cfg.py:3006}}
May 09 07:22:35.299396 np0000172998 neutron-periodic-workers[105240]: DEBUG cotyledon.oslo_config_glue [-] ovn.ovsdb_probe_interval = 60000 {{(pid=105240) log_opt_values /opt/stack/data/venv/lib/python3.12/site-packages/oslo_config/cfg.py:3006}}
May 09 07:22:35.299456 np0000172998 neutron-periodic-workers[105240]: DEBUG cotyledon.oslo_config_glue [-] ovn.ovsdb_retry_max_interval = 180 {{(pid=105240) log_opt_values /opt/stack/data/venv/lib/python3.12/site-packages/oslo_config/cfg.py:3006}}
May 09 07:22:35.299516 np0000172998 neutron-periodic-workers[105240]: DEBUG cotyledon.oslo_config_glue [-] ovn.stateless_nat_enabled = False {{(pid=105240) log_opt_values /opt/stack/data/venv/lib/python3.12/site-packages/oslo_config/cfg.py:3006}}
May 09 07:22:35.299585 np0000172998 neutron-periodic-workers[105240]: DEBUG cotyledon.oslo_config_glue [-] ovn.vhost_sock_dir = /var/run/openvswitch {{(pid=105240) log_opt_values /opt/stack/data/venv/lib/python3.12/site-packages/oslo_config/cfg.py:3006}}
May 09 07:22:35.299667 np0000172998 neutron-periodic-workers[105240]: DEBUG cotyledon.oslo_config_glue [-] OVS.bridge_mac_table_size = 50000 {{(pid=105240) log_opt_values /opt/stack/data/venv/lib/python3.12/site-packages/oslo_config/cfg.py:3006}}
May 09 07:22:35.299734 np0000172998 neutron-periodic-workers[105240]: DEBUG cotyledon.oslo_config_glue [-] OVS.igmp_flood = False {{(pid=105240) log_opt_values /opt/stack/data/venv/lib/python3.12/site-packages/oslo_config/cfg.py:3006}}
May 09 07:22:35.299804 np0000172998 neutron-periodic-workers[105240]: DEBUG cotyledon.oslo_config_glue [-] OVS.igmp_flood_reports = True {{(pid=105240) log_opt_values /opt/stack/data/venv/lib/python3.12/site-packages/oslo_config/cfg.py:3006}}
May 09 07:22:35.299863 np0000172998 neutron-periodic-workers[105240]: DEBUG cotyledon.oslo_config_glue [-] OVS.igmp_flood_unregistered = False {{(pid=105240) log_opt_values /opt/stack/data/venv/lib/python3.12/site-packages/oslo_config/cfg.py:3006}}
May 09 07:22:35.299939 np0000172998 neutron-periodic-workers[105240]: DEBUG cotyledon.oslo_config_glue [-] OVS.igmp_snooping_enable = False {{(pid=105240) log_opt_values /opt/stack/data/venv/lib/python3.12/site-packages/oslo_config/cfg.py:3006}}
May 09 07:22:35.300010 np0000172998 neutron-periodic-workers[105240]: DEBUG cotyledon.oslo_config_glue [-] OVS.ovsdb_timeout = 10 {{(pid=105240) log_opt_values /opt/stack/data/venv/lib/python3.12/site-packages/oslo_config/cfg.py:3006}}
May 09 07:22:35.300083 np0000172998 neutron-periodic-workers[105240]: DEBUG cotyledon.oslo_config_glue [-] ovn_nb_global.fdb_removal_limit = 0 {{(pid=105240) log_opt_values /opt/stack/data/venv/lib/python3.12/site-packages/oslo_config/cfg.py:3006}}
May 09 07:22:35.300149 np0000172998 neutron-periodic-workers[105240]: DEBUG cotyledon.oslo_config_glue [-] ovn_nb_global.ignore_lsp_down = False {{(pid=105240) log_opt_values /opt/stack/data/venv/lib/python3.12/site-packages/oslo_config/cfg.py:3006}}
May 09 07:22:35.300208 np0000172998 neutron-periodic-workers[105240]: DEBUG cotyledon.oslo_config_glue [-] ovn_nb_global.mac_binding_removal_limit = 0 {{(pid=105240) log_opt_values /opt/stack/data/venv/lib/python3.12/site-packages/oslo_config/cfg.py:3006}}
May 09 07:22:35.300281 np0000172998 neutron-periodic-workers[105240]: DEBUG cotyledon.oslo_config_glue [-] ******************************************************************************** {{(pid=105240) log_opt_values /opt/stack/data/venv/lib/python3.12/site-packages/oslo_config/cfg.py:3013}}
May 09 07:22:35.300507 np0000172998 neutron-periodic-workers[105240]: DEBUG cotyledon._service_worker [-] Run service ServiceWrapper(0) [105240] {{(pid=105240) wait_forever /opt/stack/data/venv/lib/python3.12/site-packages/cotyledon/_service_worker.py:218}}
May 09 07:22:44.942521 np0000172998 neutron-periodic-workers[104500]: DEBUG dbcounter [-] [104500] Writing DB stats neutron:SELECT=4 {{(pid=104500) stat_writer /opt/stack/data/venv/lib/python3.12/site-packages/dbcounter.py:115}}
May 09 07:23:39.275812 np0000172998 neutron-periodic-workers[105233]: DEBUG oslo_db.sqlalchemy.engines [None req-a57cd8f9-a627-4c94-b73c-7d899127938c None None] Parent process 104500 forked (105233) with an open database connection, which is being discarded and recreated. {{(pid=105233) checkout /opt/stack/data/venv/lib/python3.12/site-packages/oslo_db/sqlalchemy/engines.py:402}}
May 09 07:23:39.284932 np0000172998 neutron-periodic-workers[105233]: DEBUG dbcounter [-] [105233] Writer thread running {{(pid=105233) stat_writer /opt/stack/data/venv/lib/python3.12/site-packages/dbcounter.py:102}}
May 09 07:23:39.289809 np0000172998 neutron-periodic-workers[105233]: DEBUG neutron.db.agents_db [None req-a57cd8f9-a627-4c94-b73c-7d899127938c None None] Agent healthcheck: found 0 active agents {{(pid=105233) agent_health_check /opt/stack/neutron/neutron/db/agents_db.py:322}}
May 09 07:23:39.290054 np0000172998 neutron-periodic-workers[105233]: DEBUG oslo.service.backend._threading.loopingcall [None req-a57cd8f9-a627-4c94-b73c-7d899127938c None None] Fixed interval looping call 'neutron.plugins.ml2.plugin.AgentDbMixin.agent_health_check' sleeping for 36.98 seconds {{(pid=105233) _run_loop /opt/stack/data/venv/lib/python3.12/site-packages/oslo_service/backend/_threading/loopingcall.py:125}}
May 09 07:23:44.271362 np0000172998 neutron-periodic-workers[105222]: DEBUG dbcounter [-] [105222] Writer thread running {{(pid=105222) stat_writer /opt/stack/data/venv/lib/python3.12/site-packages/dbcounter.py:102}}
May 09 07:23:44.282991 np0000172998 neutron-periodic-workers[105222]: DEBUG oslo.service.backend._threading.loopingcall [None req-84d2ffee-61d8-4068-9547-82b588cef294 None None] Fixed interval looping call 'neutron.plugins.ml2.plugin.DhcpAgentSchedulerDbMixin.remove_networks_from_down_agents' sleeping for 36.97 seconds {{(pid=105222) _run_loop /opt/stack/data/venv/lib/python3.12/site-packages/oslo_service/backend/_threading/loopingcall.py:125}}
May 09 07:23:49.285944 np0000172998 neutron-periodic-workers[105233]: DEBUG dbcounter [-] [105233] Writing DB stats neutron:SELECT=1 {{(pid=105233) stat_writer /opt/stack/data/venv/lib/python3.12/site-packages/dbcounter.py:115}}
May 09 07:23:54.281771 np0000172998 neutron-periodic-workers[105222]: DEBUG dbcounter [-] [105222] Writing DB stats neutron:SELECT=3 {{(pid=105222) stat_writer /opt/stack/data/venv/lib/python3.12/site-packages/dbcounter.py:115}}
May 09 07:24:09.266405 np0000172998 neutron-periodic-workers[105214]: DEBUG dbcounter [-] [105214] Writer thread running {{(pid=105214) stat_writer /opt/stack/data/venv/lib/python3.12/site-packages/dbcounter.py:102}}
May 09 07:24:09.278650 np0000172998 neutron-periodic-workers[105214]: DEBUG oslo.service.backend._threading.loopingcall [None req-69975b94-808e-4275-b964-3967f7fcfdf2 None None] Fixed interval looping call 'neutron.services.ovn_l3.plugin.L3_NAT_dbonly_mixin._clean_garbage' sleeping for 299.95 seconds {{(pid=105214) _run_loop /opt/stack/data/venv/lib/python3.12/site-packages/oslo_service/backend/_threading/loopingcall.py:125}}
May 09 07:24:16.275684 np0000172998 neutron-periodic-workers[105233]: DEBUG neutron.db.agents_db [None req-a57cd8f9-a627-4c94-b73c-7d899127938c None None] Agent healthcheck: found 0 active agents {{(pid=105233) agent_health_check /opt/stack/neutron/neutron/db/agents_db.py:322}}
May 09 07:24:16.277043 np0000172998 neutron-periodic-workers[105233]: DEBUG oslo.service.backend._threading.loopingcall [None req-a57cd8f9-a627-4c94-b73c-7d899127938c None None] Fixed interval looping call 'neutron.plugins.ml2.plugin.AgentDbMixin.agent_health_check' sleeping for 36.99 seconds {{(pid=105233) _run_loop /opt/stack/data/venv/lib/python3.12/site-packages/oslo_service/backend/_threading/loopingcall.py:125}}
May 09 07:24:19.267031 np0000172998 neutron-periodic-workers[105214]: DEBUG dbcounter [-] [105214] Writing DB stats neutron:SELECT=1 {{(pid=105214) stat_writer /opt/stack/data/venv/lib/python3.12/site-packages/dbcounter.py:115}}
May 09 07:24:21.262124 np0000172998 neutron-periodic-workers[105222]: DEBUG oslo.service.backend._threading.loopingcall [None req-84d2ffee-61d8-4068-9547-82b588cef294 None None] Fixed interval looping call 'neutron.plugins.ml2.plugin.DhcpAgentSchedulerDbMixin.remove_networks_from_down_agents' sleeping for 36.99 seconds {{(pid=105222) _run_loop /opt/stack/data/venv/lib/python3.12/site-packages/oslo_service/backend/_threading/loopingcall.py:125}}
May 09 07:24:26.275725 np0000172998 neutron-periodic-workers[105233]: DEBUG dbcounter [-] [105233] Writing DB stats neutron:SELECT=1 {{(pid=105233) stat_writer /opt/stack/data/venv/lib/python3.12/site-packages/dbcounter.py:115}}
May 09 07:24:31.261220 np0000172998 neutron-periodic-workers[105222]: DEBUG dbcounter [-] [105222] Writing DB stats neutron:SELECT=3 {{(pid=105222) stat_writer /opt/stack/data/venv/lib/python3.12/site-packages/dbcounter.py:115}}
May 09 07:24:35.315909 np0000172998 neutron-periodic-workers[105240]: DEBUG dbcounter [-] [105240] Writer thread running {{(pid=105240) stat_writer /opt/stack/data/venv/lib/python3.12/site-packages/dbcounter.py:102}}
May 09 07:24:35.318151 np0000172998 neutron-periodic-workers[105240]: DEBUG oslo.service.backend._threading.loopingcall [None req-f0c2eff3-977f-4a4c-8ce6-ab461abe699d None None] Fixed interval looping call 'neutron.db.quota.driver_nolock.DbQuotaNoLockDriver._remove_expired_reservations' sleeping for 119.99 seconds {{(pid=105240) _run_loop /opt/stack/data/venv/lib/python3.12/site-packages/oslo_service/backend/_threading/loopingcall.py:125}}
May 09 07:24:45.316610 np0000172998 neutron-periodic-workers[105240]: DEBUG dbcounter [-] [105240] Writing DB stats neutron:DELETE=1 {{(pid=105240) stat_writer /opt/stack/data/venv/lib/python3.12/site-packages/dbcounter.py:115}}
May 09 07:24:53.271649 np0000172998 neutron-periodic-workers[105233]: DEBUG neutron.db.agents_db [None req-a57cd8f9-a627-4c94-b73c-7d899127938c None None] Agent healthcheck: found 0 active agents {{(pid=105233) agent_health_check /opt/stack/neutron/neutron/db/agents_db.py:322}}
May 09 07:24:53.272192 np0000172998 neutron-periodic-workers[105233]: DEBUG oslo.service.backend._threading.loopingcall [None req-a57cd8f9-a627-4c94-b73c-7d899127938c None None] Fixed interval looping call 'neutron.plugins.ml2.plugin.AgentDbMixin.agent_health_check' sleeping for 36.99 seconds {{(pid=105233) _run_loop /opt/stack/data/venv/lib/python3.12/site-packages/oslo_service/backend/_threading/loopingcall.py:125}}
May 09 07:24:58.262400 np0000172998 neutron-periodic-workers[105222]: DEBUG oslo.service.backend._threading.loopingcall [None req-84d2ffee-61d8-4068-9547-82b588cef294 None None] Fixed interval looping call 'neutron.plugins.ml2.plugin.DhcpAgentSchedulerDbMixin.remove_networks_from_down_agents' sleeping for 36.99 seconds {{(pid=105222) _run_loop /opt/stack/data/venv/lib/python3.12/site-packages/oslo_service/backend/_threading/loopingcall.py:125}}
May 09 07:25:03.269647 np0000172998 neutron-periodic-workers[105233]: DEBUG dbcounter [-] [105233] Writing DB stats neutron:SELECT=1 {{(pid=105233) stat_writer /opt/stack/data/venv/lib/python3.12/site-packages/dbcounter.py:115}}
May 09 07:25:08.261102 np0000172998 neutron-periodic-workers[105222]: DEBUG dbcounter [-] [105222] Writing DB stats neutron:SELECT=3 {{(pid=105222) stat_writer /opt/stack/data/venv/lib/python3.12/site-packages/dbcounter.py:115}}
May 09 07:25:30.267301 np0000172998 neutron-periodic-workers[105233]: DEBUG neutron.db.agents_db [None req-a57cd8f9-a627-4c94-b73c-7d899127938c None None] Agent healthcheck: found 0 active agents {{(pid=105233) agent_health_check /opt/stack/neutron/neutron/db/agents_db.py:322}}
May 09 07:25:30.267301 np0000172998 neutron-periodic-workers[105233]: DEBUG oslo.service.backend._threading.loopingcall [None req-a57cd8f9-a627-4c94-b73c-7d899127938c None None] Fixed interval looping call 'neutron.plugins.ml2.plugin.AgentDbMixin.agent_health_check' sleeping for 36.99 seconds {{(pid=105233) _run_loop /opt/stack/data/venv/lib/python3.12/site-packages/oslo_service/backend/_threading/loopingcall.py:125}}
May 09 07:25:35.263760 np0000172998 neutron-periodic-workers[105222]: DEBUG oslo.service.backend._threading.loopingcall [None req-84d2ffee-61d8-4068-9547-82b588cef294 None None] Fixed interval looping call 'neutron.plugins.ml2.plugin.DhcpAgentSchedulerDbMixin.remove_networks_from_down_agents' sleeping for 36.99 seconds {{(pid=105222) _run_loop /opt/stack/data/venv/lib/python3.12/site-packages/oslo_service/backend/_threading/loopingcall.py:125}}
May 09 07:25:40.265581 np0000172998 neutron-periodic-workers[105233]: DEBUG dbcounter [-] [105233] Writing DB stats neutron:SELECT=1 {{(pid=105233) stat_writer /opt/stack/data/venv/lib/python3.12/site-packages/dbcounter.py:115}}
May 09 07:25:45.262385 np0000172998 neutron-periodic-workers[105222]: DEBUG dbcounter [-] [105222] Writing DB stats neutron:SELECT=3 {{(pid=105222) stat_writer /opt/stack/data/venv/lib/python3.12/site-packages/dbcounter.py:115}}
May 09 07:26:07.263412 np0000172998 neutron-periodic-workers[105233]: DEBUG neutron.db.agents_db [None req-a57cd8f9-a627-4c94-b73c-7d899127938c None None] Agent healthcheck: found 0 active agents {{(pid=105233) agent_health_check /opt/stack/neutron/neutron/db/agents_db.py:322}}
May 09 07:26:07.264191 np0000172998 neutron-periodic-workers[105233]: DEBUG oslo.service.backend._threading.loopingcall [None req-a57cd8f9-a627-4c94-b73c-7d899127938c None None] Fixed interval looping call 'neutron.plugins.ml2.plugin.AgentDbMixin.agent_health_check' sleeping for 36.99 seconds {{(pid=105233) _run_loop /opt/stack/data/venv/lib/python3.12/site-packages/oslo_service/backend/_threading/loopingcall.py:125}}
May 09 07:26:12.264475 np0000172998 neutron-periodic-workers[105222]: DEBUG oslo.service.backend._threading.loopingcall [None req-84d2ffee-61d8-4068-9547-82b588cef294 None None] Fixed interval looping call 'neutron.plugins.ml2.plugin.DhcpAgentSchedulerDbMixin.remove_networks_from_down_agents' sleeping for 36.99 seconds {{(pid=105222) _run_loop /opt/stack/data/venv/lib/python3.12/site-packages/oslo_service/backend/_threading/loopingcall.py:125}}
May 09 07:26:17.261917 np0000172998 neutron-periodic-workers[105233]: DEBUG dbcounter [-] [105233] Writing DB stats neutron:SELECT=1 {{(pid=105233) stat_writer /opt/stack/data/venv/lib/python3.12/site-packages/dbcounter.py:115}}
May 09 07:26:22.262753 np0000172998 neutron-periodic-workers[105222]: DEBUG dbcounter [-] [105222] Writing DB stats neutron:SELECT=3 {{(pid=105222) stat_writer /opt/stack/data/venv/lib/python3.12/site-packages/dbcounter.py:115}}
May 09 07:26:35.311982 np0000172998 neutron-periodic-workers[105240]: DEBUG oslo.service.backend._threading.loopingcall [None req-f0c2eff3-977f-4a4c-8ce6-ab461abe699d None None] Fixed interval looping call 'neutron.db.quota.driver_nolock.DbQuotaNoLockDriver._remove_expired_reservations' sleeping for 120.00 seconds {{(pid=105240) _run_loop /opt/stack/data/venv/lib/python3.12/site-packages/oslo_service/backend/_threading/loopingcall.py:125}}
May 09 07:26:44.258341 np0000172998 neutron-periodic-workers[105233]: DEBUG neutron.db.agents_db [None req-a57cd8f9-a627-4c94-b73c-7d899127938c None None] Agent healthcheck: found 0 active agents {{(pid=105233) agent_health_check /opt/stack/neutron/neutron/db/agents_db.py:322}}
May 09 07:26:44.258971 np0000172998 neutron-periodic-workers[105233]: DEBUG oslo.service.backend._threading.loopingcall [None req-a57cd8f9-a627-4c94-b73c-7d899127938c None None] Fixed interval looping call 'neutron.plugins.ml2.plugin.AgentDbMixin.agent_health_check' sleeping for 37.00 seconds {{(pid=105233) _run_loop /opt/stack/data/venv/lib/python3.12/site-packages/oslo_service/backend/_threading/loopingcall.py:125}}
May 09 07:26:45.310977 np0000172998 neutron-periodic-workers[105240]: DEBUG dbcounter [-] [105240] Writing DB stats neutron:DELETE=1 {{(pid=105240) stat_writer /opt/stack/data/venv/lib/python3.12/site-packages/dbcounter.py:115}}
May 09 07:26:49.263968 np0000172998 neutron-periodic-workers[105222]: DEBUG oslo.service.backend._threading.loopingcall [None req-84d2ffee-61d8-4068-9547-82b588cef294 None None] Fixed interval looping call 'neutron.plugins.ml2.plugin.DhcpAgentSchedulerDbMixin.remove_networks_from_down_agents' sleeping for 36.99 seconds {{(pid=105222) _run_loop /opt/stack/data/venv/lib/python3.12/site-packages/oslo_service/backend/_threading/loopingcall.py:125}}
May 09 07:26:54.256662 np0000172998 neutron-periodic-workers[105233]: DEBUG dbcounter [-] [105233] Writing DB stats neutron:SELECT=1 {{(pid=105233) stat_writer /opt/stack/data/venv/lib/python3.12/site-packages/dbcounter.py:115}}
May 09 07:26:59.263106 np0000172998 neutron-periodic-workers[105222]: DEBUG dbcounter [-] [105222] Writing DB stats neutron:SELECT=3 {{(pid=105222) stat_writer /opt/stack/data/venv/lib/python3.12/site-packages/dbcounter.py:115}}
May 09 07:27:21.264309 np0000172998 neutron-periodic-workers[105233]: DEBUG neutron.db.agents_db [None req-a57cd8f9-a627-4c94-b73c-7d899127938c None None] Agent healthcheck: found 0 active agents {{(pid=105233) agent_health_check /opt/stack/neutron/neutron/db/agents_db.py:322}}
May 09 07:27:21.265453 np0000172998 neutron-periodic-workers[105233]: DEBUG oslo.service.backend._threading.loopingcall [None req-a57cd8f9-a627-4c94-b73c-7d899127938c None None] Fixed interval looping call 'neutron.plugins.ml2.plugin.AgentDbMixin.agent_health_check' sleeping for 36.99 seconds {{(pid=105233) _run_loop /opt/stack/data/venv/lib/python3.12/site-packages/oslo_service/backend/_threading/loopingcall.py:125}}
May 09 07:27:26.263766 np0000172998 neutron-periodic-workers[105222]: DEBUG oslo.service.backend._threading.loopingcall [None req-84d2ffee-61d8-4068-9547-82b588cef294 None None] Fixed interval looping call 'neutron.plugins.ml2.plugin.DhcpAgentSchedulerDbMixin.remove_networks_from_down_agents' sleeping for 36.99 seconds {{(pid=105222) _run_loop /opt/stack/data/venv/lib/python3.12/site-packages/oslo_service/backend/_threading/loopingcall.py:125}}
May 09 07:27:31.262481 np0000172998 neutron-periodic-workers[105233]: DEBUG dbcounter [-] [105233] Writing DB stats neutron:SELECT=1 {{(pid=105233) stat_writer /opt/stack/data/venv/lib/python3.12/site-packages/dbcounter.py:115}}
May 09 07:27:36.263613 np0000172998 neutron-periodic-workers[105222]: DEBUG dbcounter [-] [105222] Writing DB stats neutron:SELECT=3 {{(pid=105222) stat_writer /opt/stack/data/venv/lib/python3.12/site-packages/dbcounter.py:115}}
May 09 07:27:58.261289 np0000172998 neutron-periodic-workers[105233]: DEBUG neutron.db.agents_db [None req-a57cd8f9-a627-4c94-b73c-7d899127938c None None] Agent healthcheck: found 0 active agents {{(pid=105233) agent_health_check /opt/stack/neutron/neutron/db/agents_db.py:322}}
May 09 07:27:58.261868 np0000172998 neutron-periodic-workers[105233]: DEBUG oslo.service.backend._threading.loopingcall [None req-a57cd8f9-a627-4c94-b73c-7d899127938c None None] Fixed interval looping call 'neutron.plugins.ml2.plugin.AgentDbMixin.agent_health_check' sleeping for 36.99 seconds {{(pid=105233) _run_loop /opt/stack/data/venv/lib/python3.12/site-packages/oslo_service/backend/_threading/loopingcall.py:125}}
May 09 07:28:03.262564 np0000172998 neutron-periodic-workers[105222]: DEBUG oslo.service.backend._threading.loopingcall [None req-84d2ffee-61d8-4068-9547-82b588cef294 None None] Fixed interval looping call 'neutron.plugins.ml2.plugin.DhcpAgentSchedulerDbMixin.remove_networks_from_down_agents' sleeping for 36.99 seconds {{(pid=105222) _run_loop /opt/stack/data/venv/lib/python3.12/site-packages/oslo_service/backend/_threading/loopingcall.py:125}}
May 09 07:28:08.258528 np0000172998 neutron-periodic-workers[105233]: DEBUG dbcounter [-] [105233] Writing DB stats neutron:SELECT=1 {{(pid=105233) stat_writer /opt/stack/data/venv/lib/python3.12/site-packages/dbcounter.py:115}}
May 09 07:28:13.261670 np0000172998 neutron-periodic-workers[105222]: DEBUG dbcounter [-] [105222] Writing DB stats neutron:SELECT=3 {{(pid=105222) stat_writer /opt/stack/data/venv/lib/python3.12/site-packages/dbcounter.py:115}}
May 09 07:28:35.256451 np0000172998 neutron-periodic-workers[105233]: DEBUG neutron.db.agents_db [None req-a57cd8f9-a627-4c94-b73c-7d899127938c None None] Agent healthcheck: found 0 active agents {{(pid=105233) agent_health_check /opt/stack/neutron/neutron/db/agents_db.py:322}}
May 09 07:28:35.257154 np0000172998 neutron-periodic-workers[105233]: DEBUG oslo.service.backend._threading.loopingcall [None req-a57cd8f9-a627-4c94-b73c-7d899127938c None None] Fixed interval looping call 'neutron.plugins.ml2.plugin.AgentDbMixin.agent_health_check' sleeping for 37.00 seconds {{(pid=105233) _run_loop /opt/stack/data/venv/lib/python3.12/site-packages/oslo_service/backend/_threading/loopingcall.py:125}}
May 09 07:28:35.317307 np0000172998 neutron-periodic-workers[105240]: DEBUG oslo.service.backend._threading.loopingcall [None req-f0c2eff3-977f-4a4c-8ce6-ab461abe699d None None] Fixed interval looping call 'neutron.db.quota.driver_nolock.DbQuotaNoLockDriver._remove_expired_reservations' sleeping for 120.00 seconds {{(pid=105240) _run_loop /opt/stack/data/venv/lib/python3.12/site-packages/oslo_service/backend/_threading/loopingcall.py:125}}
May 09 07:28:40.260434 np0000172998 neutron-periodic-workers[105222]: DEBUG oslo.service.backend._threading.loopingcall [None req-84d2ffee-61d8-4068-9547-82b588cef294 None None] Fixed interval looping call 'neutron.plugins.ml2.plugin.DhcpAgentSchedulerDbMixin.remove_networks_from_down_agents' sleeping for 36.99 seconds {{(pid=105222) _run_loop /opt/stack/data/venv/lib/python3.12/site-packages/oslo_service/backend/_threading/loopingcall.py:125}}
May 09 07:28:45.254973 np0000172998 neutron-periodic-workers[105233]: DEBUG dbcounter [-] [105233] Writing DB stats neutron:SELECT=1 {{(pid=105233) stat_writer /opt/stack/data/venv/lib/python3.12/site-packages/dbcounter.py:115}}
May 09 07:28:45.315667 np0000172998 neutron-periodic-workers[105240]: DEBUG dbcounter [-] [105240] Writing DB stats neutron:DELETE=1 {{(pid=105240) stat_writer /opt/stack/data/venv/lib/python3.12/site-packages/dbcounter.py:115}}
May 09 07:28:50.259883 np0000172998 neutron-periodic-workers[105222]: DEBUG dbcounter [-] [105222] Writing DB stats neutron:SELECT=3 {{(pid=105222) stat_writer /opt/stack/data/venv/lib/python3.12/site-packages/dbcounter.py:115}}
May 09 07:29:09.239801 np0000172998 neutron-periodic-workers[105214]: DEBUG oslo.service.backend._threading.loopingcall [None req-69975b94-808e-4275-b964-3967f7fcfdf2 None None] Fixed interval looping call 'neutron.services.ovn_l3.plugin.L3_NAT_dbonly_mixin._clean_garbage' sleeping for 299.99 seconds {{(pid=105214) _run_loop /opt/stack/data/venv/lib/python3.12/site-packages/oslo_service/backend/_threading/loopingcall.py:125}}
May 09 07:29:12.261689 np0000172998 neutron-periodic-workers[105233]: DEBUG neutron.db.agents_db [None req-a57cd8f9-a627-4c94-b73c-7d899127938c None None] Agent healthcheck: found 0 active agents {{(pid=105233) agent_health_check /opt/stack/neutron/neutron/db/agents_db.py:322}}
May 09 07:29:12.262515 np0000172998 neutron-periodic-workers[105233]: DEBUG oslo.service.backend._threading.loopingcall [None req-a57cd8f9-a627-4c94-b73c-7d899127938c None None] Fixed interval looping call 'neutron.plugins.ml2.plugin.AgentDbMixin.agent_health_check' sleeping for 37.00 seconds {{(pid=105233) _run_loop /opt/stack/data/venv/lib/python3.12/site-packages/oslo_service/backend/_threading/loopingcall.py:125}}
May 09 07:29:17.259763 np0000172998 neutron-periodic-workers[105222]: DEBUG oslo.service.backend._threading.loopingcall [None req-84d2ffee-61d8-4068-9547-82b588cef294 None None] Fixed interval looping call 'neutron.plugins.ml2.plugin.DhcpAgentSchedulerDbMixin.remove_networks_from_down_agents' sleeping for 36.99 seconds {{(pid=105222) _run_loop /opt/stack/data/venv/lib/python3.12/site-packages/oslo_service/backend/_threading/loopingcall.py:125}}
May 09 07:29:19.233060 np0000172998 neutron-periodic-workers[105214]: DEBUG dbcounter [-] [105214] Writing DB stats neutron:SELECT=1 {{(pid=105214) stat_writer /opt/stack/data/venv/lib/python3.12/site-packages/dbcounter.py:115}}
May 09 07:29:22.260410 np0000172998 neutron-periodic-workers[105233]: DEBUG dbcounter [-] [105233] Writing DB stats neutron:SELECT=1 {{(pid=105233) stat_writer /opt/stack/data/venv/lib/python3.12/site-packages/dbcounter.py:115}}
May 09 07:29:27.258771 np0000172998 neutron-periodic-workers[105222]: DEBUG dbcounter [-] [105222] Writing DB stats neutron:SELECT=3 {{(pid=105222) stat_writer /opt/stack/data/venv/lib/python3.12/site-packages/dbcounter.py:115}}
May 09 07:29:49.268161 np0000172998 neutron-periodic-workers[105233]: DEBUG neutron.db.agents_db [None req-a57cd8f9-a627-4c94-b73c-7d899127938c None None] Agent healthcheck: found 0 active agents {{(pid=105233) agent_health_check /opt/stack/neutron/neutron/db/agents_db.py:322}}
May 09 07:29:49.268825 np0000172998 neutron-periodic-workers[105233]: DEBUG oslo.service.backend._threading.loopingcall [None req-a57cd8f9-a627-4c94-b73c-7d899127938c None None] Fixed interval looping call 'neutron.plugins.ml2.plugin.AgentDbMixin.agent_health_check' sleeping for 36.99 seconds {{(pid=105233) _run_loop /opt/stack/data/venv/lib/python3.12/site-packages/oslo_service/backend/_threading/loopingcall.py:125}}
May 09 07:29:54.260237 np0000172998 neutron-periodic-workers[105222]: DEBUG oslo.service.backend._threading.loopingcall [None req-84d2ffee-61d8-4068-9547-82b588cef294 None None] Fixed interval looping call 'neutron.plugins.ml2.plugin.DhcpAgentSchedulerDbMixin.remove_networks_from_down_agents' sleeping for 36.99 seconds {{(pid=105222) _run_loop /opt/stack/data/venv/lib/python3.12/site-packages/oslo_service/backend/_threading/loopingcall.py:125}}
May 09 07:29:59.265900 np0000172998 neutron-periodic-workers[105233]: DEBUG dbcounter [-] [105233] Writing DB stats neutron:SELECT=1 {{(pid=105233) stat_writer /opt/stack/data/venv/lib/python3.12/site-packages/dbcounter.py:115}}
May 09 07:30:04.259846 np0000172998 neutron-periodic-workers[105222]: DEBUG dbcounter [-] [105222] Writing DB stats neutron:SELECT=3 {{(pid=105222) stat_writer /opt/stack/data/venv/lib/python3.12/site-packages/dbcounter.py:115}}
May 09 07:30:26.263710 np0000172998 neutron-periodic-workers[105233]: DEBUG neutron.db.agents_db [None req-a57cd8f9-a627-4c94-b73c-7d899127938c None None] Agent healthcheck: found 0 active agents {{(pid=105233) agent_health_check /opt/stack/neutron/neutron/db/agents_db.py:322}}
May 09 07:30:26.264391 np0000172998 neutron-periodic-workers[105233]: DEBUG oslo.service.backend._threading.loopingcall [None req-a57cd8f9-a627-4c94-b73c-7d899127938c None None] Fixed interval looping call 'neutron.plugins.ml2.plugin.AgentDbMixin.agent_health_check' sleeping for 36.99 seconds {{(pid=105233) _run_loop /opt/stack/data/venv/lib/python3.12/site-packages/oslo_service/backend/_threading/loopingcall.py:125}}
May 09 07:30:31.261084 np0000172998 neutron-periodic-workers[105222]: DEBUG oslo.service.backend._threading.loopingcall [None req-84d2ffee-61d8-4068-9547-82b588cef294 None None] Fixed interval looping call 'neutron.plugins.ml2.plugin.DhcpAgentSchedulerDbMixin.remove_networks_from_down_agents' sleeping for 36.99 seconds {{(pid=105222) _run_loop /opt/stack/data/venv/lib/python3.12/site-packages/oslo_service/backend/_threading/loopingcall.py:125}}
May 09 07:30:35.322816 np0000172998 neutron-periodic-workers[105240]: DEBUG oslo.service.backend._threading.loopingcall [None req-f0c2eff3-977f-4a4c-8ce6-ab461abe699d None None] Fixed interval looping call 'neutron.db.quota.driver_nolock.DbQuotaNoLockDriver._remove_expired_reservations' sleeping for 119.99 seconds {{(pid=105240) _run_loop /opt/stack/data/venv/lib/python3.12/site-packages/oslo_service/backend/_threading/loopingcall.py:125}}
May 09 07:30:36.261926 np0000172998 neutron-periodic-workers[105233]: DEBUG dbcounter [-] [105233] Writing DB stats neutron:SELECT=1 {{(pid=105233) stat_writer /opt/stack/data/venv/lib/python3.12/site-packages/dbcounter.py:115}}
May 09 07:30:41.259050 np0000172998 neutron-periodic-workers[105222]: DEBUG dbcounter [-] [105222] Writing DB stats neutron:SELECT=3 {{(pid=105222) stat_writer /opt/stack/data/venv/lib/python3.12/site-packages/dbcounter.py:115}}
May 09 07:30:45.320821 np0000172998 neutron-periodic-workers[105240]: DEBUG dbcounter [-] [105240] Writing DB stats neutron:DELETE=1 {{(pid=105240) stat_writer /opt/stack/data/venv/lib/python3.12/site-packages/dbcounter.py:115}}
May 09 07:31:03.259510 np0000172998 neutron-periodic-workers[105233]: DEBUG neutron.db.agents_db [None req-a57cd8f9-a627-4c94-b73c-7d899127938c None None] Agent healthcheck: found 0 active agents {{(pid=105233) agent_health_check /opt/stack/neutron/neutron/db/agents_db.py:322}}
May 09 07:31:03.260033 np0000172998 neutron-periodic-workers[105233]: DEBUG oslo.service.backend._threading.loopingcall [None req-a57cd8f9-a627-4c94-b73c-7d899127938c None None] Fixed interval looping call 'neutron.plugins.ml2.plugin.AgentDbMixin.agent_health_check' sleeping for 36.99 seconds {{(pid=105233) _run_loop /opt/stack/data/venv/lib/python3.12/site-packages/oslo_service/backend/_threading/loopingcall.py:125}}
May 09 07:31:08.257979 np0000172998 neutron-periodic-workers[105222]: DEBUG oslo.service.backend._threading.loopingcall [None req-84d2ffee-61d8-4068-9547-82b588cef294 None None] Fixed interval looping call 'neutron.plugins.ml2.plugin.DhcpAgentSchedulerDbMixin.remove_networks_from_down_agents' sleeping for 36.99 seconds {{(pid=105222) _run_loop /opt/stack/data/venv/lib/python3.12/site-packages/oslo_service/backend/_threading/loopingcall.py:125}}
May 09 07:31:13.257651 np0000172998 neutron-periodic-workers[105233]: DEBUG dbcounter [-] [105233] Writing DB stats neutron:SELECT=1 {{(pid=105233) stat_writer /opt/stack/data/venv/lib/python3.12/site-packages/dbcounter.py:115}}
May 09 07:31:18.257072 np0000172998 neutron-periodic-workers[105222]: DEBUG dbcounter [-] [105222] Writing DB stats neutron:SELECT=3 {{(pid=105222) stat_writer /opt/stack/data/venv/lib/python3.12/site-packages/dbcounter.py:115}}
May 09 07:31:40.255282 np0000172998 neutron-periodic-workers[105233]: DEBUG neutron.db.agents_db [None req-a57cd8f9-a627-4c94-b73c-7d899127938c None None] Agent healthcheck: found 0 active agents {{(pid=105233) agent_health_check /opt/stack/neutron/neutron/db/agents_db.py:322}}
May 09 07:31:40.255804 np0000172998 neutron-periodic-workers[105233]: DEBUG oslo.service.backend._threading.loopingcall [None req-a57cd8f9-a627-4c94-b73c-7d899127938c None None] Fixed interval looping call 'neutron.plugins.ml2.plugin.AgentDbMixin.agent_health_check' sleeping for 36.99 seconds {{(pid=105233) _run_loop /opt/stack/data/venv/lib/python3.12/site-packages/oslo_service/backend/_threading/loopingcall.py:125}}
May 09 07:31:45.260757 np0000172998 neutron-periodic-workers[105222]: DEBUG oslo.service.backend._threading.loopingcall [None req-84d2ffee-61d8-4068-9547-82b588cef294 None None] Fixed interval looping call 'neutron.plugins.ml2.plugin.DhcpAgentSchedulerDbMixin.remove_networks_from_down_agents' sleeping for 36.99 seconds {{(pid=105222) _run_loop /opt/stack/data/venv/lib/python3.12/site-packages/oslo_service/backend/_threading/loopingcall.py:125}}
May 09 07:31:50.254302 np0000172998 neutron-periodic-workers[105233]: DEBUG dbcounter [-] [105233] Writing DB stats neutron:SELECT=1 {{(pid=105233) stat_writer /opt/stack/data/venv/lib/python3.12/site-packages/dbcounter.py:115}}
May 09 07:31:55.260295 np0000172998 neutron-periodic-workers[105222]: DEBUG dbcounter [-] [105222] Writing DB stats neutron:SELECT=3 {{(pid=105222) stat_writer /opt/stack/data/venv/lib/python3.12/site-packages/dbcounter.py:115}}
May 09 07:32:17.251291 np0000172998 neutron-periodic-workers[105233]: DEBUG neutron.db.agents_db [None req-a57cd8f9-a627-4c94-b73c-7d899127938c None None] Agent healthcheck: found 0 active agents {{(pid=105233) agent_health_check /opt/stack/neutron/neutron/db/agents_db.py:322}}
May 09 07:32:17.252040 np0000172998 neutron-periodic-workers[105233]: DEBUG oslo.service.backend._threading.loopingcall [None req-a57cd8f9-a627-4c94-b73c-7d899127938c None None] Fixed interval looping call 'neutron.plugins.ml2.plugin.AgentDbMixin.agent_health_check' sleeping for 36.99 seconds {{(pid=105233) _run_loop /opt/stack/data/venv/lib/python3.12/site-packages/oslo_service/backend/_threading/loopingcall.py:125}}
May 09 07:32:22.257845 np0000172998 neutron-periodic-workers[105222]: DEBUG oslo.service.backend._threading.loopingcall [None req-84d2ffee-61d8-4068-9547-82b588cef294 None None] Fixed interval looping call 'neutron.plugins.ml2.plugin.DhcpAgentSchedulerDbMixin.remove_networks_from_down_agents' sleeping for 36.99 seconds {{(pid=105222) _run_loop /opt/stack/data/venv/lib/python3.12/site-packages/oslo_service/backend/_threading/loopingcall.py:125}}
May 09 07:32:27.249919 np0000172998 neutron-periodic-workers[105233]: DEBUG dbcounter [-] [105233] Writing DB stats neutron:SELECT=1 {{(pid=105233) stat_writer /opt/stack/data/venv/lib/python3.12/site-packages/dbcounter.py:115}}
May 09 07:32:32.256939 np0000172998 neutron-periodic-workers[105222]: DEBUG dbcounter [-] [105222] Writing DB stats neutron:SELECT=3 {{(pid=105222) stat_writer /opt/stack/data/venv/lib/python3.12/site-packages/dbcounter.py:115}}
May 09 07:32:35.317895 np0000172998 neutron-periodic-workers[105240]: DEBUG oslo.service.backend._threading.loopingcall [None req-f0c2eff3-977f-4a4c-8ce6-ab461abe699d None None] Fixed interval looping call 'neutron.db.quota.driver_nolock.DbQuotaNoLockDriver._remove_expired_reservations' sleeping for 120.00 seconds {{(pid=105240) _run_loop /opt/stack/data/venv/lib/python3.12/site-packages/oslo_service/backend/_threading/loopingcall.py:125}}
May 09 07:32:45.316588 np0000172998 neutron-periodic-workers[105240]: DEBUG dbcounter [-] [105240] Writing DB stats neutron:DELETE=1 {{(pid=105240) stat_writer /opt/stack/data/venv/lib/python3.12/site-packages/dbcounter.py:115}}
May 09 07:32:54.248181 np0000172998 neutron-periodic-workers[105233]: DEBUG neutron.db.agents_db [None req-a57cd8f9-a627-4c94-b73c-7d899127938c None None] Agent healthcheck: found 0 active agents {{(pid=105233) agent_health_check /opt/stack/neutron/neutron/db/agents_db.py:322}}
May 09 07:32:54.249035 np0000172998 neutron-periodic-workers[105233]: DEBUG oslo.service.backend._threading.loopingcall [None req-a57cd8f9-a627-4c94-b73c-7d899127938c None None] Fixed interval looping call 'neutron.plugins.ml2.plugin.AgentDbMixin.agent_health_check' sleeping for 36.99 seconds {{(pid=105233) _run_loop /opt/stack/data/venv/lib/python3.12/site-packages/oslo_service/backend/_threading/loopingcall.py:125}}
May 09 07:32:59.256723 np0000172998 neutron-periodic-workers[105222]: DEBUG oslo.service.backend._threading.loopingcall [None req-84d2ffee-61d8-4068-9547-82b588cef294 None None] Fixed interval looping call 'neutron.plugins.ml2.plugin.DhcpAgentSchedulerDbMixin.remove_networks_from_down_agents' sleeping for 36.99 seconds {{(pid=105222) _run_loop /opt/stack/data/venv/lib/python3.12/site-packages/oslo_service/backend/_threading/loopingcall.py:125}}
May 09 07:33:04.247513 np0000172998 neutron-periodic-workers[105233]: DEBUG dbcounter [-] [105233] Writing DB stats neutron:SELECT=1 {{(pid=105233) stat_writer /opt/stack/data/venv/lib/python3.12/site-packages/dbcounter.py:115}}
May 09 07:33:09.256031 np0000172998 neutron-periodic-workers[105222]: DEBUG dbcounter [-] [105222] Writing DB stats neutron:SELECT=3 {{(pid=105222) stat_writer /opt/stack/data/venv/lib/python3.12/site-packages/dbcounter.py:115}}
May 09 07:33:31.243807 np0000172998 neutron-periodic-workers[105233]: DEBUG neutron.db.agents_db [None req-a57cd8f9-a627-4c94-b73c-7d899127938c None None] Agent healthcheck: found 0 active agents {{(pid=105233) agent_health_check /opt/stack/neutron/neutron/db/agents_db.py:322}}
