May 09 09:12:29.843980 np0000173032 devstack@neutron-api.service[103873]: DEBUG ovsdbapp.backend.ovs_idl.event [None req-1e40bb31-318c-47fa-8c88-b4b9bbe461b2 None None] Matched CREATE: LogicalSwitchPortCreateEvent(events=('create',), table='Logical_Switch_Port', conditions=[], old_conditions=None), priority=20 to row=Logical_Switch_Port(uuid=c8f629ba-f2d2-4ee3-a1cd-306e488b5ca8, addresses=['fa:16:3e:72:86:40'], dhcpv4_options=[], dhcpv6_options=[], dynamic_addresses=[], enabled=True, external_ids={'neutron:cidrs': '', 'neutron:device_id': 'ovnmeta-5f5734e2-af15-419d-9c06-d50a7dcec839', 'neutron:device_owner': 'network:distributed', 'neutron:mtu': '', 'neutron:network_name': 'neutron-5f5734e2-af15-419d-9c06-d50a7dcec839', 'neutron:port_capabilities': '', 'neutron:port_name': '', 'neutron:project_id': '7b44e941ff8d47bd9f35a39a5d060934', 'neutron:revision_number': '1', 'neutron:security_group_ids': '', 'neutron:subnet_pool_addr_scope4': '', 'neutron:subnet_pool_addr_scope6': '', 'neutron:vnic_type': 'normal'}, ha_chassis_group=[], mirror_rules=[], name='0882fc5f-1365-4e8f-b81b-d7590136b651', options={}, parent_name=[], port_security=[], tag=[], tag_request=[], type='localport', up=[]) old= {{(pid=103873) matches /opt/stack/data/venv/lib/python3.12/site-packages/ovsdbapp/backend/ovs_idl/event.py:55}}
May 09 09:12:29.844942 np0000173032 devstack@neutron-api.service[103873]: INFO neutron.plugins.ml2.drivers.ovn.mech_driver.mech_driver [-] OVN reports status down for port: 0882fc5f-1365-4e8f-b81b-d7590136b651
May 09 09:12:29.845549 np0000173032 devstack@neutron-api.service[103873]: DEBUG neutron.plugins.ml2.drivers.ovn.mech_driver.ovsdb.ovsdb_monitor [None req-1e40bb31-318c-47fa-8c88-b4b9bbe461b2 None None] Hash Ring: Node ef0150a09c4a5fffbb13843c5cacd523 (host: np0000173032) handling event "update" for row c8f629ba-f2d2-4ee3-a1cd-306e488b5ca8 (table: Logical_Switch_Port) {{(pid=103873) notify /opt/stack/neutron/neutron/plugins/ml2/drivers/ovn/mech_driver/ovsdb/ovsdb_monitor.py:942}}
May 09 09:12:29.845652 np0000173032 devstack@neutron-api.service[103876]: DEBUG neutron.plugins.ml2.drivers.ovn.mech_driver.ovsdb.ovsdb_monitor [None req-eae47bcf-748c-4116-8931-7ab8c454f8a3 None None] Hash Ring: Node 555ce57ae58159cb9eb534ed436d7910 (host: np0000173032) handling event "create" for row 0371b73c-ab92-4107-91eb-643d34f16e19 (table: Port_Binding) {{(pid=103876) notify /opt/stack/neutron/neutron/plugins/ml2/drivers/ovn/mech_driver/ovsdb/ovsdb_monitor.py:942}}
May 09 09:12:29.880816 np0000173032 devstack@neutron-api.service[103876]: INFO neutron.db.ovn_revision_numbers_db [None req-b470e8b8-e244-4e99-8fef-98a84b363ad0 admin admin] Successfully bumped revision number for resource 0882fc5f-1365-4e8f-b81b-d7590136b651 (type: ports) to 1
May 09 09:12:29.885331 np0000173032 devstack@neutron-api.service[103873]: DEBUG neutron.db.provisioning_blocks [None req-e0e50ea5-73f1-42ab-a470-eb1af5e9ba03 None None] Transition to ACTIVE for port object 0882fc5f-1365-4e8f-b81b-d7590136b651 will not be triggered until provisioned by entity L2. {{(pid=103873) add_provisioning_component /opt/stack/neutron/neutron/db/provisioning_blocks.py:74}}
May 09 09:12:29.888252 np0000173032 devstack@neutron-api.service[103876]: DEBUG neutron.pecan_wsgi.hooks.policy_enforcement [None req-b470e8b8-e244-4e99-8fef-98a84b363ad0 admin admin] Attributes excluded by policy engine: ['standard_attr_id'] {{(pid=103876) _exclude_attributes_by_policy /opt/stack/neutron/neutron/pecan_wsgi/hooks/policy_enforcement.py:256}}
May 09 09:12:29.888636 np0000173032 devstack@neutron-api.service[103876]: DEBUG neutron_lib.callbacks.manager [None req-b470e8b8-e244-4e99-8fef-98a84b363ad0 admin admin] Publish callbacks [] for network (None), before_response {{(pid=103876) _notify_loop /opt/stack/data/venv/lib/python3.12/site-packages/neutron_lib/callbacks/manager.py:184}}
May 09 09:12:29.900709 np0000173032 devstack@neutron-api.service[103876]: [pid: 103876|app: 0|req: 23/93] 199.204.45.157 () {68 vars in 1358 bytes} [Sat May 9 09:12:29 2026] POST /networking/v2.0/networks => generated 683 bytes in 710 msecs (HTTP/1.1 201) 4 headers in 162 bytes (1 switches on core 0)
May 09 09:12:29.928834 np0000173032 devstack@neutron-api.service[103873]: DEBUG neutron.plugins.ml2.plugin [None req-e0e50ea5-73f1-42ab-a470-eb1af5e9ba03 None None] Current status of the port 0882fc5f-1365-4e8f-b81b-d7590136b651 is: DOWN; New status is: DOWN {{(pid=103873) _update_individual_port_db_status /opt/stack/neutron/neutron/plugins/ml2/plugin.py:2466}}
May 09 09:12:29.930591 np0000173032 devstack@neutron-api.service[103873]: DEBUG ovsdbapp.backend.ovs_idl.transaction [None req-1e40bb31-318c-47fa-8c88-b4b9bbe461b2 None None] Running txn n=1 command(idx=0): DbRemoveCommand(_result=None, table=Logical_Switch_Port, record=0882fc5f-1365-4e8f-b81b-d7590136b651, column=external_ids, values=('neutron:host_id',), keyvalues={}, if_exists=True) {{(pid=103873) do_commit /opt/stack/data/venv/lib/python3.12/site-packages/ovsdbapp/backend/ovs_idl/transaction.py:89}}
May 09 09:12:30.129364 np0000173032 devstack@neutron-api.service[103875]: INFO neutron.pecan_wsgi.hooks.translation [None req-fc2e1527-c6b8-43c7-892c-47665d9d9e76 admin admin] GET failed (client error): The resource could not be found.
May 09 09:12:30.130060 np0000173032 devstack@neutron-api.service[103875]: [pid: 103875|app: 0|req: 25/94] 199.204.45.157 () {64 vars in 1334 bytes} [Sat May 9 09:12:30 2026] GET /networking/v2.0/networks/admin_net => generated 111 bytes in 10 msecs (HTTP/1.1 404) 4 headers in 164 bytes (1 switches on core 0)
May 09 09:12:30.177275 np0000173032 devstack@neutron-api.service[103874]: DEBUG neutron.pecan_wsgi.hooks.policy_enforcement [None req-a44f2654-9282-42c0-8195-5ffbf2408736 admin admin] Attributes excluded by policy engine: ['standard_attr_id'] {{(pid=103874) _exclude_attributes_by_policy /opt/stack/neutron/neutron/pecan_wsgi/hooks/policy_enforcement.py:256}}
May 09 09:12:30.177995 np0000173032 devstack@neutron-api.service[103874]: [pid: 103874|app: 0|req: 24/95] 199.204.45.157 () {64 vars in 1346 bytes} [Sat May 9 09:12:30 2026] GET /networking/v2.0/networks?name=admin_net => generated 667 bytes in 39 msecs (HTTP/1.1 200) 4 headers in 157 bytes (1 switches on core 0)
May 09 09:12:30.228840 np0000173032 devstack@neutron-api.service[103874]: DEBUG futurist.periodics [-] Submitting periodic callback 'neutron.plugins.ml2.drivers.ovn.mech_driver.ovsdb.maintenance.HashRingHealthCheckPeriodics.touch_hash_ring_node' {{(pid=103874) _process_scheduled /opt/stack/data/venv/lib/python3.12/site-packages/futurist/periodics.py:784}}
May 09 09:12:30.230757 np0000173032 devstack@neutron-api.service[103874]: DEBUG neutron.plugins.ml2.drivers.ovn.mech_driver.ovsdb.maintenance [-] Touching Hash Ring node "404d7fddd5465224a1644f385379b263" from periodic health check thread {{(pid=103874) touch_hash_ring_node /opt/stack/neutron/neutron/plugins/ml2/drivers/ovn/mech_driver/ovsdb/maintenance.py:1466}}
May 09 09:12:30.308356 np0000173032 devstack@neutron-api.service[103873]: DEBUG futurist.periodics [-] Submitting periodic callback 'neutron.plugins.ml2.drivers.ovn.mech_driver.ovsdb.maintenance.HashRingHealthCheckPeriodics.touch_hash_ring_node' {{(pid=103873) _process_scheduled /opt/stack/data/venv/lib/python3.12/site-packages/futurist/periodics.py:784}}
May 09 09:12:30.309180 np0000173032 devstack@neutron-api.service[103873]: DEBUG neutron.plugins.ml2.drivers.ovn.mech_driver.ovsdb.maintenance [-] Touching Hash Ring node "ef0150a09c4a5fffbb13843c5cacd523" from periodic health check thread {{(pid=103873) touch_hash_ring_node /opt/stack/neutron/neutron/plugins/ml2/drivers/ovn/mech_driver/ovsdb/maintenance.py:1466}}
May 09 09:12:30.312566 np0000173032 devstack@neutron-api.service[103876]: DEBUG futurist.periodics [-] Submitting periodic callback 'neutron.plugins.ml2.drivers.ovn.mech_driver.ovsdb.maintenance.HashRingHealthCheckPeriodics.touch_hash_ring_node' {{(pid=103876) _process_scheduled /opt/stack/data/venv/lib/python3.12/site-packages/futurist/periodics.py:784}}
May 09 09:12:30.313104 np0000173032 devstack@neutron-api.service[103876]: DEBUG neutron.plugins.ml2.drivers.ovn.mech_driver.ovsdb.maintenance [-] Touching Hash Ring node "555ce57ae58159cb9eb534ed436d7910" from periodic health check thread {{(pid=103876) touch_hash_ring_node /opt/stack/neutron/neutron/plugins/ml2/drivers/ovn/mech_driver/ovsdb/maintenance.py:1466}}
May 09 09:12:30.417340 np0000173032 devstack@neutron-api.service[103873]: INFO neutron.pecan_wsgi.hooks.translation [None req-c87ee1be-2e17-4438-91cd-dbd6ff122f90 admin admin] GET failed (client error): The resource could not be found.
May 09 09:12:30.417340 np0000173032 devstack@neutron-api.service[103873]: [pid: 103873|app: 0|req: 24/96] 199.204.45.157 () {64 vars in 1340 bytes} [Sat May 9 09:12:30 2026] GET /networking/v2.0/subnets/admin_subnet => generated 112 bytes in 19 msecs (HTTP/1.1 404) 4 headers in 164 bytes (1 switches on core 0)
May 09 09:12:30.452594 np0000173032 devstack@neutron-api.service[103876]: [pid: 103876|app: 0|req: 24/97] 199.204.45.157 () {64 vars in 1349 bytes} [Sat May 9 09:12:30 2026] GET /networking/v2.0/subnets?name=admin_subnet => generated 14 bytes in 23 msecs (HTTP/1.1 200) 4 headers in 156 bytes (1 switches on core 0)
May 09 09:12:30.721183 np0000173032 devstack@neutron-api.service[103875]: DEBUG neutron.pecan_wsgi.hooks.policy_enforcement [None req-acc3c3ba-5d7d-4d82-9e76-d52e3a5ab42c admin admin] Attributes excluded by policy engine: ['standard_attr_id'] {{(pid=103875) _exclude_attributes_by_policy /opt/stack/neutron/neutron/pecan_wsgi/hooks/policy_enforcement.py:256}}
May 09 09:12:30.721807 np0000173032 devstack@neutron-api.service[103875]: [pid: 103875|app: 0|req: 26/98] 199.204.45.157 () {64 vars in 1415 bytes} [Sat May 9 09:12:30 2026] GET /networking/v2.0/networks/5f5734e2-af15-419d-9c06-d50a7dcec839 => generated 664 bytes in 27 msecs (HTTP/1.1 200) 4 headers in 157 bytes (1 switches on core 0)
May 09 09:12:30.737788 np0000173032 devstack@neutron-api.service[103874]: DEBUG neutron.api.v2.base [None req-e0aefc7a-faa6-4e66-aac4-d7bc9b8cf300 admin admin] Request body: {'subnet': {'gateway_ip': None, 'network_id': '5f5734e2-af15-419d-9c06-d50a7dcec839', 'cidr': '10.2.5.0/24', 'project_id': '7b44e941ff8d47bd9f35a39a5d060934', 'name': 'admin_subnet', 'ip_version': 4}} {{(pid=103874) prepare_request_body /opt/stack/neutron/neutron/api/v2/base.py:727}}
May 09 09:12:30.755123 np0000173032 devstack@neutron-api.service[103874]: DEBUG neutron.pecan_wsgi.hooks.quota_enforcement [None req-e0aefc7a-faa6-4e66-aac4-d7bc9b8cf300 admin admin] Made reservation on behalf of 7b44e941ff8d47bd9f35a39a5d060934 for: {'subnet': 1} {{(pid=103874) before /opt/stack/neutron/neutron/pecan_wsgi/hooks/quota_enforcement.py:66}}
May 09 09:12:30.758637 np0000173032 devstack@neutron-api.service[103874]: DEBUG neutron_lib.callbacks.manager [None req-e0aefc7a-faa6-4e66-aac4-d7bc9b8cf300 admin admin] Publish callbacks [] for subnet (None), before_create {{(pid=103874) _notify_loop /opt/stack/data/venv/lib/python3.12/site-packages/neutron_lib/callbacks/manager.py:184}}
May 09 09:12:30.823393 np0000173032 devstack@neutron-api.service[103874]: DEBUG neutron.db.ovn_revision_numbers_db [None req-e0aefc7a-faa6-4e66-aac4-d7bc9b8cf300 admin admin] create_initial_revision uuid=a12692bc-9c34-4ec2-97a6-78a1fd1cd7fd, type=subnets, rev=-1 {{(pid=103874) create_initial_revision /opt/stack/neutron/neutron/db/ovn_revision_numbers_db.py:98}}
May 09 09:12:30.831251 np0000173032 devstack@neutron-api.service[103874]: DEBUG neutron_lib.callbacks.manager [None req-e0aefc7a-faa6-4e66-aac4-d7bc9b8cf300 admin admin] Publish callbacks ['neutron.plugins.ml2.ovo_rpc._ObjectChangeHandler.handle_event-8377664'] for subnet (a12692bc-9c34-4ec2-97a6-78a1fd1cd7fd), after_create {{(pid=103874) _notify_loop /opt/stack/data/venv/lib/python3.12/site-packages/neutron_lib/callbacks/manager.py:184}}
May 09 09:12:30.849543 np0000173032 devstack@neutron-api.service[103874]: DEBUG neutron.api.rpc.handlers.resources_rpc [None req-e0aefc7a-faa6-4e66-aac4-d7bc9b8cf300 admin admin] Pushing event updated for resources: {'Subnet': ['ID=a12692bc-9c34-4ec2-97a6-78a1fd1cd7fd,revision_number=0']} {{(pid=103874) push /opt/stack/neutron/neutron/api/rpc/handlers/resources_rpc.py:237}}
May 09 09:12:30.902055 np0000173032 devstack@neutron-api.service[103874]: DEBUG neutron_lib.callbacks.manager [None req-e0aefc7a-faa6-4e66-aac4-d7bc9b8cf300 admin admin] Publish callbacks ['neutron.plugins.ml2.plugin.SecurityGroupDbMixin._ensure_default_security_group_handler-198416', 'neutron.services.ovn_l3.plugin.OVNL3RouterPlugin._port_update-8010830272616', 'neutron.db.l3_db.L3_NAT_dbonly_mixin._prevent_internal_ip_change_for_fip-8010832034236'] for port (0882fc5f-1365-4e8f-b81b-d7590136b651), before_update {{(pid=103874) _notify_loop /opt/stack/data/venv/lib/python3.12/site-packages/neutron_lib/callbacks/manager.py:184}}
May 09 09:12:30.991168 np0000173032 devstack@neutron-api.service[103874]: DEBUG neutron.db.db_base_plugin_common [None req-e0aefc7a-faa6-4e66-aac4-d7bc9b8cf300 admin admin] Allocated IP 10.2.5.1 (5f5734e2-af15-419d-9c06-d50a7dcec839/a12692bc-9c34-4ec2-97a6-78a1fd1cd7fd/0882fc5f-1365-4e8f-b81b-d7590136b651) {{(pid=103874) _store_ip_allocation /opt/stack/neutron/neutron/db/db_base_plugin_common.py:131}}
May 09 09:12:31.060379 np0000173032 devstack@neutron-api.service[103874]: DEBUG neutron_lib.callbacks.manager [None req-e0aefc7a-faa6-4e66-aac4-d7bc9b8cf300 admin admin] Publish callbacks [] for port (0882fc5f-1365-4e8f-b81b-d7590136b651), precommit_update {{(pid=103874) _notify_loop /opt/stack/data/venv/lib/python3.12/site-packages/neutron_lib/callbacks/manager.py:184}}
May 09 09:12:31.060692 np0000173032 devstack@neutron-api.service[103874]: DEBUG neutron.plugins.ml2.drivers.ovn.mech_driver.mech_driver [None req-e0aefc7a-faa6-4e66-aac4-d7bc9b8cf300 admin admin] No provisioning block for port 0882fc5f-1365-4e8f-b81b-d7590136b651 since it does not have a host {{(pid=103874) _is_port_provisioning_required /opt/stack/neutron/neutron/plugins/ml2/drivers/ovn/mech_driver/mech_driver.py:894}}
May 09 09:12:31.073105 np0000173032 devstack@neutron-api.service[103874]: DEBUG neutron_lib.callbacks.manager [None req-e0aefc7a-faa6-4e66-aac4-d7bc9b8cf300 admin admin] Publish callbacks ['neutron.plugins.ml2.ovo_rpc._ObjectChangeHandler.handle_event-8377673', 'neutron.db.l3_db.L3RpcNotifierMixin._notify_gateway_port_ip_changed-8010832037828', 'neutron.services.ovn_l3.plugin.OVNL3RouterPlugin._port_update-8010830272616'] for port (0882fc5f-1365-4e8f-b81b-d7590136b651), after_update {{(pid=103874) _notify_loop /opt/stack/data/venv/lib/python3.12/site-packages/neutron_lib/callbacks/manager.py:184}}
May 09 09:12:31.102656 np0000173032 devstack@neutron-api.service[103874]: DEBUG neutron.api.rpc.handlers.resources_rpc [None req-e0aefc7a-faa6-4e66-aac4-d7bc9b8cf300 admin admin] Pushing event updated for resources: {'Port': ['ID=0882fc5f-1365-4e8f-b81b-d7590136b651,revision_number=2']} {{(pid=103874) push /opt/stack/neutron/neutron/api/rpc/handlers/resources_rpc.py:237}}
May 09 09:12:31.196381 np0000173032 devstack@neutron-api.service[103874]: DEBUG ovsdbapp.backend.ovs_idl.transaction [None req-3f369038-29ab-4ef0-9c57-ca3982789b26 None None] Running txn n=1 command(idx=0): CheckRevisionNumberCommand(_result=None, name=0882fc5f-1365-4e8f-b81b-d7590136b651, resource={'id': '0882fc5f-1365-4e8f-b81b-d7590136b651', 'name': '', 'network_id': '5f5734e2-af15-419d-9c06-d50a7dcec839', 'project_id': '7b44e941ff8d47bd9f35a39a5d060934', 'mac_address': 'fa:16:3e:72:86:40', 'admin_state_up': True, 'status': 'DOWN', 'device_id': 'ovnmeta-5f5734e2-af15-419d-9c06-d50a7dcec839', 'device_owner': 'network:distributed', 'standard_attr_id': 44, 'fixed_ips': [{'subnet_id': 'a12692bc-9c34-4ec2-97a6-78a1fd1cd7fd', 'ip_address': '10.2.5.1'}], 'allowed_address_pairs': [], 'extra_dhcp_opts': [], 'security_groups': [], 'description': '', 'binding:vnic_type': 'normal', 'binding:profile': {}, 'binding:host_id': '', 'binding:vif_type': 'unbound', 'binding:vif_details': {}, 'port_security_enabled': False, 'tags': [], 'created_at': '2026-05-09T09:12:29Z', 'updated_at': '2026-05-09T09:12:30Z', 'revision_number': 2, 'tenant_id': '7b44e941ff8d47bd9f35a39a5d060934', 'network': {'id': '5f5734e2-af15-419d-9c06-d50a7dcec839', 'name': 'admin_net', 'tenant_id': '7b44e941ff8d47bd9f35a39a5d060934', 'project_id': '7b44e941ff8d47bd9f35a39a5d060934', 'admin_state_up': True, 'mtu': 1372, 'status': 'ACTIVE', 'subnets': ['a12692bc-9c34-4ec2-97a6-78a1fd1cd7fd'], 'standard_attr_id': 42, 'shared': False, 'availability_zone_hints': [], 'availability_zones': [], 'ipv4_address_scope': None, 'ipv6_address_scope': None, 'router:external': False, 'qinq': False, 'vlan_transparent': False, 'description': '', 'port_security_enabled': True, 'tags': [], 'created_at': '2026-05-09T09:12:29Z', 'updated_at': '2026-05-09T09:12:30Z', 'revision_number': 2, 'provider:network_type': 'geneve', 'provider:physical_network': None, 'provider:segmentation_id': 39970}}, resource_type=ports, if_exists=True) {{(pid=103874) do_commit /opt/stack/data/venv/lib/python3.12/site-packages/ovsdbapp/backend/ovs_idl/transaction.py:89}}
May 09 09:12:31.197361 np0000173032 devstack@neutron-api.service[103874]: DEBUG ovsdbapp.backend.ovs_idl.transaction [None req-3f369038-29ab-4ef0-9c57-ca3982789b26 None None] Running txn n=1 command(idx=1): AddDHCPOptionsCommand(_result=None, columns={'cidr': '10.2.5.0/24', 'options': {'server_id': '10.2.5.1', 'lease_time': '43200', 'mtu': '1372', 'server_mac': 'fa:16:3e:b8:6d:b9', 'dns_server': '{127.0.0.53}', 'classless_static_route': '{169.254.169.254/32,10.2.5.1}'}, 'external_ids': {'subnet_id': 'a12692bc-9c34-4ec2-97a6-78a1fd1cd7fd', 'neutron:network_id': '5f5734e2-af15-419d-9c06-d50a7dcec839', 'neutron:revision_number': '0'}}, may_exist=True, subnet_id=a12692bc-9c34-4ec2-97a6-78a1fd1cd7fd, port_id=None, new_insert=False) {{(pid=103874) do_commit /opt/stack/data/venv/lib/python3.12/site-packages/ovsdbapp/backend/ovs_idl/transaction.py:89}}
May 09 09:12:31.197732 np0000173032 devstack@neutron-api.service[103874]: DEBUG ovsdbapp.backend.ovs_idl.transaction [None req-3f369038-29ab-4ef0-9c57-ca3982789b26 None None] Running txn n=1 command(idx=2): SetLSwitchPortCommand(_result=None, lport=0882fc5f-1365-4e8f-b81b-d7590136b651, external_ids_update=None, columns={'external_ids': {'neutron:port_name': '', 'neutron:device_id': 'ovnmeta-5f5734e2-af15-419d-9c06-d50a7dcec839', 'neutron:project_id': '7b44e941ff8d47bd9f35a39a5d060934', 'neutron:cidrs': '10.2.5.1/24', 'neutron:device_owner': 'network:distributed', 'neutron:subnet_pool_addr_scope4': '', 'neutron:subnet_pool_addr_scope6': '', 'neutron:network_name': 'neutron-5f5734e2-af15-419d-9c06-d50a7dcec839', 'neutron:security_group_ids': '', 'neutron:revision_number': '2', 'neutron:vnic_type': 'normal', 'neutron:port_capabilities': '', 'neutron:mtu': ''}, 'parent_name': [], 'tag': [], 'options': {}, 'enabled': True, 'port_security': [], 'dhcpv4_options': [], 'dhcpv6_options': [], 'type': 'localport', 'addresses': ['fa:16:3e:72:86:40 10.2.5.1'], 'ha_chassis_group': []}, if_exists=False) {{(pid=103874) do_commit /opt/stack/data/venv/lib/python3.12/site-packages/ovsdbapp/backend/ovs_idl/transaction.py:89}}
May 09 09:12:31.199328 np0000173032 devstack@neutron-api.service[103874]: DEBUG ovsdbapp.backend.ovs_idl.transaction [None req-3f369038-29ab-4ef0-9c57-ca3982789b26 None None] Running txn n=1 command(idx=3): PgDelPortCommand(_result=None, port_group=neutron_pg_drop, lsp=['0882fc5f-1365-4e8f-b81b-d7590136b651'], if_exists=False) {{(pid=103874) do_commit /opt/stack/data/venv/lib/python3.12/site-packages/ovsdbapp/backend/ovs_idl/transaction.py:89}}
May 09 09:12:31.247545 np0000173032 devstack@neutron-api.service[103874]: DEBUG neutron.plugins.ml2.drivers.ovn.mech_driver.ovsdb.ovsdb_monitor [None req-3f369038-29ab-4ef0-9c57-ca3982789b26 None None] Touching Hash Ring node "404d7fddd5465224a1644f385379b263" from IDL notify handler {{(pid=103874) notify /opt/stack/neutron/neutron/plugins/ml2/drivers/ovn/mech_driver/ovsdb/ovsdb_monitor.py:934}}
May 09 09:12:31.251833 np0000173032 devstack@neutron-api.service[103873]: DEBUG neutron.plugins.ml2.drivers.ovn.mech_driver.ovsdb.ovsdb_monitor [None req-1e40bb31-318c-47fa-8c88-b4b9bbe461b2 None None] Touching Hash Ring node "ef0150a09c4a5fffbb13843c5cacd523" from IDL notify handler {{(pid=103873) notify /opt/stack/neutron/neutron/plugins/ml2/drivers/ovn/mech_driver/ovsdb/ovsdb_monitor.py:934}}
May 09 09:12:31.256092 np0000173032 devstack@neutron-api.service[103876]: DEBUG neutron.plugins.ml2.drivers.ovn.mech_driver.ovsdb.ovsdb_monitor [None req-eae47bcf-748c-4116-8931-7ab8c454f8a3 None None] Touching Hash Ring node "555ce57ae58159cb9eb534ed436d7910" from IDL notify handler {{(pid=103876) notify /opt/stack/neutron/neutron/plugins/ml2/drivers/ovn/mech_driver/ovsdb/ovsdb_monitor.py:934}}
May 09 09:12:31.260381 np0000173032 devstack@neutron-api.service[103874]: DEBUG neutron.plugins.ml2.drivers.ovn.mech_driver.ovsdb.ovsdb_monitor [None req-3f369038-29ab-4ef0-9c57-ca3982789b26 None None] Hash Ring: Node 404d7fddd5465224a1644f385379b263 (host: np0000173032) handling event "create" for row bfa7bb19-fe7e-4f07-b74b-e26528d69a93 (table: DHCP_Options) {{(pid=103874) notify /opt/stack/neutron/neutron/plugins/ml2/drivers/ovn/mech_driver/ovsdb/ovsdb_monitor.py:942}}
May 09 09:12:31.261938 np0000173032 devstack@neutron-api.service[103873]: DEBUG neutron.plugins.ml2.drivers.ovn.mech_driver.ovsdb.ovsdb_monitor [None req-1e40bb31-318c-47fa-8c88-b4b9bbe461b2 None None] Hash Ring: Node ef0150a09c4a5fffbb13843c5cacd523 (host: np0000173032) handling event "update" for row c8f629ba-f2d2-4ee3-a1cd-306e488b5ca8 (table: Logical_Switch_Port) {{(pid=103873) notify /opt/stack/neutron/neutron/plugins/ml2/drivers/ovn/mech_driver/ovsdb/ovsdb_monitor.py:942}}
May 09 09:12:31.264333 np0000173032 devstack@neutron-api.service[103876]: DEBUG neutron.plugins.ml2.drivers.ovn.mech_driver.ovsdb.ovsdb_monitor [None req-eae47bcf-748c-4116-8931-7ab8c454f8a3 None None] Hash Ring: Node 555ce57ae58159cb9eb534ed436d7910 (host: np0000173032) handling event "update" for row 0371b73c-ab92-4107-91eb-643d34f16e19 (table: Port_Binding) {{(pid=103876) notify /opt/stack/neutron/neutron/plugins/ml2/drivers/ovn/mech_driver/ovsdb/ovsdb_monitor.py:942}}
May 09 09:12:31.291662 np0000173032 devstack@neutron-api.service[103874]: INFO neutron.db.ovn_revision_numbers_db [None req-e0aefc7a-faa6-4e66-aac4-d7bc9b8cf300 admin admin] Successfully bumped revision number for resource 0882fc5f-1365-4e8f-b81b-d7590136b651 (type: ports) to 2
May 09 09:12:31.303400 np0000173032 devstack@neutron-api.service[103874]: DEBUG neutron.plugins.ml2.plugin [None req-e0aefc7a-faa6-4e66-aac4-d7bc9b8cf300 admin admin] In _notify_port_updated(), no bound segment for port 0882fc5f-1365-4e8f-b81b-d7590136b651 on network 5f5734e2-af15-419d-9c06-d50a7dcec839 {{(pid=103874) _notify_port_updated /opt/stack/neutron/neutron/plugins/ml2/plugin.py:1034}}
May 09 09:12:31.321681 np0000173032 devstack@neutron-api.service[103874]: INFO neutron.db.ovn_revision_numbers_db [None req-e0aefc7a-faa6-4e66-aac4-d7bc9b8cf300 admin admin] Successfully bumped revision number for resource a12692bc-9c34-4ec2-97a6-78a1fd1cd7fd (type: subnets) to 0
May 09 09:12:31.323726 np0000173032 devstack@neutron-api.service[103874]: DEBUG neutron.pecan_wsgi.hooks.policy_enforcement [None req-e0aefc7a-faa6-4e66-aac4-d7bc9b8cf300 admin admin] Attributes excluded by policy engine: ['standard_attr_id', 'shared', 'network'] {{(pid=103874) _exclude_attributes_by_policy /opt/stack/neutron/neutron/pecan_wsgi/hooks/policy_enforcement.py:256}}
May 09 09:12:31.324117 np0000173032 devstack@neutron-api.service[103874]: DEBUG neutron_lib.callbacks.manager [None req-e0aefc7a-faa6-4e66-aac4-d7bc9b8cf300 admin admin] Publish callbacks [] for subnet (None), before_response {{(pid=103874) _notify_loop /opt/stack/data/venv/lib/python3.12/site-packages/neutron_lib/callbacks/manager.py:184}}
May 09 09:12:31.338246 np0000173032 devstack@neutron-api.service[103874]: [pid: 103874|app: 0|req: 25/99] 199.204.45.157 () {68 vars in 1355 bytes} [Sat May 9 09:12:30 2026] POST /networking/v2.0/subnets => generated 625 bytes in 606 msecs (HTTP/1.1 201) 4 headers in 162 bytes (1 switches on core 0)
May 09 09:12:31.551710 np0000173032 devstack@neutron-api.service[103873]: INFO neutron.pecan_wsgi.hooks.translation [None req-d7860249-123d-4a6c-96a5-e3b77fb3f98b admin admin] GET failed (client error): The resource could not be found.
May 09 09:12:31.552548 np0000173032 devstack@neutron-api.service[103873]: [pid: 103873|app: 0|req: 25/100] 199.204.45.157 () {64 vars in 1340 bytes} [Sat May 9 09:12:31 2026] GET /networking/v2.0/subnets/admin_subnet => generated 112 bytes in 14 msecs (HTTP/1.1 404) 4 headers in 164 bytes (1 switches on core 0)
May 09 09:12:31.588837 np0000173032 devstack@neutron-api.service[103876]: DEBUG neutron.pecan_wsgi.hooks.policy_enforcement [None req-e4f1ddf0-bf02-4e8d-8a92-732ccd89424b admin admin] Attributes excluded by policy engine: ['standard_attr_id', 'shared'] {{(pid=103876) _exclude_attributes_by_policy /opt/stack/neutron/neutron/pecan_wsgi/hooks/policy_enforcement.py:256}}
May 09 09:12:31.589704 np0000173032 devstack@neutron-api.service[103876]: [pid: 103876|app: 0|req: 25/101] 199.204.45.157 () {64 vars in 1349 bytes} [Sat May 9 09:12:31 2026] GET /networking/v2.0/subnets?name=admin_subnet => generated 628 bytes in 27 msecs (HTTP/1.1 200) 4 headers in 157 bytes (1 switches on core 0)
May 09 09:12:33.538974 np0000173032 devstack@neutron-api.service[103875]: DEBUG neutron.plugins.ml2.drivers.ovn.mech_driver.ovsdb.ovsdb_monitor [None req-0c2ffc05-dfdb-4a88-8a48-883040a0a456 None None] ChassisOVNAgentWriteEvent : Matched Chassis_Private, update, None None {{(pid=103875) matches /opt/stack/neutron/neutron/plugins/ml2/drivers/ovn/mech_driver/ovsdb/ovsdb_monitor.py:64}}
May 09 09:12:33.539836 np0000173032 devstack@neutron-api.service[103876]: DEBUG neutron.plugins.ml2.drivers.ovn.mech_driver.ovsdb.ovsdb_monitor [None req-eae47bcf-748c-4116-8931-7ab8c454f8a3 None None] ChassisOVNAgentWriteEvent : Matched Chassis_Private, update, None None {{(pid=103876) matches /opt/stack/neutron/neutron/plugins/ml2/drivers/ovn/mech_driver/ovsdb/ovsdb_monitor.py:64}}
May 09 09:12:33.540111 np0000173032 devstack@neutron-api.service[103874]: DEBUG neutron.plugins.ml2.drivers.ovn.mech_driver.ovsdb.ovsdb_monitor [None req-cc64ad4f-e5a8-4426-95f5-daf6898e5be8 None None] ChassisOVNAgentWriteEvent : Matched Chassis_Private, update, None None {{(pid=103874) matches /opt/stack/neutron/neutron/plugins/ml2/drivers/ovn/mech_driver/ovsdb/ovsdb_monitor.py:64}}
May 09 09:12:33.540426 np0000173032 devstack@neutron-api.service[103875]: DEBUG neutron.plugins.ml2.drivers.ovn.mech_driver.ovsdb.ovsdb_monitor [None req-0c2ffc05-dfdb-4a88-8a48-883040a0a456 None None] Hash Ring: Node 83f7ababf14f51f59c043157d295ef87 (host: np0000173032) handling event "update" for row fb645a18-f662-44de-81a2-e1c08d6c94de (table: Chassis_Private) {{(pid=103875) notify /opt/stack/neutron/neutron/plugins/ml2/drivers/ovn/mech_driver/ovsdb/ovsdb_monitor.py:942}}
May 09 09:12:33.542043 np0000173032 devstack@neutron-api.service[103873]: DEBUG neutron.plugins.ml2.drivers.ovn.mech_driver.ovsdb.ovsdb_monitor [None req-b042a189-ee45-4fd4-815e-e41c9fe02491 None None] ChassisOVNAgentWriteEvent : Matched Chassis_Private, update, None None {{(pid=103873) matches /opt/stack/neutron/neutron/plugins/ml2/drivers/ovn/mech_driver/ovsdb/ovsdb_monitor.py:64}}
May 09 09:12:36.433051 np0000173032 devstack@neutron-api.service[103875]: [pid: 103875|app: 0|req: 27/102] 199.204.45.157 () {64 vars in 1369 bytes} [Sat May 9 09:12:36 2026] GET /networking/v2.0/ports?device_id=manila-admin-share&binding%3Ahost_id=np0000173032 => generated 12 bytes in 68 msecs (HTTP/1.1 200) 4 headers in 156 bytes (1 switches on core 0)
May 09 09:12:36.484031 np0000173032 devstack@neutron-api.service[103874]: DEBUG neutron.api.wsgi [None req-0009f4d1-a7d0-484b-9553-8f809f10d625 service neutron] Missing Content-Type {{(pid=103874) get_content_type /opt/stack/neutron/neutron/api/wsgi.py:80}}
May 09 09:12:36.484861 np0000173032 devstack@neutron-api.service[103874]: DEBUG neutron.api.wsgi [None req-0009f4d1-a7d0-484b-9553-8f809f10d625 service neutron] https://199.204.45.157/networking/v2.0/extensions returned with HTTP 200 {{(pid=103874) __call__ /opt/stack/neutron/neutron/api/wsgi.py:540}}
May 09 09:12:36.485556 np0000173032 devstack@neutron-api.service[103874]: [pid: 103874|app: 0|req: 26/103] 199.204.45.157 () {64 vars in 1265 bytes} [Sat May 9 09:12:36 2026] GET /networking/v2.0/extensions => generated 15209 bytes in 7 msecs (HTTP/1.1 200) 4 headers in 159 bytes (1 switches on core 0)
May 09 09:12:36.539076 np0000173032 devstack@neutron-api.service[103873]: DEBUG neutron.api.v2.base [None req-68037764-dfa4-4dba-b207-0dacf260d68c service neutron] Request body: {'port': {'network_id': '5f5734e2-af15-419d-9c06-d50a7dcec839', 'admin_state_up': True, 'tenant_id': '7b44e941ff8d47bd9f35a39a5d060934', 'port_security_enabled': False, 'binding:host_id': 'np0000173032', 'fixed_ips': [{'subnet_id': 'a12692bc-9c34-4ec2-97a6-78a1fd1cd7fd'}], 'device_owner': 'manila:share', 'device_id': 'manila-admin-share'}} {{(pid=103873) prepare_request_body /opt/stack/neutron/neutron/api/v2/base.py:727}}
May 09 09:12:36.558291 np0000173032 devstack@neutron-api.service[103873]: DEBUG neutron.pecan_wsgi.hooks.quota_enforcement [None req-68037764-dfa4-4dba-b207-0dacf260d68c service neutron] Made reservation on behalf of 7b44e941ff8d47bd9f35a39a5d060934 for: {'port': 1} {{(pid=103873) before /opt/stack/neutron/neutron/pecan_wsgi/hooks/quota_enforcement.py:66}}
May 09 09:12:36.563897 np0000173032 devstack@neutron-api.service[103873]: DEBUG neutron_lib.callbacks.manager [None req-68037764-dfa4-4dba-b207-0dacf260d68c service neutron] Publish callbacks ['neutron.plugins.ml2.plugin.SecurityGroupDbMixin._ensure_default_security_group_handler-3558084'] for port (None), before_create {{(pid=103873) _notify_loop /opt/stack/data/venv/lib/python3.12/site-packages/neutron_lib/callbacks/manager.py:184}}
May 09 09:12:36.640040 np0000173032 devstack@neutron-api.service[103873]: DEBUG neutron.db.db_base_plugin_common [None req-68037764-dfa4-4dba-b207-0dacf260d68c service neutron] Allocated IP 10.2.5.134 (5f5734e2-af15-419d-9c06-d50a7dcec839/a12692bc-9c34-4ec2-97a6-78a1fd1cd7fd/83cd7806-6094-4979-a26c-41bb163cdcd1) {{(pid=103873) _store_ip_allocation /opt/stack/neutron/neutron/db/db_base_plugin_common.py:131}}
May 09 09:12:36.703793 np0000173032 devstack@neutron-api.service[103873]: DEBUG neutron_lib.callbacks.manager [None req-68037764-dfa4-4dba-b207-0dacf260d68c service neutron] Publish callbacks ['neutron.plugins.ml2.drivers.ovn.mech_driver.mech_driver.OVNMechanismDriver._validate_allowed_address_pairs-189824'] for allowed_address_pair (83cd7806-6094-4979-a26c-41bb163cdcd1), before_create {{(pid=103873) _notify_loop /opt/stack/data/venv/lib/python3.12/site-packages/neutron_lib/callbacks/manager.py:184}}
May 09 09:12:36.705975 np0000173032 devstack@neutron-api.service[103873]: DEBUG neutron_lib.callbacks.manager [None req-68037764-dfa4-4dba-b207-0dacf260d68c service neutron] Publish callbacks [] for port (83cd7806-6094-4979-a26c-41bb163cdcd1), precommit_create {{(pid=103873) _notify_loop /opt/stack/data/venv/lib/python3.12/site-packages/neutron_lib/callbacks/manager.py:184}}
May 09 09:12:36.709939 np0000173032 devstack@neutron-api.service[103873]: DEBUG neutron.db.provisioning_blocks [None req-68037764-dfa4-4dba-b207-0dacf260d68c service neutron] Transition to ACTIVE for port object 83cd7806-6094-4979-a26c-41bb163cdcd1 will not be triggered until provisioned by entity L2. {{(pid=103873) add_provisioning_component /opt/stack/neutron/neutron/db/provisioning_blocks.py:74}}
May 09 09:12:36.710185 np0000173032 devstack@neutron-api.service[103873]: DEBUG neutron.db.ovn_revision_numbers_db [None req-68037764-dfa4-4dba-b207-0dacf260d68c service neutron] create_initial_revision uuid=83cd7806-6094-4979-a26c-41bb163cdcd1, type=ports, rev=-1 {{(pid=103873) create_initial_revision /opt/stack/neutron/neutron/db/ovn_revision_numbers_db.py:98}}
May 09 09:12:36.724889 np0000173032 devstack@neutron-api.service[103873]: DEBUG neutron_lib.callbacks.manager [None req-68037764-dfa4-4dba-b207-0dacf260d68c service neutron] Publish callbacks ['neutron.plugins.ml2.ovo_rpc._ObjectChangeHandler.handle_event-8372686'] for port (83cd7806-6094-4979-a26c-41bb163cdcd1), after_create {{(pid=103873) _notify_loop /opt/stack/data/venv/lib/python3.12/site-packages/neutron_lib/callbacks/manager.py:184}}
May 09 09:12:36.746526 np0000173032 devstack@neutron-api.service[103873]: DEBUG neutron.api.rpc.handlers.resources_rpc [None req-68037764-dfa4-4dba-b207-0dacf260d68c service neutron] Pushing event updated for resources: {'Port': ['ID=83cd7806-6094-4979-a26c-41bb163cdcd1,revision_number=1']} {{(pid=103873) push /opt/stack/neutron/neutron/api/rpc/handlers/resources_rpc.py:237}}
May 09 09:12:36.751829 np0000173032 devstack@neutron-api.service[103873]: DEBUG neutron.api.rpc.callbacks.version_manager [None req-68037764-dfa4-4dba-b207-0dacf260d68c service neutron] Tracked resource versions report:
May 09 09:12:36.751829 np0000173032 devstack@neutron-api.service[103873]: pushed versions:
May 09 09:12:36.751829 np0000173032 devstack@neutron-api.service[103873]: { 'AddressGroup': {'1.2'},
May 09 09:12:36.751829 np0000173032 devstack@neutron-api.service[103873]: 'Agent': {'1.1'},
May 09 09:12:36.751829 np0000173032 devstack@neutron-api.service[103873]: 'ConntrackHelper': {'1.0'},
May 09 09:12:36.751829 np0000173032 devstack@neutron-api.service[103873]: 'LocalIPAssociation': {'1.0'},
May 09 09:12:36.751829 np0000173032 devstack@neutron-api.service[103873]: 'Log': {'1.0'},
May 09 09:12:36.751829 np0000173032 devstack@neutron-api.service[103873]: 'NDPProxy': {'1.0'},
May 09 09:12:36.751829 np0000173032 devstack@neutron-api.service[103873]: 'Network': {'1.2'},
May 09 09:12:36.751829 np0000173032 devstack@neutron-api.service[103873]: 'Port': {'1.10'},
May 09 09:12:36.751829 np0000173032 devstack@neutron-api.service[103873]: 'PortForwarding': {'1.3'},
May 09 09:12:36.751829 np0000173032 devstack@neutron-api.service[103873]: 'QosPolicy': {'1.10'},
May 09 09:12:36.751829 np0000173032 devstack@neutron-api.service[103873]: 'SecurityGroup': {'1.6'},
May 09 09:12:36.751829 np0000173032 devstack@neutron-api.service[103873]: 'SecurityGroupRule': {'1.3'},
May 09 09:12:36.751829 np0000173032 devstack@neutron-api.service[103873]: 'SubPort': {'1.0'},
May 09 09:12:36.751829 np0000173032 devstack@neutron-api.service[103873]: 'Subnet': {'1.2'},
May 09 09:12:36.751829 np0000173032 devstack@neutron-api.service[103873]: 'Trunk': {'1.1'}}
May 09 09:12:36.751829 np0000173032 devstack@neutron-api.service[103873]: consumer versions:
May 09 09:12:36.751829 np0000173032 devstack@neutron-api.service[103873]: { OVN Neutron agent@np0000173032: {},
May 09 09:12:36.751829 np0000173032 devstack@neutron-api.service[103873]: OVN Controller Gateway agent@np0000173032: {}}
May 09 09:12:36.751829 np0000173032 devstack@neutron-api.service[103873]: {{(pid=103873) report /opt/stack/neutron/neutron/api/rpc/callbacks/version_manager.py:183}}
May 09 09:12:36.785888 np0000173032 devstack@neutron-api.service[103873]: DEBUG ovsdbapp.backend.ovs_idl.transaction [None req-1e40bb31-318c-47fa-8c88-b4b9bbe461b2 None None] Running txn n=1 command(idx=0): AddLSwitchPortCommand(_result=None, lport=83cd7806-6094-4979-a26c-41bb163cdcd1, lswitch=neutron-5f5734e2-af15-419d-9c06-d50a7dcec839, may_exist=True, network_uuid=5f5734e2-af15-419d-9c06-d50a7dcec839, columns={'addresses': ['fa:16:3e:57:8f:1d 10.2.5.134', 'unknown'], 'external_ids': {'neutron:port_name': '', 'neutron:device_id': 'manila-admin-share', 'neutron:project_id': '7b44e941ff8d47bd9f35a39a5d060934', 'neutron:cidrs': '10.2.5.134/24', 'neutron:device_owner': 'manila:share', 'neutron:subnet_pool_addr_scope4': '', 'neutron:subnet_pool_addr_scope6': '', 'neutron:network_name': 'neutron-5f5734e2-af15-419d-9c06-d50a7dcec839', 'neutron:security_group_ids': '', 'neutron:revision_number': '1', 'neutron:vnic_type': 'normal', 'neutron:port_capabilities': '', 'neutron:mtu': ''}, 'parent_name': [], 'tag': [], 'enabled': True, 'options': {'requested-chassis': 'np0000173032'}, 'type': '', 'port_security': [], 'dhcpv4_options': [UUID('bfa7bb19-fe7e-4f07-b74b-e26528d69a93')], 'dhcpv6_options': []}) {{(pid=103873) do_commit /opt/stack/data/venv/lib/python3.12/site-packages/ovsdbapp/backend/ovs_idl/transaction.py:89}}
May 09 09:12:36.786705 np0000173032 devstack@neutron-api.service[103873]: DEBUG ovsdbapp.backend.ovs_idl.transaction [None req-1e40bb31-318c-47fa-8c88-b4b9bbe461b2 None None] Running txn n=1 command(idx=1): QoSDelCommand(_result=None, switch=neutron-5f5734e2-af15-419d-9c06-d50a7dcec839, conditions=[('direction', '=', 'to-lport'), ('priority', '=', 2002), ('match', '=', 'outport == "83cd7806-6094-4979-a26c-41bb163cdcd1"')], if_exists=True) {{(pid=103873) do_commit /opt/stack/data/venv/lib/python3.12/site-packages/ovsdbapp/backend/ovs_idl/transaction.py:89}}
May 09 09:12:36.786705 np0000173032 devstack@neutron-api.service[103873]: DEBUG ovsdbapp.backend.ovs_idl.transaction [None req-1e40bb31-318c-47fa-8c88-b4b9bbe461b2 None None] Running txn n=1 command(idx=2): QoSDelCommand(_result=None, switch=neutron-5f5734e2-af15-419d-9c06-d50a7dcec839, conditions=[('direction', '=', 'from-lport'), ('priority', '=', 2002), ('match', '=', 'inport == "83cd7806-6094-4979-a26c-41bb163cdcd1"')], if_exists=True) {{(pid=103873) do_commit /opt/stack/data/venv/lib/python3.12/site-packages/ovsdbapp/backend/ovs_idl/transaction.py:89}}
May 09 09:12:36.821574 np0000173032 devstack@neutron-api.service[103876]: DEBUG neutron.plugins.ml2.drivers.ovn.mech_driver.ovsdb.ovsdb_monitor [None req-1d9f51a2-febd-4ab0-9992-d8f2549ba5c9 None None] Touching Hash Ring node "555ce57ae58159cb9eb534ed436d7910" from IDL notify handler {{(pid=103876) notify /opt/stack/neutron/neutron/plugins/ml2/drivers/ovn/mech_driver/ovsdb/ovsdb_monitor.py:934}}
May 09 09:12:36.826192 np0000173032 devstack@neutron-api.service[103873]: DEBUG neutron.plugins.ml2.drivers.ovn.mech_driver.ovsdb.ovsdb_monitor [None req-b042a189-ee45-4fd4-815e-e41c9fe02491 None None] Touching Hash Ring node "ef0150a09c4a5fffbb13843c5cacd523" from IDL notify handler {{(pid=103873) notify /opt/stack/neutron/neutron/plugins/ml2/drivers/ovn/mech_driver/ovsdb/ovsdb_monitor.py:934}}
May 09 09:12:36.830422 np0000173032 devstack@neutron-api.service[103876]: DEBUG neutron.plugins.ml2.drivers.ovn.mech_driver.ovsdb.ovsdb_monitor [None req-1d9f51a2-febd-4ab0-9992-d8f2549ba5c9 None None] Hash Ring: Node 555ce57ae58159cb9eb534ed436d7910 (host: np0000173032) handling event "update" for row 5f5734e2-af15-419d-9c06-d50a7dcec839 (table: Logical_Switch) {{(pid=103876) notify /opt/stack/neutron/neutron/plugins/ml2/drivers/ovn/mech_driver/ovsdb/ovsdb_monitor.py:942}}
May 09 09:12:36.831443 np0000173032 devstack@neutron-api.service[103876]: DEBUG neutron.plugins.ml2.drivers.ovn.mech_driver.ovsdb.ovsdb_monitor [None req-1d9f51a2-febd-4ab0-9992-d8f2549ba5c9 None None] Touching Hash Ring node "555ce57ae58159cb9eb534ed436d7910" from IDL notify handler {{(pid=103876) notify /opt/stack/neutron/neutron/plugins/ml2/drivers/ovn/mech_driver/ovsdb/ovsdb_monitor.py:934}}
May 09 09:12:36.834591 np0000173032 devstack@neutron-api.service[103876]: DEBUG neutron.plugins.ml2.drivers.ovn.mech_driver.ovsdb.ovsdb_monitor [None req-1d9f51a2-febd-4ab0-9992-d8f2549ba5c9 None None] Hash Ring: Node 555ce57ae58159cb9eb534ed436d7910 (host: np0000173032) handling event "create" for row 593a8138-5df6-415e-8a8d-b78d7cc85c79 (table: Logical_Switch_Port) {{(pid=103876) notify /opt/stack/neutron/neutron/plugins/ml2/drivers/ovn/mech_driver/ovsdb/ovsdb_monitor.py:942}}
May 09 09:12:36.836106 np0000173032 devstack@neutron-api.service[103876]: DEBUG ovsdbapp.backend.ovs_idl.event [None req-1d9f51a2-febd-4ab0-9992-d8f2549ba5c9 None None] Matched CREATE: LogicalSwitchPortCreateEvent(events=('create',), table='Logical_Switch_Port', conditions=[], old_conditions=None), priority=20 to row=Logical_Switch_Port(uuid=593a8138-5df6-415e-8a8d-b78d7cc85c79, addresses=['fa:16:3e:57:8f:1d 10.2.5.134', 'unknown'], dhcpv4_options=bfa7bb19-fe7e-4f07-b74b-e26528d69a93, dhcpv6_options=[], dynamic_addresses=[], enabled=True, external_ids={'neutron:cidrs': '10.2.5.134/24', 'neutron:device_id': 'manila-admin-share', 'neutron:device_owner': 'manila:share', 'neutron:mtu': '', 'neutron:network_name': 'neutron-5f5734e2-af15-419d-9c06-d50a7dcec839', 'neutron:port_capabilities': '', 'neutron:port_name': '', 'neutron:project_id': '7b44e941ff8d47bd9f35a39a5d060934', 'neutron:revision_number': '1', 'neutron:security_group_ids': '', 'neutron:subnet_pool_addr_scope4': '', 'neutron:subnet_pool_addr_scope6': '', 'neutron:vnic_type': 'normal'}, ha_chassis_group=[], mirror_rules=[], name='83cd7806-6094-4979-a26c-41bb163cdcd1', options={'requested-chassis': 'np0000173032'}, parent_name=[], port_security=[], tag=[], tag_request=[], type='', up=[]) old= {{(pid=103876) matches /opt/stack/data/venv/lib/python3.12/site-packages/ovsdbapp/backend/ovs_idl/event.py:55}}
May 09 09:12:36.837479 np0000173032 devstack@neutron-api.service[103876]: INFO neutron.plugins.ml2.drivers.ovn.mech_driver.mech_driver [None req-31bcc068-3b6f-4261-9238-5e516cc7f3a7 None None] OVN reports status down for port: 83cd7806-6094-4979-a26c-41bb163cdcd1
May 09 09:12:36.838920 np0000173032 devstack@neutron-api.service[103876]: DEBUG neutron.plugins.ml2.drivers.ovn.mech_driver.ovsdb.ovsdb_monitor [None req-1d9f51a2-febd-4ab0-9992-d8f2549ba5c9 None None] Touching Hash Ring node "555ce57ae58159cb9eb534ed436d7910" from IDL notify handler {{(pid=103876) notify /opt/stack/neutron/neutron/plugins/ml2/drivers/ovn/mech_driver/ovsdb/ovsdb_monitor.py:934}}
May 09 09:12:36.841345 np0000173032 devstack@neutron-api.service[103876]: DEBUG neutron.plugins.ml2.drivers.ovn.mech_driver.ovsdb.ovsdb_monitor [None req-1d9f51a2-febd-4ab0-9992-d8f2549ba5c9 None None] Hash Ring: Node 555ce57ae58159cb9eb534ed436d7910 (host: np0000173032) handling event "update" for row 593a8138-5df6-415e-8a8d-b78d7cc85c79 (table: Logical_Switch_Port) {{(pid=103876) notify /opt/stack/neutron/neutron/plugins/ml2/drivers/ovn/mech_driver/ovsdb/ovsdb_monitor.py:942}}
May 09 09:12:36.848984 np0000173032 devstack@neutron-api.service[103873]: DEBUG neutron.plugins.ml2.drivers.ovn.mech_driver.ovsdb.ovsdb_monitor [None req-b042a189-ee45-4fd4-815e-e41c9fe02491 None None] Hash Ring: Node ef0150a09c4a5fffbb13843c5cacd523 (host: np0000173032) handling event "create" for row 05dfbc22-c106-4908-a3a2-c1539114d3d6 (table: Port_Binding) {{(pid=103873) notify /opt/stack/neutron/neutron/plugins/ml2/drivers/ovn/mech_driver/ovsdb/ovsdb_monitor.py:942}}
May 09 09:12:36.860150 np0000173032 devstack@neutron-api.service[103873]: INFO neutron.db.ovn_revision_numbers_db [None req-68037764-dfa4-4dba-b207-0dacf260d68c service neutron] Successfully bumped revision number for resource 83cd7806-6094-4979-a26c-41bb163cdcd1 (type: ports) to 1
May 09 09:12:36.866692 np0000173032 devstack@neutron-api.service[103876]: DEBUG neutron.db.provisioning_blocks [None req-31bcc068-3b6f-4261-9238-5e516cc7f3a7 None None] Ignored duplicate provisioning block setup for port 83cd7806-6094-4979-a26c-41bb163cdcd1 by entity L2. {{(pid=103876) add_provisioning_component /opt/stack/neutron/neutron/db/provisioning_blocks.py:69}}
May 09 09:12:36.875235 np0000173032 devstack@neutron-api.service[103873]: DEBUG neutron.plugins.ml2.managers [None req-68037764-dfa4-4dba-b207-0dacf260d68c service neutron] Attempting to bind port 83cd7806-6094-4979-a26c-41bb163cdcd1 on host np0000173032 for vnic_type normal with profile {{(pid=103873) bind_port /opt/stack/neutron/neutron/plugins/ml2/managers.py:814}}
May 09 09:12:36.875430 np0000173032 devstack@neutron-api.service[103873]: DEBUG neutron.plugins.ml2.managers [None req-68037764-dfa4-4dba-b207-0dacf260d68c service neutron] Attempting to bind port 83cd7806-6094-4979-a26c-41bb163cdcd1 by drivers ovn on host np0000173032 at level 0 using segments [{'id': '2bc26442-4df4-4e63-9846-6f908cb74811', 'network_type': 'geneve', 'physical_network': None, 'segmentation_id': 39970, 'network_id': '5f5734e2-af15-419d-9c06-d50a7dcec839'}] {{(pid=103873) _bind_port_level /opt/stack/neutron/neutron/plugins/ml2/managers.py:839}}
May 09 09:12:36.877273 np0000173032 devstack@neutron-api.service[103873]: DEBUG neutron.plugins.ml2.drivers.ovn.mech_driver.mech_driver [None req-68037764-dfa4-4dba-b207-0dacf260d68c service neutron] Attempting to bind port 83cd7806-6094-4979-a26c-41bb163cdcd1 on host np0000173032 for network segment with type geneve, segmentation ID 39970, physical network None {{(pid=103873) bind_port /opt/stack/neutron/neutron/plugins/ml2/drivers/ovn/mech_driver/mech_driver.py:1204}}
May 09 09:12:36.878891 np0000173032 devstack@neutron-api.service[103873]: DEBUG neutron.plugins.ml2.managers [None req-68037764-dfa4-4dba-b207-0dacf260d68c service neutron] Bound port: 83cd7806-6094-4979-a26c-41bb163cdcd1, host: np0000173032, vif_type: ovs, vif_details: {"port_filter": true, "connectivity": "l2", "ovs_create_tap": false, "bridge_name": "br-int", "datapath_type": "system"}, binding_levels: [{'bound_driver': 'ovn', 'bound_segment': {'id': '2bc26442-4df4-4e63-9846-6f908cb74811', 'network_type': 'geneve', 'physical_network': None, 'segmentation_id': 39970, 'network_id': '5f5734e2-af15-419d-9c06-d50a7dcec839'}}] {{(pid=103873) _bind_port_level /opt/stack/neutron/neutron/plugins/ml2/managers.py:950}}
May 09 09:12:36.878891 np0000173032 devstack@neutron-api.service[103873]: DEBUG neutron_lib.callbacks.manager [None req-68037764-dfa4-4dba-b207-0dacf260d68c service neutron] Publish callbacks ['neutron.plugins.ml2.plugin.SecurityGroupDbMixin._ensure_default_security_group_handler-3558084', 'neutron.services.ovn_l3.plugin.OVNL3RouterPlugin._port_update-8010830286798', 'neutron.db.l3_db.L3_NAT_dbonly_mixin._prevent_internal_ip_change_for_fip-8010832161022'] for port (83cd7806-6094-4979-a26c-41bb163cdcd1), before_update {{(pid=103873) _notify_loop /opt/stack/data/venv/lib/python3.12/site-packages/neutron_lib/callbacks/manager.py:184}}
May 09 09:12:36.882085 np0000173032 devstack@neutron-api.service[103876]: DEBUG neutron.plugins.ml2.plugin [None req-31bcc068-3b6f-4261-9238-5e516cc7f3a7 None None] Current status of the port 83cd7806-6094-4979-a26c-41bb163cdcd1 is: DOWN; New status is: DOWN {{(pid=103876) _update_individual_port_db_status /opt/stack/neutron/neutron/plugins/ml2/plugin.py:2466}}
May 09 09:12:36.883919 np0000173032 devstack@neutron-api.service[103876]: DEBUG ovsdbapp.backend.ovs_idl.transaction [None req-1d9f51a2-febd-4ab0-9992-d8f2549ba5c9 None None] Running txn n=1 command(idx=0): DbRemoveCommand(_result=None, table=Logical_Switch_Port, record=83cd7806-6094-4979-a26c-41bb163cdcd1, column=external_ids, values=('neutron:host_id',), keyvalues={}, if_exists=True) {{(pid=103876) do_commit /opt/stack/data/venv/lib/python3.12/site-packages/ovsdbapp/backend/ovs_idl/transaction.py:89}}
May 09 09:12:36.921070 np0000173032 devstack@neutron-api.service[103873]: DEBUG neutron.plugins.ml2.db [None req-68037764-dfa4-4dba-b207-0dacf260d68c service neutron] For port 83cd7806-6094-4979-a26c-41bb163cdcd1, host np0000173032, cleared binding levels {{(pid=103873) clear_binding_levels /opt/stack/neutron/neutron/plugins/ml2/db.py:87}}
May 09 09:12:36.925178 np0000173032 devstack@neutron-api.service[103873]: DEBUG neutron.plugins.ml2.db [None req-68037764-dfa4-4dba-b207-0dacf260d68c service neutron] For port 83cd7806-6094-4979-a26c-41bb163cdcd1, host np0000173032, set binding levels [PortBindingLevel(driver='ovn',host='np0000173032',level=0,port_id=83cd7806-6094-4979-a26c-41bb163cdcd1,segment=NetworkSegment(2bc26442-4df4-4e63-9846-6f908cb74811),segment_id=2bc26442-4df4-4e63-9846-6f908cb74811)] {{(pid=103873) set_binding_levels /opt/stack/neutron/neutron/plugins/ml2/db.py:59}}
May 09 09:12:36.925178 np0000173032 devstack@neutron-api.service[103873]: DEBUG neutron.plugins.ml2.drivers.ovn.mech_driver.mech_driver [None req-68037764-dfa4-4dba-b207-0dacf260d68c service neutron] No provisioning block for port 83cd7806-6094-4979-a26c-41bb163cdcd1 since host unchanged {{(pid=103873) _is_port_provisioning_required /opt/stack/neutron/neutron/plugins/ml2/drivers/ovn/mech_driver/mech_driver.py:899}}
May 09 09:12:36.934462 np0000173032 devstack@neutron-api.service[103873]: DEBUG neutron_lib.callbacks.manager [None req-68037764-dfa4-4dba-b207-0dacf260d68c service neutron] Publish callbacks ['neutron.plugins.ml2.ovo_rpc._ObjectChangeHandler.handle_event-8372686', 'neutron.db.l3_db.L3RpcNotifierMixin._notify_gateway_port_ip_changed-8010832034716', 'neutron.services.ovn_l3.plugin.OVNL3RouterPlugin._port_update-8010830286798'] for port (83cd7806-6094-4979-a26c-41bb163cdcd1), after_update {{(pid=103873) _notify_loop /opt/stack/data/venv/lib/python3.12/site-packages/neutron_lib/callbacks/manager.py:184}}
May 09 09:12:36.968949 np0000173032 devstack@neutron-api.service[103873]: DEBUG neutron.api.rpc.handlers.resources_rpc [None req-68037764-dfa4-4dba-b207-0dacf260d68c service neutron] Pushing event updated for resources: {'Port': ['ID=83cd7806-6094-4979-a26c-41bb163cdcd1,revision_number=3']} {{(pid=103873) push /opt/stack/neutron/neutron/api/rpc/handlers/resources_rpc.py:237}}
