May 09 09:04:44.769582 np0000173032 devstack@neutron-api.service[103874]: INFO neutron.manager [None req-e4e84844-d595-4630-af41-03ad5226d344 None None] Loading Plugin: timestamp
May 09 09:04:44.770852 np0000173032 devstack@neutron-api.service[103874]: DEBUG neutron.manager [None req-e4e84844-d595-4630-af41-03ad5226d344 None None] Successfully loaded timestamp plugin. Description: Adds timestamps to Neutron resources with standard attributes {{(pid=103874) _create_and_add_service_plugin /opt/stack/neutron/neutron/manager.py:239}}
May 09 09:04:44.770981 np0000173032 devstack@neutron-api.service[103874]: INFO neutron.manager [None req-e4e84844-d595-4630-af41-03ad5226d344 None None] Loading Plugin: network_ip_availability
May 09 09:04:44.771855 np0000173032 devstack@neutron-api.service[103873]: DEBUG neutron_lib.callbacks.manager [None req-998382b0-965f-4cc5-8428-394bc7863eb3 None None] Subscribe: > process before_spawn 55550000, False {{(pid=103873) subscribe /opt/stack/data/venv/lib/python3.12/site-packages/neutron_lib/callbacks/manager.py:52}}
May 09 09:04:44.772121 np0000173032 devstack@neutron-api.service[103873]: DEBUG neutron_lib.callbacks.manager [None req-998382b0-965f-4cc5-8428-394bc7863eb3 None None] Subscribe: > process after_init 55550000, True {{(pid=103873) subscribe /opt/stack/data/venv/lib/python3.12/site-packages/neutron_lib/callbacks/manager.py:52}}
May 09 09:04:44.772428 np0000173032 devstack@neutron-api.service[103873]: DEBUG neutron_lib.callbacks.manager [None req-998382b0-965f-4cc5-8428-394bc7863eb3 None None] Subscribe: > segment after_create 55550000, False {{(pid=103873) subscribe /opt/stack/data/venv/lib/python3.12/site-packages/neutron_lib/callbacks/manager.py:52}}
May 09 09:04:44.772518 np0000173032 devstack@neutron-api.service[103874]: DEBUG neutron.manager [None req-e4e84844-d595-4630-af41-03ad5226d344 None None] Successfully loaded network-ip-availability plugin. Description: Provides IP availability data for each network and subnet. {{(pid=103874) _create_and_add_service_plugin /opt/stack/neutron/neutron/manager.py:239}}
May 09 09:04:44.772661 np0000173032 devstack@neutron-api.service[103874]: INFO neutron.manager [None req-e4e84844-d595-4630-af41-03ad5226d344 None None] Loading Plugin: flavors
May 09 09:04:44.772702 np0000173032 devstack@neutron-api.service[103873]: DEBUG neutron_lib.callbacks.manager [None req-998382b0-965f-4cc5-8428-394bc7863eb3 None None] Subscribe: > segment after_create 55550000, False {{(pid=103873) subscribe /opt/stack/data/venv/lib/python3.12/site-packages/neutron_lib/callbacks/manager.py:52}}
May 09 09:04:44.772924 np0000173032 devstack@neutron-api.service[103873]: DEBUG neutron_lib.callbacks.manager [None req-998382b0-965f-4cc5-8428-394bc7863eb3 None None] Subscribe: > segment after_delete 55550000, False {{(pid=103873) subscribe /opt/stack/data/venv/lib/python3.12/site-packages/neutron_lib/callbacks/manager.py:52}}
May 09 09:04:44.773164 np0000173032 devstack@neutron-api.service[103873]: DEBUG neutron_lib.callbacks.manager [None req-998382b0-965f-4cc5-8428-394bc7863eb3 None None] Subscribe: > allowed_address_pair before_create 55550000, False {{(pid=103873) subscribe /opt/stack/data/venv/lib/python3.12/site-packages/neutron_lib/callbacks/manager.py:52}}
May 09 09:04:44.773497 np0000173032 devstack@neutron-api.service[103873]: DEBUG neutron_lib.callbacks.manager [None req-998382b0-965f-4cc5-8428-394bc7863eb3 None None] Subscribe: > security_group precommit_create 55550000, False {{(pid=103873) subscribe /opt/stack/data/venv/lib/python3.12/site-packages/neutron_lib/callbacks/manager.py:52}}
May 09 09:04:44.773545 np0000173032 devstack@neutron-api.service[103874]: DEBUG neutron.manager [None req-e4e84844-d595-4630-af41-03ad5226d344 None None] Successfully loaded FLAVORS plugin. Description: Neutron Flavors and Service Profiles manager plugin {{(pid=103874) _create_and_add_service_plugin /opt/stack/neutron/neutron/manager.py:239}}
May 09 09:04:44.773673 np0000173032 devstack@neutron-api.service[103874]: INFO neutron.manager [None req-e4e84844-d595-4630-af41-03ad5226d344 None None] Loading Plugin: revisions
May 09 09:04:44.773760 np0000173032 devstack@neutron-api.service[103873]: DEBUG neutron_lib.callbacks.manager [None req-998382b0-965f-4cc5-8428-394bc7863eb3 None None] Subscribe: > security_group after_update 55550000, False {{(pid=103873) subscribe /opt/stack/data/venv/lib/python3.12/site-packages/neutron_lib/callbacks/manager.py:52}}
May 09 09:04:44.774092 np0000173032 devstack@neutron-api.service[103873]: DEBUG neutron_lib.callbacks.manager [None req-998382b0-965f-4cc5-8428-394bc7863eb3 None None] Subscribe: > security_group after_create 55550000, False {{(pid=103873) subscribe /opt/stack/data/venv/lib/python3.12/site-packages/neutron_lib/callbacks/manager.py:52}}
May 09 09:04:44.774332 np0000173032 devstack@neutron-api.service[103873]: DEBUG neutron_lib.callbacks.manager [None req-998382b0-965f-4cc5-8428-394bc7863eb3 None None] Subscribe: > security_group precommit_delete 55550000, False {{(pid=103873) subscribe /opt/stack/data/venv/lib/python3.12/site-packages/neutron_lib/callbacks/manager.py:52}}
May 09 09:04:44.774565 np0000173032 devstack@neutron-api.service[103873]: DEBUG neutron_lib.callbacks.manager [None req-998382b0-965f-4cc5-8428-394bc7863eb3 None None] Subscribe: > security_group after_delete 55550000, False {{(pid=103873) subscribe /opt/stack/data/venv/lib/python3.12/site-packages/neutron_lib/callbacks/manager.py:52}}
May 09 09:04:44.774655 np0000173032 devstack@neutron-api.service[103874]: DEBUG neutron.manager [None req-e4e84844-d595-4630-af41-03ad5226d344 None None] Successfully loaded revision_plugin plugin. Description: Adds revision numbers to resources. {{(pid=103874) _create_and_add_service_plugin /opt/stack/neutron/neutron/manager.py:239}}
May 09 09:04:44.774695 np0000173032 devstack@neutron-api.service[103873]: DEBUG neutron_lib.callbacks.manager [None req-998382b0-965f-4cc5-8428-394bc7863eb3 None None] Subscribe: > security_group_rule precommit_create 55550000, False {{(pid=103873) subscribe /opt/stack/data/venv/lib/python3.12/site-packages/neutron_lib/callbacks/manager.py:52}}
May 09 09:04:44.774839 np0000173032 devstack@neutron-api.service[103874]: DEBUG oslo_concurrency.lockutils [None req-e4e84844-d595-4630-af41-03ad5226d344 None None] Lock "manager" "released" by "neutron.manager.NeutronManager._create_instance" :: held 4.877s {{(pid=103874) inner /opt/stack/data/venv/lib/python3.12/site-packages/oslo_concurrency/lockutils.py:538}}
May 09 09:04:44.774886 np0000173032 devstack@neutron-api.service[103873]: DEBUG neutron_lib.callbacks.manager [None req-998382b0-965f-4cc5-8428-394bc7863eb3 None None] Subscribe: > security_group_rule after_create 55550000, False {{(pid=103873) subscribe /opt/stack/data/venv/lib/python3.12/site-packages/neutron_lib/callbacks/manager.py:52}}
May 09 09:04:44.775024 np0000173032 devstack@neutron-api.service[103874]: DEBUG neutron.api.extensions [None req-e4e84844-d595-4630-af41-03ad5226d344 None None] get_extension_paths = OrderedDict({'/opt/stack/neutron/neutron/extensions': 1}) {{(pid=103874) get_extensions_path /opt/stack/neutron/neutron/api/extensions.py:640}}
May 09 09:04:44.775064 np0000173032 devstack@neutron-api.service[103873]: DEBUG neutron_lib.callbacks.manager [None req-998382b0-965f-4cc5-8428-394bc7863eb3 None None] Subscribe: > security_group_rule before_delete 55550000, False {{(pid=103873) subscribe /opt/stack/data/venv/lib/python3.12/site-packages/neutron_lib/callbacks/manager.py:52}}
May 09 09:04:44.775191 np0000173032 devstack@neutron-api.service[103874]: INFO neutron.api.extensions [None req-e4e84844-d595-4630-af41-03ad5226d344 None None] Initializing extension manager.
May 09 09:04:44.775277 np0000173032 devstack@neutron-api.service[103873]: DEBUG neutron_lib.callbacks.manager [None req-998382b0-965f-4cc5-8428-394bc7863eb3 None None] Subscribe: > address_group after_create 55550000, False {{(pid=103873) subscribe /opt/stack/data/venv/lib/python3.12/site-packages/neutron_lib/callbacks/manager.py:52}}
May 09 09:04:44.775394 np0000173032 devstack@neutron-api.service[103873]: DEBUG neutron_lib.callbacks.manager [None req-998382b0-965f-4cc5-8428-394bc7863eb3 None None] Subscribe: > address_group after_update 55550000, False {{(pid=103873) subscribe /opt/stack/data/venv/lib/python3.12/site-packages/neutron_lib/callbacks/manager.py:52}}
May 09 09:04:44.775435 np0000173032 devstack@neutron-api.service[103874]: DEBUG neutron.api.extensions [None req-e4e84844-d595-4630-af41-03ad5226d344 None None] Loading extension file: __init__.py {{(pid=103874) _load_all_extensions_from_path /opt/stack/neutron/neutron/api/extensions.py:449}}
May 09 09:04:44.775569 np0000173032 devstack@neutron-api.service[103874]: DEBUG neutron.api.extensions [None req-e4e84844-d595-4630-af41-03ad5226d344 None None] Loading extension file: __pycache__ {{(pid=103874) _load_all_extensions_from_path /opt/stack/neutron/neutron/api/extensions.py:449}}
May 09 09:04:44.775609 np0000173032 devstack@neutron-api.service[103873]: DEBUG neutron_lib.callbacks.manager [None req-998382b0-965f-4cc5-8428-394bc7863eb3 None None] Subscribe: > address_group after_delete 55550000, False {{(pid=103873) subscribe /opt/stack/data/venv/lib/python3.12/site-packages/neutron_lib/callbacks/manager.py:52}}
May 09 09:04:44.775687 np0000173032 devstack@neutron-api.service[103874]: DEBUG neutron.api.extensions [None req-e4e84844-d595-4630-af41-03ad5226d344 None None] Loading extension file: address_group.py {{(pid=103874) _load_all_extensions_from_path /opt/stack/neutron/neutron/api/extensions.py:449}}
May 09 09:04:44.775818 np0000173032 devstack@neutron-api.service[103873]: DEBUG neutron_lib.callbacks.manager [None req-998382b0-965f-4cc5-8428-394bc7863eb3 None None] Subscribe: > qos_plugin after_init 55550000, False {{(pid=103873) subscribe /opt/stack/data/venv/lib/python3.12/site-packages/neutron_lib/callbacks/manager.py:52}}
May 09 09:04:44.775957 np0000173032 devstack@neutron-api.service[103874]: DEBUG neutron.api.extensions [None req-e4e84844-d595-4630-af41-03ad5226d344 None None] Ext name="Address group" alias="address-group" description="Support address group" updated="2020-07-15T10:00:00-00:00" {{(pid=103874) _check_extension /opt/stack/neutron/neutron/api/extensions.py:415}}
May 09 09:04:44.776118 np0000173032 devstack@neutron-api.service[103873]: DEBUG neutron_lib.callbacks.manager [None req-998382b0-965f-4cc5-8428-394bc7863eb3 None None] Subscribe: > trunk_plugin after_init 55550000, False {{(pid=103873) subscribe /opt/stack/data/venv/lib/python3.12/site-packages/neutron_lib/callbacks/manager.py:52}}
May 09 09:04:44.776230 np0000173032 devstack@neutron-api.service[103874]: INFO neutron.api.extensions [None req-e4e84844-d595-4630-af41-03ad5226d344 None None] Loaded extension: address-group
May 09 09:04:44.776333 np0000173032 devstack@neutron-api.service[103874]: DEBUG neutron.api.extensions [None req-e4e84844-d595-4630-af41-03ad5226d344 None None] Loading extension file: address_scope.py {{(pid=103874) _load_all_extensions_from_path /opt/stack/neutron/neutron/api/extensions.py:449}}
May 09 09:04:44.776482 np0000173032 devstack@neutron-api.service[103873]: DEBUG neutron_lib.callbacks.manager [None req-998382b0-965f-4cc5-8428-394bc7863eb3 None None] Subscribe: > logging-plugin after_init 55550000, False {{(pid=103873) subscribe /opt/stack/data/venv/lib/python3.12/site-packages/neutron_lib/callbacks/manager.py:52}}
May 09 09:04:44.776641 np0000173032 devstack@neutron-api.service[103874]: DEBUG neutron.api.extensions [None req-e4e84844-d595-4630-af41-03ad5226d344 None None] Ext name="Address scope" alias="address-scope" description="Address scopes extension." updated="2015-07-26T10:00:00-00:00" {{(pid=103874) _check_extension /opt/stack/neutron/neutron/api/extensions.py:415}}
May 09 09:04:44.776836 np0000173032 devstack@neutron-api.service[103874]: INFO neutron.api.extensions [None req-e4e84844-d595-4630-af41-03ad5226d344 None None] Loaded extension: address-scope
May 09 09:04:44.776968 np0000173032 devstack@neutron-api.service[103874]: DEBUG neutron.api.extensions [None req-e4e84844-d595-4630-af41-03ad5226d344 None None] Loading extension file: admin_state_down_before_update.py {{(pid=103874) _load_all_extensions_from_path /opt/stack/neutron/neutron/api/extensions.py:449}}
May 09 09:04:44.777170 np0000173032 devstack@neutron-api.service[103874]: DEBUG neutron.api.extensions [None req-e4e84844-d595-4630-af41-03ad5226d344 None None] Ext name="Enforce Router's Admin State Down Before Update Extension" alias="router-admin-state-down-before-update" description="Ensure that the admin state of a router is DOWN (admin_state_up=False) before updating the distributed attribute" updated="2019-07-02T15:56:00" {{(pid=103874) _check_extension /opt/stack/neutron/neutron/api/extensions.py:415}}
May 09 09:04:44.777290 np0000173032 devstack@neutron-api.service[103873]: INFO neutron.services.logapi.drivers.ovn.driver [None req-998382b0-965f-4cc5-8428-394bc7863eb3 None None] OVN logging driver registered
May 09 09:04:44.777446 np0000173032 devstack@neutron-api.service[103874]: INFO neutron.api.extensions [None req-e4e84844-d595-4630-af41-03ad5226d344 None None] Extension router-admin-state-down-before-update not supported by any of loaded plugins
May 09 09:04:44.777540 np0000173032 devstack@neutron-api.service[103874]: DEBUG neutron.api.extensions [None req-e4e84844-d595-4630-af41-03ad5226d344 None None] Loading extension file: agent.py {{(pid=103874) _load_all_extensions_from_path /opt/stack/neutron/neutron/api/extensions.py:449}}
May 09 09:04:44.777831 np0000173032 devstack@neutron-api.service[103874]: DEBUG neutron.api.extensions [None req-e4e84844-d595-4630-af41-03ad5226d344 None None] Ext name="agent" alias="agent" description="The agent management extension." updated="2013-02-03T10:00:00-00:00" {{(pid=103874) _check_extension /opt/stack/neutron/neutron/api/extensions.py:415}}
May 09 09:04:44.778012 np0000173032 devstack@neutron-api.service[103874]: INFO neutron.api.extensions [None req-e4e84844-d595-4630-af41-03ad5226d344 None None] Loaded extension: agent
May 09 09:04:44.778142 np0000173032 devstack@neutron-api.service[103874]: DEBUG neutron.api.extensions [None req-e4e84844-d595-4630-af41-03ad5226d344 None None] Loading extension file: agent_resources_synced.py {{(pid=103874) _load_all_extensions_from_path /opt/stack/neutron/neutron/api/extensions.py:449}}
May 09 09:04:44.778350 np0000173032 devstack@neutron-api.service[103874]: DEBUG neutron.api.extensions [None req-e4e84844-d595-4630-af41-03ad5226d344 None None] Ext name="Agent's Resource View Synced to Placement" alias="agent-resources-synced" description="Stores success/failure of last sync to Placement" updated="2018-12-19T00:00:00-00:00" {{(pid=103874) _check_extension /opt/stack/neutron/neutron/api/extensions.py:415}}
May 09 09:04:44.778529 np0000173032 devstack@neutron-api.service[103874]: INFO neutron.api.extensions [None req-e4e84844-d595-4630-af41-03ad5226d344 None None] Extension agent-resources-synced not supported by any of loaded plugins
May 09 09:04:44.778624 np0000173032 devstack@neutron-api.service[103874]: DEBUG neutron.api.extensions [None req-e4e84844-d595-4630-af41-03ad5226d344 None None] Loading extension file: agent_sort_key.py {{(pid=103874) _load_all_extensions_from_path /opt/stack/neutron/neutron/api/extensions.py:449}}
May 09 09:04:44.778840 np0000173032 devstack@neutron-api.service[103874]: DEBUG neutron.api.extensions [None req-e4e84844-d595-4630-af41-03ad5226d344 None None] Ext name="Agents Sort Key" alias="agent_sort_key" description="Enabling the keyword sort_key for sorting in agents." updated="2013-02-03T10:00:00-00:00" {{(pid=103874) _check_extension /opt/stack/neutron/neutron/api/extensions.py:415}}
May 09 09:04:44.779021 np0000173032 devstack@neutron-api.service[103874]: INFO neutron.api.extensions [None req-e4e84844-d595-4630-af41-03ad5226d344 None None] Extension agent_sort_key not supported by any of loaded plugins
May 09 09:04:44.779114 np0000173032 devstack@neutron-api.service[103874]: DEBUG neutron.api.extensions [None req-e4e84844-d595-4630-af41-03ad5226d344 None None] Loading extension file: allowedaddresspairs.py {{(pid=103874) _load_all_extensions_from_path /opt/stack/neutron/neutron/api/extensions.py:449}}
May 09 09:04:44.779566 np0000173032 devstack@neutron-api.service[103873]: DEBUG neutron.plugins.ml2.plugin [None req-998382b0-965f-4cc5-8428-394bc7863eb3 None None] neutron.plugins.ml2.plugin.Ml2Plugin method _start_rpc_notifiers called with arguments () {} {{(pid=103873) wrapper /opt/stack/data/venv/lib/python3.12/site-packages/oslo_log/helpers.py:77}}
May 09 09:04:44.779852 np0000173032 devstack@neutron-api.service[103874]: DEBUG neutron.api.extensions [None req-e4e84844-d595-4630-af41-03ad5226d344 None None] Ext name="Allowed Address Pairs" alias="allowed-address-pairs" description="Provides allowed address pairs" updated="2013-07-23T10:00:00-00:00" {{(pid=103874) _check_extension /opt/stack/neutron/neutron/api/extensions.py:415}}
May 09 09:04:44.779968 np0000173032 devstack@neutron-api.service[103873]: DEBUG neutron_lib.callbacks.manager [None req-998382b0-965f-4cc5-8428-394bc7863eb3 None None] Subscribe: > port after_create 55550000, False {{(pid=103873) subscribe /opt/stack/data/venv/lib/python3.12/site-packages/neutron_lib/callbacks/manager.py:52}}
May 09 09:04:44.780017 np0000173032 devstack@neutron-api.service[103874]: INFO neutron.api.extensions [None req-e4e84844-d595-4630-af41-03ad5226d344 None None] Loaded extension: allowed-address-pairs
May 09 09:04:44.780100 np0000173032 devstack@neutron-api.service[103874]: DEBUG neutron.api.extensions [None req-e4e84844-d595-4630-af41-03ad5226d344 None None] Loading extension file: auto_allocated_topology.py {{(pid=103874) _load_all_extensions_from_path /opt/stack/neutron/neutron/api/extensions.py:449}}
May 09 09:04:44.780176 np0000173032 devstack@neutron-api.service[103873]: DEBUG neutron_lib.callbacks.manager [None req-998382b0-965f-4cc5-8428-394bc7863eb3 None None] Subscribe: > port after_update 55550000, False {{(pid=103873) subscribe /opt/stack/data/venv/lib/python3.12/site-packages/neutron_lib/callbacks/manager.py:52}}
May 09 09:04:44.780320 np0000173032 devstack@neutron-api.service[103873]: DEBUG neutron_lib.callbacks.manager [None req-998382b0-965f-4cc5-8428-394bc7863eb3 None None] Subscribe: > port after_delete 55550000, False {{(pid=103873) subscribe /opt/stack/data/venv/lib/python3.12/site-packages/neutron_lib/callbacks/manager.py:52}}
May 09 09:04:44.780352 np0000173032 devstack@neutron-api.service[103874]: DEBUG neutron.api.extensions [None req-e4e84844-d595-4630-af41-03ad5226d344 None None] Ext name="Auto Allocated Topology Services" alias="auto-allocated-topology" description="Auto Allocated Topology Services." updated="2016-01-01T00:00:00-00:00" {{(pid=103874) _check_extension /opt/stack/neutron/neutron/api/extensions.py:415}}
May 09 09:04:44.780500 np0000173032 devstack@neutron-api.service[103873]: DEBUG neutron_lib.callbacks.manager [None req-998382b0-965f-4cc5-8428-394bc7863eb3 None None] Subscribe: > subnet after_create 55550000, False {{(pid=103873) subscribe /opt/stack/data/venv/lib/python3.12/site-packages/neutron_lib/callbacks/manager.py:52}}
May 09 09:04:44.780539 np0000173032 devstack@neutron-api.service[103874]: INFO neutron.api.extensions [None req-e4e84844-d595-4630-af41-03ad5226d344 None None] Loaded extension: auto-allocated-topology
May 09 09:04:44.780621 np0000173032 devstack@neutron-api.service[103874]: DEBUG neutron.api.extensions [None req-e4e84844-d595-4630-af41-03ad5226d344 None None] Loading extension file: availability_zone.py {{(pid=103874) _load_all_extensions_from_path /opt/stack/neutron/neutron/api/extensions.py:449}}
May 09 09:04:44.780659 np0000173032 devstack@neutron-api.service[103873]: DEBUG neutron_lib.callbacks.manager [None req-998382b0-965f-4cc5-8428-394bc7863eb3 None None] Subscribe: > subnet after_update 55550000, False {{(pid=103873) subscribe /opt/stack/data/venv/lib/python3.12/site-packages/neutron_lib/callbacks/manager.py:52}}
May 09 09:04:44.780796 np0000173032 devstack@neutron-api.service[103873]: DEBUG neutron_lib.callbacks.manager [None req-998382b0-965f-4cc5-8428-394bc7863eb3 None None] Subscribe: > subnet after_delete 55550000, False {{(pid=103873) subscribe /opt/stack/data/venv/lib/python3.12/site-packages/neutron_lib/callbacks/manager.py:52}}
May 09 09:04:44.780893 np0000173032 devstack@neutron-api.service[103874]: DEBUG neutron.api.extensions [None req-e4e84844-d595-4630-af41-03ad5226d344 None None] Ext name="Availability Zone" alias="availability_zone" description="The availability zone extension." updated="2015-01-01T10:00:00-00:00" {{(pid=103874) _check_extension /opt/stack/neutron/neutron/api/extensions.py:415}}
May 09 09:04:44.780958 np0000173032 devstack@neutron-api.service[103873]: DEBUG neutron_lib.callbacks.manager [None req-998382b0-965f-4cc5-8428-394bc7863eb3 None None] Subscribe: > network after_create 55550000, False {{(pid=103873) subscribe /opt/stack/data/venv/lib/python3.12/site-packages/neutron_lib/callbacks/manager.py:52}}
May 09 09:04:44.781069 np0000173032 devstack@neutron-api.service[103874]: INFO neutron.api.extensions [None req-e4e84844-d595-4630-af41-03ad5226d344 None None] Loaded extension: availability_zone
May 09 09:04:44.781114 np0000173032 devstack@neutron-api.service[103873]: DEBUG neutron_lib.callbacks.manager [None req-998382b0-965f-4cc5-8428-394bc7863eb3 None None] Subscribe: > network after_update 55550000, False {{(pid=103873) subscribe /opt/stack/data/venv/lib/python3.12/site-packages/neutron_lib/callbacks/manager.py:52}}
May 09 09:04:44.781261 np0000173032 devstack@neutron-api.service[103874]: DEBUG neutron.api.extensions [None req-e4e84844-d595-4630-af41-03ad5226d344 None None] Loading extension file: availability_zone_filter.py {{(pid=103874) _load_all_extensions_from_path /opt/stack/neutron/neutron/api/extensions.py:449}}
May 09 09:04:44.781369 np0000173032 devstack@neutron-api.service[103873]: DEBUG neutron_lib.callbacks.manager [None req-998382b0-965f-4cc5-8428-394bc7863eb3 None None] Subscribe: > network after_delete 55550000, False {{(pid=103873) subscribe /opt/stack/data/venv/lib/python3.12/site-packages/neutron_lib/callbacks/manager.py:52}}
May 09 09:04:44.781519 np0000173032 devstack@neutron-api.service[103874]: DEBUG neutron.api.extensions [None req-e4e84844-d595-4630-af41-03ad5226d344 None None] Ext name="Availability Zone Filter Extension" alias="availability_zone_filter" description="Add filter parameters to AvailabilityZone resource" updated="2018-06-22T10:00:00-00:00" {{(pid=103874) _check_extension /opt/stack/neutron/neutron/api/extensions.py:415}}
May 09 09:04:44.781551 np0000173032 devstack@neutron-api.service[103873]: DEBUG neutron_lib.callbacks.manager [None req-998382b0-965f-4cc5-8428-394bc7863eb3 None None] Subscribe: > security_group after_create 55550000, False {{(pid=103873) subscribe /opt/stack/data/venv/lib/python3.12/site-packages/neutron_lib/callbacks/manager.py:52}}
May 09 09:04:44.781630 np0000173032 devstack@neutron-api.service[103874]: INFO neutron.api.extensions [None req-e4e84844-d595-4630-af41-03ad5226d344 None None] Extension availability_zone_filter not supported by any of loaded plugins
May 09 09:04:44.781660 np0000173032 devstack@neutron-api.service[103873]: DEBUG neutron_lib.callbacks.manager [None req-998382b0-965f-4cc5-8428-394bc7863eb3 None None] Subscribe: > security_group after_update 55550000, False {{(pid=103873) subscribe /opt/stack/data/venv/lib/python3.12/site-packages/neutron_lib/callbacks/manager.py:52}}
May 09 09:04:44.781722 np0000173032 devstack@neutron-api.service[103874]: DEBUG neutron.api.extensions [None req-e4e84844-d595-4630-af41-03ad5226d344 None None] Loading extension file: data_plane_status.py {{(pid=103874) _load_all_extensions_from_path /opt/stack/neutron/neutron/api/extensions.py:449}}
May 09 09:04:44.781757 np0000173032 devstack@neutron-api.service[103873]: DEBUG neutron_lib.callbacks.manager [None req-998382b0-965f-4cc5-8428-394bc7863eb3 None None] Subscribe: > security_group after_delete 55550000, False {{(pid=103873) subscribe /opt/stack/data/venv/lib/python3.12/site-packages/neutron_lib/callbacks/manager.py:52}}
May 09 09:04:44.781904 np0000173032 devstack@neutron-api.service[103873]: DEBUG neutron_lib.callbacks.manager [None req-998382b0-965f-4cc5-8428-394bc7863eb3 None None] Subscribe: > security_group_rule after_create 55550000, False {{(pid=103873) subscribe /opt/stack/data/venv/lib/python3.12/site-packages/neutron_lib/callbacks/manager.py:52}}
May 09 09:04:44.781993 np0000173032 devstack@neutron-api.service[103874]: DEBUG neutron.api.extensions [None req-e4e84844-d595-4630-af41-03ad5226d344 None None] Ext name="Port data plane status extension" alias="data-plane-status" description="Expose status of underlying data plane" updated="2017-01-24T10:00:00-00:00" {{(pid=103874) _check_extension /opt/stack/neutron/neutron/api/extensions.py:415}}
May 09 09:04:44.782053 np0000173032 devstack@neutron-api.service[103873]: DEBUG neutron_lib.callbacks.manager [None req-998382b0-965f-4cc5-8428-394bc7863eb3 None None] Subscribe: > security_group_rule after_update 55550000, False {{(pid=103873) subscribe /opt/stack/data/venv/lib/python3.12/site-packages/neutron_lib/callbacks/manager.py:52}}
May 09 09:04:44.782085 np0000173032 devstack@neutron-api.service[103874]: INFO neutron.api.extensions [None req-e4e84844-d595-4630-af41-03ad5226d344 None None] Extension data-plane-status not supported by any of loaded plugins
May 09 09:04:44.782186 np0000173032 devstack@neutron-api.service[103874]: DEBUG neutron.api.extensions [None req-e4e84844-d595-4630-af41-03ad5226d344 None None] Loading extension file: default_subnetpools.py {{(pid=103874) _load_all_extensions_from_path /opt/stack/neutron/neutron/api/extensions.py:449}}
May 09 09:04:44.782239 np0000173032 devstack@neutron-api.service[103873]: DEBUG neutron_lib.callbacks.manager [None req-998382b0-965f-4cc5-8428-394bc7863eb3 None None] Subscribe: > security_group_rule after_delete 55550000, False {{(pid=103873) subscribe /opt/stack/data/venv/lib/python3.12/site-packages/neutron_lib/callbacks/manager.py:52}}
May 09 09:04:44.782397 np0000173032 devstack@neutron-api.service[103873]: DEBUG neutron_lib.callbacks.manager [None req-998382b0-965f-4cc5-8428-394bc7863eb3 None None] Subscribe: > address_group after_create 55550000, False {{(pid=103873) subscribe /opt/stack/data/venv/lib/python3.12/site-packages/neutron_lib/callbacks/manager.py:52}}
May 09 09:04:44.782430 np0000173032 devstack@neutron-api.service[103874]: DEBUG neutron.api.extensions [None req-e4e84844-d595-4630-af41-03ad5226d344 None None] Ext name="Default Subnetpools" alias="default-subnetpools" description="Provides ability to mark and use a subnetpool as the default." updated="2016-02-18T18:00:00-00:00" {{(pid=103874) _check_extension /opt/stack/neutron/neutron/api/extensions.py:415}}
May 09 09:04:44.782609 np0000173032 devstack@neutron-api.service[103873]: DEBUG neutron_lib.callbacks.manager [None req-998382b0-965f-4cc5-8428-394bc7863eb3 None None] Subscribe: > address_group after_update 55550000, False {{(pid=103873) subscribe /opt/stack/data/venv/lib/python3.12/site-packages/neutron_lib/callbacks/manager.py:52}}
May 09 09:04:44.782724 np0000173032 devstack@neutron-api.service[103874]: INFO neutron.api.extensions [None req-e4e84844-d595-4630-af41-03ad5226d344 None None] Loaded extension: default-subnetpools
May 09 09:04:44.782724 np0000173032 devstack@neutron-api.service[103874]: DEBUG neutron.api.extensions [None req-e4e84844-d595-4630-af41-03ad5226d344 None None] Loading extension file: dhcpagentscheduler.py {{(pid=103874) _load_all_extensions_from_path /opt/stack/neutron/neutron/api/extensions.py:449}}
May 09 09:04:44.782782 np0000173032 devstack@neutron-api.service[103873]: DEBUG neutron_lib.callbacks.manager [None req-998382b0-965f-4cc5-8428-394bc7863eb3 None None] Subscribe: > address_group after_delete 55550000, False {{(pid=103873) subscribe /opt/stack/data/venv/lib/python3.12/site-packages/neutron_lib/callbacks/manager.py:52}}
May 09 09:04:44.782873 np0000173032 devstack@neutron-api.service[103873]: DEBUG neutron.plugins.ml2.ovo_rpc [None req-998382b0-965f-4cc5-8428-394bc7863eb3 None None] ML2 OVO RPC backend initialized. {{(pid=103873) __init__ /opt/stack/neutron/neutron/plugins/ml2/ovo_rpc.py:117}}
May 09 09:04:44.783089 np0000173032 devstack@neutron-api.service[103874]: DEBUG neutron.api.extensions [None req-e4e84844-d595-4630-af41-03ad5226d344 None None] Ext name="DHCP Agent Scheduler" alias="dhcp_agent_scheduler" description="Schedule networks among dhcp agents" updated="2013-02-07T10:00:00-00:00" {{(pid=103874) _check_extension /opt/stack/neutron/neutron/api/extensions.py:415}}
May 09 09:04:44.783316 np0000173032 devstack@neutron-api.service[103874]: INFO neutron.api.extensions [None req-e4e84844-d595-4630-af41-03ad5226d344 None None] Loaded extension: dhcp_agent_scheduler
May 09 09:04:44.783409 np0000173032 devstack@neutron-api.service[103874]: DEBUG neutron.api.extensions [None req-e4e84844-d595-4630-af41-03ad5226d344 None None] Loading extension file: dns.py {{(pid=103874) _load_all_extensions_from_path /opt/stack/neutron/neutron/api/extensions.py:449}}
May 09 09:04:44.783593 np0000173032 devstack@neutron-api.service[103874]: DEBUG neutron.api.extensions [None req-e4e84844-d595-4630-af41-03ad5226d344 None None] Ext name="DNS Integration" alias="dns-integration" description="Provides integration with DNS." updated="2015-08-15T18:00:00-00:00" {{(pid=103874) _check_extension /opt/stack/neutron/neutron/api/extensions.py:415}}
May 09 09:04:44.783790 np0000173032 devstack@neutron-api.service[103874]: INFO neutron.api.extensions [None req-e4e84844-d595-4630-af41-03ad5226d344 None None] Loaded extension: dns-integration
May 09 09:04:44.783875 np0000173032 devstack@neutron-api.service[103874]: DEBUG neutron.api.extensions [None req-e4e84844-d595-4630-af41-03ad5226d344 None None] Loading extension file: dns_domain_ports.py {{(pid=103874) _load_all_extensions_from_path /opt/stack/neutron/neutron/api/extensions.py:449}}
May 09 09:04:44.784060 np0000173032 devstack@neutron-api.service[103873]: INFO neutron.quota [None req-998382b0-965f-4cc5-8428-394bc7863eb3 None None] Loaded quota_driver: .
May 09 09:04:44.784104 np0000173032 devstack@neutron-api.service[103874]: DEBUG neutron.api.extensions [None req-e4e84844-d595-4630-af41-03ad5226d344 None None] Ext name="dns_domain for ports" alias="dns-domain-ports" description="Allows the DNS domain to be specified for a network port." updated="2017-04-24T10:00:00-00:00" {{(pid=103874) _check_extension /opt/stack/neutron/neutron/api/extensions.py:415}}
May 09 09:04:44.784193 np0000173032 devstack@neutron-api.service[103873]: INFO neutron.plugins.ml2.plugin [None req-998382b0-965f-4cc5-8428-394bc7863eb3 None None] Modular L2 Plugin initialization complete
May 09 09:04:44.784337 np0000173032 devstack@neutron-api.service[103874]: INFO neutron.api.extensions [None req-e4e84844-d595-4630-af41-03ad5226d344 None None] Loaded extension: dns-domain-ports
May 09 09:04:44.784417 np0000173032 devstack@neutron-api.service[103874]: DEBUG neutron.api.extensions [None req-e4e84844-d595-4630-af41-03ad5226d344 None None] Loading extension file: dns_integration_domain_keywords.py {{(pid=103874) _load_all_extensions_from_path /opt/stack/neutron/neutron/api/extensions.py:449}}
May 09 09:04:44.784532 np0000173032 devstack@neutron-api.service[103873]: DEBUG neutron.manager [None req-998382b0-965f-4cc5-8428-394bc7863eb3 None None] Loading services supported by the core plugin {{(pid=103873) _load_services_from_core_plugin /opt/stack/neutron/neutron/manager.py:170}}
May 09 09:04:44.784668 np0000173032 devstack@neutron-api.service[103874]: DEBUG neutron.api.extensions [None req-e4e84844-d595-4630-af41-03ad5226d344 None None] Ext name="DNS domain names with keywords allowed" alias="dns-integration-domain-keywords" description="Allows to use keywords like , , and as DNS domain name" updated="2020-06-15T18:00:00-00:00" {{(pid=103874) _check_extension /opt/stack/neutron/neutron/api/extensions.py:415}}
May 09 09:04:44.784700 np0000173032 devstack@neutron-api.service[103873]: INFO neutron.plugins.ml2.managers [None req-998382b0-965f-4cc5-8428-394bc7863eb3 None None] Got port-security extension from driver 'port_security'
May 09 09:04:44.784800 np0000173032 devstack@neutron-api.service[103874]: INFO neutron.api.extensions [None req-e4e84844-d595-4630-af41-03ad5226d344 None None] Loaded extension: dns-integration-domain-keywords
May 09 09:04:44.784933 np0000173032 devstack@neutron-api.service[103874]: DEBUG neutron.api.extensions [None req-e4e84844-d595-4630-af41-03ad5226d344 None None] Loading extension file: dvr.py {{(pid=103874) _load_all_extensions_from_path /opt/stack/neutron/neutron/api/extensions.py:449}}
May 09 09:04:44.785126 np0000173032 devstack@neutron-api.service[103873]: DEBUG neutron.manager [None req-998382b0-965f-4cc5-8428-394bc7863eb3 None None] Loading service plugins: ['ovn-router', 'auto_allocate', 'tag', 'timestamp', 'network_ip_availability', 'flavors', 'revisions'] {{(pid=103873) _load_service_plugins /opt/stack/neutron/neutron/manager.py:195}}
May 09 09:04:44.785170 np0000173032 devstack@neutron-api.service[103874]: DEBUG neutron.api.extensions [None req-e4e84844-d595-4630-af41-03ad5226d344 None None] Ext name="Distributed Virtual Router" alias="dvr" description="Enables configuration of Distributed Virtual Routers." updated="2014-06-1T10:00:00-00:00" {{(pid=103874) _check_extension /opt/stack/neutron/neutron/api/extensions.py:415}}
May 09 09:04:44.785311 np0000173032 devstack@neutron-api.service[103873]: INFO neutron.manager [None req-998382b0-965f-4cc5-8428-394bc7863eb3 None None] Loading Plugin: ovn-router
May 09 09:04:44.785342 np0000173032 devstack@neutron-api.service[103874]: INFO neutron.api.extensions [None req-e4e84844-d595-4630-af41-03ad5226d344 None None] Extension dvr not supported by any of loaded plugins
May 09 09:04:44.785440 np0000173032 devstack@neutron-api.service[103874]: DEBUG neutron.api.extensions [None req-e4e84844-d595-4630-af41-03ad5226d344 None None] Loading extension file: ecmp_routes.py {{(pid=103874) _load_all_extensions_from_path /opt/stack/neutron/neutron/api/extensions.py:449}}
May 09 09:04:44.785677 np0000173032 devstack@neutron-api.service[103874]: DEBUG neutron.api.extensions [None req-e4e84844-d595-4630-af41-03ad5226d344 None None] Ext name="Equal Cost Multipath Routing" alias="ecmp_routes" description="Allows traffic to reach thesame destination via multiple different links " updated="2020-11-26T18:00:00-00:00" {{(pid=103874) _check_extension /opt/stack/neutron/neutron/api/extensions.py:415}}
May 09 09:04:44.785874 np0000173032 devstack@neutron-api.service[103874]: INFO neutron.api.extensions [None req-e4e84844-d595-4630-af41-03ad5226d344 None None] Extension ecmp_routes not supported by any of loaded plugins
May 09 09:04:44.786016 np0000173032 devstack@neutron-api.service[103874]: DEBUG neutron.api.extensions [None req-e4e84844-d595-4630-af41-03ad5226d344 None None] Loading extension file: empty_string_filtering.py {{(pid=103874) _load_all_extensions_from_path /opt/stack/neutron/neutron/api/extensions.py:449}}
May 09 09:04:44.786249 np0000173032 devstack@neutron-api.service[103874]: DEBUG neutron.api.extensions [None req-e4e84844-d595-4630-af41-03ad5226d344 None None] Ext name="Empty String Filtering Extension" alias="empty-string-filtering" description="Allow filtering by attributes with empty string value" updated="2018-05-01T10:00:00-00:00" {{(pid=103874) _check_extension /opt/stack/neutron/neutron/api/extensions.py:415}}
May 09 09:04:44.786431 np0000173032 devstack@neutron-api.service[103874]: INFO neutron.api.extensions [None req-e4e84844-d595-4630-af41-03ad5226d344 None None] Loaded extension: empty-string-filtering
May 09 09:04:44.786522 np0000173032 devstack@neutron-api.service[103874]: DEBUG neutron.api.extensions [None req-e4e84844-d595-4630-af41-03ad5226d344 None None] Loading extension file: expose_l3_conntrack_helper.py {{(pid=103874) _load_all_extensions_from_path /opt/stack/neutron/neutron/api/extensions.py:449}}
May 09 09:04:44.786736 np0000173032 devstack@neutron-api.service[103874]: DEBUG neutron.api.extensions [None req-e4e84844-d595-4630-af41-03ad5226d344 None None] Ext name="Expose CT target rules for conntrack helper" alias="expose-l3-conntrack-helper" description="Expose allow adding CT target rules for conntrack helper" updated="2019-04-04T10:00:00-00:00" {{(pid=103874) _check_extension /opt/stack/neutron/neutron/api/extensions.py:415}}
May 09 09:04:44.786945 np0000173032 devstack@neutron-api.service[103874]: INFO neutron.api.extensions [None req-e4e84844-d595-4630-af41-03ad5226d344 None None] Extension expose-l3-conntrack-helper not supported by any of loaded plugins
May 09 09:04:44.787053 np0000173032 devstack@neutron-api.service[103874]: DEBUG neutron.api.extensions [None req-e4e84844-d595-4630-af41-03ad5226d344 None None] Loading extension file: expose_port_forwarding_in_fip.py {{(pid=103874) _load_all_extensions_from_path /opt/stack/neutron/neutron/api/extensions.py:449}}
May 09 09:04:44.787349 np0000173032 devstack@neutron-api.service[103874]: DEBUG neutron.api.extensions [None req-e4e84844-d595-4630-af41-03ad5226d344 None None] Ext name="Expose Floating IP port forwardings" alias="expose-port-forwarding-in-fip" description="Expose port forwarding fields in floating IP response" updated="2018-06-28T16:00:00-00:00" {{(pid=103874) _check_extension /opt/stack/neutron/neutron/api/extensions.py:415}}
May 09 09:04:44.787511 np0000173032 devstack@neutron-api.service[103874]: INFO neutron.api.extensions [None req-e4e84844-d595-4630-af41-03ad5226d344 None None] Extension expose-port-forwarding-in-fip not supported by any of loaded plugins
May 09 09:04:44.787606 np0000173032 devstack@neutron-api.service[103874]: DEBUG neutron.api.extensions [None req-e4e84844-d595-4630-af41-03ad5226d344 None None] Loading extension file: external_net.py {{(pid=103874) _load_all_extensions_from_path /opt/stack/neutron/neutron/api/extensions.py:449}}
May 09 09:04:44.787975 np0000173032 devstack@neutron-api.service[103874]: DEBUG neutron.api.extensions [None req-e4e84844-d595-4630-af41-03ad5226d344 None None] Ext name="Neutron external network" alias="external-net" description="Adds external network attribute to network resource." updated="2013-01-14T10:00:00-00:00" {{(pid=103874) _check_extension /opt/stack/neutron/neutron/api/extensions.py:415}}
May 09 09:04:44.788229 np0000173032 devstack@neutron-api.service[103874]: INFO neutron.api.extensions [None req-e4e84844-d595-4630-af41-03ad5226d344 None None] Loaded extension: external-net
May 09 09:04:44.788283 np0000173032 devstack@neutron-api.service[103874]: DEBUG neutron.api.extensions [None req-e4e84844-d595-4630-af41-03ad5226d344 None None] Loading extension file: extra_dhcp_opt.py {{(pid=103874) _load_all_extensions_from_path /opt/stack/neutron/neutron/api/extensions.py:449}}
May 09 09:04:44.788553 np0000173032 devstack@neutron-api.service[103874]: DEBUG neutron.api.extensions [None req-e4e84844-d595-4630-af41-03ad5226d344 None None] Ext name="Neutron Extra DHCP options" alias="extra_dhcp_opt" description="Extra options configuration for DHCP. For example PXE boot options to DHCP clients can be specified (e.g. tftp-server, server-ip-address, bootfile-name)" updated="2013-03-17T12:00:00-00:00" {{(pid=103874) _check_extension /opt/stack/neutron/neutron/api/extensions.py:415}}
May 09 09:04:44.788681 np0000173032 devstack@neutron-api.service[103874]: INFO neutron.api.extensions [None req-e4e84844-d595-4630-af41-03ad5226d344 None None] Loaded extension: extra_dhcp_opt
May 09 09:04:44.788772 np0000173032 devstack@neutron-api.service[103874]: DEBUG neutron.api.extensions [None req-e4e84844-d595-4630-af41-03ad5226d344 None None] Loading extension file: extraroute.py {{(pid=103874) _load_all_extensions_from_path /opt/stack/neutron/neutron/api/extensions.py:449}}
May 09 09:04:44.788998 np0000173032 devstack@neutron-api.service[103874]: DEBUG neutron.api.extensions [None req-e4e84844-d595-4630-af41-03ad5226d344 None None] Ext name="Neutron Extra Route" alias="extraroute" description="Extra routes configuration for L3 router" updated="2013-02-01T10:00:00-00:00" {{(pid=103874) _check_extension /opt/stack/neutron/neutron/api/extensions.py:415}}
May 09 09:04:44.789247 np0000173032 devstack@neutron-api.service[103874]: INFO neutron.api.extensions [None req-e4e84844-d595-4630-af41-03ad5226d344 None None] Loaded extension: extraroute
May 09 09:04:44.789376 np0000173032 devstack@neutron-api.service[103874]: DEBUG neutron.api.extensions [None req-e4e84844-d595-4630-af41-03ad5226d344 None None] Loading extension file: extraroute_atomic.py {{(pid=103874) _load_all_extensions_from_path /opt/stack/neutron/neutron/api/extensions.py:449}}
May 09 09:04:44.789642 np0000173032 devstack@neutron-api.service[103874]: DEBUG neutron.api.extensions [None req-e4e84844-d595-4630-af41-03ad5226d344 None None] Ext name="Atomically add/remove extra routes" alias="extraroute-atomic" description="Edit extra routes of a router on server side by atomically adding/removing extra routes" updated="2019-07-10T00:00:00+00:00" {{(pid=103874) _check_extension /opt/stack/neutron/neutron/api/extensions.py:415}}
May 09 09:04:44.789722 np0000173032 devstack@neutron-api.service[103874]: INFO neutron.api.extensions [None req-e4e84844-d595-4630-af41-03ad5226d344 None None] Loaded extension: extraroute-atomic
May 09 09:04:44.789811 np0000173032 devstack@neutron-api.service[103874]: DEBUG neutron.api.extensions [None req-e4e84844-d595-4630-af41-03ad5226d344 None None] Loading extension file: filter_validation.py {{(pid=103874) _load_all_extensions_from_path /opt/stack/neutron/neutron/api/extensions.py:449}}
May 09 09:04:44.790051 np0000173032 devstack@neutron-api.service[103874]: DEBUG neutron.api.extensions [None req-e4e84844-d595-4630-af41-03ad5226d344 None None] Ext name="Filter parameters validation" alias="filter-validation" description="Provides validation on filter parameters." updated="2018-07-04T10:00:00-00:00" {{(pid=103874) _check_extension /opt/stack/neutron/neutron/api/extensions.py:415}}
May 09 09:04:44.790223 np0000173032 devstack@neutron-api.service[103874]: INFO neutron.api.extensions [None req-e4e84844-d595-4630-af41-03ad5226d344 None None] Loaded extension: filter-validation
May 09 09:04:44.790326 np0000173032 devstack@neutron-api.service[103874]: DEBUG neutron.api.extensions [None req-e4e84844-d595-4630-af41-03ad5226d344 None None] Loading extension file: fip_pf_description.py {{(pid=103874) _load_all_extensions_from_path /opt/stack/neutron/neutron/api/extensions.py:449}}
May 09 09:04:44.790591 np0000173032 devstack@neutron-api.service[103874]: DEBUG neutron.api.extensions [None req-e4e84844-d595-4630-af41-03ad5226d344 None None] Ext name="Floating IP Port Forwarding new attribute description" alias="floating-ip-port-forwarding-description" description="Add a description field to Port Forwarding rules" updated="2019-11-01T10:00:00-00:00" {{(pid=103874) _check_extension /opt/stack/neutron/neutron/api/extensions.py:415}}
May 09 09:04:44.790754 np0000173032 devstack@neutron-api.service[103874]: INFO neutron.api.extensions [None req-e4e84844-d595-4630-af41-03ad5226d344 None None] Extension floating-ip-port-forwarding-description not supported by any of loaded plugins
May 09 09:04:44.790790 np0000173032 devstack@neutron-api.service[103874]: DEBUG neutron.api.extensions [None req-e4e84844-d595-4630-af41-03ad5226d344 None None] Loading extension file: fip_pf_detail.py {{(pid=103874) _load_all_extensions_from_path /opt/stack/neutron/neutron/api/extensions.py:449}}
May 09 09:04:44.791058 np0000173032 devstack@neutron-api.service[103874]: DEBUG neutron.api.extensions [None req-e4e84844-d595-4630-af41-03ad5226d344 None None] Ext name="Floating IP port forwarding detail" alias="floating-ip-port-forwarding-detail" description="Allow list floating ip return more port forwarding data, include'id' and 'internal_port_id'" updated="2022-05-06T10:00:00-00:00" {{(pid=103874) _check_extension /opt/stack/neutron/neutron/api/extensions.py:415}}
May 09 09:04:44.791237 np0000173032 devstack@neutron-api.service[103874]: INFO neutron.api.extensions [None req-e4e84844-d595-4630-af41-03ad5226d344 None None] Loaded extension: floating-ip-port-forwarding-detail
May 09 09:04:44.791305 np0000173032 devstack@neutron-api.service[103874]: DEBUG neutron.api.extensions [None req-e4e84844-d595-4630-af41-03ad5226d344 None None] Loading extension file: fip_pf_port_range.py {{(pid=103874) _load_all_extensions_from_path /opt/stack/neutron/neutron/api/extensions.py:449}}
May 09 09:04:44.791515 np0000173032 devstack@neutron-api.service[103874]: DEBUG neutron.api.extensions [None req-e4e84844-d595-4630-af41-03ad5226d344 None None] Ext name="Floating IP Port Forwarding support port ranges" alias="floating-ip-port-forwarding-port-ranges" description="Add support to port ranges" updated="2020-07-01T10:00:00-00:00" {{(pid=103874) _check_extension /opt/stack/neutron/neutron/api/extensions.py:415}}
May 09 09:04:44.791691 np0000173032 devstack@neutron-api.service[103874]: INFO neutron.api.extensions [None req-e4e84844-d595-4630-af41-03ad5226d344 None None] Extension floating-ip-port-forwarding-port-ranges not supported by any of loaded plugins
May 09 09:04:44.791911 np0000173032 devstack@neutron-api.service[103874]: DEBUG neutron.api.extensions [None req-e4e84844-d595-4630-af41-03ad5226d344 None None] Loading extension file: fip_port_details.py {{(pid=103874) _load_all_extensions_from_path /opt/stack/neutron/neutron/api/extensions.py:449}}
May 09 09:04:44.792122 np0000173032 devstack@neutron-api.service[103874]: DEBUG neutron.api.extensions [None req-e4e84844-d595-4630-af41-03ad5226d344 None None] Ext name="Floating IP Port Details Extension" alias="fip-port-details" description="Add port_details attribute to Floating IP resource" updated="2018-04-09T10:00:00-00:00" {{(pid=103874) _check_extension /opt/stack/neutron/neutron/api/extensions.py:415}}
May 09 09:04:44.792303 np0000173032 devstack@neutron-api.service[103874]: INFO neutron.api.extensions [None req-e4e84844-d595-4630-af41-03ad5226d344 None None] Loaded extension: fip-port-details
May 09 09:04:44.792390 np0000173032 devstack@neutron-api.service[103874]: DEBUG neutron.api.extensions [None req-e4e84844-d595-4630-af41-03ad5226d344 None None] Loading extension file: flavors.py {{(pid=103874) _load_all_extensions_from_path /opt/stack/neutron/neutron/api/extensions.py:449}}
May 09 09:04:44.792623 np0000173032 devstack@neutron-api.service[103874]: DEBUG neutron.api.extensions [None req-e4e84844-d595-4630-af41-03ad5226d344 None None] Ext name="Neutron Service Flavors" alias="flavors" description="Flavor specification for Neutron advanced services." updated="2015-09-17T10:00:00-00:00" {{(pid=103874) _check_extension /opt/stack/neutron/neutron/api/extensions.py:415}}
May 09 09:04:44.792791 np0000173032 devstack@neutron-api.service[103874]: INFO neutron.api.extensions [None req-e4e84844-d595-4630-af41-03ad5226d344 None None] Loaded extension: flavors
May 09 09:04:44.792884 np0000173032 devstack@neutron-api.service[103874]: DEBUG neutron.api.extensions [None req-e4e84844-d595-4630-af41-03ad5226d344 None None] Loading extension file: floating_ip_port_forwarding.py {{(pid=103874) _load_all_extensions_from_path /opt/stack/neutron/neutron/api/extensions.py:449}}
May 09 09:04:44.793231 np0000173032 devstack@neutron-api.service[103874]: DEBUG neutron.api.extensions [None req-e4e84844-d595-4630-af41-03ad5226d344 None None] Ext name="Floating IP Port Forwarding" alias="floating-ip-port-forwarding" description="Allow port forwarding from floating IP port to an internal port" updated="2018-01-19T10:00:00-00:00" {{(pid=103874) _check_extension /opt/stack/neutron/neutron/api/extensions.py:415}}
May 09 09:04:44.793426 np0000173032 devstack@neutron-api.service[103874]: INFO neutron.api.extensions [None req-e4e84844-d595-4630-af41-03ad5226d344 None None] Extension floating-ip-port-forwarding not supported by any of loaded plugins
May 09 09:04:44.793496 np0000173032 devstack@neutron-api.service[103874]: DEBUG neutron.api.extensions [None req-e4e84844-d595-4630-af41-03ad5226d344 None None] Loading extension file: floatingip_pools.py {{(pid=103874) _load_all_extensions_from_path /opt/stack/neutron/neutron/api/extensions.py:449}}
May 09 09:04:44.793776 np0000173032 devstack@neutron-api.service[103874]: DEBUG neutron.api.extensions [None req-e4e84844-d595-4630-af41-03ad5226d344 None None] Ext name="Floating IP Pools Extension" alias="floatingip-pools" description="Provides a floating IP pools API." updated="2018-03-21T10:00:00-00:00" {{(pid=103874) _check_extension /opt/stack/neutron/neutron/api/extensions.py:415}}
May 09 09:04:44.793956 np0000173032 devstack@neutron-api.service[103874]: INFO neutron.api.extensions [None req-e4e84844-d595-4630-af41-03ad5226d344 None None] Loaded extension: floatingip-pools
May 09 09:04:44.793992 np0000173032 devstack@neutron-api.service[103874]: DEBUG neutron.api.extensions [None req-e4e84844-d595-4630-af41-03ad5226d344 None None] Loading extension file: ip_allocation.py {{(pid=103874) _load_all_extensions_from_path /opt/stack/neutron/neutron/api/extensions.py:449}}
May 09 09:04:44.794239 np0000173032 devstack@neutron-api.service[103874]: DEBUG neutron.api.extensions [None req-e4e84844-d595-4630-af41-03ad5226d344 None None] Ext name="IP Allocation" alias="ip_allocation" description="IP allocation extension." updated="2016-06-10T23:00:00-00:00" {{(pid=103874) _check_extension /opt/stack/neutron/neutron/api/extensions.py:415}}
