May 09 09:04:45.876602 np0000173032 neutron-periodic-workers[105681]: DEBUG cotyledon.oslo_config_glue [-] network_log.rate_limit = 100 {{(pid=105681) log_opt_values /opt/stack/data/venv/lib/python3.12/site-packages/oslo_config/cfg.py:3006}}
May 09 09:04:45.876727 np0000173032 neutron-periodic-workers[105681]: DEBUG cotyledon.oslo_config_glue [-] database.asyncio_connection = **** {{(pid=105681) log_opt_values /opt/stack/data/venv/lib/python3.12/site-packages/oslo_config/cfg.py:3006}}
May 09 09:04:45.876969 np0000173032 neutron-periodic-workers[105681]: DEBUG cotyledon.oslo_config_glue [-] database.asyncio_slave_connection = **** {{(pid=105681) log_opt_values /opt/stack/data/venv/lib/python3.12/site-packages/oslo_config/cfg.py:3006}}
May 09 09:04:45.877076 np0000173032 neutron-periodic-workers[105681]: DEBUG cotyledon.oslo_config_glue [-] database.backend = sqlalchemy {{(pid=105681) log_opt_values /opt/stack/data/venv/lib/python3.12/site-packages/oslo_config/cfg.py:3006}}
May 09 09:04:45.877166 np0000173032 neutron-periodic-workers[105681]: DEBUG cotyledon.oslo_config_glue [-] database.connection = **** {{(pid=105681) log_opt_values /opt/stack/data/venv/lib/python3.12/site-packages/oslo_config/cfg.py:3006}}
May 09 09:04:45.877249 np0000173032 neutron-periodic-workers[105681]: DEBUG cotyledon.oslo_config_glue [-] database.connection_debug = 0 {{(pid=105681) log_opt_values /opt/stack/data/venv/lib/python3.12/site-packages/oslo_config/cfg.py:3006}}
May 09 09:04:45.877362 np0000173032 neutron-periodic-workers[105681]: DEBUG cotyledon.oslo_config_glue [-] database.connection_parameters = {{(pid=105681) log_opt_values /opt/stack/data/venv/lib/python3.12/site-packages/oslo_config/cfg.py:3006}}
May 09 09:04:45.877403 np0000173032 neutron-periodic-workers[105681]: DEBUG cotyledon.oslo_config_glue [-] database.connection_recycle_time = 3600 {{(pid=105681) log_opt_values /opt/stack/data/venv/lib/python3.12/site-packages/oslo_config/cfg.py:3006}}
May 09 09:04:45.877506 np0000173032 neutron-periodic-workers[105681]: DEBUG cotyledon.oslo_config_glue [-] database.connection_trace = False {{(pid=105681) log_opt_values /opt/stack/data/venv/lib/python3.12/site-packages/oslo_config/cfg.py:3006}}
May 09 09:04:45.877552 np0000173032 neutron-periodic-workers[105681]: DEBUG cotyledon.oslo_config_glue [-] database.db_inc_retry_interval = True {{(pid=105681) log_opt_values /opt/stack/data/venv/lib/python3.12/site-packages/oslo_config/cfg.py:3006}}
May 09 09:04:45.877650 np0000173032 neutron-periodic-workers[105681]: DEBUG cotyledon.oslo_config_glue [-] database.db_max_retries = 20 {{(pid=105681) log_opt_values /opt/stack/data/venv/lib/python3.12/site-packages/oslo_config/cfg.py:3006}}
May 09 09:04:45.877692 np0000173032 neutron-periodic-workers[105681]: DEBUG cotyledon.oslo_config_glue [-] database.db_max_retry_interval = 10 {{(pid=105681) log_opt_values /opt/stack/data/venv/lib/python3.12/site-packages/oslo_config/cfg.py:3006}}
May 09 09:04:45.877788 np0000173032 neutron-periodic-workers[105681]: DEBUG cotyledon.oslo_config_glue [-] database.db_retry_interval = 1 {{(pid=105681) log_opt_values /opt/stack/data/venv/lib/python3.12/site-packages/oslo_config/cfg.py:3006}}
May 09 09:04:45.877855 np0000173032 neutron-periodic-workers[105681]: DEBUG cotyledon.oslo_config_glue [-] database.max_overflow = 50 {{(pid=105681) log_opt_values /opt/stack/data/venv/lib/python3.12/site-packages/oslo_config/cfg.py:3006}}
May 09 09:04:45.877958 np0000173032 neutron-periodic-workers[105681]: DEBUG cotyledon.oslo_config_glue [-] database.max_pool_size = 5 {{(pid=105681) log_opt_values /opt/stack/data/venv/lib/python3.12/site-packages/oslo_config/cfg.py:3006}}
May 09 09:04:45.877999 np0000173032 neutron-periodic-workers[105681]: DEBUG cotyledon.oslo_config_glue [-] database.max_retries = 10 {{(pid=105681) log_opt_values /opt/stack/data/venv/lib/python3.12/site-packages/oslo_config/cfg.py:3006}}
May 09 09:04:45.878103 np0000173032 neutron-periodic-workers[105681]: DEBUG cotyledon.oslo_config_glue [-] database.mysql_sql_mode = TRADITIONAL {{(pid=105681) log_opt_values /opt/stack/data/venv/lib/python3.12/site-packages/oslo_config/cfg.py:3006}}
May 09 09:04:45.878144 np0000173032 neutron-periodic-workers[105681]: DEBUG cotyledon.oslo_config_glue [-] database.mysql_wsrep_sync_wait = None {{(pid=105681) log_opt_values /opt/stack/data/venv/lib/python3.12/site-packages/oslo_config/cfg.py:3006}}
May 09 09:04:45.878270 np0000173032 neutron-periodic-workers[105681]: DEBUG cotyledon.oslo_config_glue [-] database.pool_timeout = None {{(pid=105681) log_opt_values /opt/stack/data/venv/lib/python3.12/site-packages/oslo_config/cfg.py:3006}}
May 09 09:04:45.878314 np0000173032 neutron-periodic-workers[105681]: DEBUG cotyledon.oslo_config_glue [-] database.retry_interval = 10 {{(pid=105681) log_opt_values /opt/stack/data/venv/lib/python3.12/site-packages/oslo_config/cfg.py:3006}}
May 09 09:04:45.878408 np0000173032 neutron-periodic-workers[105681]: DEBUG cotyledon.oslo_config_glue [-] database.slave_connection = **** {{(pid=105681) log_opt_values /opt/stack/data/venv/lib/python3.12/site-packages/oslo_config/cfg.py:3006}}
May 09 09:04:45.878450 np0000173032 neutron-periodic-workers[105681]: DEBUG cotyledon.oslo_config_glue [-] database.sqlite_synchronous = True {{(pid=105681) log_opt_values /opt/stack/data/venv/lib/python3.12/site-packages/oslo_config/cfg.py:3006}}
May 09 09:04:45.878556 np0000173032 neutron-periodic-workers[105681]: DEBUG cotyledon.oslo_config_glue [-] database.synchronous_reader = True {{(pid=105681) log_opt_values /opt/stack/data/venv/lib/python3.12/site-packages/oslo_config/cfg.py:3006}}
May 09 09:04:45.878598 np0000173032 neutron-periodic-workers[105681]: DEBUG cotyledon.oslo_config_glue [-] database.use_db_reconnect = False {{(pid=105681) log_opt_values /opt/stack/data/venv/lib/python3.12/site-packages/oslo_config/cfg.py:3006}}
May 09 09:04:45.878741 np0000173032 neutron-periodic-workers[105681]: DEBUG cotyledon.oslo_config_glue [-] ovn.bfd_min_rx = 1000 {{(pid=105681) log_opt_values /opt/stack/data/venv/lib/python3.12/site-packages/oslo_config/cfg.py:3006}}
May 09 09:04:45.878782 np0000173032 neutron-periodic-workers[105681]: DEBUG cotyledon.oslo_config_glue [-] ovn.bfd_min_tx = 100 {{(pid=105681) log_opt_values /opt/stack/data/venv/lib/python3.12/site-packages/oslo_config/cfg.py:3006}}
May 09 09:04:45.878932 np0000173032 neutron-periodic-workers[105681]: DEBUG cotyledon.oslo_config_glue [-] ovn.bfd_mult = 3 {{(pid=105681) log_opt_values /opt/stack/data/venv/lib/python3.12/site-packages/oslo_config/cfg.py:3006}}
May 09 09:04:45.878973 np0000173032 neutron-periodic-workers[105681]: DEBUG cotyledon.oslo_config_glue [-] ovn.broadcast_arps_to_all_routers = True {{(pid=105681) log_opt_values /opt/stack/data/venv/lib/python3.12/site-packages/oslo_config/cfg.py:3006}}
May 09 09:04:45.879125 np0000173032 neutron-periodic-workers[105681]: DEBUG cotyledon.oslo_config_glue [-] ovn.dhcp_default_lease_time = 43200 {{(pid=105681) log_opt_values /opt/stack/data/venv/lib/python3.12/site-packages/oslo_config/cfg.py:3006}}
May 09 09:04:45.879125 np0000173032 neutron-periodic-workers[105681]: DEBUG cotyledon.oslo_config_glue [-] ovn.disable_ovn_dhcp_for_baremetal_ports = False {{(pid=105681) log_opt_values /opt/stack/data/venv/lib/python3.12/site-packages/oslo_config/cfg.py:3006}}
May 09 09:04:45.879205 np0000173032 neutron-periodic-workers[105681]: DEBUG cotyledon.oslo_config_glue [-] ovn.dns_records_ovn_owned = False {{(pid=105681) log_opt_values /opt/stack/data/venv/lib/python3.12/site-packages/oslo_config/cfg.py:3006}}
May 09 09:04:45.879313 np0000173032 neutron-periodic-workers[105681]: DEBUG cotyledon.oslo_config_glue [-] ovn.dns_servers = [] {{(pid=105681) log_opt_values /opt/stack/data/venv/lib/python3.12/site-packages/oslo_config/cfg.py:3006}}
May 09 09:04:45.879364 np0000173032 neutron-periodic-workers[105681]: DEBUG cotyledon.oslo_config_glue [-] ovn.enable_distributed_floating_ip = False {{(pid=105681) log_opt_values /opt/stack/data/venv/lib/python3.12/site-packages/oslo_config/cfg.py:3006}}
May 09 09:04:45.879465 np0000173032 neutron-periodic-workers[105681]: DEBUG cotyledon.oslo_config_glue [-] ovn.fdb_age_threshold = 300 {{(pid=105681) log_opt_values /opt/stack/data/venv/lib/python3.12/site-packages/oslo_config/cfg.py:3006}}
May 09 09:04:45.879574 np0000173032 neutron-periodic-workers[105681]: DEBUG cotyledon.oslo_config_glue [-] ovn.ha_failover_strategy = normal {{(pid=105681) log_opt_values /opt/stack/data/venv/lib/python3.12/site-packages/oslo_config/cfg.py:3006}}
May 09 09:04:45.879614 np0000173032 neutron-periodic-workers[105681]: DEBUG cotyledon.oslo_config_glue [-] ovn.live_migration_activation_strategy = rarp {{(pid=105681) log_opt_values /opt/stack/data/venv/lib/python3.12/site-packages/oslo_config/cfg.py:3006}}
May 09 09:04:45.879713 np0000173032 neutron-periodic-workers[105681]: DEBUG cotyledon.oslo_config_glue [-] ovn.localnet_learn_fdb = False {{(pid=105681) log_opt_values /opt/stack/data/venv/lib/python3.12/site-packages/oslo_config/cfg.py:3006}}
May 09 09:04:45.879754 np0000173032 neutron-periodic-workers[105681]: DEBUG cotyledon.oslo_config_glue [-] ovn.mac_binding_age_threshold = 300 {{(pid=105681) log_opt_values /opt/stack/data/venv/lib/python3.12/site-packages/oslo_config/cfg.py:3006}}
May 09 09:04:45.879863 np0000173032 neutron-periodic-workers[105681]: DEBUG cotyledon.oslo_config_glue [-] ovn.neutron_sync_mode = log {{(pid=105681) log_opt_values /opt/stack/data/venv/lib/python3.12/site-packages/oslo_config/cfg.py:3006}}
May 09 09:04:45.879905 np0000173032 neutron-periodic-workers[105681]: DEBUG cotyledon.oslo_config_glue [-] ovn.ovn_dhcp4_global_options = {} {{(pid=105681) log_opt_values /opt/stack/data/venv/lib/python3.12/site-packages/oslo_config/cfg.py:3006}}
May 09 09:04:45.880020 np0000173032 neutron-periodic-workers[105681]: DEBUG cotyledon.oslo_config_glue [-] ovn.ovn_dhcp6_global_options = {} {{(pid=105681) log_opt_values /opt/stack/data/venv/lib/python3.12/site-packages/oslo_config/cfg.py:3006}}
May 09 09:04:45.880060 np0000173032 neutron-periodic-workers[105681]: DEBUG cotyledon.oslo_config_glue [-] ovn.ovn_l3_scheduler = leastloaded {{(pid=105681) log_opt_values /opt/stack/data/venv/lib/python3.12/site-packages/oslo_config/cfg.py:3006}}
May 09 09:04:45.880170 np0000173032 neutron-periodic-workers[105681]: DEBUG cotyledon.oslo_config_glue [-] ovn.ovn_metadata_enabled = True {{(pid=105681) log_opt_values /opt/stack/data/venv/lib/python3.12/site-packages/oslo_config/cfg.py:3006}}
May 09 09:04:45.880234 np0000173032 neutron-periodic-workers[105681]: DEBUG cotyledon.oslo_config_glue [-] ovn.ovn_nb_ca_cert = /opt/stack/data/CA/int-ca/ca-chain.pem {{(pid=105681) log_opt_values /opt/stack/data/venv/lib/python3.12/site-packages/oslo_config/cfg.py:3006}}
May 09 09:04:45.880344 np0000173032 neutron-periodic-workers[105681]: DEBUG cotyledon.oslo_config_glue [-] ovn.ovn_nb_certificate = /opt/stack/data/CA/int-ca/devstack-cert.crt {{(pid=105681) log_opt_values /opt/stack/data/venv/lib/python3.12/site-packages/oslo_config/cfg.py:3006}}
May 09 09:04:45.880385 np0000173032 neutron-periodic-workers[105681]: DEBUG cotyledon.oslo_config_glue [-] ovn.ovn_nb_connection = ['ssl:199.204.45.157:6641'] {{(pid=105681) log_opt_values /opt/stack/data/venv/lib/python3.12/site-packages/oslo_config/cfg.py:3006}}
May 09 09:04:45.880483 np0000173032 neutron-periodic-workers[105681]: DEBUG cotyledon.oslo_config_glue [-] ovn.ovn_nb_private_key = /opt/stack/data/CA/int-ca/private/devstack-cert.key {{(pid=105681) log_opt_values /opt/stack/data/venv/lib/python3.12/site-packages/oslo_config/cfg.py:3006}}
May 09 09:04:45.880535 np0000173032 neutron-periodic-workers[105681]: DEBUG cotyledon.oslo_config_glue [-] ovn.ovn_router_indirect_snat = False {{(pid=105681) log_opt_values /opt/stack/data/venv/lib/python3.12/site-packages/oslo_config/cfg.py:3006}}
May 09 09:04:45.880700 np0000173032 neutron-periodic-workers[105681]: DEBUG cotyledon.oslo_config_glue [-] ovn.ovn_sb_ca_cert = /opt/stack/data/CA/int-ca/ca-chain.pem {{(pid=105681) log_opt_values /opt/stack/data/venv/lib/python3.12/site-packages/oslo_config/cfg.py:3006}}
May 09 09:04:45.880744 np0000173032 neutron-periodic-workers[105681]: DEBUG cotyledon.oslo_config_glue [-] ovn.ovn_sb_certificate = /opt/stack/data/CA/int-ca/devstack-cert.crt {{(pid=105681) log_opt_values /opt/stack/data/venv/lib/python3.12/site-packages/oslo_config/cfg.py:3006}}
May 09 09:04:45.880836 np0000173032 neutron-periodic-workers[105681]: DEBUG cotyledon.oslo_config_glue [-] ovn.ovn_sb_connection = ['ssl:199.204.45.157:6642'] {{(pid=105681) log_opt_values /opt/stack/data/venv/lib/python3.12/site-packages/oslo_config/cfg.py:3006}}
May 09 09:04:45.880887 np0000173032 neutron-periodic-workers[105681]: DEBUG cotyledon.oslo_config_glue [-] ovn.ovn_sb_private_key = /opt/stack/data/CA/int-ca/private/devstack-cert.key {{(pid=105681) log_opt_values /opt/stack/data/venv/lib/python3.12/site-packages/oslo_config/cfg.py:3006}}
May 09 09:04:45.880993 np0000173032 neutron-periodic-workers[105681]: DEBUG cotyledon.oslo_config_glue [-] ovn.ovs_create_tap = False {{(pid=105681) log_opt_values /opt/stack/data/venv/lib/python3.12/site-packages/oslo_config/cfg.py:3006}}
May 09 09:04:45.881033 np0000173032 neutron-periodic-workers[105681]: DEBUG cotyledon.oslo_config_glue [-] ovn.ovsdb_connection_timeout = 180 {{(pid=105681) log_opt_values /opt/stack/data/venv/lib/python3.12/site-packages/oslo_config/cfg.py:3006}}
May 09 09:04:45.881135 np0000173032 neutron-periodic-workers[105681]: DEBUG cotyledon.oslo_config_glue [-] ovn.ovsdb_log_level = INFO {{(pid=105681) log_opt_values /opt/stack/data/venv/lib/python3.12/site-packages/oslo_config/cfg.py:3006}}
May 09 09:04:45.881177 np0000173032 neutron-periodic-workers[105681]: DEBUG cotyledon.oslo_config_glue [-] ovn.ovsdb_probe_interval = 60000 {{(pid=105681) log_opt_values /opt/stack/data/venv/lib/python3.12/site-packages/oslo_config/cfg.py:3006}}
May 09 09:04:45.881282 np0000173032 neutron-periodic-workers[105681]: DEBUG cotyledon.oslo_config_glue [-] ovn.ovsdb_retry_max_interval = 180 {{(pid=105681) log_opt_values /opt/stack/data/venv/lib/python3.12/site-packages/oslo_config/cfg.py:3006}}
May 09 09:04:45.881324 np0000173032 neutron-periodic-workers[105681]: DEBUG cotyledon.oslo_config_glue [-] ovn.stateless_nat_enabled = False {{(pid=105681) log_opt_values /opt/stack/data/venv/lib/python3.12/site-packages/oslo_config/cfg.py:3006}}
May 09 09:04:45.881432 np0000173032 neutron-periodic-workers[105681]: DEBUG cotyledon.oslo_config_glue [-] ovn.vhost_sock_dir = /var/run/openvswitch {{(pid=105681) log_opt_values /opt/stack/data/venv/lib/python3.12/site-packages/oslo_config/cfg.py:3006}}
May 09 09:04:45.881501 np0000173032 neutron-periodic-workers[105681]: DEBUG cotyledon.oslo_config_glue [-] OVS.bridge_mac_table_size = 50000 {{(pid=105681) log_opt_values /opt/stack/data/venv/lib/python3.12/site-packages/oslo_config/cfg.py:3006}}
May 09 09:04:45.881612 np0000173032 neutron-periodic-workers[105681]: DEBUG cotyledon.oslo_config_glue [-] OVS.igmp_flood = False {{(pid=105681) log_opt_values /opt/stack/data/venv/lib/python3.12/site-packages/oslo_config/cfg.py:3006}}
May 09 09:04:45.881760 np0000173032 neutron-periodic-workers[105681]: DEBUG cotyledon.oslo_config_glue [-] OVS.igmp_flood_reports = True {{(pid=105681) log_opt_values /opt/stack/data/venv/lib/python3.12/site-packages/oslo_config/cfg.py:3006}}
May 09 09:04:45.881807 np0000173032 neutron-periodic-workers[105681]: DEBUG cotyledon.oslo_config_glue [-] OVS.igmp_flood_unregistered = False {{(pid=105681) log_opt_values /opt/stack/data/venv/lib/python3.12/site-packages/oslo_config/cfg.py:3006}}
May 09 09:04:45.881914 np0000173032 neutron-periodic-workers[105681]: DEBUG cotyledon.oslo_config_glue [-] OVS.igmp_snooping_enable = False {{(pid=105681) log_opt_values /opt/stack/data/venv/lib/python3.12/site-packages/oslo_config/cfg.py:3006}}
May 09 09:04:45.881954 np0000173032 neutron-periodic-workers[105681]: DEBUG cotyledon.oslo_config_glue [-] OVS.ovsdb_timeout = 10 {{(pid=105681) log_opt_values /opt/stack/data/venv/lib/python3.12/site-packages/oslo_config/cfg.py:3006}}
May 09 09:04:45.882078 np0000173032 neutron-periodic-workers[105681]: DEBUG cotyledon.oslo_config_glue [-] ovn_nb_global.fdb_removal_limit = 0 {{(pid=105681) log_opt_values /opt/stack/data/venv/lib/python3.12/site-packages/oslo_config/cfg.py:3006}}
May 09 09:04:45.882119 np0000173032 neutron-periodic-workers[105681]: DEBUG cotyledon.oslo_config_glue [-] ovn_nb_global.ignore_lsp_down = False {{(pid=105681) log_opt_values /opt/stack/data/venv/lib/python3.12/site-packages/oslo_config/cfg.py:3006}}
May 09 09:04:45.882252 np0000173032 neutron-periodic-workers[105681]: DEBUG cotyledon.oslo_config_glue [-] ovn_nb_global.mac_binding_removal_limit = 0 {{(pid=105681) log_opt_values /opt/stack/data/venv/lib/python3.12/site-packages/oslo_config/cfg.py:3006}}
May 09 09:04:45.882302 np0000173032 neutron-periodic-workers[105681]: DEBUG cotyledon.oslo_config_glue [-] ******************************************************************************** {{(pid=105681) log_opt_values /opt/stack/data/venv/lib/python3.12/site-packages/oslo_config/cfg.py:3013}}
May 09 09:04:45.882528 np0000173032 neutron-periodic-workers[105681]: DEBUG cotyledon._service_worker [-] Run service ServiceWrapper(0) [105681] {{(pid=105681) wait_forever /opt/stack/data/venv/lib/python3.12/site-packages/cotyledon/_service_worker.py:218}}
May 09 09:04:55.478203 np0000173032 neutron-periodic-workers[104858]: DEBUG dbcounter [-] [104858] Writing DB stats neutron:SELECT=4 {{(pid=104858) stat_writer /opt/stack/data/venv/lib/python3.12/site-packages/dbcounter.py:115}}
May 09 09:05:34.831585 np0000173032 neutron-periodic-workers[105669]: DEBUG oslo_db.sqlalchemy.engines [None req-f9c8408c-440a-4b30-9d28-ca6abc1dffa8 None None] Parent process 104858 forked (105669) with an open database connection, which is being discarded and recreated. {{(pid=105669) checkout /opt/stack/data/venv/lib/python3.12/site-packages/oslo_db/sqlalchemy/engines.py:402}}
May 09 09:05:34.839829 np0000173032 neutron-periodic-workers[105669]: DEBUG dbcounter [-] [105669] Writer thread running {{(pid=105669) stat_writer /opt/stack/data/venv/lib/python3.12/site-packages/dbcounter.py:102}}
May 09 09:05:34.848678 np0000173032 neutron-periodic-workers[105669]: DEBUG oslo.service.backend._threading.loopingcall [None req-f9c8408c-440a-4b30-9d28-ca6abc1dffa8 None None] Fixed interval looping call 'neutron.plugins.ml2.plugin.DhcpAgentSchedulerDbMixin.remove_networks_from_down_agents' sleeping for 36.98 seconds {{(pid=105669) _run_loop /opt/stack/data/venv/lib/python3.12/site-packages/oslo_service/backend/_threading/loopingcall.py:125}}
May 09 09:05:37.875886 np0000173032 neutron-periodic-workers[105675]: DEBUG dbcounter [-] [105675] Writer thread running {{(pid=105675) stat_writer /opt/stack/data/venv/lib/python3.12/site-packages/dbcounter.py:102}}
May 09 09:05:37.882774 np0000173032 neutron-periodic-workers[105675]: DEBUG neutron.db.agents_db [None req-afe12d41-9237-4bc6-864e-e93380a1b191 None None] Agent healthcheck: found 0 active agents {{(pid=105675) agent_health_check /opt/stack/neutron/neutron/db/agents_db.py:322}}
May 09 09:05:37.883182 np0000173032 neutron-periodic-workers[105675]: DEBUG oslo.service.backend._threading.loopingcall [None req-afe12d41-9237-4bc6-864e-e93380a1b191 None None] Fixed interval looping call 'neutron.plugins.ml2.plugin.AgentDbMixin.agent_health_check' sleeping for 36.97 seconds {{(pid=105675) _run_loop /opt/stack/data/venv/lib/python3.12/site-packages/oslo_service/backend/_threading/loopingcall.py:125}}
May 09 09:05:44.847547 np0000173032 neutron-periodic-workers[105669]: DEBUG dbcounter [-] [105669] Writing DB stats neutron:SELECT=3 {{(pid=105669) stat_writer /opt/stack/data/venv/lib/python3.12/site-packages/dbcounter.py:115}}
May 09 09:05:47.876694 np0000173032 neutron-periodic-workers[105675]: DEBUG dbcounter [-] [105675] Writing DB stats neutron:SELECT=1 {{(pid=105675) stat_writer /opt/stack/data/venv/lib/python3.12/site-packages/dbcounter.py:115}}
May 09 09:06:11.839689 np0000173032 neutron-periodic-workers[105669]: DEBUG oslo.service.backend._threading.loopingcall [None req-f9c8408c-440a-4b30-9d28-ca6abc1dffa8 None None] Fixed interval looping call 'neutron.plugins.ml2.plugin.DhcpAgentSchedulerDbMixin.remove_networks_from_down_agents' sleeping for 36.99 seconds {{(pid=105669) _run_loop /opt/stack/data/venv/lib/python3.12/site-packages/oslo_service/backend/_threading/loopingcall.py:125}}
May 09 09:06:14.860352 np0000173032 neutron-periodic-workers[105675]: DEBUG neutron.db.agents_db [None req-afe12d41-9237-4bc6-864e-e93380a1b191 None None] Agent healthcheck: found 0 active agents {{(pid=105675) agent_health_check /opt/stack/neutron/neutron/db/agents_db.py:322}}
May 09 09:06:14.861090 np0000173032 neutron-periodic-workers[105675]: DEBUG oslo.service.backend._threading.loopingcall [None req-afe12d41-9237-4bc6-864e-e93380a1b191 None None] Fixed interval looping call 'neutron.plugins.ml2.plugin.AgentDbMixin.agent_health_check' sleeping for 36.99 seconds {{(pid=105675) _run_loop /opt/stack/data/venv/lib/python3.12/site-packages/oslo_service/backend/_threading/loopingcall.py:125}}
May 09 09:06:21.838251 np0000173032 neutron-periodic-workers[105669]: DEBUG dbcounter [-] [105669] Writing DB stats neutron:SELECT=3 {{(pid=105669) stat_writer /opt/stack/data/venv/lib/python3.12/site-packages/dbcounter.py:115}}
May 09 09:06:24.859053 np0000173032 neutron-periodic-workers[105675]: DEBUG dbcounter [-] [105675] Writing DB stats neutron:SELECT=1 {{(pid=105675) stat_writer /opt/stack/data/venv/lib/python3.12/site-packages/dbcounter.py:115}}
May 09 09:06:45.909253 np0000173032 neutron-periodic-workers[105681]: DEBUG dbcounter [-] [105681] Writer thread running {{(pid=105681) stat_writer /opt/stack/data/venv/lib/python3.12/site-packages/dbcounter.py:102}}
May 09 09:06:45.911542 np0000173032 neutron-periodic-workers[105681]: DEBUG oslo.service.backend._threading.loopingcall [None req-178c011e-d5db-43c5-803e-f5408e900a45 None None] Fixed interval looping call 'neutron.db.quota.driver_nolock.DbQuotaNoLockDriver._remove_expired_reservations' sleeping for 119.97 seconds {{(pid=105681) _run_loop /opt/stack/data/venv/lib/python3.12/site-packages/oslo_service/backend/_threading/loopingcall.py:125}}
May 09 09:06:48.842058 np0000173032 neutron-periodic-workers[105669]: DEBUG oslo.service.backend._threading.loopingcall [None req-f9c8408c-440a-4b30-9d28-ca6abc1dffa8 None None] Fixed interval looping call 'neutron.plugins.ml2.plugin.DhcpAgentSchedulerDbMixin.remove_networks_from_down_agents' sleeping for 36.99 seconds {{(pid=105669) _run_loop /opt/stack/data/venv/lib/python3.12/site-packages/oslo_service/backend/_threading/loopingcall.py:125}}
May 09 09:06:51.856409 np0000173032 neutron-periodic-workers[105675]: DEBUG neutron.db.agents_db [None req-afe12d41-9237-4bc6-864e-e93380a1b191 None None] Agent healthcheck: found 0 active agents {{(pid=105675) agent_health_check /opt/stack/neutron/neutron/db/agents_db.py:322}}
May 09 09:06:51.857376 np0000173032 neutron-periodic-workers[105675]: DEBUG oslo.service.backend._threading.loopingcall [None req-afe12d41-9237-4bc6-864e-e93380a1b191 None None] Fixed interval looping call 'neutron.plugins.ml2.plugin.AgentDbMixin.agent_health_check' sleeping for 36.99 seconds {{(pid=105675) _run_loop /opt/stack/data/venv/lib/python3.12/site-packages/oslo_service/backend/_threading/loopingcall.py:125}}
May 09 09:06:55.909969 np0000173032 neutron-periodic-workers[105681]: DEBUG dbcounter [-] [105681] Writing DB stats neutron:DELETE=1 {{(pid=105681) stat_writer /opt/stack/data/venv/lib/python3.12/site-packages/dbcounter.py:115}}
May 09 09:06:58.840116 np0000173032 neutron-periodic-workers[105669]: DEBUG dbcounter [-] [105669] Writing DB stats neutron:SELECT=3 {{(pid=105669) stat_writer /opt/stack/data/venv/lib/python3.12/site-packages/dbcounter.py:115}}
May 09 09:07:01.855008 np0000173032 neutron-periodic-workers[105675]: DEBUG dbcounter [-] [105675] Writing DB stats neutron:SELECT=1 {{(pid=105675) stat_writer /opt/stack/data/venv/lib/python3.12/site-packages/dbcounter.py:115}}
May 09 09:07:25.843540 np0000173032 neutron-periodic-workers[105669]: DEBUG oslo.service.backend._threading.loopingcall [None req-f9c8408c-440a-4b30-9d28-ca6abc1dffa8 None None] Fixed interval looping call 'neutron.plugins.ml2.plugin.DhcpAgentSchedulerDbMixin.remove_networks_from_down_agents' sleeping for 36.99 seconds {{(pid=105669) _run_loop /opt/stack/data/venv/lib/python3.12/site-packages/oslo_service/backend/_threading/loopingcall.py:125}}
May 09 09:07:28.854872 np0000173032 neutron-periodic-workers[105675]: DEBUG neutron.db.agents_db [None req-afe12d41-9237-4bc6-864e-e93380a1b191 None None] Agent healthcheck: found 0 active agents {{(pid=105675) agent_health_check /opt/stack/neutron/neutron/db/agents_db.py:322}}
May 09 09:07:28.854872 np0000173032 neutron-periodic-workers[105675]: DEBUG oslo.service.backend._threading.loopingcall [None req-afe12d41-9237-4bc6-864e-e93380a1b191 None None] Fixed interval looping call 'neutron.plugins.ml2.plugin.AgentDbMixin.agent_health_check' sleeping for 36.99 seconds {{(pid=105675) _run_loop /opt/stack/data/venv/lib/python3.12/site-packages/oslo_service/backend/_threading/loopingcall.py:125}}
May 09 09:07:35.842325 np0000173032 neutron-periodic-workers[105669]: DEBUG dbcounter [-] [105669] Writing DB stats neutron:SELECT=3 {{(pid=105669) stat_writer /opt/stack/data/venv/lib/python3.12/site-packages/dbcounter.py:115}}
May 09 09:07:38.853736 np0000173032 neutron-periodic-workers[105675]: DEBUG dbcounter [-] [105675] Writing DB stats neutron:SELECT=1 {{(pid=105675) stat_writer /opt/stack/data/venv/lib/python3.12/site-packages/dbcounter.py:115}}
May 09 09:08:02.845399 np0000173032 neutron-periodic-workers[105669]: DEBUG oslo.service.backend._threading.loopingcall [None req-f9c8408c-440a-4b30-9d28-ca6abc1dffa8 None None] Fixed interval looping call 'neutron.plugins.ml2.plugin.DhcpAgentSchedulerDbMixin.remove_networks_from_down_agents' sleeping for 36.99 seconds {{(pid=105669) _run_loop /opt/stack/data/venv/lib/python3.12/site-packages/oslo_service/backend/_threading/loopingcall.py:125}}
May 09 09:08:05.851091 np0000173032 neutron-periodic-workers[105675]: DEBUG neutron.db.agents_db [None req-afe12d41-9237-4bc6-864e-e93380a1b191 None None] Agent healthcheck: found 0 active agents {{(pid=105675) agent_health_check /opt/stack/neutron/neutron/db/agents_db.py:322}}
May 09 09:08:05.852037 np0000173032 neutron-periodic-workers[105675]: DEBUG oslo.service.backend._threading.loopingcall [None req-afe12d41-9237-4bc6-864e-e93380a1b191 None None] Fixed interval looping call 'neutron.plugins.ml2.plugin.AgentDbMixin.agent_health_check' sleeping for 36.99 seconds {{(pid=105675) _run_loop /opt/stack/data/venv/lib/python3.12/site-packages/oslo_service/backend/_threading/loopingcall.py:125}}
May 09 09:08:12.843765 np0000173032 neutron-periodic-workers[105669]: DEBUG dbcounter [-] [105669] Writing DB stats neutron:SELECT=3 {{(pid=105669) stat_writer /opt/stack/data/venv/lib/python3.12/site-packages/dbcounter.py:115}}
May 09 09:08:15.848992 np0000173032 neutron-periodic-workers[105675]: DEBUG dbcounter [-] [105675] Writing DB stats neutron:SELECT=1 {{(pid=105675) stat_writer /opt/stack/data/venv/lib/python3.12/site-packages/dbcounter.py:115}}
May 09 09:08:32.840898 np0000173032 neutron-periodic-workers[105663]: DEBUG dbcounter [-] [105663] Writer thread running {{(pid=105663) stat_writer /opt/stack/data/venv/lib/python3.12/site-packages/dbcounter.py:102}}
May 09 09:08:32.853518 np0000173032 neutron-periodic-workers[105663]: DEBUG oslo.service.backend._threading.loopingcall [None req-1b31a539-c7c7-4902-a238-7547fa70fc23 None None] Fixed interval looping call 'neutron.services.ovn_l3.plugin.L3_NAT_dbonly_mixin._clean_garbage' sleeping for 299.95 seconds {{(pid=105663) _run_loop /opt/stack/data/venv/lib/python3.12/site-packages/oslo_service/backend/_threading/loopingcall.py:125}}
May 09 09:08:39.849554 np0000173032 neutron-periodic-workers[105669]: DEBUG oslo.service.backend._threading.loopingcall [None req-f9c8408c-440a-4b30-9d28-ca6abc1dffa8 None None] Fixed interval looping call 'neutron.plugins.ml2.plugin.DhcpAgentSchedulerDbMixin.remove_networks_from_down_agents' sleeping for 36.99 seconds {{(pid=105669) _run_loop /opt/stack/data/venv/lib/python3.12/site-packages/oslo_service/backend/_threading/loopingcall.py:125}}
May 09 09:08:42.841587 np0000173032 neutron-periodic-workers[105663]: DEBUG dbcounter [-] [105663] Writing DB stats neutron:SELECT=1 {{(pid=105663) stat_writer /opt/stack/data/venv/lib/python3.12/site-packages/dbcounter.py:115}}
May 09 09:08:42.847200 np0000173032 neutron-periodic-workers[105675]: DEBUG neutron.db.agents_db [None req-afe12d41-9237-4bc6-864e-e93380a1b191 None None] Agent healthcheck: found 0 active agents {{(pid=105675) agent_health_check /opt/stack/neutron/neutron/db/agents_db.py:322}}
May 09 09:08:42.847667 np0000173032 neutron-periodic-workers[105675]: DEBUG oslo.service.backend._threading.loopingcall [None req-afe12d41-9237-4bc6-864e-e93380a1b191 None None] Fixed interval looping call 'neutron.plugins.ml2.plugin.AgentDbMixin.agent_health_check' sleeping for 36.99 seconds {{(pid=105675) _run_loop /opt/stack/data/venv/lib/python3.12/site-packages/oslo_service/backend/_threading/loopingcall.py:125}}
May 09 09:08:45.885997 np0000173032 neutron-periodic-workers[105681]: DEBUG oslo.service.backend._threading.loopingcall [None req-178c011e-d5db-43c5-803e-f5408e900a45 None None] Fixed interval looping call 'neutron.db.quota.driver_nolock.DbQuotaNoLockDriver._remove_expired_reservations' sleeping for 120.00 seconds {{(pid=105681) _run_loop /opt/stack/data/venv/lib/python3.12/site-packages/oslo_service/backend/_threading/loopingcall.py:125}}
May 09 09:08:49.846644 np0000173032 neutron-periodic-workers[105669]: DEBUG dbcounter [-] [105669] Writing DB stats neutron:SELECT=3 {{(pid=105669) stat_writer /opt/stack/data/venv/lib/python3.12/site-packages/dbcounter.py:115}}
May 09 09:08:52.845581 np0000173032 neutron-periodic-workers[105675]: DEBUG dbcounter [-] [105675] Writing DB stats neutron:SELECT=1 {{(pid=105675) stat_writer /opt/stack/data/venv/lib/python3.12/site-packages/dbcounter.py:115}}
May 09 09:08:55.885305 np0000173032 neutron-periodic-workers[105681]: DEBUG dbcounter [-] [105681] Writing DB stats neutron:DELETE=1 {{(pid=105681) stat_writer /opt/stack/data/venv/lib/python3.12/site-packages/dbcounter.py:115}}
May 09 09:09:16.848249 np0000173032 neutron-periodic-workers[105669]: DEBUG oslo.service.backend._threading.loopingcall [None req-f9c8408c-440a-4b30-9d28-ca6abc1dffa8 None None] Fixed interval looping call 'neutron.plugins.ml2.plugin.DhcpAgentSchedulerDbMixin.remove_networks_from_down_agents' sleeping for 36.99 seconds {{(pid=105669) _run_loop /opt/stack/data/venv/lib/python3.12/site-packages/oslo_service/backend/_threading/loopingcall.py:125}}
May 09 09:09:19.843623 np0000173032 neutron-periodic-workers[105675]: DEBUG neutron.db.agents_db [None req-afe12d41-9237-4bc6-864e-e93380a1b191 None None] Agent healthcheck: found 0 active agents {{(pid=105675) agent_health_check /opt/stack/neutron/neutron/db/agents_db.py:322}}
May 09 09:09:19.844497 np0000173032 neutron-periodic-workers[105675]: DEBUG oslo.service.backend._threading.loopingcall [None req-afe12d41-9237-4bc6-864e-e93380a1b191 None None] Fixed interval looping call 'neutron.plugins.ml2.plugin.AgentDbMixin.agent_health_check' sleeping for 36.99 seconds {{(pid=105675) _run_loop /opt/stack/data/venv/lib/python3.12/site-packages/oslo_service/backend/_threading/loopingcall.py:125}}
May 09 09:09:26.847367 np0000173032 neutron-periodic-workers[105669]: DEBUG dbcounter [-] [105669] Writing DB stats neutron:SELECT=3 {{(pid=105669) stat_writer /opt/stack/data/venv/lib/python3.12/site-packages/dbcounter.py:115}}
May 09 09:09:29.841793 np0000173032 neutron-periodic-workers[105675]: DEBUG dbcounter [-] [105675] Writing DB stats neutron:SELECT=1 {{(pid=105675) stat_writer /opt/stack/data/venv/lib/python3.12/site-packages/dbcounter.py:115}}
May 09 09:09:53.847298 np0000173032 neutron-periodic-workers[105669]: DEBUG oslo.service.backend._threading.loopingcall [None req-f9c8408c-440a-4b30-9d28-ca6abc1dffa8 None None] Fixed interval looping call 'neutron.plugins.ml2.plugin.DhcpAgentSchedulerDbMixin.remove_networks_from_down_agents' sleeping for 36.99 seconds {{(pid=105669) _run_loop /opt/stack/data/venv/lib/python3.12/site-packages/oslo_service/backend/_threading/loopingcall.py:125}}
May 09 09:09:56.839840 np0000173032 neutron-periodic-workers[105675]: DEBUG neutron.db.agents_db [None req-afe12d41-9237-4bc6-864e-e93380a1b191 None None] Agent healthcheck: found 0 active agents {{(pid=105675) agent_health_check /opt/stack/neutron/neutron/db/agents_db.py:322}}
May 09 09:09:56.840767 np0000173032 neutron-periodic-workers[105675]: DEBUG oslo.service.backend._threading.loopingcall [None req-afe12d41-9237-4bc6-864e-e93380a1b191 None None] Fixed interval looping call 'neutron.plugins.ml2.plugin.AgentDbMixin.agent_health_check' sleeping for 36.99 seconds {{(pid=105675) _run_loop /opt/stack/data/venv/lib/python3.12/site-packages/oslo_service/backend/_threading/loopingcall.py:125}}
May 09 09:10:03.846551 np0000173032 neutron-periodic-workers[105669]: DEBUG dbcounter [-] [105669] Writing DB stats neutron:SELECT=3 {{(pid=105669) stat_writer /opt/stack/data/venv/lib/python3.12/site-packages/dbcounter.py:115}}
May 09 09:10:06.837443 np0000173032 neutron-periodic-workers[105675]: DEBUG dbcounter [-] [105675] Writing DB stats neutron:SELECT=1 {{(pid=105675) stat_writer /opt/stack/data/venv/lib/python3.12/site-packages/dbcounter.py:115}}
May 09 09:10:30.848178 np0000173032 neutron-periodic-workers[105669]: DEBUG oslo.service.backend._threading.loopingcall [None req-f9c8408c-440a-4b30-9d28-ca6abc1dffa8 None None] Fixed interval looping call 'neutron.plugins.ml2.plugin.DhcpAgentSchedulerDbMixin.remove_networks_from_down_agents' sleeping for 36.99 seconds {{(pid=105669) _run_loop /opt/stack/data/venv/lib/python3.12/site-packages/oslo_service/backend/_threading/loopingcall.py:125}}
May 09 09:10:33.836731 np0000173032 neutron-periodic-workers[105675]: DEBUG neutron.db.agents_db [None req-afe12d41-9237-4bc6-864e-e93380a1b191 None None] Agent healthcheck: found 0 active agents {{(pid=105675) agent_health_check /opt/stack/neutron/neutron/db/agents_db.py:322}}
May 09 09:10:33.837835 np0000173032 neutron-periodic-workers[105675]: DEBUG oslo.service.backend._threading.loopingcall [None req-afe12d41-9237-4bc6-864e-e93380a1b191 None None] Fixed interval looping call 'neutron.plugins.ml2.plugin.AgentDbMixin.agent_health_check' sleeping for 36.99 seconds {{(pid=105675) _run_loop /opt/stack/data/venv/lib/python3.12/site-packages/oslo_service/backend/_threading/loopingcall.py:125}}
May 09 09:10:40.847370 np0000173032 neutron-periodic-workers[105669]: DEBUG dbcounter [-] [105669] Writing DB stats neutron:SELECT=3 {{(pid=105669) stat_writer /opt/stack/data/venv/lib/python3.12/site-packages/dbcounter.py:115}}
May 09 09:10:43.835054 np0000173032 neutron-periodic-workers[105675]: DEBUG dbcounter [-] [105675] Writing DB stats neutron:SELECT=1 {{(pid=105675) stat_writer /opt/stack/data/venv/lib/python3.12/site-packages/dbcounter.py:115}}
May 09 09:10:45.893204 np0000173032 neutron-periodic-workers[105681]: DEBUG oslo.service.backend._threading.loopingcall [None req-178c011e-d5db-43c5-803e-f5408e900a45 None None] Fixed interval looping call 'neutron.db.quota.driver_nolock.DbQuotaNoLockDriver._remove_expired_reservations' sleeping for 119.99 seconds {{(pid=105681) _run_loop /opt/stack/data/venv/lib/python3.12/site-packages/oslo_service/backend/_threading/loopingcall.py:125}}
May 09 09:10:55.891376 np0000173032 neutron-periodic-workers[105681]: DEBUG dbcounter [-] [105681] Writing DB stats neutron:DELETE=1 {{(pid=105681) stat_writer /opt/stack/data/venv/lib/python3.12/site-packages/dbcounter.py:115}}
May 09 09:11:07.849263 np0000173032 neutron-periodic-workers[105669]: DEBUG oslo.service.backend._threading.loopingcall [None req-f9c8408c-440a-4b30-9d28-ca6abc1dffa8 None None] Fixed interval looping call 'neutron.plugins.ml2.plugin.DhcpAgentSchedulerDbMixin.remove_networks_from_down_agents' sleeping for 36.99 seconds {{(pid=105669) _run_loop /opt/stack/data/venv/lib/python3.12/site-packages/oslo_service/backend/_threading/loopingcall.py:125}}
May 09 09:11:10.831852 np0000173032 neutron-periodic-workers[105675]: DEBUG neutron.db.agents_db [None req-afe12d41-9237-4bc6-864e-e93380a1b191 None None] Agent healthcheck: found 0 active agents {{(pid=105675) agent_health_check /opt/stack/neutron/neutron/db/agents_db.py:322}}
May 09 09:11:10.832615 np0000173032 neutron-periodic-workers[105675]: DEBUG oslo.service.backend._threading.loopingcall [None req-afe12d41-9237-4bc6-864e-e93380a1b191 None None] Fixed interval looping call 'neutron.plugins.ml2.plugin.AgentDbMixin.agent_health_check' sleeping for 37.00 seconds {{(pid=105675) _run_loop /opt/stack/data/venv/lib/python3.12/site-packages/oslo_service/backend/_threading/loopingcall.py:125}}
May 09 09:11:17.848805 np0000173032 neutron-periodic-workers[105669]: DEBUG dbcounter [-] [105669] Writing DB stats neutron:SELECT=3 {{(pid=105669) stat_writer /opt/stack/data/venv/lib/python3.12/site-packages/dbcounter.py:115}}
May 09 09:11:20.830721 np0000173032 neutron-periodic-workers[105675]: DEBUG dbcounter [-] [105675] Writing DB stats neutron:SELECT=1 {{(pid=105675) stat_writer /opt/stack/data/venv/lib/python3.12/site-packages/dbcounter.py:115}}
May 09 09:11:44.852516 np0000173032 neutron-periodic-workers[105669]: DEBUG oslo.service.backend._threading.loopingcall [None req-f9c8408c-440a-4b30-9d28-ca6abc1dffa8 None None] Fixed interval looping call 'neutron.plugins.ml2.plugin.DhcpAgentSchedulerDbMixin.remove_networks_from_down_agents' sleeping for 36.99 seconds {{(pid=105669) _run_loop /opt/stack/data/venv/lib/python3.12/site-packages/oslo_service/backend/_threading/loopingcall.py:125}}
May 09 09:11:47.839176 np0000173032 neutron-periodic-workers[105675]: DEBUG neutron.db.agents_db [None req-afe12d41-9237-4bc6-864e-e93380a1b191 None None] Agent healthcheck: found 0 active agents {{(pid=105675) agent_health_check /opt/stack/neutron/neutron/db/agents_db.py:322}}
May 09 09:11:47.839655 np0000173032 neutron-periodic-workers[105675]: DEBUG oslo.service.backend._threading.loopingcall [None req-afe12d41-9237-4bc6-864e-e93380a1b191 None None] Fixed interval looping call 'neutron.plugins.ml2.plugin.AgentDbMixin.agent_health_check' sleeping for 36.99 seconds {{(pid=105675) _run_loop /opt/stack/data/venv/lib/python3.12/site-packages/oslo_service/backend/_threading/loopingcall.py:125}}
May 09 09:11:54.850699 np0000173032 neutron-periodic-workers[105669]: DEBUG dbcounter [-] [105669] Writing DB stats neutron:SELECT=3 {{(pid=105669) stat_writer /opt/stack/data/venv/lib/python3.12/site-packages/dbcounter.py:115}}
May 09 09:11:57.836763 np0000173032 neutron-periodic-workers[105675]: DEBUG dbcounter [-] [105675] Writing DB stats neutron:SELECT=1 {{(pid=105675) stat_writer /opt/stack/data/venv/lib/python3.12/site-packages/dbcounter.py:115}}
May 09 09:12:21.856922 np0000173032 neutron-periodic-workers[105669]: DEBUG oslo.service.backend._threading.loopingcall [None req-f9c8408c-440a-4b30-9d28-ca6abc1dffa8 None None] Fixed interval looping call 'neutron.plugins.ml2.plugin.DhcpAgentSchedulerDbMixin.remove_networks_from_down_agents' sleeping for 36.99 seconds {{(pid=105669) _run_loop /opt/stack/data/venv/lib/python3.12/site-packages/oslo_service/backend/_threading/loopingcall.py:125}}
May 09 09:12:24.835540 np0000173032 neutron-periodic-workers[105675]: DEBUG neutron.db.agents_db [None req-afe12d41-9237-4bc6-864e-e93380a1b191 None None] Agent healthcheck: found 0 active agents {{(pid=105675) agent_health_check /opt/stack/neutron/neutron/db/agents_db.py:322}}
May 09 09:12:24.836324 np0000173032 neutron-periodic-workers[105675]: DEBUG oslo.service.backend._threading.loopingcall [None req-afe12d41-9237-4bc6-864e-e93380a1b191 None None] Fixed interval looping call 'neutron.plugins.ml2.plugin.AgentDbMixin.agent_health_check' sleeping for 36.99 seconds {{(pid=105675) _run_loop /opt/stack/data/venv/lib/python3.12/site-packages/oslo_service/backend/_threading/loopingcall.py:125}}
May 09 09:12:31.854775 np0000173032 neutron-periodic-workers[105669]: DEBUG dbcounter [-] [105669] Writing DB stats neutron:SELECT=3 {{(pid=105669) stat_writer /opt/stack/data/venv/lib/python3.12/site-packages/dbcounter.py:115}}
May 09 09:12:34.833753 np0000173032 neutron-periodic-workers[105675]: DEBUG dbcounter [-] [105675] Writing DB stats neutron:SELECT=1 {{(pid=105675) stat_writer /opt/stack/data/venv/lib/python3.12/site-packages/dbcounter.py:115}}
May 09 09:12:45.888254 np0000173032 neutron-periodic-workers[105681]: DEBUG oslo.service.backend._threading.loopingcall [None req-178c011e-d5db-43c5-803e-f5408e900a45 None None] Fixed interval looping call 'neutron.db.quota.driver_nolock.DbQuotaNoLockDriver._remove_expired_reservations' sleeping for 120.00 seconds {{(pid=105681) _run_loop /opt/stack/data/venv/lib/python3.12/site-packages/oslo_service/backend/_threading/loopingcall.py:125}}
May 09 09:12:55.887123 np0000173032 neutron-periodic-workers[105681]: DEBUG dbcounter [-] [105681] Writing DB stats neutron:DELETE=1 {{(pid=105681) stat_writer /opt/stack/data/venv/lib/python3.12/site-packages/dbcounter.py:115}}
May 09 09:12:58.856955 np0000173032 neutron-periodic-workers[105669]: DEBUG oslo.service.backend._threading.loopingcall [None req-f9c8408c-440a-4b30-9d28-ca6abc1dffa8 None None] Fixed interval looping call 'neutron.plugins.ml2.plugin.DhcpAgentSchedulerDbMixin.remove_networks_from_down_agents' sleeping for 36.99 seconds {{(pid=105669) _run_loop /opt/stack/data/venv/lib/python3.12/site-packages/oslo_service/backend/_threading/loopingcall.py:125}}
May 09 09:13:01.831164 np0000173032 neutron-periodic-workers[105675]: DEBUG neutron.db.agents_db [None req-afe12d41-9237-4bc6-864e-e93380a1b191 None None] Agent healthcheck: found 0 active agents {{(pid=105675) agent_health_check /opt/stack/neutron/neutron/db/agents_db.py:322}}
May 09 09:13:01.831164 np0000173032 neutron-periodic-workers[105675]: DEBUG oslo.service.backend._threading.loopingcall [None req-afe12d41-9237-4bc6-864e-e93380a1b191 None None] Fixed interval looping call 'neutron.plugins.ml2.plugin.AgentDbMixin.agent_health_check' sleeping for 37.00 seconds {{(pid=105675) _run_loop /opt/stack/data/venv/lib/python3.12/site-packages/oslo_service/backend/_threading/loopingcall.py:125}}
May 09 09:13:08.855990 np0000173032 neutron-periodic-workers[105669]: DEBUG dbcounter [-] [105669] Writing DB stats neutron:SELECT=3 {{(pid=105669) stat_writer /opt/stack/data/venv/lib/python3.12/site-packages/dbcounter.py:115}}
May 09 09:13:11.830014 np0000173032 neutron-periodic-workers[105675]: DEBUG dbcounter [-] [105675] Writing DB stats neutron:SELECT=1 {{(pid=105675) stat_writer /opt/stack/data/venv/lib/python3.12/site-packages/dbcounter.py:115}}
May 09 09:13:32.815784 np0000173032 neutron-periodic-workers[105663]: DEBUG oslo.service.backend._threading.loopingcall [None req-1b31a539-c7c7-4902-a238-7547fa70fc23 None None] Fixed interval looping call 'neutron.services.ovn_l3.plugin.L3_NAT_dbonly_mixin._clean_garbage' sleeping for 299.99 seconds {{(pid=105663) _run_loop /opt/stack/data/venv/lib/python3.12/site-packages/oslo_service/backend/_threading/loopingcall.py:125}}
May 09 09:13:35.858408 np0000173032 neutron-periodic-workers[105669]: DEBUG oslo.service.backend._threading.loopingcall [None req-f9c8408c-440a-4b30-9d28-ca6abc1dffa8 None None] Fixed interval looping call 'neutron.plugins.ml2.plugin.DhcpAgentSchedulerDbMixin.remove_networks_from_down_agents' sleeping for 36.99 seconds {{(pid=105669) _run_loop /opt/stack/data/venv/lib/python3.12/site-packages/oslo_service/backend/_threading/loopingcall.py:125}}
May 09 09:13:38.843161 np0000173032 neutron-periodic-workers[105675]: DEBUG neutron.db.agents_db [None req-afe12d41-9237-4bc6-864e-e93380a1b191 None None] Agent healthcheck: found 0 active agents {{(pid=105675) agent_health_check /opt/stack/neutron/neutron/db/agents_db.py:322}}
May 09 09:13:38.843161 np0000173032 neutron-periodic-workers[105675]: DEBUG oslo.service.backend._threading.loopingcall [None req-afe12d41-9237-4bc6-864e-e93380a1b191 None None] Fixed interval looping call 'neutron.plugins.ml2.plugin.AgentDbMixin.agent_health_check' sleeping for 36.99 seconds {{(pid=105675) _run_loop /opt/stack/data/venv/lib/python3.12/site-packages/oslo_service/backend/_threading/loopingcall.py:125}}
May 09 09:13:42.808053 np0000173032 neutron-periodic-workers[105663]: DEBUG dbcounter [-] [105663] Writing DB stats neutron:SELECT=1 {{(pid=105663) stat_writer /opt/stack/data/venv/lib/python3.12/site-packages/dbcounter.py:115}}
May 09 09:13:45.856642 np0000173032 neutron-periodic-workers[105669]: DEBUG dbcounter [-] [105669] Writing DB stats neutron:SELECT=3 {{(pid=105669) stat_writer /opt/stack/data/venv/lib/python3.12/site-packages/dbcounter.py:115}}
May 09 09:13:48.843239 np0000173032 neutron-periodic-workers[105675]: DEBUG dbcounter [-] [105675] Writing DB stats neutron:SELECT=1 {{(pid=105675) stat_writer /opt/stack/data/venv/lib/python3.12/site-packages/dbcounter.py:115}}
May 09 09:14:12.859358 np0000173032 neutron-periodic-workers[105669]: DEBUG oslo.service.backend._threading.loopingcall [None req-f9c8408c-440a-4b30-9d28-ca6abc1dffa8 None None] Fixed interval looping call 'neutron.plugins.ml2.plugin.DhcpAgentSchedulerDbMixin.remove_networks_from_down_agents' sleeping for 36.99 seconds {{(pid=105669) _run_loop /opt/stack/data/venv/lib/python3.12/site-packages/oslo_service/backend/_threading/loopingcall.py:125}}
May 09 09:14:15.839950 np0000173032 neutron-periodic-workers[105675]: DEBUG neutron.db.agents_db [None req-afe12d41-9237-4bc6-864e-e93380a1b191 None None] Agent healthcheck: found 0 active agents {{(pid=105675) agent_health_check /opt/stack/neutron/neutron/db/agents_db.py:322}}
May 09 09:14:15.840609 np0000173032 neutron-periodic-workers[105675]: DEBUG oslo.service.backend._threading.loopingcall [None req-afe12d41-9237-4bc6-864e-e93380a1b191 None None] Fixed interval looping call 'neutron.plugins.ml2.plugin.AgentDbMixin.agent_health_check' sleeping for 36.99 seconds {{(pid=105675) _run_loop /opt/stack/data/venv/lib/python3.12/site-packages/oslo_service/backend/_threading/loopingcall.py:125}}
May 09 09:14:22.858940 np0000173032 neutron-periodic-workers[105669]: DEBUG dbcounter [-] [105669] Writing DB stats neutron:SELECT=3 {{(pid=105669) stat_writer /opt/stack/data/venv/lib/python3.12/site-packages/dbcounter.py:115}}
May 09 09:14:25.838871 np0000173032 neutron-periodic-workers[105675]: DEBUG dbcounter [-] [105675] Writing DB stats neutron:SELECT=1 {{(pid=105675) stat_writer /opt/stack/data/venv/lib/python3.12/site-packages/dbcounter.py:115}}
May 09 09:14:45.893935 np0000173032 neutron-periodic-workers[105681]: DEBUG oslo.service.backend._threading.loopingcall [None req-178c011e-d5db-43c5-803e-f5408e900a45 None None] Fixed interval looping call 'neutron.db.quota.driver_nolock.DbQuotaNoLockDriver._remove_expired_reservations' sleeping for 120.00 seconds {{(pid=105681) _run_loop /opt/stack/data/venv/lib/python3.12/site-packages/oslo_service/backend/_threading/loopingcall.py:125}}
May 09 09:14:49.860924 np0000173032 neutron-periodic-workers[105669]: DEBUG oslo.service.backend._threading.loopingcall [None req-f9c8408c-440a-4b30-9d28-ca6abc1dffa8 None None] Fixed interval looping call 'neutron.plugins.ml2.plugin.DhcpAgentSchedulerDbMixin.remove_networks_from_down_agents' sleeping for 36.99 seconds {{(pid=105669) _run_loop /opt/stack/data/venv/lib/python3.12/site-packages/oslo_service/backend/_threading/loopingcall.py:125}}
May 09 09:14:52.836364 np0000173032 neutron-periodic-workers[105675]: DEBUG neutron.db.agents_db [None req-afe12d41-9237-4bc6-864e-e93380a1b191 None None] Agent healthcheck: found 0 active agents {{(pid=105675) agent_health_check /opt/stack/neutron/neutron/db/agents_db.py:322}}
May 09 09:14:52.837169 np0000173032 neutron-periodic-workers[105675]: DEBUG oslo.service.backend._threading.loopingcall [None req-afe12d41-9237-4bc6-864e-e93380a1b191 None None] Fixed interval looping call 'neutron.plugins.ml2.plugin.AgentDbMixin.agent_health_check' sleeping for 36.99 seconds {{(pid=105675) _run_loop /opt/stack/data/venv/lib/python3.12/site-packages/oslo_service/backend/_threading/loopingcall.py:125}}
May 09 09:14:55.892270 np0000173032 neutron-periodic-workers[105681]: DEBUG dbcounter [-] [105681] Writing DB stats neutron:DELETE=1 {{(pid=105681) stat_writer /opt/stack/data/venv/lib/python3.12/site-packages/dbcounter.py:115}}
May 09 09:14:59.859317 np0000173032 neutron-periodic-workers[105669]: DEBUG dbcounter [-] [105669] Writing DB stats neutron:SELECT=3 {{(pid=105669) stat_writer /opt/stack/data/venv/lib/python3.12/site-packages/dbcounter.py:115}}
May 09 09:15:02.834414 np0000173032 neutron-periodic-workers[105675]: DEBUG dbcounter [-] [105675] Writing DB stats neutron:SELECT=1 {{(pid=105675) stat_writer /opt/stack/data/venv/lib/python3.12/site-packages/dbcounter.py:115}}
May 09 09:15:26.862633 np0000173032 neutron-periodic-workers[105669]: DEBUG oslo.service.backend._threading.loopingcall [None req-f9c8408c-440a-4b30-9d28-ca6abc1dffa8 None None] Fixed interval looping call 'neutron.plugins.ml2.plugin.DhcpAgentSchedulerDbMixin.remove_networks_from_down_agents' sleeping for 36.99 seconds {{(pid=105669) _run_loop /opt/stack/data/venv/lib/python3.12/site-packages/oslo_service/backend/_threading/loopingcall.py:125}}
