2026-05-07 01:28:36.433 8 INFO neutron.api.v2.resource [None req-673a8b24-b4ec-4dde-90d0-0841e7f0069d 9aaadb513ac949e0b1fda4d119865e2a 52a6196977c24c7f8f640a89c4f02e3e - - default default] show failed (client error): The resource could not be found.
2026-05-07 01:28:36.435 7 INFO neutron.db.ovn_revision_numbers_db [None req-8248b306-55c9-463b-b262-bee1215f7504 fb03a930f703488491fc57cec8aeb85e 985cfe32ffd14a8bbef0041fbd659bdd - - default default] Successfully bumped revision number for resource 2f3e1be4-edb0-473c-a5d5-2a5db0745f42 (type: router_ports) to 1 [pid: 8|app: 0|req: 730/1399] 10.0.0.121 () {32 vars in 737 bytes} [Thu May 7 01:28:36 2026] GET /v2.0/security-groups/304c9715-aa17-403a-bf32-4b19ddd5fa57 => generated 146 bytes in 21 msecs (HTTP/1.1 404) 4 headers in 164 bytes (1 switches on core 0)
2026-05-07 01:28:36.454 8 INFO neutron.api.v2.resource [None req-ddee6e6c-b820-4e44-9ca6-8c63d5c2989b 4bae11a515354f14acc6e7b7489f942f 0a1c3b24f1cd44a6ac50a75171c594a4 - - default default] delete failed (client error): The resource could not be found. [pid: 8|app: 0|req: 731/1400] 10.0.0.121 () {32 vars in 724 bytes} [Thu May 7 01:28:36 2026] DELETE /v2.0/routers/82bf8efe-37d1-4cef-bd5f-6eecf3ecdcf0 => generated 135 bytes in 19 msecs (HTTP/1.1 404) 4 headers in 164 bytes (1 switches on core 0)
2026-05-07 01:28:36.565 7 INFO neutron.db.ovn_revision_numbers_db [None req-8248b306-55c9-463b-b262-bee1215f7504 fb03a930f703488491fc57cec8aeb85e 985cfe32ffd14a8bbef0041fbd659bdd - - default default] Successfully bumped revision number for resource 944a903e-e83f-45b9-8216-f29afa2dde4b (type: routers) to 2 [pid: 7|app: 0|req: 670/1401] 10.0.0.121 () {34 vars in 669 bytes} [Thu May 7 01:28:35 2026] POST /v2.0/routers => generated 965 bytes in 1532 msecs (HTTP/1.1 201) 4 headers in 162 bytes (1 switches on core 0)
2026-05-07 01:28:36.601 8 INFO neutron_taas.services.taas.taas_plugin [None req-18e699c7-979e-472f-b32f-5b8032b177b5 9aaadb513ac949e0b1fda4d119865e2a 52a6196977c24c7f8f640a89c4f02e3e - - default default] TaaS: Handle Delete Port: 21574f84-9efe-40ce-a161-aae82be66300
2026-05-07 01:28:36.604 8 INFO neutron_taas.services.taas.tap_mirror_plugin [None req-18e699c7-979e-472f-b32f-5b8032b177b5 9aaadb513ac949e0b1fda4d119865e2a 52a6196977c24c7f8f640a89c4f02e3e - - default default] Tap Mirror: Handle Delete Port: 21574f84-9efe-40ce-a161-aae82be66300 [pid: 7|app: 0|req: 671/1402] 10.0.0.121 () {32 vars in 736 bytes} [Thu May 7 01:28:36 2026] GET /v2.0/ports?device_id=a558bebe-6ef8-42ab-974c-c531670eeb9c => generated 12 bytes in 38 msecs (HTTP/1.1 200) 4 headers in 156 bytes (1 switches on core 0) [pid: 8|app: 0|req: 732/1403] 10.0.0.121 () {32 vars in 732 bytes} [Thu May 7 01:28:36 2026] DELETE /v2.0/floatingips/084c2643-c43e-4588-a703-c42375e022bd => generated 0 bytes in 325 msecs (HTTP/1.1 204) 2 headers in 112 bytes (1 switches on core 0)
2026-05-07 01:28:36.795 8 INFO neutron.api.v2.resource [None req-c0b1a6ad-4fdb-47bd-a1fa-a40b80d2623a 4bae11a515354f14acc6e7b7489f942f 0a1c3b24f1cd44a6ac50a75171c594a4 - - default default] delete failed (client error): The resource could not be found. [pid: 8|app: 0|req: 733/1404] 10.0.0.121 () {32 vars in 724 bytes} [Thu May 7 01:28:36 2026] DELETE /v2.0/routers/a558bebe-6ef8-42ab-974c-c531670eeb9c => generated 135 bytes in 15 msecs (HTTP/1.1 404) 4 headers in 164 bytes (1 switches on core 0)
2026-05-07 01:28:37.048 8 INFO neutron_taas.services.taas.taas_plugin [None req-058565a4-9db2-4434-aa8c-9b29f4a150c4 fb03a930f703488491fc57cec8aeb85e 985cfe32ffd14a8bbef0041fbd659bdd - - default default] TaaS: Handle Delete Port: 9b78bd0a-2b2b-40d3-ac44-349fea2793c7
2026-05-07 01:28:37.051 8 INFO neutron_taas.services.taas.tap_mirror_plugin [None req-058565a4-9db2-4434-aa8c-9b29f4a150c4 fb03a930f703488491fc57cec8aeb85e 985cfe32ffd14a8bbef0041fbd659bdd - - default default] Tap Mirror: Handle Delete Port: 9b78bd0a-2b2b-40d3-ac44-349fea2793c7
2026-05-07 01:28:37.429 7 WARNING neutron.plugins.ml2.drivers.ovn.mech_driver.ovsdb.ovn_client [None req-4fec323d-d8b8-4b67-b2b8-80028749f81c - - - - - -] No port found with ID 6ae4e020-403c-445b-8148-78648bb0adde: RuntimeError: No port found with ID 6ae4e020-403c-445b-8148-78648bb0adde
2026-05-07 01:28:37.448 7 WARNING neutron.scheduler.dhcp_agent_scheduler [None req-6bd049dd-509b-4622-b722-d90e6c35592f fb03a930f703488491fc57cec8aeb85e 985cfe32ffd14a8bbef0041fbd659bdd - - default default] No more DHCP agents
2026-05-07 01:28:37.454 7 WARNING neutron.api.rpc.agentnotifiers.dhcp_rpc_agent_api [None req-6bd049dd-509b-4622-b722-d90e6c35592f fb03a930f703488491fc57cec8aeb85e 985cfe32ffd14a8bbef0041fbd659bdd - - default default] Unable to schedule network d9cf4146-870d-4783-8fb2-ae58d7b5b80c: no agents available; will retry on subsequent port and subnet creation events.
2026-05-07 01:28:37.533 7 INFO neutron.plugins.ml2.drivers.ovn.mech_driver.mech_driver [None req-4fec323d-d8b8-4b67-b2b8-80028749f81c - - - - - -] OVN reports status down for port: 2f3e1be4-edb0-473c-a5d5-2a5db0745f42 [pid: 8|app: 0|req: 734/1405] 10.0.0.121 () {34 vars in 789 bytes} [Thu May 7 01:28:36 2026] PUT /v2.0/routers/44b4d15e-8b70-4a2c-a61f-5049fbb4a858/remove_router_interface => generated 309 bytes in 879 msecs (HTTP/1.1 200) 4 headers in 157 bytes (1 switches on core 0) /var/lib/openstack/lib/python3.12/site-packages/pycadf/identifier.py:70: UserWarning: Invalid uuid: neutron. To ensure interoperability, identifiers should be a valid uuid. warnings.warn(('Invalid uuid: %s. To ensure interoperability, '
2026-05-07 01:28:37.696 8 INFO neutron.pecan_wsgi.hooks.translation [None req-f4837479-ca64-425e-b933-4e2fcee8ac7b 4bae11a515354f14acc6e7b7489f942f 0a1c3b24f1cd44a6ac50a75171c594a4 - - default default] DELETE failed (client error): The resource could not be found. [pid: 8|app: 0|req: 735/1406] 10.0.0.121 () {32 vars in 724 bytes} [Thu May 7 01:28:37 2026] DELETE /v2.0/subnets/a317c80a-8045-4010-99c2-d9f10f72358c => generated 136 bytes in 23 msecs (HTTP/1.1 404) 4 headers in 164 bytes (1 switches on core 0)
2026-05-07 01:28:37.716 7 WARNING neutron.plugins.ml2.drivers.ovn.mech_driver.ovsdb.ovn_client [None req-4fec323d-d8b8-4b67-b2b8-80028749f81c - - - - - -] Logical_Switch_Port %s host information not removed, the port state is up
2026-05-07 01:28:37.717 7 INFO neutron.plugins.ml2.drivers.ovn.mech_driver.mech_driver [None req-4fec323d-d8b8-4b67-b2b8-80028749f81c - - - - - -] OVN reports status up for port: 2f3e1be4-edb0-473c-a5d5-2a5db0745f42
2026-05-07 01:28:37.769 7 INFO neutron.plugins.ml2.plugin [None req-4fec323d-d8b8-4b67-b2b8-80028749f81c - - - - - -] Attempt 1 to provision port 2f3e1be4-edb0-473c-a5d5-2a5db0745f42 [pid: 8|app: 0|req: 736/1407] 10.0.0.64 () {34 vars in 989 bytes} [Thu May 7 01:28:37 2026] GET /v2.0/ports?device_id=63aefb44-966d-4f49-8b53-427bb1b00f24 => generated 1438 bytes in 106 msecs (HTTP/1.1 200) 4 headers in 158 bytes (1 switches on core 0)
2026-05-07 01:28:37.918 7 INFO neutron.db.ovn_revision_numbers_db [None req-6bd049dd-509b-4622-b722-d90e6c35592f fb03a930f703488491fc57cec8aeb85e 985cfe32ffd14a8bbef0041fbd659bdd - - default default] Successfully bumped revision number for resource 50a53140-def4-4108-b74a-d6c890310aec (type: ports) to 1
2026-05-07 01:28:38.058 8 INFO neutron_taas.services.taas.taas_plugin [None req-76878d84-a84a-44fe-865d-cc86f6aed87b fb03a930f703488491fc57cec8aeb85e 985cfe32ffd14a8bbef0041fbd659bdd - - default default] TaaS: Handle Delete Port: fa4ee28a-319c-4298-b5ac-0684df762182
2026-05-07 01:28:38.062 8 INFO neutron_taas.services.taas.tap_mirror_plugin [None req-76878d84-a84a-44fe-865d-cc86f6aed87b fb03a930f703488491fc57cec8aeb85e 985cfe32ffd14a8bbef0041fbd659bdd - - default default] Tap Mirror: Handle Delete Port: fa4ee28a-319c-4298-b5ac-0684df762182
2026-05-07 01:28:38.198 7 INFO neutron.db.ovn_revision_numbers_db [None req-b4d72d74-4066-44c1-a284-2418ba74854d - - - - - -] Successfully bumped revision number for resource 2f3e1be4-edb0-473c-a5d5-2a5db0745f42 (type: ports) to 4 [pid: 8|app: 0|req: 737/1408] 10.0.0.121 () {32 vars in 724 bytes} [Thu May 7 01:28:37 2026] DELETE /v2.0/routers/44b4d15e-8b70-4a2c-a61f-5049fbb4a858 => generated 0 bytes in 684 msecs (HTTP/1.1 204) 2 headers in 112 bytes (1 switches on core 0) [pid: 8|app: 0|req: 738/1409] 10.0.0.121 () {32 vars in 736 bytes} [Thu May 7 01:28:38 2026] GET /v2.0/ports?device_id=c5c5bd3f-d295-45e2-b900-d62bbe385c85 => generated 12 bytes in 22 msecs (HTTP/1.1 200) 4 headers in 156 bytes (1 switches on core 0) [pid: 8|app: 0|req: 739/1410] 10.0.0.64 () {34 vars in 1039 bytes} [Thu May 7 01:28:38 2026] GET /v2.0/security-groups?id=a4ec0010-1586-4bc5-9ce2-0ed98871cb44&fields=id&fields=name => generated 112 bytes in 33 msecs (HTTP/1.1 200) 4 headers in 157 bytes (1 switches on core 0) [pid: 8|app: 0|req: 740/1411] 10.0.0.121 () {32 vars in 724 bytes} [Thu May 7 01:28:38 2026] DELETE /v2.0/subnets/3f7ac1e1-c69d-4be1-ac94-2652f4e6b193 => generated 0 bytes in 176 msecs (HTTP/1.1 204) 3 headers in 131 bytes (1 switches on core 0)
2026-05-07 01:28:38.740 8 INFO neutron.api.v2.resource [None req-1c399632-0146-4a23-a465-0b08a5b6f128 4bae11a515354f14acc6e7b7489f942f 0a1c3b24f1cd44a6ac50a75171c594a4 - - default default] delete failed (client error): The resource could not be found. [pid: 8|app: 0|req: 741/1412] 10.0.0.121 () {32 vars in 724 bytes} [Thu May 7 01:28:38 2026] DELETE /v2.0/routers/c5c5bd3f-d295-45e2-b900-d62bbe385c85 => generated 135 bytes in 19 msecs (HTTP/1.1 404) 4 headers in 164 bytes (1 switches on core 0)
2026-05-07 01:28:38.764 7 INFO neutron.db.ovn_revision_numbers_db [None req-4fec323d-d8b8-4b67-b2b8-80028749f81c - - - - - -] Successfully bumped revision number for resource 2f3e1be4-edb0-473c-a5d5-2a5db0745f42 (type: ports) to 5
2026-05-07 01:28:38.849 8 INFO neutron_taas.services.taas.taas_plugin [None req-6d26e77c-695e-47e6-8d38-07d9ce763297 fb03a930f703488491fc57cec8aeb85e 985cfe32ffd14a8bbef0041fbd659bdd - - default default] TaaS: Handle Delete Port: b462bd34-5201-44f3-980e-b91759f5b5ab
2026-05-07 01:28:38.852 8 INFO neutron_taas.services.taas.tap_mirror_plugin [None req-6d26e77c-695e-47e6-8d38-07d9ce763297 fb03a930f703488491fc57cec8aeb85e 985cfe32ffd14a8bbef0041fbd659bdd - - default default] Tap Mirror: Handle Delete Port: b462bd34-5201-44f3-980e-b91759f5b5ab
2026-05-07 01:28:38.992 7 INFO neutron.plugins.ml2.drivers.ovn.mech_driver.mech_driver [None req-49e1e0bb-6b4b-4c9f-9211-6fee35639beb - - - - - -] OVN reports status down for port: 50a53140-def4-4108-b74a-d6c890310aec
2026-05-07 01:28:39.040 8 INFO neutron.services.segments.plugin [-] Segment aae09598-4118-42dd-9183-46c84af05629 resource provider aggregate not found
2026-05-07 01:28:39.047 8 INFO neutron.services.segments.plugin [-] Segment aae09598-4118-42dd-9183-46c84af05629 resource provider aggregate not found
2026-05-07 01:28:39.067 8 INFO neutron.services.segments.plugin [-] Segment aae09598-4118-42dd-9183-46c84af05629 resource provider not found; error: Placement Client Error (4xx): {"errors": [{"status": 404, "title": "Not Found", "detail": "The resource could not be found.\n\n No resource provider with uuid aae09598-4118-42dd-9183-46c84af05629 found for delete ", "request_id": "req-10fdaa21-d854-449b-a4a9-c5f9b73dc6c4"}]}
2026-05-07 01:28:39.070 8 INFO neutron.services.segments.plugin [-] Segment aae09598-4118-42dd-9183-46c84af05629 resource provider not found; error: Placement Client Error (4xx): {"errors": [{"status": 404, "title": "Not Found", "detail": "The resource could not be found.\n\n No resource provider with uuid aae09598-4118-42dd-9183-46c84af05629 found for delete ", "request_id": "req-403d9e72-cc07-4152-af8a-4eeb6e62e738"}]}
2026-05-07 01:28:39.123 7 WARNING neutron.plugins.ml2.drivers.ovn.mech_driver.ovsdb.ovn_client [None req-49e1e0bb-6b4b-4c9f-9211-6fee35639beb - - - - - -] Logical_Switch_Port %s host information not removed, the port state is up
2026-05-07 01:28:39.125 7 INFO neutron.plugins.ml2.drivers.ovn.mech_driver.mech_driver [None req-49e1e0bb-6b4b-4c9f-9211-6fee35639beb - - - - - -] OVN reports status up for port: 50a53140-def4-4108-b74a-d6c890310aec [pid: 8|app: 0|req: 742/1413] 10.0.0.121 () {32 vars in 726 bytes} [Thu May 7 01:28:38 2026] DELETE /v2.0/networks/e8df2ca7-1e93-4f4b-89e6-d6a5ee1b5cfd => generated 0 bytes in 385 msecs (HTTP/1.1 204) 3 headers in 131 bytes (1 switches on core 0)
2026-05-07 01:28:39.140 8 INFO neutron.pecan_wsgi.hooks.translation [None req-70764935-9973-499f-9fb1-4ee0a0a23f70 4bae11a515354f14acc6e7b7489f942f 0a1c3b24f1cd44a6ac50a75171c594a4 - - default default] DELETE failed (client error): The resource could not be found. [pid: 8|app: 0|req: 743/1414] 10.0.0.121 () {32 vars in 724 bytes} [Thu May 7 01:28:39 2026] DELETE /v2.0/subnets/a31b7cb4-d002-456e-844b-50a58f788e2e => generated 136 bytes in 16 msecs (HTTP/1.1 404) 4 headers in 164 bytes (1 switches on core 0)
2026-05-07 01:28:39.156 7 INFO neutron.plugins.ml2.plugin [None req-49e1e0bb-6b4b-4c9f-9211-6fee35639beb - - - - - -] Attempt 1 to provision port 50a53140-def4-4108-b74a-d6c890310aec [pid: 8|app: 0|req: 744/1415] 10.0.0.121 () {32 vars in 736 bytes} [Thu May 7 01:28:39 2026] GET /v2.0/ports?device_id=338f8f60-c9c8-44a4-b619-cde57fe9b5f8 => generated 12 bytes in 23 msecs (HTTP/1.1 200) 4 headers in 156 bytes (1 switches on core 0)
2026-05-07 01:28:39.195 8 INFO neutron.api.v2.resource [None req-0157e6f4-4b3f-4ec0-a1d8-4ad8b0e0ad44 4bae11a515354f14acc6e7b7489f942f 0a1c3b24f1cd44a6ac50a75171c594a4 - - default default] delete failed (client error): The resource could not be found. [pid: 8|app: 0|req: 745/1416] 10.0.0.121 () {32 vars in 724 bytes} [Thu May 7 01:28:39 2026] DELETE /v2.0/routers/338f8f60-c9c8-44a4-b619-cde57fe9b5f8 => generated 135 bytes in 16 msecs (HTTP/1.1 404) 4 headers in 164 bytes (1 switches on core 0)
2026-05-07 01:28:39.211 8 INFO neutron.pecan_wsgi.hooks.translation [None req-ebc9cff8-6474-405b-9cf4-f339a1d78842 4bae11a515354f14acc6e7b7489f942f 0a1c3b24f1cd44a6ac50a75171c594a4 - - default default] DELETE failed (client error): The resource could not be found. [pid: 8|app: 0|req: 746/1417] 10.0.0.121 () {32 vars in 724 bytes} [Thu May 7 01:28:39 2026] DELETE /v2.0/subnets/71e3c3ab-efbf-4f10-b75c-dc06fe63f2ba => generated 136 bytes in 14 msecs (HTTP/1.1 404) 4 headers in 164 bytes (1 switches on core 0)
2026-05-07 01:28:39.231 8 INFO neutron.pecan_wsgi.hooks.translation [None req-6d5335ac-fd38-4a15-b5ce-9efd798ea51d 4bae11a515354f14acc6e7b7489f942f 0a1c3b24f1cd44a6ac50a75171c594a4 - - default default] DELETE failed (client error): The resource could not be found. [pid: 8|app: 0|req: 747/1418] 10.0.0.121 () {32 vars in 724 bytes} [Thu May 7 01:28:39 2026] DELETE /v2.0/subnets/d05dd5c5-7481-4430-98cf-791764b7ea84 => generated 136 bytes in 13 msecs (HTTP/1.1 404) 4 headers in 164 bytes (1 switches on core 0) [pid: 8|app: 0|req: 748/1419] 10.0.0.121 () {32 vars in 774 bytes} [Thu May 7 01:28:39 2026] GET /v2.0/security-groups?tenant_id=52a6196977c24c7f8f640a89c4f02e3e&name=default => generated 2925 bytes in 26 msecs (HTTP/1.1 200) 4 headers in 158 bytes (1 switches on core 0)
2026-05-07 01:28:39.276 7 WARNING neutron.scheduler.dhcp_agent_scheduler [None req-6bd049dd-509b-4622-b722-d90e6c35592f fb03a930f703488491fc57cec8aeb85e 985cfe32ffd14a8bbef0041fbd659bdd - - default default] No more DHCP agents
2026-05-07 01:28:39.280 7 WARNING neutron.api.rpc.agentnotifiers.dhcp_rpc_agent_api [None req-6bd049dd-509b-4622-b722-d90e6c35592f fb03a930f703488491fc57cec8aeb85e 985cfe32ffd14a8bbef0041fbd659bdd - - default default] Unable to schedule network d9cf4146-870d-4783-8fb2-ae58d7b5b80c: no agents available; will retry on subsequent port and subnet creation events. [pid: 8|app: 0|req: 749/1420] 10.0.0.121 () {32 vars in 740 bytes} [Thu May 7 01:28:39 2026] DELETE /v2.0/security-groups/4d750325-cd92-4de0-b7e0-8f014d257e36 => generated 0 bytes in 191 msecs (HTTP/1.1 204) 2 headers in 112 bytes (1 switches on core 0)
2026-05-07 01:28:39.902 7 INFO neutron.db.ovn_revision_numbers_db [None req-49e1e0bb-6b4b-4c9f-9211-6fee35639beb - - - - - -] Successfully bumped revision number for resource 50a53140-def4-4108-b74a-d6c890310aec (type: ports) to 2 [pid: 8|app: 0|req: 750/1421] 10.0.0.121 () {32 vars in 774 bytes} [Thu May 7 01:28:39 2026] GET /v2.0/security-groups?tenant_id=0a1c3b24f1cd44a6ac50a75171c594a4&name=default => generated 2925 bytes in 206 msecs (HTTP/1.1 200) 4 headers in 158 bytes (1 switches on core 0) [pid: 8|app: 0|req: 751/1422] 10.0.0.121 () {32 vars in 740 bytes} [Thu May 7 01:28:39 2026] DELETE /v2.0/security-groups/63798cfe-5e72-4e69-81f8-9a8898cf47b3 => generated 0 bytes in 253 msecs (HTTP/1.1 204) 2 headers in 112 bytes (1 switches on core 0)
2026-05-07 01:28:40.307 7 INFO neutron.db.ovn_revision_numbers_db [None req-6bd049dd-509b-4622-b722-d90e6c35592f fb03a930f703488491fc57cec8aeb85e 985cfe32ffd14a8bbef0041fbd659bdd - - default default] Successfully bumped revision number for resource 50a53140-def4-4108-b74a-d6c890310aec (type: router_ports) to 1 [pid: 7|app: 0|req: 672/1423] 10.0.0.121 () {34 vars in 783 bytes} [Thu May 7 01:28:36 2026] PUT /v2.0/routers/944a903e-e83f-45b9-8216-f29afa2dde4b/add_router_interface => generated 309 bytes in 3683 msecs (HTTP/1.1 200) 4 headers in 157 bytes (1 switches on core 0)
2026-05-07 01:28:40.442 8 WARNING neutron.plugins.ml2.drivers.ovn.mech_driver.ovsdb.ovn_client [None req-00d75d3e-6e52-47fd-9193-2d3168f5d7ca - - - - - -] No port found with ID d408db2c-f727-49de-9661-470097f7fe2a: RuntimeError: No port found with ID d408db2c-f727-49de-9661-470097f7fe2a [pid: 8|app: 0|req: 752/1424] 10.0.0.121 () {32 vars in 721 bytes} [Thu May 7 01:28:40 2026] GET /v2.0/subnets/ec4c2145-a2b0-43c9-859f-7d51bb4de037 => generated 675 bytes in 27 msecs (HTTP/1.1 200) 4 headers in 157 bytes (1 switches on core 0)
2026-05-07 01:28:41.450 8 INFO neutron.db.ovn_revision_numbers_db [None req-ba4d63d9-f138-45b2-ad26-484793531efa fb03a930f703488491fc57cec8aeb85e 985cfe32ffd14a8bbef0041fbd659bdd - - default default] Successfully bumped revision number for resource e45eca25-9e79-409b-b3fe-00b2756c2f11 (type: security_groups) to 1
2026-05-07 01:28:41.462 8 INFO neutron.db.ovn_revision_numbers_db [None req-ba4d63d9-f138-45b2-ad26-484793531efa fb03a930f703488491fc57cec8aeb85e 985cfe32ffd14a8bbef0041fbd659bdd - - default default] Successfully bumped revision number for resource 38fb2ee8-5531-45e4-a0a4-e2864a87ce58 (type: security_group_rules) to 0
2026-05-07 01:28:41.475 8 INFO neutron.db.ovn_revision_numbers_db [None req-ba4d63d9-f138-45b2-ad26-484793531efa fb03a930f703488491fc57cec8aeb85e 985cfe32ffd14a8bbef0041fbd659bdd - - default default] Successfully bumped revision number for resource c50a9f03-ec09-49c1-929a-7cbd9b3c097a (type: security_group_rules) to 0 /var/lib/openstack/lib/python3.12/site-packages/pycadf/identifier.py:70: UserWarning: Invalid uuid: neutron. To ensure interoperability, identifiers should be a valid uuid. warnings.warn(('Invalid uuid: %s. To ensure interoperability, '
2026-05-07 01:28:41.486 8 INFO neutron.db.ovn_revision_numbers_db [None req-ba4d63d9-f138-45b2-ad26-484793531efa fb03a930f703488491fc57cec8aeb85e 985cfe32ffd14a8bbef0041fbd659bdd - - default default] Successfully bumped revision number for resource e0812f9c-1eb2-4c8a-8a42-cc4c11913b76 (type: security_group_rules) to 0
2026-05-07 01:28:41.501 8 INFO neutron.db.ovn_revision_numbers_db [None req-ba4d63d9-f138-45b2-ad26-484793531efa fb03a930f703488491fc57cec8aeb85e 985cfe32ffd14a8bbef0041fbd659bdd - - default default] Successfully bumped revision number for resource ef2c109d-b972-4498-87a2-b7efa1d7eebf (type: security_group_rules) to 0
2026-05-07 01:28:41.572 8 INFO neutron.db.segments_db [None req-ba4d63d9-f138-45b2-ad26-484793531efa fb03a930f703488491fc57cec8aeb85e 985cfe32ffd14a8bbef0041fbd659bdd - - default default] Added segment 5b1b383d-73e1-465d-a304-42094328ba4c of type geneve for network 274da535-b4c5-4946-a1fd-5c796bb2f038
2026-05-07 01:28:41.649 7 INFO neutron.db.ovn_revision_numbers_db [None req-36ef2827-9d83-4694-b08c-abb3a8fca62f fb03a930f703488491fc57cec8aeb85e 985cfe32ffd14a8bbef0041fbd659bdd - - default default] Successfully bumped revision number for resource ef7ba3e6-aa53-4867-8a64-df99869dd618 (type: security_groups) to 1
2026-05-07 01:28:41.668 7 INFO neutron.db.ovn_revision_numbers_db [None req-36ef2827-9d83-4694-b08c-abb3a8fca62f fb03a930f703488491fc57cec8aeb85e 985cfe32ffd14a8bbef0041fbd659bdd - - default default] Successfully bumped revision number for resource 057a948f-51b9-4731-945b-e85d3b181804 (type: security_group_rules) to 0
2026-05-07 01:28:41.680 7 INFO neutron.db.ovn_revision_numbers_db [None req-36ef2827-9d83-4694-b08c-abb3a8fca62f fb03a930f703488491fc57cec8aeb85e 985cfe32ffd14a8bbef0041fbd659bdd - - default default] Successfully bumped revision number for resource 70005c16-3410-4d7d-8ff8-3d314a8d8177 (type: security_group_rules) to 0
2026-05-07 01:28:41.695 7 INFO neutron.db.ovn_revision_numbers_db [None req-36ef2827-9d83-4694-b08c-abb3a8fca62f fb03a930f703488491fc57cec8aeb85e 985cfe32ffd14a8bbef0041fbd659bdd - - default default] Successfully bumped revision number for resource a1a02745-8f5b-40a3-92ba-e4d91e58b26c (type: security_group_rules) to 0
2026-05-07 01:28:41.696 8 INFO neutron.db.ovn_revision_numbers_db [None req-ba4d63d9-f138-45b2-ad26-484793531efa fb03a930f703488491fc57cec8aeb85e 985cfe32ffd14a8bbef0041fbd659bdd - - default default] Successfully bumped revision number for resource 274da535-b4c5-4946-a1fd-5c796bb2f038 (type: networks) to 1
2026-05-07 01:28:41.707 7 INFO neutron.db.ovn_revision_numbers_db [None req-36ef2827-9d83-4694-b08c-abb3a8fca62f fb03a930f703488491fc57cec8aeb85e 985cfe32ffd14a8bbef0041fbd659bdd - - default default] Successfully bumped revision number for resource e5ffeadf-4207-4403-8587-72b48d4ed977 (type: security_group_rules) to 0
2026-05-07 01:28:41.789 7 INFO neutron.db.segments_db [None req-36ef2827-9d83-4694-b08c-abb3a8fca62f fb03a930f703488491fc57cec8aeb85e 985cfe32ffd14a8bbef0041fbd659bdd - - default default] Added segment 086ae0c5-08fd-4d8a-8bc0-9f0989910a5e of type geneve for network 09e7481f-35d1-42f8-962f-76b820d5c711
2026-05-07 01:28:41.861 8 WARNING neutron.scheduler.dhcp_agent_scheduler [None req-ba4d63d9-f138-45b2-ad26-484793531efa fb03a930f703488491fc57cec8aeb85e 985cfe32ffd14a8bbef0041fbd659bdd - - default default] No more DHCP agents
2026-05-07 01:28:41.865 8 WARNING neutron.api.rpc.agentnotifiers.dhcp_rpc_agent_api [None req-ba4d63d9-f138-45b2-ad26-484793531efa fb03a930f703488491fc57cec8aeb85e 985cfe32ffd14a8bbef0041fbd659bdd - - default default] Unable to schedule network 274da535-b4c5-4946-a1fd-5c796bb2f038: no agents available; will retry on subsequent port and subnet creation events.
2026-05-07 01:28:41.891 7 INFO neutron.db.ovn_revision_numbers_db [None req-36ef2827-9d83-4694-b08c-abb3a8fca62f fb03a930f703488491fc57cec8aeb85e 985cfe32ffd14a8bbef0041fbd659bdd - - default default] Successfully bumped revision number for resource 09e7481f-35d1-42f8-962f-76b820d5c711 (type: networks) to 1
2026-05-07 01:28:41.931 8 INFO neutron.plugins.ml2.drivers.ovn.mech_driver.mech_driver [None req-00d75d3e-6e52-47fd-9193-2d3168f5d7ca - - - - - -] OVN reports status down for port: e8e06da7-ec45-4176-8666-0c15fde483d7
2026-05-07 01:28:41.993 8 INFO neutron.db.ovn_revision_numbers_db [None req-ba4d63d9-f138-45b2-ad26-484793531efa fb03a930f703488491fc57cec8aeb85e 985cfe32ffd14a8bbef0041fbd659bdd - - default default] Successfully bumped revision number for resource e8e06da7-ec45-4176-8666-0c15fde483d7 (type: ports) to 1 [pid: 8|app: 0|req: 753/1425] 10.0.0.121 () {34 vars in 671 bytes} [Thu May 7 01:28:41 2026] POST /v2.0/networks => generated 763 bytes in 738 msecs (HTTP/1.1 201) 4 headers in 162 bytes (1 switches on core 0)
2026-05-07 01:28:42.055 7 WARNING neutron.scheduler.dhcp_agent_scheduler [None req-36ef2827-9d83-4694-b08c-abb3a8fca62f fb03a930f703488491fc57cec8aeb85e 985cfe32ffd14a8bbef0041fbd659bdd - - default default] No more DHCP agents
2026-05-07 01:28:42.057 7 WARNING neutron.api.rpc.agentnotifiers.dhcp_rpc_agent_api [None req-36ef2827-9d83-4694-b08c-abb3a8fca62f fb03a930f703488491fc57cec8aeb85e 985cfe32ffd14a8bbef0041fbd659bdd - - default default] Unable to schedule network 09e7481f-35d1-42f8-962f-76b820d5c711: no agents available; will retry on subsequent port and subnet creation events.
2026-05-07 01:28:42.108 8 INFO neutron.plugins.ml2.drivers.ovn.mech_driver.mech_driver [None req-00d75d3e-6e52-47fd-9193-2d3168f5d7ca - - - - - -] OVN reports status down for port: 986591fb-51be-4197-b14d-d98b9a8e1cc6
2026-05-07 01:28:42.131 7 INFO neutron.db.ovn_revision_numbers_db [None req-36ef2827-9d83-4694-b08c-abb3a8fca62f fb03a930f703488491fc57cec8aeb85e 985cfe32ffd14a8bbef0041fbd659bdd - - default default] Successfully bumped revision number for resource 986591fb-51be-4197-b14d-d98b9a8e1cc6 (type: ports) to 1 [pid: 7|app: 0|req: 673/1426] 10.0.0.121 () {34 vars in 671 bytes} [Thu May 7 01:28:41 2026] POST /v2.0/networks => generated 766 bytes in 862 msecs (HTTP/1.1 201) 4 headers in 162 bytes (1 switches on core 0)
2026-05-07 01:28:42.270 7 WARNING neutron.scheduler.dhcp_agent_scheduler [None req-c14d574e-a272-4c36-a6cc-bd32f73b50b8 fb03a930f703488491fc57cec8aeb85e 985cfe32ffd14a8bbef0041fbd659bdd - - default default] No more DHCP agents
2026-05-07 01:28:42.271 7 WARNING neutron.api.rpc.agentnotifiers.dhcp_rpc_agent_api [None req-c14d574e-a272-4c36-a6cc-bd32f73b50b8 fb03a930f703488491fc57cec8aeb85e 985cfe32ffd14a8bbef0041fbd659bdd - - default default] Unable to schedule network 274da535-b4c5-4946-a1fd-5c796bb2f038: no agents available; will retry on subsequent port and subnet creation events.
2026-05-07 01:28:42.318 8 INFO neutron.db.ovn_revision_numbers_db [None req-06185da1-427d-43e3-b913-1ac2c74d9e1e 3ee4f69240164f0ea24c7e9e65e29a7a dccee490f8df4e03b5e6526d6f50659f - - default default] Successfully bumped revision number for resource d9dba92b-791d-4d40-9a5b-4de4d5806773 (type: security_groups) to 1
2026-05-07 01:28:42.330 8 INFO neutron.db.ovn_revision_numbers_db [None req-06185da1-427d-43e3-b913-1ac2c74d9e1e 3ee4f69240164f0ea24c7e9e65e29a7a dccee490f8df4e03b5e6526d6f50659f - - default default] Successfully bumped revision number for resource 7910936c-1f40-41b2-9e70-4cd56e158215 (type: security_group_rules) to 0
2026-05-07 01:28:42.341 8 INFO neutron.db.ovn_revision_numbers_db [None req-06185da1-427d-43e3-b913-1ac2c74d9e1e 3ee4f69240164f0ea24c7e9e65e29a7a dccee490f8df4e03b5e6526d6f50659f - - default default] Successfully bumped revision number for resource 79d9b2ac-5aee-45b0-a9bb-7ff700f9dd51 (type: security_group_rules) to 0
2026-05-07 01:28:42.350 8 INFO neutron.db.ovn_revision_numbers_db [None req-06185da1-427d-43e3-b913-1ac2c74d9e1e 3ee4f69240164f0ea24c7e9e65e29a7a dccee490f8df4e03b5e6526d6f50659f - - default default] Successfully bumped revision number for resource 79f60d69-5a5f-4b7f-b116-cf7c94057e0b (type: security_group_rules) to 0
2026-05-07 01:28:42.367 8 INFO neutron.db.ovn_revision_numbers_db [None req-06185da1-427d-43e3-b913-1ac2c74d9e1e 3ee4f69240164f0ea24c7e9e65e29a7a dccee490f8df4e03b5e6526d6f50659f - - default default] Successfully bumped revision number for resource ed6b47eb-ba15-4e41-a7fa-ce57ae8f3ce0 (type: security_group_rules) to 0
2026-05-07 01:28:42.428 8 INFO neutron.db.segments_db [None req-06185da1-427d-43e3-b913-1ac2c74d9e1e 3ee4f69240164f0ea24c7e9e65e29a7a dccee490f8df4e03b5e6526d6f50659f - - default default] Added segment b7497fce-e3c2-4627-9bfa-6af50202f278 of type geneve for network 5a053484-bef1-4856-8e2b-849d7a69df4b
2026-05-07 01:28:42.525 8 INFO neutron.db.ovn_revision_numbers_db [None req-06185da1-427d-43e3-b913-1ac2c74d9e1e 3ee4f69240164f0ea24c7e9e65e29a7a dccee490f8df4e03b5e6526d6f50659f - - default default] Successfully bumped revision number for resource 5a053484-bef1-4856-8e2b-849d7a69df4b (type: networks) to 1
2026-05-07 01:28:42.695 8 WARNING neutron.scheduler.dhcp_agent_scheduler [None req-06185da1-427d-43e3-b913-1ac2c74d9e1e 3ee4f69240164f0ea24c7e9e65e29a7a dccee490f8df4e03b5e6526d6f50659f - - default default] No more DHCP agents
2026-05-07 01:28:42.696 8 WARNING neutron.api.rpc.agentnotifiers.dhcp_rpc_agent_api [None req-06185da1-427d-43e3-b913-1ac2c74d9e1e 3ee4f69240164f0ea24c7e9e65e29a7a dccee490f8df4e03b5e6526d6f50659f - - default default] Unable to schedule network 5a053484-bef1-4856-8e2b-849d7a69df4b: no agents available; will retry on subsequent port and subnet creation events.
2026-05-07 01:28:42.746 7 INFO neutron.db.ovn_revision_numbers_db [None req-8c2a3fcb-1812-4ff7-8f68-aa154cd88540 - - - - - -] Successfully bumped revision number for resource e8e06da7-ec45-4176-8666-0c15fde483d7 (type: ports) to 2
2026-05-07 01:28:42.800 7 INFO neutron.db.ovn_revision_numbers_db [None req-8c2a3fcb-1812-4ff7-8f68-aa154cd88540 - - - - - -] Successfully bumped revision number for resource f526ec77-e44b-4f6a-9a82-ff9c340f45d2 (type: subnets) to 0
2026-05-07 01:28:42.805 8 INFO neutron.db.ovn_revision_numbers_db [None req-06185da1-427d-43e3-b913-1ac2c74d9e1e 3ee4f69240164f0ea24c7e9e65e29a7a dccee490f8df4e03b5e6526d6f50659f - - default default] Successfully bumped revision number for resource 49e217d1-b86f-4ea4-93b1-83c572032a5e (type: ports) to 1 [pid: 7|app: 0|req: 674/1427] 10.0.0.121 () {34 vars in 669 bytes} [Thu May 7 01:28:42 2026] POST /v2.0/subnets => generated 688 bytes in 667 msecs (HTTP/1.1 201) 4 headers in 162 bytes (1 switches on core 0) [pid: 8|app: 0|req: 754/1428] 10.0.0.121 () {34 vars in 670 bytes} [Thu May 7 01:28:42 2026] POST /v2.0/networks => generated 648 bytes in 788 msecs (HTTP/1.1 201) 4 headers in 162 bytes (1 switches on core 0) [pid: 8|app: 0|req: 755/1429] 10.0.0.212 () {30 vars in 690 bytes} [Thu May 7 01:28:42 2026] GET /v2.0/extensions/security-group => generated 170 bytes in 36 msecs (HTTP/1.1 200) 4 headers in 157 bytes (1 switches on core 0)
2026-05-07 01:28:42.935 7 WARNING neutron.scheduler.dhcp_agent_scheduler [None req-04f40ba9-722f-48c9-91d1-cba1e19ff2c9 fb03a930f703488491fc57cec8aeb85e 985cfe32ffd14a8bbef0041fbd659bdd - - default default] No more DHCP agents
2026-05-07 01:28:42.936 7 WARNING neutron.api.rpc.agentnotifiers.dhcp_rpc_agent_api [None req-04f40ba9-722f-48c9-91d1-cba1e19ff2c9 fb03a930f703488491fc57cec8aeb85e 985cfe32ffd14a8bbef0041fbd659bdd - - default default] Unable to schedule network 09e7481f-35d1-42f8-962f-76b820d5c711: no agents available; will retry on subsequent port and subnet creation events.
2026-05-07 01:28:43.238 8 WARNING neutron.scheduler.dhcp_agent_scheduler [None req-b7af38f2-29cc-40d1-9c50-66db1a5d8cd5 fb03a930f703488491fc57cec8aeb85e 985cfe32ffd14a8bbef0041fbd659bdd - - default default] No more DHCP agents
2026-05-07 01:28:43.239 8 WARNING neutron.api.rpc.agentnotifiers.dhcp_rpc_agent_api [None req-b7af38f2-29cc-40d1-9c50-66db1a5d8cd5 fb03a930f703488491fc57cec8aeb85e 985cfe32ffd14a8bbef0041fbd659bdd - - default default] Unable to schedule network c1e9a346-5685-445e-83bb-d7cb20034f45: no agents available; will retry on subsequent port and subnet creation events.
2026-05-07 01:28:43.386 8 INFO neutron.db.ovn_revision_numbers_db [None req-b7af38f2-29cc-40d1-9c50-66db1a5d8cd5 fb03a930f703488491fc57cec8aeb85e 985cfe32ffd14a8bbef0041fbd659bdd - - default default] Successfully bumped revision number for resource d7715dd9-a18a-43a1-a7d3-d03af2214765 (type: ports) to 1
2026-05-07 01:28:43.942 8 INFO neutron.plugins.ml2.drivers.ovn.mech_driver.ovsdb.commands [None req-a02f5dc0-5e82-40eb-9b63-d2bd1866e216 - - - - - -] Schedule LRP lrp-d7715dd9-a18a-43a1-a7d3-d03af2214765 on gateway d8d8536c-9719-4682-a1d0-2a6100716221 with priority 1
2026-05-07 01:28:43.996 8 INFO neutron.plugins.ml2.drivers.ovn.mech_driver.ovsdb.ovsdb_monitor [None req-efe93b19-97f5-4042-9bbd-97b1325814fc - - - - - -] Router 4d291ecd-884e-4e66-881b-ee13c73a555b is bound to host instance
2026-05-07 01:28:44.015 8 INFO neutron.db.ovn_revision_numbers_db [None req-b7af38f2-29cc-40d1-9c50-66db1a5d8cd5 fb03a930f703488491fc57cec8aeb85e 985cfe32ffd14a8bbef0041fbd659bdd - - default default] Successfully bumped revision number for resource d7715dd9-a18a-43a1-a7d3-d03af2214765 (type: router_ports) to 1
2026-05-07 01:28:44.132 8 INFO neutron.db.ovn_revision_numbers_db [None req-b7af38f2-29cc-40d1-9c50-66db1a5d8cd5 fb03a930f703488491fc57cec8aeb85e 985cfe32ffd14a8bbef0041fbd659bdd - - default default] Successfully bumped revision number for resource 4d291ecd-884e-4e66-881b-ee13c73a555b (type: routers) to 2 [pid: 8|app: 0|req: 756/1430] 10.0.0.121 () {34 vars in 669 bytes} [Thu May 7 01:28:42 2026] POST /v2.0/routers => generated 966 bytes in 1298 msecs (HTTP/1.1 201) 4 headers in 162 bytes (1 switches on core 0)
2026-05-07 01:28:44.289 8 INFO neutron.db.segments_db [None req-29fb171f-0e3d-48ca-8fef-fa1779296136 3ee4f69240164f0ea24c7e9e65e29a7a dccee490f8df4e03b5e6526d6f50659f - - default default] Added segment 31f31af4-6c73-49b0-a4c5-fc2ef20ecff2 of type geneve for network 86e4932f-36be-41d2-9038-08b375966af0
2026-05-07 01:28:44.435 7 INFO neutron.db.ovn_revision_numbers_db [None req-c5ea26ba-32f2-49b2-b05b-3f82f95dd32c - - - - - -] Successfully bumped revision number for resource 986591fb-51be-4197-b14d-d98b9a8e1cc6 (type: ports) to 2
2026-05-07 01:28:44.491 7 INFO neutron.db.ovn_revision_numbers_db [None req-c5ea26ba-32f2-49b2-b05b-3f82f95dd32c - - - - - -] Successfully bumped revision number for resource c3e925d0-3917-45c5-933f-8c5cfe164418 (type: subnets) to 0
2026-05-07 01:28:44.491 8 INFO neutron.db.ovn_revision_numbers_db [None req-29fb171f-0e3d-48ca-8fef-fa1779296136 3ee4f69240164f0ea24c7e9e65e29a7a dccee490f8df4e03b5e6526d6f50659f - - default default] Successfully bumped revision number for resource 86e4932f-36be-41d2-9038-08b375966af0 (type: networks) to 1 [pid: 7|app: 0|req: 675/1431] 10.0.0.121 () {34 vars in 669 bytes} [Thu May 7 01:28:42 2026] POST /v2.0/subnets => generated 691 bytes in 1694 msecs (HTTP/1.1 201) 4 headers in 162 bytes (1 switches on core 0) [pid: 7|app: 0|req: 676/1432] 10.0.0.212 () {30 vars in 692 bytes} [Thu May 7 01:28:44 2026] GET /v2.0/extensions/dns-integration => generated 172 bytes in 5 msecs (HTTP/1.1 200) 4 headers in 157 bytes (1 switches on core 0)
2026-05-07 01:28:44.830 8 WARNING neutron.scheduler.dhcp_agent_scheduler [None req-29fb171f-0e3d-48ca-8fef-fa1779296136 3ee4f69240164f0ea24c7e9e65e29a7a dccee490f8df4e03b5e6526d6f50659f - - default default] No more DHCP agents
2026-05-07 01:28:44.834 8 WARNING neutron.api.rpc.agentnotifiers.dhcp_rpc_agent_api [None req-29fb171f-0e3d-48ca-8fef-fa1779296136 3ee4f69240164f0ea24c7e9e65e29a7a dccee490f8df4e03b5e6526d6f50659f - - default default] Unable to schedule network 86e4932f-36be-41d2-9038-08b375966af0: no agents available; will retry on subsequent port and subnet creation events.
2026-05-07 01:28:44.886 7 WARNING neutron.scheduler.dhcp_agent_scheduler [None req-60ec11a4-f6e8-49c6-9335-799cd5b5e207 fb03a930f703488491fc57cec8aeb85e 985cfe32ffd14a8bbef0041fbd659bdd - - default default] No more DHCP agents
2026-05-07 01:28:44.887 7 WARNING neutron.api.rpc.agentnotifiers.dhcp_rpc_agent_api [None req-60ec11a4-f6e8-49c6-9335-799cd5b5e207 fb03a930f703488491fc57cec8aeb85e 985cfe32ffd14a8bbef0041fbd659bdd - - default default] Unable to schedule network 274da535-b4c5-4946-a1fd-5c796bb2f038: no agents available; will retry on subsequent port and subnet creation events.
2026-05-07 01:28:44.975 8 INFO neutron.db.ovn_revision_numbers_db [None req-29fb171f-0e3d-48ca-8fef-fa1779296136 3ee4f69240164f0ea24c7e9e65e29a7a dccee490f8df4e03b5e6526d6f50659f - - default default] Successfully bumped revision number for resource c33fe715-9c40-4a45-bdb7-3d97b6c46405 (type: ports) to 1 [pid: 8|app: 0|req: 757/1433] 10.0.0.121 () {34 vars in 670 bytes} [Thu May 7 01:28:44 2026] POST /v2.0/networks => generated 649 bytes in 870 msecs (HTTP/1.1 201) 4 headers in 162 bytes (1 switches on core 0)
2026-05-07 01:28:45.056 7 INFO neutron.db.ovn_revision_numbers_db [None req-60ec11a4-f6e8-49c6-9335-799cd5b5e207 fb03a930f703488491fc57cec8aeb85e 985cfe32ffd14a8bbef0041fbd659bdd - - default default] Successfully bumped revision number for resource 4dfee573-1cde-444f-9219-5620decd3150 (type: ports) to 1
2026-05-07 01:28:45.056 8 INFO neutron.plugins.ml2.drivers.ovn.mech_driver.mech_driver [None req-00d75d3e-6e52-47fd-9193-2d3168f5d7ca - - - - - -] OVN reports status down for port: 4dfee573-1cde-444f-9219-5620decd3150
2026-05-07 01:28:45.332 7 WARNING neutron.plugins.ml2.drivers.ovn.mech_driver.ovsdb.ovn_client [None req-a827bd10-b817-416c-95ec-a22ae0b29f4d - - - - - -] No hosting information found for port 50a53140-def4-4108-b74a-d6c890310aec: RuntimeError: No hosting information found for port 50a53140-def4-4108-b74a-d6c890310aec
2026-05-07 01:28:45.506 8 INFO neutron.db.ovn_revision_numbers_db [None req-6d0b09a0-25a3-4fd1-98b1-396a5c855de8 - - - - - -] Successfully bumped revision number for resource d7715dd9-a18a-43a1-a7d3-d03af2214765 (type: ports) to 4
2026-05-07 01:28:45.531 7 INFO neutron.db.ovn_revision_numbers_db [None req-a827bd10-b817-416c-95ec-a22ae0b29f4d - - - - - -] Successfully bumped revision number for resource 50a53140-def4-4108-b74a-d6c890310aec (type: router_ports) to 2
2026-05-07 01:28:45.532 7 INFO neutron.plugins.ml2.drivers.ovn.mech_driver.mech_driver [None req-a827bd10-b817-416c-95ec-a22ae0b29f4d - - - - - -] OVN reports status down for port: 49e217d1-b86f-4ea4-93b1-83c572032a5e
2026-05-07 01:28:45.690 7 INFO neutron.plugins.ml2.drivers.ovn.mech_driver.mech_driver [None req-a827bd10-b817-416c-95ec-a22ae0b29f4d - - - - - -] OVN reports status down for port: d7715dd9-a18a-43a1-a7d3-d03af2214765
2026-05-07 01:28:45.836 7 WARNING neutron.plugins.ml2.drivers.ovn.mech_driver.ovsdb.ovn_client [None req-a827bd10-b817-416c-95ec-a22ae0b29f4d - - - - - -] Logical_Switch_Port %s host information not removed, the port state is up
2026-05-07 01:28:45.837 7 INFO neutron.plugins.ml2.drivers.ovn.mech_driver.mech_driver [None req-a827bd10-b817-416c-95ec-a22ae0b29f4d - - - - - -] OVN reports status up for port: d7715dd9-a18a-43a1-a7d3-d03af2214765
2026-05-07 01:28:45.861 7 INFO neutron.plugins.ml2.plugin [None req-a827bd10-b817-416c-95ec-a22ae0b29f4d - - - - - -] Attempt 1 to provision port d7715dd9-a18a-43a1-a7d3-d03af2214765
2026-05-07 01:28:45.904 8 WARNING neutron.scheduler.dhcp_agent_scheduler [None req-216f41d2-1343-4b7a-ad74-445b4701e6d2 fb03a930f703488491fc57cec8aeb85e 985cfe32ffd14a8bbef0041fbd659bdd - - default default] No more DHCP agents
2026-05-07 01:28:45.911 8 WARNING neutron.api.rpc.agentnotifiers.dhcp_rpc_agent_api [None req-216f41d2-1343-4b7a-ad74-445b4701e6d2 fb03a930f703488491fc57cec8aeb85e 985cfe32ffd14a8bbef0041fbd659bdd - - default default] Unable to schedule network c1e9a346-5685-445e-83bb-d7cb20034f45: no agents available; will retry on subsequent port and subnet creation events.
2026-05-07 01:28:46.029 8 INFO neutron.plugins.ml2.drivers.ovn.mech_driver.mech_driver [None req-00d75d3e-6e52-47fd-9193-2d3168f5d7ca - - - - - -] OVN reports status up for port: 4dfee573-1cde-444f-9219-5620decd3150
2026-05-07 01:28:46.055 7 INFO neutron.plugins.ml2.drivers.ovn.mech_driver.mech_driver [None req-a827bd10-b817-416c-95ec-a22ae0b29f4d - - - - - -] OVN reports status down for port: c33fe715-9c40-4a45-bdb7-3d97b6c46405
2026-05-07 01:28:46.083 8 INFO neutron.plugins.ml2.plugin [None req-00d75d3e-6e52-47fd-9193-2d3168f5d7ca - - - - - -] Attempt 1 to provision port 4dfee573-1cde-444f-9219-5620decd3150
2026-05-07 01:28:46.145 7 WARNING neutron.scheduler.dhcp_agent_scheduler [None req-60ec11a4-f6e8-49c6-9335-799cd5b5e207 fb03a930f703488491fc57cec8aeb85e 985cfe32ffd14a8bbef0041fbd659bdd - - default default] No more DHCP agents
2026-05-07 01:28:46.148 7 WARNING neutron.api.rpc.agentnotifiers.dhcp_rpc_agent_api [None req-60ec11a4-f6e8-49c6-9335-799cd5b5e207 fb03a930f703488491fc57cec8aeb85e 985cfe32ffd14a8bbef0041fbd659bdd - - default default] Unable to schedule network 274da535-b4c5-4946-a1fd-5c796bb2f038: no agents available; will retry on subsequent port and subnet creation events.
2026-05-07 01:28:46.204 7 INFO neutron.plugins.ml2.drivers.ovn.mech_driver.mech_driver [None req-a827bd10-b817-416c-95ec-a22ae0b29f4d - - - - - -] OVN reports status down for port: a86c3c8f-1fdd-46a6-9395-9005250bb00a
2026-05-07 01:28:46.303 8 INFO neutron.db.ovn_revision_numbers_db [None req-216f41d2-1343-4b7a-ad74-445b4701e6d2 fb03a930f703488491fc57cec8aeb85e 985cfe32ffd14a8bbef0041fbd659bdd - - default default] Successfully bumped revision number for resource a86c3c8f-1fdd-46a6-9395-9005250bb00a (type: ports) to 1
2026-05-07 01:28:46.304 8 INFO neutron.db.ovn_revision_numbers_db [None req-6d0b09a0-25a3-4fd1-98b1-396a5c855de8 - - - - - -] Successfully bumped revision number for resource d7715dd9-a18a-43a1-a7d3-d03af2214765 (type: ports) to 5
2026-05-07 01:28:46.677 7 INFO neutron.db.ovn_revision_numbers_db [None req-60ec11a4-f6e8-49c6-9335-799cd5b5e207 fb03a930f703488491fc57cec8aeb85e 985cfe32ffd14a8bbef0041fbd659bdd - - default default] Successfully bumped revision number for resource 4dfee573-1cde-444f-9219-5620decd3150 (type: router_ports) to 1 [pid: 7|app: 0|req: 677/1434] 10.0.0.121 () {34 vars in 783 bytes} [Thu May 7 01:28:44 2026] PUT /v2.0/routers/4d291ecd-884e-4e66-881b-ee13c73a555b/add_router_interface => generated 309 bytes in 2165 msecs (HTTP/1.1 200) 4 headers in 157 bytes (1 switches on core 0) [pid: 7|app: 0|req: 678/1435] 10.0.0.212 () {30 vars in 668 bytes} [Thu May 7 01:28:46 2026] GET /v2.0/extensions/qos => generated 166 bytes in 5 msecs (HTTP/1.1 200) 4 headers in 157 bytes (1 switches on core 0)
2026-05-07 01:28:46.870 7 WARNING neutron.scheduler.dhcp_agent_scheduler [None req-495b6a0d-ef90-4a9c-b3e0-cc81c66c859e 3ee4f69240164f0ea24c7e9e65e29a7a dccee490f8df4e03b5e6526d6f50659f - - default default] No more DHCP agents
2026-05-07 01:28:46.872 7 WARNING neutron.api.rpc.agentnotifiers.dhcp_rpc_agent_api [None req-495b6a0d-ef90-4a9c-b3e0-cc81c66c859e 3ee4f69240164f0ea24c7e9e65e29a7a dccee490f8df4e03b5e6526d6f50659f - - default default] Unable to schedule network 5a053484-bef1-4856-8e2b-849d7a69df4b: no agents available; will retry on subsequent port and subnet creation events.
2026-05-07 01:28:47.265 8 INFO neutron.db.ovn_revision_numbers_db [None req-00d75d3e-6e52-47fd-9193-2d3168f5d7ca - - - - - -] Successfully bumped revision number for resource 4dfee573-1cde-444f-9219-5620decd3150 (type: ports) to 2
2026-05-07 01:28:47.350 7 INFO neutron.db.ovn_revision_numbers_db [None req-8edf82f6-f528-43ba-a66b-17cf9d5a150a - - - - - -] Successfully bumped revision number for resource 49e217d1-b86f-4ea4-93b1-83c572032a5e (type: ports) to 2
2026-05-07 01:28:47.386 7 INFO neutron.db.ovn_revision_numbers_db [None req-8edf82f6-f528-43ba-a66b-17cf9d5a150a - - - - - -] Successfully bumped revision number for resource d536ccb5-d597-4ca6-8f27-fa6047db8667 (type: subnets) to 0 [pid: 7|app: 0|req: 679/1436] 10.0.0.121 () {34 vars in 669 bytes} [Thu May 7 01:28:46 2026] POST /v2.0/subnets => generated 626 bytes in 715 msecs (HTTP/1.1 201) 4 headers in 162 bytes (1 switches on core 0) [pid: 7|app: 0|req: 682/1439] 10.0.0.212 () {30 vars in 704 bytes} [Thu May 7 01:28:47 2026] GET /v2.0/extensions/allowed-address-pairs => generated 184 bytes in 5 msecs (HTTP/1.1 200) 4 headers in 157 bytes (1 switches on core 0)
2026-05-07 01:28:47.532 7 INFO neutron.db.ovn_revision_numbers_db [None req-0ee5e46a-817a-4ece-a680-f62e0a05bdda 6a76ebeab8d44194ba7f8eaad60c8e4e bd9ef4f6f3314a1fbab26f92aa8cbefa - - default default] Successfully bumped revision number for resource 041b5cc4-c7f9-453d-99d7-53407e364a38 (type: security_groups) to 1
2026-05-07 01:28:47.544 7 INFO neutron.db.ovn_revision_numbers_db [None req-0ee5e46a-817a-4ece-a680-f62e0a05bdda 6a76ebeab8d44194ba7f8eaad60c8e4e bd9ef4f6f3314a1fbab26f92aa8cbefa - - default default] Successfully bumped revision number for resource 819004a4-4400-4cb2-87a0-415ecf0a1533 (type: security_group_rules) to 0
2026-05-07 01:28:47.563 7 INFO neutron.db.ovn_revision_numbers_db [None req-0ee5e46a-817a-4ece-a680-f62e0a05bdda 6a76ebeab8d44194ba7f8eaad60c8e4e bd9ef4f6f3314a1fbab26f92aa8cbefa - - default default] Successfully bumped revision number for resource d670d565-73cd-4058-94dc-d3272ddf4d29 (type: security_group_rules) to 0 [pid: 7|app: 0|req: 683/1440] 10.0.0.121 () {34 vars in 685 bytes} [Thu May 7 01:28:47 2026] POST /v2.0/security-groups => generated 1673 bytes in 186 msecs (HTTP/1.1 201) 4 headers in 163 bytes (1 switches on core 0)
2026-05-07 01:28:47.632 8 INFO neutron.plugins.ml2.drivers.ovn.mech_driver.ovsdb.commands [None req-a02f5dc0-5e82-40eb-9b63-d2bd1866e216 - - - - - -] Schedule LRP lrp-a86c3c8f-1fdd-46a6-9395-9005250bb00a on gateway d8d8536c-9719-4682-a1d0-2a6100716221 with priority 1
2026-05-07 01:28:47.698 8 INFO neutron.db.ovn_revision_numbers_db [None req-216f41d2-1343-4b7a-ad74-445b4701e6d2 fb03a930f703488491fc57cec8aeb85e 985cfe32ffd14a8bbef0041fbd659bdd - - default default] Successfully bumped revision number for resource a86c3c8f-1fdd-46a6-9395-9005250bb00a (type: router_ports) to 1
2026-05-07 01:28:47.737 7 INFO neutron.plugins.ml2.drivers.ovn.mech_driver.ovsdb.ovsdb_monitor [None req-b4d72d74-4066-44c1-a284-2418ba74854d - - - - - -] Router bbcde862-d37b-441c-9893-5bd92d7cf736 is bound to host instance
2026-05-07 01:28:47.759 7 INFO neutron.plugins.ml2.drivers.ovn.mech_driver.mech_driver [None req-a827bd10-b817-416c-95ec-a22ae0b29f4d - - - - - -] OVN reports status up for port: a86c3c8f-1fdd-46a6-9395-9005250bb00a
2026-05-07 01:28:47.791 8 INFO neutron.db.ovn_revision_numbers_db [None req-216f41d2-1343-4b7a-ad74-445b4701e6d2 fb03a930f703488491fc57cec8aeb85e 985cfe32ffd14a8bbef0041fbd659bdd - - default default] Successfully bumped revision number for resource bbcde862-d37b-441c-9893-5bd92d7cf736 (type: routers) to 2
2026-05-07 01:28:47.833 7 INFO neutron.plugins.ml2.plugin [None req-a827bd10-b817-416c-95ec-a22ae0b29f4d - - - - - -] Attempt 1 to provision port a86c3c8f-1fdd-46a6-9395-9005250bb00a [pid: 8|app: 0|req: 758/1441] 10.0.0.121 () {34 vars in 669 bytes} [Thu May 7 01:28:45 2026] POST /v2.0/routers => generated 969 bytes in 2801 msecs (HTTP/1.1 201) 4 headers in 162 bytes (1 switches on core 0)
2026-05-07 01:28:48.036 8 INFO neutron.db.ovn_revision_numbers_db [None req-217db6e6-4353-4d53-9125-3568f08dd996 6a76ebeab8d44194ba7f8eaad60c8e4e bd9ef4f6f3314a1fbab26f92aa8cbefa - - default default] Successfully bumped revision number for resource 8834c101-9204-436f-b4d6-97639300a4dc (type: security_group_rules) to 0 [pid: 8|app: 0|req: 759/1442] 10.0.0.121 () {34 vars in 695 bytes} [Thu May 7 01:28:47 2026] POST /v2.0/security-group-rules => generated 597 bytes in 270 msecs (HTTP/1.1 201) 4 headers in 162 bytes (1 switches on core 0)
2026-05-07 01:28:48.205 7 WARNING neutron.scheduler.dhcp_agent_scheduler [None req-3e031ad6-e2b7-4696-b3cc-ee58d545e315 3ee4f69240164f0ea24c7e9e65e29a7a dccee490f8df4e03b5e6526d6f50659f - - default default] No more DHCP agents
2026-05-07 01:28:48.215 7 WARNING neutron.api.rpc.agentnotifiers.dhcp_rpc_agent_api [None req-3e031ad6-e2b7-4696-b3cc-ee58d545e315 3ee4f69240164f0ea24c7e9e65e29a7a dccee490f8df4e03b5e6526d6f50659f - - default default] Unable to schedule network 86e4932f-36be-41d2-9038-08b375966af0: no agents available; will retry on subsequent port and subnet creation events.
2026-05-07 01:28:48.564 8 WARNING neutron.scheduler.dhcp_agent_scheduler [None req-55036d3d-093b-4e75-9733-e520dc47bf94 fb03a930f703488491fc57cec8aeb85e 985cfe32ffd14a8bbef0041fbd659bdd - - default default] No more DHCP agents
2026-05-07 01:28:48.565 8 WARNING neutron.api.rpc.agentnotifiers.dhcp_rpc_agent_api [None req-55036d3d-093b-4e75-9733-e520dc47bf94 fb03a930f703488491fc57cec8aeb85e 985cfe32ffd14a8bbef0041fbd659bdd - - default default] Unable to schedule network 09e7481f-35d1-42f8-962f-76b820d5c711: no agents available; will retry on subsequent port and subnet creation events.
2026-05-07 01:28:48.713 8 INFO neutron.db.ovn_revision_numbers_db [None req-55036d3d-093b-4e75-9733-e520dc47bf94 fb03a930f703488491fc57cec8aeb85e 985cfe32ffd14a8bbef0041fbd659bdd - - default default] Successfully bumped revision number for resource a75d1e52-79ca-4670-89f7-fb1e75e3198a (type: ports) to 1
2026-05-07 01:28:49.168 7 INFO neutron.db.ovn_revision_numbers_db [None req-b5f3e14a-29c9-4f32-b26a-e11c0edfdace - - - - - -] Successfully bumped revision number for resource c33fe715-9c40-4a45-bdb7-3d97b6c46405 (type: ports) to 2
2026-05-07 01:28:49.259 7 INFO neutron.db.ovn_revision_numbers_db [None req-b5f3e14a-29c9-4f32-b26a-e11c0edfdace - - - - - -] Successfully bumped revision number for resource 0add1fd1-e14d-4d6b-a766-af3f1736481c (type: subnets) to 0 [pid: 7|app: 0|req: 684/1443] 10.0.0.121 () {34 vars in 669 bytes} [Thu May 7 01:28:47 2026] POST /v2.0/subnets => generated 626 bytes in 1684 msecs (HTTP/1.1 201) 4 headers in 162 bytes (1 switches on core 0) [pid: 7|app: 0|req: 685/1444] 10.0.0.212 () {28 vars in 439 bytes} [Thu May 7 01:28:49 2026] GET / => generated 151 bytes in 3 msecs (HTTP/1.1 200) 3 headers in 91 bytes (1 switches on core 0)
2026-05-07 01:28:49.306 8 WARNING neutron.scheduler.dhcp_agent_scheduler [None req-55036d3d-093b-4e75-9733-e520dc47bf94 fb03a930f703488491fc57cec8aeb85e 985cfe32ffd14a8bbef0041fbd659bdd - - default default] No more DHCP agents
2026-05-07 01:28:49.308 8 WARNING neutron.api.rpc.agentnotifiers.dhcp_rpc_agent_api [None req-55036d3d-093b-4e75-9733-e520dc47bf94 fb03a930f703488491fc57cec8aeb85e 985cfe32ffd14a8bbef0041fbd659bdd - - default default] Unable to schedule network 09e7481f-35d1-42f8-962f-76b820d5c711: no agents available; will retry on subsequent port and subnet creation events.
2026-05-07 01:28:49.510 7 INFO neutron.db.ovn_revision_numbers_db [None req-b85e92c0-77cf-4b24-9283-b7c6308de278 - - - - - -] Successfully bumped revision number for resource a86c3c8f-1fdd-46a6-9395-9005250bb00a (type: ports) to 4
