2026-05-07 01:27:53.620 7 INFO neutron_taas.services.taas.tap_mirror_plugin [None req-baf82b90-dc43-43fb-afe2-c9d7cebb0ed5 2eddbc946d4d4b6eab4f44f48f546451 01b0a350e31f4de492a585fdc89003e2 - - default default] Tap Mirror: Handle Delete Port: 497d86d0-11fc-48b3-b80b-042c1534a7f6 [pid: 7|app: 0|req: 518/1105] 10.0.0.121 () {32 vars in 720 bytes} [Thu May 7 01:27:53 2026] DELETE /v2.0/ports/497d86d0-11fc-48b3-b80b-042c1534a7f6 => generated 0 bytes in 260 msecs (HTTP/1.1 204) 3 headers in 131 bytes (1 switches on core 0) [pid: 7|app: 0|req: 519/1106] 10.0.0.121 () {32 vars in 724 bytes} [Thu May 7 01:27:53 2026] DELETE /v2.0/subnets/97012a15-87ff-4832-9e97-44ced273ef0b => generated 0 bytes in 139 msecs (HTTP/1.1 204) 3 headers in 131 bytes (1 switches on core 0) [pid: 7|app: 0|req: 520/1107] 199.204.45.77 () {34 vars in 1079 bytes} [Thu May 7 01:27:53 2026] GET /v2.0/ports?tenant_id=9a6823a5832f450587f194fb38c8ef20&device_id=b8b8837f-fd72-4905-a150-2902d7bcb582 => generated 1436 bytes in 33 msecs (HTTP/1.1 200) 4 headers in 158 bytes (1 switches on core 0)
2026-05-07 01:27:54.026 8 INFO neutron.db.ovn_revision_numbers_db [None req-aea617fc-3f1f-4970-bea7-134cb772eb07 - - - - - -] Successfully bumped revision number for resource b462bd34-5201-44f3-980e-b91759f5b5ab (type: ports) to 2
2026-05-07 01:27:54.027 7 INFO neutron_taas.services.taas.taas_plugin [None req-78a3a09d-ec24-447f-8e86-682f1a92156c 2eddbc946d4d4b6eab4f44f48f546451 01b0a350e31f4de492a585fdc89003e2 - - default default] TaaS: Handle Delete Port: a6e0585b-07db-472a-890e-7a01935f1a26
2026-05-07 01:27:54.030 7 INFO neutron_taas.services.taas.tap_mirror_plugin [None req-78a3a09d-ec24-447f-8e86-682f1a92156c 2eddbc946d4d4b6eab4f44f48f546451 01b0a350e31f4de492a585fdc89003e2 - - default default] Tap Mirror: Handle Delete Port: a6e0585b-07db-472a-890e-7a01935f1a26
2026-05-07 01:27:54.056 8 INFO neutron.db.ovn_revision_numbers_db [None req-aea617fc-3f1f-4970-bea7-134cb772eb07 - - - - - -] Successfully bumped revision number for resource 3f7ac1e1-c69d-4be1-ac94-2652f4e6b193 (type: subnets) to 0 [pid: 8|app: 0|req: 588/1108] 10.0.0.121 () {34 vars in 669 bytes} [Thu May 7 01:27:53 2026] POST /v2.0/subnets => generated 694 bytes in 620 msecs (HTTP/1.1 201) 4 headers in 162 bytes (1 switches on core 0) [pid: 7|app: 0|req: 521/1109] 10.0.0.121 () {32 vars in 720 bytes} [Thu May 7 01:27:53 2026] DELETE /v2.0/ports/a6e0585b-07db-472a-890e-7a01935f1a26 => generated 0 bytes in 239 msecs (HTTP/1.1 204) 3 headers in 131 bytes (1 switches on core 0) [pid: 7|app: 0|req: 522/1110] 199.204.45.77 () {34 vars in 1017 bytes} [Thu May 7 01:27:54 2026] GET /v2.0/networks?tenant_id=9a6823a5832f450587f194fb38c8ef20&shared=False => generated 2500 bytes in 43 msecs (HTTP/1.1 200) 4 headers in 158 bytes (1 switches on core 0)
2026-05-07 01:27:54.192 8 INFO neutron_taas.services.taas.taas_plugin [None req-0acd3af3-a660-45df-b966-b3b1991cc6dd 67c895c0a3e345a0a71324736edb8d84 bb519ba6946b47f189772305368a9038 - - default default] TaaS: Handle Delete Port: 3c9d0c30-f001-4fd6-b269-94cd781ecfca
2026-05-07 01:27:54.195 8 INFO neutron_taas.services.taas.tap_mirror_plugin [None req-0acd3af3-a660-45df-b966-b3b1991cc6dd 67c895c0a3e345a0a71324736edb8d84 bb519ba6946b47f189772305368a9038 - - default default] Tap Mirror: Handle Delete Port: 3c9d0c30-f001-4fd6-b269-94cd781ecfca
2026-05-07 01:27:54.393 8 INFO neutron.services.segments.plugin [-] Segment 131b76f7-6823-4f06-b2d2-30cd9814a42c resource provider aggregate not found
2026-05-07 01:27:54.396 8 INFO neutron.services.segments.plugin [-] Segment 131b76f7-6823-4f06-b2d2-30cd9814a42c resource provider aggregate not found
2026-05-07 01:27:54.413 8 INFO neutron.services.segments.plugin [-] Segment 131b76f7-6823-4f06-b2d2-30cd9814a42c resource provider not found; error: Placement Client Error (4xx): {"errors": [{"status": 404, "title": "Not Found", "detail": "The resource could not be found.\n\n No resource provider with uuid 131b76f7-6823-4f06-b2d2-30cd9814a42c found for delete ", "request_id": "req-cac59d62-522e-464d-bfae-a8602b0648d4"}]}
2026-05-07 01:27:54.416 8 INFO neutron.services.segments.plugin [-] Segment 131b76f7-6823-4f06-b2d2-30cd9814a42c resource provider not found; error: Placement Client Error (4xx): {"errors": [{"status": 404, "title": "Not Found", "detail": "The resource could not be found.\n\n No resource provider with uuid 131b76f7-6823-4f06-b2d2-30cd9814a42c found for delete ", "request_id": "req-2fdca91f-deee-4e2a-bc51-2d73374f0d06"}]} [pid: 8|app: 0|req: 589/1111] 10.0.0.121 () {32 vars in 726 bytes} [Thu May 7 01:27:54 2026] DELETE /v2.0/networks/e54c8ece-188e-48e6-a8dd-300f3e8264ff => generated 0 bytes in 369 msecs (HTTP/1.1 204) 3 headers in 131 bytes (1 switches on core 0)
2026-05-07 01:27:54.515 7 WARNING neutron.scheduler.dhcp_agent_scheduler [None req-6100121f-9e08-4a87-8a5a-02ad4734825b fb03a930f703488491fc57cec8aeb85e 985cfe32ffd14a8bbef0041fbd659bdd - - default default] No more DHCP agents
2026-05-07 01:27:54.516 7 WARNING neutron.api.rpc.agentnotifiers.dhcp_rpc_agent_api [None req-6100121f-9e08-4a87-8a5a-02ad4734825b fb03a930f703488491fc57cec8aeb85e 985cfe32ffd14a8bbef0041fbd659bdd - - default default] Unable to schedule network c1e9a346-5685-445e-83bb-d7cb20034f45: no agents available; will retry on subsequent port and subnet creation events. [pid: 8|app: 0|req: 590/1112] 10.0.0.121 () {32 vars in 643 bytes} [Thu May 7 01:27:54 2026] GET /v2.0/ports => generated 1523 bytes in 95 msecs (HTTP/1.1 200) 4 headers in 158 bytes (1 switches on core 0) [pid: 8|app: 0|req: 591/1113] 199.204.45.77 () {34 vars in 929 bytes} [Thu May 7 01:27:54 2026] GET /v2.0/networks?shared=True => generated 791 bytes in 57 msecs (HTTP/1.1 200) 4 headers in 157 bytes (1 switches on core 0)
2026-05-07 01:27:54.621 7 INFO neutron.db.ovn_revision_numbers_db [None req-6100121f-9e08-4a87-8a5a-02ad4734825b fb03a930f703488491fc57cec8aeb85e 985cfe32ffd14a8bbef0041fbd659bdd - - default default] Successfully bumped revision number for resource fa4ee28a-319c-4298-b5ac-0684df762182 (type: ports) to 1
2026-05-07 01:27:54.634 8 INFO neutron.plugins.ml2.drivers.ovn.mech_driver.mech_driver [None req-ef0fa9e1-25cc-4faa-91c5-ed93095eb67a - - - - - -] OVN reports status down for port: fa4ee28a-319c-4298-b5ac-0684df762182
2026-05-07 01:27:54.891 8 WARNING neutron.scheduler.dhcp_agent_scheduler [None req-87c7809b-da18-4125-8860-2558464786d8 67c895c0a3e345a0a71324736edb8d84 bb519ba6946b47f189772305368a9038 - - default default] No more DHCP agents
2026-05-07 01:27:54.893 8 WARNING neutron.api.rpc.agentnotifiers.dhcp_rpc_agent_api [None req-87c7809b-da18-4125-8860-2558464786d8 67c895c0a3e345a0a71324736edb8d84 bb519ba6946b47f189772305368a9038 - - default default] Unable to schedule network 2464df0c-c520-4bad-afb2-467a0b19343e: no agents available; will retry on subsequent port and subnet creation events.
2026-05-07 01:27:54.962 7 INFO neutron.plugins.ml2.drivers.ovn.mech_driver.mech_driver [None req-a4925084-9d54-472d-822d-39475e8b09ed - - - - - -] OVN reports status down for port: 96eb4df7-0e3b-4a2c-b349-c3cbfceda051
2026-05-07 01:27:54.968 8 INFO neutron.db.ovn_revision_numbers_db [None req-87c7809b-da18-4125-8860-2558464786d8 67c895c0a3e345a0a71324736edb8d84 bb519ba6946b47f189772305368a9038 - - default default] Successfully bumped revision number for resource 96eb4df7-0e3b-4a2c-b349-c3cbfceda051 (type: ports) to 1 [pid: 8|app: 0|req: 592/1114] 10.0.0.121 () {34 vars in 665 bytes} [Thu May 7 01:27:54 2026] POST /v2.0/ports => generated 773 bytes in 414 msecs (HTTP/1.1 201) 4 headers in 162 bytes (1 switches on core 0) /var/lib/openstack/lib/python3.12/site-packages/pycadf/identifier.py:70: UserWarning: Invalid uuid: neutron. To ensure interoperability, identifiers should be a valid uuid. warnings.warn(('Invalid uuid: %s. To ensure interoperability, '
2026-05-07 01:27:55.092 8 INFO neutron.db.segments_db [None req-bb3aae39-77be-49a8-ba83-8bef69683865 2eddbc946d4d4b6eab4f44f48f546451 01b0a350e31f4de492a585fdc89003e2 - - default default] Added segment 571ae8e5-2753-4dca-b213-fcd3002e77fc of type geneve for network d6a6679e-8fd1-4866-ac3e-c789ccbc3c54
2026-05-07 01:27:55.179 8 INFO neutron.db.ovn_revision_numbers_db [None req-bb3aae39-77be-49a8-ba83-8bef69683865 2eddbc946d4d4b6eab4f44f48f546451 01b0a350e31f4de492a585fdc89003e2 - - default default] Successfully bumped revision number for resource d6a6679e-8fd1-4866-ac3e-c789ccbc3c54 (type: networks) to 1
2026-05-07 01:27:55.190 7 INFO neutron.plugins.ml2.drivers.ovn.mech_driver.ovsdb.commands [None req-381667d3-2518-44db-b22c-7f2659d1062a - - - - - -] Schedule LRP lrp-fa4ee28a-319c-4298-b5ac-0684df762182 on gateway d8d8536c-9719-4682-a1d0-2a6100716221 with priority 1
2026-05-07 01:27:55.238 8 INFO neutron.plugins.ml2.drivers.ovn.mech_driver.mech_driver [None req-ef0fa9e1-25cc-4faa-91c5-ed93095eb67a - - - - - -] OVN reports status up for port: fa4ee28a-319c-4298-b5ac-0684df762182
2026-05-07 01:27:55.261 8 INFO neutron.plugins.ml2.plugin [None req-ef0fa9e1-25cc-4faa-91c5-ed93095eb67a - - - - - -] Attempt 1 to provision port fa4ee28a-319c-4298-b5ac-0684df762182
2026-05-07 01:27:55.265 7 INFO neutron.db.ovn_revision_numbers_db [None req-6100121f-9e08-4a87-8a5a-02ad4734825b fb03a930f703488491fc57cec8aeb85e 985cfe32ffd14a8bbef0041fbd659bdd - - default default] Successfully bumped revision number for resource fa4ee28a-319c-4298-b5ac-0684df762182 (type: router_ports) to 1
2026-05-07 01:27:55.283 8 INFO neutron.plugins.ml2.drivers.ovn.mech_driver.ovsdb.ovsdb_monitor [None req-e480b506-9bdf-4880-93f6-ef92b9b624f2 - - - - - -] Router 44b4d15e-8b70-4a2c-a61f-5049fbb4a858 is bound to host instance
2026-05-07 01:27:55.346 7 INFO neutron.db.ovn_revision_numbers_db [None req-6100121f-9e08-4a87-8a5a-02ad4734825b fb03a930f703488491fc57cec8aeb85e 985cfe32ffd14a8bbef0041fbd659bdd - - default default] Successfully bumped revision number for resource 44b4d15e-8b70-4a2c-a61f-5049fbb4a858 (type: routers) to 2 [pid: 7|app: 0|req: 523/1115] 10.0.0.121 () {34 vars in 669 bytes} [Thu May 7 01:27:54 2026] POST /v2.0/routers => generated 972 bytes in 1171 msecs (HTTP/1.1 201) 4 headers in 162 bytes (1 switches on core 0)
2026-05-07 01:27:55.526 8 WARNING neutron.scheduler.dhcp_agent_scheduler [None req-bb3aae39-77be-49a8-ba83-8bef69683865 2eddbc946d4d4b6eab4f44f48f546451 01b0a350e31f4de492a585fdc89003e2 - - default default] No more DHCP agents
2026-05-07 01:27:55.532 8 WARNING neutron.api.rpc.agentnotifiers.dhcp_rpc_agent_api [None req-bb3aae39-77be-49a8-ba83-8bef69683865 2eddbc946d4d4b6eab4f44f48f546451 01b0a350e31f4de492a585fdc89003e2 - - default default] Unable to schedule network d6a6679e-8fd1-4866-ac3e-c789ccbc3c54: no agents available; will retry on subsequent port and subnet creation events.
2026-05-07 01:27:55.572 7 INFO neutron.plugins.ml2.drivers.ovn.mech_driver.mech_driver [None req-a4925084-9d54-472d-822d-39475e8b09ed - - - - - -] OVN reports status down for port: 96eb4df7-0e3b-4a2c-b349-c3cbfceda051
2026-05-07 01:27:55.646 7 INFO neutron.db.ovn_revision_numbers_db [None req-e99b6e8b-4e79-41d2-8af6-153476efe9ff 67c895c0a3e345a0a71324736edb8d84 bb519ba6946b47f189772305368a9038 - - default default] Successfully bumped revision number for resource 96eb4df7-0e3b-4a2c-b349-c3cbfceda051 (type: ports) to 2
2026-05-07 01:27:55.701 8 INFO neutron.db.ovn_revision_numbers_db [None req-bb3aae39-77be-49a8-ba83-8bef69683865 2eddbc946d4d4b6eab4f44f48f546451 01b0a350e31f4de492a585fdc89003e2 - - default default] Successfully bumped revision number for resource a7f3de35-42d2-409d-8527-8b320c69abf4 (type: ports) to 1
2026-05-07 01:27:55.716 7 INFO neutron.plugins.ml2.drivers.ovn.mech_driver.mech_driver [None req-a4925084-9d54-472d-822d-39475e8b09ed - - - - - -] OVN reports status down for port: a7f3de35-42d2-409d-8527-8b320c69abf4 [pid: 7|app: 0|req: 524/1116] 10.0.0.121 () {34 vars in 737 bytes} [Thu May 7 01:27:55 2026] PUT /v2.0/ports/96eb4df7-0e3b-4a2c-b349-c3cbfceda051 => generated 752 bytes in 365 msecs (HTTP/1.1 200) 4 headers in 157 bytes (1 switches on core 0) /var/lib/openstack/lib/python3.12/site-packages/pycadf/identifier.py:70: UserWarning: Invalid uuid: neutron. To ensure interoperability, identifiers should be a valid uuid. warnings.warn(('Invalid uuid: %s. To ensure interoperability, ' [pid: 8|app: 0|req: 593/1117] 10.0.0.121 () {34 vars in 670 bytes} [Thu May 7 01:27:55 2026] POST /v2.0/networks => generated 673 bytes in 736 msecs (HTTP/1.1 201) 4 headers in 162 bytes (1 switches on core 0) [pid: 8|app: 0|req: 594/1118] 199.204.45.77 () {34 vars in 1079 bytes} [Thu May 7 01:27:55 2026] GET /v2.0/ports?tenant_id=9a6823a5832f450587f194fb38c8ef20&device_id=b8b8837f-fd72-4905-a150-2902d7bcb582 => generated 1436 bytes in 64 msecs (HTTP/1.1 200) 4 headers in 158 bytes (1 switches on core 0)
2026-05-07 01:27:56.017 8 INFO neutron_taas.services.taas.taas_plugin [None req-bab0da2f-d6ca-400c-8ef6-f1900f095be0 67c895c0a3e345a0a71324736edb8d84 bb519ba6946b47f189772305368a9038 - - default default] TaaS: Handle Delete Port: 96eb4df7-0e3b-4a2c-b349-c3cbfceda051
2026-05-07 01:27:56.025 8 INFO neutron_taas.services.taas.tap_mirror_plugin [None req-bab0da2f-d6ca-400c-8ef6-f1900f095be0 67c895c0a3e345a0a71324736edb8d84 bb519ba6946b47f189772305368a9038 - - default default] Tap Mirror: Handle Delete Port: 96eb4df7-0e3b-4a2c-b349-c3cbfceda051 [pid: 8|app: 0|req: 595/1119] 10.0.0.121 () {32 vars in 720 bytes} [Thu May 7 01:27:55 2026] DELETE /v2.0/ports/96eb4df7-0e3b-4a2c-b349-c3cbfceda051 => generated 0 bytes in 401 msecs (HTTP/1.1 204) 3 headers in 131 bytes (1 switches on core 0)
2026-05-07 01:27:56.247 7 WARNING neutron.scheduler.dhcp_agent_scheduler [None req-c082deef-6cc9-413e-9792-345e7415492d fb03a930f703488491fc57cec8aeb85e 985cfe32ffd14a8bbef0041fbd659bdd - - default default] No more DHCP agents
2026-05-07 01:27:56.249 7 WARNING neutron.api.rpc.agentnotifiers.dhcp_rpc_agent_api [None req-c082deef-6cc9-413e-9792-345e7415492d fb03a930f703488491fc57cec8aeb85e 985cfe32ffd14a8bbef0041fbd659bdd - - default default] Unable to schedule network e8df2ca7-1e93-4f4b-89e6-d6a5ee1b5cfd: no agents available; will retry on subsequent port and subnet creation events.
2026-05-07 01:27:56.327 8 INFO neutron.db.segments_db [None req-6d37970a-f2ac-4505-b512-15685501c9f9 2eddbc946d4d4b6eab4f44f48f546451 01b0a350e31f4de492a585fdc89003e2 - - default default] Added segment 3f3ad525-2eaa-4e25-8528-4501ec5cc502 of type geneve for network a5f0d1ae-0e2a-44f8-905e-c35e21953845
2026-05-07 01:27:56.368 7 INFO neutron.plugins.ml2.drivers.ovn.mech_driver.mech_driver [None req-a4925084-9d54-472d-822d-39475e8b09ed - - - - - -] OVN reports status down for port: 9b78bd0a-2b2b-40d3-ac44-349fea2793c7
2026-05-07 01:27:56.433 7 INFO neutron.db.ovn_revision_numbers_db [None req-c082deef-6cc9-413e-9792-345e7415492d fb03a930f703488491fc57cec8aeb85e 985cfe32ffd14a8bbef0041fbd659bdd - - default default] Successfully bumped revision number for resource 9b78bd0a-2b2b-40d3-ac44-349fea2793c7 (type: ports) to 1
2026-05-07 01:27:56.584 8 INFO neutron.db.ovn_revision_numbers_db [None req-6d37970a-f2ac-4505-b512-15685501c9f9 2eddbc946d4d4b6eab4f44f48f546451 01b0a350e31f4de492a585fdc89003e2 - - default default] Successfully bumped revision number for resource a5f0d1ae-0e2a-44f8-905e-c35e21953845 (type: networks) to 1
2026-05-07 01:27:56.839 8 INFO neutron.db.ovn_revision_numbers_db [None req-efe93b19-97f5-4042-9bbd-97b1325814fc - - - - - -] Successfully bumped revision number for resource fa4ee28a-319c-4298-b5ac-0684df762182 (type: ports) to 4
2026-05-07 01:27:56.942 8 WARNING neutron.scheduler.dhcp_agent_scheduler [None req-6d37970a-f2ac-4505-b512-15685501c9f9 2eddbc946d4d4b6eab4f44f48f546451 01b0a350e31f4de492a585fdc89003e2 - - default default] No more DHCP agents
2026-05-07 01:27:56.949 8 WARNING neutron.api.rpc.agentnotifiers.dhcp_rpc_agent_api [None req-6d37970a-f2ac-4505-b512-15685501c9f9 2eddbc946d4d4b6eab4f44f48f546451 01b0a350e31f4de492a585fdc89003e2 - - default default] Unable to schedule network a5f0d1ae-0e2a-44f8-905e-c35e21953845: no agents available; will retry on subsequent port and subnet creation events.
2026-05-07 01:27:57.035 7 INFO neutron.plugins.ml2.drivers.ovn.mech_driver.mech_driver [None req-a4925084-9d54-472d-822d-39475e8b09ed - - - - - -] OVN reports status up for port: 9b78bd0a-2b2b-40d3-ac44-349fea2793c7
2026-05-07 01:27:57.072 7 INFO neutron.plugins.ml2.plugin [None req-a4925084-9d54-472d-822d-39475e8b09ed - - - - - -] Attempt 1 to provision port 9b78bd0a-2b2b-40d3-ac44-349fea2793c7
2026-05-07 01:27:57.135 8 INFO neutron.db.ovn_revision_numbers_db [None req-6d37970a-f2ac-4505-b512-15685501c9f9 2eddbc946d4d4b6eab4f44f48f546451 01b0a350e31f4de492a585fdc89003e2 - - default default] Successfully bumped revision number for resource 05497c33-31c2-4176-a3c4-b1f5894cf9d0 (type: ports) to 1 [pid: 8|app: 0|req: 596/1120] 10.0.0.121 () {34 vars in 670 bytes} [Thu May 7 01:27:56 2026] POST /v2.0/networks => generated 672 bytes in 969 msecs (HTTP/1.1 201) 4 headers in 162 bytes (1 switches on core 0)
2026-05-07 01:27:57.194 7 WARNING neutron.scheduler.dhcp_agent_scheduler [None req-c082deef-6cc9-413e-9792-345e7415492d fb03a930f703488491fc57cec8aeb85e 985cfe32ffd14a8bbef0041fbd659bdd - - default default] No more DHCP agents
2026-05-07 01:27:57.196 7 WARNING neutron.api.rpc.agentnotifiers.dhcp_rpc_agent_api [None req-c082deef-6cc9-413e-9792-345e7415492d fb03a930f703488491fc57cec8aeb85e 985cfe32ffd14a8bbef0041fbd659bdd - - default default] Unable to schedule network e8df2ca7-1e93-4f4b-89e6-d6a5ee1b5cfd: no agents available; will retry on subsequent port and subnet creation events. [pid: 8|app: 0|req: 597/1121] 199.204.45.77 () {34 vars in 1057 bytes} [Thu May 7 01:27:57 2026] GET /v2.0/floatingips?fixed_ip_address=10.2.1.132&port_id=d990b909-1173-4f7d-954f-68da07217eed => generated 19 bytes in 35 msecs (HTTP/1.1 200) 4 headers in 156 bytes (1 switches on core 0) [pid: 8|app: 0|req: 598/1122] 10.0.0.121 () {32 vars in 643 bytes} [Thu May 7 01:27:57 2026] GET /v2.0/ports => generated 1532 bytes in 85 msecs (HTTP/1.1 200) 4 headers in 158 bytes (1 switches on core 0) [pid: 8|app: 0|req: 599/1123] 199.204.45.77 () {34 vars in 1103 bytes} [Thu May 7 01:27:57 2026] GET /v2.0/floatingips?fixed_ip_address=fd7b%3Af9f7%3Afff%3A4eca%3A%3A37d&port_id=d990b909-1173-4f7d-954f-68da07217eed => generated 19 bytes in 46 msecs (HTTP/1.1 200) 4 headers in 156 bytes (1 switches on core 0)
2026-05-07 01:27:57.393 8 INFO neutron.pecan_wsgi.hooks.translation [None req-674913bf-8413-485b-95fc-4d231a459a06 67c895c0a3e345a0a71324736edb8d84 bb519ba6946b47f189772305368a9038 - - default default] GET failed (client error): The resource could not be found. [pid: 8|app: 0|req: 600/1124] 10.0.0.121 () {32 vars in 717 bytes} [Thu May 7 01:27:57 2026] GET /v2.0/ports/96eb4df7-0e3b-4a2c-b349-c3cbfceda051 => generated 132 bytes in 46 msecs (HTTP/1.1 404) 4 headers in 164 bytes (1 switches on core 0) [pid: 8|app: 0|req: 601/1125] 199.204.45.77 () {34 vars in 1063 bytes} [Thu May 7 01:27:57 2026] GET /v2.0/subnets?id=fc157376-473c-440a-82f6-a8a3d260ee8b&id=d55ec546-0ddf-4668-a18e-2378f0948b20 => generated 1410 bytes in 67 msecs (HTTP/1.1 200) 4 headers in 158 bytes (1 switches on core 0)
2026-05-07 01:27:57.515 8 INFO neutron.db.ovn_revision_numbers_db [None req-efe93b19-97f5-4042-9bbd-97b1325814fc - - - - - -] Successfully bumped revision number for resource fa4ee28a-319c-4298-b5ac-0684df762182 (type: ports) to 5 [pid: 8|app: 0|req: 602/1126] 10.0.0.121 () {32 vars in 643 bytes} [Thu May 7 01:27:57 2026] GET /v2.0/ports => generated 1532 bytes in 90 msecs (HTTP/1.1 200) 4 headers in 158 bytes (1 switches on core 0) [pid: 8|app: 0|req: 603/1127] 199.204.45.77 () {34 vars in 1051 bytes} [Thu May 7 01:27:57 2026] GET /v2.0/ports?network_id=996af2e1-f3cf-48be-98a2-84486ac1be89&device_owner=network%3Adhcp => generated 12 bytes in 47 msecs (HTTP/1.1 200) 4 headers in 156 bytes (1 switches on core 0) [pid: 8|app: 0|req: 604/1128] 10.0.0.121 () {32 vars in 717 bytes} [Thu May 7 01:27:57 2026] GET /v2.0/ports/21a7d8c6-f83a-42ca-9e61-fc08938dc71e => generated 773 bytes in 73 msecs (HTTP/1.1 200) 4 headers in 157 bytes (1 switches on core 0) [pid: 8|app: 0|req: 605/1129] 199.204.45.77 () {34 vars in 1051 bytes} [Thu May 7 01:27:57 2026] GET /v2.0/ports?network_id=996af2e1-f3cf-48be-98a2-84486ac1be89&device_owner=network%3Adhcp => generated 12 bytes in 40 msecs (HTTP/1.1 200) 4 headers in 156 bytes (1 switches on core 0)
2026-05-07 01:27:57.801 7 INFO neutron.db.ovn_revision_numbers_db [None req-a4925084-9d54-472d-822d-39475e8b09ed - - - - - -] Successfully bumped revision number for resource 9b78bd0a-2b2b-40d3-ac44-349fea2793c7 (type: ports) to 2
2026-05-07 01:27:58.075 7 INFO neutron.db.ovn_revision_numbers_db [None req-c082deef-6cc9-413e-9792-345e7415492d fb03a930f703488491fc57cec8aeb85e 985cfe32ffd14a8bbef0041fbd659bdd - - default default] Successfully bumped revision number for resource 9b78bd0a-2b2b-40d3-ac44-349fea2793c7 (type: router_ports) to 1
2026-05-07 01:27:58.081 8 WARNING neutron.scheduler.dhcp_agent_scheduler [None req-3d3d857f-35ad-43c9-96b0-2a80dc818d4f 2eddbc946d4d4b6eab4f44f48f546451 01b0a350e31f4de492a585fdc89003e2 - - default default] No more DHCP agents [pid: 7|app: 0|req: 525/1130] 10.0.0.121 () {34 vars in 783 bytes} [Thu May 7 01:27:55 2026] PUT /v2.0/routers/44b4d15e-8b70-4a2c-a61f-5049fbb4a858/add_router_interface => generated 309 bytes in 2353 msecs (HTTP/1.1 200) 4 headers in 157 bytes (1 switches on core 0)
2026-05-07 01:27:58.083 8 WARNING neutron.api.rpc.agentnotifiers.dhcp_rpc_agent_api [None req-3d3d857f-35ad-43c9-96b0-2a80dc818d4f 2eddbc946d4d4b6eab4f44f48f546451 01b0a350e31f4de492a585fdc89003e2 - - default default] Unable to schedule network d6a6679e-8fd1-4866-ac3e-c789ccbc3c54: no agents available; will retry on subsequent port and subnet creation events.
2026-05-07 01:27:58.099 7 INFO neutron.pecan_wsgi.hooks.translation [None req-963ea798-bd8f-4ce0-b7d3-0fa493e8d136 67c895c0a3e345a0a71324736edb8d84 bb519ba6946b47f189772305368a9038 - - default default] DELETE failed (client error): The resource could not be found. [pid: 7|app: 0|req: 526/1131] 10.0.0.121 () {32 vars in 720 bytes} [Thu May 7 01:27:58 2026] DELETE /v2.0/ports/29311db7-be56-4a9f-a363-a6edeff36027 => generated 132 bytes in 20 msecs (HTTP/1.1 404) 4 headers in 164 bytes (1 switches on core 0)
2026-05-07 01:27:58.107 8 INFO neutron.db.ovn_revision_numbers_db [None req-3d3d857f-35ad-43c9-96b0-2a80dc818d4f 2eddbc946d4d4b6eab4f44f48f546451 01b0a350e31f4de492a585fdc89003e2 - - default default] Successfully bumped revision number for resource d595da86-48a6-4466-b025-3f324fbbb844 (type: subnets) to 0
2026-05-07 01:27:58.135 8 WARNING neutron.scheduler.dhcp_agent_scheduler [None req-3d3d857f-35ad-43c9-96b0-2a80dc818d4f 2eddbc946d4d4b6eab4f44f48f546451 01b0a350e31f4de492a585fdc89003e2 - - default default] No more DHCP agents
2026-05-07 01:27:58.137 8 WARNING neutron.api.rpc.agentnotifiers.dhcp_rpc_agent_api [None req-3d3d857f-35ad-43c9-96b0-2a80dc818d4f 2eddbc946d4d4b6eab4f44f48f546451 01b0a350e31f4de492a585fdc89003e2 - - default default] Unable to schedule network a5f0d1ae-0e2a-44f8-905e-c35e21953845: no agents available; will retry on subsequent port and subnet creation events. [pid: 7|app: 0|req: 527/1132] 199.204.45.77 () {34 vars in 1011 bytes} [Thu May 7 01:27:58 2026] GET /v2.0/networks/996af2e1-f3cf-48be-98a2-84486ac1be89?fields=segments => generated 14 bytes in 35 msecs (HTTP/1.1 200) 4 headers in 156 bytes (1 switches on core 0)
2026-05-07 01:27:58.149 7 INFO neutron.pecan_wsgi.hooks.translation [None req-d73cdbad-c8a8-4da9-8107-cbd3f4728843 67c895c0a3e345a0a71324736edb8d84 bb519ba6946b47f189772305368a9038 - - default default] DELETE failed (client error): The resource could not be found. [pid: 7|app: 0|req: 528/1133] 10.0.0.121 () {32 vars in 724 bytes} [Thu May 7 01:27:58 2026] DELETE /v2.0/subnets/97012a15-87ff-4832-9e97-44ced273ef0b => generated 136 bytes in 14 msecs (HTTP/1.1 404) 4 headers in 164 bytes (1 switches on core 0)
2026-05-07 01:27:58.169 8 INFO neutron.db.ovn_revision_numbers_db [None req-3d3d857f-35ad-43c9-96b0-2a80dc818d4f 2eddbc946d4d4b6eab4f44f48f546451 01b0a350e31f4de492a585fdc89003e2 - - default default] Successfully bumped revision number for resource 8214d3cb-47f4-4a29-a297-9c9bea2a3aa8 (type: subnets) to 0 [pid: 8|app: 0|req: 606/1134] 10.0.0.121 () {34 vars in 669 bytes} [Thu May 7 01:27:57 2026] POST /v2.0/subnets => generated 1324 bytes in 469 msecs (HTTP/1.1 201) 4 headers in 163 bytes (1 switches on core 0)
2026-05-07 01:27:58.200 8 INFO neutron.pecan_wsgi.hooks.translation [None req-37107b0a-af00-44b0-8d46-e7782f96301b 67c895c0a3e345a0a71324736edb8d84 bb519ba6946b47f189772305368a9038 - - default default] DELETE failed (client error): The resource could not be found. [pid: 8|app: 0|req: 607/1135] 10.0.0.121 () {32 vars in 724 bytes} [Thu May 7 01:27:58 2026] DELETE /v2.0/subnets/07187211-3a19-4751-8e50-20c1db74f342 => generated 136 bytes in 14 msecs (HTTP/1.1 404) 4 headers in 164 bytes (1 switches on core 0) [pid: 7|app: 0|req: 529/1136] 199.204.45.77 () {34 vars in 1111 bytes} [Thu May 7 01:27:58 2026] GET /v2.0/networks/996af2e1-f3cf-48be-98a2-84486ac1be89?fields=provider%3Aphysical_network&fields=provider%3Anetwork_type => generated 79 bytes in 49 msecs (HTTP/1.1 200) 4 headers in 156 bytes (1 switches on core 0) [pid: 7|app: 0|req: 530/1137] 10.0.0.121 () {32 vars in 647 bytes} [Thu May 7 01:27:58 2026] GET /v2.0/subnets => generated 1960 bytes in 31 msecs (HTTP/1.1 200) 4 headers in 158 bytes (1 switches on core 0) [pid: 8|app: 0|req: 608/1138] 10.0.0.124 () {34 vars in 990 bytes} [Thu May 7 01:27:58 2026] GET /v2.0/ports?device_id=b8b8837f-fd72-4905-a150-2902d7bcb582 => generated 1198 bytes in 70 msecs (HTTP/1.1 200) 4 headers in 158 bytes (1 switches on core 0)
2026-05-07 01:27:58.346 7 INFO neutron_taas.services.taas.taas_plugin [None req-789d5de3-a59e-4a8f-b79e-1e3498759d24 67c895c0a3e345a0a71324736edb8d84 bb519ba6946b47f189772305368a9038 - - default default] TaaS: Handle Delete Port: 21a7d8c6-f83a-42ca-9e61-fc08938dc71e
2026-05-07 01:27:58.349 7 INFO neutron_taas.services.taas.tap_mirror_plugin [None req-789d5de3-a59e-4a8f-b79e-1e3498759d24 67c895c0a3e345a0a71324736edb8d84 bb519ba6946b47f189772305368a9038 - - default default] Tap Mirror: Handle Delete Port: 21a7d8c6-f83a-42ca-9e61-fc08938dc71e [pid: 8|app: 0|req: 609/1139] 10.0.0.121 () {32 vars in 724 bytes} [Thu May 7 01:27:58 2026] DELETE /v2.0/subnets/d595da86-48a6-4466-b025-3f324fbbb844 => generated 0 bytes in 125 msecs (HTTP/1.1 204) 3 headers in 131 bytes (1 switches on core 0) [pid: 8|app: 0|req: 610/1140] 10.0.0.124 () {34 vars in 1040 bytes} [Thu May 7 01:27:58 2026] GET /v2.0/security-groups?id=a4ec0010-1586-4bc5-9ce2-0ed98871cb44&fields=id&fields=name => generated 112 bytes in 28 msecs (HTTP/1.1 200) 4 headers in 157 bytes (1 switches on core 0) [pid: 7|app: 0|req: 531/1141] 10.0.0.121 () {32 vars in 720 bytes} [Thu May 7 01:27:58 2026] DELETE /v2.0/ports/21a7d8c6-f83a-42ca-9e61-fc08938dc71e => generated 0 bytes in 246 msecs (HTTP/1.1 204) 3 headers in 131 bytes (1 switches on core 0) [pid: 8|app: 0|req: 611/1142] 10.0.0.121 () {32 vars in 724 bytes} [Thu May 7 01:27:58 2026] DELETE /v2.0/subnets/8214d3cb-47f4-4a29-a297-9c9bea2a3aa8 => generated 0 bytes in 144 msecs (HTTP/1.1 204) 3 headers in 131 bytes (1 switches on core 0)
2026-05-07 01:27:58.587 7 INFO neutron_taas.services.taas.taas_plugin [None req-c2a2b70a-89f3-4e6a-a4a0-6ace805060f9 67c895c0a3e345a0a71324736edb8d84 bb519ba6946b47f189772305368a9038 - - default default] TaaS: Handle Delete Port: d17d6851-69a9-428e-954c-71cf8d25b46f
2026-05-07 01:27:58.589 7 INFO neutron_taas.services.taas.tap_mirror_plugin [None req-c2a2b70a-89f3-4e6a-a4a0-6ace805060f9 67c895c0a3e345a0a71324736edb8d84 bb519ba6946b47f189772305368a9038 - - default default] Tap Mirror: Handle Delete Port: d17d6851-69a9-428e-954c-71cf8d25b46f [pid: 8|app: 0|req: 612/1143] 10.0.0.121 () {32 vars in 647 bytes} [Thu May 7 01:27:58 2026] GET /v2.0/subnets => generated 649 bytes in 27 msecs (HTTP/1.1 200) 4 headers in 157 bytes (1 switches on core 0)
2026-05-07 01:27:58.717 8 INFO neutron.db.ovn_revision_numbers_db [None req-32d1f1fb-b6ed-4d40-adbe-86b34ccffa43 9aaadb513ac949e0b1fda4d119865e2a 52a6196977c24c7f8f640a89c4f02e3e - - default default] Successfully bumped revision number for resource 304c9715-aa17-403a-bf32-4b19ddd5fa57 (type: security_groups) to 1
2026-05-07 01:27:58.730 8 INFO neutron.db.ovn_revision_numbers_db [None req-32d1f1fb-b6ed-4d40-adbe-86b34ccffa43 9aaadb513ac949e0b1fda4d119865e2a 52a6196977c24c7f8f640a89c4f02e3e - - default default] Successfully bumped revision number for resource 01464cb8-1999-4a95-a062-b4394bb3b996 (type: security_group_rules) to 0
2026-05-07 01:27:58.741 8 INFO neutron.db.ovn_revision_numbers_db [None req-32d1f1fb-b6ed-4d40-adbe-86b34ccffa43 9aaadb513ac949e0b1fda4d119865e2a 52a6196977c24c7f8f640a89c4f02e3e - - default default] Successfully bumped revision number for resource c502d22b-2911-4bac-8627-07b49eb5f37a (type: security_group_rules) to 0
2026-05-07 01:27:58.759 7 INFO neutron.services.segments.plugin [-] Segment 728ef915-4aeb-4431-9e2f-5e196b90bf33 resource provider aggregate not found
2026-05-07 01:27:58.767 7 INFO neutron.services.segments.plugin [-] Segment 728ef915-4aeb-4431-9e2f-5e196b90bf33 resource provider aggregate not found [pid: 8|app: 0|req: 613/1144] 10.0.0.121 () {34 vars in 685 bytes} [Thu May 7 01:27:58 2026] POST /v2.0/security-groups => generated 1660 bytes in 164 msecs (HTTP/1.1 201) 4 headers in 163 bytes (1 switches on core 0)
2026-05-07 01:27:58.784 7 INFO neutron.services.segments.plugin [-] Segment 728ef915-4aeb-4431-9e2f-5e196b90bf33 resource provider not found; error: Placement Client Error (4xx): {"errors": [{"status": 404, "title": "Not Found", "detail": "The resource could not be found.\n\n No resource provider with uuid 728ef915-4aeb-4431-9e2f-5e196b90bf33 found for delete ", "request_id": "req-f86c1ce1-fda7-4599-a273-17c1f8980f04"}]}
2026-05-07 01:27:58.789 7 INFO neutron.services.segments.plugin [-] Segment 728ef915-4aeb-4431-9e2f-5e196b90bf33 resource provider not found; error: Placement Client Error (4xx): {"errors": [{"status": 404, "title": "Not Found", "detail": "The resource could not be found.\n\n No resource provider with uuid 728ef915-4aeb-4431-9e2f-5e196b90bf33 found for delete ", "request_id": "req-e4b3434a-e950-4a08-ba4e-5e2018445227"}]} [pid: 7|app: 0|req: 532/1145] 10.0.0.121 () {32 vars in 726 bytes} [Thu May 7 01:27:58 2026] DELETE /v2.0/networks/2464df0c-c520-4bad-afb2-467a0b19343e => generated 0 bytes in 332 msecs (HTTP/1.1 204) 3 headers in 131 bytes (1 switches on core 0)
2026-05-07 01:27:58.875 8 INFO neutron_taas.services.taas.taas_plugin [None req-75ef479e-9f23-4efe-ae89-1baccde11b29 2eddbc946d4d4b6eab4f44f48f546451 01b0a350e31f4de492a585fdc89003e2 - - default default] TaaS: Handle Delete Port: 05497c33-31c2-4176-a3c4-b1f5894cf9d0
2026-05-07 01:27:58.877 8 INFO neutron_taas.services.taas.tap_mirror_plugin [None req-75ef479e-9f23-4efe-ae89-1baccde11b29 2eddbc946d4d4b6eab4f44f48f546451 01b0a350e31f4de492a585fdc89003e2 - - default default] Tap Mirror: Handle Delete Port: 05497c33-31c2-4176-a3c4-b1f5894cf9d0
2026-05-07 01:27:58.938 7 INFO neutron.db.ovn_revision_numbers_db [None req-60b386d2-b549-47bb-9c47-034216233c36 9aaadb513ac949e0b1fda4d119865e2a 52a6196977c24c7f8f640a89c4f02e3e - - default default] Successfully bumped revision number for resource 67590b22-9ceb-405a-9127-7d6e8944e1ba (type: security_group_rules) to 0 [pid: 7|app: 0|req: 533/1146] 10.0.0.121 () {34 vars in 695 bytes} [Thu May 7 01:27:58 2026] POST /v2.0/security-group-rules => generated 597 bytes in 155 msecs (HTTP/1.1 201) 4 headers in 162 bytes (1 switches on core 0)
2026-05-07 01:27:59.042 8 INFO neutron.services.segments.plugin [-] Segment 3f3ad525-2eaa-4e25-8528-4501ec5cc502 resource provider aggregate not found
2026-05-07 01:27:59.046 8 INFO neutron.services.segments.plugin [-] Segment 3f3ad525-2eaa-4e25-8528-4501ec5cc502 resource provider aggregate not found
2026-05-07 01:27:59.059 8 INFO neutron.services.segments.plugin [-] Segment 3f3ad525-2eaa-4e25-8528-4501ec5cc502 resource provider not found; error: Placement Client Error (4xx): {"errors": [{"status": 404, "title": "Not Found", "detail": "The resource could not be found.\n\n No resource provider with uuid 3f3ad525-2eaa-4e25-8528-4501ec5cc502 found for delete ", "request_id": "req-42c8a4c2-bf23-44d7-bd76-c2acaa2933c5"}]}
2026-05-07 01:27:59.060 8 INFO neutron.services.segments.plugin [-] Segment 3f3ad525-2eaa-4e25-8528-4501ec5cc502 resource provider not found; error: Placement Client Error (4xx): {"errors": [{"status": 404, "title": "Not Found", "detail": "The resource could not be found.\n\n No resource provider with uuid 3f3ad525-2eaa-4e25-8528-4501ec5cc502 found for delete ", "request_id": "req-79661ec6-8f29-46a8-ae03-28a9e5215e3f"}]} [pid: 8|app: 0|req: 614/1147] 10.0.0.121 () {32 vars in 726 bytes} [Thu May 7 01:27:58 2026] DELETE /v2.0/networks/a5f0d1ae-0e2a-44f8-905e-c35e21953845 => generated 0 bytes in 321 msecs (HTTP/1.1 204) 3 headers in 131 bytes (1 switches on core 0)
2026-05-07 01:27:59.114 7 INFO neutron.db.ovn_revision_numbers_db [None req-7f790be6-212b-4c5d-abeb-777fafa3daf5 9aaadb513ac949e0b1fda4d119865e2a 52a6196977c24c7f8f640a89c4f02e3e - - default default] Successfully bumped revision number for resource 2a90c189-08f1-4350-ba84-ddfa65cdcf0d (type: security_group_rules) to 0 [pid: 7|app: 0|req: 534/1148] 10.0.0.121 () {34 vars in 695 bytes} [Thu May 7 01:27:58 2026] POST /v2.0/security-group-rules => generated 602 bytes in 171 msecs (HTTP/1.1 201) 4 headers in 162 bytes (1 switches on core 0)
2026-05-07 01:27:59.210 8 INFO neutron_taas.services.taas.taas_plugin [None req-9f93a7eb-d182-446b-acdc-7205edbef26a 2eddbc946d4d4b6eab4f44f48f546451 01b0a350e31f4de492a585fdc89003e2 - - default default] TaaS: Handle Delete Port: a7f3de35-42d2-409d-8527-8b320c69abf4
2026-05-07 01:27:59.212 8 INFO neutron_taas.services.taas.tap_mirror_plugin [None req-9f93a7eb-d182-446b-acdc-7205edbef26a 2eddbc946d4d4b6eab4f44f48f546451 01b0a350e31f4de492a585fdc89003e2 - - default default] Tap Mirror: Handle Delete Port: a7f3de35-42d2-409d-8527-8b320c69abf4
2026-05-07 01:27:59.424 7 WARNING neutron.scheduler.dhcp_agent_scheduler [None req-29523fb3-935a-4328-9643-381070fd2220 9aaadb513ac949e0b1fda4d119865e2a 52a6196977c24c7f8f640a89c4f02e3e - - default default] No more DHCP agents
2026-05-07 01:27:59.426 7 WARNING neutron.api.rpc.agentnotifiers.dhcp_rpc_agent_api [None req-29523fb3-935a-4328-9643-381070fd2220 9aaadb513ac949e0b1fda4d119865e2a 52a6196977c24c7f8f640a89c4f02e3e - - default default] Unable to schedule network c1e9a346-5685-445e-83bb-d7cb20034f45: no agents available; will retry on subsequent port and subnet creation events. [pid: 8|app: 0|req: 615/1149] 10.0.0.121 () {32 vars in 726 bytes} [Thu May 7 01:27:59 2026] DELETE /v2.0/networks/d6a6679e-8fd1-4866-ac3e-c789ccbc3c54 => generated 0 bytes in 327 msecs (HTTP/1.1 204) 3 headers in 131 bytes (1 switches on core 0) [pid: 8|app: 0|req: 616/1150] 10.0.0.121 () {32 vars in 774 bytes} [Thu May 7 01:27:59 2026] GET /v2.0/security-groups?tenant_id=bb519ba6946b47f189772305368a9038&name=default => generated 2925 bytes in 127 msecs (HTTP/1.1 200) 4 headers in 158 bytes (1 switches on core 0)
2026-05-07 01:27:59.669 8 INFO neutron_taas.services.taas.taas_plugin [None req-3a2d31a4-ca23-4bbb-a621-96650aa67242 2eddbc946d4d4b6eab4f44f48f546451 01b0a350e31f4de492a585fdc89003e2 - - default default] TaaS: Handle Delete Port: 86fec31e-ca3f-4ec5-a60a-7b23eef11716
2026-05-07 01:27:59.671 8 INFO neutron_taas.services.taas.tap_mirror_plugin [None req-3a2d31a4-ca23-4bbb-a621-96650aa67242 2eddbc946d4d4b6eab4f44f48f546451 01b0a350e31f4de492a585fdc89003e2 - - default default] Tap Mirror: Handle Delete Port: 86fec31e-ca3f-4ec5-a60a-7b23eef11716 [pid: 7|app: 0|req: 535/1151] 10.0.0.121 () {34 vars in 676 bytes} [Thu May 7 01:27:59 2026] POST /v2.0/floatingips => generated 552 bytes in 601 msecs (HTTP/1.1 201) 4 headers in 162 bytes (1 switches on core 0) [pid: 8|app: 0|req: 617/1152] 10.0.0.121 () {32 vars in 726 bytes} [Thu May 7 01:27:59 2026] DELETE /v2.0/networks/69e04b00-52f4-4863-9377-e6f55d8dd3d9 => generated 0 bytes in 359 msecs (HTTP/1.1 204) 3 headers in 131 bytes (1 switches on core 0) [pid: 7|app: 0|req: 536/1153] 10.0.0.121 () {32 vars in 740 bytes} [Thu May 7 01:27:59 2026] DELETE /v2.0/security-groups/6cb8b291-cef3-4b49-b8fe-02e4097cf298 => generated 0 bytes in 295 msecs (HTTP/1.1 204) 2 headers in 112 bytes (1 switches on core 0)
2026-05-07 01:28:00.059 8 INFO neutron_taas.services.taas.taas_plugin [None req-d9a78604-4f26-4e9e-a08f-29af6796728c 2eddbc946d4d4b6eab4f44f48f546451 01b0a350e31f4de492a585fdc89003e2 - - default default] TaaS: Handle Delete Port: 577bad23-6918-4305-bbfb-e7b03124dd3a
2026-05-07 01:28:00.062 8 INFO neutron_taas.services.taas.tap_mirror_plugin [None req-d9a78604-4f26-4e9e-a08f-29af6796728c 2eddbc946d4d4b6eab4f44f48f546451 01b0a350e31f4de492a585fdc89003e2 - - default default] Tap Mirror: Handle Delete Port: 577bad23-6918-4305-bbfb-e7b03124dd3a [pid: 8|app: 0|req: 618/1154] 10.0.0.121 () {32 vars in 726 bytes} [Thu May 7 01:27:59 2026] DELETE /v2.0/networks/d6e776b3-ac03-4151-8ecc-22811520c9be => generated 0 bytes in 376 msecs (HTTP/1.1 204) 3 headers in 131 bytes (1 switches on core 0)
2026-05-07 01:28:00.911 8 INFO neutron.plugins.ml2.drivers.ovn.mech_driver.mech_driver [None req-ef0fa9e1-25cc-4faa-91c5-ed93095eb67a - - - - - -] OVN reports status up for port: d990b909-1173-4f7d-954f-68da07217eed [pid: 7|app: 0|req: 538/1157] 10.0.0.121 () {32 vars in 774 bytes} [Thu May 7 01:28:00 2026] GET /v2.0/security-groups?tenant_id=01b0a350e31f4de492a585fdc89003e2&name=default => generated 2925 bytes in 162 msecs (HTTP/1.1 200) 4 headers in 158 bytes (1 switches on core 0)
2026-05-07 01:28:00.934 8 INFO neutron.plugins.ml2.plugin [None req-ef0fa9e1-25cc-4faa-91c5-ed93095eb67a - - - - - -] Attempt 1 to provision port d990b909-1173-4f7d-954f-68da07217eed
2026-05-07 01:28:01.102 8 INFO neutron.services.segments.plugin [-] Segment 571ae8e5-2753-4dca-b213-fcd3002e77fc resource provider aggregate not found
2026-05-07 01:28:01.108 8 INFO neutron.services.segments.plugin [-] Segment 571ae8e5-2753-4dca-b213-fcd3002e77fc resource provider aggregate not found
2026-05-07 01:28:01.131 8 INFO neutron.notifiers.nova [-] Nova event matching ['req-facfa53e-f09c-4fce-9f7e-c7fdd98f3643'] response: {'server_uuid': 'b8b8837f-fd72-4905-a150-2902d7bcb582', 'name': 'network-vif-plugged', 'status': 'completed', 'tag': 'd990b909-1173-4f7d-954f-68da07217eed', 'code': 200}
2026-05-07 01:28:01.134 8 INFO neutron.services.segments.plugin [-] Segment 571ae8e5-2753-4dca-b213-fcd3002e77fc resource provider not found; error: Placement Client Error (4xx): {"errors": [{"status": 404, "title": "Not Found", "detail": "The resource could not be found.\n\n No resource provider with uuid 571ae8e5-2753-4dca-b213-fcd3002e77fc found for delete ", "request_id": "req-71158a1d-2e6b-4114-891d-28793b5697db"}]}
2026-05-07 01:28:01.156 8 INFO neutron.services.segments.plugin [-] Segment aff9bdef-3da1-4584-8e15-6affae845a88 resource provider aggregate not found
2026-05-07 01:28:01.172 8 INFO neutron.services.segments.plugin [-] Segment 571ae8e5-2753-4dca-b213-fcd3002e77fc resource provider not found; error: Placement Client Error (4xx): {"errors": [{"status": 404, "title": "Not Found", "detail": "The resource could not be found.\n\n No resource provider with uuid 571ae8e5-2753-4dca-b213-fcd3002e77fc found for delete ", "request_id": "req-8b2fe0ca-9166-4c45-97c2-3a7614f44dee"}]}
2026-05-07 01:28:01.187 8 INFO neutron.services.segments.plugin [-] Segment aff9bdef-3da1-4584-8e15-6affae845a88 resource provider not found; error: Placement Client Error (4xx): {"errors": [{"status": 404, "title": "Not Found", "detail": "The resource could not be found.\n\n No resource provider with uuid aff9bdef-3da1-4584-8e15-6affae845a88 found for delete ", "request_id": "req-865df0e8-75a4-4fca-b423-999f71ca7af9"}]}
2026-05-07 01:28:01.194 8 INFO neutron.services.segments.plugin [-] Segment aff9bdef-3da1-4584-8e15-6affae845a88 resource provider aggregate not found
2026-05-07 01:28:01.216 8 INFO neutron.services.segments.plugin [-] Segment 68340b2c-e2d5-4725-94e1-665412600328 resource provider aggregate not found
2026-05-07 01:28:01.226 8 INFO neutron.services.segments.plugin [-] Segment aff9bdef-3da1-4584-8e15-6affae845a88 resource provider not found; error: Placement Client Error (4xx): {"errors": [{"status": 404, "title": "Not Found", "detail": "The resource could not be found.\n\n No resource provider with uuid aff9bdef-3da1-4584-8e15-6affae845a88 found for delete ", "request_id": "req-13e7dc1e-4ae1-4ef8-99cf-3986cb079645"}]}
2026-05-07 01:28:01.247 8 INFO neutron.services.segments.plugin [-] Segment 68340b2c-e2d5-4725-94e1-665412600328 resource provider not found; error: Placement Client Error (4xx): {"errors": [{"status": 404, "title": "Not Found", "detail": "The resource could not be found.\n\n No resource provider with uuid 68340b2c-e2d5-4725-94e1-665412600328 found for delete ", "request_id": "req-02cdc4c2-524d-44cc-94fc-fb20b06f954e"}]}
2026-05-07 01:28:01.250 8 INFO neutron.services.segments.plugin [-] Segment 68340b2c-e2d5-4725-94e1-665412600328 resource provider aggregate not found
2026-05-07 01:28:01.265 8 INFO neutron.services.segments.plugin [-] Segment 68340b2c-e2d5-4725-94e1-665412600328 resource provider not found; error: Placement Client Error (4xx): {"errors": [{"status": 404, "title": "Not Found", "detail": "The resource could not be found.\n\n No resource provider with uuid 68340b2c-e2d5-4725-94e1-665412600328 found for delete ", "request_id": "req-9f144b65-c20a-4337-9208-9f4f798998bd"}]}
2026-05-07 01:28:01.416 8 INFO neutron.db.ovn_revision_numbers_db [None req-ef0fa9e1-25cc-4faa-91c5-ed93095eb67a - - - - - -] Successfully bumped revision number for resource d990b909-1173-4f7d-954f-68da07217eed (type: ports) to 5 [pid: 8|app: 0|req: 620/1158] 10.0.0.121 () {32 vars in 740 bytes} [Thu May 7 01:28:00 2026] DELETE /v2.0/security-groups/54fe7458-696b-4822-96cc-fe470c61b1e5 => generated 0 bytes in 526 msecs (HTTP/1.1 204) 2 headers in 112 bytes (1 switches on core 0) [pid: 7|app: 0|req: 539/1159] 10.0.0.121 () {34 vars in 676 bytes} [Thu May 7 01:28:01 2026] POST /v2.0/subnetpools => generated 548 bytes in 166 msecs (HTTP/1.1 201) 4 headers in 162 bytes (1 switches on core 0) /var/lib/openstack/lib/python3.12/site-packages/pycadf/identifier.py:70: UserWarning: Invalid uuid: neutron. To ensure interoperability, identifiers should be a valid uuid. warnings.warn(('Invalid uuid: %s. To ensure interoperability, ' [pid: 8|app: 0|req: 621/1160] 10.0.0.121 () {32 vars in 729 bytes} [Thu May 7 01:28:02 2026] GET /v2.0/subnetpools/0ee02d0d-9cc2-4da8-983a-b2b5c214cd8a => generated 548 bytes in 27 msecs (HTTP/1.1 200) 4 headers in 157 bytes (1 switches on core 0) [pid: 7|app: 0|req: 540/1161] 10.0.0.121 () {34 vars in 749 bytes} [Thu May 7 01:28:02 2026] PUT /v2.0/subnetpools/0ee02d0d-9cc2-4da8-983a-b2b5c214cd8a => generated 500 bytes in 99 msecs (HTTP/1.1 200) 4 headers in 157 bytes (1 switches on core 0) [pid: 8|app: 0|req: 622/1162] 10.0.0.121 () {32 vars in 732 bytes} [Thu May 7 01:28:02 2026] DELETE /v2.0/subnetpools/0ee02d0d-9cc2-4da8-983a-b2b5c214cd8a => generated 0 bytes in 47 msecs (HTTP/1.1 204) 2 headers in 112 bytes (1 switches on core 0)
2026-05-07 01:28:02.211 7 INFO neutron.api.v2.resource [None req-5134b979-11d7-4eb8-8ea0-7e35cf974df8 9b20ca065dfb48f7aae75c7047a68b01 85957264609343528cbe558eaccb873c - - default default] show failed (client error): The resource could not be found. [pid: 7|app: 0|req: 541/1163] 10.0.0.121 () {32 vars in 729 bytes} [Thu May 7 01:28:02 2026] GET /v2.0/subnetpools/0ee02d0d-9cc2-4da8-983a-b2b5c214cd8a => generated 145 bytes in 12 msecs (HTTP/1.1 404) 4 headers in 164 bytes (1 switches on core 0)
2026-05-07 01:28:02.233 8 INFO neutron.api.v2.resource [None req-dcd0df09-3ab5-47b8-8f0c-65c59930b292 9b20ca065dfb48f7aae75c7047a68b01 85957264609343528cbe558eaccb873c - - default default] delete failed (client error): The resource could not be found. [pid: 8|app: 0|req: 623/1164] 10.0.0.121 () {32 vars in 732 bytes} [Thu May 7 01:28:02 2026] DELETE /v2.0/subnetpools/0ee02d0d-9cc2-4da8-983a-b2b5c214cd8a => generated 145 bytes in 13 msecs (HTTP/1.1 404) 4 headers in 164 bytes (1 switches on core 0)
2026-05-07 01:28:03.020 7 INFO neutron.db.ovn_revision_numbers_db [None req-3acd2af8-0685-43c9-9e0b-2d8ff39e42eb fb03a930f703488491fc57cec8aeb85e 985cfe32ffd14a8bbef0041fbd659bdd - - default default] Successfully bumped revision number for resource f4a6257f-a379-4408-bddc-103c91355ce8 (type: security_groups) to 1
2026-05-07 01:28:03.035 7 INFO neutron.db.ovn_revision_numbers_db [None req-3acd2af8-0685-43c9-9e0b-2d8ff39e42eb fb03a930f703488491fc57cec8aeb85e 985cfe32ffd14a8bbef0041fbd659bdd - - default default] Successfully bumped revision number for resource 420c94b3-0b33-4457-9395-934a4a831e3b (type: security_group_rules) to 0
2026-05-07 01:28:03.049 7 INFO neutron.db.ovn_revision_numbers_db [None req-3acd2af8-0685-43c9-9e0b-2d8ff39e42eb fb03a930f703488491fc57cec8aeb85e 985cfe32ffd14a8bbef0041fbd659bdd - - default default] Successfully bumped revision number for resource 98b20403-c7c8-4465-bc1b-be0c605adf9e (type: security_group_rules) to 0
2026-05-07 01:28:03.059 7 INFO neutron.db.ovn_revision_numbers_db [None req-3acd2af8-0685-43c9-9e0b-2d8ff39e42eb fb03a930f703488491fc57cec8aeb85e 985cfe32ffd14a8bbef0041fbd659bdd - - default default] Successfully bumped revision number for resource cbc32b07-5fa8-4a43-8ad9-285d25a90387 (type: security_group_rules) to 0
2026-05-07 01:28:03.085 7 INFO neutron.db.ovn_revision_numbers_db [None req-3acd2af8-0685-43c9-9e0b-2d8ff39e42eb fb03a930f703488491fc57cec8aeb85e 985cfe32ffd14a8bbef0041fbd659bdd - - default default] Successfully bumped revision number for resource ee9e9566-2922-424c-8bd3-13fc57b138ed (type: security_group_rules) to 0 [pid: 7|app: 0|req: 542/1165] 10.0.0.121 () {32 vars in 774 bytes} [Thu May 7 01:28:02 2026] GET /v2.0/security-groups?tenant_id=85957264609343528cbe558eaccb873c&name=default => generated 2925 bytes in 434 msecs (HTTP/1.1 200) 4 headers in 158 bytes (1 switches on core 0)
2026-05-07 01:28:03.184 8 INFO neutron.notifiers.nova [-] Nova event matching ['req-4f81dd01-0653-45ca-abfb-13c0d0329832'] response: {'server_uuid': 'b8b8837f-fd72-4905-a150-2902d7bcb582', 'name': 'network-vif-plugged', 'status': 'completed', 'tag': 'd990b909-1173-4f7d-954f-68da07217eed', 'code': 200} [pid: 8|app: 0|req: 624/1166] 10.0.0.121 () {32 vars in 740 bytes} [Thu May 7 01:28:03 2026] DELETE /v2.0/security-groups/f4a6257f-a379-4408-bddc-103c91355ce8 => generated 0 bytes in 242 msecs (HTTP/1.1 204) 2 headers in 112 bytes (1 switches on core 0)
2026-05-07 01:28:03.464 7 WARNING neutron.plugins.ml2.drivers.ovn.mech_driver.ovsdb.ovn_client [None req-e6e7623a-78da-4447-aba7-b5798889bf70 - - - - - -] No hosting information found for port 9b78bd0a-2b2b-40d3-ac44-349fea2793c7: RuntimeError: No hosting information found for port 9b78bd0a-2b2b-40d3-ac44-349fea2793c7
2026-05-07 01:28:03.465 7 INFO neutron.plugins.ml2.drivers.ovn.mech_driver.mech_driver [None req-e6e7623a-78da-4447-aba7-b5798889bf70 - - - - - -] OVN reports status down for port: 05497c33-31c2-4176-a3c4-b1f5894cf9d0 [pid: 8|app: 0|req: 625/1167] 10.0.0.124 () {34 vars in 990 bytes} [Thu May 7 01:28:03 2026] GET /v2.0/ports?device_id=b8b8837f-fd72-4905-a150-2902d7bcb582 => generated 1200 bytes in 127 msecs (HTTP/1.1 200) 4 headers in 158 bytes (1 switches on core 0)
2026-05-07 01:28:03.655 7 INFO neutron.db.ovn_revision_numbers_db [None req-e6e7623a-78da-4447-aba7-b5798889bf70 - - - - - -] Successfully bumped revision number for resource 9b78bd0a-2b2b-40d3-ac44-349fea2793c7 (type: router_ports) to 2 [pid: 8|app: 0|req: 626/1168] 10.0.0.124 () {34 vars in 1040 bytes} [Thu May 7 01:28:03 2026] GET /v2.0/security-groups?id=a4ec0010-1586-4bc5-9ce2-0ed98871cb44&fields=id&fields=name => generated 112 bytes in 37 msecs (HTTP/1.1 200) 4 headers in 157 bytes (1 switches on core 0)
2026-05-07 01:28:03.704 7 INFO neutron.db.ovn_revision_numbers_db [None req-dc951142-e564-4bf1-a543-1068e6f3a111 3665251bae0346abbf0db6e6ff5540e8 22827275934945348e30af2220770e9a - - default default] Successfully bumped revision number for resource 0d001899-0de2-4868-80f5-7051068a232b (type: security_groups) to 1
2026-05-07 01:28:03.716 7 INFO neutron.db.ovn_revision_numbers_db [None req-dc951142-e564-4bf1-a543-1068e6f3a111 3665251bae0346abbf0db6e6ff5540e8 22827275934945348e30af2220770e9a - - default default] Successfully bumped revision number for resource 0c0f3070-e034-4b61-a540-2fc69396cc02 (type: security_group_rules) to 0
2026-05-07 01:28:03.729 7 INFO neutron.db.ovn_revision_numbers_db [None req-dc951142-e564-4bf1-a543-1068e6f3a111 3665251bae0346abbf0db6e6ff5540e8 22827275934945348e30af2220770e9a - - default default] Successfully bumped revision number for resource 3077a3c1-6eef-4a90-abed-86ca25fe06a1 (type: security_group_rules) to 0
2026-05-07 01:28:03.741 7 INFO neutron.db.ovn_revision_numbers_db [None req-dc951142-e564-4bf1-a543-1068e6f3a111 3665251bae0346abbf0db6e6ff5540e8 22827275934945348e30af2220770e9a - - default default] Successfully bumped revision number for resource 781e8dfc-cb0f-4261-b17b-39ab128a59f6 (type: security_group_rules) to 0
