2026-05-07 00:52:00.656 8 INFO neutron.api.extensions [None req-0ecc7ae2-93cf-4ad3-80a7-9c81f87035f9 - - - - - -] Extension floating-ip-port-forwarding-description not supported by any of loaded plugins
2026-05-07 00:52:00.656 7 INFO neutron.quota.resource_registry [None req-d6ff3ab5-8ac3-4e06-81a6-a28fe846213f - - - - - -] Creating instance of CountableResource for resource:ipsecpolicy
2026-05-07 00:52:00.656 7 WARNING neutron.quota.resource_registry [None req-d6ff3ab5-8ac3-4e06-81a6-a28fe846213f - - - - - -] ipsecpolicy is already registered
2026-05-07 00:52:00.656 8 INFO neutron.api.extensions [None req-0ecc7ae2-93cf-4ad3-80a7-9c81f87035f9 - - - - - -] Loaded extension: floating-ip-port-forwarding-detail
2026-05-07 00:52:00.656 7 INFO neutron.quota.resource_registry [None req-d6ff3ab5-8ac3-4e06-81a6-a28fe846213f - - - - - -] Creating instance of CountableResource for resource:ikepolicy
2026-05-07 00:52:00.657 7 WARNING neutron.quota.resource_registry [None req-d6ff3ab5-8ac3-4e06-81a6-a28fe846213f - - - - - -] ikepolicy is already registered
2026-05-07 00:52:00.657 8 INFO neutron.api.extensions [None req-0ecc7ae2-93cf-4ad3-80a7-9c81f87035f9 - - - - - -] Extension floating-ip-port-forwarding-port-ranges not supported by any of loaded plugins
2026-05-07 00:52:00.657 8 INFO neutron.api.extensions [None req-0ecc7ae2-93cf-4ad3-80a7-9c81f87035f9 - - - - - -] Loaded extension: fip-port-details
2026-05-07 00:52:00.658 8 INFO neutron.api.extensions [None req-0ecc7ae2-93cf-4ad3-80a7-9c81f87035f9 - - - - - -] Loaded extension: flavors
2026-05-07 00:52:00.659 8 INFO neutron.api.extensions [None req-0ecc7ae2-93cf-4ad3-80a7-9c81f87035f9 - - - - - -] Extension floating-ip-port-forwarding not supported by any of loaded plugins
2026-05-07 00:52:00.660 8 INFO neutron.api.extensions [None req-0ecc7ae2-93cf-4ad3-80a7-9c81f87035f9 - - - - - -] Loaded extension: floatingip-pools
2026-05-07 00:52:00.661 8 INFO neutron.api.extensions [None req-0ecc7ae2-93cf-4ad3-80a7-9c81f87035f9 - - - - - -] Loaded extension: ip_allocation
2026-05-07 00:52:00.661 8 INFO neutron.api.extensions [None req-0ecc7ae2-93cf-4ad3-80a7-9c81f87035f9 - - - - - -] Extension ip-substring-filtering not supported by any of loaded plugins
2026-05-07 00:52:00.662 8 INFO neutron.api.extensions [None req-0ecc7ae2-93cf-4ad3-80a7-9c81f87035f9 - - - - - -] Loaded extension: l2_adjacency
2026-05-07 00:52:00.662 7 INFO neutron.quota.resource_registry [None req-d6ff3ab5-8ac3-4e06-81a6-a28fe846213f - - - - - -] Creating instance of TrackedResource for resource:router
2026-05-07 00:52:00.663 7 WARNING neutron.quota.resource_registry [None req-d6ff3ab5-8ac3-4e06-81a6-a28fe846213f - - - - - -] router is already registered
2026-05-07 00:52:00.663 7 INFO neutron.quota.resource_registry [None req-d6ff3ab5-8ac3-4e06-81a6-a28fe846213f - - - - - -] Creating instance of TrackedResource for resource:floatingip
2026-05-07 00:52:00.663 7 WARNING neutron.quota.resource_registry [None req-d6ff3ab5-8ac3-4e06-81a6-a28fe846213f - - - - - -] floatingip is already registered
2026-05-07 00:52:00.664 8 INFO neutron.api.extensions [None req-0ecc7ae2-93cf-4ad3-80a7-9c81f87035f9 - - - - - -] Loaded extension: router
2026-05-07 00:52:00.665 8 INFO neutron.api.extensions [None req-0ecc7ae2-93cf-4ad3-80a7-9c81f87035f9 - - - - - -] Extension l3-conntrack-helper not supported by any of loaded plugins
2026-05-07 00:52:00.666 8 INFO neutron.api.extensions [None req-0ecc7ae2-93cf-4ad3-80a7-9c81f87035f9 - - - - - -] Loaded extension: enable-default-route-bfd
2026-05-07 00:52:00.667 8 INFO neutron.api.extensions [None req-0ecc7ae2-93cf-4ad3-80a7-9c81f87035f9 - - - - - -] Loaded extension: enable-default-route-ecmp
2026-05-07 00:52:00.667 7 INFO neutron.quota.resource_registry [None req-d6ff3ab5-8ac3-4e06-81a6-a28fe846213f - - - - - -] Creating instance of CountableResource for resource:rbac_policy
2026-05-07 00:52:00.667 7 WARNING neutron.quota.resource_registry [None req-d6ff3ab5-8ac3-4e06-81a6-a28fe846213f - - - - - -] rbac_policy is already registered
2026-05-07 00:52:00.668 8 INFO neutron.api.extensions [None req-0ecc7ae2-93cf-4ad3-80a7-9c81f87035f9 - - - - - -] Loaded extension: ext-gw-mode
2026-05-07 00:52:00.668 7 INFO neutron.quota.resource_registry [None req-d6ff3ab5-8ac3-4e06-81a6-a28fe846213f - - - - - -] Creating instance of TrackedResource for resource:security_group
2026-05-07 00:52:00.668 7 WARNING neutron.quota.resource_registry [None req-d6ff3ab5-8ac3-4e06-81a6-a28fe846213f - - - - - -] security_group is already registered
2026-05-07 00:52:00.668 7 INFO neutron.quota.resource_registry [None req-d6ff3ab5-8ac3-4e06-81a6-a28fe846213f - - - - - -] Creating instance of TrackedResource for resource:security_group_rule
2026-05-07 00:52:00.668 8 INFO neutron.api.extensions [None req-0ecc7ae2-93cf-4ad3-80a7-9c81f87035f9 - - - - - -] Loaded extension: l3-ha
2026-05-07 00:52:00.668 7 WARNING neutron.quota.resource_registry [None req-d6ff3ab5-8ac3-4e06-81a6-a28fe846213f - - - - - -] security_group_rule is already registered
2026-05-07 00:52:00.669 8 INFO neutron.api.extensions [None req-0ecc7ae2-93cf-4ad3-80a7-9c81f87035f9 - - - - - -] Extension l3-ext-ndp-proxy not supported by any of loaded plugins
2026-05-07 00:52:00.669 8 INFO neutron.api.extensions [None req-0ecc7ae2-93cf-4ad3-80a7-9c81f87035f9 - - - - - -] Loaded extension: external-gateway-multihoming
2026-05-07 00:52:00.670 7 INFO neutron.quota.resource_registry [None req-d6ff3ab5-8ac3-4e06-81a6-a28fe846213f - - - - - -] Creating instance of TrackedResource for resource:subnetpool
2026-05-07 00:52:00.670 7 WARNING neutron.quota.resource_registry [None req-d6ff3ab5-8ac3-4e06-81a6-a28fe846213f - - - - - -] subnetpool is already registered
2026-05-07 00:52:00.670 8 INFO neutron.api.extensions [None req-0ecc7ae2-93cf-4ad3-80a7-9c81f87035f9 - - - - - -] Loaded extension: l3-flavors
2026-05-07 00:52:00.670 7 INFO neutron.quota.resource_registry [None req-d6ff3ab5-8ac3-4e06-81a6-a28fe846213f - - - - - -] Creating instance of CountableResource for resource:trunk
2026-05-07 00:52:00.670 7 WARNING neutron.quota.resource_registry [None req-d6ff3ab5-8ac3-4e06-81a6-a28fe846213f - - - - - -] trunk is already registered
2026-05-07 00:52:00.671 7 INFO neutron.quota.resource_registry [None req-d6ff3ab5-8ac3-4e06-81a6-a28fe846213f - - - - - -] Creating instance of CountableResource for resource:ikepolicy
2026-05-07 00:52:00.671 7 WARNING neutron.quota.resource_registry [None req-d6ff3ab5-8ac3-4e06-81a6-a28fe846213f - - - - - -] ikepolicy is already registered
2026-05-07 00:52:00.671 7 INFO neutron.quota.resource_registry [None req-d6ff3ab5-8ac3-4e06-81a6-a28fe846213f - - - - - -] Creating instance of CountableResource for resource:ipsecpolicy
2026-05-07 00:52:00.672 7 WARNING neutron.quota.resource_registry [None req-d6ff3ab5-8ac3-4e06-81a6-a28fe846213f - - - - - -] ipsecpolicy is already registered
2026-05-07 00:52:00.672 8 INFO neutron.api.extensions [None req-0ecc7ae2-93cf-4ad3-80a7-9c81f87035f9 - - - - - -] Extension l3-ndp-proxy not supported by any of loaded plugins
2026-05-07 00:52:00.672 7 INFO neutron.quota.resource_registry [None req-d6ff3ab5-8ac3-4e06-81a6-a28fe846213f - - - - - -] Creating instance of CountableResource for resource:endpoint_group
2026-05-07 00:52:00.672 7 WARNING neutron.quota.resource_registry [None req-d6ff3ab5-8ac3-4e06-81a6-a28fe846213f - - - - - -] endpoint_group is already registered
2026-05-07 00:52:00.672 8 INFO neutron.api.extensions [None req-0ecc7ae2-93cf-4ad3-80a7-9c81f87035f9 - - - - - -] Extension l3-port-ip-change-not-allowed not supported by any of loaded plugins
2026-05-07 00:52:00.672 7 INFO neutron.quota.resource_registry [None req-d6ff3ab5-8ac3-4e06-81a6-a28fe846213f - - - - - -] Creating instance of CountableResource for resource:vpnservice
2026-05-07 00:52:00.673 7 WARNING neutron.quota.resource_registry [None req-d6ff3ab5-8ac3-4e06-81a6-a28fe846213f - - - - - -] vpnservice is already registered
2026-05-07 00:52:00.674 7 INFO neutron.quota.resource_registry [None req-d6ff3ab5-8ac3-4e06-81a6-a28fe846213f - - - - - -] Creating instance of CountableResource for resource:ipsec_site_connection
2026-05-07 00:52:00.674 7 WARNING neutron.quota.resource_registry [None req-d6ff3ab5-8ac3-4e06-81a6-a28fe846213f - - - - - -] ipsec_site_connection is already registered
2026-05-07 00:52:00.674 7 INFO neutron.quota.resource_registry [None req-d6ff3ab5-8ac3-4e06-81a6-a28fe846213f - - - - - -] Creating instance of CountableResource for resource:ipsecpolicy
2026-05-07 00:52:00.675 7 WARNING neutron.quota.resource_registry [None req-d6ff3ab5-8ac3-4e06-81a6-a28fe846213f - - - - - -] ipsecpolicy is already registered
2026-05-07 00:52:00.675 8 INFO neutron.api.extensions [None req-0ecc7ae2-93cf-4ad3-80a7-9c81f87035f9 - - - - - -] Extension l3_agent_scheduler not supported by any of loaded plugins
2026-05-07 00:52:00.675 7 INFO neutron.quota.resource_registry [None req-d6ff3ab5-8ac3-4e06-81a6-a28fe846213f - - - - - -] Creating instance of CountableResource for resource:ikepolicy
2026-05-07 00:52:00.675 7 WARNING neutron.quota.resource_registry [None req-d6ff3ab5-8ac3-4e06-81a6-a28fe846213f - - - - - -] ikepolicy is already registered
2026-05-07 00:52:00.676 8 INFO neutron.api.extensions [None req-0ecc7ae2-93cf-4ad3-80a7-9c81f87035f9 - - - - - -] Extension local_ip not supported by any of loaded plugins
2026-05-07 00:52:00.677 8 INFO neutron.api.extensions [None req-0ecc7ae2-93cf-4ad3-80a7-9c81f87035f9 - - - - - -] Loaded extension: logging
2026-05-07 00:52:00.678 8 INFO neutron.api.extensions [None req-0ecc7ae2-93cf-4ad3-80a7-9c81f87035f9 - - - - - -] Extension metering not supported by any of loaded plugins
2026-05-07 00:52:00.679 8 INFO neutron.api.extensions [None req-0ecc7ae2-93cf-4ad3-80a7-9c81f87035f9 - - - - - -] Extension metering_source_and_destination_fields not supported by any of loaded plugins
2026-05-07 00:52:00.680 8 INFO neutron.api.extensions [None req-0ecc7ae2-93cf-4ad3-80a7-9c81f87035f9 - - - - - -] Loaded extension: multi-provider
2026-05-07 00:52:00.680 8 INFO neutron.api.extensions [None req-0ecc7ae2-93cf-4ad3-80a7-9c81f87035f9 - - - - - -] Loaded extension: net-mtu
2026-05-07 00:52:00.681 8 INFO neutron.api.extensions [None req-0ecc7ae2-93cf-4ad3-80a7-9c81f87035f9 - - - - - -] Loaded extension: net-mtu-writable
2026-05-07 00:52:00.682 8 INFO neutron.api.extensions [None req-0ecc7ae2-93cf-4ad3-80a7-9c81f87035f9 - - - - - -] Loaded extension: network_availability_zone
2026-05-07 00:52:00.682 8 INFO neutron.api.extensions [None req-0ecc7ae2-93cf-4ad3-80a7-9c81f87035f9 - - - - - -] Extension network_ha not supported by any of loaded plugins
2026-05-07 00:52:00.683 8 INFO neutron.api.extensions [None req-0ecc7ae2-93cf-4ad3-80a7-9c81f87035f9 - - - - - -] Loaded extension: network-ip-availability
2026-05-07 00:52:00.684 8 INFO neutron.api.extensions [None req-0ecc7ae2-93cf-4ad3-80a7-9c81f87035f9 - - - - - -] Extension network-segment-range not supported by any of loaded plugins
2026-05-07 00:52:00.685 8 INFO neutron.api.extensions [None req-0ecc7ae2-93cf-4ad3-80a7-9c81f87035f9 - - - - - -] Loaded extension: pagination
2026-05-07 00:52:00.685 8 INFO neutron.api.extensions [None req-0ecc7ae2-93cf-4ad3-80a7-9c81f87035f9 - - - - - -] Loaded extension: port-device-profile
2026-05-07 00:52:00.686 8 INFO neutron.api.extensions [None req-0ecc7ae2-93cf-4ad3-80a7-9c81f87035f9 - - - - - -] Extension port-hardware-offload-type not supported by any of loaded plugins
2026-05-07 00:52:00.686 8 INFO neutron.api.extensions [None req-0ecc7ae2-93cf-4ad3-80a7-9c81f87035f9 - - - - - -] Extension port-hint-ovs-tx-steering not supported by any of loaded plugins
2026-05-07 00:52:00.687 8 INFO neutron.api.extensions [None req-0ecc7ae2-93cf-4ad3-80a7-9c81f87035f9 - - - - - -] Extension port-hints not supported by any of loaded plugins
2026-05-07 00:52:00.688 8 INFO neutron.api.extensions [None req-0ecc7ae2-93cf-4ad3-80a7-9c81f87035f9 - - - - - -] Extension port-mac-override not supported by any of loaded plugins
2026-05-07 00:52:00.688 8 INFO neutron.api.extensions [None req-0ecc7ae2-93cf-4ad3-80a7-9c81f87035f9 - - - - - -] Loaded extension: port-mac-address-regenerate
2026-05-07 00:52:00.689 8 INFO neutron.api.extensions [None req-0ecc7ae2-93cf-4ad3-80a7-9c81f87035f9 - - - - - -] Loaded extension: port-numa-affinity-policy
2026-05-07 00:52:00.689 8 INFO neutron.api.extensions [None req-0ecc7ae2-93cf-4ad3-80a7-9c81f87035f9 - - - - - -] Loaded extension: port-numa-affinity-policy-socket
2026-05-07 00:52:00.690 8 INFO neutron.api.extensions [None req-0ecc7ae2-93cf-4ad3-80a7-9c81f87035f9 - - - - - -] Loaded extension: port-resource-request
2026-05-07 00:52:00.691 8 INFO neutron.api.extensions [None req-0ecc7ae2-93cf-4ad3-80a7-9c81f87035f9 - - - - - -] Loaded extension: port-resource-request-groups
2026-05-07 00:52:00.691 8 INFO neutron.api.extensions [None req-0ecc7ae2-93cf-4ad3-80a7-9c81f87035f9 - - - - - -] Extension port-trusted-vif not supported by any of loaded plugins
2026-05-07 00:52:00.692 8 INFO neutron.api.extensions [None req-0ecc7ae2-93cf-4ad3-80a7-9c81f87035f9 - - - - - -] Loaded extension: binding
2026-05-07 00:52:00.693 8 INFO neutron.api.extensions [None req-0ecc7ae2-93cf-4ad3-80a7-9c81f87035f9 - - - - - -] Loaded extension: binding-extended
2026-05-07 00:52:00.694 8 INFO neutron.api.extensions [None req-0ecc7ae2-93cf-4ad3-80a7-9c81f87035f9 - - - - - -] Loaded extension: port-security
2026-05-07 00:52:00.698 8 INFO neutron.api.extensions [None req-0ecc7ae2-93cf-4ad3-80a7-9c81f87035f9 - - - - - -] Loaded extension: project-id
2026-05-07 00:52:00.700 8 INFO neutron.api.extensions [None req-0ecc7ae2-93cf-4ad3-80a7-9c81f87035f9 - - - - - -] Loaded extension: provider
2026-05-07 00:52:00.702 8 INFO neutron.api.extensions [None req-0ecc7ae2-93cf-4ad3-80a7-9c81f87035f9 - - - - - -] Loaded extension: qinq
2026-05-07 00:52:00.708 8 INFO neutron.api.extensions [None req-0ecc7ae2-93cf-4ad3-80a7-9c81f87035f9 - - - - - -] Loaded extension: qos
2026-05-07 00:52:00.709 8 INFO neutron.api.extensions [None req-0ecc7ae2-93cf-4ad3-80a7-9c81f87035f9 - - - - - -] Loaded extension: qos-bw-limit-direction
2026-05-07 00:52:00.710 8 INFO neutron.api.extensions [None req-0ecc7ae2-93cf-4ad3-80a7-9c81f87035f9 - - - - - -] Loaded extension: qos-bw-minimum-ingress
2026-05-07 00:52:00.710 8 INFO neutron.api.extensions [None req-0ecc7ae2-93cf-4ad3-80a7-9c81f87035f9 - - - - - -] Loaded extension: qos-default
2026-05-07 00:52:00.711 8 INFO neutron.api.extensions [None req-0ecc7ae2-93cf-4ad3-80a7-9c81f87035f9 - - - - - -] Loaded extension: qos-fip
2026-05-07 00:52:00.712 8 INFO neutron.api.extensions [None req-0ecc7ae2-93cf-4ad3-80a7-9c81f87035f9 - - - - - -] Extension qos-fip-network-policy not supported by any of loaded plugins
2026-05-07 00:52:00.712 7 WARNING keystonemiddleware._common.config [None req-d6ff3ab5-8ac3-4e06-81a6-a28fe846213f - - - - - -] The option "audit_map_file" is not known to keystonemiddleware
2026-05-07 00:52:00.712 8 INFO neutron.api.extensions [None req-0ecc7ae2-93cf-4ad3-80a7-9c81f87035f9 - - - - - -] Loaded extension: qos-gateway-ip
2026-05-07 00:52:00.713 8 INFO neutron.api.extensions [None req-0ecc7ae2-93cf-4ad3-80a7-9c81f87035f9 - - - - - -] Loaded extension: qos-port-network-policy
2026-05-07 00:52:00.714 8 INFO neutron.api.extensions [None req-0ecc7ae2-93cf-4ad3-80a7-9c81f87035f9 - - - - - -] Loaded extension: qos-pps-minimum
2026-05-07 00:52:00.715 8 INFO neutron.api.extensions [None req-0ecc7ae2-93cf-4ad3-80a7-9c81f87035f9 - - - - - -] Loaded extension: qos-pps-minimum-rule-alias
2026-05-07 00:52:00.716 8 INFO neutron.api.extensions [None req-0ecc7ae2-93cf-4ad3-80a7-9c81f87035f9 - - - - - -] Loaded extension: qos-pps
2026-05-07 00:52:00.717 8 INFO neutron.api.extensions [None req-0ecc7ae2-93cf-4ad3-80a7-9c81f87035f9 - - - - - -] Loaded extension: qos-rule-type-details
2026-05-07 00:52:00.717 8 INFO neutron.api.extensions [None req-0ecc7ae2-93cf-4ad3-80a7-9c81f87035f9 - - - - - -] Loaded extension: qos-rule-type-filter
2026-05-07 00:52:00.718 8 INFO neutron.api.extensions [None req-0ecc7ae2-93cf-4ad3-80a7-9c81f87035f9 - - - - - -] Loaded extension: qos-rules-alias
2026-05-07 00:52:00.719 8 INFO neutron.api.extensions [None req-0ecc7ae2-93cf-4ad3-80a7-9c81f87035f9 - - - - - -] Loaded extension: quota-check-limit
2026-05-07 00:52:00.719 7 WARNING oslo_config.cfg [None req-d6ff3ab5-8ac3-4e06-81a6-a28fe846213f - - - - - -] Deprecated: Option "auth_uri" from group "keystone_authtoken" is deprecated. Use option "www_authenticate_uri" from group "keystone_authtoken".
2026-05-07 00:52:00.720 8 INFO neutron.api.extensions [None req-0ecc7ae2-93cf-4ad3-80a7-9c81f87035f9 - - - - - -] Loaded extension: quota-check-limit-default
2026-05-07 00:52:00.722 8 INFO neutron.api.extensions [None req-0ecc7ae2-93cf-4ad3-80a7-9c81f87035f9 - - - - - -] Loaded extension: quotas
2026-05-07 00:52:00.724 8 INFO neutron.api.extensions [None req-0ecc7ae2-93cf-4ad3-80a7-9c81f87035f9 - - - - - -] Loaded extension: quota_details
2026-05-07 00:52:00.725 8 INFO neutron.api.extensions [None req-0ecc7ae2-93cf-4ad3-80a7-9c81f87035f9 - - - - - -] Loaded extension: rbac-policies
2026-05-07 00:52:00.726 8 INFO neutron.api.extensions [None req-0ecc7ae2-93cf-4ad3-80a7-9c81f87035f9 - - - - - -] Extension rbac-address-group not supported by any of loaded plugins
2026-05-07 00:52:00.729 8 INFO neutron.api.extensions [None req-0ecc7ae2-93cf-4ad3-80a7-9c81f87035f9 - - - - - -] Loaded extension: rbac-address-scope
2026-05-07 00:52:00.731 8 INFO neutron.api.extensions [None req-0ecc7ae2-93cf-4ad3-80a7-9c81f87035f9 - - - - - -] Loaded extension: rbac-security-groups
2026-05-07 00:52:00.731 8 INFO neutron.api.extensions [None req-0ecc7ae2-93cf-4ad3-80a7-9c81f87035f9 - - - - - -] Extension rbac-subnetpool not supported by any of loaded plugins
2026-05-07 00:52:00.732 8 INFO neutron.api.extensions [None req-0ecc7ae2-93cf-4ad3-80a7-9c81f87035f9 - - - - - -] Loaded extension: revision-if-match
2026-05-07 00:52:00.733 8 INFO neutron.api.extensions [None req-0ecc7ae2-93cf-4ad3-80a7-9c81f87035f9 - - - - - -] Loaded extension: standard-attr-revisions
2026-05-07 00:52:00.734 8 INFO neutron.api.extensions [None req-0ecc7ae2-93cf-4ad3-80a7-9c81f87035f9 - - - - - -] Loaded extension: router_availability_zone
2026-05-07 00:52:00.735 8 INFO neutron.api.extensions [None req-0ecc7ae2-93cf-4ad3-80a7-9c81f87035f9 - - - - - -] Extension router-service-type not supported by any of loaded plugins
2026-05-07 00:52:00.738 8 INFO neutron.api.extensions [None req-0ecc7ae2-93cf-4ad3-80a7-9c81f87035f9 - - - - - -] Loaded extension: security-groups-default-rules
2026-05-07 00:52:00.739 8 INFO neutron.api.extensions [None req-0ecc7ae2-93cf-4ad3-80a7-9c81f87035f9 - - - - - -] Loaded extension: security-groups-normalized-cidr
2026-05-07 00:52:00.740 8 INFO neutron.api.extensions [None req-0ecc7ae2-93cf-4ad3-80a7-9c81f87035f9 - - - - - -] Extension port-security-groups-filtering not supported by any of loaded plugins
2026-05-07 00:52:00.741 8 INFO neutron.api.extensions [None req-0ecc7ae2-93cf-4ad3-80a7-9c81f87035f9 - - - - - -] Loaded extension: security-groups-remote-address-group
2026-05-07 00:52:00.741 8 INFO neutron.api.extensions [None req-0ecc7ae2-93cf-4ad3-80a7-9c81f87035f9 - - - - - -] Loaded extension: security-groups-rules-belongs-to-default-sg
2026-05-07 00:52:00.742 8 INFO neutron.api.extensions [None req-0ecc7ae2-93cf-4ad3-80a7-9c81f87035f9 - - - - - -] Loaded extension: security-groups-shared-filtering
2026-05-07 00:52:00.744 7 WARNING neutron.plugins.ml2.drivers.ovn.mech_driver.mech_driver [None req-d6ff3ab5-8ac3-4e06-81a6-a28fe846213f - - - - - -] uWSGI must provide a start time using the configuration parameter "start-time %t" in the configuration file
2026-05-07 00:52:00.747 8 INFO neutron.api.extensions [None req-0ecc7ae2-93cf-4ad3-80a7-9c81f87035f9 - - - - - -] Loaded extension: security-group
2026-05-07 00:52:00.748 8 INFO neutron.api.extensions [None req-0ecc7ae2-93cf-4ad3-80a7-9c81f87035f9 - - - - - -] Loaded extension: segment
2026-05-07 00:52:00.749 8 INFO neutron.api.extensions [None req-0ecc7ae2-93cf-4ad3-80a7-9c81f87035f9 - - - - - -] Loaded extension: segments-peer-subnet-host-routes
2026-05-07 00:52:00.750 8 INFO neutron.api.extensions [None req-0ecc7ae2-93cf-4ad3-80a7-9c81f87035f9 - - - - - -] Loaded extension: service-type
2026-05-07 00:52:00.750 8 INFO neutron.api.extensions [None req-0ecc7ae2-93cf-4ad3-80a7-9c81f87035f9 - - - - - -] Loaded extension: sorting
2026-05-07 00:52:00.751 8 INFO neutron.api.extensions [None req-0ecc7ae2-93cf-4ad3-80a7-9c81f87035f9 - - - - - -] Loaded extension: standard-attr-segment
2026-05-07 00:52:00.751 8 INFO neutron.api.extensions [None req-0ecc7ae2-93cf-4ad3-80a7-9c81f87035f9 - - - - - -] Loaded extension: standard-attr-description
2026-05-07 00:52:00.752 8 INFO neutron.api.extensions [None req-0ecc7ae2-93cf-4ad3-80a7-9c81f87035f9 - - - - - -] Loaded extension: stateful-security-group
2026-05-07 00:52:00.752 8 WARNING neutron.api.extensions [None req-0ecc7ae2-93cf-4ad3-80a7-9c81f87035f9 - - - - - -] Did not find expected name "Stdattrs_common" in /var/lib/openstack/lib/python3.12/site-packages/neutron/extensions/stdattrs_common.py
2026-05-07 00:52:00.753 8 INFO neutron.api.extensions [None req-0ecc7ae2-93cf-4ad3-80a7-9c81f87035f9 - - - - - -] Loaded extension: subnet-dns-publish-fixed-ip
2026-05-07 00:52:00.753 8 INFO neutron.api.extensions [None req-0ecc7ae2-93cf-4ad3-80a7-9c81f87035f9 - - - - - -] Loaded extension: subnet-external-network
2026-05-07 00:52:00.754 8 INFO neutron.api.extensions [None req-0ecc7ae2-93cf-4ad3-80a7-9c81f87035f9 - - - - - -] Extension subnet_onboard not supported by any of loaded plugins
2026-05-07 00:52:00.754 8 INFO neutron.api.extensions [None req-0ecc7ae2-93cf-4ad3-80a7-9c81f87035f9 - - - - - -] Loaded extension: subnet-segmentid-writable
2026-05-07 00:52:00.755 8 INFO neutron.api.extensions [None req-0ecc7ae2-93cf-4ad3-80a7-9c81f87035f9 - - - - - -] Loaded extension: subnet-service-types
2026-05-07 00:52:00.756 8 INFO neutron.api.extensions [None req-0ecc7ae2-93cf-4ad3-80a7-9c81f87035f9 - - - - - -] Loaded extension: subnet_allocation
2026-05-07 00:52:00.756 8 INFO neutron.api.extensions [None req-0ecc7ae2-93cf-4ad3-80a7-9c81f87035f9 - - - - - -] Loaded extension: subnetpool-prefix-ops
2026-05-07 00:52:00.757 8 INFO neutron.api.extensions [None req-0ecc7ae2-93cf-4ad3-80a7-9c81f87035f9 - - - - - -] Loaded extension: tag-creation
2026-05-07 00:52:00.757 8 INFO neutron.api.extensions [None req-0ecc7ae2-93cf-4ad3-80a7-9c81f87035f9 - - - - - -] Extension tag-ports-during-bulk-creation not supported by any of loaded plugins
2026-05-07 00:52:00.761 8 INFO neutron.api.extensions [None req-0ecc7ae2-93cf-4ad3-80a7-9c81f87035f9 - - - - - -] Loaded extension: standard-attr-tag
2026-05-07 00:52:00.762 8 INFO neutron.api.extensions [None req-0ecc7ae2-93cf-4ad3-80a7-9c81f87035f9 - - - - - -] Loaded extension: standard-attr-timestamp
2026-05-07 00:52:00.762 7 INFO neutron.db.ovn_hash_ring_db [None req-d6ff3ab5-8ac3-4e06-81a6-a28fe846213f - - - - - -] Nodes from host "neutron-server-7c8b967545-9jc74" and group "mechanism_driver" removed from the Hash Ring created at
2026-05-07 00:52:00+00:00
2026-05-07 00:52:00.763 8 INFO neutron.api.extensions [None req-0ecc7ae2-93cf-4ad3-80a7-9c81f87035f9 - - - - - -] Loaded extension: trunk
2026-05-07 00:52:00.763 8 INFO neutron.api.extensions [None req-0ecc7ae2-93cf-4ad3-80a7-9c81f87035f9 - - - - - -] Loaded extension: trunk-details
2026-05-07 00:52:00.764 8 INFO neutron.api.extensions [None req-0ecc7ae2-93cf-4ad3-80a7-9c81f87035f9 - - - - - -] Extension uplink-status-propagation not supported by any of loaded plugins
2026-05-07 00:52:00.764 8 INFO neutron.api.extensions [None req-0ecc7ae2-93cf-4ad3-80a7-9c81f87035f9 - - - - - -] Extension uplink-status-propagation-updatable not supported by any of loaded plugins
2026-05-07 00:52:00.765 8 INFO neutron.api.extensions [None req-0ecc7ae2-93cf-4ad3-80a7-9c81f87035f9 - - - - - -] Loaded extension: vlan-transparent
2026-05-07 00:52:00.765 7 INFO neutron.db.ovn_hash_ring_db [None req-d6ff3ab5-8ac3-4e06-81a6-a28fe846213f - - - - - -] Node 874b74c7548456e5a20fdd91791fdb1d from host "neutron-server-7c8b967545-9jc74" and group "mechanism_driver" added to the Hash Ring
2026-05-07 00:52:00.765 8 INFO neutron.api.extensions [None req-0ecc7ae2-93cf-4ad3-80a7-9c81f87035f9 - - - - - -] Loaded extension: vpn-aes-ctr
2026-05-07 00:52:00.767 8 INFO neutron.api.extensions [None req-0ecc7ae2-93cf-4ad3-80a7-9c81f87035f9 - - - - - -] Loaded extension: vpn-agent-scheduler
2026-05-07 00:52:00.768 8 INFO neutron.api.extensions [None req-0ecc7ae2-93cf-4ad3-80a7-9c81f87035f9 - - - - - -] Loaded extension: vpn-endpoint-groups
2026-05-07 00:52:00.769 8 INFO neutron.api.extensions [None req-0ecc7ae2-93cf-4ad3-80a7-9c81f87035f9 - - - - - -] Loaded extension: vpn-flavors
2026-05-07 00:52:00.770 8 INFO neutron.api.extensions [None req-0ecc7ae2-93cf-4ad3-80a7-9c81f87035f9 - - - - - -] Loaded extension: vpnaas
2026-05-07 00:52:00.772 8 INFO neutron.api.extensions [None req-0ecc7ae2-93cf-4ad3-80a7-9c81f87035f9 - - - - - -] Loaded extension: taas
2026-05-07 00:52:00.773 8 INFO neutron.api.extensions [None req-0ecc7ae2-93cf-4ad3-80a7-9c81f87035f9 - - - - - -] Loaded extension: tap-mirror
2026-05-07 00:52:00.773 8 INFO neutron.api.extensions [None req-0ecc7ae2-93cf-4ad3-80a7-9c81f87035f9 - - - - - -] Loaded extension: taas-vlan-filter
2026-05-07 00:52:00.777 8 INFO neutron.quota.resource_registry [None req-0ecc7ae2-93cf-4ad3-80a7-9c81f87035f9 - - - - - -] Creating instance of TrackedResource for resource:network
2026-05-07 00:52:00.777 8 INFO neutron.quota.resource_registry [None req-0ecc7ae2-93cf-4ad3-80a7-9c81f87035f9 - - - - - -] Creating instance of TrackedResource for resource:subnet
2026-05-07 00:52:00.777 8 INFO neutron.quota.resource_registry [None req-0ecc7ae2-93cf-4ad3-80a7-9c81f87035f9 - - - - - -] Creating instance of TrackedResource for resource:subnetpool
2026-05-07 00:52:00.778 8 INFO neutron.quota.resource_registry [None req-0ecc7ae2-93cf-4ad3-80a7-9c81f87035f9 - - - - - -] Creating instance of TrackedResource for resource:port
2026-05-07 00:52:00.778 7 INFO neutron.plugins.ml2.drivers.ovn.mech_driver.mech_driver [None req-d6ff3ab5-8ac3-4e06-81a6-a28fe846213f - - - - - -] Hash Ring probing thread for node 874b74c7548456e5a20fdd91791fdb1d has started
2026-05-07 00:52:00.778 7 INFO neutron.plugins.ml2.drivers.ovn.mech_driver.ovsdb.impl_idl_ovn [None req-d6ff3ab5-8ac3-4e06-81a6-a28fe846213f - - - - - -] Getting OvsdbNbOvnIdl for WorkerService with retry
2026-05-07 00:52:00.781 8 INFO neutron.quota.resource_registry [None req-0ecc7ae2-93cf-4ad3-80a7-9c81f87035f9 - - - - - -] Creating instance of TrackedResource for resource:router
2026-05-07 00:52:00.781 8 INFO neutron.quota.resource_registry [None req-0ecc7ae2-93cf-4ad3-80a7-9c81f87035f9 - - - - - -] Creating instance of TrackedResource for resource:floatingip
2026-05-07 00:52:00.786 8 INFO neutron.quota.resource_registry [None req-0ecc7ae2-93cf-4ad3-80a7-9c81f87035f9 - - - - - -] Creating instance of CountableResource for resource:rbac_policy
2026-05-07 00:52:00.787 8 INFO neutron.quota.resource_registry [None req-0ecc7ae2-93cf-4ad3-80a7-9c81f87035f9 - - - - - -] Creating instance of TrackedResource for resource:security_group
2026-05-07 00:52:00.787 8 INFO neutron.quota.resource_registry [None req-0ecc7ae2-93cf-4ad3-80a7-9c81f87035f9 - - - - - -] Creating instance of TrackedResource for resource:security_group_rule
2026-05-07 00:52:00.788 8 INFO neutron.quota.resource_registry [None req-0ecc7ae2-93cf-4ad3-80a7-9c81f87035f9 - - - - - -] Creating instance of TrackedResource for resource:subnetpool
2026-05-07 00:52:00.789 8 WARNING neutron.quota.resource_registry [None req-0ecc7ae2-93cf-4ad3-80a7-9c81f87035f9 - - - - - -] subnetpool is already registered
2026-05-07 00:52:00.789 8 INFO neutron.quota.resource_registry [None req-0ecc7ae2-93cf-4ad3-80a7-9c81f87035f9 - - - - - -] Creating instance of CountableResource for resource:trunk
2026-05-07 00:52:00.789 8 INFO neutron.quota.resource_registry [None req-0ecc7ae2-93cf-4ad3-80a7-9c81f87035f9 - - - - - -] Creating instance of CountableResource for resource:ikepolicy
2026-05-07 00:52:00.790 8 INFO neutron.quota.resource_registry [None req-0ecc7ae2-93cf-4ad3-80a7-9c81f87035f9 - - - - - -] Creating instance of CountableResource for resource:ipsecpolicy
2026-05-07 00:52:00.790 8 INFO neutron.quota.resource_registry [None req-0ecc7ae2-93cf-4ad3-80a7-9c81f87035f9 - - - - - -] Creating instance of CountableResource for resource:endpoint_group
2026-05-07 00:52:00.791 8 INFO neutron.quota.resource_registry [None req-0ecc7ae2-93cf-4ad3-80a7-9c81f87035f9 - - - - - -] Creating instance of CountableResource for resource:vpnservice
2026-05-07 00:52:00.791 8 INFO neutron.quota.resource_registry [None req-0ecc7ae2-93cf-4ad3-80a7-9c81f87035f9 - - - - - -] Creating instance of CountableResource for resource:ipsec_site_connection
2026-05-07 00:52:00.791 8 INFO neutron.quota.resource_registry [None req-0ecc7ae2-93cf-4ad3-80a7-9c81f87035f9 - - - - - -] Creating instance of CountableResource for resource:ipsecpolicy
2026-05-07 00:52:00.792 8 WARNING neutron.quota.resource_registry [None req-0ecc7ae2-93cf-4ad3-80a7-9c81f87035f9 - - - - - -] ipsecpolicy is already registered
2026-05-07 00:52:00.792 8 INFO neutron.quota.resource_registry [None req-0ecc7ae2-93cf-4ad3-80a7-9c81f87035f9 - - - - - -] Creating instance of CountableResource for resource:ikepolicy
2026-05-07 00:52:00.792 8 WARNING neutron.quota.resource_registry [None req-0ecc7ae2-93cf-4ad3-80a7-9c81f87035f9 - - - - - -] ikepolicy is already registered
2026-05-07 00:52:00.796 8 INFO neutron.quota.resource_registry [None req-0ecc7ae2-93cf-4ad3-80a7-9c81f87035f9 - - - - - -] Creating instance of TrackedResource for resource:router
2026-05-07 00:52:00.797 8 WARNING neutron.quota.resource_registry [None req-0ecc7ae2-93cf-4ad3-80a7-9c81f87035f9 - - - - - -] router is already registered
2026-05-07 00:52:00.797 8 INFO neutron.quota.resource_registry [None req-0ecc7ae2-93cf-4ad3-80a7-9c81f87035f9 - - - - - -] Creating instance of TrackedResource for resource:floatingip
2026-05-07 00:52:00.797 8 WARNING neutron.quota.resource_registry [None req-0ecc7ae2-93cf-4ad3-80a7-9c81f87035f9 - - - - - -] floatingip is already registered
2026-05-07 00:52:00.802 8 INFO neutron.quota.resource_registry [None req-0ecc7ae2-93cf-4ad3-80a7-9c81f87035f9 - - - - - -] Creating instance of CountableResource for resource:rbac_policy
2026-05-07 00:52:00.802 8 WARNING neutron.quota.resource_registry [None req-0ecc7ae2-93cf-4ad3-80a7-9c81f87035f9 - - - - - -] rbac_policy is already registered
2026-05-07 00:52:00.802 8 INFO neutron.quota.resource_registry [None req-0ecc7ae2-93cf-4ad3-80a7-9c81f87035f9 - - - - - -] Creating instance of TrackedResource for resource:security_group
2026-05-07 00:52:00.802 8 WARNING neutron.quota.resource_registry [None req-0ecc7ae2-93cf-4ad3-80a7-9c81f87035f9 - - - - - -] security_group is already registered
2026-05-07 00:52:00.803 8 INFO neutron.quota.resource_registry [None req-0ecc7ae2-93cf-4ad3-80a7-9c81f87035f9 - - - - - -] Creating instance of TrackedResource for resource:security_group_rule
2026-05-07 00:52:00.804 8 WARNING neutron.quota.resource_registry [None req-0ecc7ae2-93cf-4ad3-80a7-9c81f87035f9 - - - - - -] security_group_rule is already registered
2026-05-07 00:52:00.804 8 INFO neutron.quota.resource_registry [None req-0ecc7ae2-93cf-4ad3-80a7-9c81f87035f9 - - - - - -] Creating instance of TrackedResource for resource:subnetpool
2026-05-07 00:52:00.805 8 WARNING neutron.quota.resource_registry [None req-0ecc7ae2-93cf-4ad3-80a7-9c81f87035f9 - - - - - -] subnetpool is already registered
2026-05-07 00:52:00.805 8 INFO neutron.quota.resource_registry [None req-0ecc7ae2-93cf-4ad3-80a7-9c81f87035f9 - - - - - -] Creating instance of CountableResource for resource:trunk
2026-05-07 00:52:00.805 8 WARNING neutron.quota.resource_registry [None req-0ecc7ae2-93cf-4ad3-80a7-9c81f87035f9 - - - - - -] trunk is already registered
2026-05-07 00:52:00.806 8 INFO neutron.quota.resource_registry [None req-0ecc7ae2-93cf-4ad3-80a7-9c81f87035f9 - - - - - -] Creating instance of CountableResource for resource:ikepolicy
2026-05-07 00:52:00.806 8 WARNING neutron.quota.resource_registry [None req-0ecc7ae2-93cf-4ad3-80a7-9c81f87035f9 - - - - - -] ikepolicy is already registered
2026-05-07 00:52:00.806 8 INFO neutron.quota.resource_registry [None req-0ecc7ae2-93cf-4ad3-80a7-9c81f87035f9 - - - - - -] Creating instance of CountableResource for resource:ipsecpolicy
2026-05-07 00:52:00.806 8 WARNING neutron.quota.resource_registry [None req-0ecc7ae2-93cf-4ad3-80a7-9c81f87035f9 - - - - - -] ipsecpolicy is already registered
2026-05-07 00:52:00.807 8 INFO neutron.quota.resource_registry [None req-0ecc7ae2-93cf-4ad3-80a7-9c81f87035f9 - - - - - -] Creating instance of CountableResource for resource:endpoint_group
2026-05-07 00:52:00.807 8 WARNING neutron.quota.resource_registry [None req-0ecc7ae2-93cf-4ad3-80a7-9c81f87035f9 - - - - - -] endpoint_group is already registered
2026-05-07 00:52:00.807 8 INFO neutron.quota.resource_registry [None req-0ecc7ae2-93cf-4ad3-80a7-9c81f87035f9 - - - - - -] Creating instance of CountableResource for resource:vpnservice
2026-05-07 00:52:00.807 8 WARNING neutron.quota.resource_registry [None req-0ecc7ae2-93cf-4ad3-80a7-9c81f87035f9 - - - - - -] vpnservice is already registered
2026-05-07 00:52:00.808 8 INFO neutron.quota.resource_registry [None req-0ecc7ae2-93cf-4ad3-80a7-9c81f87035f9 - - - - - -] Creating instance of CountableResource for resource:ipsec_site_connection
2026-05-07 00:52:00.808 8 WARNING neutron.quota.resource_registry [None req-0ecc7ae2-93cf-4ad3-80a7-9c81f87035f9 - - - - - -] ipsec_site_connection is already registered
2026-05-07 00:52:00.808 8 INFO neutron.quota.resource_registry [None req-0ecc7ae2-93cf-4ad3-80a7-9c81f87035f9 - - - - - -] Creating instance of CountableResource for resource:ipsecpolicy
2026-05-07 00:52:00.808 8 WARNING neutron.quota.resource_registry [None req-0ecc7ae2-93cf-4ad3-80a7-9c81f87035f9 - - - - - -] ipsecpolicy is already registered
2026-05-07 00:52:00.809 8 INFO neutron.quota.resource_registry [None req-0ecc7ae2-93cf-4ad3-80a7-9c81f87035f9 - - - - - -] Creating instance of CountableResource for resource:ikepolicy
2026-05-07 00:52:00.809 8 WARNING neutron.quota.resource_registry [None req-0ecc7ae2-93cf-4ad3-80a7-9c81f87035f9 - - - - - -] ikepolicy is already registered
2026-05-07 00:52:00.810 7 INFO ovsdbapp.backend.ovs_idl.vlog [None req-d6ff3ab5-8ac3-4e06-81a6-a28fe846213f - - - - - -] tcp:10.111.174.238:6641: connecting...
2026-05-07 00:52:00.811 7 INFO ovsdbapp.backend.ovs_idl.vlog [None req-d6ff3ab5-8ac3-4e06-81a6-a28fe846213f - - - - - -] tcp:10.111.174.238:6641: connected
2026-05-07 00:52:00.846 8 WARNING keystonemiddleware._common.config [None req-0ecc7ae2-93cf-4ad3-80a7-9c81f87035f9 - - - - - -] The option "audit_map_file" is not known to keystonemiddleware
2026-05-07 00:52:00.853 8 WARNING oslo_config.cfg [None req-0ecc7ae2-93cf-4ad3-80a7-9c81f87035f9 - - - - - -] Deprecated: Option "auth_uri" from group "keystone_authtoken" is deprecated. Use option "www_authenticate_uri" from group "keystone_authtoken".
2026-05-07 00:52:00.875 8 WARNING neutron.plugins.ml2.drivers.ovn.mech_driver.mech_driver [None req-0ecc7ae2-93cf-4ad3-80a7-9c81f87035f9 - - - - - -] uWSGI must provide a start time using the configuration parameter "start-time %t" in the configuration file
2026-05-07 00:52:00.890 8 INFO neutron.db.ovn_hash_ring_db [None req-0ecc7ae2-93cf-4ad3-80a7-9c81f87035f9 - - - - - -] Nodes from host "neutron-server-7c8b967545-9jc74" and group "mechanism_driver" removed from the Hash Ring created at
2026-05-07 00:52:00+00:00
2026-05-07 00:52:00.892 8 INFO neutron.db.ovn_hash_ring_db [None req-0ecc7ae2-93cf-4ad3-80a7-9c81f87035f9 - - - - - -] Node 0120cdc226c25e0fbaaf8ad5f86fca64 from host "neutron-server-7c8b967545-9jc74" and group "mechanism_driver" added to the Hash Ring
2026-05-07 00:52:00.900 7 INFO neutron.plugins.ml2.drivers.ovn.mech_driver.ovsdb.impl_idl_ovn [None req-d6ff3ab5-8ac3-4e06-81a6-a28fe846213f - - - - - -] Getting OvsdbSbOvnIdl for WorkerService with retry
2026-05-07 00:52:00.901 8 INFO neutron.plugins.ml2.drivers.ovn.mech_driver.mech_driver [None req-0ecc7ae2-93cf-4ad3-80a7-9c81f87035f9 - - - - - -] Hash Ring probing thread for node 0120cdc226c25e0fbaaf8ad5f86fca64 has started
2026-05-07 00:52:00.901 8 INFO neutron.plugins.ml2.drivers.ovn.mech_driver.ovsdb.impl_idl_ovn [None req-0ecc7ae2-93cf-4ad3-80a7-9c81f87035f9 - - - - - -] Getting OvsdbNbOvnIdl for WorkerService with retry
2026-05-07 00:52:00.921 7 INFO ovsdbapp.backend.ovs_idl.vlog [None req-d6ff3ab5-8ac3-4e06-81a6-a28fe846213f - - - - - -] tcp:10.100.19.207:6642: connecting...
2026-05-07 00:52:00.921 7 INFO ovsdbapp.backend.ovs_idl.vlog [None req-d6ff3ab5-8ac3-4e06-81a6-a28fe846213f - - - - - -] tcp:10.100.19.207:6642: connected
2026-05-07 00:52:00.942 8 INFO ovsdbapp.backend.ovs_idl.vlog [None req-0ecc7ae2-93cf-4ad3-80a7-9c81f87035f9 - - - - - -] tcp:10.111.174.238:6641: connecting...
2026-05-07 00:52:00.942 8 INFO ovsdbapp.backend.ovs_idl.vlog [None req-0ecc7ae2-93cf-4ad3-80a7-9c81f87035f9 - - - - - -] tcp:10.111.174.238:6641: connected
2026-05-07 00:52:00.953 7 INFO neutron.plugins.ml2.drivers.ovn.mech_driver.mech_driver [None req-d6ff3ab5-8ac3-4e06-81a6-a28fe846213f - - - - - -] WorkerService process has finished the post initialization
2026-05-07 00:52:00.955 7 INFO neutron.plugins.ml2.drivers.ovn.mech_driver.ovsdb.extensions.qos [-] Starting OVNClientQosExtension
2026-05-07 00:52:00.955 7 INFO neutron.plugins.ml2.drivers.ovn.mech_driver.ovsdb.extensions.placement [-] Starting OVNClientPlacementExtension
2026-05-07 00:52:00.974 7 INFO ovsdbapp.backend.ovs_idl.vlog [None req-d6ff3ab5-8ac3-4e06-81a6-a28fe846213f - - - - - -] tcp:10.111.174.238:6641: connecting...
2026-05-07 00:52:00.974 7 INFO ovsdbapp.backend.ovs_idl.vlog [None req-d6ff3ab5-8ac3-4e06-81a6-a28fe846213f - - - - - -] tcp:10.111.174.238:6641: connected
2026-05-07 00:52:00.988 8 INFO neutron.plugins.ml2.drivers.ovn.mech_driver.ovsdb.impl_idl_ovn [None req-0ecc7ae2-93cf-4ad3-80a7-9c81f87035f9 - - - - - -] Getting OvsdbSbOvnIdl for WorkerService with retry
2026-05-07 00:52:01.009 8 INFO ovsdbapp.backend.ovs_idl.vlog [None req-0ecc7ae2-93cf-4ad3-80a7-9c81f87035f9 - - - - - -] tcp:10.100.19.207:6642: connecting...
2026-05-07 00:52:01.010 8 INFO ovsdbapp.backend.ovs_idl.vlog [None req-0ecc7ae2-93cf-4ad3-80a7-9c81f87035f9 - - - - - -] tcp:10.100.19.207:6642: connected
2026-05-07 00:52:01.040 8 INFO neutron.plugins.ml2.drivers.ovn.mech_driver.mech_driver [None req-0ecc7ae2-93cf-4ad3-80a7-9c81f87035f9 - - - - - -] WorkerService process has finished the post initialization
2026-05-07 00:52:01.065 8 INFO ovsdbapp.backend.ovs_idl.vlog [None req-0ecc7ae2-93cf-4ad3-80a7-9c81f87035f9 - - - - - -] tcp:10.111.174.238:6641: connecting...
2026-05-07 00:52:01.065 8 INFO ovsdbapp.backend.ovs_idl.vlog [None req-0ecc7ae2-93cf-4ad3-80a7-9c81f87035f9 - - - - - -] tcp:10.111.174.238:6641: connected
2026-05-07 00:52:01.102 8 INFO ovsdbapp.backend.ovs_idl.vlog [None req-0ecc7ae2-93cf-4ad3-80a7-9c81f87035f9 - - - - - -] tcp:10.111.174.238:6641: connecting...
2026-05-07 00:52:01.103 8 INFO ovsdbapp.backend.ovs_idl.vlog [None req-0ecc7ae2-93cf-4ad3-80a7-9c81f87035f9 - - - - - -] tcp:10.111.174.238:6641: connected WSGI app 0 (mountpoint='') ready in 10 seconds on interpreter 0x7fe0d0df2668 pid: 8 (default app)
2026-05-07 00:52:01.270 7 INFO ovsdbapp.backend.ovs_idl.vlog [None req-d6ff3ab5-8ac3-4e06-81a6-a28fe846213f - - - - - -] tcp:10.111.174.238:6641: connecting...
2026-05-07 00:52:01.271 7 INFO ovsdbapp.backend.ovs_idl.vlog [None req-d6ff3ab5-8ac3-4e06-81a6-a28fe846213f - - - - - -] tcp:10.111.174.238:6641: connected WSGI app 0 (mountpoint='') ready in 10 seconds on interpreter 0x7fe0d0df2668 pid: 7 (default app) /var/lib/openstack/lib/python3.12/site-packages/pycadf/identifier.py:70: UserWarning: Invalid uuid: unknown. To ensure interoperability, identifiers should be a valid uuid. warnings.warn(('Invalid uuid: %s. To ensure interoperability, '
2026-05-07 00:52:02.906 8 INFO neutron.pecan_wsgi.hooks.translation [None req-b61e2b1f-3e9c-405d-90cf-a2106ac2afef fb03a930f703488491fc57cec8aeb85e 985cfe32ffd14a8bbef0041fbd659bdd - - default default] GET failed (client error): The resource could not be found. [pid: 8|app: 0|req: 3/3] 199.204.45.77 () {44 vars in 924 bytes} [Thu May 7 00:52:02 2026] GET /v2.0/networks/public => generated 108 bytes in 815 msecs (HTTP/1.1 404) 4 headers in 164 bytes (1 switches on core 0) /var/lib/openstack/lib/python3.12/site-packages/pycadf/identifier.py:70: UserWarning: Invalid uuid: unknown. To ensure interoperability, identifiers should be a valid uuid. warnings.warn(('Invalid uuid: %s. To ensure interoperability, ' [pid: 7|app: 0|req: 1/4] 199.204.45.77 () {44 vars in 946 bytes} [Thu May 7 00:52:02 2026] GET /v2.0/networks?name=public => generated 15 bytes in 232 msecs (HTTP/1.1 200) 4 headers in 156 bytes (1 switches on core 0)
2026-05-07 00:52:03.476 8 INFO neutron.plugins.ml2.drivers.ovn.mech_driver.ovsdb.extensions.qos [None req-0f974689-97e6-47a1-9063-0b06690057c0 fb03a930f703488491fc57cec8aeb85e 985cfe32ffd14a8bbef0041fbd659bdd - - default default] Starting OVNClientQosExtension
2026-05-07 00:52:03.477 8 INFO neutron.plugins.ml2.drivers.ovn.mech_driver.ovsdb.extensions.placement [None req-0f974689-97e6-47a1-9063-0b06690057c0 fb03a930f703488491fc57cec8aeb85e 985cfe32ffd14a8bbef0041fbd659bdd - - default default] Starting OVNClientPlacementExtension
2026-05-07 00:52:03.519 8 INFO neutron.db.ovn_revision_numbers_db [None req-0f974689-97e6-47a1-9063-0b06690057c0 fb03a930f703488491fc57cec8aeb85e 985cfe32ffd14a8bbef0041fbd659bdd - - default default] Successfully bumped revision number for resource e04f4bd0-7504-461a-a674-f8a325302834 (type: security_groups) to 1
2026-05-07 00:52:03.537 8 INFO neutron.db.ovn_revision_numbers_db [None req-0f974689-97e6-47a1-9063-0b06690057c0 fb03a930f703488491fc57cec8aeb85e 985cfe32ffd14a8bbef0041fbd659bdd - - default default] Successfully bumped revision number for resource 57727702-db1f-42c8-8daa-382fff81f615 (type: security_group_rules) to 0
2026-05-07 00:52:03.549 8 INFO neutron.db.ovn_revision_numbers_db [None req-0f974689-97e6-47a1-9063-0b06690057c0 fb03a930f703488491fc57cec8aeb85e 985cfe32ffd14a8bbef0041fbd659bdd - - default default] Successfully bumped revision number for resource 9ba202ba-76f4-4c80-bf24-13be463f7e8f (type: security_group_rules) to 0
2026-05-07 00:52:03.561 8 INFO neutron.db.ovn_revision_numbers_db [None req-0f974689-97e6-47a1-9063-0b06690057c0 fb03a930f703488491fc57cec8aeb85e 985cfe32ffd14a8bbef0041fbd659bdd - - default default] Successfully bumped revision number for resource bf52eec9-20eb-4bdc-8ad2-09420b3a4e57 (type: security_group_rules) to 0
2026-05-07 00:52:03.584 8 INFO neutron.db.ovn_revision_numbers_db [None req-0f974689-97e6-47a1-9063-0b06690057c0 fb03a930f703488491fc57cec8aeb85e 985cfe32ffd14a8bbef0041fbd659bdd - - default default] Successfully bumped revision number for resource e830e8c2-b873-496e-8f86-b393f1605c1b (type: security_group_rules) to 0
2026-05-07 00:52:03.693 8 WARNING neutron.services.revisions.revision_plugin [None req-0f974689-97e6-47a1-9063-0b06690057c0 fb03a930f703488491fc57cec8aeb85e 985cfe32ffd14a8bbef0041fbd659bdd - - default default] Could not find related network for resource to bump revision.
2026-05-07 00:52:03.727 8 INFO neutron.db.segments_db [None req-0f974689-97e6-47a1-9063-0b06690057c0 fb03a930f703488491fc57cec8aeb85e 985cfe32ffd14a8bbef0041fbd659bdd - - default default] Added segment 8a0ec27f-47bf-4770-9596-cb372b14eec5 of type flat for network c1e9a346-5685-445e-83bb-d7cb20034f45
2026-05-07 00:52:03.876 7 INFO neutron.plugins.ml2.drivers.ovn.mech_driver.mech_driver [-] OVN reports status down for port: provnet-8a0ec27f-47bf-4770-9596-cb372b14eec5
2026-05-07 00:52:03.906 8 INFO neutron.db.ovn_revision_numbers_db [None req-0f974689-97e6-47a1-9063-0b06690057c0 fb03a930f703488491fc57cec8aeb85e 985cfe32ffd14a8bbef0041fbd659bdd - - default default] Successfully bumped revision number for resource c1e9a346-5685-445e-83bb-d7cb20034f45 (type: networks) to 1
2026-05-07 00:52:04.147 8 WARNING neutron.scheduler.dhcp_agent_scheduler [None req-0f974689-97e6-47a1-9063-0b06690057c0 fb03a930f703488491fc57cec8aeb85e 985cfe32ffd14a8bbef0041fbd659bdd - - default default] No more DHCP agents
2026-05-07 00:52:04.149 8 WARNING neutron.api.rpc.agentnotifiers.dhcp_rpc_agent_api [None req-0f974689-97e6-47a1-9063-0b06690057c0 fb03a930f703488491fc57cec8aeb85e 985cfe32ffd14a8bbef0041fbd659bdd - - default default] Unable to schedule network c1e9a346-5685-445e-83bb-d7cb20034f45: no agents available; will retry on subsequent port and subnet creation events.
2026-05-07 00:52:04.195 8 INFO neutron.plugins.ml2.drivers.ovn.mech_driver.mech_driver [-] OVN reports status down for port: c64e9f33-73df-471f-b1a1-fe4cc0490f10
2026-05-07 00:52:04.205 7 INFO neutron.plugins.ml2.drivers.ovn.mech_driver.mech_driver [None req-f59c0798-8309-4a67-aa35-63a1b785c677 - - - - - -] OVN reports status down for port: c64e9f33-73df-471f-b1a1-fe4cc0490f10
2026-05-07 00:52:04.590 8 INFO neutron.db.ovn_revision_numbers_db [None req-0f974689-97e6-47a1-9063-0b06690057c0 fb03a930f703488491fc57cec8aeb85e 985cfe32ffd14a8bbef0041fbd659bdd - - default default] Successfully bumped revision number for resource c64e9f33-73df-471f-b1a1-fe4cc0490f10 (type: ports) to 1 [pid: 8|app: 0|req: 4/5] 199.204.45.77 () {48 vars in 964 bytes} [Thu May 7 00:52:03 2026] POST /v2.0/networks => generated 744 bytes in 1507 msecs (HTTP/1.1 201) 4 headers in 162 bytes (1 switches on core 0)
2026-05-07 00:52:06.057 7 INFO neutron.pecan_wsgi.hooks.translation [None req-7d3d35eb-1de9-4a4c-94ed-dbc9192a658b fb03a930f703488491fc57cec8aeb85e 985cfe32ffd14a8bbef0041fbd659bdd - - default default] GET failed (client error): The resource could not be found. [pid: 7|app: 0|req: 2/6] 199.204.45.77 () {44 vars in 924 bytes} [Thu May 7 00:52:05 2026] GET /v2.0/networks/public => generated 108 bytes in 404 msecs (HTTP/1.1 404) 4 headers in 164 bytes (1 switches on core 0) [pid: 8|app: 0|req: 5/7] 199.204.45.77 () {44 vars in 946 bytes} [Thu May 7 00:52:06 2026] GET /v2.0/networks?name=public => generated 753 bytes in 43 msecs (HTTP/1.1 200) 4 headers in 157 bytes (1 switches on core 0)
2026-05-07 00:52:06.142 7 INFO neutron.pecan_wsgi.hooks.translation [None req-7bc6f9df-39b5-47ca-b5a2-fb0620abd770 fb03a930f703488491fc57cec8aeb85e 985cfe32ffd14a8bbef0041fbd659bdd - - default default] GET failed (client error): The resource could not be found. [pid: 7|app: 0|req: 3/8] 199.204.45.77 () {44 vars in 1031 bytes} [Thu May 7 00:52:06 2026] GET /v2.0/subnets/public-subnet?network_id=c1e9a346-5685-445e-83bb-d7cb20034f45 => generated 113 bytes in 28 msecs (HTTP/1.1 404) 4 headers in 164 bytes (1 switches on core 0) [pid: 8|app: 0|req: 6/9] 199.204.45.77 () {44 vars in 1054 bytes} [Thu May 7 00:52:06 2026] GET /v2.0/subnets?name=public-subnet&network_id=c1e9a346-5685-445e-83bb-d7cb20034f45 => generated 14 bytes in 21 msecs (HTTP/1.1 200) 4 headers in 156 bytes (1 switches on core 0)
2026-05-07 00:52:06.722 7 WARNING neutron.scheduler.dhcp_agent_scheduler [None req-9ca482d0-6ce0-433c-9f81-efb148aa9061 fb03a930f703488491fc57cec8aeb85e 985cfe32ffd14a8bbef0041fbd659bdd - - default default] No more DHCP agents
2026-05-07 00:52:06.734 7 WARNING neutron.api.rpc.agentnotifiers.dhcp_rpc_agent_api [None req-9ca482d0-6ce0-433c-9f81-efb148aa9061 fb03a930f703488491fc57cec8aeb85e 985cfe32ffd14a8bbef0041fbd659bdd - - default default] Unable to schedule network c1e9a346-5685-445e-83bb-d7cb20034f45: no agents available; will retry on subsequent port and subnet creation events.
2026-05-07 00:52:07.561 7 INFO neutron.db.ovn_revision_numbers_db [None req-52a3ede6-3003-4988-97dc-290d9c1b4865 - - - - - -] Successfully bumped revision number for resource c64e9f33-73df-471f-b1a1-fe4cc0490f10 (type: ports) to 2
2026-05-07 00:52:07.607 7 INFO neutron.db.ovn_revision_numbers_db [None req-52a3ede6-3003-4988-97dc-290d9c1b4865 - - - - - -] Successfully bumped revision number for resource b7468461-8383-4c90-b176-2a174616589b (type: subnets) to 0 [pid: 7|app: 0|req: 4/10] 199.204.45.77 () {48 vars in 962 bytes} [Thu May 7 00:52:06 2026] POST /v2.0/subnets => generated 664 bytes in 1452 msecs (HTTP/1.1 201) 4 headers in 162 bytes (1 switches on core 0)
2026-05-07 00:57:03.390 8 INFO neutron.pecan_wsgi.hooks.translation [None req-85008644-6354-4639-af0a-6393948b674a fb03a930f703488491fc57cec8aeb85e 985cfe32ffd14a8bbef0041fbd659bdd - - default default] GET failed (client error): The resource could not be found. [pid: 8|app: 0|req: 26/48] 199.204.45.77 () {44 vars in 934 bytes} [Thu May 7 00:57:03 2026] GET /v2.0/networks/lb-mgmt-net => generated 113 bytes in 114 msecs (HTTP/1.1 404) 4 headers in 164 bytes (1 switches on core 0) [pid: 7|app: 0|req: 23/49] 199.204.45.77 () {44 vars in 956 bytes} [Thu May 7 00:57:03 2026] GET /v2.0/networks?name=lb-mgmt-net => generated 15 bytes in 17 msecs (HTTP/1.1 200) 4 headers in 156 bytes (1 switches on core 0)
2026-05-07 00:57:03.507 8 INFO neutron.db.segments_db [None req-06286925-8bcc-427c-a47f-ba8a3ffceaad fb03a930f703488491fc57cec8aeb85e 985cfe32ffd14a8bbef0041fbd659bdd - - default default] Added segment 24a1aad8-f677-4532-bd8e-54c42b4acfe1 of type geneve for network fb8198d4-e1a3-40b8-80ef-398c2fb0c731
2026-05-07 00:57:03.644 8 INFO neutron.db.ovn_revision_numbers_db [None req-06286925-8bcc-427c-a47f-ba8a3ffceaad fb03a930f703488491fc57cec8aeb85e 985cfe32ffd14a8bbef0041fbd659bdd - - default default] Successfully bumped revision number for resource fb8198d4-e1a3-40b8-80ef-398c2fb0c731 (type: networks) to 1
