Jul 31 09:55:21.263410 np0000187795 devstack@neutron-api.service[102113]: DEBUG neutron_lib.callbacks.manager [None req-9425b505-b587-4faa-96cd-1cccef19d7fc None None] Subscribe: > trunk_plugin after_init 55550000, False {{(pid=102113) subscribe /opt/stack/data/venv/lib/python3.12/site-packages/neutron_lib/callbacks/manager.py:52}}
Jul 31 09:55:21.263589 np0000187795 devstack@neutron-api.service[102114]: DEBUG neutron.api.extensions [None req-dddb89b5-a1bd-4834-a063-605aa3211f56 None None] Loading extension file: __pycache__ {{(pid=102114) _load_all_extensions_from_path /opt/stack/neutron/neutron/api/extensions.py:449}}
Jul 31 09:55:21.263589 np0000187795 devstack@neutron-api.service[102114]: DEBUG neutron.api.extensions [None req-dddb89b5-a1bd-4834-a063-605aa3211f56 None None] Loading extension file: aap_reject_multicast.py {{(pid=102114) _load_all_extensions_from_path /opt/stack/neutron/neutron/api/extensions.py:449}}
Jul 31 09:55:21.263780 np0000187795 devstack@neutron-api.service[102113]: DEBUG neutron_lib.callbacks.manager [None req-9425b505-b587-4faa-96cd-1cccef19d7fc None None] Subscribe: > logging-plugin after_init 55550000, False {{(pid=102113) subscribe /opt/stack/data/venv/lib/python3.12/site-packages/neutron_lib/callbacks/manager.py:52}}
Jul 31 09:55:21.263977 np0000187795 devstack@neutron-api.service[102114]: DEBUG neutron.api.extensions [None req-dddb89b5-a1bd-4834-a063-605aa3211f56 None None] Ext name="Allowed address pairs reject multicast extension" alias="aap-reject-multicast" description="Reject multicast addresses in Allowed Address Pairs" updated="2026-04-01T00:00:00-00:00" {{(pid=102114) _check_extension /opt/stack/neutron/neutron/api/extensions.py:415}}
Jul 31 09:55:21.263977 np0000187795 devstack@neutron-api.service[102114]: INFO neutron.api.extensions [None req-dddb89b5-a1bd-4834-a063-605aa3211f56 None None] Extension aap-reject-multicast not supported by any of loaded plugins
Jul 31 09:55:21.263977 np0000187795 devstack@neutron-api.service[102114]: DEBUG neutron.api.extensions [None req-dddb89b5-a1bd-4834-a063-605aa3211f56 None None] Loading extension file: address_group.py {{(pid=102114) _load_all_extensions_from_path /opt/stack/neutron/neutron/api/extensions.py:449}}
Jul 31 09:55:21.264237 np0000187795 devstack@neutron-api.service[102113]: INFO neutron.services.logapi.drivers.ovn.driver [None req-9425b505-b587-4faa-96cd-1cccef19d7fc None None] OVN logging driver registered
Jul 31 09:55:21.264425 np0000187795 devstack@neutron-api.service[102114]: DEBUG neutron.api.extensions [None req-dddb89b5-a1bd-4834-a063-605aa3211f56 None None] Ext name="Address group" alias="address-group" description="Support address group" updated="2020-07-15T10:00:00-00:00" {{(pid=102114) _check_extension /opt/stack/neutron/neutron/api/extensions.py:415}}
Jul 31 09:55:21.264582 np0000187795 devstack@neutron-api.service[102113]: DEBUG neutron_lib.callbacks.manager [None req-9425b505-b587-4faa-96cd-1cccef19d7fc None None] Subscribe: ._register_pvlan_driver at 0x716521122480> pvlan_plugin before_spawn 55550000, False {{(pid=102113) subscribe /opt/stack/data/venv/lib/python3.12/site-packages/neutron_lib/callbacks/manager.py:52}}
Jul 31 09:55:21.264764 np0000187795 devstack@neutron-api.service[102114]: INFO neutron.api.extensions [None req-dddb89b5-a1bd-4834-a063-605aa3211f56 None None] Loaded extension: address-group
Jul 31 09:55:21.264886 np0000187795 devstack@neutron-api.service[102113]: DEBUG neutron_lib.callbacks.manager [None req-9425b505-b587-4faa-96cd-1cccef19d7fc None None] Subscribe: process after_init 55550000, False {{(pid=102113) subscribe /opt/stack/data/venv/lib/python3.12/site-packages/neutron_lib/callbacks/manager.py:52}}
Jul 31 09:55:21.265030 np0000187795 devstack@neutron-api.service[102114]: DEBUG neutron.api.extensions [None req-dddb89b5-a1bd-4834-a063-605aa3211f56 None None] Loading extension file: address_scope.py {{(pid=102114) _load_all_extensions_from_path /opt/stack/neutron/neutron/api/extensions.py:449}}
Jul 31 09:55:21.265030 np0000187795 devstack@neutron-api.service[102114]: DEBUG neutron.api.extensions [None req-dddb89b5-a1bd-4834-a063-605aa3211f56 None None] Ext name="Address scope" alias="address-scope" description="Address scopes extension." updated="2015-07-26T10:00:00-00:00" {{(pid=102114) _check_extension /opt/stack/neutron/neutron/api/extensions.py:415}}
Jul 31 09:55:21.265030 np0000187795 devstack@neutron-api.service[102114]: INFO neutron.api.extensions [None req-dddb89b5-a1bd-4834-a063-605aa3211f56 None None] Loaded extension: address-scope
Jul 31 09:55:21.265030 np0000187795 devstack@neutron-api.service[102114]: DEBUG neutron.api.extensions [None req-dddb89b5-a1bd-4834-a063-605aa3211f56 None None] Loading extension file: admin_state_down_before_update.py {{(pid=102114) _load_all_extensions_from_path /opt/stack/neutron/neutron/api/extensions.py:449}}
Jul 31 09:55:21.265030 np0000187795 devstack@neutron-api.service[102114]: DEBUG neutron.api.extensions [None req-dddb89b5-a1bd-4834-a063-605aa3211f56 None None] Ext name="Enforce Router's Admin State Down Before Update Extension" alias="router-admin-state-down-before-update" description="Ensure that the admin state of a router is DOWN (admin_state_up=False) before updating the distributed attribute" updated="2019-07-02T15:56:00" {{(pid=102114) _check_extension /opt/stack/neutron/neutron/api/extensions.py:415}}
Jul 31 09:55:21.265326 np0000187795 devstack@neutron-api.service[102114]: INFO neutron.api.extensions [None req-dddb89b5-a1bd-4834-a063-605aa3211f56 None None] Extension router-admin-state-down-before-update not supported by any of loaded plugins
Jul 31 09:55:21.265326 np0000187795 devstack@neutron-api.service[102114]: DEBUG neutron.api.extensions [None req-dddb89b5-a1bd-4834-a063-605aa3211f56 None None] Loading extension file: agent.py {{(pid=102114) _load_all_extensions_from_path /opt/stack/neutron/neutron/api/extensions.py:449}}
Jul 31 09:55:21.265629 np0000187795 devstack@neutron-api.service[102114]: DEBUG neutron.api.extensions [None req-dddb89b5-a1bd-4834-a063-605aa3211f56 None None] Ext name="agent" alias="agent" description="The agent management extension." updated="2013-02-03T10:00:00-00:00" {{(pid=102114) _check_extension /opt/stack/neutron/neutron/api/extensions.py:415}}
Jul 31 09:55:21.265763 np0000187795 devstack@neutron-api.service[102114]: INFO neutron.api.extensions [None req-dddb89b5-a1bd-4834-a063-605aa3211f56 None None] Loaded extension: agent
Jul 31 09:55:21.265763 np0000187795 devstack@neutron-api.service[102114]: DEBUG neutron.api.extensions [None req-dddb89b5-a1bd-4834-a063-605aa3211f56 None None] Loading extension file: agent_resources_synced.py {{(pid=102114) _load_all_extensions_from_path /opt/stack/neutron/neutron/api/extensions.py:449}}
Jul 31 09:55:21.266071 np0000187795 devstack@neutron-api.service[102114]: DEBUG neutron.api.extensions [None req-dddb89b5-a1bd-4834-a063-605aa3211f56 None None] Ext name="Agent's Resource View Synced to Placement" alias="agent-resources-synced" description="Stores success/failure of last sync to Placement" updated="2018-12-19T00:00:00-00:00" {{(pid=102114) _check_extension /opt/stack/neutron/neutron/api/extensions.py:415}}
Jul 31 09:55:21.266208 np0000187795 devstack@neutron-api.service[102113]: DEBUG neutron.plugins.ml2.plugin [None req-9425b505-b587-4faa-96cd-1cccef19d7fc None None] neutron.plugins.ml2.plugin.Ml2Plugin method _start_rpc_notifiers called with arguments () {} {{(pid=102113) wrapper /opt/stack/data/venv/lib/python3.12/site-packages/oslo_log/helpers.py:77}}
Jul 31 09:55:21.266341 np0000187795 devstack@neutron-api.service[102114]: INFO neutron.api.extensions [None req-dddb89b5-a1bd-4834-a063-605aa3211f56 None None] Extension agent-resources-synced not supported by any of loaded plugins
Jul 31 09:55:21.266341 np0000187795 devstack@neutron-api.service[102114]: DEBUG neutron.api.extensions [None req-dddb89b5-a1bd-4834-a063-605aa3211f56 None None] Loading extension file: agent_sort_key.py {{(pid=102114) _load_all_extensions_from_path /opt/stack/neutron/neutron/api/extensions.py:449}}
Jul 31 09:55:21.266562 np0000187795 devstack@neutron-api.service[102114]: DEBUG neutron.api.extensions [None req-dddb89b5-a1bd-4834-a063-605aa3211f56 None None] Ext name="Agents Sort Key" alias="agent_sort_key" description="Enabling the keyword sort_key for sorting in agents." updated="2013-02-03T10:00:00-00:00" {{(pid=102114) _check_extension /opt/stack/neutron/neutron/api/extensions.py:415}}
Jul 31 09:55:21.266697 np0000187795 devstack@neutron-api.service[102113]: DEBUG neutron_lib.callbacks.manager [None req-9425b505-b587-4faa-96cd-1cccef19d7fc None None] Subscribe: > port after_create 55550000, False {{(pid=102113) subscribe /opt/stack/data/venv/lib/python3.12/site-packages/neutron_lib/callbacks/manager.py:52}}
Jul 31 09:55:21.266869 np0000187795 devstack@neutron-api.service[102114]: INFO neutron.api.extensions [None req-dddb89b5-a1bd-4834-a063-605aa3211f56 None None] Extension agent_sort_key not supported by any of loaded plugins
Jul 31 09:55:21.267015 np0000187795 devstack@neutron-api.service[102113]: DEBUG neutron_lib.callbacks.manager [None req-9425b505-b587-4faa-96cd-1cccef19d7fc None None] Subscribe: > port after_update 55550000, False {{(pid=102113) subscribe /opt/stack/data/venv/lib/python3.12/site-packages/neutron_lib/callbacks/manager.py:52}}
Jul 31 09:55:21.267214 np0000187795 devstack@neutron-api.service[102114]: DEBUG neutron.api.extensions [None req-dddb89b5-a1bd-4834-a063-605aa3211f56 None None] Loading extension file: allowedaddresspairs.py {{(pid=102114) _load_all_extensions_from_path /opt/stack/neutron/neutron/api/extensions.py:449}}
Jul 31 09:55:21.267366 np0000187795 devstack@neutron-api.service[102113]: DEBUG neutron_lib.callbacks.manager [None req-9425b505-b587-4faa-96cd-1cccef19d7fc None None] Subscribe: > port after_delete 55550000, False {{(pid=102113) subscribe /opt/stack/data/venv/lib/python3.12/site-packages/neutron_lib/callbacks/manager.py:52}}
Jul 31 09:55:21.267366 np0000187795 devstack@neutron-api.service[102113]: DEBUG neutron_lib.callbacks.manager [None req-9425b505-b587-4faa-96cd-1cccef19d7fc None None] Subscribe: > subnet after_create 55550000, False {{(pid=102113) subscribe /opt/stack/data/venv/lib/python3.12/site-packages/neutron_lib/callbacks/manager.py:52}}
Jul 31 09:55:21.267366 np0000187795 devstack@neutron-api.service[102113]: DEBUG neutron_lib.callbacks.manager [None req-9425b505-b587-4faa-96cd-1cccef19d7fc None None] Subscribe: > subnet after_update 55550000, False {{(pid=102113) subscribe /opt/stack/data/venv/lib/python3.12/site-packages/neutron_lib/callbacks/manager.py:52}}
Jul 31 09:55:21.267366 np0000187795 devstack@neutron-api.service[102113]: DEBUG neutron_lib.callbacks.manager [None req-9425b505-b587-4faa-96cd-1cccef19d7fc None None] Subscribe: > subnet after_delete 55550000, False {{(pid=102113) subscribe /opt/stack/data/venv/lib/python3.12/site-packages/neutron_lib/callbacks/manager.py:52}}
Jul 31 09:55:21.267647 np0000187795 devstack@neutron-api.service[102114]: DEBUG neutron.api.extensions [None req-dddb89b5-a1bd-4834-a063-605aa3211f56 None None] Ext name="Allowed Address Pairs" alias="allowed-address-pairs" description="Provides allowed address pairs" updated="2013-07-23T10:00:00-00:00" {{(pid=102114) _check_extension /opt/stack/neutron/neutron/api/extensions.py:415}}
Jul 31 09:55:21.267787 np0000187795 devstack@neutron-api.service[102113]: DEBUG neutron_lib.callbacks.manager [None req-9425b505-b587-4faa-96cd-1cccef19d7fc None None] Subscribe: > network after_create 55550000, False {{(pid=102113) subscribe /opt/stack/data/venv/lib/python3.12/site-packages/neutron_lib/callbacks/manager.py:52}}
Jul 31 09:55:21.267787 np0000187795 devstack@neutron-api.service[102113]: DEBUG neutron_lib.callbacks.manager [None req-9425b505-b587-4faa-96cd-1cccef19d7fc None None] Subscribe: > network after_update 55550000, False {{(pid=102113) subscribe /opt/stack/data/venv/lib/python3.12/site-packages/neutron_lib/callbacks/manager.py:52}}
Jul 31 09:55:21.268005 np0000187795 devstack@neutron-api.service[102114]: INFO neutron.api.extensions [None req-dddb89b5-a1bd-4834-a063-605aa3211f56 None None] Loaded extension: allowed-address-pairs
Jul 31 09:55:21.268005 np0000187795 devstack@neutron-api.service[102114]: DEBUG neutron.api.extensions [None req-dddb89b5-a1bd-4834-a063-605aa3211f56 None None] Loading extension file: auto_allocated_topology.py {{(pid=102114) _load_all_extensions_from_path /opt/stack/neutron/neutron/api/extensions.py:449}}
Jul 31 09:55:21.268197 np0000187795 devstack@neutron-api.service[102113]: DEBUG neutron_lib.callbacks.manager [None req-9425b505-b587-4faa-96cd-1cccef19d7fc None None] Subscribe: > network after_delete 55550000, False {{(pid=102113) subscribe /opt/stack/data/venv/lib/python3.12/site-packages/neutron_lib/callbacks/manager.py:52}}
Jul 31 09:55:21.268197 np0000187795 devstack@neutron-api.service[102113]: DEBUG neutron_lib.callbacks.manager [None req-9425b505-b587-4faa-96cd-1cccef19d7fc None None] Subscribe: > security_group after_create 55550000, False {{(pid=102113) subscribe /opt/stack/data/venv/lib/python3.12/site-packages/neutron_lib/callbacks/manager.py:52}}
Jul 31 09:55:21.268373 np0000187795 devstack@neutron-api.service[102114]: DEBUG neutron.api.extensions [None req-dddb89b5-a1bd-4834-a063-605aa3211f56 None None] Ext name="Auto Allocated Topology Services" alias="auto-allocated-topology" description="Auto Allocated Topology Services." updated="2016-01-01T00:00:00-00:00" {{(pid=102114) _check_extension /opt/stack/neutron/neutron/api/extensions.py:415}}
Jul 31 09:55:21.268559 np0000187795 devstack@neutron-api.service[102113]: DEBUG neutron_lib.callbacks.manager [None req-9425b505-b587-4faa-96cd-1cccef19d7fc None None] Subscribe: > security_group after_update 55550000, False {{(pid=102113) subscribe /opt/stack/data/venv/lib/python3.12/site-packages/neutron_lib/callbacks/manager.py:52}}
Jul 31 09:55:21.268702 np0000187795 devstack@neutron-api.service[102114]: INFO neutron.api.extensions [None req-dddb89b5-a1bd-4834-a063-605aa3211f56 None None] Loaded extension: auto-allocated-topology
Jul 31 09:55:21.268843 np0000187795 devstack@neutron-api.service[102113]: DEBUG neutron_lib.callbacks.manager [None req-9425b505-b587-4faa-96cd-1cccef19d7fc None None] Subscribe: > security_group after_delete 55550000, False {{(pid=102113) subscribe /opt/stack/data/venv/lib/python3.12/site-packages/neutron_lib/callbacks/manager.py:52}}
Jul 31 09:55:21.269028 np0000187795 devstack@neutron-api.service[102114]: DEBUG neutron.api.extensions [None req-dddb89b5-a1bd-4834-a063-605aa3211f56 None None] Loading extension file: availability_zone.py {{(pid=102114) _load_all_extensions_from_path /opt/stack/neutron/neutron/api/extensions.py:449}}
Jul 31 09:55:21.269185 np0000187795 devstack@neutron-api.service[102113]: DEBUG neutron_lib.callbacks.manager [None req-9425b505-b587-4faa-96cd-1cccef19d7fc None None] Subscribe: > security_group_rule after_create 55550000, False {{(pid=102113) subscribe /opt/stack/data/venv/lib/python3.12/site-packages/neutron_lib/callbacks/manager.py:52}}
Jul 31 09:55:21.269326 np0000187795 devstack@neutron-api.service[102114]: DEBUG neutron.api.extensions [None req-dddb89b5-a1bd-4834-a063-605aa3211f56 None None] Ext name="Availability Zone" alias="availability_zone" description="The availability zone extension." updated="2015-01-01T10:00:00-00:00" {{(pid=102114) _check_extension /opt/stack/neutron/neutron/api/extensions.py:415}}
Jul 31 09:55:21.269474 np0000187795 devstack@neutron-api.service[102113]: DEBUG neutron_lib.callbacks.manager [None req-9425b505-b587-4faa-96cd-1cccef19d7fc None None] Subscribe: > security_group_rule after_update 55550000, False {{(pid=102113) subscribe /opt/stack/data/venv/lib/python3.12/site-packages/neutron_lib/callbacks/manager.py:52}}
Jul 31 09:55:21.269474 np0000187795 devstack@neutron-api.service[102113]: DEBUG neutron_lib.callbacks.manager [None req-9425b505-b587-4faa-96cd-1cccef19d7fc None None] Subscribe: > security_group_rule after_delete 55550000, False {{(pid=102113) subscribe /opt/stack/data/venv/lib/python3.12/site-packages/neutron_lib/callbacks/manager.py:52}}
Jul 31 09:55:21.269684 np0000187795 devstack@neutron-api.service[102114]: INFO neutron.api.extensions [None req-dddb89b5-a1bd-4834-a063-605aa3211f56 None None] Loaded extension: availability_zone
Jul 31 09:55:21.269866 np0000187795 devstack@neutron-api.service[102113]: DEBUG neutron_lib.callbacks.manager [None req-9425b505-b587-4faa-96cd-1cccef19d7fc None None] Subscribe: > address_group after_create 55550000, False {{(pid=102113) subscribe /opt/stack/data/venv/lib/python3.12/site-packages/neutron_lib/callbacks/manager.py:52}}
Jul 31 09:55:21.270032 np0000187795 devstack@neutron-api.service[102114]: DEBUG neutron.api.extensions [None req-dddb89b5-a1bd-4834-a063-605aa3211f56 None None] Loading extension file: availability_zone_filter.py {{(pid=102114) _load_all_extensions_from_path /opt/stack/neutron/neutron/api/extensions.py:449}}
Jul 31 09:55:21.270196 np0000187795 devstack@neutron-api.service[102113]: DEBUG neutron_lib.callbacks.manager [None req-9425b505-b587-4faa-96cd-1cccef19d7fc None None] Subscribe: > address_group after_update 55550000, False {{(pid=102113) subscribe /opt/stack/data/venv/lib/python3.12/site-packages/neutron_lib/callbacks/manager.py:52}}
Jul 31 09:55:21.270196 np0000187795 devstack@neutron-api.service[102113]: DEBUG neutron_lib.callbacks.manager [None req-9425b505-b587-4faa-96cd-1cccef19d7fc None None] Subscribe: > address_group after_delete 55550000, False {{(pid=102113) subscribe /opt/stack/data/venv/lib/python3.12/site-packages/neutron_lib/callbacks/manager.py:52}}
Jul 31 09:55:21.270399 np0000187795 devstack@neutron-api.service[102114]: DEBUG neutron.api.extensions [None req-dddb89b5-a1bd-4834-a063-605aa3211f56 None None] Ext name="Availability Zone Filter Extension" alias="availability_zone_filter" description="Add filter parameters to AvailabilityZone resource" updated="2018-06-22T10:00:00-00:00" {{(pid=102114) _check_extension /opt/stack/neutron/neutron/api/extensions.py:415}}
Jul 31 09:55:21.270561 np0000187795 devstack@neutron-api.service[102113]: DEBUG neutron.plugins.ml2.ovo_rpc [None req-9425b505-b587-4faa-96cd-1cccef19d7fc None None] ML2 OVO RPC backend initialized. {{(pid=102113) __init__ /opt/stack/neutron/neutron/plugins/ml2/ovo_rpc.py:117}}
Jul 31 09:55:21.270739 np0000187795 devstack@neutron-api.service[102114]: INFO neutron.api.extensions [None req-dddb89b5-a1bd-4834-a063-605aa3211f56 None None] Extension availability_zone_filter not supported by any of loaded plugins
Jul 31 09:55:21.270739 np0000187795 devstack@neutron-api.service[102114]: DEBUG neutron.api.extensions [None req-dddb89b5-a1bd-4834-a063-605aa3211f56 None None] Loading extension file: data_plane_status.py {{(pid=102114) _load_all_extensions_from_path /opt/stack/neutron/neutron/api/extensions.py:449}}
Jul 31 09:55:21.270739 np0000187795 devstack@neutron-api.service[102114]: DEBUG neutron.api.extensions [None req-dddb89b5-a1bd-4834-a063-605aa3211f56 None None] Ext name="Port data plane status extension" alias="data-plane-status" description="Expose status of underlying data plane" updated="2017-01-24T10:00:00-00:00" {{(pid=102114) _check_extension /opt/stack/neutron/neutron/api/extensions.py:415}}
Jul 31 09:55:21.270739 np0000187795 devstack@neutron-api.service[102114]: INFO neutron.api.extensions [None req-dddb89b5-a1bd-4834-a063-605aa3211f56 None None] Extension data-plane-status not supported by any of loaded plugins
Jul 31 09:55:21.270739 np0000187795 devstack@neutron-api.service[102114]: DEBUG neutron.api.extensions [None req-dddb89b5-a1bd-4834-a063-605aa3211f56 None None] Loading extension file: default_subnetpools.py {{(pid=102114) _load_all_extensions_from_path /opt/stack/neutron/neutron/api/extensions.py:449}}
Jul 31 09:55:21.270739 np0000187795 devstack@neutron-api.service[102114]: DEBUG neutron.api.extensions [None req-dddb89b5-a1bd-4834-a063-605aa3211f56 None None] Ext name="Default Subnetpools" alias="default-subnetpools" description="Provides ability to mark and use a subnetpool as the default." updated="2016-02-18T18:00:00-00:00" {{(pid=102114) _check_extension /opt/stack/neutron/neutron/api/extensions.py:415}}
Jul 31 09:55:21.271036 np0000187795 devstack@neutron-api.service[102113]: INFO neutron.quota [None req-9425b505-b587-4faa-96cd-1cccef19d7fc None None] Loaded quota_driver: .
Jul 31 09:55:21.271173 np0000187795 devstack@neutron-api.service[102114]: INFO neutron.api.extensions [None req-dddb89b5-a1bd-4834-a063-605aa3211f56 None None] Loaded extension: default-subnetpools
Jul 31 09:55:21.271778 np0000187795 devstack@neutron-api.service[102113]: INFO neutron.plugins.ml2.plugin [None req-9425b505-b587-4faa-96cd-1cccef19d7fc None None] Modular L2 Plugin initialization complete
Jul 31 09:55:21.271933 np0000187795 devstack@neutron-api.service[102114]: DEBUG neutron.api.extensions [None req-dddb89b5-a1bd-4834-a063-605aa3211f56 None None] Loading extension file: dhcpagentscheduler.py {{(pid=102114) _load_all_extensions_from_path /opt/stack/neutron/neutron/api/extensions.py:449}}
Jul 31 09:55:21.272089 np0000187795 devstack@neutron-api.service[102113]: DEBUG neutron.manager [None req-9425b505-b587-4faa-96cd-1cccef19d7fc None None] Loading services supported by the core plugin {{(pid=102113) _load_services_from_core_plugin /opt/stack/neutron/neutron/manager.py:167}}
Jul 31 09:55:21.272089 np0000187795 devstack@neutron-api.service[102113]: INFO neutron.plugins.ml2.managers [None req-9425b505-b587-4faa-96cd-1cccef19d7fc None None] Got port-security extension from driver 'port_security'
Jul 31 09:55:21.272234 np0000187795 devstack@neutron-api.service[102114]: DEBUG neutron.api.extensions [None req-dddb89b5-a1bd-4834-a063-605aa3211f56 None None] Ext name="DHCP Agent Scheduler" alias="dhcp_agent_scheduler" description="Schedule networks among dhcp agents" updated="2013-02-07T10:00:00-00:00" {{(pid=102114) _check_extension /opt/stack/neutron/neutron/api/extensions.py:415}}
Jul 31 09:55:21.272234 np0000187795 devstack@neutron-api.service[102114]: INFO neutron.api.extensions [None req-dddb89b5-a1bd-4834-a063-605aa3211f56 None None] Loaded extension: dhcp_agent_scheduler
Jul 31 09:55:21.272234 np0000187795 devstack@neutron-api.service[102114]: DEBUG neutron.api.extensions [None req-dddb89b5-a1bd-4834-a063-605aa3211f56 None None] Loading extension file: dns.py {{(pid=102114) _load_all_extensions_from_path /opt/stack/neutron/neutron/api/extensions.py:449}}
Jul 31 09:55:21.272438 np0000187795 devstack@neutron-api.service[102113]: DEBUG neutron.manager [None req-9425b505-b587-4faa-96cd-1cccef19d7fc None None] Loading service plugins: ['ovn-router', 'auto_allocate', 'tag', 'timestamp', 'network_ip_availability', 'flavors', 'revisions'] {{(pid=102113) _load_service_plugins /opt/stack/neutron/neutron/manager.py:192}}
Jul 31 09:55:21.272438 np0000187795 devstack@neutron-api.service[102113]: INFO neutron.manager [None req-9425b505-b587-4faa-96cd-1cccef19d7fc None None] Loading Plugin: ovn-router
Jul 31 09:55:21.272625 np0000187795 devstack@neutron-api.service[102114]: DEBUG neutron.api.extensions [None req-dddb89b5-a1bd-4834-a063-605aa3211f56 None None] Ext name="DNS Integration" alias="dns-integration" description="Provides integration with DNS." updated="2015-08-15T18:00:00-00:00" {{(pid=102114) _check_extension /opt/stack/neutron/neutron/api/extensions.py:415}}
Jul 31 09:55:21.272625 np0000187795 devstack@neutron-api.service[102114]: INFO neutron.api.extensions [None req-dddb89b5-a1bd-4834-a063-605aa3211f56 None None] Loaded extension: dns-integration
Jul 31 09:55:21.272625 np0000187795 devstack@neutron-api.service[102114]: DEBUG neutron.api.extensions [None req-dddb89b5-a1bd-4834-a063-605aa3211f56 None None] Loading extension file: dns_domain_ports.py {{(pid=102114) _load_all_extensions_from_path /opt/stack/neutron/neutron/api/extensions.py:449}}
Jul 31 09:55:21.272625 np0000187795 devstack@neutron-api.service[102114]: DEBUG neutron.api.extensions [None req-dddb89b5-a1bd-4834-a063-605aa3211f56 None None] Ext name="dns_domain for ports" alias="dns-domain-ports" description="Allows the DNS domain to be specified for a network port." updated="2017-04-24T10:00:00-00:00" {{(pid=102114) _check_extension /opt/stack/neutron/neutron/api/extensions.py:415}}
Jul 31 09:55:21.272625 np0000187795 devstack@neutron-api.service[102114]: INFO neutron.api.extensions [None req-dddb89b5-a1bd-4834-a063-605aa3211f56 None None] Loaded extension: dns-domain-ports
Jul 31 09:55:21.272625 np0000187795 devstack@neutron-api.service[102114]: DEBUG neutron.api.extensions [None req-dddb89b5-a1bd-4834-a063-605aa3211f56 None None] Loading extension file: dns_integration_domain_keywords.py {{(pid=102114) _load_all_extensions_from_path /opt/stack/neutron/neutron/api/extensions.py:449}}
Jul 31 09:55:21.272625 np0000187795 devstack@neutron-api.service[102114]: DEBUG neutron.api.extensions [None req-dddb89b5-a1bd-4834-a063-605aa3211f56 None None] Ext name="DNS domain names with keywords allowed" alias="dns-integration-domain-keywords" description="Allows to use keywords like , , and as DNS domain name" updated="2020-06-15T18:00:00-00:00" {{(pid=102114) _check_extension /opt/stack/neutron/neutron/api/extensions.py:415}}
Jul 31 09:55:21.273339 np0000187795 devstack@neutron-api.service[102114]: INFO neutron.api.extensions [None req-dddb89b5-a1bd-4834-a063-605aa3211f56 None None] Loaded extension: dns-integration-domain-keywords
Jul 31 09:55:21.273339 np0000187795 devstack@neutron-api.service[102114]: DEBUG neutron.api.extensions [None req-dddb89b5-a1bd-4834-a063-605aa3211f56 None None] Loading extension file: dvr.py {{(pid=102114) _load_all_extensions_from_path /opt/stack/neutron/neutron/api/extensions.py:449}}
Jul 31 09:55:21.273339 np0000187795 devstack@neutron-api.service[102114]: DEBUG neutron.api.extensions [None req-dddb89b5-a1bd-4834-a063-605aa3211f56 None None] Ext name="Distributed Virtual Router" alias="dvr" description="Enables configuration of Distributed Virtual Routers." updated="2014-06-1T10:00:00-00:00" {{(pid=102114) _check_extension /opt/stack/neutron/neutron/api/extensions.py:415}}
Jul 31 09:55:21.273339 np0000187795 devstack@neutron-api.service[102114]: INFO neutron.api.extensions [None req-dddb89b5-a1bd-4834-a063-605aa3211f56 None None] Extension dvr not supported by any of loaded plugins
Jul 31 09:55:21.273619 np0000187795 devstack@neutron-api.service[102114]: DEBUG neutron.api.extensions [None req-dddb89b5-a1bd-4834-a063-605aa3211f56 None None] Loading extension file: ecmp_routes.py {{(pid=102114) _load_all_extensions_from_path /opt/stack/neutron/neutron/api/extensions.py:449}}
Jul 31 09:55:21.273619 np0000187795 devstack@neutron-api.service[102114]: DEBUG neutron.api.extensions [None req-dddb89b5-a1bd-4834-a063-605aa3211f56 None None] Ext name="Equal Cost Multipath Routing" alias="ecmp_routes" description="Allows traffic to reach thesame destination via multiple different links " updated="2020-11-26T18:00:00-00:00" {{(pid=102114) _check_extension /opt/stack/neutron/neutron/api/extensions.py:415}}
Jul 31 09:55:21.273877 np0000187795 devstack@neutron-api.service[102114]: INFO neutron.api.extensions [None req-dddb89b5-a1bd-4834-a063-605aa3211f56 None None] Extension ecmp_routes not supported by any of loaded plugins
Jul 31 09:55:21.274012 np0000187795 devstack@neutron-api.service[102114]: DEBUG neutron.api.extensions [None req-dddb89b5-a1bd-4834-a063-605aa3211f56 None None] Loading extension file: empty_string_filtering.py {{(pid=102114) _load_all_extensions_from_path /opt/stack/neutron/neutron/api/extensions.py:449}}
Jul 31 09:55:21.274196 np0000187795 devstack@neutron-api.service[102114]: DEBUG neutron.api.extensions [None req-dddb89b5-a1bd-4834-a063-605aa3211f56 None None] Ext name="Empty String Filtering Extension" alias="empty-string-filtering" description="Allow filtering by attributes with empty string value" updated="2018-05-01T10:00:00-00:00" {{(pid=102114) _check_extension /opt/stack/neutron/neutron/api/extensions.py:415}}
Jul 31 09:55:21.274381 np0000187795 devstack@neutron-api.service[102114]: INFO neutron.api.extensions [None req-dddb89b5-a1bd-4834-a063-605aa3211f56 None None] Loaded extension: empty-string-filtering
Jul 31 09:55:21.274555 np0000187795 devstack@neutron-api.service[102114]: DEBUG neutron.api.extensions [None req-dddb89b5-a1bd-4834-a063-605aa3211f56 None None] Loading extension file: evpn.py {{(pid=102114) _load_all_extensions_from_path /opt/stack/neutron/neutron/api/extensions.py:449}}
Jul 31 09:55:21.274724 np0000187795 devstack@neutron-api.service[102114]: DEBUG neutron.api.extensions [None req-dddb89b5-a1bd-4834-a063-605aa3211f56 None None] Ext name="EVPN" alias="evpn" description="Router extension to support EVPN Type-5 route advertisement" updated="2026-04-28T00:00:00-00:00" {{(pid=102114) _check_extension /opt/stack/neutron/neutron/api/extensions.py:415}}
Jul 31 09:55:21.275020 np0000187795 devstack@neutron-api.service[102114]: INFO neutron.api.extensions [None req-dddb89b5-a1bd-4834-a063-605aa3211f56 None None] Extension evpn not supported by any of loaded plugins
Jul 31 09:55:21.275020 np0000187795 devstack@neutron-api.service[102114]: DEBUG neutron.api.extensions [None req-dddb89b5-a1bd-4834-a063-605aa3211f56 None None] Loading extension file: expose_l3_conntrack_helper.py {{(pid=102114) _load_all_extensions_from_path /opt/stack/neutron/neutron/api/extensions.py:449}}
Jul 31 09:55:21.275176 np0000187795 devstack@neutron-api.service[102114]: DEBUG neutron.api.extensions [None req-dddb89b5-a1bd-4834-a063-605aa3211f56 None None] Ext name="Expose CT target rules for conntrack helper" alias="expose-l3-conntrack-helper" description="Expose allow adding CT target rules for conntrack helper" updated="2019-04-04T10:00:00-00:00" {{(pid=102114) _check_extension /opt/stack/neutron/neutron/api/extensions.py:415}}
Jul 31 09:55:21.275534 np0000187795 devstack@neutron-api.service[102114]: INFO neutron.api.extensions [None req-dddb89b5-a1bd-4834-a063-605aa3211f56 None None] Extension expose-l3-conntrack-helper not supported by any of loaded plugins
Jul 31 09:55:21.275692 np0000187795 devstack@neutron-api.service[102114]: DEBUG neutron.api.extensions [None req-dddb89b5-a1bd-4834-a063-605aa3211f56 None None] Loading extension file: expose_port_forwarding_in_fip.py {{(pid=102114) _load_all_extensions_from_path /opt/stack/neutron/neutron/api/extensions.py:449}}
Jul 31 09:55:21.275869 np0000187795 devstack@neutron-api.service[102114]: DEBUG neutron.api.extensions [None req-dddb89b5-a1bd-4834-a063-605aa3211f56 None None] Ext name="Expose Floating IP port forwardings" alias="expose-port-forwarding-in-fip" description="Expose port forwarding fields in floating IP response" updated="2018-06-28T16:00:00-00:00" {{(pid=102114) _check_extension /opt/stack/neutron/neutron/api/extensions.py:415}}
Jul 31 09:55:21.276082 np0000187795 devstack@neutron-api.service[102114]: INFO neutron.api.extensions [None req-dddb89b5-a1bd-4834-a063-605aa3211f56 None None] Extension expose-port-forwarding-in-fip not supported by any of loaded plugins
Jul 31 09:55:21.276082 np0000187795 devstack@neutron-api.service[102114]: DEBUG neutron.api.extensions [None req-dddb89b5-a1bd-4834-a063-605aa3211f56 None None] Loading extension file: external_net.py {{(pid=102114) _load_all_extensions_from_path /opt/stack/neutron/neutron/api/extensions.py:449}}
Jul 31 09:55:21.276358 np0000187795 devstack@neutron-api.service[102114]: DEBUG neutron.api.extensions [None req-dddb89b5-a1bd-4834-a063-605aa3211f56 None None] Ext name="Neutron external network" alias="external-net" description="Adds external network attribute to network resource." updated="2013-01-14T10:00:00-00:00" {{(pid=102114) _check_extension /opt/stack/neutron/neutron/api/extensions.py:415}}
Jul 31 09:55:21.276567 np0000187795 devstack@neutron-api.service[102114]: INFO neutron.api.extensions [None req-dddb89b5-a1bd-4834-a063-605aa3211f56 None None] Loaded extension: external-net
Jul 31 09:55:21.276723 np0000187795 devstack@neutron-api.service[102114]: DEBUG neutron.api.extensions [None req-dddb89b5-a1bd-4834-a063-605aa3211f56 None None] Loading extension file: extra_dhcp_opt.py {{(pid=102114) _load_all_extensions_from_path /opt/stack/neutron/neutron/api/extensions.py:449}}
Jul 31 09:55:21.276897 np0000187795 devstack@neutron-api.service[102114]: DEBUG neutron.api.extensions [None req-dddb89b5-a1bd-4834-a063-605aa3211f56 None None] Ext name="Neutron Extra DHCP options" alias="extra_dhcp_opt" description="Extra options configuration for DHCP. For example PXE boot options to DHCP clients can be specified (e.g. tftp-server, server-ip-address, bootfile-name)" updated="2013-03-17T12:00:00-00:00" {{(pid=102114) _check_extension /opt/stack/neutron/neutron/api/extensions.py:415}}
Jul 31 09:55:21.277116 np0000187795 devstack@neutron-api.service[102114]: INFO neutron.api.extensions [None req-dddb89b5-a1bd-4834-a063-605aa3211f56 None None] Loaded extension: extra_dhcp_opt
Jul 31 09:55:21.277116 np0000187795 devstack@neutron-api.service[102114]: DEBUG neutron.api.extensions [None req-dddb89b5-a1bd-4834-a063-605aa3211f56 None None] Loading extension file: extraroute.py {{(pid=102114) _load_all_extensions_from_path /opt/stack/neutron/neutron/api/extensions.py:449}}
Jul 31 09:55:21.277439 np0000187795 devstack@neutron-api.service[102114]: DEBUG neutron.api.extensions [None req-dddb89b5-a1bd-4834-a063-605aa3211f56 None None] Ext name="Neutron Extra Route" alias="extraroute" description="Extra routes configuration for L3 router" updated="2013-02-01T10:00:00-00:00" {{(pid=102114) _check_extension /opt/stack/neutron/neutron/api/extensions.py:415}}
Jul 31 09:55:21.277603 np0000187795 devstack@neutron-api.service[102114]: INFO neutron.api.extensions [None req-dddb89b5-a1bd-4834-a063-605aa3211f56 None None] Loaded extension: extraroute
Jul 31 09:55:21.277745 np0000187795 devstack@neutron-api.service[102114]: DEBUG neutron.api.extensions [None req-dddb89b5-a1bd-4834-a063-605aa3211f56 None None] Loading extension file: extraroute_atomic.py {{(pid=102114) _load_all_extensions_from_path /opt/stack/neutron/neutron/api/extensions.py:449}}
Jul 31 09:55:21.278021 np0000187795 devstack@neutron-api.service[102114]: DEBUG neutron.api.extensions [None req-dddb89b5-a1bd-4834-a063-605aa3211f56 None None] Ext name="Atomically add/remove extra routes" alias="extraroute-atomic" description="Edit extra routes of a router on server side by atomically adding/removing extra routes" updated="2019-07-10T00:00:00+00:00" {{(pid=102114) _check_extension /opt/stack/neutron/neutron/api/extensions.py:415}}
Jul 31 09:55:21.278198 np0000187795 devstack@neutron-api.service[102114]: INFO neutron.api.extensions [None req-dddb89b5-a1bd-4834-a063-605aa3211f56 None None] Loaded extension: extraroute-atomic
Jul 31 09:55:21.278198 np0000187795 devstack@neutron-api.service[102114]: DEBUG neutron.api.extensions [None req-dddb89b5-a1bd-4834-a063-605aa3211f56 None None] Loading extension file: filter_validation.py {{(pid=102114) _load_all_extensions_from_path /opt/stack/neutron/neutron/api/extensions.py:449}}
Jul 31 09:55:21.278518 np0000187795 devstack@neutron-api.service[102114]: DEBUG neutron.api.extensions [None req-dddb89b5-a1bd-4834-a063-605aa3211f56 None None] Ext name="Filter parameters validation" alias="filter-validation" description="Provides validation on filter parameters." updated="2018-07-04T10:00:00-00:00" {{(pid=102114) _check_extension /opt/stack/neutron/neutron/api/extensions.py:415}}
Jul 31 09:55:21.278752 np0000187795 devstack@neutron-api.service[102114]: INFO neutron.api.extensions [None req-dddb89b5-a1bd-4834-a063-605aa3211f56 None None] Loaded extension: filter-validation
Jul 31 09:55:21.278885 np0000187795 devstack@neutron-api.service[102114]: DEBUG neutron.api.extensions [None req-dddb89b5-a1bd-4834-a063-605aa3211f56 None None] Loading extension file: fip_pf_description.py {{(pid=102114) _load_all_extensions_from_path /opt/stack/neutron/neutron/api/extensions.py:449}}
Jul 31 09:55:21.279124 np0000187795 devstack@neutron-api.service[102114]: DEBUG neutron.api.extensions [None req-dddb89b5-a1bd-4834-a063-605aa3211f56 None None] Ext name="Floating IP Port Forwarding new attribute description" alias="floating-ip-port-forwarding-description" description="Add a description field to Port Forwarding rules" updated="2019-11-01T10:00:00-00:00" {{(pid=102114) _check_extension /opt/stack/neutron/neutron/api/extensions.py:415}}
Jul 31 09:55:21.279280 np0000187795 devstack@neutron-api.service[102114]: INFO neutron.api.extensions [None req-dddb89b5-a1bd-4834-a063-605aa3211f56 None None] Extension floating-ip-port-forwarding-description not supported by any of loaded plugins
Jul 31 09:55:21.279280 np0000187795 devstack@neutron-api.service[102114]: DEBUG neutron.api.extensions [None req-dddb89b5-a1bd-4834-a063-605aa3211f56 None None] Loading extension file: fip_pf_detail.py {{(pid=102114) _load_all_extensions_from_path /opt/stack/neutron/neutron/api/extensions.py:449}}
Jul 31 09:55:21.279578 np0000187795 devstack@neutron-api.service[102114]: DEBUG neutron.api.extensions [None req-dddb89b5-a1bd-4834-a063-605aa3211f56 None None] Ext name="Floating IP port forwarding detail" alias="floating-ip-port-forwarding-detail" description="Allow list floating ip return more port forwarding data, include'id' and 'internal_port_id'" updated="2022-05-06T10:00:00-00:00" {{(pid=102114) _check_extension /opt/stack/neutron/neutron/api/extensions.py:415}}
Jul 31 09:55:21.279780 np0000187795 devstack@neutron-api.service[102114]: INFO neutron.api.extensions [None req-dddb89b5-a1bd-4834-a063-605aa3211f56 None None] Loaded extension: floating-ip-port-forwarding-detail
Jul 31 09:55:21.279780 np0000187795 devstack@neutron-api.service[102114]: DEBUG neutron.api.extensions [None req-dddb89b5-a1bd-4834-a063-605aa3211f56 None None] Loading extension file: fip_pf_port_range.py {{(pid=102114) _load_all_extensions_from_path /opt/stack/neutron/neutron/api/extensions.py:449}}
Jul 31 09:55:21.280110 np0000187795 devstack@neutron-api.service[102114]: DEBUG neutron.api.extensions [None req-dddb89b5-a1bd-4834-a063-605aa3211f56 None None] Ext name="Floating IP Port Forwarding support port ranges" alias="floating-ip-port-forwarding-port-ranges" description="Add support to port ranges" updated="2020-07-01T10:00:00-00:00" {{(pid=102114) _check_extension /opt/stack/neutron/neutron/api/extensions.py:415}}
Jul 31 09:55:21.280345 np0000187795 devstack@neutron-api.service[102114]: INFO neutron.api.extensions [None req-dddb89b5-a1bd-4834-a063-605aa3211f56 None None] Extension floating-ip-port-forwarding-port-ranges not supported by any of loaded plugins
Jul 31 09:55:21.280345 np0000187795 devstack@neutron-api.service[102114]: DEBUG neutron.api.extensions [None req-dddb89b5-a1bd-4834-a063-605aa3211f56 None None] Loading extension file: fip_port_details.py {{(pid=102114) _load_all_extensions_from_path /opt/stack/neutron/neutron/api/extensions.py:449}}
Jul 31 09:55:21.280679 np0000187795 devstack@neutron-api.service[102114]: DEBUG neutron.api.extensions [None req-dddb89b5-a1bd-4834-a063-605aa3211f56 None None] Ext name="Floating IP Port Details Extension" alias="fip-port-details" description="Add port_details attribute to Floating IP resource" updated="2018-04-09T10:00:00-00:00" {{(pid=102114) _check_extension /opt/stack/neutron/neutron/api/extensions.py:415}}
Jul 31 09:55:21.280915 np0000187795 devstack@neutron-api.service[102114]: INFO neutron.api.extensions [None req-dddb89b5-a1bd-4834-a063-605aa3211f56 None None] Loaded extension: fip-port-details
Jul 31 09:55:21.280915 np0000187795 devstack@neutron-api.service[102114]: DEBUG neutron.api.extensions [None req-dddb89b5-a1bd-4834-a063-605aa3211f56 None None] Loading extension file: flavors.py {{(pid=102114) _load_all_extensions_from_path /opt/stack/neutron/neutron/api/extensions.py:449}}
Jul 31 09:55:21.281250 np0000187795 devstack@neutron-api.service[102114]: DEBUG neutron.api.extensions [None req-dddb89b5-a1bd-4834-a063-605aa3211f56 None None] Ext name="Neutron Service Flavors" alias="flavors" description="Flavor specification for Neutron advanced services." updated="2015-09-17T10:00:00-00:00" {{(pid=102114) _check_extension /opt/stack/neutron/neutron/api/extensions.py:415}}
Jul 31 09:55:21.281451 np0000187795 devstack@neutron-api.service[102114]: INFO neutron.api.extensions [None req-dddb89b5-a1bd-4834-a063-605aa3211f56 None None] Loaded extension: flavors
Jul 31 09:55:21.281451 np0000187795 devstack@neutron-api.service[102114]: DEBUG neutron.api.extensions [None req-dddb89b5-a1bd-4834-a063-605aa3211f56 None None] Loading extension file: floating_ip_port_forwarding.py {{(pid=102114) _load_all_extensions_from_path /opt/stack/neutron/neutron/api/extensions.py:449}}
Jul 31 09:55:21.281926 np0000187795 devstack@neutron-api.service[102114]: DEBUG neutron.api.extensions [None req-dddb89b5-a1bd-4834-a063-605aa3211f56 None None] Ext name="Floating IP Port Forwarding" alias="floating-ip-port-forwarding" description="Allow port forwarding from floating IP port to an internal port" updated="2018-01-19T10:00:00-00:00" {{(pid=102114) _check_extension /opt/stack/neutron/neutron/api/extensions.py:415}}
Jul 31 09:55:21.282120 np0000187795 devstack@neutron-api.service[102114]: INFO neutron.api.extensions [None req-dddb89b5-a1bd-4834-a063-605aa3211f56 None None] Extension floating-ip-port-forwarding not supported by any of loaded plugins
Jul 31 09:55:21.282120 np0000187795 devstack@neutron-api.service[102114]: DEBUG neutron.api.extensions [None req-dddb89b5-a1bd-4834-a063-605aa3211f56 None None] Loading extension file: floatingip_pools.py {{(pid=102114) _load_all_extensions_from_path /opt/stack/neutron/neutron/api/extensions.py:449}}
Jul 31 09:55:21.282461 np0000187795 devstack@neutron-api.service[102114]: DEBUG neutron.api.extensions [None req-dddb89b5-a1bd-4834-a063-605aa3211f56 None None] Ext name="Floating IP Pools Extension" alias="floatingip-pools" description="Provides a floating IP pools API." updated="2018-03-21T10:00:00-00:00" {{(pid=102114) _check_extension /opt/stack/neutron/neutron/api/extensions.py:415}}
Jul 31 09:55:21.282769 np0000187795 devstack@neutron-api.service[102114]: INFO neutron.api.extensions [None req-dddb89b5-a1bd-4834-a063-605aa3211f56 None None] Loaded extension: floatingip-pools
Jul 31 09:55:21.282769 np0000187795 devstack@neutron-api.service[102114]: DEBUG neutron.api.extensions [None req-dddb89b5-a1bd-4834-a063-605aa3211f56 None None] Loading extension file: ip_allocation.py {{(pid=102114) _load_all_extensions_from_path /opt/stack/neutron/neutron/api/extensions.py:449}}
Jul 31 09:55:21.283020 np0000187795 devstack@neutron-api.service[102114]: DEBUG neutron.api.extensions [None req-dddb89b5-a1bd-4834-a063-605aa3211f56 None None] Ext name="IP Allocation" alias="ip_allocation" description="IP allocation extension." updated="2016-06-10T23:00:00-00:00" {{(pid=102114) _check_extension /opt/stack/neutron/neutron/api/extensions.py:415}}
Jul 31 09:55:21.283165 np0000187795 devstack@neutron-api.service[102114]: INFO neutron.api.extensions [None req-dddb89b5-a1bd-4834-a063-605aa3211f56 None None] Extension ip_allocation not supported by any of loaded plugins
Jul 31 09:55:21.283310 np0000187795 devstack@neutron-api.service[102114]: DEBUG neutron.api.extensions [None req-dddb89b5-a1bd-4834-a063-605aa3211f56 None None] Loading extension file: ip_substring_port_filtering.py {{(pid=102114) _load_all_extensions_from_path /opt/stack/neutron/neutron/api/extensions.py:449}}
Jul 31 09:55:21.283447 np0000187795 devstack@neutron-api.service[102114]: DEBUG neutron.api.extensions [None req-dddb89b5-a1bd-4834-a063-605aa3211f56 None None] Ext name="IP address substring filtering" alias="ip-substring-filtering" description="Provides IP address substring filtering when listing ports" updated="2017-11-28T09:00:00-00:00" {{(pid=102114) _check_extension /opt/stack/neutron/neutron/api/extensions.py:415}}
Jul 31 09:55:21.283674 np0000187795 devstack@neutron-api.service[102114]: INFO neutron.api.extensions [None req-dddb89b5-a1bd-4834-a063-605aa3211f56 None None] Extension ip-substring-filtering not supported by any of loaded plugins
Jul 31 09:55:21.283836 np0000187795 devstack@neutron-api.service[102114]: DEBUG neutron.api.extensions [None req-dddb89b5-a1bd-4834-a063-605aa3211f56 None None] Loading extension file: l2_adjacency.py {{(pid=102114) _load_all_extensions_from_path /opt/stack/neutron/neutron/api/extensions.py:449}}
Jul 31 09:55:21.284000 np0000187795 devstack@neutron-api.service[102114]: DEBUG neutron.api.extensions [None req-dddb89b5-a1bd-4834-a063-605aa3211f56 None None] Ext name="L2 Adjacency" alias="l2_adjacency" description="Display L2 Adjacency for Neutron Networks." updated="2016-04-12T16:00:00-00:00" {{(pid=102114) _check_extension /opt/stack/neutron/neutron/api/extensions.py:415}}
Jul 31 09:55:21.284168 np0000187795 devstack@neutron-api.service[102114]: INFO neutron.api.extensions [None req-dddb89b5-a1bd-4834-a063-605aa3211f56 None None] Extension l2_adjacency not supported by any of loaded plugins
Jul 31 09:55:21.284292 np0000187795 devstack@neutron-api.service[102114]: DEBUG neutron.api.extensions [None req-dddb89b5-a1bd-4834-a063-605aa3211f56 None None] Loading extension file: l3.py {{(pid=102114) _load_all_extensions_from_path /opt/stack/neutron/neutron/api/extensions.py:449}}
Jul 31 09:55:21.284881 np0000187795 devstack@neutron-api.service[102114]: DEBUG neutron.api.extensions [None req-dddb89b5-a1bd-4834-a063-605aa3211f56 None None] Ext name="Neutron L3 Router" alias="router" description="Router abstraction for basic L3 forwarding between L2 Neutron networks and access to external networks via a NAT gateway." updated="2012-07-20T10:00:00-00:00" {{(pid=102114) _check_extension /opt/stack/neutron/neutron/api/extensions.py:415}}
Jul 31 09:55:21.285017 np0000187795 devstack@neutron-api.service[102114]: INFO neutron.api.extensions [None req-dddb89b5-a1bd-4834-a063-605aa3211f56 None None] Loaded extension: router
Jul 31 09:55:21.285017 np0000187795 devstack@neutron-api.service[102114]: DEBUG neutron.api.extensions [None req-dddb89b5-a1bd-4834-a063-605aa3211f56 None None] Loading extension file: l3_agent_scheduler_ha_chassis_priority.py {{(pid=102114) _load_all_extensions_from_path /opt/stack/neutron/neutron/api/extensions.py:449}}
Jul 31 09:55:21.285274 np0000187795 devstack@neutron-api.service[102113]: DEBUG neutron_lib.callbacks.manager [None req-9425b505-b587-4faa-96cd-1cccef19d7fc None None] Subscribe: > router before_delete 55550000, False {{(pid=102113) subscribe /opt/stack/data/venv/lib/python3.12/site-packages/neutron_lib/callbacks/manager.py:52}}
Jul 31 09:55:21.285474 np0000187795 devstack@neutron-api.service[102114]: DEBUG neutron.api.extensions [None req-dddb89b5-a1bd-4834-a063-605aa3211f56 None None] Ext name="L3 Agent Scheduler HA Chassis Priority" alias="l3-agent-scheduler-ha-chassis-priority" description="Exposes the HA_Chassis priority in the L3 Agent Scheduler API responses and allows setting priority when scheduling a router to a chassis." updated="2026-03-31T00:00:00-00:00" {{(pid=102114) _check_extension /opt/stack/neutron/neutron/api/extensions.py:415}}
Jul 31 09:55:21.285640 np0000187795 devstack@neutron-api.service[102113]: DEBUG neutron_lib.callbacks.manager [None req-9425b505-b587-4faa-96cd-1cccef19d7fc None None] Subscribe: port before_update 55550000, False {{(pid=102113) subscribe /opt/stack/data/venv/lib/python3.12/site-packages/neutron_lib/callbacks/manager.py:52}}
Jul 31 09:55:21.285796 np0000187795 devstack@neutron-api.service[102114]: INFO neutron.api.extensions [None req-dddb89b5-a1bd-4834-a063-605aa3211f56 None None] Loaded extension: l3-agent-scheduler-ha-chassis-priority
Jul 31 09:55:21.285796 np0000187795 devstack@neutron-api.service[102114]: DEBUG neutron.api.extensions [None req-dddb89b5-a1bd-4834-a063-605aa3211f56 None None] Loading extension file: l3_conntrack_helper.py {{(pid=102114) _load_all_extensions_from_path /opt/stack/neutron/neutron/api/extensions.py:449}}
Jul 31 09:55:21.285995 np0000187795 devstack@neutron-api.service[102113]: DEBUG neutron_lib.callbacks.manager [None req-9425b505-b587-4faa-96cd-1cccef19d7fc None None] Subscribe: port after_update 55550000, False {{(pid=102113) subscribe /opt/stack/data/venv/lib/python3.12/site-packages/neutron_lib/callbacks/manager.py:52}}
Jul 31 09:55:21.285995 np0000187795 devstack@neutron-api.service[102113]: DEBUG neutron_lib.callbacks.manager [None req-9425b505-b587-4faa-96cd-1cccef19d7fc None None] Subscribe: > port precommit_delete 55550000, False {{(pid=102113) subscribe /opt/stack/data/venv/lib/python3.12/site-packages/neutron_lib/callbacks/manager.py:52}}
Jul 31 09:55:21.285995 np0000187795 devstack@neutron-api.service[102113]: DEBUG neutron_lib.callbacks.manager [None req-9425b505-b587-4faa-96cd-1cccef19d7fc None None] Subscribe: port before_update 55550000, False {{(pid=102113) subscribe /opt/stack/data/venv/lib/python3.12/site-packages/neutron_lib/callbacks/manager.py:52}}
Jul 31 09:55:21.286209 np0000187795 devstack@neutron-api.service[102113]: DEBUG neutron_lib.callbacks.manager [None req-9425b505-b587-4faa-96cd-1cccef19d7fc None None] Subscribe: port before_delete 55550000, False {{(pid=102113) subscribe /opt/stack/data/venv/lib/python3.12/site-packages/neutron_lib/callbacks/manager.py:52}}
Jul 31 09:55:21.286209 np0000187795 devstack@neutron-api.service[102113]: DEBUG neutron_lib.callbacks.manager [None req-9425b505-b587-4faa-96cd-1cccef19d7fc None None] Subscribe: > router precommit_create 55550000, False {{(pid=102113) subscribe /opt/stack/data/venv/lib/python3.12/site-packages/neutron_lib/callbacks/manager.py:52}}
