Feb 17 20:45:25.182186 np0000156196 devstack@neutron-api.service[103778]: DEBUG neutron_lib.callbacks.manager [None req-2d90e8b7-847e-4bbd-bd06-45a0a8992a1d None None] Subscribe: > router_interface after_delete 55550000, False {{(pid=103778) subscribe /opt/stack/data/venv/lib/python3.12/site-packages/neutron_lib/callbacks/manager.py:52}}
Feb 17 20:45:25.182186 np0000156196 devstack@neutron-api.service[103778]: DEBUG neutron_lib.callbacks.manager [None req-2d90e8b7-847e-4bbd-bd06-45a0a8992a1d None None] Subscribe: > router after_create 55550000, False {{(pid=103778) subscribe /opt/stack/data/venv/lib/python3.12/site-packages/neutron_lib/callbacks/manager.py:52}}
Feb 17 20:45:25.182364 np0000156196 devstack@neutron-api.service[103780]: INFO neutron.api.extensions [None req-f4d10fda-ac70-4839-951a-daa14d264f25 None None] Extension port-resource-request not supported by any of loaded plugins
Feb 17 20:45:25.182440 np0000156196 devstack@neutron-api.service[103778]: DEBUG neutron_lib.callbacks.manager [None req-2d90e8b7-847e-4bbd-bd06-45a0a8992a1d None None] Subscribe: > router precommit_create 55550000, False {{(pid=103778) subscribe /opt/stack/data/venv/lib/python3.12/site-packages/neutron_lib/callbacks/manager.py:52}}
Feb 17 20:45:25.182508 np0000156196 devstack@neutron-api.service[103780]: DEBUG neutron.api.extensions [None req-f4d10fda-ac70-4839-951a-daa14d264f25 None None] Loading extension file: port_resource_request_groups.py {{(pid=103780) _load_all_extensions_from_path /opt/stack/neutron/neutron/api/extensions.py:449}}
Feb 17 20:45:25.182582 np0000156196 devstack@neutron-api.service[103778]: DEBUG neutron_lib.callbacks.manager [None req-2d90e8b7-847e-4bbd-bd06-45a0a8992a1d None None] Subscribe: > router after_delete 55550000, False {{(pid=103778) subscribe /opt/stack/data/venv/lib/python3.12/site-packages/neutron_lib/callbacks/manager.py:52}}
Feb 17 20:45:25.182582 np0000156196 devstack@neutron-api.service[103778]: DEBUG neutron_lib.callbacks.manager [None req-2d90e8b7-847e-4bbd-bd06-45a0a8992a1d None None] Subscribe: > router after_update 55550000, False {{(pid=103778) subscribe /opt/stack/data/venv/lib/python3.12/site-packages/neutron_lib/callbacks/manager.py:52}}
Feb 17 20:45:25.182582 np0000156196 devstack@neutron-api.service[103778]: DEBUG neutron.services.service_base [None req-2d90e8b7-847e-4bbd-bd06-45a0a8992a1d None None] Loaded 'neutron.services.ovn_l3.service_providers.ovn.OvnDriver' provider for service L3_ROUTER_NAT {{(pid=103778) load_drivers /opt/stack/neutron/neutron/services/service_base.py:49}}
Feb 17 20:45:25.182728 np0000156196 devstack@neutron-api.service[103780]: DEBUG neutron.api.extensions [None req-f4d10fda-ac70-4839-951a-daa14d264f25 None None] Ext name="Port Resource Request Groups" alias="port-resource-request-groups" description="Support requesting multiple groups of resources and traits from the same RP subtree in resource_request" updated="2021-08-02T10:00:00-00:00" {{(pid=103780) _check_extension /opt/stack/neutron/neutron/api/extensions.py:415}}
Feb 17 20:45:25.182896 np0000156196 devstack@neutron-api.service[103778]: DEBUG neutron_lib.callbacks.manager [None req-2d90e8b7-847e-4bbd-bd06-45a0a8992a1d None None] Subscribe: > process after_init 55550001, True {{(pid=103778) subscribe /opt/stack/data/venv/lib/python3.12/site-packages/neutron_lib/callbacks/manager.py:52}}
Feb 17 20:45:25.182972 np0000156196 devstack@neutron-api.service[103780]: INFO neutron.api.extensions [None req-f4d10fda-ac70-4839-951a-daa14d264f25 None None] Extension port-resource-request-groups not supported by any of loaded plugins
Feb 17 20:45:25.183040 np0000156196 devstack@neutron-api.service[103778]: DEBUG neutron.manager [None req-2d90e8b7-847e-4bbd-bd06-45a0a8992a1d None None] Successfully loaded L3_ROUTER_NAT plugin. Description: L3 Router Service Plugin for basic L3 forwarding using OVN {{(pid=103778) _create_and_add_service_plugin /opt/stack/neutron/neutron/manager.py:229}}
Feb 17 20:45:25.183100 np0000156196 devstack@neutron-api.service[103780]: DEBUG neutron.api.extensions [None req-f4d10fda-ac70-4839-951a-daa14d264f25 None None] Loading extension file: port_trusted_vif.py {{(pid=103780) _load_all_extensions_from_path /opt/stack/neutron/neutron/api/extensions.py:449}}
Feb 17 20:45:25.183167 np0000156196 devstack@neutron-api.service[103778]: INFO neutron.manager [None req-2d90e8b7-847e-4bbd-bd06-45a0a8992a1d None None] Loading Plugin: auto_allocate
Feb 17 20:45:25.183229 np0000156196 devstack@neutron-api.service[103780]: DEBUG neutron.api.extensions [None req-f4d10fda-ac70-4839-951a-daa14d264f25 None None] Ext name="Port trusted vif" alias="port-trusted-vif" description="Expose port 'trusted' attribute in the API" updated="2024-07-10T10:00:00-00:00" {{(pid=103780) _check_extension /opt/stack/neutron/neutron/api/extensions.py:415}}
Feb 17 20:45:25.183229 np0000156196 devstack@neutron-api.service[103780]: INFO neutron.api.extensions [None req-f4d10fda-ac70-4839-951a-daa14d264f25 None None] Extension port-trusted-vif not supported by any of loaded plugins
Feb 17 20:45:25.183229 np0000156196 devstack@neutron-api.service[103780]: DEBUG neutron.api.extensions [None req-f4d10fda-ac70-4839-951a-daa14d264f25 None None] Loading extension file: portbindings.py {{(pid=103780) _load_all_extensions_from_path /opt/stack/neutron/neutron/api/extensions.py:449}}
Feb 17 20:45:25.183666 np0000156196 devstack@neutron-api.service[103780]: DEBUG neutron.api.extensions [None req-f4d10fda-ac70-4839-951a-daa14d264f25 None None] Ext name="Port Binding" alias="binding" description="Expose port bindings of a virtual port to external application" updated="2014-02-03T10:00:00-00:00" {{(pid=103780) _check_extension /opt/stack/neutron/neutron/api/extensions.py:415}}
Feb 17 20:45:25.183976 np0000156196 devstack@neutron-api.service[103778]: DEBUG neutron_lib.callbacks.manager [None req-2d90e8b7-847e-4bbd-bd06-45a0a8992a1d None None] Subscribe: network precommit_update 55550000, False {{(pid=103778) subscribe /opt/stack/data/venv/lib/python3.12/site-packages/neutron_lib/callbacks/manager.py:52}}
Feb 17 20:45:25.184309 np0000156196 devstack@neutron-api.service[103780]: INFO neutron.api.extensions [None req-f4d10fda-ac70-4839-951a-daa14d264f25 None None] Loaded extension: binding
Feb 17 20:45:25.184609 np0000156196 devstack@neutron-api.service[103778]: DEBUG neutron_lib.callbacks.manager [None req-2d90e8b7-847e-4bbd-bd06-45a0a8992a1d None None] Subscribe: network precommit_create 55550000, False {{(pid=103778) subscribe /opt/stack/data/venv/lib/python3.12/site-packages/neutron_lib/callbacks/manager.py:52}}
Feb 17 20:45:25.184824 np0000156196 devstack@neutron-api.service[103780]: DEBUG neutron.api.extensions [None req-f4d10fda-ac70-4839-951a-daa14d264f25 None None] Loading extension file: portbindings_extended.py {{(pid=103780) _load_all_extensions_from_path /opt/stack/neutron/neutron/api/extensions.py:449}}
Feb 17 20:45:25.184965 np0000156196 devstack@neutron-api.service[103778]: DEBUG neutron.manager [None req-2d90e8b7-847e-4bbd-bd06-45a0a8992a1d None None] Successfully loaded auto-allocated-topology plugin. Description: Auto Allocated Topology - aka get me a network. {{(pid=103778) _create_and_add_service_plugin /opt/stack/neutron/neutron/manager.py:229}}
Feb 17 20:45:25.184965 np0000156196 devstack@neutron-api.service[103778]: INFO neutron.manager [None req-2d90e8b7-847e-4bbd-bd06-45a0a8992a1d None None] Loading Plugin: tag
Feb 17 20:45:25.185086 np0000156196 devstack@neutron-api.service[103780]: DEBUG neutron.api.extensions [None req-f4d10fda-ac70-4839-951a-daa14d264f25 None None] Ext name="Port Bindings Extended" alias="binding-extended" description="Expose port bindings of a virtual port to external application" updated="2017-07-17T10:00:00-00:00" {{(pid=103780) _check_extension /opt/stack/neutron/neutron/api/extensions.py:415}}
Feb 17 20:45:25.185086 np0000156196 devstack@neutron-api.service[103780]: INFO neutron.api.extensions [None req-f4d10fda-ac70-4839-951a-daa14d264f25 None None] Loaded extension: binding-extended
Feb 17 20:45:25.185086 np0000156196 devstack@neutron-api.service[103780]: DEBUG neutron.api.extensions [None req-f4d10fda-ac70-4839-951a-daa14d264f25 None None] Loading extension file: portsecurity.py {{(pid=103780) _load_all_extensions_from_path /opt/stack/neutron/neutron/api/extensions.py:449}}
Feb 17 20:45:25.185086 np0000156196 devstack@neutron-api.service[103780]: DEBUG neutron.api.extensions [None req-f4d10fda-ac70-4839-951a-daa14d264f25 None None] Ext name="Port Security" alias="port-security" description="Provides port security" updated="2012-07-23T10:00:00-00:00" {{(pid=103780) _check_extension /opt/stack/neutron/neutron/api/extensions.py:415}}
Feb 17 20:45:25.185086 np0000156196 devstack@neutron-api.service[103780]: INFO neutron.api.extensions [None req-f4d10fda-ac70-4839-951a-daa14d264f25 None None] Loaded extension: port-security
Feb 17 20:45:25.185356 np0000156196 devstack@neutron-api.service[103780]: DEBUG neutron.api.extensions [None req-f4d10fda-ac70-4839-951a-daa14d264f25 None None] Loading extension file: project_id.py {{(pid=103780) _load_all_extensions_from_path /opt/stack/neutron/neutron/api/extensions.py:449}}
Feb 17 20:45:25.185356 np0000156196 devstack@neutron-api.service[103780]: DEBUG neutron.api.extensions [None req-f4d10fda-ac70-4839-951a-daa14d264f25 None None] Ext name="project_id field enabled" alias="project-id" description="Extension that indicates that project_id field is enabled." updated="2016-09-09T09:09:09-09:09" {{(pid=103780) _check_extension /opt/stack/neutron/neutron/api/extensions.py:415}}
Feb 17 20:45:25.185584 np0000156196 devstack@neutron-api.service[103780]: INFO neutron.api.extensions [None req-f4d10fda-ac70-4839-951a-daa14d264f25 None None] Loaded extension: project-id
Feb 17 20:45:25.185665 np0000156196 devstack@neutron-api.service[103779]: INFO neutron.plugins.ml2.drivers.type_vlan [None req-71c93031-8d53-4e7c-bb60-efffc7cf5ea5 None None] VlanTypeDriver initialization complete
Feb 17 20:45:25.186321 np0000156196 devstack@neutron-api.service[103780]: DEBUG neutron.api.extensions [None req-f4d10fda-ac70-4839-951a-daa14d264f25 None None] Loading extension file: providernet.py {{(pid=103780) _load_all_extensions_from_path /opt/stack/neutron/neutron/api/extensions.py:449}}
Feb 17 20:45:25.186438 np0000156196 devstack@neutron-api.service[103779]: INFO neutron.plugins.ml2.managers [None req-71c93031-8d53-4e7c-bb60-efffc7cf5ea5 None None] Initializing extension driver 'port_security'
Feb 17 20:45:25.186471 np0000156196 devstack@neutron-api.service[103780]: DEBUG neutron.api.extensions [None req-f4d10fda-ac70-4839-951a-daa14d264f25 None None] Ext name="Provider Network" alias="provider" description="Expose mapping of virtual networks to physical networks" updated="2012-09-07T10:00:00-00:00" {{(pid=103780) _check_extension /opt/stack/neutron/neutron/api/extensions.py:415}}
Feb 17 20:45:25.186507 np0000156196 devstack@neutron-api.service[103779]: INFO neutron.plugins.ml2.extensions.port_security [None req-71c93031-8d53-4e7c-bb60-efffc7cf5ea5 None None] PortSecurityExtensionDriver initialization complete
Feb 17 20:45:25.186507 np0000156196 devstack@neutron-api.service[103779]: INFO neutron.plugins.ml2.managers [None req-71c93031-8d53-4e7c-bb60-efffc7cf5ea5 None None] Initializing extension driver 'qos'
Feb 17 20:45:25.186624 np0000156196 devstack@neutron-api.service[103780]: INFO neutron.api.extensions [None req-f4d10fda-ac70-4839-951a-daa14d264f25 None None] Loaded extension: provider
Feb 17 20:45:25.186665 np0000156196 devstack@neutron-api.service[103779]: DEBUG neutron.plugins.ml2.extensions.qos [None req-71c93031-8d53-4e7c-bb60-efffc7cf5ea5 None None] QosExtensionDriver initialization complete {{(pid=103779) initialize /opt/stack/neutron/neutron/plugins/ml2/extensions/qos.py:31}}
Feb 17 20:45:25.186700 np0000156196 devstack@neutron-api.service[103780]: DEBUG neutron.api.extensions [None req-f4d10fda-ac70-4839-951a-daa14d264f25 None None] Loading extension file: qinq.py {{(pid=103780) _load_all_extensions_from_path /opt/stack/neutron/neutron/api/extensions.py:449}}
Feb 17 20:45:25.186812 np0000156196 devstack@neutron-api.service[103779]: INFO neutron.plugins.ml2.managers [None req-71c93031-8d53-4e7c-bb60-efffc7cf5ea5 None None] Initializing mechanism driver 'ovn'
Feb 17 20:45:25.186812 np0000156196 devstack@neutron-api.service[103779]: INFO neutron.plugins.ml2.drivers.ovn.mech_driver.mech_driver [None req-71c93031-8d53-4e7c-bb60-efffc7cf5ea5 None None] Starting OVNMechanismDriver
Feb 17 20:45:25.186885 np0000156196 devstack@neutron-api.service[103780]: DEBUG neutron.api.extensions [None req-f4d10fda-ac70-4839-951a-daa14d264f25 None None] Ext name="QinQ networks" alias="qinq" description="Expose network 'qinq' attribute in the API. This allows to configure network to allow vlan in vlan configuration using 0x8a88 ethertype (QinQ)." updated="2024-12-02T10:00:00-00:00" {{(pid=103780) _check_extension /opt/stack/neutron/neutron/api/extensions.py:415}}
Feb 17 20:45:25.186885 np0000156196 devstack@neutron-api.service[103780]: INFO neutron.api.extensions [None req-f4d10fda-ac70-4839-951a-daa14d264f25 None None] Loaded extension: qinq
Feb 17 20:45:25.186885 np0000156196 devstack@neutron-api.service[103780]: DEBUG neutron.api.extensions [None req-f4d10fda-ac70-4839-951a-daa14d264f25 None None] Loading extension file: qos.py {{(pid=103780) _load_all_extensions_from_path /opt/stack/neutron/neutron/api/extensions.py:449}}
Feb 17 20:45:25.187174 np0000156196 devstack@neutron-api.service[103778]: DEBUG neutron.manager [None req-2d90e8b7-847e-4bbd-bd06-45a0a8992a1d None None] Successfully loaded TAG plugin. Description: Tag support {{(pid=103778) _create_and_add_service_plugin /opt/stack/neutron/neutron/manager.py:229}}
Feb 17 20:45:25.187271 np0000156196 devstack@neutron-api.service[103778]: INFO neutron.manager [None req-2d90e8b7-847e-4bbd-bd06-45a0a8992a1d None None] Loading Plugin: timestamp
Feb 17 20:45:25.187815 np0000156196 devstack@neutron-api.service[103780]: DEBUG neutron.api.extensions [None req-f4d10fda-ac70-4839-951a-daa14d264f25 None None] Ext name="Quality of Service" alias="qos" description="The Quality of Service extension." updated="2015-06-08T10:00:00-00:00" {{(pid=103780) _check_extension /opt/stack/neutron/neutron/api/extensions.py:415}}
Feb 17 20:45:25.188088 np0000156196 devstack@neutron-api.service[103780]: INFO neutron.api.extensions [None req-f4d10fda-ac70-4839-951a-daa14d264f25 None None] Extension qos not supported by any of loaded plugins
Feb 17 20:45:25.188151 np0000156196 devstack@neutron-api.service[103780]: DEBUG neutron.api.extensions [None req-f4d10fda-ac70-4839-951a-daa14d264f25 None None] Loading extension file: qos_bw_limit_direction.py {{(pid=103780) _load_all_extensions_from_path /opt/stack/neutron/neutron/api/extensions.py:449}}
Feb 17 20:45:25.188441 np0000156196 devstack@neutron-api.service[103779]: DEBUG neutron_lib.callbacks.manager [None req-71c93031-8d53-4e7c-bb60-efffc7cf5ea5 None None] Subscribe: > process before_spawn 55550000, False {{(pid=103779) subscribe /opt/stack/data/venv/lib/python3.12/site-packages/neutron_lib/callbacks/manager.py:52}}
Feb 17 20:45:25.188526 np0000156196 devstack@neutron-api.service[103780]: DEBUG neutron.api.extensions [None req-f4d10fda-ac70-4839-951a-daa14d264f25 None None] Ext name="Direction for QoS bandwidth limit rule" alias="qos-bw-limit-direction" description="Allow to configure QoS bandwidth limit rule with specific direction: ingress or egress" updated="2017-04-10T10:00:00-00:00" {{(pid=103780) _check_extension /opt/stack/neutron/neutron/api/extensions.py:415}}
Feb 17 20:45:25.188590 np0000156196 devstack@neutron-api.service[103779]: DEBUG neutron_lib.callbacks.manager [None req-71c93031-8d53-4e7c-bb60-efffc7cf5ea5 None None] Subscribe: > process after_init 55550000, True {{(pid=103779) subscribe /opt/stack/data/venv/lib/python3.12/site-packages/neutron_lib/callbacks/manager.py:52}}
Feb 17 20:45:25.188646 np0000156196 devstack@neutron-api.service[103780]: INFO neutron.api.extensions [None req-f4d10fda-ac70-4839-951a-daa14d264f25 None None] Extension qos-bw-limit-direction not supported by any of loaded plugins
Feb 17 20:45:25.188731 np0000156196 devstack@neutron-api.service[103779]: DEBUG neutron_lib.callbacks.manager [None req-71c93031-8d53-4e7c-bb60-efffc7cf5ea5 None None] Subscribe: > segment after_create 55550000, False {{(pid=103779) subscribe /opt/stack/data/venv/lib/python3.12/site-packages/neutron_lib/callbacks/manager.py:52}}
Feb 17 20:45:25.188805 np0000156196 devstack@neutron-api.service[103778]: DEBUG neutron.manager [None req-2d90e8b7-847e-4bbd-bd06-45a0a8992a1d None None] Successfully loaded timestamp plugin. Description: Adds timestamps to Neutron resources with standard attributes {{(pid=103778) _create_and_add_service_plugin /opt/stack/neutron/neutron/manager.py:229}}
Feb 17 20:45:25.188914 np0000156196 devstack@neutron-api.service[103780]: DEBUG neutron.api.extensions [None req-f4d10fda-ac70-4839-951a-daa14d264f25 None None] Loading extension file: qos_bw_minimum_ingress.py {{(pid=103780) _load_all_extensions_from_path /opt/stack/neutron/neutron/api/extensions.py:449}}
Feb 17 20:45:25.189231 np0000156196 devstack@neutron-api.service[103779]: DEBUG neutron_lib.callbacks.manager [None req-71c93031-8d53-4e7c-bb60-efffc7cf5ea5 None None] Subscribe: > segment after_create 55550000, False {{(pid=103779) subscribe /opt/stack/data/venv/lib/python3.12/site-packages/neutron_lib/callbacks/manager.py:52}}
Feb 17 20:45:25.189290 np0000156196 devstack@neutron-api.service[103778]: INFO neutron.manager [None req-2d90e8b7-847e-4bbd-bd06-45a0a8992a1d None None] Loading Plugin: network_ip_availability
Feb 17 20:45:25.189352 np0000156196 devstack@neutron-api.service[103779]: DEBUG neutron_lib.callbacks.manager [None req-71c93031-8d53-4e7c-bb60-efffc7cf5ea5 None None] Subscribe: > segment after_delete 55550000, False {{(pid=103779) subscribe /opt/stack/data/venv/lib/python3.12/site-packages/neutron_lib/callbacks/manager.py:52}}
Feb 17 20:45:25.189416 np0000156196 devstack@neutron-api.service[103780]: DEBUG neutron.api.extensions [None req-f4d10fda-ac70-4839-951a-daa14d264f25 None None] Ext name="Ingress direction for QoS minimum bandwidth rule" alias="qos-bw-minimum-ingress" description="Allow to configure QoS minumum bandwidth rule with ingress direction." updated="2018-07-09T10:00:00-00:00" {{(pid=103780) _check_extension /opt/stack/neutron/neutron/api/extensions.py:415}}
Feb 17 20:45:25.189497 np0000156196 devstack@neutron-api.service[103779]: DEBUG neutron_lib.callbacks.manager [None req-71c93031-8d53-4e7c-bb60-efffc7cf5ea5 None None] Subscribe: > allowed_address_pair before_create 55550000, False {{(pid=103779) subscribe /opt/stack/data/venv/lib/python3.12/site-packages/neutron_lib/callbacks/manager.py:52}}
Feb 17 20:45:25.189497 np0000156196 devstack@neutron-api.service[103779]: DEBUG neutron_lib.callbacks.manager [None req-71c93031-8d53-4e7c-bb60-efffc7cf5ea5 None None] Subscribe: > security_group precommit_create 55550000, False {{(pid=103779) subscribe /opt/stack/data/venv/lib/python3.12/site-packages/neutron_lib/callbacks/manager.py:52}}
Feb 17 20:45:25.189588 np0000156196 devstack@neutron-api.service[103780]: INFO neutron.api.extensions [None req-f4d10fda-ac70-4839-951a-daa14d264f25 None None] Extension qos-bw-minimum-ingress not supported by any of loaded plugins
Feb 17 20:45:25.189673 np0000156196 devstack@neutron-api.service[103779]: DEBUG neutron_lib.callbacks.manager [None req-71c93031-8d53-4e7c-bb60-efffc7cf5ea5 None None] Subscribe: > security_group after_update 55550000, False {{(pid=103779) subscribe /opt/stack/data/venv/lib/python3.12/site-packages/neutron_lib/callbacks/manager.py:52}}
Feb 17 20:45:25.189727 np0000156196 devstack@neutron-api.service[103780]: DEBUG neutron.api.extensions [None req-f4d10fda-ac70-4839-951a-daa14d264f25 None None] Loading extension file: qos_default.py {{(pid=103780) _load_all_extensions_from_path /opt/stack/neutron/neutron/api/extensions.py:449}}
Feb 17 20:45:25.189808 np0000156196 devstack@neutron-api.service[103779]: DEBUG neutron_lib.callbacks.manager [None req-71c93031-8d53-4e7c-bb60-efffc7cf5ea5 None None] Subscribe: > security_group after_create 55550000, False {{(pid=103779) subscribe /opt/stack/data/venv/lib/python3.12/site-packages/neutron_lib/callbacks/manager.py:52}}
Feb 17 20:45:25.189808 np0000156196 devstack@neutron-api.service[103779]: DEBUG neutron_lib.callbacks.manager [None req-71c93031-8d53-4e7c-bb60-efffc7cf5ea5 None None] Subscribe: > security_group precommit_delete 55550000, False {{(pid=103779) subscribe /opt/stack/data/venv/lib/python3.12/site-packages/neutron_lib/callbacks/manager.py:52}}
Feb 17 20:45:25.189897 np0000156196 devstack@neutron-api.service[103780]: DEBUG neutron.api.extensions [None req-f4d10fda-ac70-4839-951a-daa14d264f25 None None] Ext name="QoS default policy" alias="qos-default" description="Expose the QoS default policy per project" updated="2017-041-06T10:00:00-00:00" {{(pid=103780) _check_extension /opt/stack/neutron/neutron/api/extensions.py:415}}
Feb 17 20:45:25.190199 np0000156196 devstack@neutron-api.service[103779]: DEBUG neutron_lib.callbacks.manager [None req-71c93031-8d53-4e7c-bb60-efffc7cf5ea5 None None] Subscribe: > security_group after_delete 55550000, False {{(pid=103779) subscribe /opt/stack/data/venv/lib/python3.12/site-packages/neutron_lib/callbacks/manager.py:52}}
Feb 17 20:45:25.190262 np0000156196 devstack@neutron-api.service[103780]: INFO neutron.api.extensions [None req-f4d10fda-ac70-4839-951a-daa14d264f25 None None] Extension qos-default not supported by any of loaded plugins
Feb 17 20:45:25.190342 np0000156196 devstack@neutron-api.service[103779]: DEBUG neutron_lib.callbacks.manager [None req-71c93031-8d53-4e7c-bb60-efffc7cf5ea5 None None] Subscribe: > security_group_rule precommit_create 55550000, False {{(pid=103779) subscribe /opt/stack/data/venv/lib/python3.12/site-packages/neutron_lib/callbacks/manager.py:52}}
Feb 17 20:45:25.190397 np0000156196 devstack@neutron-api.service[103780]: DEBUG neutron.api.extensions [None req-f4d10fda-ac70-4839-951a-daa14d264f25 None None] Loading extension file: qos_fip.py {{(pid=103780) _load_all_extensions_from_path /opt/stack/neutron/neutron/api/extensions.py:449}}
Feb 17 20:45:25.190451 np0000156196 devstack@neutron-api.service[103779]: DEBUG neutron_lib.callbacks.manager [None req-71c93031-8d53-4e7c-bb60-efffc7cf5ea5 None None] Subscribe: > security_group_rule after_create 55550000, False {{(pid=103779) subscribe /opt/stack/data/venv/lib/python3.12/site-packages/neutron_lib/callbacks/manager.py:52}}
Feb 17 20:45:25.190523 np0000156196 devstack@neutron-api.service[103780]: DEBUG neutron.api.extensions [None req-f4d10fda-ac70-4839-951a-daa14d264f25 None None] Ext name="Floating IP QoS" alias="qos-fip" description="The floating IP Quality of Service extension" updated="2017-07-20T00:00:00-00:00" {{(pid=103780) _check_extension /opt/stack/neutron/neutron/api/extensions.py:415}}
Feb 17 20:45:25.190624 np0000156196 devstack@neutron-api.service[103779]: DEBUG neutron_lib.callbacks.manager [None req-71c93031-8d53-4e7c-bb60-efffc7cf5ea5 None None] Subscribe: > security_group_rule before_delete 55550000, False {{(pid=103779) subscribe /opt/stack/data/venv/lib/python3.12/site-packages/neutron_lib/callbacks/manager.py:52}}
Feb 17 20:45:25.190624 np0000156196 devstack@neutron-api.service[103779]: DEBUG neutron_lib.callbacks.manager [None req-71c93031-8d53-4e7c-bb60-efffc7cf5ea5 None None] Subscribe: > address_group after_create 55550000, False {{(pid=103779) subscribe /opt/stack/data/venv/lib/python3.12/site-packages/neutron_lib/callbacks/manager.py:52}}
Feb 17 20:45:25.190716 np0000156196 devstack@neutron-api.service[103780]: INFO neutron.api.extensions [None req-f4d10fda-ac70-4839-951a-daa14d264f25 None None] Extension qos-fip not supported by any of loaded plugins
Feb 17 20:45:25.190827 np0000156196 devstack@neutron-api.service[103779]: DEBUG neutron_lib.callbacks.manager [None req-71c93031-8d53-4e7c-bb60-efffc7cf5ea5 None None] Subscribe: > address_group after_update 55550000, False {{(pid=103779) subscribe /opt/stack/data/venv/lib/python3.12/site-packages/neutron_lib/callbacks/manager.py:52}}
Feb 17 20:45:25.190887 np0000156196 devstack@neutron-api.service[103780]: DEBUG neutron.api.extensions [None req-f4d10fda-ac70-4839-951a-daa14d264f25 None None] Loading extension file: qos_fip_network_policy.py {{(pid=103780) _load_all_extensions_from_path /opt/stack/neutron/neutron/api/extensions.py:449}}
Feb 17 20:45:25.191001 np0000156196 devstack@neutron-api.service[103779]: DEBUG neutron_lib.callbacks.manager [None req-71c93031-8d53-4e7c-bb60-efffc7cf5ea5 None None] Subscribe: > address_group after_delete 55550000, False {{(pid=103779) subscribe /opt/stack/data/venv/lib/python3.12/site-packages/neutron_lib/callbacks/manager.py:52}}
Feb 17 20:45:25.191066 np0000156196 devstack@neutron-api.service[103779]: DEBUG neutron_lib.callbacks.manager [None req-71c93031-8d53-4e7c-bb60-efffc7cf5ea5 None None] Subscribe: > qos_plugin after_init 55550000, False {{(pid=103779) subscribe /opt/stack/data/venv/lib/python3.12/site-packages/neutron_lib/callbacks/manager.py:52}}
Feb 17 20:45:25.191175 np0000156196 devstack@neutron-api.service[103780]: DEBUG neutron.api.extensions [None req-f4d10fda-ac70-4839-951a-daa14d264f25 None None] Ext name="QoS floating IP network policy ID" alias="qos-fip-network-policy" description="Adds a the QoS network ID to the floating IP definition" updated="2021-11-15T10:00:00-00:00" {{(pid=103780) _check_extension /opt/stack/neutron/neutron/api/extensions.py:415}}
Feb 17 20:45:25.191293 np0000156196 devstack@neutron-api.service[103780]: INFO neutron.api.extensions [None req-f4d10fda-ac70-4839-951a-daa14d264f25 None None] Extension qos-fip-network-policy not supported by any of loaded plugins
Feb 17 20:45:25.191348 np0000156196 devstack@neutron-api.service[103779]: DEBUG neutron_lib.callbacks.manager [None req-71c93031-8d53-4e7c-bb60-efffc7cf5ea5 None None] Subscribe: > trunk_plugin after_init 55550000, False {{(pid=103779) subscribe /opt/stack/data/venv/lib/python3.12/site-packages/neutron_lib/callbacks/manager.py:52}}
Feb 17 20:45:25.191461 np0000156196 devstack@neutron-api.service[103780]: DEBUG neutron.api.extensions [None req-f4d10fda-ac70-4839-951a-daa14d264f25 None None] Loading extension file: qos_gateway_ip.py {{(pid=103780) _load_all_extensions_from_path /opt/stack/neutron/neutron/api/extensions.py:449}}
Feb 17 20:45:25.191517 np0000156196 devstack@neutron-api.service[103778]: DEBUG neutron_lib.callbacks.manager [None req-2d90e8b7-847e-4bbd-bd06-45a0a8992a1d None None] Subscribe: > rbac-policy before_create 55550000, False {{(pid=103778) subscribe /opt/stack/data/venv/lib/python3.12/site-packages/neutron_lib/callbacks/manager.py:52}}
Feb 17 20:45:25.191603 np0000156196 devstack@neutron-api.service[103779]: DEBUG neutron_lib.callbacks.manager [None req-71c93031-8d53-4e7c-bb60-efffc7cf5ea5 None None] Subscribe: > logging-plugin after_init 55550000, False {{(pid=103779) subscribe /opt/stack/data/venv/lib/python3.12/site-packages/neutron_lib/callbacks/manager.py:52}}
Feb 17 20:45:25.191671 np0000156196 devstack@neutron-api.service[103780]: DEBUG neutron.api.extensions [None req-f4d10fda-ac70-4839-951a-daa14d264f25 None None] Ext name="Router gateway IP QoS" alias="qos-gateway-ip" description="The Router gateway IP Quality of Service extension" updated="2018-02-24T00:00:00-00:00" {{(pid=103780) _check_extension /opt/stack/neutron/neutron/api/extensions.py:415}}
Feb 17 20:45:25.191846 np0000156196 devstack@neutron-api.service[103778]: DEBUG neutron_lib.callbacks.manager [None req-2d90e8b7-847e-4bbd-bd06-45a0a8992a1d None None] Subscribe: > rbac-policy before_update 55550000, False {{(pid=103778) subscribe /opt/stack/data/venv/lib/python3.12/site-packages/neutron_lib/callbacks/manager.py:52}}
Feb 17 20:45:25.191846 np0000156196 devstack@neutron-api.service[103778]: DEBUG neutron_lib.callbacks.manager [None req-2d90e8b7-847e-4bbd-bd06-45a0a8992a1d None None] Subscribe: > rbac-policy before_delete 55550000, False {{(pid=103778) subscribe /opt/stack/data/venv/lib/python3.12/site-packages/neutron_lib/callbacks/manager.py:52}}
Feb 17 20:45:25.191944 np0000156196 devstack@neutron-api.service[103780]: INFO neutron.api.extensions [None req-f4d10fda-ac70-4839-951a-daa14d264f25 None None] Extension qos-gateway-ip not supported by any of loaded plugins
Feb 17 20:45:25.191944 np0000156196 devstack@neutron-api.service[103780]: DEBUG neutron.api.extensions [None req-f4d10fda-ac70-4839-951a-daa14d264f25 None None] Loading extension file: qos_port_network_policy.py {{(pid=103780) _load_all_extensions_from_path /opt/stack/neutron/neutron/api/extensions.py:449}}
Feb 17 20:45:25.192130 np0000156196 devstack@neutron-api.service[103779]: INFO neutron.services.logapi.drivers.ovn.driver [None req-71c93031-8d53-4e7c-bb60-efffc7cf5ea5 None None] OVN logging driver registered
Feb 17 20:45:25.192220 np0000156196 devstack@neutron-api.service[103780]: DEBUG neutron.api.extensions [None req-f4d10fda-ac70-4839-951a-daa14d264f25 None None] Ext name="QoS port network policy ID" alias="qos-port-network-policy" description="Adds a the QoS network ID to the port definition" updated="2019-11-01T10:00:00-00:00" {{(pid=103780) _check_extension /opt/stack/neutron/neutron/api/extensions.py:415}}
Feb 17 20:45:25.192284 np0000156196 devstack@neutron-api.service[103778]: DEBUG neutron.manager [None req-2d90e8b7-847e-4bbd-bd06-45a0a8992a1d None None] Successfully loaded network-ip-availability plugin. Description: Provides IP availability data for each network and subnet. {{(pid=103778) _create_and_add_service_plugin /opt/stack/neutron/neutron/manager.py:229}}
Feb 17 20:45:25.192284 np0000156196 devstack@neutron-api.service[103778]: INFO neutron.manager [None req-2d90e8b7-847e-4bbd-bd06-45a0a8992a1d None None] Loading Plugin: flavors
Feb 17 20:45:25.192529 np0000156196 devstack@neutron-api.service[103780]: INFO neutron.api.extensions [None req-f4d10fda-ac70-4839-951a-daa14d264f25 None None] Extension qos-port-network-policy not supported by any of loaded plugins
Feb 17 20:45:25.192529 np0000156196 devstack@neutron-api.service[103780]: DEBUG neutron.api.extensions [None req-f4d10fda-ac70-4839-951a-daa14d264f25 None None] Loading extension file: qos_pps_minimum_rule.py {{(pid=103780) _load_all_extensions_from_path /opt/stack/neutron/neutron/api/extensions.py:449}}
Feb 17 20:45:25.192616 np0000156196 devstack@neutron-api.service[103780]: DEBUG neutron.api.extensions [None req-f4d10fda-ac70-4839-951a-daa14d264f25 None None] Ext name="QoS minimum packet rate rule" alias="qos-pps-minimum" description="Allow to configure QoS minimum packet rate rule." updated="2021-07-14T10:00:00-00:00" {{(pid=103780) _check_extension /opt/stack/neutron/neutron/api/extensions.py:415}}
Feb 17 20:45:25.192851 np0000156196 devstack@neutron-api.service[103780]: INFO neutron.api.extensions [None req-f4d10fda-ac70-4839-951a-daa14d264f25 None None] Extension qos-pps-minimum not supported by any of loaded plugins
Feb 17 20:45:25.192956 np0000156196 devstack@neutron-api.service[103780]: DEBUG neutron.api.extensions [None req-f4d10fda-ac70-4839-951a-daa14d264f25 None None] Loading extension file: qos_pps_minimum_rule_alias.py {{(pid=103780) _load_all_extensions_from_path /opt/stack/neutron/neutron/api/extensions.py:449}}
Feb 17 20:45:25.193197 np0000156196 devstack@neutron-api.service[103778]: DEBUG neutron.manager [None req-2d90e8b7-847e-4bbd-bd06-45a0a8992a1d None None] Successfully loaded FLAVORS plugin. Description: Neutron Flavors and Service Profiles manager plugin {{(pid=103778) _create_and_add_service_plugin /opt/stack/neutron/neutron/manager.py:229}}
Feb 17 20:45:25.193420 np0000156196 devstack@neutron-api.service[103780]: DEBUG neutron.api.extensions [None req-f4d10fda-ac70-4839-951a-daa14d264f25 None None] Ext name="QoS minimum packet rate rule alias" alias="qos-pps-minimum-rule-alias" description="API to enable GET, PUT and DELETE operations on QoS minimum packet rate rule without specifying policy ID" updated="2021-10-22T10:00:00-00:00" {{(pid=103780) _check_extension /opt/stack/neutron/neutron/api/extensions.py:415}}
Feb 17 20:45:25.193473 np0000156196 devstack@neutron-api.service[103778]: INFO neutron.manager [None req-2d90e8b7-847e-4bbd-bd06-45a0a8992a1d None None] Loading Plugin: revisions
Feb 17 20:45:25.193546 np0000156196 devstack@neutron-api.service[103780]: INFO neutron.api.extensions [None req-f4d10fda-ac70-4839-951a-daa14d264f25 None None] Extension qos-pps-minimum-rule-alias not supported by any of loaded plugins
Feb 17 20:45:25.193546 np0000156196 devstack@neutron-api.service[103780]: DEBUG neutron.api.extensions [None req-f4d10fda-ac70-4839-951a-daa14d264f25 None None] Loading extension file: qos_pps_rule.py {{(pid=103780) _load_all_extensions_from_path /opt/stack/neutron/neutron/api/extensions.py:449}}
Feb 17 20:45:25.193711 np0000156196 devstack@neutron-api.service[103780]: DEBUG neutron.api.extensions [None req-f4d10fda-ac70-4839-951a-daa14d264f25 None None] Ext name="QoS Rule Type Packet per Second Extension" alias="qos-pps" description="Add QoS Rule Type Packet per Second" updated="2021-05-12T10:00:00-00:00" {{(pid=103780) _check_extension /opt/stack/neutron/neutron/api/extensions.py:415}}
Feb 17 20:45:25.193761 np0000156196 devstack@neutron-api.service[103779]: DEBUG neutron.plugins.ml2.plugin [None req-71c93031-8d53-4e7c-bb60-efffc7cf5ea5 None None] neutron.plugins.ml2.plugin.Ml2Plugin method _start_rpc_notifiers called with arguments () {} {{(pid=103779) wrapper /opt/stack/data/venv/lib/python3.12/site-packages/oslo_log/helpers.py:77}}
Feb 17 20:45:25.194019 np0000156196 devstack@neutron-api.service[103780]: INFO neutron.api.extensions [None req-f4d10fda-ac70-4839-951a-daa14d264f25 None None] Extension qos-pps not supported by any of loaded plugins
Feb 17 20:45:25.194019 np0000156196 devstack@neutron-api.service[103780]: DEBUG neutron.api.extensions [None req-f4d10fda-ac70-4839-951a-daa14d264f25 None None] Loading extension file: qos_rule_type_details.py {{(pid=103780) _load_all_extensions_from_path /opt/stack/neutron/neutron/api/extensions.py:449}}
Feb 17 20:45:25.194095 np0000156196 devstack@neutron-api.service[103779]: DEBUG neutron_lib.callbacks.manager [None req-71c93031-8d53-4e7c-bb60-efffc7cf5ea5 None None] Subscribe: > port after_create 55550000, False {{(pid=103779) subscribe /opt/stack/data/venv/lib/python3.12/site-packages/neutron_lib/callbacks/manager.py:52}}
Feb 17 20:45:25.194095 np0000156196 devstack@neutron-api.service[103779]: DEBUG neutron_lib.callbacks.manager [None req-71c93031-8d53-4e7c-bb60-efffc7cf5ea5 None None] Subscribe: > port after_update 55550000, False {{(pid=103779) subscribe /opt/stack/data/venv/lib/python3.12/site-packages/neutron_lib/callbacks/manager.py:52}}
Feb 17 20:45:25.194197 np0000156196 devstack@neutron-api.service[103780]: DEBUG neutron.api.extensions [None req-f4d10fda-ac70-4839-951a-daa14d264f25 None None] Ext name="Details of QoS rule types" alias="qos-rule-type-details" description="Expose details about QoS rule types supported by loaded backend drivers" updated="2017-06-22T10:00:00-00:00" {{(pid=103780) _check_extension /opt/stack/neutron/neutron/api/extensions.py:415}}
Feb 17 20:45:25.194351 np0000156196 devstack@neutron-api.service[103779]: DEBUG neutron_lib.callbacks.manager [None req-71c93031-8d53-4e7c-bb60-efffc7cf5ea5 None None] Subscribe: > port after_delete 55550000, False {{(pid=103779) subscribe /opt/stack/data/venv/lib/python3.12/site-packages/neutron_lib/callbacks/manager.py:52}}
Feb 17 20:45:25.194409 np0000156196 devstack@neutron-api.service[103778]: DEBUG neutron.manager [None req-2d90e8b7-847e-4bbd-bd06-45a0a8992a1d None None] Successfully loaded revision_plugin plugin. Description: Adds revision numbers to resources. {{(pid=103778) _create_and_add_service_plugin /opt/stack/neutron/neutron/manager.py:229}}
Feb 17 20:45:25.194471 np0000156196 devstack@neutron-api.service[103779]: DEBUG neutron_lib.callbacks.manager [None req-71c93031-8d53-4e7c-bb60-efffc7cf5ea5 None None] Subscribe: > subnet after_create 55550000, False {{(pid=103779) subscribe /opt/stack/data/venv/lib/python3.12/site-packages/neutron_lib/callbacks/manager.py:52}}
Feb 17 20:45:25.194532 np0000156196 devstack@neutron-api.service[103780]: INFO neutron.api.extensions [None req-f4d10fda-ac70-4839-951a-daa14d264f25 None None] Extension qos-rule-type-details not supported by any of loaded plugins
Feb 17 20:45:25.194687 np0000156196 devstack@neutron-api.service[103779]: DEBUG neutron_lib.callbacks.manager [None req-71c93031-8d53-4e7c-bb60-efffc7cf5ea5 None None] Subscribe: > subnet after_update 55550000, False {{(pid=103779) subscribe /opt/stack/data/venv/lib/python3.12/site-packages/neutron_lib/callbacks/manager.py:52}}
Feb 17 20:45:25.194751 np0000156196 devstack@neutron-api.service[103778]: DEBUG oslo_concurrency.lockutils [None req-2d90e8b7-847e-4bbd-bd06-45a0a8992a1d None None] Lock "manager" "released" by "neutron.manager.NeutronManager._create_instance" :: held 5.349s {{(pid=103778) inner /opt/stack/data/venv/lib/python3.12/site-packages/oslo_concurrency/lockutils.py:538}}
Feb 17 20:45:25.194887 np0000156196 devstack@neutron-api.service[103780]: DEBUG neutron.api.extensions [None req-f4d10fda-ac70-4839-951a-daa14d264f25 None None] Loading extension file: qos_rule_type_filter.py {{(pid=103780) _load_all_extensions_from_path /opt/stack/neutron/neutron/api/extensions.py:449}}
Feb 17 20:45:25.194949 np0000156196 devstack@neutron-api.service[103779]: DEBUG neutron_lib.callbacks.manager [None req-71c93031-8d53-4e7c-bb60-efffc7cf5ea5 None None] Subscribe: > subnet after_delete 55550000, False {{(pid=103779) subscribe /opt/stack/data/venv/lib/python3.12/site-packages/neutron_lib/callbacks/manager.py:52}}
Feb 17 20:45:25.194949 np0000156196 devstack@neutron-api.service[103779]: DEBUG neutron_lib.callbacks.manager [None req-71c93031-8d53-4e7c-bb60-efffc7cf5ea5 None None] Subscribe: > network after_create 55550000, False {{(pid=103779) subscribe /opt/stack/data/venv/lib/python3.12/site-packages/neutron_lib/callbacks/manager.py:52}}
Feb 17 20:45:25.195069 np0000156196 devstack@neutron-api.service[103778]: DEBUG neutron.api.extensions [None req-2d90e8b7-847e-4bbd-bd06-45a0a8992a1d None None] get_extension_paths = OrderedDict({'/opt/stack/neutron/neutron/extensions': 1}) {{(pid=103778) get_extensions_path /opt/stack/neutron/neutron/api/extensions.py:640}}
Feb 17 20:45:25.195126 np0000156196 devstack@neutron-api.service[103779]: DEBUG neutron_lib.callbacks.manager [None req-71c93031-8d53-4e7c-bb60-efffc7cf5ea5 None None] Subscribe: > network after_update 55550000, False {{(pid=103779) subscribe /opt/stack/data/venv/lib/python3.12/site-packages/neutron_lib/callbacks/manager.py:52}}
Feb 17 20:45:25.195211 np0000156196 devstack@neutron-api.service[103778]: INFO neutron.api.extensions [None req-2d90e8b7-847e-4bbd-bd06-45a0a8992a1d None None] Initializing extension manager.
Feb 17 20:45:25.195274 np0000156196 devstack@neutron-api.service[103780]: DEBUG neutron.api.extensions [None req-f4d10fda-ac70-4839-951a-daa14d264f25 None None] Ext name="Allow to filter the list of QoS rule types" alias="qos-rule-type-filter" description="Allows to filter the QoS rule type list adding two new flags. "all_rules" prints all implemented QoS rule types."all_supported" prints all supported QoS rule types by the loaded mechanism drivers" updated="2022-02-02T10:00:00-00:00" {{(pid=103780) _check_extension /opt/stack/neutron/neutron/api/extensions.py:415}}
Feb 17 20:45:25.195542 np0000156196 devstack@neutron-api.service[103779]: DEBUG neutron_lib.callbacks.manager [None req-71c93031-8d53-4e7c-bb60-efffc7cf5ea5 None None] Subscribe: > network after_delete 55550000, False {{(pid=103779) subscribe /opt/stack/data/venv/lib/python3.12/site-packages/neutron_lib/callbacks/manager.py:52}}
Feb 17 20:45:25.195542 np0000156196 devstack@neutron-api.service[103779]: DEBUG neutron_lib.callbacks.manager [None req-71c93031-8d53-4e7c-bb60-efffc7cf5ea5 None None] Subscribe: > security_group after_create 55550000, False {{(pid=103779) subscribe /opt/stack/data/venv/lib/python3.12/site-packages/neutron_lib/callbacks/manager.py:52}}
Feb 17 20:45:25.195624 np0000156196 devstack@neutron-api.service[103780]: INFO neutron.api.extensions [None req-f4d10fda-ac70-4839-951a-daa14d264f25 None None] Extension qos-rule-type-filter not supported by any of loaded plugins
Feb 17 20:45:25.195680 np0000156196 devstack@neutron-api.service[103779]: DEBUG neutron_lib.callbacks.manager [None req-71c93031-8d53-4e7c-bb60-efffc7cf5ea5 None None] Subscribe: > security_group after_update 55550000, False {{(pid=103779) subscribe /opt/stack/data/venv/lib/python3.12/site-packages/neutron_lib/callbacks/manager.py:52}}
Feb 17 20:45:25.195743 np0000156196 devstack@neutron-api.service[103778]: DEBUG neutron.api.extensions [None req-2d90e8b7-847e-4bbd-bd06-45a0a8992a1d None None] Loading extension file: __init__.py {{(pid=103778) _load_all_extensions_from_path /opt/stack/neutron/neutron/api/extensions.py:449}}
Feb 17 20:45:25.195812 np0000156196 devstack@neutron-api.service[103780]: DEBUG neutron.api.extensions [None req-f4d10fda-ac70-4839-951a-daa14d264f25 None None] Loading extension file: qos_rules_alias.py {{(pid=103780) _load_all_extensions_from_path /opt/stack/neutron/neutron/api/extensions.py:449}}
Feb 17 20:45:25.195879 np0000156196 devstack@neutron-api.service[103779]: DEBUG neutron_lib.callbacks.manager [None req-71c93031-8d53-4e7c-bb60-efffc7cf5ea5 None None] Subscribe: > security_group after_delete 55550000, False {{(pid=103779) subscribe /opt/stack/data/venv/lib/python3.12/site-packages/neutron_lib/callbacks/manager.py:52}}
Feb 17 20:45:25.195981 np0000156196 devstack@neutron-api.service[103778]: DEBUG neutron.api.extensions [None req-2d90e8b7-847e-4bbd-bd06-45a0a8992a1d None None] Loading extension file: __pycache__ {{(pid=103778) _load_all_extensions_from_path /opt/stack/neutron/neutron/api/extensions.py:449}}
Feb 17 20:45:25.196094 np0000156196 devstack@neutron-api.service[103779]: DEBUG neutron_lib.callbacks.manager [None req-71c93031-8d53-4e7c-bb60-efffc7cf5ea5 None None] Subscribe: > security_group_rule after_create 55550000, False {{(pid=103779) subscribe /opt/stack/data/venv/lib/python3.12/site-packages/neutron_lib/callbacks/manager.py:52}}
Feb 17 20:45:25.196253 np0000156196 devstack@neutron-api.service[103778]: DEBUG neutron.api.extensions [None req-2d90e8b7-847e-4bbd-bd06-45a0a8992a1d None None] Loading extension file: address_group.py {{(pid=103778) _load_all_extensions_from_path /opt/stack/neutron/neutron/api/extensions.py:449}}
Feb 17 20:45:25.196310 np0000156196 devstack@neutron-api.service[103779]: DEBUG neutron_lib.callbacks.manager [None req-71c93031-8d53-4e7c-bb60-efffc7cf5ea5 None None] Subscribe: > security_group_rule after_update 55550000, False {{(pid=103779) subscribe /opt/stack/data/venv/lib/python3.12/site-packages/neutron_lib/callbacks/manager.py:52}}
Feb 17 20:45:25.196391 np0000156196 devstack@neutron-api.service[103780]: DEBUG neutron.api.extensions [None req-f4d10fda-ac70-4839-951a-daa14d264f25 None None] Ext name="Quality of Service rules alias API" alias="qos-rules-alias" description="API to enable GET, PUT and DELETE operations on QoS policy rules without specifying policy ID" updated="2018-10-07T10:00:00-00:00" {{(pid=103780) _check_extension /opt/stack/neutron/neutron/api/extensions.py:415}}
Feb 17 20:45:25.196453 np0000156196 devstack@neutron-api.service[103779]: DEBUG neutron_lib.callbacks.manager [None req-71c93031-8d53-4e7c-bb60-efffc7cf5ea5 None None] Subscribe: > security_group_rule after_delete 55550000, False {{(pid=103779) subscribe /opt/stack/data/venv/lib/python3.12/site-packages/neutron_lib/callbacks/manager.py:52}}
Feb 17 20:45:25.196516 np0000156196 devstack@neutron-api.service[103780]: INFO neutron.api.extensions [None req-f4d10fda-ac70-4839-951a-daa14d264f25 None None] Extension qos-rules-alias not supported by any of loaded plugins
Feb 17 20:45:25.196572 np0000156196 devstack@neutron-api.service[103779]: DEBUG neutron_lib.callbacks.manager [None req-71c93031-8d53-4e7c-bb60-efffc7cf5ea5 None None] Subscribe: > address_group after_create 55550000, False {{(pid=103779) subscribe /opt/stack/data/venv/lib/python3.12/site-packages/neutron_lib/callbacks/manager.py:52}}
Feb 17 20:45:25.196627 np0000156196 devstack@neutron-api.service[103780]: DEBUG neutron.api.extensions [None req-f4d10fda-ac70-4839-951a-daa14d264f25 None None] Loading extension file: quota_check_limit.py {{(pid=103780) _load_all_extensions_from_path /opt/stack/neutron/neutron/api/extensions.py:449}}
Feb 17 20:45:25.196687 np0000156196 devstack@neutron-api.service[103779]: DEBUG neutron_lib.callbacks.manager [None req-71c93031-8d53-4e7c-bb60-efffc7cf5ea5 None None] Subscribe: > address_group after_update 55550000, False {{(pid=103779) subscribe /opt/stack/data/venv/lib/python3.12/site-packages/neutron_lib/callbacks/manager.py:52}}
Feb 17 20:45:25.196773 np0000156196 devstack@neutron-api.service[103778]: DEBUG neutron.api.extensions [None req-2d90e8b7-847e-4bbd-bd06-45a0a8992a1d None None] Ext name="Address group" alias="address-group" description="Support address group" updated="2020-07-15T10:00:00-00:00" {{(pid=103778) _check_extension /opt/stack/neutron/neutron/api/extensions.py:415}}
Feb 17 20:45:25.196842 np0000156196 devstack@neutron-api.service[103779]: DEBUG neutron_lib.callbacks.manager [None req-71c93031-8d53-4e7c-bb60-efffc7cf5ea5 None None] Subscribe: > address_group after_delete 55550000, False {{(pid=103779) subscribe /opt/stack/data/venv/lib/python3.12/site-packages/neutron_lib/callbacks/manager.py:52}}
Feb 17 20:45:25.196842 np0000156196 devstack@neutron-api.service[103779]: DEBUG neutron.plugins.ml2.ovo_rpc [None req-71c93031-8d53-4e7c-bb60-efffc7cf5ea5 None None] ML2 OVO RPC backend initialized. {{(pid=103779) __init__ /opt/stack/neutron/neutron/plugins/ml2/ovo_rpc.py:117}}
Feb 17 20:45:25.197078 np0000156196 devstack@neutron-api.service[103780]: DEBUG neutron.api.extensions [None req-f4d10fda-ac70-4839-951a-daa14d264f25 None None] Ext name="Quota engine limit check" alias="quota-check-limit" description="Support for checking the resource usage before applying a new quota limit" updated="2021-09-08T16:00:00-00:00" {{(pid=103780) _check_extension /opt/stack/neutron/neutron/api/extensions.py:415}}
Feb 17 20:45:25.197138 np0000156196 devstack@neutron-api.service[103778]: INFO neutron.api.extensions [None req-2d90e8b7-847e-4bbd-bd06-45a0a8992a1d None None] Loaded extension: address-group
Feb 17 20:45:25.197222 np0000156196 devstack@neutron-api.service[103780]: INFO neutron.api.extensions [None req-f4d10fda-ac70-4839-951a-daa14d264f25 None None] Loaded extension: quota-check-limit
Feb 17 20:45:25.197278 np0000156196 devstack@neutron-api.service[103778]: DEBUG neutron.api.extensions [None req-2d90e8b7-847e-4bbd-bd06-45a0a8992a1d None None] Loading extension file: address_scope.py {{(pid=103778) _load_all_extensions_from_path /opt/stack/neutron/neutron/api/extensions.py:449}}
Feb 17 20:45:25.197342 np0000156196 devstack@neutron-api.service[103780]: DEBUG neutron.api.extensions [None req-f4d10fda-ac70-4839-951a-daa14d264f25 None None] Loading extension file: quota_check_limit_default.py {{(pid=103780) _load_all_extensions_from_path /opt/stack/neutron/neutron/api/extensions.py:449}}
Feb 17 20:45:25.197342 np0000156196 devstack@neutron-api.service[103780]: DEBUG neutron.api.extensions [None req-f4d10fda-ac70-4839-951a-daa14d264f25 None None] Ext name="Quota engine limit check by default" alias="quota-check-limit-default" description="By default, the Neutron quota engine checks the resource usage before applying a new quota limit" updated="2024-08-21T16:00:00-00:00" {{(pid=103780) _check_extension /opt/stack/neutron/neutron/api/extensions.py:415}}
Feb 17 20:45:25.197423 np0000156196 devstack@neutron-api.service[103778]: DEBUG neutron.api.extensions [None req-2d90e8b7-847e-4bbd-bd06-45a0a8992a1d None None] Ext name="Address scope" alias="address-scope" description="Address scopes extension." updated="2015-07-26T10:00:00-00:00" {{(pid=103778) _check_extension /opt/stack/neutron/neutron/api/extensions.py:415}}
Feb 17 20:45:25.197514 np0000156196 devstack@neutron-api.service[103780]: INFO neutron.api.extensions [None req-f4d10fda-ac70-4839-951a-daa14d264f25 None None] Loaded extension: quota-check-limit-default
Feb 17 20:45:25.197514 np0000156196 devstack@neutron-api.service[103780]: DEBUG neutron.api.extensions [None req-f4d10fda-ac70-4839-951a-daa14d264f25 None None] Loading extension file: quotasv2.py {{(pid=103780) _load_all_extensions_from_path /opt/stack/neutron/neutron/api/extensions.py:449}}
Feb 17 20:45:25.197598 np0000156196 devstack@neutron-api.service[103779]: INFO neutron.quota [None req-71c93031-8d53-4e7c-bb60-efffc7cf5ea5 None None] Loaded quota_driver: .
Feb 17 20:45:25.197679 np0000156196 devstack@neutron-api.service[103778]: INFO neutron.api.extensions [None req-2d90e8b7-847e-4bbd-bd06-45a0a8992a1d None None] Loaded extension: address-scope
Feb 17 20:45:25.197733 np0000156196 devstack@neutron-api.service[103779]: INFO neutron.plugins.ml2.plugin [None req-71c93031-8d53-4e7c-bb60-efffc7cf5ea5 None None] Modular L2 Plugin initialization complete
Feb 17 20:45:25.197880 np0000156196 devstack@neutron-api.service[103778]: DEBUG neutron.api.extensions [None req-2d90e8b7-847e-4bbd-bd06-45a0a8992a1d None None] Loading extension file: admin_state_down_before_update.py {{(pid=103778) _load_all_extensions_from_path /opt/stack/neutron/neutron/api/extensions.py:449}}
