Feb 16 21:05:53.916744 np0000155696 devstack@neutron-api.service[103196]: DEBUG neutron.api.extensions [None req-be039558-30f6-4400-9a92-c9714f6f4f0f None None] Ext name="Default Subnetpools" alias="default-subnetpools" description="Provides ability to mark and use a subnetpool as the default." updated="2016-02-18T18:00:00-00:00" {{(pid=103196) _check_extension /opt/stack/neutron/neutron/api/extensions.py:415}}
Feb 16 21:05:53.916913 np0000155696 devstack@neutron-api.service[103196]: INFO neutron.api.extensions [None req-be039558-30f6-4400-9a92-c9714f6f4f0f None None] Loaded extension: default-subnetpools
Feb 16 21:05:53.917003 np0000155696 devstack@neutron-api.service[103196]: DEBUG neutron.api.extensions [None req-be039558-30f6-4400-9a92-c9714f6f4f0f None None] Loading extension file: dhcpagentscheduler.py {{(pid=103196) _load_all_extensions_from_path /opt/stack/neutron/neutron/api/extensions.py:449}}
Feb 16 21:05:53.917396 np0000155696 devstack@neutron-api.service[103196]: DEBUG neutron.api.extensions [None req-be039558-30f6-4400-9a92-c9714f6f4f0f None None] Ext name="DHCP Agent Scheduler" alias="dhcp_agent_scheduler" description="Schedule networks among dhcp agents" updated="2013-02-07T10:00:00-00:00" {{(pid=103196) _check_extension /opt/stack/neutron/neutron/api/extensions.py:415}}
Feb 16 21:05:53.917573 np0000155696 devstack@neutron-api.service[103196]: INFO neutron.api.extensions [None req-be039558-30f6-4400-9a92-c9714f6f4f0f None None] Loaded extension: dhcp_agent_scheduler
Feb 16 21:05:53.917686 np0000155696 devstack@neutron-api.service[103196]: DEBUG neutron.api.extensions [None req-be039558-30f6-4400-9a92-c9714f6f4f0f None None] Loading extension file: dns.py {{(pid=103196) _load_all_extensions_from_path /opt/stack/neutron/neutron/api/extensions.py:449}}
Feb 16 21:05:53.917925 np0000155696 devstack@neutron-api.service[103196]: DEBUG neutron.api.extensions [None req-be039558-30f6-4400-9a92-c9714f6f4f0f None None] Ext name="DNS Integration" alias="dns-integration" description="Provides integration with DNS." updated="2015-08-15T18:00:00-00:00" {{(pid=103196) _check_extension /opt/stack/neutron/neutron/api/extensions.py:415}}
Feb 16 21:05:53.918099 np0000155696 devstack@neutron-api.service[103196]: INFO neutron.api.extensions [None req-be039558-30f6-4400-9a92-c9714f6f4f0f None None] Loaded extension: dns-integration
Feb 16 21:05:53.918183 np0000155696 devstack@neutron-api.service[103196]: DEBUG neutron.api.extensions [None req-be039558-30f6-4400-9a92-c9714f6f4f0f None None] Loading extension file: dns_domain_ports.py {{(pid=103196) _load_all_extensions_from_path /opt/stack/neutron/neutron/api/extensions.py:449}}
Feb 16 21:05:53.918414 np0000155696 devstack@neutron-api.service[103196]: DEBUG neutron.api.extensions [None req-be039558-30f6-4400-9a92-c9714f6f4f0f None None] Ext name="dns_domain for ports" alias="dns-domain-ports" description="Allows the DNS domain to be specified for a network port." updated="2017-04-24T10:00:00-00:00" {{(pid=103196) _check_extension /opt/stack/neutron/neutron/api/extensions.py:415}}
Feb 16 21:05:53.918922 np0000155696 devstack@neutron-api.service[103196]: INFO neutron.api.extensions [None req-be039558-30f6-4400-9a92-c9714f6f4f0f None None] Loaded extension: dns-domain-ports
Feb 16 21:05:53.919013 np0000155696 devstack@neutron-api.service[103196]: DEBUG neutron.api.extensions [None req-be039558-30f6-4400-9a92-c9714f6f4f0f None None] Loading extension file: dns_integration_domain_keywords.py {{(pid=103196) _load_all_extensions_from_path /opt/stack/neutron/neutron/api/extensions.py:449}}
Feb 16 21:05:53.919194 np0000155696 devstack@neutron-api.service[103194]: DEBUG neutron.manager [None req-74731acc-1d80-4b5e-8659-0d9e6951857f None None] Successfully loaded TAG plugin. Description: Tag support {{(pid=103194) _create_and_add_service_plugin /opt/stack/neutron/neutron/manager.py:229}}
Feb 16 21:05:53.919238 np0000155696 devstack@neutron-api.service[103196]: DEBUG neutron.api.extensions [None req-be039558-30f6-4400-9a92-c9714f6f4f0f None None] Ext name="DNS domain names with keywords allowed" alias="dns-integration-domain-keywords" description="Allows to use keywords like , , and as DNS domain name" updated="2020-06-15T18:00:00-00:00" {{(pid=103196) _check_extension /opt/stack/neutron/neutron/api/extensions.py:415}}
Feb 16 21:05:53.919278 np0000155696 devstack@neutron-api.service[103194]: INFO neutron.manager [None req-74731acc-1d80-4b5e-8659-0d9e6951857f None None] Loading Plugin: timestamp
Feb 16 21:05:53.919407 np0000155696 devstack@neutron-api.service[103196]: INFO neutron.api.extensions [None req-be039558-30f6-4400-9a92-c9714f6f4f0f None None] Loaded extension: dns-integration-domain-keywords
Feb 16 21:05:53.919492 np0000155696 devstack@neutron-api.service[103196]: DEBUG neutron.api.extensions [None req-be039558-30f6-4400-9a92-c9714f6f4f0f None None] Loading extension file: dvr.py {{(pid=103196) _load_all_extensions_from_path /opt/stack/neutron/neutron/api/extensions.py:449}}
Feb 16 21:05:53.919770 np0000155696 devstack@neutron-api.service[103196]: DEBUG neutron.api.extensions [None req-be039558-30f6-4400-9a92-c9714f6f4f0f None None] Ext name="Distributed Virtual Router" alias="dvr" description="Enables configuration of Distributed Virtual Routers." updated="2014-06-1T10:00:00-00:00" {{(pid=103196) _check_extension /opt/stack/neutron/neutron/api/extensions.py:415}}
Feb 16 21:05:53.919935 np0000155696 devstack@neutron-api.service[103196]: INFO neutron.api.extensions [None req-be039558-30f6-4400-9a92-c9714f6f4f0f None None] Extension dvr not supported by any of loaded plugins
Feb 16 21:05:53.920025 np0000155696 devstack@neutron-api.service[103196]: DEBUG neutron.api.extensions [None req-be039558-30f6-4400-9a92-c9714f6f4f0f None None] Loading extension file: ecmp_routes.py {{(pid=103196) _load_all_extensions_from_path /opt/stack/neutron/neutron/api/extensions.py:449}}
Feb 16 21:05:53.920257 np0000155696 devstack@neutron-api.service[103196]: DEBUG neutron.api.extensions [None req-be039558-30f6-4400-9a92-c9714f6f4f0f None None] Ext name="Equal Cost Multipath Routing" alias="ecmp_routes" description="Allows traffic to reach thesame destination via multiple different links " updated="2020-11-26T18:00:00-00:00" {{(pid=103196) _check_extension /opt/stack/neutron/neutron/api/extensions.py:415}}
Feb 16 21:05:53.920420 np0000155696 devstack@neutron-api.service[103196]: INFO neutron.api.extensions [None req-be039558-30f6-4400-9a92-c9714f6f4f0f None None] Extension ecmp_routes not supported by any of loaded plugins
Feb 16 21:05:53.920477 np0000155696 devstack@neutron-api.service[103194]: DEBUG neutron.manager [None req-74731acc-1d80-4b5e-8659-0d9e6951857f None None] Successfully loaded timestamp plugin. Description: Adds timestamps to Neutron resources with standard attributes {{(pid=103194) _create_and_add_service_plugin /opt/stack/neutron/neutron/manager.py:229}}
Feb 16 21:05:53.920525 np0000155696 devstack@neutron-api.service[103196]: DEBUG neutron.api.extensions [None req-be039558-30f6-4400-9a92-c9714f6f4f0f None None] Loading extension file: empty_string_filtering.py {{(pid=103196) _load_all_extensions_from_path /opt/stack/neutron/neutron/api/extensions.py:449}}
Feb 16 21:05:53.920653 np0000155696 devstack@neutron-api.service[103194]: INFO neutron.manager [None req-74731acc-1d80-4b5e-8659-0d9e6951857f None None] Loading Plugin: network_ip_availability
Feb 16 21:05:53.920797 np0000155696 devstack@neutron-api.service[103196]: DEBUG neutron.api.extensions [None req-be039558-30f6-4400-9a92-c9714f6f4f0f None None] Ext name="Empty String Filtering Extension" alias="empty-string-filtering" description="Allow filtering by attributes with empty string value" updated="2018-05-01T10:00:00-00:00" {{(pid=103196) _check_extension /opt/stack/neutron/neutron/api/extensions.py:415}}
Feb 16 21:05:53.920967 np0000155696 devstack@neutron-api.service[103196]: INFO neutron.api.extensions [None req-be039558-30f6-4400-9a92-c9714f6f4f0f None None] Loaded extension: empty-string-filtering
Feb 16 21:05:53.921055 np0000155696 devstack@neutron-api.service[103196]: DEBUG neutron.api.extensions [None req-be039558-30f6-4400-9a92-c9714f6f4f0f None None] Loading extension file: expose_l3_conntrack_helper.py {{(pid=103196) _load_all_extensions_from_path /opt/stack/neutron/neutron/api/extensions.py:449}}
Feb 16 21:05:53.921281 np0000155696 devstack@neutron-api.service[103196]: DEBUG neutron.api.extensions [None req-be039558-30f6-4400-9a92-c9714f6f4f0f None None] Ext name="Expose CT target rules for conntrack helper" alias="expose-l3-conntrack-helper" description="Expose allow adding CT target rules for conntrack helper" updated="2019-04-04T10:00:00-00:00" {{(pid=103196) _check_extension /opt/stack/neutron/neutron/api/extensions.py:415}}
Feb 16 21:05:53.921517 np0000155696 devstack@neutron-api.service[103196]: INFO neutron.api.extensions [None req-be039558-30f6-4400-9a92-c9714f6f4f0f None None] Extension expose-l3-conntrack-helper not supported by any of loaded plugins
Feb 16 21:05:53.921608 np0000155696 devstack@neutron-api.service[103196]: DEBUG neutron.api.extensions [None req-be039558-30f6-4400-9a92-c9714f6f4f0f None None] Loading extension file: expose_port_forwarding_in_fip.py {{(pid=103196) _load_all_extensions_from_path /opt/stack/neutron/neutron/api/extensions.py:449}}
Feb 16 21:05:53.921855 np0000155696 devstack@neutron-api.service[103196]: DEBUG neutron.api.extensions [None req-be039558-30f6-4400-9a92-c9714f6f4f0f None None] Ext name="Expose Floating IP port forwardings" alias="expose-port-forwarding-in-fip" description="Expose port forwarding fields in floating IP response" updated="2018-06-28T16:00:00-00:00" {{(pid=103196) _check_extension /opt/stack/neutron/neutron/api/extensions.py:415}}
Feb 16 21:05:53.922027 np0000155696 devstack@neutron-api.service[103196]: INFO neutron.api.extensions [None req-be039558-30f6-4400-9a92-c9714f6f4f0f None None] Extension expose-port-forwarding-in-fip not supported by any of loaded plugins
Feb 16 21:05:53.922146 np0000155696 devstack@neutron-api.service[103196]: DEBUG neutron.api.extensions [None req-be039558-30f6-4400-9a92-c9714f6f4f0f None None] Loading extension file: external_net.py {{(pid=103196) _load_all_extensions_from_path /opt/stack/neutron/neutron/api/extensions.py:449}}
Feb 16 21:05:53.922372 np0000155696 devstack@neutron-api.service[103196]: DEBUG neutron.api.extensions [None req-be039558-30f6-4400-9a92-c9714f6f4f0f None None] Ext name="Neutron external network" alias="external-net" description="Adds external network attribute to network resource." updated="2013-01-14T10:00:00-00:00" {{(pid=103196) _check_extension /opt/stack/neutron/neutron/api/extensions.py:415}}
Feb 16 21:05:53.922671 np0000155696 devstack@neutron-api.service[103194]: DEBUG neutron_lib.callbacks.manager [None req-74731acc-1d80-4b5e-8659-0d9e6951857f None None] Subscribe: > rbac-policy before_create 55550000, False {{(pid=103194) subscribe /opt/stack/data/venv/lib/python3.12/site-packages/neutron_lib/callbacks/manager.py:52}}
Feb 16 21:05:53.922771 np0000155696 devstack@neutron-api.service[103196]: INFO neutron.api.extensions [None req-be039558-30f6-4400-9a92-c9714f6f4f0f None None] Loaded extension: external-net
Feb 16 21:05:53.922817 np0000155696 devstack@neutron-api.service[103194]: DEBUG neutron_lib.callbacks.manager [None req-74731acc-1d80-4b5e-8659-0d9e6951857f None None] Subscribe: > rbac-policy before_update 55550000, False {{(pid=103194) subscribe /opt/stack/data/venv/lib/python3.12/site-packages/neutron_lib/callbacks/manager.py:52}}
Feb 16 21:05:53.922864 np0000155696 devstack@neutron-api.service[103196]: DEBUG neutron.api.extensions [None req-be039558-30f6-4400-9a92-c9714f6f4f0f None None] Loading extension file: extra_dhcp_opt.py {{(pid=103196) _load_all_extensions_from_path /opt/stack/neutron/neutron/api/extensions.py:449}}
Feb 16 21:05:53.922899 np0000155696 devstack@neutron-api.service[103194]: DEBUG neutron_lib.callbacks.manager [None req-74731acc-1d80-4b5e-8659-0d9e6951857f None None] Subscribe: > rbac-policy before_delete 55550000, False {{(pid=103194) subscribe /opt/stack/data/venv/lib/python3.12/site-packages/neutron_lib/callbacks/manager.py:52}}
Feb 16 21:05:53.923084 np0000155696 devstack@neutron-api.service[103196]: DEBUG neutron.api.extensions [None req-be039558-30f6-4400-9a92-c9714f6f4f0f None None] Ext name="Neutron Extra DHCP options" alias="extra_dhcp_opt" description="Extra options configuration for DHCP. For example PXE boot options to DHCP clients can be specified (e.g. tftp-server, server-ip-address, bootfile-name)" updated="2013-03-17T12:00:00-00:00" {{(pid=103196) _check_extension /opt/stack/neutron/neutron/api/extensions.py:415}}
Feb 16 21:05:53.923215 np0000155696 devstack@neutron-api.service[103194]: DEBUG neutron.manager [None req-74731acc-1d80-4b5e-8659-0d9e6951857f None None] Successfully loaded network-ip-availability plugin. Description: Provides IP availability data for each network and subnet. {{(pid=103194) _create_and_add_service_plugin /opt/stack/neutron/neutron/manager.py:229}}
Feb 16 21:05:53.923258 np0000155696 devstack@neutron-api.service[103196]: INFO neutron.api.extensions [None req-be039558-30f6-4400-9a92-c9714f6f4f0f None None] Loaded extension: extra_dhcp_opt
Feb 16 21:05:53.923309 np0000155696 devstack@neutron-api.service[103194]: INFO neutron.manager [None req-74731acc-1d80-4b5e-8659-0d9e6951857f None None] Loading Plugin: flavors
Feb 16 21:05:53.923348 np0000155696 devstack@neutron-api.service[103196]: DEBUG neutron.api.extensions [None req-be039558-30f6-4400-9a92-c9714f6f4f0f None None] Loading extension file: extraroute.py {{(pid=103196) _load_all_extensions_from_path /opt/stack/neutron/neutron/api/extensions.py:449}}
Feb 16 21:05:53.923555 np0000155696 devstack@neutron-api.service[103196]: DEBUG neutron.api.extensions [None req-be039558-30f6-4400-9a92-c9714f6f4f0f None None] Ext name="Neutron Extra Route" alias="extraroute" description="Extra routes configuration for L3 router" updated="2013-02-01T10:00:00-00:00" {{(pid=103196) _check_extension /opt/stack/neutron/neutron/api/extensions.py:415}}
Feb 16 21:05:53.923740 np0000155696 devstack@neutron-api.service[103196]: INFO neutron.api.extensions [None req-be039558-30f6-4400-9a92-c9714f6f4f0f None None] Loaded extension: extraroute
Feb 16 21:05:53.923827 np0000155696 devstack@neutron-api.service[103196]: DEBUG neutron.api.extensions [None req-be039558-30f6-4400-9a92-c9714f6f4f0f None None] Loading extension file: extraroute_atomic.py {{(pid=103196) _load_all_extensions_from_path /opt/stack/neutron/neutron/api/extensions.py:449}}
Feb 16 21:05:53.923995 np0000155696 devstack@neutron-api.service[103195]: INFO neutron.plugins.ml2.drivers.type_vlan [None req-7d933272-673c-47ff-8d0c-af3786a694f2 None None] VlanTypeDriver initialization complete
Feb 16 21:05:53.924270 np0000155696 devstack@neutron-api.service[103196]: DEBUG neutron.api.extensions [None req-be039558-30f6-4400-9a92-c9714f6f4f0f None None] Ext name="Atomically add/remove extra routes" alias="extraroute-atomic" description="Edit extra routes of a router on server side by atomically adding/removing extra routes" updated="2019-07-10T00:00:00+00:00" {{(pid=103196) _check_extension /opt/stack/neutron/neutron/api/extensions.py:415}}
Feb 16 21:05:53.924321 np0000155696 devstack@neutron-api.service[103195]: INFO neutron.plugins.ml2.managers [None req-7d933272-673c-47ff-8d0c-af3786a694f2 None None] Initializing extension driver 'port_security'
Feb 16 21:05:53.924360 np0000155696 devstack@neutron-api.service[103196]: INFO neutron.api.extensions [None req-be039558-30f6-4400-9a92-c9714f6f4f0f None None] Loaded extension: extraroute-atomic
Feb 16 21:05:53.924395 np0000155696 devstack@neutron-api.service[103195]: INFO neutron.plugins.ml2.extensions.port_security [None req-7d933272-673c-47ff-8d0c-af3786a694f2 None None] PortSecurityExtensionDriver initialization complete
Feb 16 21:05:53.924433 np0000155696 devstack@neutron-api.service[103194]: DEBUG neutron.manager [None req-74731acc-1d80-4b5e-8659-0d9e6951857f None None] Successfully loaded FLAVORS plugin. Description: Neutron Flavors and Service Profiles manager plugin {{(pid=103194) _create_and_add_service_plugin /opt/stack/neutron/neutron/manager.py:229}}
Feb 16 21:05:53.924471 np0000155696 devstack@neutron-api.service[103196]: DEBUG neutron.api.extensions [None req-be039558-30f6-4400-9a92-c9714f6f4f0f None None] Loading extension file: filter_validation.py {{(pid=103196) _load_all_extensions_from_path /opt/stack/neutron/neutron/api/extensions.py:449}}
Feb 16 21:05:53.924516 np0000155696 devstack@neutron-api.service[103195]: INFO neutron.plugins.ml2.managers [None req-7d933272-673c-47ff-8d0c-af3786a694f2 None None] Initializing extension driver 'qos'
Feb 16 21:05:53.924585 np0000155696 devstack@neutron-api.service[103194]: INFO neutron.manager [None req-74731acc-1d80-4b5e-8659-0d9e6951857f None None] Loading Plugin: revisions
Feb 16 21:05:53.924636 np0000155696 devstack@neutron-api.service[103195]: DEBUG neutron.plugins.ml2.extensions.qos [None req-7d933272-673c-47ff-8d0c-af3786a694f2 None None] QosExtensionDriver initialization complete {{(pid=103195) initialize /opt/stack/neutron/neutron/plugins/ml2/extensions/qos.py:31}}
Feb 16 21:05:53.924636 np0000155696 devstack@neutron-api.service[103195]: INFO neutron.plugins.ml2.managers [None req-7d933272-673c-47ff-8d0c-af3786a694f2 None None] Initializing mechanism driver 'ovn'
Feb 16 21:05:53.924725 np0000155696 devstack@neutron-api.service[103196]: DEBUG neutron.api.extensions [None req-be039558-30f6-4400-9a92-c9714f6f4f0f None None] Ext name="Filter parameters validation" alias="filter-validation" description="Provides validation on filter parameters." updated="2018-07-04T10:00:00-00:00" {{(pid=103196) _check_extension /opt/stack/neutron/neutron/api/extensions.py:415}}
Feb 16 21:05:53.924770 np0000155696 devstack@neutron-api.service[103195]: INFO neutron.plugins.ml2.drivers.ovn.mech_driver.mech_driver [None req-7d933272-673c-47ff-8d0c-af3786a694f2 None None] Starting OVNMechanismDriver
Feb 16 21:05:53.924812 np0000155696 devstack@neutron-api.service[103196]: INFO neutron.api.extensions [None req-be039558-30f6-4400-9a92-c9714f6f4f0f None None] Loaded extension: filter-validation
Feb 16 21:05:53.924871 np0000155696 devstack@neutron-api.service[103196]: DEBUG neutron.api.extensions [None req-be039558-30f6-4400-9a92-c9714f6f4f0f None None] Loading extension file: fip_pf_description.py {{(pid=103196) _load_all_extensions_from_path /opt/stack/neutron/neutron/api/extensions.py:449}}
Feb 16 21:05:53.925095 np0000155696 devstack@neutron-api.service[103196]: DEBUG neutron.api.extensions [None req-be039558-30f6-4400-9a92-c9714f6f4f0f None None] Ext name="Floating IP Port Forwarding new attribute description" alias="floating-ip-port-forwarding-description" description="Add a description field to Port Forwarding rules" updated="2019-11-01T10:00:00-00:00" {{(pid=103196) _check_extension /opt/stack/neutron/neutron/api/extensions.py:415}}
Feb 16 21:05:53.925261 np0000155696 devstack@neutron-api.service[103196]: INFO neutron.api.extensions [None req-be039558-30f6-4400-9a92-c9714f6f4f0f None None] Extension floating-ip-port-forwarding-description not supported by any of loaded plugins
Feb 16 21:05:53.925350 np0000155696 devstack@neutron-api.service[103196]: DEBUG neutron.api.extensions [None req-be039558-30f6-4400-9a92-c9714f6f4f0f None None] Loading extension file: fip_pf_detail.py {{(pid=103196) _load_all_extensions_from_path /opt/stack/neutron/neutron/api/extensions.py:449}}
Feb 16 21:05:53.925393 np0000155696 devstack@neutron-api.service[103194]: DEBUG neutron.manager [None req-74731acc-1d80-4b5e-8659-0d9e6951857f None None] Successfully loaded revision_plugin plugin. Description: Adds revision numbers to resources. {{(pid=103194) _create_and_add_service_plugin /opt/stack/neutron/neutron/manager.py:229}}
Feb 16 21:05:53.925528 np0000155696 devstack@neutron-api.service[103194]: DEBUG oslo_concurrency.lockutils [None req-74731acc-1d80-4b5e-8659-0d9e6951857f None None] Lock "manager" "released" by "neutron.manager.NeutronManager._create_instance" :: held 4.585s {{(pid=103194) inner /opt/stack/data/venv/lib/python3.12/site-packages/oslo_concurrency/lockutils.py:538}}
Feb 16 21:05:53.925579 np0000155696 devstack@neutron-api.service[103196]: DEBUG neutron.api.extensions [None req-be039558-30f6-4400-9a92-c9714f6f4f0f None None] Ext name="Floating IP port forwarding detail" alias="floating-ip-port-forwarding-detail" description="Allow list floating ip return more port forwarding data, include'id' and 'internal_port_id'" updated="2022-05-06T10:00:00-00:00" {{(pid=103196) _check_extension /opt/stack/neutron/neutron/api/extensions.py:415}}
Feb 16 21:05:53.925752 np0000155696 devstack@neutron-api.service[103194]: DEBUG neutron.api.extensions [None req-74731acc-1d80-4b5e-8659-0d9e6951857f None None] get_extension_paths = OrderedDict({'/opt/stack/neutron/neutron/extensions': 1}) {{(pid=103194) get_extensions_path /opt/stack/neutron/neutron/api/extensions.py:640}}
Feb 16 21:05:53.925805 np0000155696 devstack@neutron-api.service[103196]: INFO neutron.api.extensions [None req-be039558-30f6-4400-9a92-c9714f6f4f0f None None] Loaded extension: floating-ip-port-forwarding-detail
Feb 16 21:05:53.925840 np0000155696 devstack@neutron-api.service[103196]: DEBUG neutron.api.extensions [None req-be039558-30f6-4400-9a92-c9714f6f4f0f None None] Loading extension file: fip_pf_port_range.py {{(pid=103196) _load_all_extensions_from_path /opt/stack/neutron/neutron/api/extensions.py:449}}
Feb 16 21:05:53.925883 np0000155696 devstack@neutron-api.service[103194]: INFO neutron.api.extensions [None req-74731acc-1d80-4b5e-8659-0d9e6951857f None None] Initializing extension manager.
Feb 16 21:05:53.926065 np0000155696 devstack@neutron-api.service[103196]: DEBUG neutron.api.extensions [None req-be039558-30f6-4400-9a92-c9714f6f4f0f None None] Ext name="Floating IP Port Forwarding support port ranges" alias="floating-ip-port-forwarding-port-ranges" description="Add support to port ranges" updated="2020-07-01T10:00:00-00:00" {{(pid=103196) _check_extension /opt/stack/neutron/neutron/api/extensions.py:415}}
Feb 16 21:05:53.926108 np0000155696 devstack@neutron-api.service[103194]: DEBUG neutron.api.extensions [None req-74731acc-1d80-4b5e-8659-0d9e6951857f None None] Loading extension file: __init__.py {{(pid=103194) _load_all_extensions_from_path /opt/stack/neutron/neutron/api/extensions.py:449}}
Feb 16 21:05:53.926196 np0000155696 devstack@neutron-api.service[103194]: DEBUG neutron.api.extensions [None req-74731acc-1d80-4b5e-8659-0d9e6951857f None None] Loading extension file: __pycache__ {{(pid=103194) _load_all_extensions_from_path /opt/stack/neutron/neutron/api/extensions.py:449}}
Feb 16 21:05:53.926238 np0000155696 devstack@neutron-api.service[103196]: INFO neutron.api.extensions [None req-be039558-30f6-4400-9a92-c9714f6f4f0f None None] Extension floating-ip-port-forwarding-port-ranges not supported by any of loaded plugins
Feb 16 21:05:53.926294 np0000155696 devstack@neutron-api.service[103194]: DEBUG neutron.api.extensions [None req-74731acc-1d80-4b5e-8659-0d9e6951857f None None] Loading extension file: address_group.py {{(pid=103194) _load_all_extensions_from_path /opt/stack/neutron/neutron/api/extensions.py:449}}
Feb 16 21:05:53.926334 np0000155696 devstack@neutron-api.service[103196]: DEBUG neutron.api.extensions [None req-be039558-30f6-4400-9a92-c9714f6f4f0f None None] Loading extension file: fip_port_details.py {{(pid=103196) _load_all_extensions_from_path /opt/stack/neutron/neutron/api/extensions.py:449}}
Feb 16 21:05:53.926367 np0000155696 devstack@neutron-api.service[103195]: DEBUG neutron_lib.callbacks.manager [None req-7d933272-673c-47ff-8d0c-af3786a694f2 None None] Subscribe: > process before_spawn 55550000, False {{(pid=103195) subscribe /opt/stack/data/venv/lib/python3.12/site-packages/neutron_lib/callbacks/manager.py:52}}
Feb 16 21:05:53.926605 np0000155696 devstack@neutron-api.service[103195]: DEBUG neutron_lib.callbacks.manager [None req-7d933272-673c-47ff-8d0c-af3786a694f2 None None] Subscribe: > process after_init 55550000, True {{(pid=103195) subscribe /opt/stack/data/venv/lib/python3.12/site-packages/neutron_lib/callbacks/manager.py:52}}
Feb 16 21:05:53.926706 np0000155696 devstack@neutron-api.service[103194]: DEBUG neutron.api.extensions [None req-74731acc-1d80-4b5e-8659-0d9e6951857f None None] Ext name="Address group" alias="address-group" description="Support address group" updated="2020-07-15T10:00:00-00:00" {{(pid=103194) _check_extension /opt/stack/neutron/neutron/api/extensions.py:415}}
Feb 16 21:05:53.926760 np0000155696 devstack@neutron-api.service[103196]: DEBUG neutron.api.extensions [None req-be039558-30f6-4400-9a92-c9714f6f4f0f None None] Ext name="Floating IP Port Details Extension" alias="fip-port-details" description="Add port_details attribute to Floating IP resource" updated="2018-04-09T10:00:00-00:00" {{(pid=103196) _check_extension /opt/stack/neutron/neutron/api/extensions.py:415}}
Feb 16 21:05:53.926811 np0000155696 devstack@neutron-api.service[103195]: DEBUG neutron_lib.callbacks.manager [None req-7d933272-673c-47ff-8d0c-af3786a694f2 None None] Subscribe: > segment after_create 55550000, False {{(pid=103195) subscribe /opt/stack/data/venv/lib/python3.12/site-packages/neutron_lib/callbacks/manager.py:52}}
Feb 16 21:05:53.926884 np0000155696 devstack@neutron-api.service[103195]: DEBUG neutron_lib.callbacks.manager [None req-7d933272-673c-47ff-8d0c-af3786a694f2 None None] Subscribe: > segment after_create 55550000, False {{(pid=103195) subscribe /opt/stack/data/venv/lib/python3.12/site-packages/neutron_lib/callbacks/manager.py:52}}
Feb 16 21:05:53.926932 np0000155696 devstack@neutron-api.service[103196]: INFO neutron.api.extensions [None req-be039558-30f6-4400-9a92-c9714f6f4f0f None None] Loaded extension: fip-port-details
Feb 16 21:05:53.926969 np0000155696 devstack@neutron-api.service[103194]: INFO neutron.api.extensions [None req-74731acc-1d80-4b5e-8659-0d9e6951857f None None] Loaded extension: address-group
Feb 16 21:05:53.927007 np0000155696 devstack@neutron-api.service[103196]: DEBUG neutron.api.extensions [None req-be039558-30f6-4400-9a92-c9714f6f4f0f None None] Loading extension file: flavors.py {{(pid=103196) _load_all_extensions_from_path /opt/stack/neutron/neutron/api/extensions.py:449}}
Feb 16 21:05:53.927045 np0000155696 devstack@neutron-api.service[103195]: DEBUG neutron_lib.callbacks.manager [None req-7d933272-673c-47ff-8d0c-af3786a694f2 None None] Subscribe: > segment after_delete 55550000, False {{(pid=103195) subscribe /opt/stack/data/venv/lib/python3.12/site-packages/neutron_lib/callbacks/manager.py:52}}
Feb 16 21:05:53.927184 np0000155696 devstack@neutron-api.service[103194]: DEBUG neutron.api.extensions [None req-74731acc-1d80-4b5e-8659-0d9e6951857f None None] Loading extension file: address_scope.py {{(pid=103194) _load_all_extensions_from_path /opt/stack/neutron/neutron/api/extensions.py:449}}
Feb 16 21:05:53.927230 np0000155696 devstack@neutron-api.service[103195]: DEBUG neutron_lib.callbacks.manager [None req-7d933272-673c-47ff-8d0c-af3786a694f2 None None] Subscribe: > allowed_address_pair before_create 55550000, False {{(pid=103195) subscribe /opt/stack/data/venv/lib/python3.12/site-packages/neutron_lib/callbacks/manager.py:52}}
Feb 16 21:05:53.927230 np0000155696 devstack@neutron-api.service[103195]: DEBUG neutron_lib.callbacks.manager [None req-7d933272-673c-47ff-8d0c-af3786a694f2 None None] Subscribe: > security_group precommit_create 55550000, False {{(pid=103195) subscribe /opt/stack/data/venv/lib/python3.12/site-packages/neutron_lib/callbacks/manager.py:52}}
Feb 16 21:05:53.927304 np0000155696 devstack@neutron-api.service[103196]: DEBUG neutron.api.extensions [None req-be039558-30f6-4400-9a92-c9714f6f4f0f None None] Ext name="Neutron Service Flavors" alias="flavors" description="Flavor specification for Neutron advanced services." updated="2015-09-17T10:00:00-00:00" {{(pid=103196) _check_extension /opt/stack/neutron/neutron/api/extensions.py:415}}
Feb 16 21:05:53.927339 np0000155696 devstack@neutron-api.service[103195]: DEBUG neutron_lib.callbacks.manager [None req-7d933272-673c-47ff-8d0c-af3786a694f2 None None] Subscribe: > security_group after_update 55550000, False {{(pid=103195) subscribe /opt/stack/data/venv/lib/python3.12/site-packages/neutron_lib/callbacks/manager.py:52}}
Feb 16 21:05:53.927387 np0000155696 devstack@neutron-api.service[103194]: DEBUG neutron.api.extensions [None req-74731acc-1d80-4b5e-8659-0d9e6951857f None None] Ext name="Address scope" alias="address-scope" description="Address scopes extension." updated="2015-07-26T10:00:00-00:00" {{(pid=103194) _check_extension /opt/stack/neutron/neutron/api/extensions.py:415}}
Feb 16 21:05:53.927426 np0000155696 devstack@neutron-api.service[103196]: INFO neutron.api.extensions [None req-be039558-30f6-4400-9a92-c9714f6f4f0f None None] Loaded extension: flavors
Feb 16 21:05:53.927469 np0000155696 devstack@neutron-api.service[103195]: DEBUG neutron_lib.callbacks.manager [None req-7d933272-673c-47ff-8d0c-af3786a694f2 None None] Subscribe: > security_group after_create 55550000, False {{(pid=103195) subscribe /opt/stack/data/venv/lib/python3.12/site-packages/neutron_lib/callbacks/manager.py:52}}
Feb 16 21:05:53.927509 np0000155696 devstack@neutron-api.service[103196]: DEBUG neutron.api.extensions [None req-be039558-30f6-4400-9a92-c9714f6f4f0f None None] Loading extension file: floating_ip_port_forwarding.py {{(pid=103196) _load_all_extensions_from_path /opt/stack/neutron/neutron/api/extensions.py:449}}
Feb 16 21:05:53.927547 np0000155696 devstack@neutron-api.service[103194]: INFO neutron.api.extensions [None req-74731acc-1d80-4b5e-8659-0d9e6951857f None None] Loaded extension: address-scope
Feb 16 21:05:53.927584 np0000155696 devstack@neutron-api.service[103195]: DEBUG neutron_lib.callbacks.manager [None req-7d933272-673c-47ff-8d0c-af3786a694f2 None None] Subscribe: > security_group precommit_delete 55550000, False {{(pid=103195) subscribe /opt/stack/data/venv/lib/python3.12/site-packages/neutron_lib/callbacks/manager.py:52}}
Feb 16 21:05:53.927638 np0000155696 devstack@neutron-api.service[103194]: DEBUG neutron.api.extensions [None req-74731acc-1d80-4b5e-8659-0d9e6951857f None None] Loading extension file: admin_state_down_before_update.py {{(pid=103194) _load_all_extensions_from_path /opt/stack/neutron/neutron/api/extensions.py:449}}
Feb 16 21:05:53.927749 np0000155696 devstack@neutron-api.service[103195]: DEBUG neutron_lib.callbacks.manager [None req-7d933272-673c-47ff-8d0c-af3786a694f2 None None] Subscribe: > security_group after_delete 55550000, False {{(pid=103195) subscribe /opt/stack/data/venv/lib/python3.12/site-packages/neutron_lib/callbacks/manager.py:52}}
Feb 16 21:05:53.927821 np0000155696 devstack@neutron-api.service[103196]: DEBUG neutron.api.extensions [None req-be039558-30f6-4400-9a92-c9714f6f4f0f None None] Ext name="Floating IP Port Forwarding" alias="floating-ip-port-forwarding" description="Allow port forwarding from floating IP port to an internal port" updated="2018-01-19T10:00:00-00:00" {{(pid=103196) _check_extension /opt/stack/neutron/neutron/api/extensions.py:415}}
Feb 16 21:05:53.927874 np0000155696 devstack@neutron-api.service[103194]: DEBUG neutron.api.extensions [None req-74731acc-1d80-4b5e-8659-0d9e6951857f None None] Ext name="Enforce Router's Admin State Down Before Update Extension" alias="router-admin-state-down-before-update" description="Ensure that the admin state of a router is DOWN (admin_state_up=False) before updating the distributed attribute" updated="2019-07-02T15:56:00" {{(pid=103194) _check_extension /opt/stack/neutron/neutron/api/extensions.py:415}}
Feb 16 21:05:53.927916 np0000155696 devstack@neutron-api.service[103195]: DEBUG neutron_lib.callbacks.manager [None req-7d933272-673c-47ff-8d0c-af3786a694f2 None None] Subscribe: > security_group_rule precommit_create 55550000, False {{(pid=103195) subscribe /opt/stack/data/venv/lib/python3.12/site-packages/neutron_lib/callbacks/manager.py:52}}
Feb 16 21:05:53.927985 np0000155696 devstack@neutron-api.service[103195]: DEBUG neutron_lib.callbacks.manager [None req-7d933272-673c-47ff-8d0c-af3786a694f2 None None] Subscribe: > security_group_rule after_create 55550000, False {{(pid=103195) subscribe /opt/stack/data/venv/lib/python3.12/site-packages/neutron_lib/callbacks/manager.py:52}}
Feb 16 21:05:53.928032 np0000155696 devstack@neutron-api.service[103196]: INFO neutron.api.extensions [None req-be039558-30f6-4400-9a92-c9714f6f4f0f None None] Extension floating-ip-port-forwarding not supported by any of loaded plugins
Feb 16 21:05:53.928070 np0000155696 devstack@neutron-api.service[103194]: INFO neutron.api.extensions [None req-74731acc-1d80-4b5e-8659-0d9e6951857f None None] Extension router-admin-state-down-before-update not supported by any of loaded plugins
Feb 16 21:05:53.928108 np0000155696 devstack@neutron-api.service[103196]: DEBUG neutron.api.extensions [None req-be039558-30f6-4400-9a92-c9714f6f4f0f None None] Loading extension file: floatingip_pools.py {{(pid=103196) _load_all_extensions_from_path /opt/stack/neutron/neutron/api/extensions.py:449}}
Feb 16 21:05:53.928146 np0000155696 devstack@neutron-api.service[103195]: DEBUG neutron_lib.callbacks.manager [None req-7d933272-673c-47ff-8d0c-af3786a694f2 None None] Subscribe: > security_group_rule before_delete 55550000, False {{(pid=103195) subscribe /opt/stack/data/venv/lib/python3.12/site-packages/neutron_lib/callbacks/manager.py:52}}
Feb 16 21:05:53.928191 np0000155696 devstack@neutron-api.service[103194]: DEBUG neutron.api.extensions [None req-74731acc-1d80-4b5e-8659-0d9e6951857f None None] Loading extension file: agent.py {{(pid=103194) _load_all_extensions_from_path /opt/stack/neutron/neutron/api/extensions.py:449}}
Feb 16 21:05:53.928231 np0000155696 devstack@neutron-api.service[103195]: DEBUG neutron_lib.callbacks.manager [None req-7d933272-673c-47ff-8d0c-af3786a694f2 None None] Subscribe: > address_group after_create 55550000, False {{(pid=103195) subscribe /opt/stack/data/venv/lib/python3.12/site-packages/neutron_lib/callbacks/manager.py:52}}
Feb 16 21:05:53.928301 np0000155696 devstack@neutron-api.service[103195]: DEBUG neutron_lib.callbacks.manager [None req-7d933272-673c-47ff-8d0c-af3786a694f2 None None] Subscribe: > address_group after_update 55550000, False {{(pid=103195) subscribe /opt/stack/data/venv/lib/python3.12/site-packages/neutron_lib/callbacks/manager.py:52}}
Feb 16 21:05:53.928349 np0000155696 devstack@neutron-api.service[103196]: DEBUG neutron.api.extensions [None req-be039558-30f6-4400-9a92-c9714f6f4f0f None None] Ext name="Floating IP Pools Extension" alias="floatingip-pools" description="Provides a floating IP pools API." updated="2018-03-21T10:00:00-00:00" {{(pid=103196) _check_extension /opt/stack/neutron/neutron/api/extensions.py:415}}
Feb 16 21:05:53.928391 np0000155696 devstack@neutron-api.service[103194]: DEBUG neutron.api.extensions [None req-74731acc-1d80-4b5e-8659-0d9e6951857f None None] Ext name="agent" alias="agent" description="The agent management extension." updated="2013-02-03T10:00:00-00:00" {{(pid=103194) _check_extension /opt/stack/neutron/neutron/api/extensions.py:415}}
Feb 16 21:05:53.928429 np0000155696 devstack@neutron-api.service[103195]: DEBUG neutron_lib.callbacks.manager [None req-7d933272-673c-47ff-8d0c-af3786a694f2 None None] Subscribe: > address_group after_delete 55550000, False {{(pid=103195) subscribe /opt/stack/data/venv/lib/python3.12/site-packages/neutron_lib/callbacks/manager.py:52}}
Feb 16 21:05:53.928506 np0000155696 devstack@neutron-api.service[103196]: INFO neutron.api.extensions [None req-be039558-30f6-4400-9a92-c9714f6f4f0f None None] Loaded extension: floatingip-pools
Feb 16 21:05:53.928584 np0000155696 devstack@neutron-api.service[103194]: INFO neutron.api.extensions [None req-74731acc-1d80-4b5e-8659-0d9e6951857f None None] Loaded extension: agent
Feb 16 21:05:53.928642 np0000155696 devstack@neutron-api.service[103196]: DEBUG neutron.api.extensions [None req-be039558-30f6-4400-9a92-c9714f6f4f0f None None] Loading extension file: ip_allocation.py {{(pid=103196) _load_all_extensions_from_path /opt/stack/neutron/neutron/api/extensions.py:449}}
Feb 16 21:05:53.928680 np0000155696 devstack@neutron-api.service[103195]: DEBUG neutron_lib.callbacks.manager [None req-7d933272-673c-47ff-8d0c-af3786a694f2 None None] Subscribe: > qos_plugin after_init 55550000, False {{(pid=103195) subscribe /opt/stack/data/venv/lib/python3.12/site-packages/neutron_lib/callbacks/manager.py:52}}
Feb 16 21:05:53.928751 np0000155696 devstack@neutron-api.service[103194]: DEBUG neutron.api.extensions [None req-74731acc-1d80-4b5e-8659-0d9e6951857f None None] Loading extension file: agent_resources_synced.py {{(pid=103194) _load_all_extensions_from_path /opt/stack/neutron/neutron/api/extensions.py:449}}
Feb 16 21:05:53.928852 np0000155696 devstack@neutron-api.service[103196]: DEBUG neutron.api.extensions [None req-be039558-30f6-4400-9a92-c9714f6f4f0f None None] Ext name="IP Allocation" alias="ip_allocation" description="IP allocation extension." updated="2016-06-10T23:00:00-00:00" {{(pid=103196) _check_extension /opt/stack/neutron/neutron/api/extensions.py:415}}
Feb 16 21:05:53.928909 np0000155696 devstack@neutron-api.service[103195]: DEBUG neutron_lib.callbacks.manager [None req-7d933272-673c-47ff-8d0c-af3786a694f2 None None] Subscribe: > trunk_plugin after_init 55550000, False {{(pid=103195) subscribe /opt/stack/data/venv/lib/python3.12/site-packages/neutron_lib/callbacks/manager.py:52}}
Feb 16 21:05:53.928990 np0000155696 devstack@neutron-api.service[103194]: DEBUG neutron.api.extensions [None req-74731acc-1d80-4b5e-8659-0d9e6951857f None None] Ext name="Agent's Resource View Synced to Placement" alias="agent-resources-synced" description="Stores success/failure of last sync to Placement" updated="2018-12-19T00:00:00-00:00" {{(pid=103194) _check_extension /opt/stack/neutron/neutron/api/extensions.py:415}}
Feb 16 21:05:53.929044 np0000155696 devstack@neutron-api.service[103196]: INFO neutron.api.extensions [None req-be039558-30f6-4400-9a92-c9714f6f4f0f None None] Extension ip_allocation not supported by any of loaded plugins
Feb 16 21:05:53.929105 np0000155696 devstack@neutron-api.service[103196]: DEBUG neutron.api.extensions [None req-be039558-30f6-4400-9a92-c9714f6f4f0f None None] Loading extension file: ip_substring_port_filtering.py {{(pid=103196) _load_all_extensions_from_path /opt/stack/neutron/neutron/api/extensions.py:449}}
Feb 16 21:05:53.929144 np0000155696 devstack@neutron-api.service[103195]: DEBUG neutron_lib.callbacks.manager [None req-7d933272-673c-47ff-8d0c-af3786a694f2 None None] Subscribe: > logging-plugin after_init 55550000, False {{(pid=103195) subscribe /opt/stack/data/venv/lib/python3.12/site-packages/neutron_lib/callbacks/manager.py:52}}
Feb 16 21:05:53.929185 np0000155696 devstack@neutron-api.service[103194]: INFO neutron.api.extensions [None req-74731acc-1d80-4b5e-8659-0d9e6951857f None None] Extension agent-resources-synced not supported by any of loaded plugins
Feb 16 21:05:53.929255 np0000155696 devstack@neutron-api.service[103194]: DEBUG neutron.api.extensions [None req-74731acc-1d80-4b5e-8659-0d9e6951857f None None] Loading extension file: allowedaddresspairs.py {{(pid=103194) _load_all_extensions_from_path /opt/stack/neutron/neutron/api/extensions.py:449}}
Feb 16 21:05:53.929797 np0000155696 devstack@neutron-api.service[103196]: DEBUG neutron.api.extensions [None req-be039558-30f6-4400-9a92-c9714f6f4f0f None None] Ext name="IP address substring filtering" alias="ip-substring-filtering" description="Provides IP address substring filtering when listing ports" updated="2017-11-28T09:00:00-00:00" {{(pid=103196) _check_extension /opt/stack/neutron/neutron/api/extensions.py:415}}
Feb 16 21:05:53.929797 np0000155696 devstack@neutron-api.service[103196]: INFO neutron.api.extensions [None req-be039558-30f6-4400-9a92-c9714f6f4f0f None None] Extension ip-substring-filtering not supported by any of loaded plugins
Feb 16 21:05:53.929797 np0000155696 devstack@neutron-api.service[103196]: DEBUG neutron.api.extensions [None req-be039558-30f6-4400-9a92-c9714f6f4f0f None None] Loading extension file: l2_adjacency.py {{(pid=103196) _load_all_extensions_from_path /opt/stack/neutron/neutron/api/extensions.py:449}}
Feb 16 21:05:53.929932 np0000155696 devstack@neutron-api.service[103195]: INFO neutron.services.logapi.drivers.ovn.driver [None req-7d933272-673c-47ff-8d0c-af3786a694f2 None None] OVN logging driver registered
Feb 16 21:05:53.929966 np0000155696 devstack@neutron-api.service[103196]: DEBUG neutron.api.extensions [None req-be039558-30f6-4400-9a92-c9714f6f4f0f None None] Ext name="L2 Adjacency" alias="l2_adjacency" description="Display L2 Adjacency for Neutron Networks." updated="2016-04-12T16:00:00-00:00" {{(pid=103196) _check_extension /opt/stack/neutron/neutron/api/extensions.py:415}}
Feb 16 21:05:53.929966 np0000155696 devstack@neutron-api.service[103196]: INFO neutron.api.extensions [None req-be039558-30f6-4400-9a92-c9714f6f4f0f None None] Extension l2_adjacency not supported by any of loaded plugins
Feb 16 21:05:53.930024 np0000155696 devstack@neutron-api.service[103194]: DEBUG neutron.api.extensions [None req-74731acc-1d80-4b5e-8659-0d9e6951857f None None] Ext name="Allowed Address Pairs" alias="allowed-address-pairs" description="Provides allowed address pairs" updated="2013-07-23T10:00:00-00:00" {{(pid=103194) _check_extension /opt/stack/neutron/neutron/api/extensions.py:415}}
Feb 16 21:05:53.930108 np0000155696 devstack@neutron-api.service[103196]: DEBUG neutron.api.extensions [None req-be039558-30f6-4400-9a92-c9714f6f4f0f None None] Loading extension file: l3.py {{(pid=103196) _load_all_extensions_from_path /opt/stack/neutron/neutron/api/extensions.py:449}}
Feb 16 21:05:53.930165 np0000155696 devstack@neutron-api.service[103194]: INFO neutron.api.extensions [None req-74731acc-1d80-4b5e-8659-0d9e6951857f None None] Loaded extension: allowed-address-pairs
Feb 16 21:05:53.930257 np0000155696 devstack@neutron-api.service[103194]: DEBUG neutron.api.extensions [None req-74731acc-1d80-4b5e-8659-0d9e6951857f None None] Loading extension file: auto_allocated_topology.py {{(pid=103194) _load_all_extensions_from_path /opt/stack/neutron/neutron/api/extensions.py:449}}
Feb 16 21:05:53.930520 np0000155696 devstack@neutron-api.service[103196]: DEBUG neutron.api.extensions [None req-be039558-30f6-4400-9a92-c9714f6f4f0f None None] Ext name="Neutron L3 Router" alias="router" description="Router abstraction for basic L3 forwarding between L2 Neutron networks and access to external networks via a NAT gateway." updated="2012-07-20T10:00:00-00:00" {{(pid=103196) _check_extension /opt/stack/neutron/neutron/api/extensions.py:415}}
Feb 16 21:05:53.930566 np0000155696 devstack@neutron-api.service[103194]: DEBUG neutron.api.extensions [None req-74731acc-1d80-4b5e-8659-0d9e6951857f None None] Ext name="Auto Allocated Topology Services" alias="auto-allocated-topology" description="Auto Allocated Topology Services." updated="2016-01-01T00:00:00-00:00" {{(pid=103194) _check_extension /opt/stack/neutron/neutron/api/extensions.py:415}}
Feb 16 21:05:53.930720 np0000155696 devstack@neutron-api.service[103196]: INFO neutron.api.extensions [None req-be039558-30f6-4400-9a92-c9714f6f4f0f None None] Loaded extension: router
Feb 16 21:05:53.930809 np0000155696 devstack@neutron-api.service[103196]: DEBUG neutron.api.extensions [None req-be039558-30f6-4400-9a92-c9714f6f4f0f None None] Loading extension file: l3_conntrack_helper.py {{(pid=103196) _load_all_extensions_from_path /opt/stack/neutron/neutron/api/extensions.py:449}}
Feb 16 21:05:53.930843 np0000155696 devstack@neutron-api.service[103194]: INFO neutron.api.extensions [None req-74731acc-1d80-4b5e-8659-0d9e6951857f None None] Loaded extension: auto-allocated-topology
Feb 16 21:05:53.930956 np0000155696 devstack@neutron-api.service[103194]: DEBUG neutron.api.extensions [None req-74731acc-1d80-4b5e-8659-0d9e6951857f None None] Loading extension file: availability_zone.py {{(pid=103194) _load_all_extensions_from_path /opt/stack/neutron/neutron/api/extensions.py:449}}
Feb 16 21:05:53.931252 np0000155696 devstack@neutron-api.service[103195]: DEBUG neutron.plugins.ml2.plugin [None req-7d933272-673c-47ff-8d0c-af3786a694f2 None None] neutron.plugins.ml2.plugin.Ml2Plugin method _start_rpc_notifiers called with arguments () {} {{(pid=103195) wrapper /opt/stack/data/venv/lib/python3.12/site-packages/oslo_log/helpers.py:77}}
Feb 16 21:05:53.931289 np0000155696 devstack@neutron-api.service[103194]: DEBUG neutron.api.extensions [None req-74731acc-1d80-4b5e-8659-0d9e6951857f None None] Ext name="Availability Zone" alias="availability_zone" description="The availability zone extension." updated="2015-01-01T10:00:00-00:00" {{(pid=103194) _check_extension /opt/stack/neutron/neutron/api/extensions.py:415}}
Feb 16 21:05:53.931473 np0000155696 devstack@neutron-api.service[103194]: INFO neutron.api.extensions [None req-74731acc-1d80-4b5e-8659-0d9e6951857f None None] Loaded extension: availability_zone
Feb 16 21:05:53.931545 np0000155696 devstack@neutron-api.service[103195]: DEBUG neutron_lib.callbacks.manager [None req-7d933272-673c-47ff-8d0c-af3786a694f2 None None] Subscribe: > port after_create 55550000, False {{(pid=103195) subscribe /opt/stack/data/venv/lib/python3.12/site-packages/neutron_lib/callbacks/manager.py:52}}
Feb 16 21:05:53.931627 np0000155696 devstack@neutron-api.service[103194]: DEBUG neutron.api.extensions [None req-74731acc-1d80-4b5e-8659-0d9e6951857f None None] Loading extension file: availability_zone_filter.py {{(pid=103194) _load_all_extensions_from_path /opt/stack/neutron/neutron/api/extensions.py:449}}
Feb 16 21:05:53.931697 np0000155696 devstack@neutron-api.service[103195]: DEBUG neutron_lib.callbacks.manager [None req-7d933272-673c-47ff-8d0c-af3786a694f2 None None] Subscribe: > port after_update 55550000, False {{(pid=103195) subscribe /opt/stack/data/venv/lib/python3.12/site-packages/neutron_lib/callbacks/manager.py:52}}
Feb 16 21:05:53.931805 np0000155696 devstack@neutron-api.service[103195]: DEBUG neutron_lib.callbacks.manager [None req-7d933272-673c-47ff-8d0c-af3786a694f2 None None] Subscribe: > port after_delete 55550000, False {{(pid=103195) subscribe /opt/stack/data/venv/lib/python3.12/site-packages/neutron_lib/callbacks/manager.py:52}}
Feb 16 21:05:53.931877 np0000155696 devstack@neutron-api.service[103194]: DEBUG neutron.api.extensions [None req-74731acc-1d80-4b5e-8659-0d9e6951857f None None] Ext name="Availability Zone Filter Extension" alias="availability_zone_filter" description="Add filter parameters to AvailabilityZone resource" updated="2018-06-22T10:00:00-00:00" {{(pid=103194) _check_extension /opt/stack/neutron/neutron/api/extensions.py:415}}
Feb 16 21:05:53.931910 np0000155696 devstack@neutron-api.service[103195]: DEBUG neutron_lib.callbacks.manager [None req-7d933272-673c-47ff-8d0c-af3786a694f2 None None] Subscribe: > subnet after_create 55550000, False {{(pid=103195) subscribe /opt/stack/data/venv/lib/python3.12/site-packages/neutron_lib/callbacks/manager.py:52}}
Feb 16 21:05:53.932043 np0000155696 devstack@neutron-api.service[103195]: DEBUG neutron_lib.callbacks.manager [None req-7d933272-673c-47ff-8d0c-af3786a694f2 None None] Subscribe: > subnet after_update 55550000, False {{(pid=103195) subscribe /opt/stack/data/venv/lib/python3.12/site-packages/neutron_lib/callbacks/manager.py:52}}
Feb 16 21:05:53.932092 np0000155696 devstack@neutron-api.service[103194]: INFO neutron.api.extensions [None req-74731acc-1d80-4b5e-8659-0d9e6951857f None None] Extension availability_zone_filter not supported by any of loaded plugins
Feb 16 21:05:53.932123 np0000155696 devstack@neutron-api.service[103196]: DEBUG neutron.api.extensions [None req-be039558-30f6-4400-9a92-c9714f6f4f0f None None] Ext name="L3 Conntrack helper" alias="l3-conntrack-helper" description="Allow adding CT target rules for conntrack helper" updated="2019-04-04T10:00:00-00:00" {{(pid=103196) _check_extension /opt/stack/neutron/neutron/api/extensions.py:415}}
Feb 16 21:05:53.932158 np0000155696 devstack@neutron-api.service[103195]: DEBUG neutron_lib.callbacks.manager [None req-7d933272-673c-47ff-8d0c-af3786a694f2 None None] Subscribe: > subnet after_delete 55550000, False {{(pid=103195) subscribe /opt/stack/data/venv/lib/python3.12/site-packages/neutron_lib/callbacks/manager.py:52}}
Feb 16 21:05:53.932281 np0000155696 devstack@neutron-api.service[103194]: DEBUG neutron.api.extensions [None req-74731acc-1d80-4b5e-8659-0d9e6951857f None None] Loading extension file: data_plane_status.py {{(pid=103194) _load_all_extensions_from_path /opt/stack/neutron/neutron/api/extensions.py:449}}
Feb 16 21:05:53.932316 np0000155696 devstack@neutron-api.service[103195]: DEBUG neutron_lib.callbacks.manager [None req-7d933272-673c-47ff-8d0c-af3786a694f2 None None] Subscribe: > network after_create 55550000, False {{(pid=103195) subscribe /opt/stack/data/venv/lib/python3.12/site-packages/neutron_lib/callbacks/manager.py:52}}
Feb 16 21:05:53.932377 np0000155696 devstack@neutron-api.service[103196]: INFO neutron.api.extensions [None req-be039558-30f6-4400-9a92-c9714f6f4f0f None None] Extension l3-conntrack-helper not supported by any of loaded plugins
Feb 16 21:05:53.932433 np0000155696 devstack@neutron-api.service[103195]: DEBUG neutron_lib.callbacks.manager [None req-7d933272-673c-47ff-8d0c-af3786a694f2 None None] Subscribe: > network after_update 55550000, False {{(pid=103195) subscribe /opt/stack/data/venv/lib/python3.12/site-packages/neutron_lib/callbacks/manager.py:52}}
