Jul 18 22:24:33.346704 np0000185852 devstack@g-api.service[114192]: DEBUG glance.image_cache.drivers.centralized_db [None req-12fba63f-555f-4f1f-b329-18c8c83f7b57 None None] Node reference is already recorded, ignoring it {{(pid=114192) configure /opt/stack/glance/glance/image_cache/drivers/centralized_db.py:71}}
Jul 18 22:24:33.348858 np0000185852 devstack@g-api.service[114191]: DEBUG glance.image_cache.drivers.centralized_db [None req-56dd9449-481c-448b-8f48-46ea7fd1c294 None None] Node reference is already recorded, ignoring it {{(pid=114191) configure /opt/stack/glance/glance/image_cache/drivers/centralized_db.py:71}}
Jul 18 22:24:33.351911 np0000185852 devstack@g-api.service[114192]: DEBUG glance.api.v2.cached_images [None req-12fba63f-555f-4f1f-b329-18c8c83f7b57 None None] Started cache worker thread {{(pid=114192) __init__ /opt/stack/glance/glance/api/v2/cached_images.py:71}}
Jul 18 22:24:33.352516 np0000185852 devstack@g-api.service[114192]: INFO glance.image_cache [None req-12fba63f-555f-4f1f-b329-18c8c83f7b57 None None] Image cache loaded driver 'centralized_db'.
Jul 18 22:24:33.355662 np0000185852 devstack@g-api.service[114191]: INFO glance.image_cache [None req-56dd9449-481c-448b-8f48-46ea7fd1c294 None None] Image cache loaded driver 'centralized_db'.
Jul 18 22:24:33.356788 np0000185852 devstack@g-api.service[114193]: INFO glance.image_cache [None req-2cc76e1d-edbf-45ff-99ce-b72a8b38060d None None] Image cache loaded driver 'centralized_db'.
Jul 18 22:24:33.357925 np0000185852 devstack@g-api.service[114194]: INFO glance.image_cache [None req-6c941845-910f-4128-9741-0749be089af5 None None] Image cache loaded driver 'centralized_db'.
Jul 18 22:24:33.361240 np0000185852 devstack@g-api.service[114192]: DEBUG glance.image_cache.drivers.centralized_db [None req-12fba63f-555f-4f1f-b329-18c8c83f7b57 None None] Node reference is already recorded, ignoring it {{(pid=114192) configure /opt/stack/glance/glance/image_cache/drivers/centralized_db.py:71}}
Jul 18 22:24:33.365331 np0000185852 devstack@g-api.service[114191]: DEBUG glance.image_cache.drivers.centralized_db [None req-56dd9449-481c-448b-8f48-46ea7fd1c294 None None] Node reference is already recorded, ignoring it {{(pid=114191) configure /opt/stack/glance/glance/image_cache/drivers/centralized_db.py:71}}
Jul 18 22:24:33.366134 np0000185852 devstack@g-api.service[114192]: INFO glance.api.middleware.cache_manage [None req-12fba63f-555f-4f1f-b329-18c8c83f7b57 None None] Initialized image cache management middleware
Jul 18 22:24:33.366254 np0000185852 devstack@g-api.service[114192]: INFO glance.image_cache [None req-12fba63f-555f-4f1f-b329-18c8c83f7b57 None None] Image cache loaded driver 'centralized_db'.
Jul 18 22:24:33.367006 np0000185852 devstack@g-api.service[114194]: DEBUG glance.image_cache.drivers.centralized_db [None req-6c941845-910f-4128-9741-0749be089af5 None None] Node reference is already recorded, ignoring it {{(pid=114194) configure /opt/stack/glance/glance/image_cache/drivers/centralized_db.py:71}}
Jul 18 22:24:33.367079 np0000185852 devstack@g-api.service[114193]: DEBUG glance.image_cache.drivers.centralized_db [None req-2cc76e1d-edbf-45ff-99ce-b72a8b38060d None None] Node reference is already recorded, ignoring it {{(pid=114193) configure /opt/stack/glance/glance/image_cache/drivers/centralized_db.py:71}}
Jul 18 22:24:33.372022 np0000185852 devstack@g-api.service[114191]: DEBUG glance.api.v2.cached_images [None req-56dd9449-481c-448b-8f48-46ea7fd1c294 None None] Started cache worker thread {{(pid=114191) __init__ /opt/stack/glance/glance/api/v2/cached_images.py:71}}
Jul 18 22:24:33.372451 np0000185852 devstack@g-api.service[114194]: DEBUG glance.api.v2.cached_images [None req-6c941845-910f-4128-9741-0749be089af5 None None] Started cache worker thread {{(pid=114194) __init__ /opt/stack/glance/glance/api/v2/cached_images.py:71}}
Jul 18 22:24:33.372988 np0000185852 devstack@g-api.service[114191]: INFO glance.image_cache [None req-56dd9449-481c-448b-8f48-46ea7fd1c294 None None] Image cache loaded driver 'centralized_db'.
Jul 18 22:24:33.373404 np0000185852 devstack@g-api.service[114194]: INFO glance.image_cache [None req-6c941845-910f-4128-9741-0749be089af5 None None] Image cache loaded driver 'centralized_db'.
Jul 18 22:24:33.374111 np0000185852 devstack@g-api.service[114193]: DEBUG glance.api.v2.cached_images [None req-2cc76e1d-edbf-45ff-99ce-b72a8b38060d None None] Started cache worker thread {{(pid=114193) __init__ /opt/stack/glance/glance/api/v2/cached_images.py:71}}
Jul 18 22:24:33.374670 np0000185852 devstack@g-api.service[114192]: DEBUG glance.image_cache.drivers.centralized_db [None req-12fba63f-555f-4f1f-b329-18c8c83f7b57 None None] Node reference is already recorded, ignoring it {{(pid=114192) configure /opt/stack/glance/glance/image_cache/drivers/centralized_db.py:71}}
Jul 18 22:24:33.374990 np0000185852 devstack@g-api.service[114193]: INFO glance.image_cache [None req-2cc76e1d-edbf-45ff-99ce-b72a8b38060d None None] Image cache loaded driver 'centralized_db'.
Jul 18 22:24:33.378780 np0000185852 devstack@g-api.service[114192]: INFO glance.api.middleware.cache [None req-12fba63f-555f-4f1f-b329-18c8c83f7b57 None None] Initialized image cache middleware
Jul 18 22:24:33.383392 np0000185852 devstack@g-api.service[114191]: DEBUG glance.image_cache.drivers.centralized_db [None req-56dd9449-481c-448b-8f48-46ea7fd1c294 None None] Node reference is already recorded, ignoring it {{(pid=114191) configure /opt/stack/glance/glance/image_cache/drivers/centralized_db.py:71}}
Jul 18 22:24:33.383527 np0000185852 devstack@g-api.service[114194]: DEBUG glance.image_cache.drivers.centralized_db [None req-6c941845-910f-4128-9741-0749be089af5 None None] Node reference is already recorded, ignoring it {{(pid=114194) configure /opt/stack/glance/glance/image_cache/drivers/centralized_db.py:71}}
Jul 18 22:24:33.383625 np0000185852 devstack@g-api.service[114193]: DEBUG glance.image_cache.drivers.centralized_db [None req-2cc76e1d-edbf-45ff-99ce-b72a8b38060d None None] Node reference is already recorded, ignoring it {{(pid=114193) configure /opt/stack/glance/glance/image_cache/drivers/centralized_db.py:71}}
Jul 18 22:24:33.388360 np0000185852 devstack@g-api.service[114194]: INFO glance.api.middleware.cache_manage [None req-6c941845-910f-4128-9741-0749be089af5 None None] Initialized image cache management middleware
Jul 18 22:24:33.388596 np0000185852 devstack@g-api.service[114194]: INFO glance.image_cache [None req-6c941845-910f-4128-9741-0749be089af5 None None] Image cache loaded driver 'centralized_db'.
Jul 18 22:24:33.390041 np0000185852 devstack@g-api.service[114191]: INFO glance.api.middleware.cache_manage [None req-56dd9449-481c-448b-8f48-46ea7fd1c294 None None] Initialized image cache management middleware
Jul 18 22:24:33.390111 np0000185852 devstack@g-api.service[114193]: INFO glance.api.middleware.cache_manage [None req-2cc76e1d-edbf-45ff-99ce-b72a8b38060d None None] Initialized image cache management middleware
Jul 18 22:24:33.390149 np0000185852 devstack@g-api.service[114191]: INFO glance.image_cache [None req-56dd9449-481c-448b-8f48-46ea7fd1c294 None None] Image cache loaded driver 'centralized_db'.
Jul 18 22:24:33.390182 np0000185852 devstack@g-api.service[114193]: INFO glance.image_cache [None req-2cc76e1d-edbf-45ff-99ce-b72a8b38060d None None] Image cache loaded driver 'centralized_db'.
Jul 18 22:24:33.390430 np0000185852 devstack@g-api.service[114192]: DEBUG glance.common.config [None req-12fba63f-555f-4f1f-b329-18c8c83f7b57 None None] ******************************************************************************** {{(pid=114192) log_opt_values /opt/stack/data/venv/lib/python3.12/site-packages/oslo_config/cfg.py:3226}}
Jul 18 22:24:33.390430 np0000185852 devstack@g-api.service[114192]: DEBUG glance.common.config [None req-12fba63f-555f-4f1f-b329-18c8c83f7b57 None None] Configuration options gathered from: {{(pid=114192) log_opt_values /opt/stack/data/venv/lib/python3.12/site-packages/oslo_config/cfg.py:3227}}
Jul 18 22:24:33.390707 np0000185852 devstack@g-api.service[114192]: DEBUG glance.common.config [None req-12fba63f-555f-4f1f-b329-18c8c83f7b57 None None] command line args: [] {{(pid=114192) log_opt_values /opt/stack/data/venv/lib/python3.12/site-packages/oslo_config/cfg.py:3228}}
Jul 18 22:24:33.390707 np0000185852 devstack@g-api.service[114192]: DEBUG glance.common.config [None req-12fba63f-555f-4f1f-b329-18c8c83f7b57 None None] config files: ['/etc/glance/glance-image-import.conf', '/etc/glance/glance-api.conf'] {{(pid=114192) log_opt_values /opt/stack/data/venv/lib/python3.12/site-packages/oslo_config/cfg.py:3229}}
Jul 18 22:24:33.390810 np0000185852 devstack@g-api.service[114192]: DEBUG glance.common.config [None req-12fba63f-555f-4f1f-b329-18c8c83f7b57 None None] ================================================================================ {{(pid=114192) log_opt_values /opt/stack/data/venv/lib/python3.12/site-packages/oslo_config/cfg.py:3234}}
Jul 18 22:24:33.391161 np0000185852 devstack@g-api.service[114192]: DEBUG glance.common.config [None req-12fba63f-555f-4f1f-b329-18c8c83f7b57 None None] allow_anonymous_access = False {{(pid=114192) log_opt_values /opt/stack/data/venv/lib/python3.12/site-packages/oslo_config/cfg.py:3242}}
Jul 18 22:24:33.391161 np0000185852 devstack@g-api.service[114192]: DEBUG glance.common.config [None req-12fba63f-555f-4f1f-b329-18c8c83f7b57 None None] api_limit_max = 1000 {{(pid=114192) log_opt_values /opt/stack/data/venv/lib/python3.12/site-packages/oslo_config/cfg.py:3242}}
Jul 18 22:24:33.391161 np0000185852 devstack@g-api.service[114192]: DEBUG glance.common.config [None req-12fba63f-555f-4f1f-b329-18c8c83f7b57 None None] config_dir = [] {{(pid=114192) log_opt_values /opt/stack/data/venv/lib/python3.12/site-packages/oslo_config/cfg.py:3242}}
Jul 18 22:24:33.391161 np0000185852 devstack@g-api.service[114192]: DEBUG glance.common.config [None req-12fba63f-555f-4f1f-b329-18c8c83f7b57 None None] config_file = ['/etc/glance/glance-image-import.conf', '/etc/glance/glance-api.conf'] {{(pid=114192) log_opt_values /opt/stack/data/venv/lib/python3.12/site-packages/oslo_config/cfg.py:3242}}
Jul 18 22:24:33.391340 np0000185852 devstack@g-api.service[114192]: DEBUG glance.common.config [None req-12fba63f-555f-4f1f-b329-18c8c83f7b57 None None] config_source = [] {{(pid=114192) log_opt_values /opt/stack/data/venv/lib/python3.12/site-packages/oslo_config/cfg.py:3242}}
Jul 18 22:24:33.391383 np0000185852 devstack@g-api.service[114192]: DEBUG glance.common.config [None req-12fba63f-555f-4f1f-b329-18c8c83f7b57 None None] control_exchange = glance {{(pid=114192) log_opt_values /opt/stack/data/venv/lib/python3.12/site-packages/oslo_config/cfg.py:3242}}
Jul 18 22:24:33.391533 np0000185852 devstack@g-api.service[114192]: DEBUG glance.common.config [None req-12fba63f-555f-4f1f-b329-18c8c83f7b57 None None] debug = True {{(pid=114192) log_opt_values /opt/stack/data/venv/lib/python3.12/site-packages/oslo_config/cfg.py:3242}}
Jul 18 22:24:33.391621 np0000185852 devstack@g-api.service[114192]: DEBUG glance.common.config [None req-12fba63f-555f-4f1f-b329-18c8c83f7b57 None None] default_log_levels = ['amqp=WARN', 'boto=WARN', 'sqlalchemy=WARN', 'suds=INFO', 'oslo.messaging=INFO', 'oslo_messaging=INFO', 'iso8601=WARN', 'requests.packages.urllib3.connectionpool=WARN', 'urllib3.connectionpool=WARN', 'websocket=WARN', 'requests.packages.urllib3.util.retry=WARN', 'urllib3.util.retry=WARN', 'keystonemiddleware=WARN', 'routes.middleware=WARN', 'stevedore=WARN', 'taskflow=WARN', 'keystoneauth=WARN', 'oslo.cache=INFO', 'oslo_policy=INFO', 'dogpile.core.dogpile=INFO'] {{(pid=114192) log_opt_values /opt/stack/data/venv/lib/python3.12/site-packages/oslo_config/cfg.py:3242}}
Jul 18 22:24:33.392626 np0000185852 devstack@g-api.service[114192]: DEBUG glance.common.config [None req-12fba63f-555f-4f1f-b329-18c8c83f7b57 None None] default_publisher_id = image.localhost {{(pid=114192) log_opt_values /opt/stack/data/venv/lib/python3.12/site-packages/oslo_config/cfg.py:3242}}
Jul 18 22:24:33.392626 np0000185852 devstack@g-api.service[114192]: DEBUG glance.common.config [None req-12fba63f-555f-4f1f-b329-18c8c83f7b57 None None] delayed_delete = False {{(pid=114192) log_opt_values /opt/stack/data/venv/lib/python3.12/site-packages/oslo_config/cfg.py:3242}}
Jul 18 22:24:33.392626 np0000185852 devstack@g-api.service[114192]: DEBUG glance.common.config [None req-12fba63f-555f-4f1f-b329-18c8c83f7b57 None None] digest_algorithm = sha256 {{(pid=114192) log_opt_values /opt/stack/data/venv/lib/python3.12/site-packages/oslo_config/cfg.py:3242}}
Jul 18 22:24:33.392626 np0000185852 devstack@g-api.service[114192]: DEBUG glance.common.config [None req-12fba63f-555f-4f1f-b329-18c8c83f7b57 None None] disabled_notifications = [] {{(pid=114192) log_opt_values /opt/stack/data/venv/lib/python3.12/site-packages/oslo_config/cfg.py:3242}}
Jul 18 22:24:33.392626 np0000185852 devstack@g-api.service[114192]: DEBUG glance.common.config [None req-12fba63f-555f-4f1f-b329-18c8c83f7b57 None None] do_secure_hash = True {{(pid=114192) log_opt_values /opt/stack/data/venv/lib/python3.12/site-packages/oslo_config/cfg.py:3242}}
Jul 18 22:24:33.392626 np0000185852 devstack@g-api.service[114192]: DEBUG glance.common.config [None req-12fba63f-555f-4f1f-b329-18c8c83f7b57 None None] enabled_backends = None {{(pid=114192) log_opt_values /opt/stack/data/venv/lib/python3.12/site-packages/oslo_config/cfg.py:3242}}
Jul 18 22:24:33.392626 np0000185852 devstack@g-api.service[114192]: DEBUG glance.common.config [None req-12fba63f-555f-4f1f-b329-18c8c83f7b57 None None] enabled_import_methods = ['glance-direct', 'web-download', 'copy-image'] {{(pid=114192) log_opt_values /opt/stack/data/venv/lib/python3.12/site-packages/oslo_config/cfg.py:3242}}
Jul 18 22:24:33.392944 np0000185852 devstack@g-api.service[114192]: DEBUG glance.common.config [None req-12fba63f-555f-4f1f-b329-18c8c83f7b57 None None] hashing_algorithm = sha512 {{(pid=114192) log_opt_values /opt/stack/data/venv/lib/python3.12/site-packages/oslo_config/cfg.py:3242}}
Jul 18 22:24:33.392944 np0000185852 devstack@g-api.service[114192]: DEBUG glance.common.config [None req-12fba63f-555f-4f1f-b329-18c8c83f7b57 None None] http_retries = 3 {{(pid=114192) log_opt_values /opt/stack/data/venv/lib/python3.12/site-packages/oslo_config/cfg.py:3242}}
Jul 18 22:24:33.392944 np0000185852 devstack@g-api.service[114192]: DEBUG glance.common.config [None req-12fba63f-555f-4f1f-b329-18c8c83f7b57 None None] image_cache_dir = /opt/stack/data/glance/cache/ {{(pid=114192) log_opt_values /opt/stack/data/venv/lib/python3.12/site-packages/oslo_config/cfg.py:3242}}
Jul 18 22:24:33.392944 np0000185852 devstack@g-api.service[114192]: DEBUG glance.common.config [None req-12fba63f-555f-4f1f-b329-18c8c83f7b57 None None] image_cache_driver = centralized_db {{(pid=114192) log_opt_values /opt/stack/data/venv/lib/python3.12/site-packages/oslo_config/cfg.py:3242}}
Jul 18 22:24:33.392944 np0000185852 devstack@g-api.service[114192]: DEBUG glance.common.config [None req-12fba63f-555f-4f1f-b329-18c8c83f7b57 None None] image_cache_max_size = 10737418240 {{(pid=114192) log_opt_values /opt/stack/data/venv/lib/python3.12/site-packages/oslo_config/cfg.py:3242}}
Jul 18 22:24:33.392944 np0000185852 devstack@g-api.service[114192]: DEBUG glance.common.config [None req-12fba63f-555f-4f1f-b329-18c8c83f7b57 None None] image_cache_sqlite_db = cache.db {{(pid=114192) log_opt_values /opt/stack/data/venv/lib/python3.12/site-packages/oslo_config/cfg.py:3242}}
Jul 18 22:24:33.393164 np0000185852 devstack@g-api.service[114192]: DEBUG glance.common.config [None req-12fba63f-555f-4f1f-b329-18c8c83f7b57 None None] image_cache_stall_time = 86400 {{(pid=114192) log_opt_values /opt/stack/data/venv/lib/python3.12/site-packages/oslo_config/cfg.py:3242}}
Jul 18 22:24:33.393164 np0000185852 devstack@g-api.service[114192]: DEBUG glance.common.config [None req-12fba63f-555f-4f1f-b329-18c8c83f7b57 None None] image_location_quota = 10 {{(pid=114192) log_opt_values /opt/stack/data/venv/lib/python3.12/site-packages/oslo_config/cfg.py:3242}}
Jul 18 22:24:33.393251 np0000185852 devstack@g-api.service[114192]: DEBUG glance.common.config [None req-12fba63f-555f-4f1f-b329-18c8c83f7b57 None None] image_member_quota = 128 {{(pid=114192) log_opt_values /opt/stack/data/venv/lib/python3.12/site-packages/oslo_config/cfg.py:3242}}
Jul 18 22:24:33.393305 np0000185852 devstack@g-api.service[114192]: DEBUG glance.common.config [None req-12fba63f-555f-4f1f-b329-18c8c83f7b57 None None] image_property_quota = 128 {{(pid=114192) log_opt_values /opt/stack/data/venv/lib/python3.12/site-packages/oslo_config/cfg.py:3242}}
Jul 18 22:24:33.393391 np0000185852 devstack@g-api.service[114192]: DEBUG glance.common.config [None req-12fba63f-555f-4f1f-b329-18c8c83f7b57 None None] image_size_cap = 1099511627776 {{(pid=114192) log_opt_values /opt/stack/data/venv/lib/python3.12/site-packages/oslo_config/cfg.py:3242}}
Jul 18 22:24:33.393485 np0000185852 devstack@g-api.service[114192]: DEBUG glance.common.config [None req-12fba63f-555f-4f1f-b329-18c8c83f7b57 None None] image_tag_quota = 128 {{(pid=114192) log_opt_values /opt/stack/data/venv/lib/python3.12/site-packages/oslo_config/cfg.py:3242}}
Jul 18 22:24:33.393608 np0000185852 devstack@g-api.service[114192]: DEBUG glance.common.config [None req-12fba63f-555f-4f1f-b329-18c8c83f7b57 None None] instance_format = [instance: %(uuid)s] {{(pid=114192) log_opt_values /opt/stack/data/venv/lib/python3.12/site-packages/oslo_config/cfg.py:3242}}
Jul 18 22:24:33.393673 np0000185852 devstack@g-api.service[114192]: DEBUG glance.common.config [None req-12fba63f-555f-4f1f-b329-18c8c83f7b57 None None] instance_uuid_format = [instance: %(uuid)s] {{(pid=114192) log_opt_values /opt/stack/data/venv/lib/python3.12/site-packages/oslo_config/cfg.py:3242}}
Jul 18 22:24:33.393780 np0000185852 devstack@g-api.service[114192]: DEBUG glance.common.config [None req-12fba63f-555f-4f1f-b329-18c8c83f7b57 None None] limit_param_default = 25 {{(pid=114192) log_opt_values /opt/stack/data/venv/lib/python3.12/site-packages/oslo_config/cfg.py:3242}}
Jul 18 22:24:33.393907 np0000185852 devstack@g-api.service[114192]: DEBUG glance.common.config [None req-12fba63f-555f-4f1f-b329-18c8c83f7b57 None None] log_color = False {{(pid=114192) log_opt_values /opt/stack/data/venv/lib/python3.12/site-packages/oslo_config/cfg.py:3242}}
Jul 18 22:24:33.394000 np0000185852 devstack@g-api.service[114192]: DEBUG glance.common.config [None req-12fba63f-555f-4f1f-b329-18c8c83f7b57 None None] log_config_append = None {{(pid=114192) log_opt_values /opt/stack/data/venv/lib/python3.12/site-packages/oslo_config/cfg.py:3242}}
Jul 18 22:24:33.394107 np0000185852 devstack@g-api.service[114192]: DEBUG glance.common.config [None req-12fba63f-555f-4f1f-b329-18c8c83f7b57 None None] log_date_format = %Y-%m-%d %H:%M:%S {{(pid=114192) log_opt_values /opt/stack/data/venv/lib/python3.12/site-packages/oslo_config/cfg.py:3242}}
Jul 18 22:24:33.394205 np0000185852 devstack@g-api.service[114192]: DEBUG glance.common.config [None req-12fba63f-555f-4f1f-b329-18c8c83f7b57 None None] log_dir = None {{(pid=114192) log_opt_values /opt/stack/data/venv/lib/python3.12/site-packages/oslo_config/cfg.py:3242}}
Jul 18 22:24:33.394450 np0000185852 devstack@g-api.service[114192]: DEBUG glance.common.config [None req-12fba63f-555f-4f1f-b329-18c8c83f7b57 None None] log_file = None {{(pid=114192) log_opt_values /opt/stack/data/venv/lib/python3.12/site-packages/oslo_config/cfg.py:3242}}
Jul 18 22:24:33.394450 np0000185852 devstack@g-api.service[114192]: DEBUG glance.common.config [None req-12fba63f-555f-4f1f-b329-18c8c83f7b57 None None] log_rotate_interval = 1 {{(pid=114192) log_opt_values /opt/stack/data/venv/lib/python3.12/site-packages/oslo_config/cfg.py:3242}}
Jul 18 22:24:33.394542 np0000185852 devstack@g-api.service[114192]: DEBUG glance.common.config [None req-12fba63f-555f-4f1f-b329-18c8c83f7b57 None None] log_rotate_interval_type = days {{(pid=114192) log_opt_values /opt/stack/data/venv/lib/python3.12/site-packages/oslo_config/cfg.py:3242}}
Jul 18 22:24:33.394583 np0000185852 devstack@g-api.service[114192]: DEBUG glance.common.config [None req-12fba63f-555f-4f1f-b329-18c8c83f7b57 None None] log_rotation_type = none {{(pid=114192) log_opt_values /opt/stack/data/venv/lib/python3.12/site-packages/oslo_config/cfg.py:3242}}
Jul 18 22:24:33.394796 np0000185852 devstack@g-api.service[114192]: DEBUG glance.common.config [None req-12fba63f-555f-4f1f-b329-18c8c83f7b57 None None] logging_context_format_string = %(color)s%(levelname)s %(name)s [%(global_request_id)s %(request_id)s %(project_name)s %(user_name)s%(color)s] %(instance)s%(color)s%(message)s {{(pid=114192) log_opt_values /opt/stack/data/venv/lib/python3.12/site-packages/oslo_config/cfg.py:3242}}
Jul 18 22:24:33.394796 np0000185852 devstack@g-api.service[114192]: DEBUG glance.common.config [None req-12fba63f-555f-4f1f-b329-18c8c83f7b57 None None] logging_debug_format_suffix = {{(pid=%(process)d) %(funcName)s %(pathname)s:%(lineno)d}} {{(pid=114192) log_opt_values /opt/stack/data/venv/lib/python3.12/site-packages/oslo_config/cfg.py:3242}}
Jul 18 22:24:33.394938 np0000185852 devstack@g-api.service[114192]: DEBUG glance.common.config [None req-12fba63f-555f-4f1f-b329-18c8c83f7b57 None None] logging_default_format_string = %(color)s%(levelname)s %(name)s [-%(color)s] %(instance)s%(color)s%(message)s {{(pid=114192) log_opt_values /opt/stack/data/venv/lib/python3.12/site-packages/oslo_config/cfg.py:3242}}
Jul 18 22:24:33.394938 np0000185852 devstack@g-api.service[114192]: DEBUG glance.common.config [None req-12fba63f-555f-4f1f-b329-18c8c83f7b57 None None] logging_exception_prefix = ERROR %(name)s %(instance)s {{(pid=114192) log_opt_values /opt/stack/data/venv/lib/python3.12/site-packages/oslo_config/cfg.py:3242}}
Jul 18 22:24:33.395016 np0000185852 devstack@g-api.service[114192]: DEBUG glance.common.config [None req-12fba63f-555f-4f1f-b329-18c8c83f7b57 None None] logging_user_identity_format = %(user)s %(project)s %(domain)s %(system_scope)s %(user_domain)s %(project_domain)s {{(pid=114192) log_opt_values /opt/stack/data/venv/lib/python3.12/site-packages/oslo_config/cfg.py:3242}}
Jul 18 22:24:33.395112 np0000185852 devstack@g-api.service[114192]: DEBUG glance.common.config [None req-12fba63f-555f-4f1f-b329-18c8c83f7b57 None None] max_logfile_count = 30 {{(pid=114192) log_opt_values /opt/stack/data/venv/lib/python3.12/site-packages/oslo_config/cfg.py:3242}}
Jul 18 22:24:33.395199 np0000185852 devstack@g-api.service[114192]: DEBUG glance.common.config [None req-12fba63f-555f-4f1f-b329-18c8c83f7b57 None None] max_logfile_size_mb = 200 {{(pid=114192) log_opt_values /opt/stack/data/venv/lib/python3.12/site-packages/oslo_config/cfg.py:3242}}
Jul 18 22:24:33.395301 np0000185852 devstack@g-api.service[114192]: DEBUG glance.common.config [None req-12fba63f-555f-4f1f-b329-18c8c83f7b57 None None] max_request_id_length = 64 {{(pid=114192) log_opt_values /opt/stack/data/venv/lib/python3.12/site-packages/oslo_config/cfg.py:3242}}
Jul 18 22:24:33.395421 np0000185852 devstack@g-api.service[114192]: DEBUG glance.common.config [None req-12fba63f-555f-4f1f-b329-18c8c83f7b57 None None] metadata_encryption_key = **** {{(pid=114192) log_opt_values /opt/stack/data/venv/lib/python3.12/site-packages/oslo_config/cfg.py:3242}}
Jul 18 22:24:33.395483 np0000185852 devstack@g-api.service[114192]: DEBUG glance.common.config [None req-12fba63f-555f-4f1f-b329-18c8c83f7b57 None None] node_staging_uri = file:///tmp/staging/ {{(pid=114192) log_opt_values /opt/stack/data/venv/lib/python3.12/site-packages/oslo_config/cfg.py:3242}}
Jul 18 22:24:33.395590 np0000185852 devstack@g-api.service[114192]: DEBUG glance.common.config [None req-12fba63f-555f-4f1f-b329-18c8c83f7b57 None None] property_protection_file = None {{(pid=114192) log_opt_values /opt/stack/data/venv/lib/python3.12/site-packages/oslo_config/cfg.py:3242}}
Jul 18 22:24:33.395684 np0000185852 devstack@g-api.service[114192]: DEBUG glance.common.config [None req-12fba63f-555f-4f1f-b329-18c8c83f7b57 None None] property_protection_rule_format = roles {{(pid=114192) log_opt_values /opt/stack/data/venv/lib/python3.12/site-packages/oslo_config/cfg.py:3242}}
Jul 18 22:24:33.395794 np0000185852 devstack@g-api.service[114192]: DEBUG glance.common.config [None req-12fba63f-555f-4f1f-b329-18c8c83f7b57 None None] public_endpoint = https://199.204.45.4/image {{(pid=114192) log_opt_values /opt/stack/data/venv/lib/python3.12/site-packages/oslo_config/cfg.py:3242}}
Jul 18 22:24:33.395911 np0000185852 devstack@g-api.service[114192]: DEBUG glance.common.config [None req-12fba63f-555f-4f1f-b329-18c8c83f7b57 None None] publish_errors = False {{(pid=114192) log_opt_values /opt/stack/data/venv/lib/python3.12/site-packages/oslo_config/cfg.py:3242}}
Jul 18 22:24:33.396021 np0000185852 devstack@g-api.service[114192]: DEBUG glance.common.config [None req-12fba63f-555f-4f1f-b329-18c8c83f7b57 None None] pydev_worker_debug_host = None {{(pid=114192) log_opt_values /opt/stack/data/venv/lib/python3.12/site-packages/oslo_config/cfg.py:3242}}
Jul 18 22:24:33.396123 np0000185852 devstack@g-api.service[114192]: DEBUG glance.common.config [None req-12fba63f-555f-4f1f-b329-18c8c83f7b57 None None] pydev_worker_debug_port = 5678 {{(pid=114192) log_opt_values /opt/stack/data/venv/lib/python3.12/site-packages/oslo_config/cfg.py:3242}}
Jul 18 22:24:33.396222 np0000185852 devstack@g-api.service[114192]: DEBUG glance.common.config [None req-12fba63f-555f-4f1f-b329-18c8c83f7b57 None None] rate_limit_burst = 0 {{(pid=114192) log_opt_values /opt/stack/data/venv/lib/python3.12/site-packages/oslo_config/cfg.py:3242}}
Jul 18 22:24:33.396418 np0000185852 devstack@g-api.service[114192]: DEBUG glance.common.config [None req-12fba63f-555f-4f1f-b329-18c8c83f7b57 None None] rate_limit_except_level = CRITICAL {{(pid=114192) log_opt_values /opt/stack/data/venv/lib/python3.12/site-packages/oslo_config/cfg.py:3242}}
Jul 18 22:24:33.396418 np0000185852 devstack@g-api.service[114192]: DEBUG glance.common.config [None req-12fba63f-555f-4f1f-b329-18c8c83f7b57 None None] rate_limit_interval = 0 {{(pid=114192) log_opt_values /opt/stack/data/venv/lib/python3.12/site-packages/oslo_config/cfg.py:3242}}
Jul 18 22:24:33.396509 np0000185852 devstack@g-api.service[114192]: DEBUG glance.common.config [None req-12fba63f-555f-4f1f-b329-18c8c83f7b57 None None] scrub_pool_size = 1 {{(pid=114192) log_opt_values /opt/stack/data/venv/lib/python3.12/site-packages/oslo_config/cfg.py:3242}}
Jul 18 22:24:33.396725 np0000185852 devstack@g-api.service[114192]: DEBUG glance.common.config [None req-12fba63f-555f-4f1f-b329-18c8c83f7b57 None None] scrub_time = 0 {{(pid=114192) log_opt_values /opt/stack/data/venv/lib/python3.12/site-packages/oslo_config/cfg.py:3242}}
Jul 18 22:24:33.396793 np0000185852 devstack@g-api.service[114192]: DEBUG glance.common.config [None req-12fba63f-555f-4f1f-b329-18c8c83f7b57 None None] shell_completion = None {{(pid=114192) log_opt_values /opt/stack/data/venv/lib/python3.12/site-packages/oslo_config/cfg.py:3242}}
Jul 18 22:24:33.396873 np0000185852 devstack@g-api.service[114192]: DEBUG glance.common.config [None req-12fba63f-555f-4f1f-b329-18c8c83f7b57 None None] show_image_direct_url = False {{(pid=114192) log_opt_values /opt/stack/data/venv/lib/python3.12/site-packages/oslo_config/cfg.py:3242}}
Jul 18 22:24:33.397490 np0000185852 devstack@g-api.service[114192]: WARNING oslo_config.cfg [None req-12fba63f-555f-4f1f-b329-18c8c83f7b57 None None] Deprecated: Option "show_multiple_locations" from group "DEFAULT" is deprecated for removal (Use of this option, deprecated since Newton, is a security risk and will be removed once we figure out a way to satisfy those use cases that currently require it. An earlier announcement that the same functionality can be achieved with greater granularity by using policies is incorrect. You cannot work around this option via policy configuration at the present time, though that is the direction we believe the fix will take. Please keep an eye on the Glance release notes to stay up to date on progress in addressing this issue.). Its value may be silently ignored in the future.
Jul 18 22:24:33.397490 np0000185852 devstack@g-api.service[114192]: DEBUG glance.common.config [None req-12fba63f-555f-4f1f-b329-18c8c83f7b57 None None] show_multiple_locations = False {{(pid=114192) log_opt_values /opt/stack/data/venv/lib/python3.12/site-packages/oslo_config/cfg.py:3242}}
Jul 18 22:24:33.397490 np0000185852 devstack@g-api.service[114192]: DEBUG glance.common.config [None req-12fba63f-555f-4f1f-b329-18c8c83f7b57 None None] syslog_log_facility = LOG_USER {{(pid=114192) log_opt_values /opt/stack/data/venv/lib/python3.12/site-packages/oslo_config/cfg.py:3242}}
Jul 18 22:24:33.397490 np0000185852 devstack@g-api.service[114192]: DEBUG glance.common.config [None req-12fba63f-555f-4f1f-b329-18c8c83f7b57 None None] transport_url = **** {{(pid=114192) log_opt_values /opt/stack/data/venv/lib/python3.12/site-packages/oslo_config/cfg.py:3242}}
Jul 18 22:24:33.397490 np0000185852 devstack@g-api.service[114192]: DEBUG glance.common.config [None req-12fba63f-555f-4f1f-b329-18c8c83f7b57 None None] use_journal = False {{(pid=114192) log_opt_values /opt/stack/data/venv/lib/python3.12/site-packages/oslo_config/cfg.py:3242}}
Jul 18 22:24:33.397660 np0000185852 devstack@g-api.service[114192]: DEBUG glance.common.config [None req-12fba63f-555f-4f1f-b329-18c8c83f7b57 None None] use_json = False {{(pid=114192) log_opt_values /opt/stack/data/venv/lib/python3.12/site-packages/oslo_config/cfg.py:3242}}
Jul 18 22:24:33.397739 np0000185852 devstack@g-api.service[114192]: DEBUG glance.common.config [None req-12fba63f-555f-4f1f-b329-18c8c83f7b57 None None] use_keystone_limits = True {{(pid=114192) log_opt_values /opt/stack/data/venv/lib/python3.12/site-packages/oslo_config/cfg.py:3242}}
Jul 18 22:24:33.397841 np0000185852 devstack@g-api.service[114192]: DEBUG glance.common.config [None req-12fba63f-555f-4f1f-b329-18c8c83f7b57 None None] use_stderr = False {{(pid=114192) log_opt_values /opt/stack/data/venv/lib/python3.12/site-packages/oslo_config/cfg.py:3242}}
Jul 18 22:24:33.397960 np0000185852 devstack@g-api.service[114192]: DEBUG glance.common.config [None req-12fba63f-555f-4f1f-b329-18c8c83f7b57 None None] use_syslog = False {{(pid=114192) log_opt_values /opt/stack/data/venv/lib/python3.12/site-packages/oslo_config/cfg.py:3242}}
Jul 18 22:24:33.398068 np0000185852 devstack@g-api.service[114192]: DEBUG glance.common.config [None req-12fba63f-555f-4f1f-b329-18c8c83f7b57 None None] user_storage_quota = 0 {{(pid=114192) log_opt_values /opt/stack/data/venv/lib/python3.12/site-packages/oslo_config/cfg.py:3242}}
Jul 18 22:24:33.398168 np0000185852 devstack@g-api.service[114192]: DEBUG glance.common.config [None req-12fba63f-555f-4f1f-b329-18c8c83f7b57 None None] worker_self_reference_url = http://127.0.0.1:60999 {{(pid=114192) log_opt_values /opt/stack/data/venv/lib/python3.12/site-packages/oslo_config/cfg.py:3242}}
Jul 18 22:24:33.398278 np0000185852 devstack@g-api.service[114192]: DEBUG glance.common.config [None req-12fba63f-555f-4f1f-b329-18c8c83f7b57 None None] oslo_concurrency.disable_process_locking = False {{(pid=114192) log_opt_values /opt/stack/data/venv/lib/python3.12/site-packages/oslo_config/cfg.py:3253}}
Jul 18 22:24:33.398381 np0000185852 devstack@g-api.service[114192]: DEBUG glance.common.config [None req-12fba63f-555f-4f1f-b329-18c8c83f7b57 None None] oslo_concurrency.lock_path = /opt/stack/data/glance/locks {{(pid=114192) log_opt_values /opt/stack/data/venv/lib/python3.12/site-packages/oslo_config/cfg.py:3253}}
Jul 18 22:24:33.398494 np0000185852 devstack@g-api.service[114192]: DEBUG glance.common.config [None req-12fba63f-555f-4f1f-b329-18c8c83f7b57 None None] oslo_middleware.enable_proxy_headers_parsing = False {{(pid=114192) log_opt_values /opt/stack/data/venv/lib/python3.12/site-packages/oslo_config/cfg.py:3253}}
Jul 18 22:24:33.398850 np0000185852 devstack@g-api.service[114192]: DEBUG glance.common.config [None req-12fba63f-555f-4f1f-b329-18c8c83f7b57 None None] oslo_middleware.http_basic_auth_user_file = /etc/htpasswd {{(pid=114192) log_opt_values /opt/stack/data/venv/lib/python3.12/site-packages/oslo_config/cfg.py:3253}}
Jul 18 22:24:33.398935 np0000185852 devstack@g-api.service[114194]: DEBUG glance.image_cache.drivers.centralized_db [None req-6c941845-910f-4128-9741-0749be089af5 None None] Node reference is already recorded, ignoring it {{(pid=114194) configure /opt/stack/glance/glance/image_cache/drivers/centralized_db.py:71}}
Jul 18 22:24:33.398971 np0000185852 devstack@g-api.service[114192]: DEBUG glance.common.config [None req-12fba63f-555f-4f1f-b329-18c8c83f7b57 None None] paste_deploy.config_file = None {{(pid=114192) log_opt_values /opt/stack/data/venv/lib/python3.12/site-packages/oslo_config/cfg.py:3253}}
Jul 18 22:24:33.398971 np0000185852 devstack@g-api.service[114192]: DEBUG glance.common.config [None req-12fba63f-555f-4f1f-b329-18c8c83f7b57 None None] paste_deploy.flavor = keystone+cachemanagement {{(pid=114192) log_opt_values /opt/stack/data/venv/lib/python3.12/site-packages/oslo_config/cfg.py:3253}}
Jul 18 22:24:33.398971 np0000185852 devstack@g-api.service[114192]: DEBUG glance.common.config [None req-12fba63f-555f-4f1f-b329-18c8c83f7b57 None None] image_format.container_formats = ['ami', 'ari', 'aki', 'bare', 'ovf', 'ova', 'docker', 'compressed'] {{(pid=114192) log_opt_values /opt/stack/data/venv/lib/python3.12/site-packages/oslo_config/cfg.py:3253}}
Jul 18 22:24:33.399086 np0000185852 devstack@g-api.service[114192]: DEBUG glance.common.config [None req-12fba63f-555f-4f1f-b329-18c8c83f7b57 None None] image_format.disk_formats = ['ami', 'ari', 'aki', 'vhd', 'vhdx', 'vmdk', 'raw', 'qcow2', 'vdi', 'iso', 'ploop'] {{(pid=114192) log_opt_values /opt/stack/data/venv/lib/python3.12/site-packages/oslo_config/cfg.py:3253}}
Jul 18 22:24:33.399184 np0000185852 devstack@g-api.service[114192]: DEBUG glance.common.config [None req-12fba63f-555f-4f1f-b329-18c8c83f7b57 None None] image_format.gpt_safety_checks_nonfatal = [] {{(pid=114192) log_opt_values /opt/stack/data/venv/lib/python3.12/site-packages/oslo_config/cfg.py:3253}}
Jul 18 22:24:33.399352 np0000185852 devstack@g-api.service[114192]: DEBUG glance.common.config [None req-12fba63f-555f-4f1f-b329-18c8c83f7b57 None None] image_format.require_image_format_match = True {{(pid=114192) log_opt_values /opt/stack/data/venv/lib/python3.12/site-packages/oslo_config/cfg.py:3253}}
Jul 18 22:24:33.399475 np0000185852 devstack@g-api.service[114192]: DEBUG glance.common.config [None req-12fba63f-555f-4f1f-b329-18c8c83f7b57 None None] image_format.vmdk_allowed_types = ['streamOptimized', 'monolithicSparse'] {{(pid=114192) log_opt_values /opt/stack/data/venv/lib/python3.12/site-packages/oslo_config/cfg.py:3253}}
Jul 18 22:24:33.399515 np0000185852 devstack@g-api.service[114191]: DEBUG glance.image_cache.drivers.centralized_db [None req-56dd9449-481c-448b-8f48-46ea7fd1c294 None None] Node reference is already recorded, ignoring it {{(pid=114191) configure /opt/stack/glance/glance/image_cache/drivers/centralized_db.py:71}}
Jul 18 22:24:33.399546 np0000185852 devstack@g-api.service[114193]: DEBUG glance.image_cache.drivers.centralized_db [None req-2cc76e1d-edbf-45ff-99ce-b72a8b38060d None None] Node reference is already recorded, ignoring it {{(pid=114193) configure /opt/stack/glance/glance/image_cache/drivers/centralized_db.py:71}}
Jul 18 22:24:33.399574 np0000185852 devstack@g-api.service[114192]: DEBUG glance.common.config [None req-12fba63f-555f-4f1f-b329-18c8c83f7b57 None None] task.task_executor = taskflow {{(pid=114192) log_opt_values /opt/stack/data/venv/lib/python3.12/site-packages/oslo_config/cfg.py:3253}}
Jul 18 22:24:33.399605 np0000185852 devstack@g-api.service[114192]: DEBUG glance.common.config [None req-12fba63f-555f-4f1f-b329-18c8c83f7b57 None None] task.task_time_to_live = 48 {{(pid=114192) log_opt_values /opt/stack/data/venv/lib/python3.12/site-packages/oslo_config/cfg.py:3253}}
Jul 18 22:24:33.399707 np0000185852 devstack@g-api.service[114192]: DEBUG glance.common.config [None req-12fba63f-555f-4f1f-b329-18c8c83f7b57 None None] task.work_dir = None {{(pid=114192) log_opt_values /opt/stack/data/venv/lib/python3.12/site-packages/oslo_config/cfg.py:3253}}
Jul 18 22:24:33.399825 np0000185852 devstack@g-api.service[114192]: DEBUG glance.common.config [None req-12fba63f-555f-4f1f-b329-18c8c83f7b57 None None] wsgi.python_interpreter = /opt/stack/data/venv/bin/python3 {{(pid=114192) log_opt_values /opt/stack/data/venv/lib/python3.12/site-packages/oslo_config/cfg.py:3253}}
Jul 18 22:24:33.399910 np0000185852 devstack@g-api.service[114192]: DEBUG glance.common.config [None req-12fba63f-555f-4f1f-b329-18c8c83f7b57 None None] wsgi.task_pool_threads = 16 {{(pid=114192) log_opt_values /opt/stack/data/venv/lib/python3.12/site-packages/oslo_config/cfg.py:3253}}
Jul 18 22:24:33.400054 np0000185852 devstack@g-api.service[114192]: DEBUG glance.common.config [None req-12fba63f-555f-4f1f-b329-18c8c83f7b57 None None] import_filtering_opts.allowed_hosts = [] {{(pid=114192) log_opt_values /opt/stack/data/venv/lib/python3.12/site-packages/oslo_config/cfg.py:3253}}
Jul 18 22:24:33.400164 np0000185852 devstack@g-api.service[114192]: DEBUG glance.common.config [None req-12fba63f-555f-4f1f-b329-18c8c83f7b57 None None] import_filtering_opts.allowed_ports = [80, 443] {{(pid=114192) log_opt_values /opt/stack/data/venv/lib/python3.12/site-packages/oslo_config/cfg.py:3253}}
Jul 18 22:24:33.400264 np0000185852 devstack@g-api.service[114192]: DEBUG glance.common.config [None req-12fba63f-555f-4f1f-b329-18c8c83f7b57 None None] import_filtering_opts.allowed_schemes = ['http', 'https'] {{(pid=114192) log_opt_values /opt/stack/data/venv/lib/python3.12/site-packages/oslo_config/cfg.py:3253}}
Jul 18 22:24:33.400356 np0000185852 devstack@g-api.service[114192]: DEBUG glance.common.config [None req-12fba63f-555f-4f1f-b329-18c8c83f7b57 None None] import_filtering_opts.disallowed_hosts = [] {{(pid=114192) log_opt_values /opt/stack/data/venv/lib/python3.12/site-packages/oslo_config/cfg.py:3253}}
Jul 18 22:24:33.400481 np0000185852 devstack@g-api.service[114192]: DEBUG glance.common.config [None req-12fba63f-555f-4f1f-b329-18c8c83f7b57 None None] import_filtering_opts.disallowed_ports = [] {{(pid=114192) log_opt_values /opt/stack/data/venv/lib/python3.12/site-packages/oslo_config/cfg.py:3253}}
Jul 18 22:24:33.400559 np0000185852 devstack@g-api.service[114192]: DEBUG glance.common.config [None req-12fba63f-555f-4f1f-b329-18c8c83f7b57 None None] import_filtering_opts.disallowed_schemes = [] {{(pid=114192) log_opt_values /opt/stack/data/venv/lib/python3.12/site-packages/oslo_config/cfg.py:3253}}
Jul 18 22:24:33.400723 np0000185852 devstack@g-api.service[114192]: DEBUG glance.common.config [None req-12fba63f-555f-4f1f-b329-18c8c83f7b57 None None] oslo_messaging_metrics.metrics_buffer_size = 1000 {{(pid=114192) log_opt_values /opt/stack/data/venv/lib/python3.12/site-packages/oslo_config/cfg.py:3253}}
Jul 18 22:24:33.400723 np0000185852 devstack@g-api.service[114192]: DEBUG glance.common.config [None req-12fba63f-555f-4f1f-b329-18c8c83f7b57 None None] oslo_messaging_metrics.metrics_enabled = False {{(pid=114192) log_opt_values /opt/stack/data/venv/lib/python3.12/site-packages/oslo_config/cfg.py:3253}}
Jul 18 22:24:33.400963 np0000185852 devstack@g-api.service[114192]: DEBUG glance.common.config [None req-12fba63f-555f-4f1f-b329-18c8c83f7b57 None None] oslo_messaging_metrics.metrics_process_name = {{(pid=114192) log_opt_values /opt/stack/data/venv/lib/python3.12/site-packages/oslo_config/cfg.py:3253}}
Jul 18 22:24:33.401063 np0000185852 devstack@g-api.service[114192]: DEBUG glance.common.config [None req-12fba63f-555f-4f1f-b329-18c8c83f7b57 None None] oslo_messaging_metrics.metrics_socket_file = /var/tmp/metrics_collector.sock {{(pid=114192) log_opt_values /opt/stack/data/venv/lib/python3.12/site-packages/oslo_config/cfg.py:3253}}
Jul 18 22:24:33.401132 np0000185852 devstack@g-api.service[114192]: DEBUG glance.common.config [None req-12fba63f-555f-4f1f-b329-18c8c83f7b57 None None] oslo_messaging_metrics.metrics_thread_stop_timeout = 10 {{(pid=114192) log_opt_values /opt/stack/data/venv/lib/python3.12/site-packages/oslo_config/cfg.py:3253}}
Jul 18 22:24:33.401617 np0000185852 devstack@g-api.service[114192]: DEBUG glance.common.config [None req-12fba63f-555f-4f1f-b329-18c8c83f7b57 None None] profiler.connection_string = messaging:// {{(pid=114192) log_opt_values /opt/stack/data/venv/lib/python3.12/site-packages/oslo_config/cfg.py:3253}}
Jul 18 22:24:33.401617 np0000185852 devstack@g-api.service[114192]: DEBUG glance.common.config [None req-12fba63f-555f-4f1f-b329-18c8c83f7b57 None None] profiler.enabled = False {{(pid=114192) log_opt_values /opt/stack/data/venv/lib/python3.12/site-packages/oslo_config/cfg.py:3253}}
Jul 18 22:24:33.401617 np0000185852 devstack@g-api.service[114192]: DEBUG glance.common.config [None req-12fba63f-555f-4f1f-b329-18c8c83f7b57 None None] profiler.es_doc_type = notification {{(pid=114192) log_opt_values /opt/stack/data/venv/lib/python3.12/site-packages/oslo_config/cfg.py:3253}}
Jul 18 22:24:33.401617 np0000185852 devstack@g-api.service[114192]: DEBUG glance.common.config [None req-12fba63f-555f-4f1f-b329-18c8c83f7b57 None None] profiler.es_scroll_size = 10000 {{(pid=114192) log_opt_values /opt/stack/data/venv/lib/python3.12/site-packages/oslo_config/cfg.py:3253}}
Jul 18 22:24:33.401617 np0000185852 devstack@g-api.service[114192]: DEBUG glance.common.config [None req-12fba63f-555f-4f1f-b329-18c8c83f7b57 None None] profiler.es_scroll_time = 2m {{(pid=114192) log_opt_values /opt/stack/data/venv/lib/python3.12/site-packages/oslo_config/cfg.py:3253}}
Jul 18 22:24:33.401780 np0000185852 devstack@g-api.service[114192]: DEBUG glance.common.config [None req-12fba63f-555f-4f1f-b329-18c8c83f7b57 None None] profiler.filter_error_trace = False {{(pid=114192) log_opt_values /opt/stack/data/venv/lib/python3.12/site-packages/oslo_config/cfg.py:3253}}
Jul 18 22:24:33.401816 np0000185852 devstack@g-api.service[114192]: DEBUG glance.common.config [None req-12fba63f-555f-4f1f-b329-18c8c83f7b57 None None] profiler.hmac_keys = **** {{(pid=114192) log_opt_values /opt/stack/data/venv/lib/python3.12/site-packages/oslo_config/cfg.py:3253}}
Jul 18 22:24:33.401936 np0000185852 devstack@g-api.service[114192]: DEBUG glance.common.config [None req-12fba63f-555f-4f1f-b329-18c8c83f7b57 None None] profiler.sentinel_service_name = mymaster {{(pid=114192) log_opt_values /opt/stack/data/venv/lib/python3.12/site-packages/oslo_config/cfg.py:3253}}
Jul 18 22:24:33.402046 np0000185852 devstack@g-api.service[114192]: DEBUG glance.common.config [None req-12fba63f-555f-4f1f-b329-18c8c83f7b57 None None] profiler.socket_timeout = 0.1 {{(pid=114192) log_opt_values /opt/stack/data/venv/lib/python3.12/site-packages/oslo_config/cfg.py:3253}}
Jul 18 22:24:33.402144 np0000185852 devstack@g-api.service[114192]: DEBUG glance.common.config [None req-12fba63f-555f-4f1f-b329-18c8c83f7b57 None None] profiler.trace_requests = False {{(pid=114192) log_opt_values /opt/stack/data/venv/lib/python3.12/site-packages/oslo_config/cfg.py:3253}}
Jul 18 22:24:33.402244 np0000185852 devstack@g-api.service[114192]: DEBUG glance.common.config [None req-12fba63f-555f-4f1f-b329-18c8c83f7b57 None None] profiler.trace_sqlalchemy = False {{(pid=114192) log_opt_values /opt/stack/data/venv/lib/python3.12/site-packages/oslo_config/cfg.py:3253}}
Jul 18 22:24:33.402353 np0000185852 devstack@g-api.service[114192]: DEBUG glance.common.config [None req-12fba63f-555f-4f1f-b329-18c8c83f7b57 None None] profiler_jaeger.process_tags = {} {{(pid=114192) log_opt_values /opt/stack/data/venv/lib/python3.12/site-packages/oslo_config/cfg.py:3253}}
Jul 18 22:24:33.402451 np0000185852 devstack@g-api.service[114192]: DEBUG glance.common.config [None req-12fba63f-555f-4f1f-b329-18c8c83f7b57 None None] profiler_jaeger.service_name_prefix = None {{(pid=114192) log_opt_values /opt/stack/data/venv/lib/python3.12/site-packages/oslo_config/cfg.py:3253}}
Jul 18 22:24:33.402568 np0000185852 devstack@g-api.service[114192]: DEBUG glance.common.config [None req-12fba63f-555f-4f1f-b329-18c8c83f7b57 None None] profiler_otlp.service_name_prefix = None {{(pid=114192) log_opt_values /opt/stack/data/venv/lib/python3.12/site-packages/oslo_config/cfg.py:3253}}
Jul 18 22:24:33.402710 np0000185852 devstack@g-api.service[114192]: DEBUG glance.common.config [None req-12fba63f-555f-4f1f-b329-18c8c83f7b57 None None] os_brick.lightos_discovery_client_address = localhost {{(pid=114192) log_opt_values /opt/stack/data/venv/lib/python3.12/site-packages/oslo_config/cfg.py:3253}}
Jul 18 22:24:33.402814 np0000185852 devstack@g-api.service[114192]: DEBUG glance.common.config [None req-12fba63f-555f-4f1f-b329-18c8c83f7b57 None None] os_brick.lightos_discovery_client_dir_path = /etc/discovery-client/discovery.d/ {{(pid=114192) log_opt_values /opt/stack/data/venv/lib/python3.12/site-packages/oslo_config/cfg.py:3253}}
Jul 18 22:24:33.402977 np0000185852 devstack@g-api.service[114192]: DEBUG glance.common.config [None req-12fba63f-555f-4f1f-b329-18c8c83f7b57 None None] os_brick.lightos_discovery_client_port = 6060 {{(pid=114192) log_opt_values /opt/stack/data/venv/lib/python3.12/site-packages/oslo_config/cfg.py:3253}}
Jul 18 22:24:33.403076 np0000185852 devstack@g-api.service[114192]: DEBUG glance.common.config [None req-12fba63f-555f-4f1f-b329-18c8c83f7b57 None None] os_brick.lock_path = /opt/stack/data/os_brick {{(pid=114192) log_opt_values /opt/stack/data/venv/lib/python3.12/site-packages/oslo_config/cfg.py:3253}}
Jul 18 22:24:33.403174 np0000185852 devstack@g-api.service[114192]: DEBUG glance.common.config [None req-12fba63f-555f-4f1f-b329-18c8c83f7b57 None None] os_brick.wait_mpath_device_attempts = 4 {{(pid=114192) log_opt_values /opt/stack/data/venv/lib/python3.12/site-packages/oslo_config/cfg.py:3253}}
Jul 18 22:24:33.403262 np0000185852 devstack@g-api.service[114194]: INFO glance.api.middleware.cache [None req-6c941845-910f-4128-9741-0749be089af5 None None] Initialized image cache middleware
Jul 18 22:24:33.403301 np0000185852 devstack@g-api.service[114192]: DEBUG glance.common.config [None req-12fba63f-555f-4f1f-b329-18c8c83f7b57 None None] os_brick.wait_mpath_device_interval = 1 {{(pid=114192) log_opt_values /opt/stack/data/venv/lib/python3.12/site-packages/oslo_config/cfg.py:3253}}
Jul 18 22:24:33.403371 np0000185852 devstack@g-api.service[114192]: DEBUG glance.common.config [None req-12fba63f-555f-4f1f-b329-18c8c83f7b57 None None] privsep_osbrick.capabilities = [21, 2] {{(pid=114192) log_opt_values /opt/stack/data/venv/lib/python3.12/site-packages/oslo_config/cfg.py:3253}}
Jul 18 22:24:33.403469 np0000185852 devstack@g-api.service[114192]: DEBUG glance.common.config [None req-12fba63f-555f-4f1f-b329-18c8c83f7b57 None None] privsep_osbrick.group = None {{(pid=114192) log_opt_values /opt/stack/data/venv/lib/python3.12/site-packages/oslo_config/cfg.py:3253}}
Jul 18 22:24:33.403565 np0000185852 devstack@g-api.service[114192]: DEBUG glance.common.config [None req-12fba63f-555f-4f1f-b329-18c8c83f7b57 None None] privsep_osbrick.helper_command = None {{(pid=114192) log_opt_values /opt/stack/data/venv/lib/python3.12/site-packages/oslo_config/cfg.py:3253}}
Jul 18 22:24:33.403665 np0000185852 devstack@g-api.service[114192]: DEBUG glance.common.config [None req-12fba63f-555f-4f1f-b329-18c8c83f7b57 None None] privsep_osbrick.log_daemon_traceback = False {{(pid=114192) log_opt_values /opt/stack/data/venv/lib/python3.12/site-packages/oslo_config/cfg.py:3253}}
Jul 18 22:24:33.403768 np0000185852 devstack@g-api.service[114192]: DEBUG glance.common.config [None req-12fba63f-555f-4f1f-b329-18c8c83f7b57 None None] privsep_osbrick.logger_name = brick_privsep_hide_output {{(pid=114192) log_opt_values /opt/stack/data/venv/lib/python3.12/site-packages/oslo_config/cfg.py:3253}}
Jul 18 22:24:33.403868 np0000185852 devstack@g-api.service[114192]: DEBUG glance.common.config [None req-12fba63f-555f-4f1f-b329-18c8c83f7b57 None None] privsep_osbrick.thread_pool_size = 16 {{(pid=114192) log_opt_values /opt/stack/data/venv/lib/python3.12/site-packages/oslo_config/cfg.py:3253}}
Jul 18 22:24:33.404068 np0000185852 devstack@g-api.service[114192]: DEBUG glance.common.config [None req-12fba63f-555f-4f1f-b329-18c8c83f7b57 None None] privsep_osbrick.user = None {{(pid=114192) log_opt_values /opt/stack/data/venv/lib/python3.12/site-packages/oslo_config/cfg.py:3253}}
Jul 18 22:24:33.404180 np0000185852 devstack@g-api.service[114192]: DEBUG glance.common.config [None req-12fba63f-555f-4f1f-b329-18c8c83f7b57 None None] glance_store.cinder_api_insecure = False {{(pid=114192) log_opt_values /opt/stack/data/venv/lib/python3.12/site-packages/oslo_config/cfg.py:3253}}
Jul 18 22:24:33.404281 np0000185852 devstack@g-api.service[114192]: DEBUG glance.common.config [None req-12fba63f-555f-4f1f-b329-18c8c83f7b57 None None] glance_store.cinder_attachment_retry_attempts = 5 {{(pid=114192) log_opt_values /opt/stack/data/venv/lib/python3.12/site-packages/oslo_config/cfg.py:3253}}
Jul 18 22:24:33.404825 np0000185852 devstack@g-api.service[114192]: DEBUG glance.common.config [None req-12fba63f-555f-4f1f-b329-18c8c83f7b57 None None] glance_store.cinder_ca_certificates_file = None {{(pid=114192) log_opt_values /opt/stack/data/venv/lib/python3.12/site-packages/oslo_config/cfg.py:3253}}
Jul 18 22:24:33.404825 np0000185852 devstack@g-api.service[114192]: DEBUG glance.common.config [None req-12fba63f-555f-4f1f-b329-18c8c83f7b57 None None] glance_store.cinder_catalog_info = volumev3::publicURL {{(pid=114192) log_opt_values /opt/stack/data/venv/lib/python3.12/site-packages/oslo_config/cfg.py:3253}}
