Mar 06 22:14:32.768060 np0000158081 devstack@neutron-api.service[103009]: DEBUG ovsdbapp.backend.ovs_idl [None req-53483647-d191-42b4-a565-69758a107540 None None] Created schema index Gateway_Chassis.name {{(pid=103009) autocreate_indices /opt/stack/data/venv/lib/python3.12/site-packages/ovsdbapp/backend/ovs_idl/__init__.py:106}}
Mar 06 22:14:32.768060 np0000158081 devstack@neutron-api.service[103009]: DEBUG ovsdbapp.backend.ovs_idl [None req-53483647-d191-42b4-a565-69758a107540 None None] Created schema index Mirror.name {{(pid=103009) autocreate_indices /opt/stack/data/venv/lib/python3.12/site-packages/ovsdbapp/backend/ovs_idl/__init__.py:106}}
Mar 06 22:14:32.768060 np0000158081 devstack@neutron-api.service[103009]: DEBUG ovsdbapp.backend.ovs_idl [None req-53483647-d191-42b4-a565-69758a107540 None None] Created schema index Chassis_Template_Var.chassis {{(pid=103009) autocreate_indices /opt/stack/data/venv/lib/python3.12/site-packages/ovsdbapp/backend/ovs_idl/__init__.py:106}}
Mar 06 22:14:32.768252 np0000158081 devstack@neutron-api.service[103009]: DEBUG ovsdbapp.backend.ovs_idl [None req-53483647-d191-42b4-a565-69758a107540 None None] Created schema index Logical_Router_Port.name {{(pid=103009) autocreate_indices /opt/stack/data/venv/lib/python3.12/site-packages/ovsdbapp/backend/ovs_idl/__init__.py:106}}
Mar 06 22:14:32.768252 np0000158081 devstack@neutron-api.service[103009]: DEBUG ovsdbapp.backend.ovs_idl [None req-53483647-d191-42b4-a565-69758a107540 None None] Created schema index Port_Group.name {{(pid=103009) autocreate_indices /opt/stack/data/venv/lib/python3.12/site-packages/ovsdbapp/backend/ovs_idl/__init__.py:106}}
Mar 06 22:14:32.768252 np0000158081 devstack@neutron-api.service[103009]: DEBUG ovsdbapp.backend.ovs_idl [None req-53483647-d191-42b4-a565-69758a107540 None None] Created schema index Logical_Switch_Port.name {{(pid=103009) autocreate_indices /opt/stack/data/venv/lib/python3.12/site-packages/ovsdbapp/backend/ovs_idl/__init__.py:106}}
Mar 06 22:14:32.769964 np0000158081 devstack@neutron-api.service[103009]: INFO ovsdbapp.backend.ovs_idl.vlog [None req-53483647-d191-42b4-a565-69758a107540 None None] ssl:199.204.45.69:6641: connecting...
Mar 06 22:14:32.775532 np0000158081 devstack@neutron-api.service[103009]: INFO ovsdbapp.backend.ovs_idl.vlog [None req-53483647-d191-42b4-a565-69758a107540 None None] ssl:199.204.45.69:6641: connected
Mar 06 22:14:32.810145 np0000158081 devstack@neutron-api.service[103009]: DEBUG neutron.common.ovn.hash_ring_manager [None req-53483647-d191-42b4-a565-69758a107540 None None] Disallow caching, nodes 1<4 {{(pid=103009) _wait_startup_before_caching /opt/stack/neutron/neutron/common/ovn/hash_ring_manager.py:72}}
Mar 06 22:14:32.816120 np0000158081 devstack@neutron-api.service[103009]: DEBUG neutron.common.ovn.hash_ring_manager [None req-53483647-d191-42b4-a565-69758a107540 None None] Hash Ring loaded. 1 active nodes. 0 offline nodes {{(pid=103009) _load_hash_ring /opt/stack/neutron/neutron/common/ovn/hash_ring_manager.py:102}}
Mar 06 22:14:32.816277 np0000158081 devstack@neutron-api.service[103009]: DEBUG neutron.plugins.ml2.drivers.ovn.mech_driver.ovsdb.ovsdb_monitor [None req-53483647-d191-42b4-a565-69758a107540 None None] Hash Ring: Node 065f958bc38859af9281971ea2f37739 (host: np0000158081) handling event "create" for row 7271f329-8bac-463b-a74a-e9e3448fdf08 (table: ACL) {{(pid=103009) notify /opt/stack/neutron/neutron/plugins/ml2/drivers/ovn/mech_driver/ovsdb/ovsdb_monitor.py:906}}
Mar 06 22:14:32.820745 np0000158081 devstack@neutron-api.service[103009]: DEBUG neutron.common.ovn.hash_ring_manager [None req-53483647-d191-42b4-a565-69758a107540 None None] Hash Ring loaded. 1 active nodes. 0 offline nodes {{(pid=103009) _load_hash_ring /opt/stack/neutron/neutron/common/ovn/hash_ring_manager.py:102}}
Mar 06 22:14:32.822750 np0000158081 devstack@neutron-api.service[103009]: DEBUG neutron.plugins.ml2.drivers.ovn.mech_driver.ovsdb.ovsdb_monitor [None req-53483647-d191-42b4-a565-69758a107540 None None] Hash Ring: Node 065f958bc38859af9281971ea2f37739 (host: np0000158081) handling event "create" for row b8810d6c-e1c6-4bc8-a005-f5398ff5929b (table: ACL) {{(pid=103009) notify /opt/stack/neutron/neutron/plugins/ml2/drivers/ovn/mech_driver/ovsdb/ovsdb_monitor.py:906}}
Mar 06 22:14:32.827028 np0000158081 devstack@neutron-api.service[103009]: DEBUG neutron.common.ovn.hash_ring_manager [None req-53483647-d191-42b4-a565-69758a107540 None None] Hash Ring loaded. 1 active nodes. 0 offline nodes {{(pid=103009) _load_hash_ring /opt/stack/neutron/neutron/common/ovn/hash_ring_manager.py:102}}
Mar 06 22:14:32.827028 np0000158081 devstack@neutron-api.service[103009]: DEBUG neutron.plugins.ml2.drivers.ovn.mech_driver.ovsdb.ovsdb_monitor [None req-53483647-d191-42b4-a565-69758a107540 None None] Hash Ring: Node 065f958bc38859af9281971ea2f37739 (host: np0000158081) handling event "create" for row ae8b0ffd-0259-41c6-b466-6bcef0b10c10 (table: Connection) {{(pid=103009) notify /opt/stack/neutron/neutron/plugins/ml2/drivers/ovn/mech_driver/ovsdb/ovsdb_monitor.py:906}}
Mar 06 22:14:32.830636 np0000158081 devstack@neutron-api.service[103009]: DEBUG neutron.common.ovn.hash_ring_manager [None req-53483647-d191-42b4-a565-69758a107540 None None] Hash Ring loaded. 1 active nodes. 0 offline nodes {{(pid=103009) _load_hash_ring /opt/stack/neutron/neutron/common/ovn/hash_ring_manager.py:102}}
Mar 06 22:14:32.830636 np0000158081 devstack@neutron-api.service[103009]: DEBUG neutron.plugins.ml2.drivers.ovn.mech_driver.ovsdb.ovsdb_monitor [None req-53483647-d191-42b4-a565-69758a107540 None None] Hash Ring: Node 065f958bc38859af9281971ea2f37739 (host: np0000158081) handling event "create" for row b3ee2172-442a-46f6-ab37-86555d2d6d39 (table: NB_Global) {{(pid=103009) notify /opt/stack/neutron/neutron/plugins/ml2/drivers/ovn/mech_driver/ovsdb/ovsdb_monitor.py:906}}
Mar 06 22:14:32.834364 np0000158081 devstack@neutron-api.service[103009]: DEBUG neutron.common.ovn.hash_ring_manager [None req-53483647-d191-42b4-a565-69758a107540 None None] Hash Ring loaded. 1 active nodes. 0 offline nodes {{(pid=103009) _load_hash_ring /opt/stack/neutron/neutron/common/ovn/hash_ring_manager.py:102}}
Mar 06 22:14:32.834481 np0000158081 devstack@neutron-api.service[103009]: DEBUG neutron.plugins.ml2.drivers.ovn.mech_driver.ovsdb.ovsdb_monitor [None req-53483647-d191-42b4-a565-69758a107540 None None] Hash Ring: Node 065f958bc38859af9281971ea2f37739 (host: np0000158081) handling event "create" for row 1550ad84-2d34-4b34-95ae-5883cde9a013 (table: Port_Group) {{(pid=103009) notify /opt/stack/neutron/neutron/plugins/ml2/drivers/ovn/mech_driver/ovsdb/ovsdb_monitor.py:906}}
Mar 06 22:14:32.838976 np0000158081 devstack@neutron-api.service[103009]: DEBUG neutron.common.ovn.hash_ring_manager [None req-53483647-d191-42b4-a565-69758a107540 None None] Hash Ring loaded. 1 active nodes. 0 offline nodes {{(pid=103009) _load_hash_ring /opt/stack/neutron/neutron/common/ovn/hash_ring_manager.py:102}}
Mar 06 22:14:32.839127 np0000158081 devstack@neutron-api.service[103009]: DEBUG neutron.plugins.ml2.drivers.ovn.mech_driver.ovsdb.ovsdb_monitor [None req-53483647-d191-42b4-a565-69758a107540 None None] Hash Ring: Node 065f958bc38859af9281971ea2f37739 (host: np0000158081) handling event "create" for row a0aa14c5-15ed-4198-ae49-afa8bfb23db6 (table: SSL) {{(pid=103009) notify /opt/stack/neutron/neutron/plugins/ml2/drivers/ovn/mech_driver/ovsdb/ovsdb_monitor.py:906}}
Mar 06 22:14:32.840019 np0000158081 devstack@neutron-api.service[103009]: INFO neutron.plugins.ml2.drivers.ovn.mech_driver.ovsdb.impl_idl_ovn [None req-53483647-d191-42b4-a565-69758a107540 None None] Getting OvsdbSbOvnIdl for WorkerService with retry
Mar 06 22:14:32.867652 np0000158081 devstack@neutron-api.service[103009]: DEBUG ovsdbapp.backend.ovs_idl [None req-53483647-d191-42b4-a565-69758a107540 None None] Created lookup_table index Chassis.name {{(pid=103009) autocreate_indices /opt/stack/data/venv/lib/python3.12/site-packages/ovsdbapp/backend/ovs_idl/__init__.py:87}}
Mar 06 22:14:32.867652 np0000158081 devstack@neutron-api.service[103009]: DEBUG ovsdbapp.backend.ovs_idl [None req-53483647-d191-42b4-a565-69758a107540 None None] Created lookup_table index Port_Binding.logical_port {{(pid=103009) autocreate_indices /opt/stack/data/venv/lib/python3.12/site-packages/ovsdbapp/backend/ovs_idl/__init__.py:87}}
Mar 06 22:14:32.867652 np0000158081 devstack@neutron-api.service[103009]: DEBUG ovsdbapp.backend.ovs_idl [None req-53483647-d191-42b4-a565-69758a107540 None None] Created schema index Chassis_Private.name {{(pid=103009) autocreate_indices /opt/stack/data/venv/lib/python3.12/site-packages/ovsdbapp/backend/ovs_idl/__init__.py:106}}
Mar 06 22:14:32.867652 np0000158081 devstack@neutron-api.service[103009]: DEBUG ovsdbapp.backend.ovs_idl [None req-53483647-d191-42b4-a565-69758a107540 None None] Created schema index Datapath_Binding.tunnel_key {{(pid=103009) autocreate_indices /opt/stack/data/venv/lib/python3.12/site-packages/ovsdbapp/backend/ovs_idl/__init__.py:106}}
Mar 06 22:14:32.871722 np0000158081 devstack@neutron-api.service[103009]: INFO ovsdbapp.backend.ovs_idl.vlog [None req-53483647-d191-42b4-a565-69758a107540 None None] ssl:199.204.45.69:6642: connecting...
Mar 06 22:14:32.879111 np0000158081 devstack@neutron-api.service[103009]: INFO ovsdbapp.backend.ovs_idl.vlog [None req-53483647-d191-42b4-a565-69758a107540 None None] ssl:199.204.45.69:6642: connected
Mar 06 22:14:32.905260 np0000158081 devstack@neutron-api.service[103009]: DEBUG neutron.common.ovn.hash_ring_manager [None req-53483647-d191-42b4-a565-69758a107540 None None] Disallow caching, nodes 1<4 {{(pid=103009) _wait_startup_before_caching /opt/stack/neutron/neutron/common/ovn/hash_ring_manager.py:72}}
Mar 06 22:14:32.908631 np0000158081 devstack@neutron-api.service[103009]: DEBUG neutron.common.ovn.hash_ring_manager [None req-53483647-d191-42b4-a565-69758a107540 None None] Hash Ring loaded. 1 active nodes. 0 offline nodes {{(pid=103009) _load_hash_ring /opt/stack/neutron/neutron/common/ovn/hash_ring_manager.py:102}}
Mar 06 22:14:32.908796 np0000158081 devstack@neutron-api.service[103009]: DEBUG neutron.plugins.ml2.drivers.ovn.mech_driver.ovsdb.ovsdb_monitor [None req-53483647-d191-42b4-a565-69758a107540 None None] Hash Ring: Node 065f958bc38859af9281971ea2f37739 (host: np0000158081) handling event "create" for row 6e2fb08b-d4bd-4a51-9952-112b5720aeef (table: Chassis) {{(pid=103009) notify /opt/stack/neutron/neutron/plugins/ml2/drivers/ovn/mech_driver/ovsdb/ovsdb_monitor.py:906}}
Mar 06 22:14:32.909517 np0000158081 devstack@neutron-api.service[103009]: DEBUG ovsdbapp.backend.ovs_idl.event [None req-53483647-d191-42b4-a565-69758a107540 None None] Matched CREATE: ChassisBandwidthConfigEvent(events=('create', 'update'), table='Chassis', conditions=None, old_conditions=None), priority=20 to row=Chassis(uuid=6e2fb08b-d4bd-4a51-9952-112b5720aeef, encaps=[3affd2ae-c893-46a2-82fd-c7a1c88e012b], external_ids={}, hostname='np0000158081', name='44c51fc9-2ea4-460b-b96d-c41539d5b954', nb_cfg=0, other_config={'ct-commit-nat-v2': 'true', 'ct-commit-to-zone': 'true', 'ct-next-zone': 'true', 'ct-no-masked-label': 'true', 'ct-state-save': 'true', 'datapath-type': 'system', 'fdb-timestamp': 'true', 'iface-types': 'afxdp,afxdp-nonpmd,bareudp,erspan,geneve,gre,gtpu,internal,ip6erspan,ip6gre,lisp,patch,srv6,stt,system,tap,vxlan', 'is-interconn': 'false', 'ls-dpg-column': 'true', 'mac-binding-timestamp': 'true', 'ovn-bridge-mappings': 'public:br-ex', 'ovn-chassis-mac-mappings': '', 'ovn-cms-options': 'enable-chassis-as-gw', 'ovn-ct-lb-related': 'true', 'ovn-enable-lflow-cache': 'true', 'ovn-limit-lflow-cache': '', 'ovn-memlimit-lflow-cache-kb': '', 'ovn-monitor-all': 'false', 'ovn-trim-limit-lflow-cache': '', 'ovn-trim-timeout-ms': '', 'ovn-trim-wmark-perc-lflow-cache': '', 'port-up-notif': 'true'}, transport_zones=[], vtep_logical_switches=[]) old= {{(pid=103009) matches /opt/stack/data/venv/lib/python3.12/site-packages/ovsdbapp/backend/ovs_idl/event.py:55}}
Mar 06 22:14:32.910021 np0000158081 devstack@neutron-api.service[103009]: DEBUG neutron.plugins.ml2.drivers.ovn.mech_driver.ovsdb.ovsdb_monitor [None req-53483647-d191-42b4-a565-69758a107540 None None] ChassisOVNAgentWriteEvent : Matched Chassis_Private, create, None None {{(pid=103009) matches /opt/stack/neutron/neutron/plugins/ml2/drivers/ovn/mech_driver/ovsdb/ovsdb_monitor.py:64}}
Mar 06 22:14:32.910133 np0000158081 devstack@neutron-api.service[103009]: DEBUG neutron.plugins.ml2.drivers.ovn.mech_driver.ovsdb.ovsdb_monitor [None req-53483647-d191-42b4-a565-69758a107540 None None] ChassisAgentWriteEvent : Matched Chassis_Private, create, None None {{(pid=103009) matches /opt/stack/neutron/neutron/plugins/ml2/drivers/ovn/mech_driver/ovsdb/ovsdb_monitor.py:64}}
Mar 06 22:14:32.915181 np0000158081 devstack@neutron-api.service[103009]: DEBUG neutron.common.ovn.hash_ring_manager [None req-53483647-d191-42b4-a565-69758a107540 None None] Hash Ring loaded. 1 active nodes. 0 offline nodes {{(pid=103009) _load_hash_ring /opt/stack/neutron/neutron/common/ovn/hash_ring_manager.py:102}}
Mar 06 22:14:32.915314 np0000158081 devstack@neutron-api.service[103009]: DEBUG neutron.plugins.ml2.drivers.ovn.mech_driver.ovsdb.ovsdb_monitor [None req-53483647-d191-42b4-a565-69758a107540 None None] Hash Ring: Node 065f958bc38859af9281971ea2f37739 (host: np0000158081) handling event "create" for row 9a1729a0-efec-4f9f-af95-91f67686ddc4 (table: Chassis_Private) {{(pid=103009) notify /opt/stack/neutron/neutron/plugins/ml2/drivers/ovn/mech_driver/ovsdb/ovsdb_monitor.py:906}}
Mar 06 22:14:32.919878 np0000158081 devstack@neutron-api.service[103009]: DEBUG neutron.common.ovn.hash_ring_manager [None req-53483647-d191-42b4-a565-69758a107540 None None] Hash Ring loaded. 1 active nodes. 0 offline nodes {{(pid=103009) _load_hash_ring /opt/stack/neutron/neutron/common/ovn/hash_ring_manager.py:102}}
Mar 06 22:14:32.920032 np0000158081 devstack@neutron-api.service[103009]: DEBUG neutron.plugins.ml2.drivers.ovn.mech_driver.ovsdb.ovsdb_monitor [None req-53483647-d191-42b4-a565-69758a107540 None None] Hash Ring: Node 065f958bc38859af9281971ea2f37739 (host: np0000158081) handling event "create" for row 3affd2ae-c893-46a2-82fd-c7a1c88e012b (table: Encap) {{(pid=103009) notify /opt/stack/neutron/neutron/plugins/ml2/drivers/ovn/mech_driver/ovsdb/ovsdb_monitor.py:906}}
Mar 06 22:14:32.921278 np0000158081 devstack@neutron-api.service[103009]: INFO neutron.plugins.ml2.drivers.ovn.mech_driver.mech_driver [None req-53483647-d191-42b4-a565-69758a107540 None None] WorkerService process has finished the post initialization
Mar 06 22:14:32.922148 np0000158081 devstack@neutron-api.service[103009]: INFO neutron.plugins.ml2.drivers.ovn.mech_driver.ovsdb.extensions.qos [-] Starting OVNClientQosExtension
Mar 06 22:14:32.922775 np0000158081 devstack@neutron-api.service[103009]: INFO neutron.plugins.ml2.drivers.ovn.mech_driver.ovsdb.extensions.placement [-] Starting OVNClientPlacementExtension
Mar 06 22:14:32.924778 np0000158081 devstack@neutron-api.service[103009]: WSGI app 0 (mountpoint='') ready in 6 seconds on interpreter 0x79acb36a3668 pid: 103009 (default app)
Mar 06 22:14:33.118198 np0000158081 devstack@neutron-api.service[103008]: INFO neutron.plugins.ml2.managers [None req-050bdbfc-30f9-492d-8998-44e095695275 None None] Initializing driver for type 'local'
Mar 06 22:14:33.118400 np0000158081 devstack@neutron-api.service[103008]: INFO neutron.plugins.ml2.managers [None req-050bdbfc-30f9-492d-8998-44e095695275 None None] Initializing driver for type 'vlan'
Mar 06 22:14:33.121166 np0000158081 devstack@neutron-api.service[103010]: INFO neutron.plugins.ml2.managers [None req-3f7c3a08-499d-43dc-a74f-82a760cb0bf2 None None] Initializing driver for type 'local'
Mar 06 22:14:33.121412 np0000158081 devstack@neutron-api.service[103010]: INFO neutron.plugins.ml2.managers [None req-3f7c3a08-499d-43dc-a74f-82a760cb0bf2 None None] Initializing driver for type 'vlan'
Mar 06 22:14:33.134431 np0000158081 devstack@neutron-api.service[103009]: [pid: 103009|app: 0|req: 1/1] 199.204.45.69 () {62 vars in 981 bytes} [Fri Mar 6 22:14:33 2026] GET /networking => generated 129 bytes in 2 msecs (HTTP/1.1 200) 3 headers in 91 bytes (1 switches on core 0)
Mar 06 22:14:33.138571 np0000158081 devstack@neutron-api.service[103007]: INFO neutron.plugins.ml2.managers [None req-62acd666-9bb5-4e58-9ef5-f1ae7c18e0e4 None None] Initializing driver for type 'local'
Mar 06 22:14:33.138858 np0000158081 devstack@neutron-api.service[103007]: INFO neutron.plugins.ml2.managers [None req-62acd666-9bb5-4e58-9ef5-f1ae7c18e0e4 None None] Initializing driver for type 'vlan'
Mar 06 22:14:33.268579 np0000158081 devstack@neutron-api.service[103008]: INFO neutron.plugins.ml2.drivers.type_vlan [None req-050bdbfc-30f9-492d-8998-44e095695275 None None] VlanTypeDriver initialization complete
Mar 06 22:14:33.268870 np0000158081 devstack@neutron-api.service[103008]: INFO neutron.plugins.ml2.managers [None req-050bdbfc-30f9-492d-8998-44e095695275 None None] Initializing extension driver 'port_security'
Mar 06 22:14:33.268870 np0000158081 devstack@neutron-api.service[103008]: INFO neutron.plugins.ml2.extensions.port_security [None req-050bdbfc-30f9-492d-8998-44e095695275 None None] PortSecurityExtensionDriver initialization complete
Mar 06 22:14:33.269021 np0000158081 devstack@neutron-api.service[103008]: INFO neutron.plugins.ml2.managers [None req-050bdbfc-30f9-492d-8998-44e095695275 None None] Initializing extension driver 'qos'
Mar 06 22:14:33.269021 np0000158081 devstack@neutron-api.service[103008]: DEBUG neutron.plugins.ml2.extensions.qos [None req-050bdbfc-30f9-492d-8998-44e095695275 None None] QosExtensionDriver initialization complete {{(pid=103008) initialize /opt/stack/neutron/neutron/plugins/ml2/extensions/qos.py:31}}
Mar 06 22:14:33.269150 np0000158081 devstack@neutron-api.service[103008]: INFO neutron.plugins.ml2.managers [None req-050bdbfc-30f9-492d-8998-44e095695275 None None] Initializing mechanism driver 'ovn'
Mar 06 22:14:33.269220 np0000158081 devstack@neutron-api.service[103008]: INFO neutron.plugins.ml2.drivers.ovn.mech_driver.mech_driver [None req-050bdbfc-30f9-492d-8998-44e095695275 None None] Starting OVNMechanismDriver
Mar 06 22:14:33.270906 np0000158081 devstack@neutron-api.service[103008]: DEBUG neutron_lib.callbacks.manager [None req-050bdbfc-30f9-492d-8998-44e095695275 None None] Subscribe: > process before_spawn 55550000, False {{(pid=103008) subscribe /opt/stack/data/venv/lib/python3.12/site-packages/neutron_lib/callbacks/manager.py:52}}
Mar 06 22:14:33.270980 np0000158081 devstack@neutron-api.service[103008]: DEBUG neutron_lib.callbacks.manager [None req-050bdbfc-30f9-492d-8998-44e095695275 None None] Subscribe: > process after_init 55550000, True {{(pid=103008) subscribe /opt/stack/data/venv/lib/python3.12/site-packages/neutron_lib/callbacks/manager.py:52}}
Mar 06 22:14:33.271088 np0000158081 devstack@neutron-api.service[103008]: DEBUG neutron_lib.callbacks.manager [None req-050bdbfc-30f9-492d-8998-44e095695275 None None] Subscribe: > segment after_create 55550000, False {{(pid=103008) subscribe /opt/stack/data/venv/lib/python3.12/site-packages/neutron_lib/callbacks/manager.py:52}}
Mar 06 22:14:33.271284 np0000158081 devstack@neutron-api.service[103008]: DEBUG neutron_lib.callbacks.manager [None req-050bdbfc-30f9-492d-8998-44e095695275 None None] Subscribe: > segment after_create 55550000, False {{(pid=103008) subscribe /opt/stack/data/venv/lib/python3.12/site-packages/neutron_lib/callbacks/manager.py:52}}
Mar 06 22:14:33.271327 np0000158081 devstack@neutron-api.service[103008]: DEBUG neutron_lib.callbacks.manager [None req-050bdbfc-30f9-492d-8998-44e095695275 None None] Subscribe: > segment after_delete 55550000, False {{(pid=103008) subscribe /opt/stack/data/venv/lib/python3.12/site-packages/neutron_lib/callbacks/manager.py:52}}
Mar 06 22:14:33.271426 np0000158081 devstack@neutron-api.service[103008]: DEBUG neutron_lib.callbacks.manager [None req-050bdbfc-30f9-492d-8998-44e095695275 None None] Subscribe: > allowed_address_pair before_create 55550000, False {{(pid=103008) subscribe /opt/stack/data/venv/lib/python3.12/site-packages/neutron_lib/callbacks/manager.py:52}}
Mar 06 22:14:33.271514 np0000158081 devstack@neutron-api.service[103008]: DEBUG neutron_lib.callbacks.manager [None req-050bdbfc-30f9-492d-8998-44e095695275 None None] Subscribe: > security_group precommit_create 55550000, False {{(pid=103008) subscribe /opt/stack/data/venv/lib/python3.12/site-packages/neutron_lib/callbacks/manager.py:52}}
Mar 06 22:14:33.271652 np0000158081 devstack@neutron-api.service[103008]: DEBUG neutron_lib.callbacks.manager [None req-050bdbfc-30f9-492d-8998-44e095695275 None None] Subscribe: > security_group after_update 55550000, False {{(pid=103008) subscribe /opt/stack/data/venv/lib/python3.12/site-packages/neutron_lib/callbacks/manager.py:52}}
Mar 06 22:14:33.271784 np0000158081 devstack@neutron-api.service[103008]: DEBUG neutron_lib.callbacks.manager [None req-050bdbfc-30f9-492d-8998-44e095695275 None None] Subscribe: > security_group after_create 55550000, False {{(pid=103008) subscribe /opt/stack/data/venv/lib/python3.12/site-packages/neutron_lib/callbacks/manager.py:52}}
Mar 06 22:14:33.271897 np0000158081 devstack@neutron-api.service[103008]: DEBUG neutron_lib.callbacks.manager [None req-050bdbfc-30f9-492d-8998-44e095695275 None None] Subscribe: > security_group precommit_delete 55550000, False {{(pid=103008) subscribe /opt/stack/data/venv/lib/python3.12/site-packages/neutron_lib/callbacks/manager.py:52}}
Mar 06 22:14:33.272056 np0000158081 devstack@neutron-api.service[103008]: DEBUG neutron_lib.callbacks.manager [None req-050bdbfc-30f9-492d-8998-44e095695275 None None] Subscribe: > security_group after_delete 55550000, False {{(pid=103008) subscribe /opt/stack/data/venv/lib/python3.12/site-packages/neutron_lib/callbacks/manager.py:52}}
Mar 06 22:14:33.272190 np0000158081 devstack@neutron-api.service[103008]: DEBUG neutron_lib.callbacks.manager [None req-050bdbfc-30f9-492d-8998-44e095695275 None None] Subscribe: > security_group_rule precommit_create 55550000, False {{(pid=103008) subscribe /opt/stack/data/venv/lib/python3.12/site-packages/neutron_lib/callbacks/manager.py:52}}
Mar 06 22:14:33.272190 np0000158081 devstack@neutron-api.service[103008]: DEBUG neutron_lib.callbacks.manager [None req-050bdbfc-30f9-492d-8998-44e095695275 None None] Subscribe: > security_group_rule after_create 55550000, False {{(pid=103008) subscribe /opt/stack/data/venv/lib/python3.12/site-packages/neutron_lib/callbacks/manager.py:52}}
Mar 06 22:14:33.272277 np0000158081 devstack@neutron-api.service[103008]: DEBUG neutron_lib.callbacks.manager [None req-050bdbfc-30f9-492d-8998-44e095695275 None None] Subscribe: > security_group_rule before_delete 55550000, False {{(pid=103008) subscribe /opt/stack/data/venv/lib/python3.12/site-packages/neutron_lib/callbacks/manager.py:52}}
Mar 06 22:14:33.272379 np0000158081 devstack@neutron-api.service[103008]: DEBUG neutron_lib.callbacks.manager [None req-050bdbfc-30f9-492d-8998-44e095695275 None None] Subscribe: > address_group after_create 55550000, False {{(pid=103008) subscribe /opt/stack/data/venv/lib/python3.12/site-packages/neutron_lib/callbacks/manager.py:52}}
Mar 06 22:14:33.272546 np0000158081 devstack@neutron-api.service[103008]: DEBUG neutron_lib.callbacks.manager [None req-050bdbfc-30f9-492d-8998-44e095695275 None None] Subscribe: > address_group after_update 55550000, False {{(pid=103008) subscribe /opt/stack/data/venv/lib/python3.12/site-packages/neutron_lib/callbacks/manager.py:52}}
Mar 06 22:14:33.272627 np0000158081 devstack@neutron-api.service[103008]: DEBUG neutron_lib.callbacks.manager [None req-050bdbfc-30f9-492d-8998-44e095695275 None None] Subscribe: > address_group after_delete 55550000, False {{(pid=103008) subscribe /opt/stack/data/venv/lib/python3.12/site-packages/neutron_lib/callbacks/manager.py:52}}
Mar 06 22:14:33.272846 np0000158081 devstack@neutron-api.service[103008]: DEBUG neutron_lib.callbacks.manager [None req-050bdbfc-30f9-492d-8998-44e095695275 None None] Subscribe: > qos_plugin after_init 55550000, False {{(pid=103008) subscribe /opt/stack/data/venv/lib/python3.12/site-packages/neutron_lib/callbacks/manager.py:52}}
Mar 06 22:14:33.272976 np0000158081 devstack@neutron-api.service[103008]: DEBUG neutron_lib.callbacks.manager [None req-050bdbfc-30f9-492d-8998-44e095695275 None None] Subscribe: > trunk_plugin after_init 55550000, False {{(pid=103008) subscribe /opt/stack/data/venv/lib/python3.12/site-packages/neutron_lib/callbacks/manager.py:52}}
Mar 06 22:14:33.273175 np0000158081 devstack@neutron-api.service[103008]: DEBUG neutron_lib.callbacks.manager [None req-050bdbfc-30f9-492d-8998-44e095695275 None None] Subscribe: > logging-plugin after_init 55550000, False {{(pid=103008) subscribe /opt/stack/data/venv/lib/python3.12/site-packages/neutron_lib/callbacks/manager.py:52}}
Mar 06 22:14:33.273670 np0000158081 devstack@neutron-api.service[103008]: INFO neutron.services.logapi.drivers.ovn.driver [None req-050bdbfc-30f9-492d-8998-44e095695275 None None] OVN logging driver registered
Mar 06 22:14:33.275205 np0000158081 devstack@neutron-api.service[103008]: DEBUG neutron.plugins.ml2.plugin [None req-050bdbfc-30f9-492d-8998-44e095695275 None None] neutron.plugins.ml2.plugin.Ml2Plugin method _start_rpc_notifiers called with arguments () {} {{(pid=103008) wrapper /opt/stack/data/venv/lib/python3.12/site-packages/oslo_log/helpers.py:77}}
Mar 06 22:14:33.275489 np0000158081 devstack@neutron-api.service[103008]: DEBUG neutron_lib.callbacks.manager [None req-050bdbfc-30f9-492d-8998-44e095695275 None None] Subscribe: > port after_create 55550000, False {{(pid=103008) subscribe /opt/stack/data/venv/lib/python3.12/site-packages/neutron_lib/callbacks/manager.py:52}}
Mar 06 22:14:33.275628 np0000158081 devstack@neutron-api.service[103008]: DEBUG neutron_lib.callbacks.manager [None req-050bdbfc-30f9-492d-8998-44e095695275 None None] Subscribe: > port after_update 55550000, False {{(pid=103008) subscribe /opt/stack/data/venv/lib/python3.12/site-packages/neutron_lib/callbacks/manager.py:52}}
Mar 06 22:14:33.275744 np0000158081 devstack@neutron-api.service[103008]: DEBUG neutron_lib.callbacks.manager [None req-050bdbfc-30f9-492d-8998-44e095695275 None None] Subscribe: > port after_delete 55550000, False {{(pid=103008) subscribe /opt/stack/data/venv/lib/python3.12/site-packages/neutron_lib/callbacks/manager.py:52}}
Mar 06 22:14:33.275856 np0000158081 devstack@neutron-api.service[103008]: DEBUG neutron_lib.callbacks.manager [None req-050bdbfc-30f9-492d-8998-44e095695275 None None] Subscribe: > subnet after_create 55550000, False {{(pid=103008) subscribe /opt/stack/data/venv/lib/python3.12/site-packages/neutron_lib/callbacks/manager.py:52}}
Mar 06 22:14:33.275959 np0000158081 devstack@neutron-api.service[103008]: DEBUG neutron_lib.callbacks.manager [None req-050bdbfc-30f9-492d-8998-44e095695275 None None] Subscribe: > subnet after_update 55550000, False {{(pid=103008) subscribe /opt/stack/data/venv/lib/python3.12/site-packages/neutron_lib/callbacks/manager.py:52}}
Mar 06 22:14:33.276069 np0000158081 devstack@neutron-api.service[103008]: DEBUG neutron_lib.callbacks.manager [None req-050bdbfc-30f9-492d-8998-44e095695275 None None] Subscribe: > subnet after_delete 55550000, False {{(pid=103008) subscribe /opt/stack/data/venv/lib/python3.12/site-packages/neutron_lib/callbacks/manager.py:52}}
Mar 06 22:14:33.276170 np0000158081 devstack@neutron-api.service[103008]: DEBUG neutron_lib.callbacks.manager [None req-050bdbfc-30f9-492d-8998-44e095695275 None None] Subscribe: > network after_create 55550000, False {{(pid=103008) subscribe /opt/stack/data/venv/lib/python3.12/site-packages/neutron_lib/callbacks/manager.py:52}}
Mar 06 22:14:33.276270 np0000158081 devstack@neutron-api.service[103008]: DEBUG neutron_lib.callbacks.manager [None req-050bdbfc-30f9-492d-8998-44e095695275 None None] Subscribe: > network after_update 55550000, False {{(pid=103008) subscribe /opt/stack/data/venv/lib/python3.12/site-packages/neutron_lib/callbacks/manager.py:52}}
Mar 06 22:14:33.276381 np0000158081 devstack@neutron-api.service[103008]: DEBUG neutron_lib.callbacks.manager [None req-050bdbfc-30f9-492d-8998-44e095695275 None None] Subscribe: > network after_delete 55550000, False {{(pid=103008) subscribe /opt/stack/data/venv/lib/python3.12/site-packages/neutron_lib/callbacks/manager.py:52}}
Mar 06 22:14:33.276476 np0000158081 devstack@neutron-api.service[103008]: DEBUG neutron_lib.callbacks.manager [None req-050bdbfc-30f9-492d-8998-44e095695275 None None] Subscribe: > security_group after_create 55550000, False {{(pid=103008) subscribe /opt/stack/data/venv/lib/python3.12/site-packages/neutron_lib/callbacks/manager.py:52}}
Mar 06 22:14:33.276665 np0000158081 devstack@neutron-api.service[103008]: DEBUG neutron_lib.callbacks.manager [None req-050bdbfc-30f9-492d-8998-44e095695275 None None] Subscribe: > security_group after_update 55550000, False {{(pid=103008) subscribe /opt/stack/data/venv/lib/python3.12/site-packages/neutron_lib/callbacks/manager.py:52}}
Mar 06 22:14:33.276665 np0000158081 devstack@neutron-api.service[103008]: DEBUG neutron_lib.callbacks.manager [None req-050bdbfc-30f9-492d-8998-44e095695275 None None] Subscribe: > security_group after_delete 55550000, False {{(pid=103008) subscribe /opt/stack/data/venv/lib/python3.12/site-packages/neutron_lib/callbacks/manager.py:52}}
Mar 06 22:14:33.276965 np0000158081 devstack@neutron-api.service[103008]: DEBUG neutron_lib.callbacks.manager [None req-050bdbfc-30f9-492d-8998-44e095695275 None None] Subscribe: > security_group_rule after_create 55550000, False {{(pid=103008) subscribe /opt/stack/data/venv/lib/python3.12/site-packages/neutron_lib/callbacks/manager.py:52}}
Mar 06 22:14:33.277104 np0000158081 devstack@neutron-api.service[103008]: DEBUG neutron_lib.callbacks.manager [None req-050bdbfc-30f9-492d-8998-44e095695275 None None] Subscribe: > security_group_rule after_update 55550000, False {{(pid=103008) subscribe /opt/stack/data/venv/lib/python3.12/site-packages/neutron_lib/callbacks/manager.py:52}}
Mar 06 22:14:33.277151 np0000158081 devstack@neutron-api.service[103008]: DEBUG neutron_lib.callbacks.manager [None req-050bdbfc-30f9-492d-8998-44e095695275 None None] Subscribe: > security_group_rule after_delete 55550000, False {{(pid=103008) subscribe /opt/stack/data/venv/lib/python3.12/site-packages/neutron_lib/callbacks/manager.py:52}}
Mar 06 22:14:33.277239 np0000158081 devstack@neutron-api.service[103008]: DEBUG neutron_lib.callbacks.manager [None req-050bdbfc-30f9-492d-8998-44e095695275 None None] Subscribe: > address_group after_create 55550000, False {{(pid=103008) subscribe /opt/stack/data/venv/lib/python3.12/site-packages/neutron_lib/callbacks/manager.py:52}}
Mar 06 22:14:33.277328 np0000158081 devstack@neutron-api.service[103008]: DEBUG neutron_lib.callbacks.manager [None req-050bdbfc-30f9-492d-8998-44e095695275 None None] Subscribe: > address_group after_update 55550000, False {{(pid=103008) subscribe /opt/stack/data/venv/lib/python3.12/site-packages/neutron_lib/callbacks/manager.py:52}}
Mar 06 22:14:33.277420 np0000158081 devstack@neutron-api.service[103008]: DEBUG neutron_lib.callbacks.manager [None req-050bdbfc-30f9-492d-8998-44e095695275 None None] Subscribe: > address_group after_delete 55550000, False {{(pid=103008) subscribe /opt/stack/data/venv/lib/python3.12/site-packages/neutron_lib/callbacks/manager.py:52}}
Mar 06 22:14:33.277517 np0000158081 devstack@neutron-api.service[103008]: DEBUG neutron.plugins.ml2.ovo_rpc [None req-050bdbfc-30f9-492d-8998-44e095695275 None None] ML2 OVO RPC backend initialized. {{(pid=103008) __init__ /opt/stack/neutron/neutron/plugins/ml2/ovo_rpc.py:117}}
Mar 06 22:14:33.278371 np0000158081 devstack@neutron-api.service[103008]: INFO neutron.quota [None req-050bdbfc-30f9-492d-8998-44e095695275 None None] Loaded quota_driver: .
Mar 06 22:14:33.278507 np0000158081 devstack@neutron-api.service[103008]: INFO neutron.plugins.ml2.plugin [None req-050bdbfc-30f9-492d-8998-44e095695275 None None] Modular L2 Plugin initialization complete
Mar 06 22:14:33.279056 np0000158081 devstack@neutron-api.service[103008]: DEBUG neutron.manager [None req-050bdbfc-30f9-492d-8998-44e095695275 None None] Loading services supported by the core plugin {{(pid=103008) _load_services_from_core_plugin /opt/stack/neutron/neutron/manager.py:169}}
Mar 06 22:14:33.279056 np0000158081 devstack@neutron-api.service[103008]: INFO neutron.plugins.ml2.managers [None req-050bdbfc-30f9-492d-8998-44e095695275 None None] Got port-security extension from driver 'port_security'
Mar 06 22:14:33.279056 np0000158081 devstack@neutron-api.service[103008]: DEBUG neutron.manager [None req-050bdbfc-30f9-492d-8998-44e095695275 None None] Loading service plugins: ['ovn-router', 'auto_allocate', 'tag', 'timestamp', 'network_ip_availability', 'flavors', 'revisions'] {{(pid=103008) _load_service_plugins /opt/stack/neutron/neutron/manager.py:194}}
Mar 06 22:14:33.279195 np0000158081 devstack@neutron-api.service[103008]: INFO neutron.manager [None req-050bdbfc-30f9-492d-8998-44e095695275 None None] Loading Plugin: ovn-router
Mar 06 22:14:33.285479 np0000158081 devstack@neutron-api.service[103010]: INFO neutron.plugins.ml2.drivers.type_vlan [None req-3f7c3a08-499d-43dc-a74f-82a760cb0bf2 None None] VlanTypeDriver initialization complete
Mar 06 22:14:33.285662 np0000158081 devstack@neutron-api.service[103010]: INFO neutron.plugins.ml2.managers [None req-3f7c3a08-499d-43dc-a74f-82a760cb0bf2 None None] Initializing extension driver 'port_security'
Mar 06 22:14:33.285803 np0000158081 devstack@neutron-api.service[103010]: INFO neutron.plugins.ml2.extensions.port_security [None req-3f7c3a08-499d-43dc-a74f-82a760cb0bf2 None None] PortSecurityExtensionDriver initialization complete
Mar 06 22:14:33.285832 np0000158081 devstack@neutron-api.service[103010]: INFO neutron.plugins.ml2.managers [None req-3f7c3a08-499d-43dc-a74f-82a760cb0bf2 None None] Initializing extension driver 'qos'
Mar 06 22:14:33.286043 np0000158081 devstack@neutron-api.service[103010]: DEBUG neutron.plugins.ml2.extensions.qos [None req-3f7c3a08-499d-43dc-a74f-82a760cb0bf2 None None] QosExtensionDriver initialization complete {{(pid=103010) initialize /opt/stack/neutron/neutron/plugins/ml2/extensions/qos.py:31}}
Mar 06 22:14:33.286043 np0000158081 devstack@neutron-api.service[103010]: INFO neutron.plugins.ml2.managers [None req-3f7c3a08-499d-43dc-a74f-82a760cb0bf2 None None] Initializing mechanism driver 'ovn'
Mar 06 22:14:33.286226 np0000158081 devstack@neutron-api.service[103010]: INFO neutron.plugins.ml2.drivers.ovn.mech_driver.mech_driver [None req-3f7c3a08-499d-43dc-a74f-82a760cb0bf2 None None] Starting OVNMechanismDriver
Mar 06 22:14:33.287908 np0000158081 devstack@neutron-api.service[103008]: DEBUG neutron_lib.callbacks.manager [None req-050bdbfc-30f9-492d-8998-44e095695275 None None] Subscribe: > router before_delete 55550000, False {{(pid=103008) subscribe /opt/stack/data/venv/lib/python3.12/site-packages/neutron_lib/callbacks/manager.py:52}}
Mar 06 22:14:33.287961 np0000158081 devstack@neutron-api.service[103010]: DEBUG neutron_lib.callbacks.manager [None req-3f7c3a08-499d-43dc-a74f-82a760cb0bf2 None None] Subscribe: > process before_spawn 55550000, False {{(pid=103010) subscribe /opt/stack/data/venv/lib/python3.12/site-packages/neutron_lib/callbacks/manager.py:52}}
Mar 06 22:14:33.288057 np0000158081 devstack@neutron-api.service[103008]: DEBUG neutron_lib.callbacks.manager [None req-050bdbfc-30f9-492d-8998-44e095695275 None None] Subscribe: port after_update 55550000, False {{(pid=103008) subscribe /opt/stack/data/venv/lib/python3.12/site-packages/neutron_lib/callbacks/manager.py:52}}
Mar 06 22:14:33.288083 np0000158081 devstack@neutron-api.service[103010]: DEBUG neutron_lib.callbacks.manager [None req-3f7c3a08-499d-43dc-a74f-82a760cb0bf2 None None] Subscribe: > process after_init 55550000, True {{(pid=103010) subscribe /opt/stack/data/venv/lib/python3.12/site-packages/neutron_lib/callbacks/manager.py:52}}
Mar 06 22:14:33.288213 np0000158081 devstack@neutron-api.service[103008]: DEBUG neutron_lib.callbacks.manager [None req-050bdbfc-30f9-492d-8998-44e095695275 None None] Subscribe: port after_delete 55550000, False {{(pid=103008) subscribe /opt/stack/data/venv/lib/python3.12/site-packages/neutron_lib/callbacks/manager.py:52}}
Mar 06 22:14:33.288320 np0000158081 devstack@neutron-api.service[103010]: DEBUG neutron_lib.callbacks.manager [None req-3f7c3a08-499d-43dc-a74f-82a760cb0bf2 None None] Subscribe: > segment after_create 55550000, False {{(pid=103010) subscribe /opt/stack/data/venv/lib/python3.12/site-packages/neutron_lib/callbacks/manager.py:52}}
Mar 06 22:14:33.288427 np0000158081 devstack@neutron-api.service[103008]: DEBUG neutron_lib.callbacks.manager [None req-050bdbfc-30f9-492d-8998-44e095695275 None None] Subscribe: subnet after_update 55550000, False {{(pid=103008) subscribe /opt/stack/data/venv/lib/python3.12/site-packages/neutron_lib/callbacks/manager.py:52}}
Mar 06 22:14:33.288484 np0000158081 devstack@neutron-api.service[103010]: DEBUG neutron_lib.callbacks.manager [None req-3f7c3a08-499d-43dc-a74f-82a760cb0bf2 None None] Subscribe: > segment after_create 55550000, False {{(pid=103010) subscribe /opt/stack/data/venv/lib/python3.12/site-packages/neutron_lib/callbacks/manager.py:52}}
Mar 06 22:14:33.288513 np0000158081 devstack@neutron-api.service[103008]: DEBUG neutron_lib.callbacks.manager [None req-050bdbfc-30f9-492d-8998-44e095695275 None None] Subscribe: subnetpool_address_scope after_update 55550000, False {{(pid=103008) subscribe /opt/stack/data/venv/lib/python3.12/site-packages/neutron_lib/callbacks/manager.py:52}}
Mar 06 22:14:33.288564 np0000158081 devstack@neutron-api.service[103010]: DEBUG neutron_lib.callbacks.manager [None req-3f7c3a08-499d-43dc-a74f-82a760cb0bf2 None None] Subscribe: > segment after_delete 55550000, False {{(pid=103010) subscribe /opt/stack/data/venv/lib/python3.12/site-packages/neutron_lib/callbacks/manager.py:52}}
Mar 06 22:14:33.288593 np0000158081 devstack@neutron-api.service[103008]: DEBUG neutron_lib.callbacks.manager [None req-050bdbfc-30f9-492d-8998-44e095695275 None None] Subscribe: port before_update 55550000, False {{(pid=103008) subscribe /opt/stack/data/venv/lib/python3.12/site-packages/neutron_lib/callbacks/manager.py:52}}
Mar 06 22:14:33.288643 np0000158081 devstack@neutron-api.service[103010]: DEBUG neutron_lib.callbacks.manager [None req-3f7c3a08-499d-43dc-a74f-82a760cb0bf2 None None] Subscribe: > allowed_address_pair before_create 55550000, False {{(pid=103010) subscribe /opt/stack/data/venv/lib/python3.12/site-packages/neutron_lib/callbacks/manager.py:52}}
Mar 06 22:14:33.288672 np0000158081 devstack@neutron-api.service[103008]: DEBUG neutron_lib.callbacks.manager [None req-050bdbfc-30f9-492d-8998-44e095695275 None None] Subscribe: port after_update 55550000, False {{(pid=103008) subscribe /opt/stack/data/venv/lib/python3.12/site-packages/neutron_lib/callbacks/manager.py:52}}
Mar 06 22:14:33.288738 np0000158081 devstack@neutron-api.service[103010]: DEBUG neutron_lib.callbacks.manager [None req-3f7c3a08-499d-43dc-a74f-82a760cb0bf2 None None] Subscribe: > security_group precommit_create 55550000, False {{(pid=103010) subscribe /opt/stack/data/venv/lib/python3.12/site-packages/neutron_lib/callbacks/manager.py:52}}
Mar 06 22:14:33.288764 np0000158081 devstack@neutron-api.service[103008]: DEBUG neutron_lib.callbacks.manager [None req-050bdbfc-30f9-492d-8998-44e095695275 None None] Subscribe: > port precommit_delete 55550000, False {{(pid=103008) subscribe /opt/stack/data/venv/lib/python3.12/site-packages/neutron_lib/callbacks/manager.py:52}}
Mar 06 22:14:33.288826 np0000158081 devstack@neutron-api.service[103010]: DEBUG neutron_lib.callbacks.manager [None req-3f7c3a08-499d-43dc-a74f-82a760cb0bf2 None None] Subscribe: > security_group after_update 55550000, False {{(pid=103010) subscribe /opt/stack/data/venv/lib/python3.12/site-packages/neutron_lib/callbacks/manager.py:52}}
Mar 06 22:14:33.288854 np0000158081 devstack@neutron-api.service[103008]: DEBUG neutron_lib.callbacks.manager [None req-050bdbfc-30f9-492d-8998-44e095695275 None None] Subscribe: port before_update 55550000, False {{(pid=103008) subscribe /opt/stack/data/venv/lib/python3.12/site-packages/neutron_lib/callbacks/manager.py:52}}
Mar 06 22:14:33.288904 np0000158081 devstack@neutron-api.service[103010]: DEBUG neutron_lib.callbacks.manager [None req-3f7c3a08-499d-43dc-a74f-82a760cb0bf2 None None] Subscribe: > security_group after_create 55550000, False {{(pid=103010) subscribe /opt/stack/data/venv/lib/python3.12/site-packages/neutron_lib/callbacks/manager.py:52}}
Mar 06 22:14:33.288930 np0000158081 devstack@neutron-api.service[103008]: DEBUG neutron_lib.callbacks.manager [None req-050bdbfc-30f9-492d-8998-44e095695275 None None] Subscribe: port before_delete 55550000, False {{(pid=103008) subscribe /opt/stack/data/venv/lib/python3.12/site-packages/neutron_lib/callbacks/manager.py:52}}
Mar 06 22:14:33.288986 np0000158081 devstack@neutron-api.service[103010]: DEBUG neutron_lib.callbacks.manager [None req-3f7c3a08-499d-43dc-a74f-82a760cb0bf2 None None] Subscribe: > security_group precommit_delete 55550000, False {{(pid=103010) subscribe /opt/stack/data/venv/lib/python3.12/site-packages/neutron_lib/callbacks/manager.py:52}}
Mar 06 22:14:33.289012 np0000158081 devstack@neutron-api.service[103008]: DEBUG neutron_lib.callbacks.manager [None req-050bdbfc-30f9-492d-8998-44e095695275 None None] Subscribe: > router precommit_create 55550000, False {{(pid=103008) subscribe /opt/stack/data/venv/lib/python3.12/site-packages/neutron_lib/callbacks/manager.py:52}}
Mar 06 22:14:33.289060 np0000158081 devstack@neutron-api.service[103008]: DEBUG neutron_lib.callbacks.manager [None req-050bdbfc-30f9-492d-8998-44e095695275 None None] Subscribe: > router precommit_create 55550000, False {{(pid=103008) subscribe /opt/stack/data/venv/lib/python3.12/site-packages/neutron_lib/callbacks/manager.py:52}}
Mar 06 22:14:33.289085 np0000158081 devstack@neutron-api.service[103010]: DEBUG neutron_lib.callbacks.manager [None req-3f7c3a08-499d-43dc-a74f-82a760cb0bf2 None None] Subscribe: > security_group after_delete 55550000, False {{(pid=103010) subscribe /opt/stack/data/venv/lib/python3.12/site-packages/neutron_lib/callbacks/manager.py:52}}
Mar 06 22:14:33.289457 np0000158081 devstack@neutron-api.service[103008]: DEBUG neutron_lib.callbacks.manager [None req-050bdbfc-30f9-492d-8998-44e095695275 None None] Subscribe: > router precommit_update 55550000, False {{(pid=103008) subscribe /opt/stack/data/venv/lib/python3.12/site-packages/neutron_lib/callbacks/manager.py:52}}
Mar 06 22:14:33.289657 np0000158081 devstack@neutron-api.service[103010]: DEBUG neutron_lib.callbacks.manager [None req-3f7c3a08-499d-43dc-a74f-82a760cb0bf2 None None] Subscribe: > security_group_rule precommit_create 55550000, False {{(pid=103010) subscribe /opt/stack/data/venv/lib/python3.12/site-packages/neutron_lib/callbacks/manager.py:52}}
Mar 06 22:14:33.289812 np0000158081 devstack@neutron-api.service[103008]: DEBUG neutron_lib.callbacks.manager [None req-050bdbfc-30f9-492d-8998-44e095695275 None None] Subscribe: subnet after_update 55550000, False {{(pid=103008) subscribe /opt/stack/data/venv/lib/python3.12/site-packages/neutron_lib/callbacks/manager.py:52}}
Mar 06 22:14:33.289929 np0000158081 devstack@neutron-api.service[103010]: DEBUG neutron_lib.callbacks.manager [None req-3f7c3a08-499d-43dc-a74f-82a760cb0bf2 None None] Subscribe: > security_group_rule after_create 55550000, False {{(pid=103010) subscribe /opt/stack/data/venv/lib/python3.12/site-packages/neutron_lib/callbacks/manager.py:52}}
Mar 06 22:14:33.289929 np0000158081 devstack@neutron-api.service[103010]: DEBUG neutron_lib.callbacks.manager [None req-3f7c3a08-499d-43dc-a74f-82a760cb0bf2 None None] Subscribe: > security_group_rule before_delete 55550000, False {{(pid=103010) subscribe /opt/stack/data/venv/lib/python3.12/site-packages/neutron_lib/callbacks/manager.py:52}}
Mar 06 22:14:33.289929 np0000158081 devstack@neutron-api.service[103010]: DEBUG neutron_lib.callbacks.manager [None req-3f7c3a08-499d-43dc-a74f-82a760cb0bf2 None None] Subscribe: > address_group after_create 55550000, False {{(pid=103010) subscribe /opt/stack/data/venv/lib/python3.12/site-packages/neutron_lib/callbacks/manager.py:52}}
Mar 06 22:14:33.289929 np0000158081 devstack@neutron-api.service[103010]: DEBUG neutron_lib.callbacks.manager [None req-3f7c3a08-499d-43dc-a74f-82a760cb0bf2 None None] Subscribe: > address_group after_update 55550000, False {{(pid=103010) subscribe /opt/stack/data/venv/lib/python3.12/site-packages/neutron_lib/callbacks/manager.py:52}}
Mar 06 22:14:33.290211 np0000158081 devstack@neutron-api.service[103010]: DEBUG neutron_lib.callbacks.manager [None req-3f7c3a08-499d-43dc-a74f-82a760cb0bf2 None None] Subscribe: > address_group after_delete 55550000, False {{(pid=103010) subscribe /opt/stack/data/venv/lib/python3.12/site-packages/neutron_lib/callbacks/manager.py:52}}
Mar 06 22:14:33.290358 np0000158081 devstack@neutron-api.service[103007]: INFO neutron.plugins.ml2.drivers.type_vlan [None req-62acd666-9bb5-4e58-9ef5-f1ae7c18e0e4 None None] VlanTypeDriver initialization complete
Mar 06 22:14:33.290358 np0000158081 devstack@neutron-api.service[103007]: INFO neutron.plugins.ml2.managers [None req-62acd666-9bb5-4e58-9ef5-f1ae7c18e0e4 None None] Initializing extension driver 'port_security'
Mar 06 22:14:33.290789 np0000158081 devstack@neutron-api.service[103008]: DEBUG neutron.quota.resource_registry [None req-050bdbfc-30f9-492d-8998-44e095695275 None None] Tracking information for resource: router configured {{(pid=103008) set_tracked_resource /opt/stack/neutron/neutron/quota/resource_registry.py:203}}
Mar 06 22:14:33.290893 np0000158081 devstack@neutron-api.service[103010]: DEBUG neutron_lib.callbacks.manager [None req-3f7c3a08-499d-43dc-a74f-82a760cb0bf2 None None] Subscribe: > qos_plugin after_init 55550000, False {{(pid=103010) subscribe /opt/stack/data/venv/lib/python3.12/site-packages/neutron_lib/callbacks/manager.py:52}}
Mar 06 22:14:33.290943 np0000158081 devstack@neutron-api.service[103007]: INFO neutron.plugins.ml2.extensions.port_security [None req-62acd666-9bb5-4e58-9ef5-f1ae7c18e0e4 None None] PortSecurityExtensionDriver initialization complete
Mar 06 22:14:33.290971 np0000158081 devstack@neutron-api.service[103008]: DEBUG neutron.quota.resource_registry [None req-050bdbfc-30f9-492d-8998-44e095695275 None None] Tracking information for resource: floatingip configured {{(pid=103008) set_tracked_resource /opt/stack/neutron/neutron/quota/resource_registry.py:203}}
Mar 06 22:14:33.291027 np0000158081 devstack@neutron-api.service[103007]: INFO neutron.plugins.ml2.managers [None req-62acd666-9bb5-4e58-9ef5-f1ae7c18e0e4 None None] Initializing extension driver 'qos'
Mar 06 22:14:33.291080 np0000158081 devstack@neutron-api.service[103008]: INFO neutron.services.ovn_l3.plugin [None req-050bdbfc-30f9-492d-8998-44e095695275 None None] Starting OVNL3RouterPlugin
Mar 06 22:14:33.291105 np0000158081 devstack@neutron-api.service[103010]: DEBUG neutron_lib.callbacks.manager [None req-3f7c3a08-499d-43dc-a74f-82a760cb0bf2 None None] Subscribe: > trunk_plugin after_init 55550000, False {{(pid=103010) subscribe /opt/stack/data/venv/lib/python3.12/site-packages/neutron_lib/callbacks/manager.py:52}}
Mar 06 22:14:33.291152 np0000158081 devstack@neutron-api.service[103007]: DEBUG neutron.plugins.ml2.extensions.qos [None req-62acd666-9bb5-4e58-9ef5-f1ae7c18e0e4 None None] QosExtensionDriver initialization complete {{(pid=103007) initialize /opt/stack/neutron/neutron/plugins/ml2/extensions/qos.py:31}}
Mar 06 22:14:33.291152 np0000158081 devstack@neutron-api.service[103007]: INFO neutron.plugins.ml2.managers [None req-62acd666-9bb5-4e58-9ef5-f1ae7c18e0e4 None None] Initializing mechanism driver 'ovn'
Mar 06 22:14:33.291196 np0000158081 devstack@neutron-api.service[103008]: DEBUG neutron_lib.callbacks.manager [None req-050bdbfc-30f9-492d-8998-44e095695275 None None] Subscribe: > port_forwarding_plugin after_init 55550000, False {{(pid=103008) subscribe /opt/stack/data/venv/lib/python3.12/site-packages/neutron_lib/callbacks/manager.py:52}}
Mar 06 22:14:33.291250 np0000158081 devstack@neutron-api.service[103010]: DEBUG neutron_lib.callbacks.manager [None req-3f7c3a08-499d-43dc-a74f-82a760cb0bf2 None None] Subscribe: > logging-plugin after_init 55550000, False {{(pid=103010) subscribe /opt/stack/data/venv/lib/python3.12/site-packages/neutron_lib/callbacks/manager.py:52}}
Mar 06 22:14:33.291316 np0000158081 devstack@neutron-api.service[103007]: INFO neutron.plugins.ml2.drivers.ovn.mech_driver.mech_driver [None req-62acd666-9bb5-4e58-9ef5-f1ae7c18e0e4 None None] Starting OVNMechanismDriver
Mar 06 22:14:33.291340 np0000158081 devstack@neutron-api.service[103008]: DEBUG neutron_lib.callbacks.manager [None req-050bdbfc-30f9-492d-8998-44e095695275 None None] Subscribe: > router before_create 55550100, False {{(pid=103008) subscribe /opt/stack/data/venv/lib/python3.12/site-packages/neutron_lib/callbacks/manager.py:52}}
Mar 06 22:14:33.291340 np0000158081 devstack@neutron-api.service[103008]: DEBUG neutron_lib.callbacks.manager [None req-050bdbfc-30f9-492d-8998-44e095695275 None None] Subscribe: > router precommit_delete 55550100, False {{(pid=103008) subscribe /opt/stack/data/venv/lib/python3.12/site-packages/neutron_lib/callbacks/manager.py:52}}
