Sep 09 13:24:39.589564 np0000192391 nova-scheduler[107477]: DEBUG cotyledon.oslo_config_glue [-] workarounds.qemu_monitor_announce_self_count = 3 {{(pid=107477) log_opt_values /opt/stack/data/venv/lib/python3.12/site-packages/oslo_config/cfg.py:3560}}
Sep 09 13:24:39.589564 np0000192391 nova-scheduler[107477]: DEBUG cotyledon.oslo_config_glue [-] workarounds.qemu_monitor_announce_self_interval = 1 {{(pid=107477) log_opt_values /opt/stack/data/venv/lib/python3.12/site-packages/oslo_config/cfg.py:3560}}
Sep 09 13:24:39.589564 np0000192391 nova-scheduler[107477]: DEBUG cotyledon.oslo_config_glue [-] workarounds.reserve_disk_resource_for_image_cache = False {{(pid=107477) log_opt_values /opt/stack/data/venv/lib/python3.12/site-packages/oslo_config/cfg.py:3560}}
Sep 09 13:24:39.589564 np0000192391 nova-scheduler[107477]: DEBUG cotyledon.oslo_config_glue [-] workarounds.skip_cpu_compare_at_startup = False {{(pid=107477) log_opt_values /opt/stack/data/venv/lib/python3.12/site-packages/oslo_config/cfg.py:3560}}
Sep 09 13:24:39.589564 np0000192391 nova-scheduler[107477]: DEBUG cotyledon.oslo_config_glue [-] workarounds.skip_cpu_compare_on_dest = False {{(pid=107477) log_opt_values /opt/stack/data/venv/lib/python3.12/site-packages/oslo_config/cfg.py:3560}}
Sep 09 13:24:39.589564 np0000192391 nova-scheduler[107477]: DEBUG cotyledon.oslo_config_glue [-] workarounds.skip_hypervisor_version_check_on_lm = False {{(pid=107477) log_opt_values /opt/stack/data/venv/lib/python3.12/site-packages/oslo_config/cfg.py:3560}}
Sep 09 13:24:39.589564 np0000192391 nova-scheduler[107477]: DEBUG cotyledon.oslo_config_glue [-] workarounds.skip_reserve_in_use_ironic_nodes = False {{(pid=107477) log_opt_values /opt/stack/data/venv/lib/python3.12/site-packages/oslo_config/cfg.py:3560}}
Sep 09 13:24:39.589756 np0000192391 nova-scheduler[107477]: DEBUG cotyledon.oslo_config_glue [-] workarounds.unified_limits_count_pcpu_as_vcpu = False {{(pid=107477) log_opt_values /opt/stack/data/venv/lib/python3.12/site-packages/oslo_config/cfg.py:3560}}
Sep 09 13:24:39.589756 np0000192391 nova-scheduler[107477]: DEBUG cotyledon.oslo_config_glue [-] workarounds.wait_for_vif_plugged_event_during_hard_reboot = [] {{(pid=107477) log_opt_values /opt/stack/data/venv/lib/python3.12/site-packages/oslo_config/cfg.py:3560}}
Sep 09 13:24:39.589756 np0000192391 nova-scheduler[107477]: DEBUG cotyledon.oslo_config_glue [-] wsgi.api_paste_config = /etc/nova/api-paste.ini {{(pid=107477) log_opt_values /opt/stack/data/venv/lib/python3.12/site-packages/oslo_config/cfg.py:3560}}
Sep 09 13:24:39.589756 np0000192391 nova-scheduler[107477]: DEBUG cotyledon.oslo_config_glue [-] wsgi.secure_proxy_ssl_header = None {{(pid=107477) log_opt_values /opt/stack/data/venv/lib/python3.12/site-packages/oslo_config/cfg.py:3560}}
Sep 09 13:24:39.589756 np0000192391 nova-scheduler[107477]: DEBUG cotyledon.oslo_config_glue [-] zvm.ca_file = None {{(pid=107477) log_opt_values /opt/stack/data/venv/lib/python3.12/site-packages/oslo_config/cfg.py:3560}}
Sep 09 13:24:39.589756 np0000192391 nova-scheduler[107477]: DEBUG cotyledon.oslo_config_glue [-] zvm.cloud_connector_url = None {{(pid=107477) log_opt_values /opt/stack/data/venv/lib/python3.12/site-packages/oslo_config/cfg.py:3560}}
Sep 09 13:24:39.589756 np0000192391 nova-scheduler[107477]: DEBUG cotyledon.oslo_config_glue [-] zvm.image_tmp_path = /opt/stack/data/nova/images {{(pid=107477) log_opt_values /opt/stack/data/venv/lib/python3.12/site-packages/oslo_config/cfg.py:3560}}
Sep 09 13:24:39.589756 np0000192391 nova-scheduler[107477]: DEBUG cotyledon.oslo_config_glue [-] zvm.reachable_timeout = 300 {{(pid=107477) log_opt_values /opt/stack/data/venv/lib/python3.12/site-packages/oslo_config/cfg.py:3560}}
Sep 09 13:24:39.589756 np0000192391 nova-scheduler[107477]: DEBUG cotyledon.oslo_config_glue [-] oslo_versionedobjects.fatal_exception_format_errors = False {{(pid=107477) log_opt_values /opt/stack/data/venv/lib/python3.12/site-packages/oslo_config/cfg.py:3560}}
Sep 09 13:24:39.590003 np0000192391 nova-scheduler[107477]: DEBUG cotyledon.oslo_config_glue [-] oslo_middleware.http_basic_auth_user_file = /etc/htpasswd {{(pid=107477) log_opt_values /opt/stack/data/venv/lib/python3.12/site-packages/oslo_config/cfg.py:3560}}
Sep 09 13:24:39.590003 np0000192391 nova-scheduler[107477]: DEBUG cotyledon.oslo_config_glue [-] oslo_messaging_metrics.metrics_buffer_size = 1000 {{(pid=107477) log_opt_values /opt/stack/data/venv/lib/python3.12/site-packages/oslo_config/cfg.py:3560}}
Sep 09 13:24:39.590003 np0000192391 nova-scheduler[107477]: DEBUG cotyledon.oslo_config_glue [-] oslo_messaging_metrics.metrics_enabled = False {{(pid=107477) log_opt_values /opt/stack/data/venv/lib/python3.12/site-packages/oslo_config/cfg.py:3560}}
Sep 09 13:24:39.590003 np0000192391 nova-scheduler[107477]: DEBUG cotyledon.oslo_config_glue [-] oslo_messaging_metrics.metrics_process_name = {{(pid=107477) log_opt_values /opt/stack/data/venv/lib/python3.12/site-packages/oslo_config/cfg.py:3560}}
Sep 09 13:24:39.590003 np0000192391 nova-scheduler[107477]: DEBUG cotyledon.oslo_config_glue [-] oslo_messaging_metrics.metrics_socket_file = /var/tmp/metrics_collector.sock {{(pid=107477) log_opt_values /opt/stack/data/venv/lib/python3.12/site-packages/oslo_config/cfg.py:3560}}
Sep 09 13:24:39.590003 np0000192391 nova-scheduler[107477]: DEBUG cotyledon.oslo_config_glue [-] oslo_messaging_metrics.metrics_thread_stop_timeout = 10 {{(pid=107477) log_opt_values /opt/stack/data/venv/lib/python3.12/site-packages/oslo_config/cfg.py:3560}}
Sep 09 13:24:39.590003 np0000192391 nova-scheduler[107477]: DEBUG cotyledon.oslo_config_glue [-] oslo_messaging_tracing.insecure = False {{(pid=107477) log_opt_values /opt/stack/data/venv/lib/python3.12/site-packages/oslo_config/cfg.py:3560}}
Sep 09 13:24:39.590003 np0000192391 nova-scheduler[107477]: DEBUG cotyledon.oslo_config_glue [-] oslo_messaging_tracing.otel_exporter_otlp_endpoint = http://localhost:4318 {{(pid=107477) log_opt_values /opt/stack/data/venv/lib/python3.12/site-packages/oslo_config/cfg.py:3560}}
Sep 09 13:24:39.590184 np0000192391 nova-scheduler[107477]: DEBUG cotyledon.oslo_config_glue [-] oslo_messaging_tracing.otlp_protocol = http/protobuf {{(pid=107477) log_opt_values /opt/stack/data/venv/lib/python3.12/site-packages/oslo_config/cfg.py:3560}}
Sep 09 13:24:39.590184 np0000192391 nova-scheduler[107477]: DEBUG cotyledon.oslo_config_glue [-] oslo_messaging_tracing.tracing_enabled = False {{(pid=107477) log_opt_values /opt/stack/data/venv/lib/python3.12/site-packages/oslo_config/cfg.py:3560}}
Sep 09 13:24:39.590184 np0000192391 nova-scheduler[107477]: DEBUG cotyledon.oslo_config_glue [-] oslo_messaging_tracing.tracing_service_name = openstack {{(pid=107477) log_opt_values /opt/stack/data/venv/lib/python3.12/site-packages/oslo_config/cfg.py:3560}}
Sep 09 13:24:39.590184 np0000192391 nova-scheduler[107477]: DEBUG cotyledon.oslo_config_glue [-] profiler.connection_string = messaging:// {{(pid=107477) log_opt_values /opt/stack/data/venv/lib/python3.12/site-packages/oslo_config/cfg.py:3560}}
Sep 09 13:24:39.590184 np0000192391 nova-scheduler[107477]: DEBUG cotyledon.oslo_config_glue [-] profiler.enabled = False {{(pid=107477) log_opt_values /opt/stack/data/venv/lib/python3.12/site-packages/oslo_config/cfg.py:3560}}
Sep 09 13:24:39.590184 np0000192391 nova-scheduler[107477]: DEBUG cotyledon.oslo_config_glue [-] profiler.es_doc_type = notification {{(pid=107477) log_opt_values /opt/stack/data/venv/lib/python3.12/site-packages/oslo_config/cfg.py:3560}}
Sep 09 13:24:39.590184 np0000192391 nova-scheduler[107477]: DEBUG cotyledon.oslo_config_glue [-] profiler.es_scroll_size = 10000 {{(pid=107477) log_opt_values /opt/stack/data/venv/lib/python3.12/site-packages/oslo_config/cfg.py:3560}}
Sep 09 13:24:39.590184 np0000192391 nova-scheduler[107477]: DEBUG cotyledon.oslo_config_glue [-] profiler.es_scroll_time = 2m {{(pid=107477) log_opt_values /opt/stack/data/venv/lib/python3.12/site-packages/oslo_config/cfg.py:3560}}
Sep 09 13:24:39.590184 np0000192391 nova-scheduler[107477]: DEBUG cotyledon.oslo_config_glue [-] profiler.filter_error_trace = False {{(pid=107477) log_opt_values /opt/stack/data/venv/lib/python3.12/site-packages/oslo_config/cfg.py:3560}}
Sep 09 13:24:39.590384 np0000192391 nova-scheduler[107477]: DEBUG cotyledon.oslo_config_glue [-] profiler.hmac_keys = **** {{(pid=107477) log_opt_values /opt/stack/data/venv/lib/python3.12/site-packages/oslo_config/cfg.py:3560}}
Sep 09 13:24:39.590384 np0000192391 nova-scheduler[107477]: DEBUG cotyledon.oslo_config_glue [-] profiler.sentinel_service_name = mymaster {{(pid=107477) log_opt_values /opt/stack/data/venv/lib/python3.12/site-packages/oslo_config/cfg.py:3560}}
Sep 09 13:24:39.590384 np0000192391 nova-scheduler[107477]: DEBUG cotyledon.oslo_config_glue [-] profiler.socket_timeout = 0.1 {{(pid=107477) log_opt_values /opt/stack/data/venv/lib/python3.12/site-packages/oslo_config/cfg.py:3560}}
Sep 09 13:24:39.590384 np0000192391 nova-scheduler[107477]: DEBUG cotyledon.oslo_config_glue [-] profiler.trace_requests = False {{(pid=107477) log_opt_values /opt/stack/data/venv/lib/python3.12/site-packages/oslo_config/cfg.py:3560}}
Sep 09 13:24:39.590384 np0000192391 nova-scheduler[107477]: DEBUG cotyledon.oslo_config_glue [-] profiler.trace_sqlalchemy = False {{(pid=107477) log_opt_values /opt/stack/data/venv/lib/python3.12/site-packages/oslo_config/cfg.py:3560}}
Sep 09 13:24:39.590384 np0000192391 nova-scheduler[107477]: DEBUG cotyledon.oslo_config_glue [-] profiler_jaeger.process_tags = {} {{(pid=107477) log_opt_values /opt/stack/data/venv/lib/python3.12/site-packages/oslo_config/cfg.py:3560}}
Sep 09 13:24:39.590384 np0000192391 nova-scheduler[107477]: DEBUG cotyledon.oslo_config_glue [-] profiler_jaeger.service_name_prefix = None {{(pid=107477) log_opt_values /opt/stack/data/venv/lib/python3.12/site-packages/oslo_config/cfg.py:3560}}
Sep 09 13:24:39.590384 np0000192391 nova-scheduler[107477]: DEBUG cotyledon.oslo_config_glue [-] profiler_otlp.service_name_prefix = None {{(pid=107477) log_opt_values /opt/stack/data/venv/lib/python3.12/site-packages/oslo_config/cfg.py:3560}}
Sep 09 13:24:39.590384 np0000192391 nova-scheduler[107477]: DEBUG cotyledon.oslo_config_glue [-] oslo_messaging_rabbit.amqp_auto_delete = False {{(pid=107477) log_opt_values /opt/stack/data/venv/lib/python3.12/site-packages/oslo_config/cfg.py:3560}}
Sep 09 13:24:39.590594 np0000192391 nova-scheduler[107477]: DEBUG cotyledon.oslo_config_glue [-] oslo_messaging_rabbit.amqp_durable_queues = False {{(pid=107477) log_opt_values /opt/stack/data/venv/lib/python3.12/site-packages/oslo_config/cfg.py:3560}}
Sep 09 13:24:39.590594 np0000192391 nova-scheduler[107477]: DEBUG cotyledon.oslo_config_glue [-] oslo_messaging_rabbit.conn_pool_min_size = 2 {{(pid=107477) log_opt_values /opt/stack/data/venv/lib/python3.12/site-packages/oslo_config/cfg.py:3560}}
Sep 09 13:24:39.590594 np0000192391 nova-scheduler[107477]: DEBUG cotyledon.oslo_config_glue [-] oslo_messaging_rabbit.conn_pool_ttl = 1200 {{(pid=107477) log_opt_values /opt/stack/data/venv/lib/python3.12/site-packages/oslo_config/cfg.py:3560}}
Sep 09 13:24:39.590594 np0000192391 nova-scheduler[107477]: DEBUG cotyledon.oslo_config_glue [-] oslo_messaging_rabbit.direct_mandatory_flag = True {{(pid=107477) log_opt_values /opt/stack/data/venv/lib/python3.12/site-packages/oslo_config/cfg.py:3560}}
Sep 09 13:24:39.590594 np0000192391 nova-scheduler[107477]: DEBUG cotyledon.oslo_config_glue [-] oslo_messaging_rabbit.enable_cancel_on_failover = False {{(pid=107477) log_opt_values /opt/stack/data/venv/lib/python3.12/site-packages/oslo_config/cfg.py:3560}}
Sep 09 13:24:39.590594 np0000192391 nova-scheduler[107477]: DEBUG cotyledon.oslo_config_glue [-] oslo_messaging_rabbit.heartbeat_rate = 3 {{(pid=107477) log_opt_values /opt/stack/data/venv/lib/python3.12/site-packages/oslo_config/cfg.py:3560}}
Sep 09 13:24:39.590594 np0000192391 nova-scheduler[107477]: DEBUG cotyledon.oslo_config_glue [-] oslo_messaging_rabbit.heartbeat_timeout_threshold = 60 {{(pid=107477) log_opt_values /opt/stack/data/venv/lib/python3.12/site-packages/oslo_config/cfg.py:3560}}
Sep 09 13:24:39.590594 np0000192391 nova-scheduler[107477]: DEBUG cotyledon.oslo_config_glue [-] oslo_messaging_rabbit.hostname = np0000192391 {{(pid=107477) log_opt_values /opt/stack/data/venv/lib/python3.12/site-packages/oslo_config/cfg.py:3560}}
Sep 09 13:24:39.590594 np0000192391 nova-scheduler[107477]: DEBUG cotyledon.oslo_config_glue [-] oslo_messaging_rabbit.kombu_compression = None {{(pid=107477) log_opt_values /opt/stack/data/venv/lib/python3.12/site-packages/oslo_config/cfg.py:3560}}
Sep 09 13:24:39.590785 np0000192391 nova-scheduler[107477]: DEBUG cotyledon.oslo_config_glue [-] oslo_messaging_rabbit.kombu_failover_strategy = round-robin {{(pid=107477) log_opt_values /opt/stack/data/venv/lib/python3.12/site-packages/oslo_config/cfg.py:3560}}
Sep 09 13:24:39.590785 np0000192391 nova-scheduler[107477]: DEBUG cotyledon.oslo_config_glue [-] oslo_messaging_rabbit.kombu_missing_consumer_retry_timeout = 60 {{(pid=107477) log_opt_values /opt/stack/data/venv/lib/python3.12/site-packages/oslo_config/cfg.py:3560}}
Sep 09 13:24:39.590785 np0000192391 nova-scheduler[107477]: DEBUG cotyledon.oslo_config_glue [-] oslo_messaging_rabbit.kombu_reconnect_delay = 1.0 {{(pid=107477) log_opt_values /opt/stack/data/venv/lib/python3.12/site-packages/oslo_config/cfg.py:3560}}
Sep 09 13:24:39.590785 np0000192391 nova-scheduler[107477]: DEBUG cotyledon.oslo_config_glue [-] oslo_messaging_rabbit.kombu_reconnect_splay = 0.0 {{(pid=107477) log_opt_values /opt/stack/data/venv/lib/python3.12/site-packages/oslo_config/cfg.py:3560}}
Sep 09 13:24:39.590785 np0000192391 nova-scheduler[107477]: DEBUG cotyledon.oslo_config_glue [-] oslo_messaging_rabbit.processname = nova-scheduler {{(pid=107477) log_opt_values /opt/stack/data/venv/lib/python3.12/site-packages/oslo_config/cfg.py:3560}}
Sep 09 13:24:39.590785 np0000192391 nova-scheduler[107477]: DEBUG cotyledon.oslo_config_glue [-] oslo_messaging_rabbit.rabbit_ha_queues = False {{(pid=107477) log_opt_values /opt/stack/data/venv/lib/python3.12/site-packages/oslo_config/cfg.py:3560}}
Sep 09 13:24:39.590785 np0000192391 nova-scheduler[107477]: DEBUG cotyledon.oslo_config_glue [-] oslo_messaging_rabbit.rabbit_interval_max = 30 {{(pid=107477) log_opt_values /opt/stack/data/venv/lib/python3.12/site-packages/oslo_config/cfg.py:3560}}
Sep 09 13:24:39.590785 np0000192391 nova-scheduler[107477]: DEBUG cotyledon.oslo_config_glue [-] oslo_messaging_rabbit.rabbit_login_method = AMQPLAIN {{(pid=107477) log_opt_values /opt/stack/data/venv/lib/python3.12/site-packages/oslo_config/cfg.py:3560}}
Sep 09 13:24:39.590985 np0000192391 nova-scheduler[107477]: DEBUG cotyledon.oslo_config_glue [-] oslo_messaging_rabbit.rabbit_qos_prefetch_count = 0 {{(pid=107477) log_opt_values /opt/stack/data/venv/lib/python3.12/site-packages/oslo_config/cfg.py:3560}}
Sep 09 13:24:39.590985 np0000192391 nova-scheduler[107477]: DEBUG cotyledon.oslo_config_glue [-] oslo_messaging_rabbit.rabbit_quorum_delivery_limit = 0 {{(pid=107477) log_opt_values /opt/stack/data/venv/lib/python3.12/site-packages/oslo_config/cfg.py:3560}}
Sep 09 13:24:39.590985 np0000192391 nova-scheduler[107477]: DEBUG cotyledon.oslo_config_glue [-] oslo_messaging_rabbit.rabbit_quorum_max_memory_bytes = 0 {{(pid=107477) log_opt_values /opt/stack/data/venv/lib/python3.12/site-packages/oslo_config/cfg.py:3560}}
Sep 09 13:24:39.590985 np0000192391 nova-scheduler[107477]: DEBUG cotyledon.oslo_config_glue [-] oslo_messaging_rabbit.rabbit_quorum_max_memory_length = 0 {{(pid=107477) log_opt_values /opt/stack/data/venv/lib/python3.12/site-packages/oslo_config/cfg.py:3560}}
Sep 09 13:24:39.590985 np0000192391 nova-scheduler[107477]: DEBUG cotyledon.oslo_config_glue [-] oslo_messaging_rabbit.rabbit_quorum_queue = False {{(pid=107477) log_opt_values /opt/stack/data/venv/lib/python3.12/site-packages/oslo_config/cfg.py:3560}}
Sep 09 13:24:39.590985 np0000192391 nova-scheduler[107477]: DEBUG cotyledon.oslo_config_glue [-] oslo_messaging_rabbit.rabbit_retry_backoff = 2 {{(pid=107477) log_opt_values /opt/stack/data/venv/lib/python3.12/site-packages/oslo_config/cfg.py:3560}}
Sep 09 13:24:39.590985 np0000192391 nova-scheduler[107477]: DEBUG cotyledon.oslo_config_glue [-] oslo_messaging_rabbit.rabbit_retry_interval = 1 {{(pid=107477) log_opt_values /opt/stack/data/venv/lib/python3.12/site-packages/oslo_config/cfg.py:3560}}
Sep 09 13:24:39.590985 np0000192391 nova-scheduler[107477]: DEBUG cotyledon.oslo_config_glue [-] oslo_messaging_rabbit.rabbit_stream_fanout = False {{(pid=107477) log_opt_values /opt/stack/data/venv/lib/python3.12/site-packages/oslo_config/cfg.py:3560}}
Sep 09 13:24:39.591163 np0000192391 nova-scheduler[107477]: DEBUG cotyledon.oslo_config_glue [-] oslo_messaging_rabbit.rabbit_transient_queues_ttl = 1800 {{(pid=107477) log_opt_values /opt/stack/data/venv/lib/python3.12/site-packages/oslo_config/cfg.py:3560}}
Sep 09 13:24:39.591163 np0000192391 nova-scheduler[107477]: DEBUG cotyledon.oslo_config_glue [-] oslo_messaging_rabbit.rabbit_transient_quorum_queue = False {{(pid=107477) log_opt_values /opt/stack/data/venv/lib/python3.12/site-packages/oslo_config/cfg.py:3560}}
Sep 09 13:24:39.591163 np0000192391 nova-scheduler[107477]: DEBUG cotyledon.oslo_config_glue [-] oslo_messaging_rabbit.rpc_conn_pool_size = 30 {{(pid=107477) log_opt_values /opt/stack/data/venv/lib/python3.12/site-packages/oslo_config/cfg.py:3560}}
Sep 09 13:24:39.591163 np0000192391 nova-scheduler[107477]: DEBUG cotyledon.oslo_config_glue [-] oslo_messaging_rabbit.ssl = False {{(pid=107477) log_opt_values /opt/stack/data/venv/lib/python3.12/site-packages/oslo_config/cfg.py:3560}}
Sep 09 13:24:39.591163 np0000192391 nova-scheduler[107477]: DEBUG cotyledon.oslo_config_glue [-] oslo_messaging_rabbit.ssl_ca_file = {{(pid=107477) log_opt_values /opt/stack/data/venv/lib/python3.12/site-packages/oslo_config/cfg.py:3560}}
Sep 09 13:24:39.591163 np0000192391 nova-scheduler[107477]: DEBUG cotyledon.oslo_config_glue [-] oslo_messaging_rabbit.ssl_cert_file = {{(pid=107477) log_opt_values /opt/stack/data/venv/lib/python3.12/site-packages/oslo_config/cfg.py:3560}}
Sep 09 13:24:39.591163 np0000192391 nova-scheduler[107477]: DEBUG cotyledon.oslo_config_glue [-] oslo_messaging_rabbit.ssl_enforce_fips_mode = False {{(pid=107477) log_opt_values /opt/stack/data/venv/lib/python3.12/site-packages/oslo_config/cfg.py:3560}}
Sep 09 13:24:39.591163 np0000192391 nova-scheduler[107477]: DEBUG cotyledon.oslo_config_glue [-] oslo_messaging_rabbit.ssl_enforce_hostname_verification = True {{(pid=107477) log_opt_values /opt/stack/data/venv/lib/python3.12/site-packages/oslo_config/cfg.py:3560}}
Sep 09 13:24:39.591163 np0000192391 nova-scheduler[107477]: DEBUG cotyledon.oslo_config_glue [-] oslo_messaging_rabbit.ssl_key_file = {{(pid=107477) log_opt_values /opt/stack/data/venv/lib/python3.12/site-packages/oslo_config/cfg.py:3560}}
Sep 09 13:24:39.591370 np0000192391 nova-scheduler[107477]: DEBUG cotyledon.oslo_config_glue [-] oslo_messaging_rabbit.ssl_version = {{(pid=107477) log_opt_values /opt/stack/data/venv/lib/python3.12/site-packages/oslo_config/cfg.py:3560}}
Sep 09 13:24:39.591370 np0000192391 nova-scheduler[107477]: DEBUG cotyledon.oslo_config_glue [-] oslo_messaging_rabbit.use_queue_manager = False {{(pid=107477) log_opt_values /opt/stack/data/venv/lib/python3.12/site-packages/oslo_config/cfg.py:3560}}
Sep 09 13:24:39.591370 np0000192391 nova-scheduler[107477]: DEBUG cotyledon.oslo_config_glue [-] oslo_messaging_notifications.driver = ['messagingv2'] {{(pid=107477) log_opt_values /opt/stack/data/venv/lib/python3.12/site-packages/oslo_config/cfg.py:3560}}
Sep 09 13:24:39.591370 np0000192391 nova-scheduler[107477]: DEBUG cotyledon.oslo_config_glue [-] oslo_messaging_notifications.retry = -1 {{(pid=107477) log_opt_values /opt/stack/data/venv/lib/python3.12/site-packages/oslo_config/cfg.py:3560}}
Sep 09 13:24:39.591370 np0000192391 nova-scheduler[107477]: DEBUG cotyledon.oslo_config_glue [-] oslo_messaging_notifications.topics = ['notifications'] {{(pid=107477) log_opt_values /opt/stack/data/venv/lib/python3.12/site-packages/oslo_config/cfg.py:3560}}
Sep 09 13:24:39.591370 np0000192391 nova-scheduler[107477]: DEBUG cotyledon.oslo_config_glue [-] oslo_messaging_notifications.transport_url = **** {{(pid=107477) log_opt_values /opt/stack/data/venv/lib/python3.12/site-packages/oslo_config/cfg.py:3560}}
Sep 09 13:24:39.591370 np0000192391 nova-scheduler[107477]: DEBUG cotyledon.oslo_config_glue [-] oslo_limit.auth_section = None {{(pid=107477) log_opt_values /opt/stack/data/venv/lib/python3.12/site-packages/oslo_config/cfg.py:3560}}
Sep 09 13:24:39.591370 np0000192391 nova-scheduler[107477]: DEBUG cotyledon.oslo_config_glue [-] oslo_limit.auth_type = None {{(pid=107477) log_opt_values /opt/stack/data/venv/lib/python3.12/site-packages/oslo_config/cfg.py:3560}}
Sep 09 13:24:39.591370 np0000192391 nova-scheduler[107477]: DEBUG cotyledon.oslo_config_glue [-] oslo_limit.cafile = None {{(pid=107477) log_opt_values /opt/stack/data/venv/lib/python3.12/site-packages/oslo_config/cfg.py:3560}}
Sep 09 13:24:39.591566 np0000192391 nova-scheduler[107477]: DEBUG cotyledon.oslo_config_glue [-] oslo_limit.certfile = None {{(pid=107477) log_opt_values /opt/stack/data/venv/lib/python3.12/site-packages/oslo_config/cfg.py:3560}}
Sep 09 13:24:39.591566 np0000192391 nova-scheduler[107477]: DEBUG cotyledon.oslo_config_glue [-] oslo_limit.collect_timing = False {{(pid=107477) log_opt_values /opt/stack/data/venv/lib/python3.12/site-packages/oslo_config/cfg.py:3560}}
Sep 09 13:24:39.591566 np0000192391 nova-scheduler[107477]: DEBUG cotyledon.oslo_config_glue [-] oslo_limit.connect_retries = None {{(pid=107477) log_opt_values /opt/stack/data/venv/lib/python3.12/site-packages/oslo_config/cfg.py:3560}}
Sep 09 13:24:39.591566 np0000192391 nova-scheduler[107477]: DEBUG cotyledon.oslo_config_glue [-] oslo_limit.connect_retry_delay = None {{(pid=107477) log_opt_values /opt/stack/data/venv/lib/python3.12/site-packages/oslo_config/cfg.py:3560}}
Sep 09 13:24:39.591566 np0000192391 nova-scheduler[107477]: DEBUG cotyledon.oslo_config_glue [-] oslo_limit.endpoint_id = None {{(pid=107477) log_opt_values /opt/stack/data/venv/lib/python3.12/site-packages/oslo_config/cfg.py:3560}}
Sep 09 13:24:39.591566 np0000192391 nova-scheduler[107477]: DEBUG cotyledon.oslo_config_glue [-] oslo_limit.endpoint_interface = public {{(pid=107477) log_opt_values /opt/stack/data/venv/lib/python3.12/site-packages/oslo_config/cfg.py:3560}}
Sep 09 13:24:39.591566 np0000192391 nova-scheduler[107477]: DEBUG cotyledon.oslo_config_glue [-] oslo_limit.endpoint_override = None {{(pid=107477) log_opt_values /opt/stack/data/venv/lib/python3.12/site-packages/oslo_config/cfg.py:3560}}
Sep 09 13:24:39.591566 np0000192391 nova-scheduler[107477]: DEBUG cotyledon.oslo_config_glue [-] oslo_limit.endpoint_region_name = None {{(pid=107477) log_opt_values /opt/stack/data/venv/lib/python3.12/site-packages/oslo_config/cfg.py:3560}}
Sep 09 13:24:39.591566 np0000192391 nova-scheduler[107477]: DEBUG cotyledon.oslo_config_glue [-] oslo_limit.endpoint_service_name = None {{(pid=107477) log_opt_values /opt/stack/data/venv/lib/python3.12/site-packages/oslo_config/cfg.py:3560}}
Sep 09 13:24:39.591764 np0000192391 nova-scheduler[107477]: DEBUG cotyledon.oslo_config_glue [-] oslo_limit.endpoint_service_type = None {{(pid=107477) log_opt_values /opt/stack/data/venv/lib/python3.12/site-packages/oslo_config/cfg.py:3560}}
Sep 09 13:24:39.591764 np0000192391 nova-scheduler[107477]: DEBUG cotyledon.oslo_config_glue [-] oslo_limit.insecure = False {{(pid=107477) log_opt_values /opt/stack/data/venv/lib/python3.12/site-packages/oslo_config/cfg.py:3560}}
Sep 09 13:24:39.591764 np0000192391 nova-scheduler[107477]: DEBUG cotyledon.oslo_config_glue [-] oslo_limit.keyfile = None {{(pid=107477) log_opt_values /opt/stack/data/venv/lib/python3.12/site-packages/oslo_config/cfg.py:3560}}
Sep 09 13:24:39.591764 np0000192391 nova-scheduler[107477]: DEBUG cotyledon.oslo_config_glue [-] oslo_limit.max_version = None {{(pid=107477) log_opt_values /opt/stack/data/venv/lib/python3.12/site-packages/oslo_config/cfg.py:3560}}
Sep 09 13:24:39.591764 np0000192391 nova-scheduler[107477]: DEBUG cotyledon.oslo_config_glue [-] oslo_limit.min_version = None {{(pid=107477) log_opt_values /opt/stack/data/venv/lib/python3.12/site-packages/oslo_config/cfg.py:3560}}
Sep 09 13:24:39.591764 np0000192391 nova-scheduler[107477]: DEBUG cotyledon.oslo_config_glue [-] oslo_limit.region_name = None {{(pid=107477) log_opt_values /opt/stack/data/venv/lib/python3.12/site-packages/oslo_config/cfg.py:3560}}
Sep 09 13:24:39.591764 np0000192391 nova-scheduler[107477]: DEBUG cotyledon.oslo_config_glue [-] oslo_limit.retriable_status_codes = None {{(pid=107477) log_opt_values /opt/stack/data/venv/lib/python3.12/site-packages/oslo_config/cfg.py:3560}}
Sep 09 13:24:39.591764 np0000192391 nova-scheduler[107477]: DEBUG cotyledon.oslo_config_glue [-] oslo_limit.service_name = None {{(pid=107477) log_opt_values /opt/stack/data/venv/lib/python3.12/site-packages/oslo_config/cfg.py:3560}}
Sep 09 13:24:39.591764 np0000192391 nova-scheduler[107477]: DEBUG cotyledon.oslo_config_glue [-] oslo_limit.service_type = None {{(pid=107477) log_opt_values /opt/stack/data/venv/lib/python3.12/site-packages/oslo_config/cfg.py:3560}}
Sep 09 13:24:39.591987 np0000192391 nova-scheduler[107477]: DEBUG cotyledon.oslo_config_glue [-] oslo_limit.split_loggers = False {{(pid=107477) log_opt_values /opt/stack/data/venv/lib/python3.12/site-packages/oslo_config/cfg.py:3560}}
Sep 09 13:24:39.591987 np0000192391 nova-scheduler[107477]: DEBUG cotyledon.oslo_config_glue [-] oslo_limit.status_code_retries = None {{(pid=107477) log_opt_values /opt/stack/data/venv/lib/python3.12/site-packages/oslo_config/cfg.py:3560}}
Sep 09 13:24:39.591987 np0000192391 nova-scheduler[107477]: DEBUG cotyledon.oslo_config_glue [-] oslo_limit.status_code_retry_delay = None {{(pid=107477) log_opt_values /opt/stack/data/venv/lib/python3.12/site-packages/oslo_config/cfg.py:3560}}
Sep 09 13:24:39.591987 np0000192391 nova-scheduler[107477]: DEBUG cotyledon.oslo_config_glue [-] oslo_limit.timeout = None {{(pid=107477) log_opt_values /opt/stack/data/venv/lib/python3.12/site-packages/oslo_config/cfg.py:3560}}
Sep 09 13:24:39.591987 np0000192391 nova-scheduler[107477]: DEBUG cotyledon.oslo_config_glue [-] oslo_limit.tls_ciphers = None {{(pid=107477) log_opt_values /opt/stack/data/venv/lib/python3.12/site-packages/oslo_config/cfg.py:3560}}
Sep 09 13:24:39.591987 np0000192391 nova-scheduler[107477]: DEBUG cotyledon.oslo_config_glue [-] oslo_limit.tls_min_version = None {{(pid=107477) log_opt_values /opt/stack/data/venv/lib/python3.12/site-packages/oslo_config/cfg.py:3560}}
Sep 09 13:24:39.591987 np0000192391 nova-scheduler[107477]: DEBUG cotyledon.oslo_config_glue [-] oslo_limit.valid_interfaces = None {{(pid=107477) log_opt_values /opt/stack/data/venv/lib/python3.12/site-packages/oslo_config/cfg.py:3560}}
Sep 09 13:24:39.591987 np0000192391 nova-scheduler[107477]: DEBUG cotyledon.oslo_config_glue [-] oslo_limit.version = None {{(pid=107477) log_opt_values /opt/stack/data/venv/lib/python3.12/site-packages/oslo_config/cfg.py:3560}}
Sep 09 13:24:39.591987 np0000192391 nova-scheduler[107477]: DEBUG cotyledon.oslo_config_glue [-] oslo_reports.file_event_handler = None {{(pid=107477) log_opt_values /opt/stack/data/venv/lib/python3.12/site-packages/oslo_config/cfg.py:3560}}
Sep 09 13:24:39.592189 np0000192391 nova-scheduler[107477]: DEBUG cotyledon.oslo_config_glue [-] oslo_reports.file_event_handler_interval = 1 {{(pid=107477) log_opt_values /opt/stack/data/venv/lib/python3.12/site-packages/oslo_config/cfg.py:3560}}
Sep 09 13:24:39.592189 np0000192391 nova-scheduler[107477]: DEBUG cotyledon.oslo_config_glue [-] oslo_reports.log_dir = None {{(pid=107477) log_opt_values /opt/stack/data/venv/lib/python3.12/site-packages/oslo_config/cfg.py:3560}}
Sep 09 13:24:39.592189 np0000192391 nova-scheduler[107477]: DEBUG cotyledon.oslo_config_glue [-] ******************************************************************************** {{(pid=107477) log_opt_values /opt/stack/data/venv/lib/python3.12/site-packages/oslo_config/cfg.py:3567}}
Sep 09 13:24:39.592189 np0000192391 nova-scheduler[107477]: DEBUG cotyledon._service_worker [-] Run service ServiceWrapper(3) [107477] {{(pid=107477) wait_forever /opt/stack/data/venv/lib/python3.12/site-packages/cotyledon/_service_worker.py:218}}
Sep 09 13:24:39.593862 np0000192391 nova-scheduler[107477]: INFO nova.service [-] Starting scheduler node (version 33.1.0)
Sep 09 13:24:39.594177 np0000192391 nova-scheduler[107452]: INFO dbcounter [None req-a66a63ad-6a8c-4f2d-a9c0-00a27f8888d1 None None] Registered counter for database nova_cell0
Sep 09 13:24:39.600685 np0000192391 nova-scheduler[107477]: INFO dbcounter [None req-4d008c23-27cf-4a5a-b869-a2c71bdd3cde None None] Registered counter for database nova_cell0
Sep 09 13:24:39.635002 np0000192391 nova-scheduler[107459]: DEBUG oslo_db.sqlalchemy.engines [None req-e95c0445-2955-42ea-92b7-323333f3b927 None None] MySQL server mode set to STRICT_TRANS_TABLES,STRICT_ALL_TABLES,NO_ZERO_IN_DATE,NO_ZERO_DATE,ERROR_FOR_DIVISION_BY_ZERO,TRADITIONAL,NO_ENGINE_SUBSTITUTION {{(pid=107459) _check_effective_sql_mode /opt/stack/data/venv/lib/python3.12/site-packages/oslo_db/sqlalchemy/engines.py:325}}
Sep 09 13:24:39.636799 np0000192391 nova-scheduler[107466]: DEBUG oslo_db.sqlalchemy.engines [None req-a9b5096f-3d79-46fd-b38e-fd5aa7d613a0 None None] MySQL server mode set to STRICT_TRANS_TABLES,STRICT_ALL_TABLES,NO_ZERO_IN_DATE,NO_ZERO_DATE,ERROR_FOR_DIVISION_BY_ZERO,TRADITIONAL,NO_ENGINE_SUBSTITUTION {{(pid=107466) _check_effective_sql_mode /opt/stack/data/venv/lib/python3.12/site-packages/oslo_db/sqlalchemy/engines.py:325}}
Sep 09 13:24:39.642928 np0000192391 nova-scheduler[107452]: DEBUG oslo_db.sqlalchemy.engines [None req-a66a63ad-6a8c-4f2d-a9c0-00a27f8888d1 None None] MySQL server mode set to STRICT_TRANS_TABLES,STRICT_ALL_TABLES,NO_ZERO_IN_DATE,NO_ZERO_DATE,ERROR_FOR_DIVISION_BY_ZERO,TRADITIONAL,NO_ENGINE_SUBSTITUTION {{(pid=107452) _check_effective_sql_mode /opt/stack/data/venv/lib/python3.12/site-packages/oslo_db/sqlalchemy/engines.py:325}}
Sep 09 13:24:39.645818 np0000192391 nova-scheduler[107459]: DEBUG dbcounter [-] [107459] Writer thread running {{(pid=107459) stat_writer /opt/stack/data/venv/lib/python3.12/site-packages/dbcounter.py:102}}
Sep 09 13:24:39.650165 np0000192391 nova-scheduler[107466]: DEBUG dbcounter [-] [107466] Writer thread running {{(pid=107466) stat_writer /opt/stack/data/venv/lib/python3.12/site-packages/dbcounter.py:102}}
Sep 09 13:24:39.653721 np0000192391 nova-scheduler[107452]: DEBUG dbcounter [-] [107452] Writer thread running {{(pid=107452) stat_writer /opt/stack/data/venv/lib/python3.12/site-packages/dbcounter.py:102}}
Sep 09 13:24:39.660763 np0000192391 nova-scheduler[107477]: DEBUG oslo_db.sqlalchemy.engines [None req-4d008c23-27cf-4a5a-b869-a2c71bdd3cde None None] MySQL server mode set to STRICT_TRANS_TABLES,STRICT_ALL_TABLES,NO_ZERO_IN_DATE,NO_ZERO_DATE,ERROR_FOR_DIVISION_BY_ZERO,TRADITIONAL,NO_ENGINE_SUBSTITUTION {{(pid=107477) _check_effective_sql_mode /opt/stack/data/venv/lib/python3.12/site-packages/oslo_db/sqlalchemy/engines.py:325}}
Sep 09 13:24:39.670959 np0000192391 nova-scheduler[107459]: DEBUG nova.service [None req-e95c0445-2955-42ea-92b7-323333f3b927 None None] Creating RPC server for service: nova-scheduler on topic: scheduler {{(pid=107459) start /opt/stack/nova/nova/service.py:262}}
Sep 09 13:24:39.679821 np0000192391 nova-scheduler[107477]: DEBUG dbcounter [-] [107477] Writer thread running {{(pid=107477) stat_writer /opt/stack/data/venv/lib/python3.12/site-packages/dbcounter.py:102}}
Sep 09 13:24:39.682063 np0000192391 nova-scheduler[107452]: DEBUG nova.service [None req-a66a63ad-6a8c-4f2d-a9c0-00a27f8888d1 None None] Creating RPC server for service: nova-scheduler on topic: scheduler {{(pid=107452) start /opt/stack/nova/nova/service.py:262}}
Sep 09 13:24:39.684215 np0000192391 nova-scheduler[107477]: DEBUG nova.service [None req-4d008c23-27cf-4a5a-b869-a2c71bdd3cde None None] Creating RPC server for service: nova-scheduler on topic: scheduler {{(pid=107477) start /opt/stack/nova/nova/service.py:262}}
Sep 09 13:24:39.684322 np0000192391 nova-scheduler[107466]: DEBUG nova.service [None req-a9b5096f-3d79-46fd-b38e-fd5aa7d613a0 None None] Creating RPC server for service: nova-scheduler on topic: scheduler {{(pid=107466) start /opt/stack/nova/nova/service.py:262}}
Sep 09 13:24:39.709866 np0000192391 nova-scheduler[107466]: DEBUG nova.service [None req-a9b5096f-3d79-46fd-b38e-fd5aa7d613a0 None None] Join ServiceGroup membership for this service scheduler {{(pid=107466) start /opt/stack/nova/nova/service.py:288}}
Sep 09 13:24:39.710002 np0000192391 nova-scheduler[107466]: DEBUG nova.servicegroup.drivers.db [None req-a9b5096f-3d79-46fd-b38e-fd5aa7d613a0 None None] DB_Driver: join new ServiceGroup member np0000192391 to the scheduler group, service = {{(pid=107466) join /opt/stack/nova/nova/servicegroup/drivers/db.py:44}}
Sep 09 13:24:39.710254 np0000192391 nova-scheduler[107452]: DEBUG nova.service [None req-a66a63ad-6a8c-4f2d-a9c0-00a27f8888d1 None None] Join ServiceGroup membership for this service scheduler {{(pid=107452) start /opt/stack/nova/nova/service.py:288}}
Sep 09 13:24:39.710429 np0000192391 nova-scheduler[107459]: DEBUG nova.service [None req-e95c0445-2955-42ea-92b7-323333f3b927 None None] Join ServiceGroup membership for this service scheduler {{(pid=107459) start /opt/stack/nova/nova/service.py:288}}
Sep 09 13:24:39.710499 np0000192391 nova-scheduler[107452]: DEBUG nova.servicegroup.drivers.db [None req-a66a63ad-6a8c-4f2d-a9c0-00a27f8888d1 None None] DB_Driver: join new ServiceGroup member np0000192391 to the scheduler group, service = {{(pid=107452) join /opt/stack/nova/nova/servicegroup/drivers/db.py:44}}
Sep 09 13:24:39.712557 np0000192391 nova-scheduler[107459]: DEBUG nova.servicegroup.drivers.db [None req-e95c0445-2955-42ea-92b7-323333f3b927 None None] DB_Driver: join new ServiceGroup member np0000192391 to the scheduler group, service = {{(pid=107459) join /opt/stack/nova/nova/servicegroup/drivers/db.py:44}}
Sep 09 13:24:39.712643 np0000192391 nova-scheduler[107477]: DEBUG nova.service [None req-4d008c23-27cf-4a5a-b869-a2c71bdd3cde None None] Join ServiceGroup membership for this service scheduler {{(pid=107477) start /opt/stack/nova/nova/service.py:288}}
Sep 09 13:24:39.712643 np0000192391 nova-scheduler[107477]: DEBUG nova.servicegroup.drivers.db [None req-4d008c23-27cf-4a5a-b869-a2c71bdd3cde None None] DB_Driver: join new ServiceGroup member np0000192391 to the scheduler group, service = {{(pid=107477) join /opt/stack/nova/nova/servicegroup/drivers/db.py:44}}
Sep 09 13:24:44.729858 np0000192391 nova-scheduler[107466]: DEBUG oslo.service.backend._threading.loopingcall [-] Fixed interval looping call 'nova.servicegroup.drivers.db.DbDriver._report_state' sleeping for 119.98 seconds {{(pid=107466) _run_loop /opt/stack/data/venv/lib/python3.12/site-packages/oslo_service/backend/_threading/loopingcall.py:125}}
Sep 09 13:24:44.732480 np0000192391 nova-scheduler[107459]: DEBUG oslo.service.backend._threading.loopingcall [-] Fixed interval looping call 'nova.servicegroup.drivers.db.DbDriver._report_state' sleeping for 119.98 seconds {{(pid=107459) _run_loop /opt/stack/data/venv/lib/python3.12/site-packages/oslo_service/backend/_threading/loopingcall.py:125}}
Sep 09 13:24:44.733340 np0000192391 nova-scheduler[107452]: DEBUG oslo.service.backend._threading.loopingcall [-] Fixed interval looping call 'nova.servicegroup.drivers.db.DbDriver._report_state' sleeping for 119.98 seconds {{(pid=107452) _run_loop /opt/stack/data/venv/lib/python3.12/site-packages/oslo_service/backend/_threading/loopingcall.py:125}}
Sep 09 13:24:44.735163 np0000192391 nova-scheduler[107477]: DEBUG oslo.service.backend._threading.loopingcall [-] Fixed interval looping call 'nova.servicegroup.drivers.db.DbDriver._report_state' sleeping for 119.98 seconds {{(pid=107477) _run_loop /opt/stack/data/venv/lib/python3.12/site-packages/oslo_service/backend/_threading/loopingcall.py:125}}
Sep 09 13:24:47.714089 np0000192391 nova-scheduler[107477]: DEBUG oslo.service.backend._threading.loopingcall [None req-a5dc385e-b8a3-46d0-ac8a-c6499cf9c2e2 None None] Dynamic interval looping call 'nova.service.Service.periodic_tasks' sleeping for 60.00 seconds {{(pid=107477) _run_loop /opt/stack/data/venv/lib/python3.12/site-packages/oslo_service/backend/_threading/loopingcall.py:125}}
Sep 09 13:24:48.109158 np0000192391 nova-scheduler[106772]: DEBUG dbcounter [-] [106772] Writing DB stats nova_api:SELECT=3 {{(pid=106772) stat_writer /opt/stack/data/venv/lib/python3.12/site-packages/dbcounter.py:115}}
Sep 09 13:24:48.287605 np0000192391 nova-scheduler[106772]: DEBUG dbcounter [-] [106772] Writing DB stats nova_cell0:SELECT=1 {{(pid=106772) stat_writer /opt/stack/data/venv/lib/python3.12/site-packages/dbcounter.py:115}}
Sep 09 13:24:48.292048 np0000192391 nova-scheduler[106772]: DEBUG dbcounter [-] [106772] Writing DB stats nova_cell1:SELECT=1 {{(pid=106772) stat_writer /opt/stack/data/venv/lib/python3.12/site-packages/dbcounter.py:115}}
Sep 09 13:24:54.722391 np0000192391 nova-scheduler[107466]: DEBUG dbcounter [-] [107466] Writing DB stats nova_cell0:SELECT=5,nova_cell0:INSERT=1,nova_cell0:UPDATE=1 {{(pid=107466) stat_writer /opt/stack/data/venv/lib/python3.12/site-packages/dbcounter.py:115}}
Sep 09 13:24:54.730393 np0000192391 nova-scheduler[107459]: DEBUG dbcounter [-] [107459] Writing DB stats nova_cell0:SELECT=4,nova_cell0:INSERT=1,nova_cell0:UPDATE=1 {{(pid=107459) stat_writer /opt/stack/data/venv/lib/python3.12/site-packages/dbcounter.py:115}}
Sep 09 13:24:54.730863 np0000192391 nova-scheduler[107452]: DEBUG dbcounter [-] [107452] Writing DB stats nova_cell0:SELECT=5,nova_cell0:INSERT=1,nova_cell0:UPDATE=1 {{(pid=107452) stat_writer /opt/stack/data/venv/lib/python3.12/site-packages/dbcounter.py:115}}
Sep 09 13:24:54.731446 np0000192391 nova-scheduler[107477]: DEBUG dbcounter [-] [107477] Writing DB stats nova_cell0:SELECT=3,nova_cell0:UPDATE=1 {{(pid=107477) stat_writer /opt/stack/data/venv/lib/python3.12/site-packages/dbcounter.py:115}}
Sep 09 13:24:58.713084 np0000192391 nova-scheduler[107466]: DEBUG oslo.service.backend._threading.loopingcall [None req-e7d8efaa-1750-4fb7-9a77-e08f046a9afa None None] Dynamic interval looping call 'nova.service.Service.periodic_tasks' sleeping for 60.00 seconds {{(pid=107466) _run_loop /opt/stack/data/venv/lib/python3.12/site-packages/oslo_service/backend/_threading/loopingcall.py:125}}
Sep 09 13:24:59.714812 np0000192391 nova-scheduler[107459]: DEBUG oslo.service.backend._threading.loopingcall [None req-e0aa3ec5-e264-44b7-968c-33db4ab627e1 None None] Dynamic interval looping call 'nova.service.Service.periodic_tasks' sleeping for 60.00 seconds {{(pid=107459) _run_loop /opt/stack/data/venv/lib/python3.12/site-packages/oslo_service/backend/_threading/loopingcall.py:125}}
Sep 09 13:25:33.717456 np0000192391 nova-scheduler[107452]: DEBUG oslo.service.backend._threading.loopingcall [None req-e7565dab-109c-4e17-b80d-66cb9c0d9124 None None] Dynamic interval looping call 'nova.service.Service.periodic_tasks' sleeping for 60.00 seconds {{(pid=107452) _run_loop /opt/stack/data/venv/lib/python3.12/site-packages/oslo_service/backend/_threading/loopingcall.py:125}}
Sep 09 13:25:47.714883 np0000192391 nova-scheduler[107477]: DEBUG oslo.service.backend._threading.loopingcall [None req-a5dc385e-b8a3-46d0-ac8a-c6499cf9c2e2 None None] Dynamic interval looping call 'nova.service.Service.periodic_tasks' sleeping for 60.00 seconds {{(pid=107477) _run_loop /opt/stack/data/venv/lib/python3.12/site-packages/oslo_service/backend/_threading/loopingcall.py:125}}
Sep 09 13:25:58.714203 np0000192391 nova-scheduler[107466]: DEBUG oslo.service.backend._threading.loopingcall [None req-e7d8efaa-1750-4fb7-9a77-e08f046a9afa None None] Dynamic interval looping call 'nova.service.Service.periodic_tasks' sleeping for 60.00 seconds {{(pid=107466) _run_loop /opt/stack/data/venv/lib/python3.12/site-packages/oslo_service/backend/_threading/loopingcall.py:125}}
Sep 09 13:25:59.715887 np0000192391 nova-scheduler[107459]: DEBUG oslo.service.backend._threading.loopingcall [None req-e0aa3ec5-e264-44b7-968c-33db4ab627e1 None None] Dynamic interval looping call 'nova.service.Service.periodic_tasks' sleeping for 60.00 seconds {{(pid=107459) _run_loop /opt/stack/data/venv/lib/python3.12/site-packages/oslo_service/backend/_threading/loopingcall.py:125}}
Sep 09 13:26:33.718502 np0000192391 nova-scheduler[107452]: DEBUG oslo.service.backend._threading.loopingcall [None req-e7565dab-109c-4e17-b80d-66cb9c0d9124 None None] Dynamic interval looping call 'nova.service.Service.periodic_tasks' sleeping for 60.00 seconds {{(pid=107452) _run_loop /opt/stack/data/venv/lib/python3.12/site-packages/oslo_service/backend/_threading/loopingcall.py:125}}
Sep 09 13:26:44.727998 np0000192391 nova-scheduler[107466]: DEBUG oslo.service.backend._threading.loopingcall [-] Fixed interval looping call 'nova.servicegroup.drivers.db.DbDriver._report_state' sleeping for 119.98 seconds {{(pid=107466) _run_loop /opt/stack/data/venv/lib/python3.12/site-packages/oslo_service/backend/_threading/loopingcall.py:125}}
Sep 09 13:26:44.728827 np0000192391 nova-scheduler[107452]: DEBUG oslo.service.backend._threading.loopingcall [-] Fixed interval looping call 'nova.servicegroup.drivers.db.DbDriver._report_state' sleeping for 119.99 seconds {{(pid=107452) _run_loop /opt/stack/data/venv/lib/python3.12/site-packages/oslo_service/backend/_threading/loopingcall.py:125}}
Sep 09 13:26:44.729334 np0000192391 nova-scheduler[107459]: DEBUG oslo.service.backend._threading.loopingcall [-] Fixed interval looping call 'nova.servicegroup.drivers.db.DbDriver._report_state' sleeping for 119.98 seconds {{(pid=107459) _run_loop /opt/stack/data/venv/lib/python3.12/site-packages/oslo_service/backend/_threading/loopingcall.py:125}}
Sep 09 13:26:44.729737 np0000192391 nova-scheduler[107477]: DEBUG oslo.service.backend._threading.loopingcall [-] Fixed interval looping call 'nova.servicegroup.drivers.db.DbDriver._report_state' sleeping for 119.99 seconds {{(pid=107477) _run_loop /opt/stack/data/venv/lib/python3.12/site-packages/oslo_service/backend/_threading/loopingcall.py:125}}
Sep 09 13:26:47.715907 np0000192391 nova-scheduler[107477]: DEBUG oslo.service.backend._threading.loopingcall [None req-a5dc385e-b8a3-46d0-ac8a-c6499cf9c2e2 None None] Dynamic interval looping call 'nova.service.Service.periodic_tasks' sleeping for 60.00 seconds {{(pid=107477) _run_loop /opt/stack/data/venv/lib/python3.12/site-packages/oslo_service/backend/_threading/loopingcall.py:125}}
Sep 09 13:26:54.716617 np0000192391 nova-scheduler[107466]: DEBUG dbcounter [-] [107466] Writing DB stats nova_cell0:SELECT=1,nova_cell0:UPDATE=1 {{(pid=107466) stat_writer /opt/stack/data/venv/lib/python3.12/site-packages/dbcounter.py:115}}
Sep 09 13:26:54.718746 np0000192391 nova-scheduler[107452]: DEBUG dbcounter [-] [107452] Writing DB stats nova_cell0:SELECT=1,nova_cell0:UPDATE=1 {{(pid=107452) stat_writer /opt/stack/data/venv/lib/python3.12/site-packages/dbcounter.py:115}}
Sep 09 13:26:54.719516 np0000192391 nova-scheduler[107459]: DEBUG dbcounter [-] [107459] Writing DB stats nova_cell0:SELECT=1,nova_cell0:UPDATE=1 {{(pid=107459) stat_writer /opt/stack/data/venv/lib/python3.12/site-packages/dbcounter.py:115}}
Sep 09 13:26:54.722862 np0000192391 nova-scheduler[107477]: DEBUG dbcounter [-] [107477] Writing DB stats nova_cell0:SELECT=1,nova_cell0:UPDATE=1 {{(pid=107477) stat_writer /opt/stack/data/venv/lib/python3.12/site-packages/dbcounter.py:115}}
Sep 09 13:26:58.715037 np0000192391 nova-scheduler[107466]: DEBUG oslo.service.backend._threading.loopingcall [None req-e7d8efaa-1750-4fb7-9a77-e08f046a9afa None None] Dynamic interval looping call 'nova.service.Service.periodic_tasks' sleeping for 60.00 seconds {{(pid=107466) _run_loop /opt/stack/data/venv/lib/python3.12/site-packages/oslo_service/backend/_threading/loopingcall.py:125}}
Sep 09 13:26:59.716570 np0000192391 nova-scheduler[107459]: DEBUG oslo.service.backend._threading.loopingcall [None req-e0aa3ec5-e264-44b7-968c-33db4ab627e1 None None] Dynamic interval looping call 'nova.service.Service.periodic_tasks' sleeping for 60.00 seconds {{(pid=107459) _run_loop /opt/stack/data/venv/lib/python3.12/site-packages/oslo_service/backend/_threading/loopingcall.py:125}}
Sep 09 13:27:33.719424 np0000192391 nova-scheduler[107452]: DEBUG oslo.service.backend._threading.loopingcall [None req-e7565dab-109c-4e17-b80d-66cb9c0d9124 None None] Dynamic interval looping call 'nova.service.Service.periodic_tasks' sleeping for 60.00 seconds {{(pid=107452) _run_loop /opt/stack/data/venv/lib/python3.12/site-packages/oslo_service/backend/_threading/loopingcall.py:125}}
Sep 09 13:27:47.716666 np0000192391 nova-scheduler[107477]: DEBUG oslo.service.backend._threading.loopingcall [None req-a5dc385e-b8a3-46d0-ac8a-c6499cf9c2e2 None None] Dynamic interval looping call 'nova.service.Service.periodic_tasks' sleeping for 60.00 seconds {{(pid=107477) _run_loop /opt/stack/data/venv/lib/python3.12/site-packages/oslo_service/backend/_threading/loopingcall.py:125}}
Sep 09 13:27:58.716007 np0000192391 nova-scheduler[107466]: DEBUG oslo.service.backend._threading.loopingcall [None req-e7d8efaa-1750-4fb7-9a77-e08f046a9afa None None] Dynamic interval looping call 'nova.service.Service.periodic_tasks' sleeping for 60.00 seconds {{(pid=107466) _run_loop /opt/stack/data/venv/lib/python3.12/site-packages/oslo_service/backend/_threading/loopingcall.py:125}}
Sep 09 13:27:59.717456 np0000192391 nova-scheduler[107459]: DEBUG oslo.service.backend._threading.loopingcall [None req-e0aa3ec5-e264-44b7-968c-33db4ab627e1 None None] Dynamic interval looping call 'nova.service.Service.periodic_tasks' sleeping for 60.00 seconds {{(pid=107459) _run_loop /opt/stack/data/venv/lib/python3.12/site-packages/oslo_service/backend/_threading/loopingcall.py:125}}
Sep 09 13:28:33.720619 np0000192391 nova-scheduler[107452]: DEBUG oslo.service.backend._threading.loopingcall [None req-e7565dab-109c-4e17-b80d-66cb9c0d9124 None None] Dynamic interval looping call 'nova.service.Service.periodic_tasks' sleeping for 60.00 seconds {{(pid=107452) _run_loop /opt/stack/data/venv/lib/python3.12/site-packages/oslo_service/backend/_threading/loopingcall.py:125}}
Sep 09 13:28:44.730395 np0000192391 nova-scheduler[107459]: DEBUG oslo.service.backend._threading.loopingcall [-] Fixed interval looping call 'nova.servicegroup.drivers.db.DbDriver._report_state' sleeping for 119.98 seconds {{(pid=107459) _run_loop /opt/stack/data/venv/lib/python3.12/site-packages/oslo_service/backend/_threading/loopingcall.py:125}}
Sep 09 13:28:44.730615 np0000192391 nova-scheduler[107466]: DEBUG oslo.service.backend._threading.loopingcall [-] Fixed interval looping call 'nova.servicegroup.drivers.db.DbDriver._report_state' sleeping for 119.98 seconds {{(pid=107466) _run_loop /opt/stack/data/venv/lib/python3.12/site-packages/oslo_service/backend/_threading/loopingcall.py:125}}
Sep 09 13:28:44.730784 np0000192391 nova-scheduler[107452]: DEBUG oslo.service.backend._threading.loopingcall [-] Fixed interval looping call 'nova.servicegroup.drivers.db.DbDriver._report_state' sleeping for 119.99 seconds {{(pid=107452) _run_loop /opt/stack/data/venv/lib/python3.12/site-packages/oslo_service/backend/_threading/loopingcall.py:125}}
Sep 09 13:28:44.733466 np0000192391 nova-scheduler[107477]: DEBUG oslo.service.backend._threading.loopingcall [-] Fixed interval looping call 'nova.servicegroup.drivers.db.DbDriver._report_state' sleeping for 119.99 seconds {{(pid=107477) _run_loop /opt/stack/data/venv/lib/python3.12/site-packages/oslo_service/backend/_threading/loopingcall.py:125}}
Sep 09 13:28:47.717501 np0000192391 nova-scheduler[107477]: DEBUG oslo.service.backend._threading.loopingcall [None req-a5dc385e-b8a3-46d0-ac8a-c6499cf9c2e2 None None] Dynamic interval looping call 'nova.service.Service.periodic_tasks' sleeping for 60.00 seconds {{(pid=107477) _run_loop /opt/stack/data/venv/lib/python3.12/site-packages/oslo_service/backend/_threading/loopingcall.py:125}}
Sep 09 13:28:54.717798 np0000192391 nova-scheduler[107459]: DEBUG dbcounter [-] [107459] Writing DB stats nova_cell0:SELECT=1,nova_cell0:UPDATE=1 {{(pid=107459) stat_writer /opt/stack/data/venv/lib/python3.12/site-packages/dbcounter.py:115}}
Sep 09 13:28:54.721011 np0000192391 nova-scheduler[107466]: DEBUG dbcounter [-] [107466] Writing DB stats nova_cell0:SELECT=1,nova_cell0:UPDATE=1 {{(pid=107466) stat_writer /opt/stack/data/venv/lib/python3.12/site-packages/dbcounter.py:115}}
Sep 09 13:28:54.722566 np0000192391 nova-scheduler[107452]: DEBUG dbcounter [-] [107452] Writing DB stats nova_cell0:SELECT=1,nova_cell0:UPDATE=1 {{(pid=107452) stat_writer /opt/stack/data/venv/lib/python3.12/site-packages/dbcounter.py:115}}
Sep 09 13:28:54.727340 np0000192391 nova-scheduler[107477]: DEBUG dbcounter [-] [107477] Writing DB stats nova_cell0:SELECT=1,nova_cell0:UPDATE=1 {{(pid=107477) stat_writer /opt/stack/data/venv/lib/python3.12/site-packages/dbcounter.py:115}}
Sep 09 13:28:58.716564 np0000192391 nova-scheduler[107466]: DEBUG oslo.service.backend._threading.loopingcall [None req-e7d8efaa-1750-4fb7-9a77-e08f046a9afa None None] Dynamic interval looping call 'nova.service.Service.periodic_tasks' sleeping for 60.00 seconds {{(pid=107466) _run_loop /opt/stack/data/venv/lib/python3.12/site-packages/oslo_service/backend/_threading/loopingcall.py:125}}
