+ COMMAND=start + start + for KEYSTONE_WSGI_SCRIPT in keystone-wsgi-public ++ type -p keystone-wsgi-public + cp -a /var/lib/openstack/bin/keystone-wsgi-public /var/www/cgi-bin/keystone/ + '[' -f /etc/apache2/envvars ']' + source /etc/apache2/envvars ++ unset HOME ++ '[' '' '!=' '' ']' ++ SUFFIX= ++ export APACHE_RUN_USER=www-data ++ APACHE_RUN_USER=www-data ++ export APACHE_RUN_GROUP=www-data ++ APACHE_RUN_GROUP=www-data ++ export APACHE_PID_FILE=/var/run/apache2/apache2.pid ++ APACHE_PID_FILE=/var/run/apache2/apache2.pid ++ export APACHE_RUN_DIR=/var/run/apache2 ++ APACHE_RUN_DIR=/var/run/apache2 ++ export APACHE_LOCK_DIR=/var/lock/apache2 ++ APACHE_LOCK_DIR=/var/lock/apache2 ++ export APACHE_LOG_DIR=/var/log/apache2 ++ APACHE_LOG_DIR=/var/log/apache2 ++ export LANG=C ++ LANG=C ++ export LANG + '[' -f /var/run/apache2/apache2.pid ']' + exec apache2 -DFOREGROUND AH00558: apache2: Could not reliably determine the server's fully qualified domain name, using 10.0.0.67. Set the 'ServerName' directive globally to suppress this message AH00558: apache2: Could not reliably determine the server's fully qualified domain name, using 10.0.0.67. Set the 'ServerName' directive globally to suppress this message
[Mon May 25 06:09:43.906475 2026] [mpm_event:notice] [pid 1:tid 139621251245952] AH00489: Apache/2.4.58 (Ubuntu) mod_wsgi/5.0.0 Python/3.12 configured -- resuming normal operations
[Mon May 25 06:09:43.906614 2026] [core:notice] [pid 1:tid 139621251245952] AH00094: Command line: 'apache2 -D FOREGROUND'
[Mon May 25 06:10:44.808403 2026] [wsgi:error] [pid 9:tid 139620614473408] /var/lib/openstack/lib/python3.12/site-packages/oslo_utils/importutils.py:77: EventletDeprecationWarning:
[Mon May 25 06:10:44.808441 2026] [wsgi:error] [pid 9:tid 139620614473408] Eventlet is deprecated. It is currently being maintained in bugfix mode, and
[Mon May 25 06:10:44.808443 2026] [wsgi:error] [pid 9:tid 139620614473408] we strongly recommend against using it for new projects.
[Mon May 25 06:10:44.808444 2026] [wsgi:error] [pid 9:tid 139620614473408]
[Mon May 25 06:10:44.808445 2026] [wsgi:error] [pid 9:tid 139620614473408] If you are already using Eventlet, we recommend migrating to a different
[Mon May 25 06:10:44.808446 2026] [wsgi:error] [pid 9:tid 139620614473408] framework. For more detail see
[Mon May 25 06:10:44.808447 2026] [wsgi:error] [pid 9:tid 139620614473408] https://eventlet.readthedocs.io/en/latest/asyncio/migration.html
[Mon May 25 06:10:44.808449 2026] [wsgi:error] [pid 9:tid 139620614473408]
[Mon May 25 06:10:44.808450 2026] [wsgi:error] [pid 9:tid 139620614473408] __import__(import_str)
[Mon May 25 06:10:44.822649 2026] [wsgi:error] [pid 10:tid 139620614473408] /var/lib/openstack/lib/python3.12/site-packages/oslo_utils/importutils.py:77: EventletDeprecationWarning:
[Mon May 25 06:10:44.822691 2026] [wsgi:error] [pid 10:tid 139620614473408] Eventlet is deprecated. It is currently being maintained in bugfix mode, and
[Mon May 25 06:10:44.822693 2026] [wsgi:error] [pid 10:tid 139620614473408] we strongly recommend against using it for new projects.
[Mon May 25 06:10:44.822694 2026] [wsgi:error] [pid 10:tid 139620614473408]
[Mon May 25 06:10:44.822696 2026] [wsgi:error] [pid 10:tid 139620614473408] If you are already using Eventlet, we recommend migrating to a different
[Mon May 25 06:10:44.822697 2026] [wsgi:error] [pid 10:tid 139620614473408] framework. For more detail see
[Mon May 25 06:10:44.822698 2026] [wsgi:error] [pid 10:tid 139620614473408] https://eventlet.readthedocs.io/en/latest/asyncio/migration.html
[Mon May 25 06:10:44.822699 2026] [wsgi:error] [pid 10:tid 139620614473408]
[Mon May 25 06:10:44.822700 2026] [wsgi:error] [pid 10:tid 139620614473408] __import__(import_str) 10.0.0.30 - - [25/May/2026:06:10:43 +0000] "GET /v3/ HTTP/1.1" 200 249 10.0.0.30 - - [25/May/2026:06:10:43 +0000] "GET /v3/ HTTP/1.1" 200 249
[Mon May 25 06:10:56.598722 2026] [wsgi:error] [pid 12:tid 139620614473408] /var/lib/openstack/lib/python3.12/site-packages/oslo_utils/importutils.py:77: EventletDeprecationWarning:
[Mon May 25 06:10:56.598797 2026] [wsgi:error] [pid 12:tid 139620614473408] Eventlet is deprecated. It is currently being maintained in bugfix mode, and
[Mon May 25 06:10:56.598799 2026] [wsgi:error] [pid 12:tid 139620614473408] we strongly recommend against using it for new projects.
[Mon May 25 06:10:56.598800 2026] [wsgi:error] [pid 12:tid 139620614473408]
[Mon May 25 06:10:56.598801 2026] [wsgi:error] [pid 12:tid 139620614473408] If you are already using Eventlet, we recommend migrating to a different
[Mon May 25 06:10:56.598802 2026] [wsgi:error] [pid 12:tid 139620614473408] framework. For more detail see
[Mon May 25 06:10:56.598803 2026] [wsgi:error] [pid 12:tid 139620614473408] https://eventlet.readthedocs.io/en/latest/asyncio/migration.html
[Mon May 25 06:10:56.598805 2026] [wsgi:error] [pid 12:tid 139620614473408]
[Mon May 25 06:10:56.598806 2026] [wsgi:error] [pid 12:tid 139620614473408] __import__(import_str) 10.0.0.89 - - [25/May/2026:06:10:55 +0000] "GET / HTTP/1.1" 300 295
[Mon May 25 06:11:01.985937 2026] [wsgi:error] [pid 11:tid 139620614473408] /var/lib/openstack/lib/python3.12/site-packages/oslo_utils/importutils.py:77: EventletDeprecationWarning:
[Mon May 25 06:11:01.985975 2026] [wsgi:error] [pid 11:tid 139620614473408] Eventlet is deprecated. It is currently being maintained in bugfix mode, and
[Mon May 25 06:11:01.985976 2026] [wsgi:error] [pid 11:tid 139620614473408] we strongly recommend against using it for new projects.
[Mon May 25 06:11:01.985978 2026] [wsgi:error] [pid 11:tid 139620614473408]
[Mon May 25 06:11:01.985979 2026] [wsgi:error] [pid 11:tid 139620614473408] If you are already using Eventlet, we recommend migrating to a different
[Mon May 25 06:11:01.985980 2026] [wsgi:error] [pid 11:tid 139620614473408] framework. For more detail see
[Mon May 25 06:11:01.985981 2026] [wsgi:error] [pid 11:tid 139620614473408] https://eventlet.readthedocs.io/en/latest/asyncio/migration.html
[Mon May 25 06:11:01.985982 2026] [wsgi:error] [pid 11:tid 139620614473408]
[Mon May 25 06:11:01.985983 2026] [wsgi:error] [pid 11:tid 139620614473408] __import__(import_str)
[Mon May 25 06:11:06.649061 2026] [wsgi:error] [pid 11:tid 139620614473408] [remote 10.0.0.89:51872] 2026-05-25 06:11:06.646 11 WARNING keystone.identity.core [None req-4e063887-9fac-44a5-bef9-ea79fe700f6e - - - - - -] Invalid domain name (atmosphere) found in config file name: keystone.exception.DomainNotFound: Could not find domain: atmosphere.
[Mon May 25 06:11:06.696748 2026] [wsgi:error] [pid 11:tid 139620614473408] [remote 10.0.0.89:51872] 2026-05-25 06:11:06.696 11 WARNING keystone.common.password_hashing [None req-4e063887-9fac-44a5-bef9-ea79fe700f6e - - - - - -] Truncating password to algorithm specific maximum length 72 characters.
[Mon May 25 06:11:06.976126 2026] [wsgi:error] [pid 11:tid 139620614473408] [remote 10.0.0.89:51872] 2026-05-25 06:11:06.975 11 WARNING keystone.common.fernet_utils [None req-4e063887-9fac-44a5-bef9-ea79fe700f6e - - - - - -] key_repository is world readable: /etc/keystone/fernet-keys/ 10.0.0.89 - - [25/May/2026:06:11:01 +0000] "POST /v3/auth/tokens HTTP/1.1" 201 1360
[Mon May 25 06:11:07.316192 2026] [wsgi:error] [pid 10:tid 139620614473408] [remote 10.0.0.89:51872] 2026-05-25 06:11:07.312 10 WARNING keystone.identity.core [None req-c7dd681a-6167-4265-a197-05f5682ead1f - - - - - -] Invalid domain name (atmosphere) found in config file name: keystone.exception.DomainNotFound: Could not find domain: atmosphere. 10.0.0.89 - - [25/May/2026:06:11:07 +0000] "POST /v3/domains HTTP/1.1" 201 261 10.0.0.125 - - [25/May/2026:06:11:18 +0000] "GET / HTTP/1.1" 300 295
[Mon May 25 06:11:18.525181 2026] [wsgi:error] [pid 12:tid 139620614473408] [remote 10.0.0.125:50712] 2026-05-25 06:11:18.524 12 WARNING keystone.common.password_hashing [None req-a251085d-c513-4249-aead-fb6918b0678d - - - - - -] Truncating password to algorithm specific maximum length 72 characters.
[Mon May 25 06:11:18.799953 2026] [wsgi:error] [pid 12:tid 139620614473408] [remote 10.0.0.125:50712] 2026-05-25 06:11:18.799 12 WARNING keystone.common.fernet_utils [None req-a251085d-c513-4249-aead-fb6918b0678d - - - - - -] key_repository is world readable: /etc/keystone/fernet-keys/ 10.0.0.125 - - [25/May/2026:06:11:18 +0000] "POST /v3/auth/tokens HTTP/1.1" 201 1360 10.0.0.125 - - [25/May/2026:06:11:18 +0000] "GET /v3/roles/admin HTTP/1.1" 404 83
[Mon May 25 06:11:19.015337 2026] [wsgi:error] [pid 10:tid 139620614473408] [remote 10.0.0.125:50712] 2026-05-25 06:11:19.015 10 WARNING keystone.common.rbac_enforcer.enforcer [None req-b42bc0dd-a8ef-4212-a6d3-a186b55d3432 5d948ef2a9954a248ce7cea503756b7c a6f244b239754ae4aff5d4e6f48ae0f5 - - default default] Deprecated policy rules found. Use oslopolicy-policy-generator and oslopolicy-policy-upgrade to detect and resolve deprecated policies in your configuration. 10.0.0.125 - - [25/May/2026:06:11:19 +0000] "GET /v3/roles?name=admin HTTP/1.1" 200 389
[Mon May 25 06:11:19.363547 2026] [wsgi:error] [pid 9:tid 139620614473408] [remote 10.0.0.125:50712] 2026-05-25 06:11:19.363 9 WARNING keystone.common.rbac_enforcer.enforcer [None req-0be395e7-1f8e-4088-8202-b160a16b4f94 5d948ef2a9954a248ce7cea503756b7c a6f244b239754ae4aff5d4e6f48ae0f5 - - default default] Deprecated policy rules found. Use oslopolicy-policy-generator and oslopolicy-policy-upgrade to detect and resolve deprecated policies in your configuration. 10.0.0.125 - - [25/May/2026:06:11:19 +0000] "GET /v3/users/admin-RegionOne HTTP/1.1" 404 93
[Mon May 25 06:11:19.519822 2026] [wsgi:error] [pid 12:tid 139620614473408] [remote 10.0.0.125:50712] 2026-05-25 06:11:19.519 12 WARNING keystone.common.rbac_enforcer.enforcer [None req-7b77809c-4be1-4063-8dd4-c9607dca22e2 5d948ef2a9954a248ce7cea503756b7c a6f244b239754ae4aff5d4e6f48ae0f5 - - default default] Deprecated policy rules found. Use oslopolicy-policy-generator and oslopolicy-policy-upgrade to detect and resolve deprecated policies in your configuration. 10.0.0.125 - - [25/May/2026:06:11:19 +0000] "GET /v3/users?name=admin-RegionOne HTTP/1.1" 200 422
[Mon May 25 06:11:19.688283 2026] [wsgi:error] [pid 11:tid 139620614473408] [remote 10.0.0.125:50712] 2026-05-25 06:11:19.688 11 WARNING keystone.common.rbac_enforcer.enforcer [None req-79ded95f-64e5-4e8a-93a8-b31d900eb360 5d948ef2a9954a248ce7cea503756b7c a6f244b239754ae4aff5d4e6f48ae0f5 - - default default] Deprecated policy rules found. Use oslopolicy-policy-generator and oslopolicy-policy-upgrade to detect and resolve deprecated policies in your configuration. 10.0.0.125 - - [25/May/2026:06:11:19 +0000] "GET /v3/domains/default HTTP/1.1" 200 224 10.0.0.125 - - [25/May/2026:06:11:19 +0000] "PUT /v3/domains/default/users/5d948ef2a9954a248ce7cea503756b7c/roles/7c917997c29f4f64853084a8a8ac92a0 HTTP/1.1" 204 - 10.0.0.30 - - [25/May/2026:06:11:29 +0000] "GET / HTTP/1.1" 300 281 10.0.0.30 - - [25/May/2026:06:11:30 +0000] "GET /v3 HTTP/1.1" 200 266
[Mon May 25 06:11:30.741462 2026] [wsgi:error] [pid 11:tid 139620614473408] [remote 10.0.0.30:53532] 2026-05-25 06:11:30.741 11 WARNING keystone.common.password_hashing [None req-8ac1c1e2-a080-4224-944e-c5c8ff328a0c - - - - - -] Truncating password to algorithm specific maximum length 72 characters.
[Mon May 25 06:11:31.013053 2026] [wsgi:error] [pid 11:tid 139620614473408] [remote 10.0.0.30:53532] 2026-05-25 06:11:31.012 11 WARNING keystone.common.fernet_utils [None req-8ac1c1e2-a080-4224-944e-c5c8ff328a0c - - - - - -] key_repository is world readable: /etc/keystone/fernet-keys/ 10.0.0.30 - - [25/May/2026:06:11:30 +0000] "POST /v3/auth/tokens HTTP/1.1" 201 1360 10.0.0.30 - - [25/May/2026:06:11:31 +0000] "GET / HTTP/1.1" 300 281 10.0.0.30 - - [25/May/2026:06:11:31 +0000] "GET /v3/domains/atmosphere HTTP/1.1" 404 90 10.0.0.30 - - [25/May/2026:06:11:31 +0000] "GET /v3/domains?name=atmosphere HTTP/1.1" 200 370 10.0.0.30 - - [25/May/2026:06:11:31 +0000] "GET /v3/domains/c651794990774666af933a8dd14f90b3 HTTP/1.1" 200 247 10.0.0.30 - - [25/May/2026:06:11:31 +0000] "GET /v3 HTTP/1.1" 200 266
[Mon May 25 06:11:32.082860 2026] [wsgi:error] [pid 9:tid 139620614473408] [remote 10.0.0.30:53532] 2026-05-25 06:11:32.082 9 WARNING keystone.common.password_hashing [None req-13491296-0a95-449b-918f-cc3e9ab3121f - - - - - -] Truncating password to algorithm specific maximum length 72 characters.
[Mon May 25 06:11:32.367418 2026] [wsgi:error] [pid 9:tid 139620614473408] [remote 10.0.0.30:53532] 2026-05-25 06:11:32.367 9 WARNING keystone.common.fernet_utils [None req-13491296-0a95-449b-918f-cc3e9ab3121f - - - - - -] key_repository is world readable: /etc/keystone/fernet-keys/ 10.0.0.30 - - [25/May/2026:06:11:31 +0000] "POST /v3/auth/tokens HTTP/1.1" 201 1360 10.0.0.30 - - [25/May/2026:06:11:32 +0000] "GET / HTTP/1.1" 300 281 10.0.0.30 - - [25/May/2026:06:11:32 +0000] "GET /v3/OS-FEDERATION/identity_providers/atmosphere HTTP/1.1" 404 101 10.0.0.30 - - [25/May/2026:06:11:32 +0000] "GET /v3/OS-FEDERATION/identity_providers HTTP/1.1" 200 156 10.0.0.30 - - [25/May/2026:06:11:32 +0000] "PUT /v3/OS-FEDERATION/identity_providers/atmosphere HTTP/1.1" 201 342 10.0.0.30 - - [25/May/2026:06:11:33 +0000] "GET /v3 HTTP/1.1" 200 266
[Mon May 25 06:11:33.188766 2026] [wsgi:error] [pid 11:tid 139620614473408] [remote 10.0.0.30:53542] 2026-05-25 06:11:33.188 11 WARNING keystone.common.password_hashing [None req-d7fd7297-a82c-4b93-8da9-9caeb01940a6 - - - - - -] Truncating password to algorithm specific maximum length 72 characters.
[Mon May 25 06:11:33.459918 2026] [wsgi:error] [pid 11:tid 139620614473408] [remote 10.0.0.30:53542] 2026-05-25 06:11:33.459 11 WARNING keystone.common.fernet_utils [None req-d7fd7297-a82c-4b93-8da9-9caeb01940a6 - - - - - -] key_repository is world readable: /etc/keystone/fernet-keys/ 10.0.0.30 - - [25/May/2026:06:11:33 +0000] "POST /v3/auth/tokens HTTP/1.1" 201 1360 10.0.0.30 - - [25/May/2026:06:11:33 +0000] "GET / HTTP/1.1" 300 281 10.0.0.30 - - [25/May/2026:06:11:33 +0000] "GET /v3/OS-FEDERATION/mappings/atmosphere-openid HTTP/1.1" 404 98 10.0.0.30 - - [25/May/2026:06:11:33 +0000] "GET /v3/OS-FEDERATION/mappings HTTP/1.1" 200 136 10.0.0.30 - - [25/May/2026:06:11:33 +0000] "PUT /v3/OS-FEDERATION/mappings/atmosphere-openid HTTP/1.1" 201 357 10.0.0.30 - - [25/May/2026:06:11:34 +0000] "GET /v3 HTTP/1.1" 200 266
[Mon May 25 06:11:34.255731 2026] [wsgi:error] [pid 9:tid 139620614473408] [remote 10.0.0.30:53532] 2026-05-25 06:11:34.255 9 WARNING keystone.common.password_hashing [None req-a18e19af-6b37-4954-a062-f7be0ba7086c - - - - - -] Truncating password to algorithm specific maximum length 72 characters.
[Mon May 25 06:11:34.528839 2026] [wsgi:error] [pid 9:tid 139620614473408] [remote 10.0.0.30:53532] 2026-05-25 06:11:34.528 9 WARNING keystone.common.fernet_utils [None req-a18e19af-6b37-4954-a062-f7be0ba7086c - - - - - -] key_repository is world readable: /etc/keystone/fernet-keys/ 10.0.0.30 - - [25/May/2026:06:11:34 +0000] "POST /v3/auth/tokens HTTP/1.1" 201 1360 10.0.0.30 - - [25/May/2026:06:11:34 +0000] "GET / HTTP/1.1" 300 281 10.0.0.30 - - [25/May/2026:06:11:34 +0000] "GET /v3/OS-FEDERATION/identity_providers/atmosphere/protocols/openid?idp_id=atmosphere HTTP/1.1" 404 131 10.0.0.30 - - [25/May/2026:06:11:34 +0000] "GET /v3/OS-FEDERATION/identity_providers/atmosphere/protocols HTTP/1.1" 200 168 10.0.0.30 - - [25/May/2026:06:11:34 +0000] "PUT /v3/OS-FEDERATION/identity_providers/atmosphere/protocols/openid HTTP/1.1" 201 224 10.0.0.30 - - [25/May/2026:06:11:43 +0000] "GET /v3/ HTTP/1.1" 200 249 10.0.0.30 - - [25/May/2026:06:11:43 +0000] "GET /v3/ HTTP/1.1" 200 249 10.0.0.30 - - [25/May/2026:06:12:43 +0000] "GET /v3/ HTTP/1.1" 200 249 10.0.0.30 - - [25/May/2026:06:12:43 +0000] "GET /v3/ HTTP/1.1" 200 249 10.0.0.216 - - [25/May/2026:06:12:55 +0000] "GET / HTTP/1.1" 300 295
[Mon May 25 06:12:55.828875 2026] [wsgi:error] [pid 11:tid 139620614473408] [remote 10.0.0.216:58424] 2026-05-25 06:12:55.828 11 WARNING keystone.common.password_hashing [None req-b2b71034-67e5-452c-a696-a3dc607d372e - - - - - -] Truncating password to algorithm specific maximum length 72 characters.
[Mon May 25 06:12:56.097756 2026] [wsgi:error] [pid 11:tid 139620614473408] [remote 10.0.0.216:58424] 2026-05-25 06:12:56.097 11 WARNING keystone.common.fernet_utils [None req-b2b71034-67e5-452c-a696-a3dc607d372e - - - - - -] key_repository is world readable: /etc/keystone/fernet-keys/ 10.0.0.216 - - [25/May/2026:06:12:55 +0000] "POST /v3/auth/tokens HTTP/1.1" 201 1360 10.0.0.216 - - [25/May/2026:06:12:56 +0000] "GET /v3/services HTTP/1.1" 200 355 10.0.0.216 - - [25/May/2026:06:12:59 +0000] "GET / HTTP/1.1" 300 295
[Mon May 25 06:12:59.791518 2026] [wsgi:error] [pid 12:tid 139620614473408] [remote 10.0.0.216:50814] 2026-05-25 06:12:59.791 12 WARNING keystone.common.password_hashing [None req-6d9b7e99-be39-4d35-aa29-5fa1fe4071e4 - - - - - -] Truncating password to algorithm specific maximum length 72 characters.
[Mon May 25 06:13:00.064409 2026] [wsgi:error] [pid 12:tid 139620614473408] [remote 10.0.0.216:50814] 2026-05-25 06:13:00.064 12 WARNING keystone.common.fernet_utils [None req-6d9b7e99-be39-4d35-aa29-5fa1fe4071e4 - - - - - -] key_repository is world readable: /etc/keystone/fernet-keys/ 10.0.0.216 - - [25/May/2026:06:12:59 +0000] "POST /v3/auth/tokens HTTP/1.1" 201 1360 10.0.0.216 - - [25/May/2026:06:13:00 +0000] "GET /v3/services HTTP/1.1" 200 355 10.0.0.216 - - [25/May/2026:06:13:03 +0000] "GET / HTTP/1.1" 300 295
[Mon May 25 06:13:03.466897 2026] [wsgi:error] [pid 9:tid 139620614473408] [remote 10.0.0.216:50822] 2026-05-25 06:13:03.466 9 WARNING keystone.common.password_hashing [None req-186b603c-ec42-4a2f-928b-e217b643faa1 - - - - - -] Truncating password to algorithm specific maximum length 72 characters.
[Mon May 25 06:13:03.747322 2026] [wsgi:error] [pid 9:tid 139620614473408] [remote 10.0.0.216:50822] 2026-05-25 06:13:03.747 9 WARNING keystone.common.fernet_utils [None req-186b603c-ec42-4a2f-928b-e217b643faa1 - - - - - -] key_repository is world readable: /etc/keystone/fernet-keys/ 10.0.0.216 - - [25/May/2026:06:13:03 +0000] "POST /v3/auth/tokens HTTP/1.1" 201 1360 10.0.0.216 - - [25/May/2026:06:13:03 +0000] "GET /v3/services HTTP/1.1" 200 355 10.0.0.216 - - [25/May/2026:06:13:07 +0000] "GET / HTTP/1.1" 300 295
[Mon May 25 06:13:07.214549 2026] [wsgi:error] [pid 10:tid 139620614473408] [remote 10.0.0.216:50834] 2026-05-25 06:13:07.214 10 WARNING keystone.common.password_hashing [None req-bf376c1c-303f-4ee5-a6e9-d2a5d8900ba7 - - - - - -] Truncating password to algorithm specific maximum length 72 characters.
[Mon May 25 06:13:07.502098 2026] [wsgi:error] [pid 10:tid 139620614473408] [remote 10.0.0.216:50834] 2026-05-25 06:13:07.501 10 WARNING keystone.common.fernet_utils [None req-bf376c1c-303f-4ee5-a6e9-d2a5d8900ba7 - - - - - -] key_repository is world readable: /etc/keystone/fernet-keys/ 10.0.0.216 - - [25/May/2026:06:13:07 +0000] "POST /v3/auth/tokens HTTP/1.1" 201 1360 10.0.0.216 - - [25/May/2026:06:13:07 +0000] "POST /v3/services HTTP/1.1" 201 296 10.0.0.114 - - [25/May/2026:06:13:18 +0000] "GET / HTTP/1.1" 300 295
[Mon May 25 06:13:18.171764 2026] [wsgi:error] [pid 11:tid 139620614473408] [remote 10.0.0.114:58322] 2026-05-25 06:13:18.171 11 WARNING keystone.common.password_hashing [None req-63a8b86d-0fcb-4ee1-a5f9-ccb8727ebb10 - - - - - -] Truncating password to algorithm specific maximum length 72 characters. 10.0.0.114 - - [25/May/2026:06:13:18 +0000] "GET / HTTP/1.1" 300 295
[Mon May 25 06:13:18.238268 2026] [wsgi:error] [pid 9:tid 139620614473408] [remote 10.0.0.114:58338] 2026-05-25 06:13:18.237 9 WARNING keystone.common.password_hashing [None req-b4d17f0e-c496-4105-ba9e-85b9c7edd10e - - - - - -] Truncating password to algorithm specific maximum length 72 characters. 10.0.0.114 - - [25/May/2026:06:13:18 +0000] "GET / HTTP/1.1" 300 295
[Mon May 25 06:13:18.381392 2026] [wsgi:error] [pid 10:tid 139620614473408] [remote 10.0.0.114:58346] 2026-05-25 06:13:18.381 10 WARNING keystone.common.password_hashing [None req-e5326b3d-f25d-4132-b58d-9f9c5d487dd2 - - - - - -] Truncating password to algorithm specific maximum length 72 characters.
[Mon May 25 06:13:18.443835 2026] [wsgi:error] [pid 11:tid 139620614473408] [remote 10.0.0.114:58322] 2026-05-25 06:13:18.443 11 WARNING keystone.common.fernet_utils [None req-63a8b86d-0fcb-4ee1-a5f9-ccb8727ebb10 - - - - - -] key_repository is world readable: /etc/keystone/fernet-keys/ 10.0.0.114 - - [25/May/2026:06:13:18 +0000] "POST /v3/auth/tokens HTTP/1.1" 201 1464
[Mon May 25 06:13:18.526267 2026] [wsgi:error] [pid 9:tid 139620614473408] [remote 10.0.0.114:58338] 2026-05-25 06:13:18.526 9 WARNING keystone.common.fernet_utils [None req-b4d17f0e-c496-4105-ba9e-85b9c7edd10e - - - - - -] key_repository is world readable: /etc/keystone/fernet-keys/ 10.0.0.114 - - [25/May/2026:06:13:18 +0000] "POST /v3/auth/tokens HTTP/1.1" 201 1464 10.0.0.114 - - [25/May/2026:06:13:18 +0000] "GET /v3/services HTTP/1.1" 200 639
[Mon May 25 06:13:18.684185 2026] [wsgi:error] [pid 10:tid 139620614473408] [remote 10.0.0.114:58346] 2026-05-25 06:13:18.683 10 WARNING keystone.common.fernet_utils [None req-e5326b3d-f25d-4132-b58d-9f9c5d487dd2 - - - - - -] key_repository is world readable: /etc/keystone/fernet-keys/ 10.0.0.114 - - [25/May/2026:06:13:18 +0000] "POST /v3/auth/tokens HTTP/1.1" 201 1464 10.0.0.114 - - [25/May/2026:06:13:18 +0000] "GET /v3/services HTTP/1.1" 200 639 10.0.0.114 - - [25/May/2026:06:13:18 +0000] "GET /v3/services HTTP/1.1" 200 639 10.0.0.114 - - [25/May/2026:06:13:20 +0000] "GET / HTTP/1.1" 300 295
[Mon May 25 06:13:20.119552 2026] [wsgi:error] [pid 10:tid 139620614473408] [remote 10.0.0.114:43526] 2026-05-25 06:13:20.119 10 WARNING keystone.common.password_hashing [None req-5ee75824-2f56-4b28-aca6-c255e6db390b - - - - - -] Truncating password to algorithm specific maximum length 72 characters. 10.0.0.114 - - [25/May/2026:06:13:20 +0000] "GET / HTTP/1.1" 300 295
[Mon May 25 06:13:20.161860 2026] [wsgi:error] [pid 9:tid 139620614473408] [remote 10.0.0.114:43528] 2026-05-25 06:13:20.161 9 WARNING keystone.common.password_hashing [None req-3180902f-e929-469a-9933-a493af5ba657 - - - - - -] Truncating password to algorithm specific maximum length 72 characters. 10.0.0.114 - - [25/May/2026:06:13:20 +0000] "GET / HTTP/1.1" 300 295
[Mon May 25 06:13:20.374414 2026] [wsgi:error] [pid 11:tid 139620614473408] [remote 10.0.0.114:43538] 2026-05-25 06:13:20.374 11 WARNING keystone.common.password_hashing [None req-feee4d06-53a6-4849-86be-f236af0c2f71 - - - - - -] Truncating password to algorithm specific maximum length 72 characters.
[Mon May 25 06:13:20.435208 2026] [wsgi:error] [pid 10:tid 139620614473408] [remote 10.0.0.114:43526] 2026-05-25 06:13:20.434 10 WARNING keystone.common.fernet_utils [None req-5ee75824-2f56-4b28-aca6-c255e6db390b - - - - - -] key_repository is world readable: /etc/keystone/fernet-keys/ 10.0.0.114 - - [25/May/2026:06:13:20 +0000] "POST /v3/auth/tokens HTTP/1.1" 201 1464
[Mon May 25 06:13:20.459182 2026] [wsgi:error] [pid 9:tid 139620614473408] [remote 10.0.0.114:43528] 2026-05-25 06:13:20.459 9 WARNING keystone.common.fernet_utils [None req-3180902f-e929-469a-9933-a493af5ba657 - - - - - -] key_repository is world readable: /etc/keystone/fernet-keys/ 10.0.0.114 - - [25/May/2026:06:13:20 +0000] "POST /v3/auth/tokens HTTP/1.1" 201 1464 10.0.0.114 - - [25/May/2026:06:13:20 +0000] "GET /v3/endpoints HTTP/1.1" 200 1227 10.0.0.114 - - [25/May/2026:06:13:20 +0000] "GET /v3/endpoints HTTP/1.1" 200 1227 10.0.0.114 - - [25/May/2026:06:13:20 +0000] "GET /v3/services/d81b68726c164ca3a581dc3f5b48cc2b HTTP/1.1" 200 233 10.0.0.114 - - [25/May/2026:06:13:20 +0000] "GET /v3/services/d81b68726c164ca3a581dc3f5b48cc2b HTTP/1.1" 200 233 10.0.0.114 - - [25/May/2026:06:13:20 +0000] "GET /v3/services/d81b68726c164ca3a581dc3f5b48cc2b HTTP/1.1" 200 233 10.0.0.114 - - [25/May/2026:06:13:20 +0000] "GET /v3/services/d81b68726c164ca3a581dc3f5b48cc2b HTTP/1.1" 200 233 10.0.0.114 - - [25/May/2026:06:13:20 +0000] "GET /v3/services/d81b68726c164ca3a581dc3f5b48cc2b HTTP/1.1" 200 233 10.0.0.114 - - [25/May/2026:06:13:20 +0000] "GET /v3/services/d81b68726c164ca3a581dc3f5b48cc2b HTTP/1.1" 200 233
[Mon May 25 06:13:20.657309 2026] [wsgi:error] [pid 11:tid 139620614473408] [remote 10.0.0.114:43538] 2026-05-25 06:13:20.657 11 WARNING keystone.common.fernet_utils [None req-feee4d06-53a6-4849-86be-f236af0c2f71 - - - - - -] key_repository is world readable: /etc/keystone/fernet-keys/ 10.0.0.114 - - [25/May/2026:06:13:20 +0000] "POST /v3/auth/tokens HTTP/1.1" 201 1464 10.0.0.114 - - [25/May/2026:06:13:20 +0000] "GET /v3/endpoints HTTP/1.1" 200 1227 10.0.0.114 - - [25/May/2026:06:13:20 +0000] "GET /v3/services/d81b68726c164ca3a581dc3f5b48cc2b HTTP/1.1" 200 233 10.0.0.114 - - [25/May/2026:06:13:20 +0000] "GET /v3/services/d81b68726c164ca3a581dc3f5b48cc2b HTTP/1.1" 200 233 10.0.0.114 - - [25/May/2026:06:13:20 +0000] "GET /v3/services/d81b68726c164ca3a581dc3f5b48cc2b HTTP/1.1" 200 233 10.0.0.114 - - [25/May/2026:06:13:21 +0000] "GET / HTTP/1.1" 300 295
[Mon May 25 06:13:21.950600 2026] [wsgi:error] [pid 10:tid 139620614473408] [remote 10.0.0.114:43554] 2026-05-25 06:13:21.950 10 WARNING keystone.common.password_hashing [None req-c0c2b756-e297-4214-b331-bf256ab50e88 - - - - - -] Truncating password to algorithm specific maximum length 72 characters. 10.0.0.114 - - [25/May/2026:06:13:21 +0000] "GET / HTTP/1.1" 300 295
[Mon May 25 06:13:22.002544 2026] [wsgi:error] [pid 11:tid 139620614473408] [remote 10.0.0.114:43570] 2026-05-25 06:13:22.002 11 WARNING keystone.common.password_hashing [None req-7c5cded3-100b-4771-8458-23c124e83c1f - - - - - -] Truncating password to algorithm specific maximum length 72 characters. 10.0.0.114 - - [25/May/2026:06:13:22 +0000] "GET / HTTP/1.1" 300 295
[Mon May 25 06:13:22.212117 2026] [wsgi:error] [pid 12:tid 139620614473408] [remote 10.0.0.114:43586] 2026-05-25 06:13:22.211 12 WARNING keystone.common.password_hashing [None req-028b49bd-5d6b-44f8-b54d-46dc58e1e134 - - - - - -] Truncating password to algorithm specific maximum length 72 characters.
[Mon May 25 06:13:22.230644 2026] [wsgi:error] [pid 10:tid 139620614473408] [remote 10.0.0.114:43554] 2026-05-25 06:13:22.230 10 WARNING keystone.common.fernet_utils [None req-c0c2b756-e297-4214-b331-bf256ab50e88 - - - - - -] key_repository is world readable: /etc/keystone/fernet-keys/ 10.0.0.114 - - [25/May/2026:06:13:21 +0000] "POST /v3/auth/tokens HTTP/1.1" 201 1464
[Mon May 25 06:13:22.282630 2026] [wsgi:error] [pid 11:tid 139620614473408] [remote 10.0.0.114:43570] 2026-05-25 06:13:22.282 11 WARNING keystone.common.fernet_utils [None req-7c5cded3-100b-4771-8458-23c124e83c1f - - - - - -] key_repository is world readable: /etc/keystone/fernet-keys/ 10.0.0.114 - - [25/May/2026:06:13:21 +0000] "POST /v3/auth/tokens HTTP/1.1" 201 1464 10.0.0.114 - - [25/May/2026:06:13:22 +0000] "GET /v3/services/96de9bf9b5c54f5595c7e9dbdba6ca7f HTTP/1.1" 200 296 10.0.0.114 - - [25/May/2026:06:13:22 +0000] "GET /v3/regions/RegionOne HTTP/1.1" 200 173 10.0.0.114 - - [25/May/2026:06:13:22 +0000] "GET /v3/services/96de9bf9b5c54f5595c7e9dbdba6ca7f HTTP/1.1" 200 296 10.0.0.114 - - [25/May/2026:06:13:22 +0000] "GET /v3/regions/RegionOne HTTP/1.1" 200 173 10.0.0.114 - - [25/May/2026:06:13:22 +0000] "POST /v3/endpoints HTTP/1.1" 201 380
[Mon May 25 06:13:22.498881 2026] [wsgi:error] [pid 12:tid 139620614473408] [remote 10.0.0.114:43586] 2026-05-25 06:13:22.498 12 WARNING keystone.common.fernet_utils [None req-028b49bd-5d6b-44f8-b54d-46dc58e1e134 - - - - - -] key_repository is world readable: /etc/keystone/fernet-keys/ 10.0.0.114 - - [25/May/2026:06:13:22 +0000] "POST /v3/auth/tokens HTTP/1.1" 201 1823 10.0.0.114 - - [25/May/2026:06:13:22 +0000] "POST /v3/endpoints HTTP/1.1" 201 383 10.0.0.114 - - [25/May/2026:06:13:22 +0000] "GET /v3/services/96de9bf9b5c54f5595c7e9dbdba6ca7f HTTP/1.1" 200 296 10.0.0.114 - - [25/May/2026:06:13:22 +0000] "GET /v3/regions/RegionOne HTTP/1.1" 200 173 10.0.0.114 - - [25/May/2026:06:13:22 +0000] "POST /v3/endpoints HTTP/1.1" 201 370 10.0.0.114 - - [25/May/2026:06:13:23 +0000] "GET / HTTP/1.1" 300 295
[Mon May 25 06:13:23.771847 2026] [wsgi:error] [pid 10:tid 139620614473408] [remote 10.0.0.114:43592] 2026-05-25 06:13:23.771 10 WARNING keystone.common.password_hashing [None req-e0c26546-542f-425c-9c00-38bab8f800c3 - - - - - -] Truncating password to algorithm specific maximum length 72 characters. 10.0.0.114 - - [25/May/2026:06:13:23 +0000] "GET / HTTP/1.1" 300 295
[Mon May 25 06:13:23.868757 2026] [wsgi:error] [pid 12:tid 139620614473408] [remote 10.0.0.114:43602] 2026-05-25 06:13:23.868 12 WARNING keystone.common.password_hashing [None req-e39b1b2b-f622-4c97-ae30-25584234dc73 - - - - - -] Truncating password to algorithm specific maximum length 72 characters.
[Mon May 25 06:13:24.059876 2026] [wsgi:error] [pid 10:tid 139620614473408] [remote 10.0.0.114:43592] 2026-05-25 06:13:24.059 10 WARNING keystone.common.fernet_utils [None req-e0c26546-542f-425c-9c00-38bab8f800c3 - - - - - -] key_repository is world readable: /etc/keystone/fernet-keys/ 10.0.0.114 - - [25/May/2026:06:13:23 +0000] "POST /v3/auth/tokens HTTP/1.1" 201 1992
[Mon May 25 06:13:24.151232 2026] [wsgi:error] [pid 12:tid 139620614473408] [remote 10.0.0.114:43602] 2026-05-25 06:13:24.151 12 WARNING keystone.common.fernet_utils [None req-e39b1b2b-f622-4c97-ae30-25584234dc73 - - - - - -] key_repository is world readable: /etc/keystone/fernet-keys/ 10.0.0.114 - - [25/May/2026:06:13:23 +0000] "POST /v3/auth/tokens HTTP/1.1" 201 1992 10.0.0.114 - - [25/May/2026:06:13:24 +0000] "GET /v3/endpoints/1a6470532e814408a33ca327b3215a68 HTTP/1.1" 200 380 10.0.0.114 - - [25/May/2026:06:13:24 +0000] "GET /v3/services/96de9bf9b5c54f5595c7e9dbdba6ca7f HTTP/1.1" 200 296 10.0.0.114 - - [25/May/2026:06:13:24 +0000] "GET / HTTP/1.1" 300 295 10.0.0.114 - - [25/May/2026:06:13:24 +0000] "GET /v3/endpoints/3cbb3fb31b234bef8aa5a2d044c1fc6c HTTP/1.1" 200 383
[Mon May 25 06:13:24.297182 2026] [wsgi:error] [pid 11:tid 139620614473408] [remote 10.0.0.114:43614] 2026-05-25 06:13:24.296 11 WARNING keystone.common.password_hashing [None req-c878867d-2c52-4ce9-af8d-66583a86b76a - - - - - -] Truncating password to algorithm specific maximum length 72 characters. 10.0.0.114 - - [25/May/2026:06:13:24 +0000] "GET /v3/services/96de9bf9b5c54f5595c7e9dbdba6ca7f HTTP/1.1" 200 296
[Mon May 25 06:13:24.571253 2026] [wsgi:error] [pid 11:tid 139620614473408] [remote 10.0.0.114:43614] 2026-05-25 06:13:24.571 11 WARNING keystone.common.fernet_utils [None req-c878867d-2c52-4ce9-af8d-66583a86b76a - - - - - -] key_repository is world readable: /etc/keystone/fernet-keys/ 10.0.0.114 - - [25/May/2026:06:13:24 +0000] "POST /v3/auth/tokens HTTP/1.1" 201 1992 10.0.0.114 - - [25/May/2026:06:13:24 +0000] "GET /v3/endpoints/30bf76d8f1c2428dbee3629e903f61c5 HTTP/1.1" 200 370 10.0.0.114 - - [25/May/2026:06:13:24 +0000] "GET /v3/services/96de9bf9b5c54f5595c7e9dbdba6ca7f HTTP/1.1" 200 296 10.0.0.41 - - [25/May/2026:06:13:34 +0000] "GET / HTTP/1.1" 300 295
[Mon May 25 06:13:34.179262 2026] [wsgi:error] [pid 11:tid 139620614473408] [remote 10.0.0.41:51720] 2026-05-25 06:13:34.179 11 WARNING keystone.common.password_hashing [None req-33621423-61b4-4bff-8ec9-b8ea7bf7cf57 - - - - - -] Truncating password to algorithm specific maximum length 72 characters.
[Mon May 25 06:13:34.448299 2026] [wsgi:error] [pid 11:tid 139620614473408] [remote 10.0.0.41:51720] 2026-05-25 06:13:34.448 11 WARNING keystone.common.fernet_utils [None req-33621423-61b4-4bff-8ec9-b8ea7bf7cf57 - - - - - -] key_repository is world readable: /etc/keystone/fernet-keys/ 10.0.0.41 - - [25/May/2026:06:13:34 +0000] "POST /v3/auth/tokens HTTP/1.1" 201 1992 10.0.0.41 - - [25/May/2026:06:13:34 +0000] "POST /v3/domains HTTP/1.1" 201 284 10.0.0.41 - - [25/May/2026:06:13:35 +0000] "GET / HTTP/1.1" 300 295
[Mon May 25 06:13:35.988673 2026] [wsgi:error] [pid 9:tid 139620614473408] [remote 10.0.0.41:51736] 2026-05-25 06:13:35.988 9 WARNING keystone.common.password_hashing [None req-af94b702-2748-47f1-a737-d99b4ef7d183 - - - - - -] Truncating password to algorithm specific maximum length 72 characters.
[Mon May 25 06:13:36.266856 2026] [wsgi:error] [pid 9:tid 139620614473408] [remote 10.0.0.41:51736] 2026-05-25 06:13:36.266 9 WARNING keystone.common.fernet_utils [None req-af94b702-2748-47f1-a737-d99b4ef7d183 - - - - - -] key_repository is world readable: /etc/keystone/fernet-keys/ 10.0.0.41 - - [25/May/2026:06:13:35 +0000] "POST /v3/auth/tokens HTTP/1.1" 201 1992
[Mon May 25 06:13:36.468716 2026] [wsgi:error] [pid 11:tid 139620614473408] [remote 10.0.0.41:51736] 2026-05-25 06:13:36.455 11 ERROR keystone.server.flask.application [None req-41b15ec5-76b5-4710-b8ed-6d9c0e35dce3 5d948ef2a9954a248ce7cea503756b7c a6f244b239754ae4aff5d4e6f48ae0f5 - - default default] Conflict occurred attempting to store project - it is not permitted to have two projects acting as domains with the same name: service.: keystone.exception.Conflict: Conflict occurred attempting to store project - it is not permitted to have two projects acting as domains with the same name: service.
[Mon May 25 06:13:36.468740 2026] [wsgi:error] [pid 11:tid 139620614473408] [remote 10.0.0.41:51736] 2026-05-25 06:13:36.455 11 ERROR keystone.server.flask.application
Traceback (most recent call last):
[Mon May 25 06:13:36.468743 2026] [wsgi:error] [pid 11:tid 139620614473408] [remote 10.0.0.41:51736] 2026-05-25 06:13:36.455 11 ERROR keystone.server.flask.application
File "/var/lib/openstack/lib/python3.12/site-packages/sqlalchemy/engine/base.py", line 1967, in _exec_single_context
[Mon May 25 06:13:36.468745 2026] [wsgi:error] [pid 11:tid 139620614473408] [remote 10.0.0.41:51736] 2026-05-25 06:13:36.455 11 ERROR keystone.server.flask.application self.dialect.do_execute(
[Mon May 25 06:13:36.468747 2026] [wsgi:error] [pid 11:tid 139620614473408] [remote 10.0.0.41:51736] 2026-05-25 06:13:36.455 11 ERROR keystone.server.flask.application
File "/var/lib/openstack/lib/python3.12/site-packages/sqlalchemy/engine/default.py", line 952, in do_execute
[Mon May 25 06:13:36.468764 2026] [wsgi:error] [pid 11:tid 139620614473408] [remote 10.0.0.41:51736] 2026-05-25 06:13:36.455 11 ERROR keystone.server.flask.application cursor.execute(statement, parameters)
[Mon May 25 06:13:36.468766 2026] [wsgi:error] [pid 11:tid 139620614473408] [remote 10.0.0.41:51736] 2026-05-25 06:13:36.455 11 ERROR keystone.server.flask.application
File "/var/lib/openstack/lib/python3.12/site-packages/pymysql/cursors.py", line 157, in execute
[Mon May 25 06:13:36.468768 2026] [wsgi:error] [pid 11:tid 139620614473408] [remote 10.0.0.41:51736] 2026-05-25 06:13:36.455 11 ERROR keystone.server.flask.application result = self._query(query)
[Mon May 25 06:13:36.468770 2026] [wsgi:error] [pid 11:tid 139620614473408] [remote 10.0.0.41:51736] 2026-05-25 06:13:36.455 11 ERROR keystone.server.flask.application ^^^^^^^^^^^^^^^^^^
[Mon May 25 06:13:36.468772 2026] [wsgi:error] [pid 11:tid 139620614473408] [remote 10.0.0.41:51736] 2026-05-25 06:13:36.455 11 ERROR keystone.server.flask.application
File "/var/lib/openstack/lib/python3.12/site-packages/pymysql/cursors.py", line 328, in _query
[Mon May 25 06:13:36.468774 2026] [wsgi:error] [pid 11:tid 139620614473408] [remote 10.0.0.41:51736] 2026-05-25 06:13:36.455 11 ERROR keystone.server.flask.application conn.query(q)
[Mon May 25 06:13:36.468776 2026] [wsgi:error] [pid 11:tid 139620614473408] [remote 10.0.0.41:51736] 2026-05-25 06:13:36.455 11 ERROR keystone.server.flask.application
File "/var/lib/openstack/lib/python3.12/site-packages/pymysql/connections.py", line 575, in query
[Mon May 25 06:13:36.468777 2026] [wsgi:error] [pid 11:tid 139620614473408] [remote 10.0.0.41:51736] 2026-05-25 06:13:36.455 11 ERROR keystone.server.flask.application self._affected_rows = self._read_query_result(unbuffered=unbuffered)
[Mon May 25 06:13:36.468779 2026] [wsgi:error] [pid 11:tid 139620614473408] [remote 10.0.0.41:51736] 2026-05-25 06:13:36.455 11 ERROR keystone.server.flask.application ^^^^^^^^^^^^^^^^^^^^^^^^^^^^^^^^^^^^^^^^^^^^^^
[Mon May 25 06:13:36.468780 2026] [wsgi:error] [pid 11:tid 139620614473408] [remote 10.0.0.41:51736] 2026-05-25 06:13:36.455 11 ERROR keystone.server.flask.application
File "/var/lib/openstack/lib/python3.12/site-packages/pymysql/connections.py", line 826, in _read_query_result
[Mon May 25 06:13:36.468782 2026] [wsgi:error] [pid 11:tid 139620614473408] [remote 10.0.0.41:51736] 2026-05-25 06:13:36.455 11 ERROR keystone.server.flask.application result.read()
[Mon May 25 06:13:36.468784 2026] [wsgi:error] [pid 11:tid 139620614473408] [remote 10.0.0.41:51736] 2026-05-25 06:13:36.455 11 ERROR keystone.server.flask.application
File "/var/lib/openstack/lib/python3.12/site-packages/pymysql/connections.py", line 1203, in read
[Mon May 25 06:13:36.468786 2026] [wsgi:error] [pid 11:tid 139620614473408] [remote 10.0.0.41:51736] 2026-05-25 06:13:36.455 11 ERROR keystone.server.flask.application first_packet = self.connection._read_packet()
[Mon May 25 06:13:36.468787 2026] [wsgi:error] [pid 11:tid 139620614473408] [remote 10.0.0.41:51736] 2026-05-25 06:13:36.455 11 ERROR keystone.server.flask.application ^^^^^^^^^^^^^^^^^^^^^^^^^^^^^^
[Mon May 25 06:13:36.468789 2026] [wsgi:error] [pid 11:tid 139620614473408] [remote 10.0.0.41:51736] 2026-05-25 06:13:36.455 11 ERROR keystone.server.flask.application
File "/var/lib/openstack/lib/python3.12/site-packages/pymysql/connections.py", line 782, in _read_packet
[Mon May 25 06:13:36.468790 2026] [wsgi:error] [pid 11:tid 139620614473408] [remote 10.0.0.41:51736] 2026-05-25 06:13:36.455 11 ERROR keystone.server.flask.application packet.raise_for_error()
[Mon May 25 06:13:36.468791 2026] [wsgi:error] [pid 11:tid 139620614473408] [remote 10.0.0.41:51736] 2026-05-25 06:13:36.455 11 ERROR keystone.server.flask.application
File "/var/lib/openstack/lib/python3.12/site-packages/pymysql/protocol.py", line 219, in raise_for_error
[Mon May 25 06:13:36.468793 2026] [wsgi:error] [pid 11:tid 139620614473408] [remote 10.0.0.41:51736] 2026-05-25 06:13:36.455 11 ERROR keystone.server.flask.application err.raise_mysql_exception(self._data)
[Mon May 25 06:13:36.468794 2026] [wsgi:error] [pid 11:tid 139620614473408] [remote 10.0.0.41:51736] 2026-05-25 06:13:36.455 11 ERROR keystone.server.flask.application
File "/var/lib/openstack/lib/python3.12/site-packages/pymysql/err.py", line 150, in raise_mysql_exception
[Mon May 25 06:13:36.468796 2026] [wsgi:error] [pid 11:tid 139620614473408] [remote 10.0.0.41:51736] 2026-05-25 06:13:36.455 11 ERROR keystone.server.flask.application raise errorclass(errno, errval)
[Mon May 25 06:13:36.468797 2026] [wsgi:error] [pid 11:tid 139620614473408] [remote 10.0.0.41:51736] 2026-05-25 06:13:36.455 11 ERROR keystone.server.flask.application pymysql.err.IntegrityError: (1062, "Duplicate entry '<>-service' for key 'project.ixu_project_name_domain_id'")
[Mon May 25 06:13:36.468799 2026] [wsgi:error] [pid 11:tid 139620614473408] [remote 10.0.0.41:51736] 2026-05-25 06:13:36.455 11 ERROR keystone.server.flask.application
[Mon May 25 06:13:36.468800 2026] [wsgi:error] [pid 11:tid 139620614473408] [remote 10.0.0.41:51736] 2026-05-25 06:13:36.455 11 ERROR keystone.server.flask.application The above exception was the direct cause of the following exception:
[Mon May 25 06:13:36.468801 2026] [wsgi:error] [pid 11:tid 139620614473408] [remote 10.0.0.41:51736] 2026-05-25 06:13:36.455 11 ERROR keystone.server.flask.application
[Mon May 25 06:13:36.468803 2026] [wsgi:error] [pid 11:tid 139620614473408] [remote 10.0.0.41:51736] 2026-05-25 06:13:36.455 11 ERROR keystone.server.flask.application
Traceback (most recent call last):
[Mon May 25 06:13:36.468804 2026] [wsgi:error] [pid 11:tid 139620614473408] [remote 10.0.0.41:51736] 2026-05-25 06:13:36.455 11 ERROR keystone.server.flask.application
File "/var/lib/openstack/lib/python3.12/site-packages/keystone/common/sql/core.py", line 575, in wrapper
[Mon May 25 06:13:36.468805 2026] [wsgi:error] [pid 11:tid 139620614473408] [remote 10.0.0.41:51736] 2026-05-25 06:13:36.455 11 ERROR keystone.server.flask.application return method(*args, **kwargs)
[Mon May 25 06:13:36.468807 2026] [wsgi:error] [pid 11:tid 139620614473408] [remote 10.0.0.41:51736] 2026-05-25 06:13:36.455 11 ERROR keystone.server.flask.application ^^^^^^^^^^^^^^^^^^^^^^^
[Mon May 25 06:13:36.468808 2026] [wsgi:error] [pid 11:tid 139620614473408] [remote 10.0.0.41:51736] 2026-05-25 06:13:36.455 11 ERROR keystone.server.flask.application
File "/var/lib/openstack/lib/python3.12/site-packages/keystone/resource/backends/sql.py", line 278, in create_project
[Mon May 25 06:13:36.468810 2026] [wsgi:error] [pid 11:tid 139620614473408] [remote 10.0.0.41:51736] 2026-05-25 06:13:36.455 11 ERROR keystone.server.flask.application with sql.session_for_write() as session:
[Mon May 25 06:13:36.468811 2026] [wsgi:error] [pid 11:tid 139620614473408] [remote 10.0.0.41:51736] 2026-05-25 06:13:36.455 11 ERROR keystone.server.flask.application
File "/usr/lib/python3.12/contextlib.py", line 144, in __exit__
[Mon May 25 06:13:36.468813 2026] [wsgi:error] [pid 11:tid 139620614473408] [remote 10.0.0.41:51736] 2026-05-25 06:13:36.455 11 ERROR keystone.server.flask.application next(self.gen)
[Mon May 25 06:13:36.468814 2026] [wsgi:error] [pid 11:tid 139620614473408] [remote 10.0.0.41:51736] 2026-05-25 06:13:36.455 11 ERROR keystone.server.flask.application
File "/var/lib/openstack/lib/python3.12/site-packages/oslo_db/sqlalchemy/enginefacade.py", line 1175, in _transaction_scope
[Mon May 25 06:13:36.468816 2026] [wsgi:error] [pid 11:tid 139620614473408] [remote 10.0.0.41:51736] 2026-05-25 06:13:36.455 11 ERROR keystone.server.flask.application with current._produce_block(
[Mon May 25 06:13:36.468817 2026] [wsgi:error] [pid 11:tid 139620614473408] [remote 10.0.0.41:51736] 2026-05-25 06:13:36.455 11 ERROR keystone.server.flask.application
File "/usr/lib/python3.12/contextlib.py", line 144, in __exit__
[Mon May 25 06:13:36.468818 2026] [wsgi:error] [pid 11:tid 139620614473408] [remote 10.0.0.41:51736] 2026-05-25 06:13:36.455 11 ERROR keystone.server.flask.application next(self.gen)
[Mon May 25 06:13:36.468820 2026] [wsgi:error] [pid 11:tid 139620614473408] [remote 10.0.0.41:51736] 2026-05-25 06:13:36.455 11 ERROR keystone.server.flask.application
File "/var/lib/openstack/lib/python3.12/site-packages/oslo_db/sqlalchemy/enginefacade.py", line 837, in _session
[Mon May 25 06:13:36.468821 2026] [wsgi:error] [pid 11:tid 139620614473408] [remote 10.0.0.41:51736] 2026-05-25 06:13:36.455 11 ERROR keystone.server.flask.application with excutils.save_and_reraise_exception():
[Mon May 25 06:13:36.468822 2026] [wsgi:error] [pid 11:tid 139620614473408] [remote 10.0.0.41:51736] 2026-05-25 06:13:36.455 11 ERROR keystone.server.flask.application
File "/var/lib/openstack/lib/python3.12/site-packages/oslo_utils/excutils.py", line 271, in __exit__
[Mon May 25 06:13:36.468824 2026] [wsgi:error] [pid 11:tid 139620614473408] [remote 10.0.0.41:51736] 2026-05-25 06:13:36.455 11 ERROR keystone.server.flask.application self.force_reraise()
[Mon May 25 06:13:36.468825 2026] [wsgi:error] [pid 11:tid 139620614473408] [remote 10.0.0.41:51736] 2026-05-25 06:13:36.455 11 ERROR keystone.server.flask.application
File "/var/lib/openstack/lib/python3.12/site-packages/oslo_utils/excutils.py", line 233, in force_reraise
[Mon May 25 06:13:36.468827 2026] [wsgi:error] [pid 11:tid 139620614473408] [remote 10.0.0.41:51736] 2026-05-25 06:13:36.455 11 ERROR keystone.server.flask.application raise self.value
[Mon May 25 06:13:36.468828 2026] [wsgi:error] [pid 11:tid 139620614473408] [remote 10.0.0.41:51736] 2026-05-25 06:13:36.455 11 ERROR keystone.server.flask.application
File "/var/lib/openstack/lib/python3.12/site-packages/oslo_db/sqlalchemy/enginefacade.py", line 835, in _session
[Mon May 25 06:13:36.468829 2026] [wsgi:error] [pid 11:tid 139620614473408] [remote 10.0.0.41:51736] 2026-05-25 06:13:36.455 11 ERROR keystone.server.flask.application self._end_session_transaction(self.session)
[Mon May 25 06:13:36.468831 2026] [wsgi:error] [pid 11:tid 139620614473408] [remote 10.0.0.41:51736] 2026-05-25 06:13:36.455 11 ERROR keystone.server.flask.application
File "/var/lib/openstack/lib/python3.12/site-packages/oslo_db/sqlalchemy/enginefacade.py", line 748, in _end_session_transaction
[Mon May 25 06:13:36.468832 2026] [wsgi:error] [pid 11:tid 139620614473408] [remote 10.0.0.41:51736] 2026-05-25 06:13:36.455 11 ERROR keystone.server.flask.application session.commit()
[Mon May 25 06:13:36.468834 2026] [wsgi:error] [pid 11:tid 139620614473408] [remote 10.0.0.41:51736] 2026-05-25 06:13:36.455 11 ERROR keystone.server.flask.application
File "/var/lib/openstack/lib/python3.12/site-packages/sqlalchemy/orm/session.py", line 2030, in commit
[Mon May 25 06:13:36.468836 2026] [wsgi:error] [pid 11:tid 139620614473408] [remote 10.0.0.41:51736] 2026-05-25 06:13:36.455 11 ERROR keystone.server.flask.application trans.commit(_to_root=True)
[Mon May 25 06:13:36.468837 2026] [wsgi:error] [pid 11:tid 139620614473408] [remote 10.0.0.41:51736] 2026-05-25 06:13:36.455 11 ERROR keystone.server.flask.application File "", line 2, in commit
[Mon May 25 06:13:36.468838 2026] [wsgi:error] [pid 11:tid 139620614473408] [remote 10.0.0.41:51736] 2026-05-25 06:13:36.455 11 ERROR keystone.server.flask.application
File "/var/lib/openstack/lib/python3.12/site-packages/sqlalchemy/orm/state_changes.py", line 137, in _go
[Mon May 25 06:13:36.468840 2026] [wsgi:error] [pid 11:tid 139620614473408] [remote 10.0.0.41:51736] 2026-05-25 06:13:36.455 11 ERROR keystone.server.flask.application ret_value = fn(self, *arg, **kw)
[Mon May 25 06:13:36.468841 2026] [wsgi:error] [pid 11:tid 139620614473408] [remote 10.0.0.41:51736] 2026-05-25 06:13:36.455 11 ERROR keystone.server.flask.application ^^^^^^^^^^^^^^^^^^^^
[Mon May 25 06:13:36.468842 2026] [wsgi:error] [pid 11:tid 139620614473408] [remote 10.0.0.41:51736] 2026-05-25 06:13:36.455 11 ERROR keystone.server.flask.application
File "/var/lib/openstack/lib/python3.12/site-packages/sqlalchemy/orm/session.py", line 1311, in commit
[Mon May 25 06:13:36.468844 2026] [wsgi:error] [pid 11:tid 139620614473408] [remote 10.0.0.41:51736] 2026-05-25 06:13:36.455 11 ERROR keystone.server.flask.application self._prepare_impl()
[Mon May 25 06:13:36.468845 2026] [wsgi:error] [pid 11:tid 139620614473408] [remote 10.0.0.41:51736] 2026-05-25 06:13:36.455 11 ERROR keystone.server.flask.application File "", line 2, in _prepare_impl
[Mon May 25 06:13:36.468847 2026] [wsgi:error] [pid 11:tid 139620614473408] [remote 10.0.0.41:51736] 2026-05-25 06:13:36.455 11 ERROR keystone.server.flask.application
File "/var/lib/openstack/lib/python3.12/site-packages/sqlalchemy/orm/state_changes.py", line 137, in _go
[Mon May 25 06:13:36.468848 2026] [wsgi:error] [pid 11:tid 139620614473408] [remote 10.0.0.41:51736] 2026-05-25 06:13:36.455 11 ERROR keystone.server.flask.application ret_value = fn(self, *arg, **kw)
[Mon May 25 06:13:36.468849 2026] [wsgi:error] [pid 11:tid 139620614473408] [remote 10.0.0.41:51736] 2026-05-25 06:13:36.455 11 ERROR keystone.server.flask.application ^^^^^^^^^^^^^^^^^^^^
[Mon May 25 06:13:36.468851 2026] [wsgi:error] [pid 11:tid 139620614473408] [remote 10.0.0.41:51736] 2026-05-25 06:13:36.455 11 ERROR keystone.server.flask.application
File "/var/lib/openstack/lib/python3.12/site-packages/sqlalchemy/orm/session.py", line 1286, in _prepare_impl
[Mon May 25 06:13:36.468852 2026] [wsgi:error] [pid 11:tid 139620614473408] [remote 10.0.0.41:51736] 2026-05-25 06:13:36.455 11 ERROR keystone.server.flask.application self.session.flush()
[Mon May 25 06:13:36.468853 2026] [wsgi:error] [pid 11:tid 139620614473408] [remote 10.0.0.41:51736] 2026-05-25 06:13:36.455 11 ERROR keystone.server.flask.application
File "/var/lib/openstack/lib/python3.12/site-packages/sqlalchemy/orm/session.py", line 4331, in flush
[Mon May 25 06:13:36.468855 2026] [wsgi:error] [pid 11:tid 139620614473408] [remote 10.0.0.41:51736] 2026-05-25 06:13:36.455 11 ERROR keystone.server.flask.application self._flush(objects)
[Mon May 25 06:13:36.468856 2026] [wsgi:error] [pid 11:tid 139620614473408] [remote 10.0.0.41:51736] 2026-05-25 06:13:36.455 11 ERROR keystone.server.flask.application
File "/var/lib/openstack/lib/python3.12/site-packages/sqlalchemy/orm/session.py", line 4466, in _flush
[Mon May 25 06:13:36.468858 2026] [wsgi:error] [pid 11:tid 139620614473408] [remote 10.0.0.41:51736] 2026-05-25 06:13:36.455 11 ERROR keystone.server.flask.application with util.safe_reraise():
[Mon May 25 06:13:36.468860 2026] [wsgi:error] [pid 11:tid 139620614473408] [remote 10.0.0.41:51736] 2026-05-25 06:13:36.455 11 ERROR keystone.server.flask.application
File "/var/lib/openstack/lib/python3.12/site-packages/sqlalchemy/util/langhelpers.py", line 121, in __exit__
[Mon May 25 06:13:36.468861 2026] [wsgi:error] [pid 11:tid 139620614473408] [remote 10.0.0.41:51736] 2026-05-25 06:13:36.455 11 ERROR keystone.server.flask.application raise exc_value.with_traceback(exc_tb)
[Mon May 25 06:13:36.468862 2026] [wsgi:error] [pid 11:tid 139620614473408] [remote 10.0.0.41:51736] 2026-05-25 06:13:36.455 11 ERROR keystone.server.flask.application
File "/var/lib/openstack/lib/python3.12/site-packages/sqlalchemy/orm/session.py", line 4427, in _flush
[Mon May 25 06:13:36.468864 2026] [wsgi:error] [pid 11:tid 139620614473408] [remote 10.0.0.41:51736] 2026-05-25 06:13:36.455 11 ERROR keystone.server.flask.application flush_context.execute()
[Mon May 25 06:13:36.468865 2026] [wsgi:error] [pid 11:tid 139620614473408] [remote 10.0.0.41:51736] 2026-05-25 06:13:36.455 11 ERROR keystone.server.flask.application
File "/var/lib/openstack/lib/python3.12/site-packages/sqlalchemy/orm/unitofwork.py", line 466, in execute
