Aug 14 09:10:38.925499 np0000189557 devstack@n-api.service[98448]: DEBUG oslo_concurrency.lockutils [None req-7bac2e3a-2916-4438-b5a9-ae1fe803cab3 admin admin] Lock "12478cd8-89f1-4db8-bb3b-00f6815b8af7" "released" by "nova.context.set_target_cell..get_or_set_cached_cell_and_set_connections" :: held 0.000s {{(pid=98448) inner /opt/stack/data/venv/lib/python3.12/site-packages/oslo_concurrency/lockutils.py:544}}
Aug 14 09:10:38.989555 np0000189557 devstack@n-api.service[98448]: INFO nova.api.openstack.requestlog [None req-7bac2e3a-2916-4438-b5a9-ae1fe803cab3 admin admin] 199.19.213.96 "GET /compute/v2.1/os-services?binary=nova-compute&host=np0000189557" status: 200 len: 255 microversion: 2.69 time: 0.071861
Aug 14 09:10:38.989964 np0000189557 devstack@n-api.service[98448]: [pid: 98448|app: 0|req: 15/60] 199.19.213.96 () {68 vars in 1468 bytes} [Fri Aug 14 09:10:38 2026] GET /compute/v2.1/os-services?binary=nova-compute&host=np0000189557 => generated 255 bytes in 73 msecs (HTTP/1.1 200) 9 headers in 359 bytes (1 switches on core 0)
Aug 14 09:10:48.930508 np0000189557 devstack@n-api.service[98448]: DEBUG dbcounter [-] [98448] Writing DB stats nova_cell0:SELECT=1 {{(pid=98448) stat_writer /opt/stack/data/venv/lib/python3.12/site-packages/dbcounter.py:115}}
Aug 14 09:10:48.936565 np0000189557 devstack@n-api.service[98448]: DEBUG dbcounter [-] [98448] Writing DB stats nova_cell1:SELECT=1 {{(pid=98448) stat_writer /opt/stack/data/venv/lib/python3.12/site-packages/dbcounter.py:115}}
Aug 14 09:10:48.980294 np0000189557 devstack@n-api.service[98448]: DEBUG dbcounter [-] [98448] Writing DB stats nova_api:SELECT=2 {{(pid=98448) stat_writer /opt/stack/data/venv/lib/python3.12/site-packages/dbcounter.py:115}}
Aug 14 09:11:13.558043 np0000189557 devstack@n-api.service[98450]: DEBUG nova.api.openstack.wsgi [None req-07b126b8-6b1e-4e55-acf9-567e04cf6bc8 admin admin] Calling method '>' {{(pid=98450) _process_stack /opt/stack/nova/nova/api/openstack/wsgi.py:551}}
Aug 14 09:11:13.561139 np0000189557 devstack@n-api.service[98450]: INFO nova.api.openstack.requestlog [None req-07b126b8-6b1e-4e55-acf9-567e04cf6bc8 admin admin] 199.19.213.96 "GET /compute/v2.1" status: 200 len: 392 microversion: 2.1 time: 0.003959
Aug 14 09:11:13.561428 np0000189557 devstack@n-api.service[98450]: [pid: 98450|app: 0|req: 15/61] 199.19.213.96 () {62 vars in 1056 bytes} [Fri Aug 14 09:11:13 2026] GET /compute/v2.1 => generated 392 bytes in 4 msecs (HTTP/1.1 200) 9 headers in 357 bytes (1 switches on core 0)
Aug 14 09:11:13.594982 np0000189557 devstack@n-api.service[98449]: DEBUG nova.api.openstack.wsgi [None req-bf1942fd-82c0-42fb-8143-d65f2d9700d5 admin admin] Calling method '>' {{(pid=98449) _process_stack /opt/stack/nova/nova/api/openstack/wsgi.py:551}}
Aug 14 09:11:13.600146 np0000189557 devstack@n-api.service[98449]: INFO nova.api.openstack.requestlog [None req-bf1942fd-82c0-42fb-8143-d65f2d9700d5 admin admin] 199.19.213.96 "GET /compute/v2.1/" status: 200 len: 392 microversion: 2.1 time: 0.005755
Aug 14 09:11:13.600407 np0000189557 devstack@n-api.service[98449]: [pid: 98449|app: 0|req: 16/62] 199.19.213.96 () {62 vars in 1059 bytes} [Fri Aug 14 09:11:13 2026] GET /compute/v2.1/ => generated 392 bytes in 6 msecs (HTTP/1.1 200) 9 headers in 357 bytes (1 switches on core 0)
Aug 14 09:11:13.635873 np0000189557 devstack@n-api.service[98447]: DEBUG nova.api.openstack.wsgi [None req-1d3a66c8-7c67-4cd3-86ee-82c10785b4ec demo demo] Calling method '>' {{(pid=98447) _process_stack /opt/stack/nova/nova/api/openstack/wsgi.py:551}}
Aug 14 09:11:13.660849 np0000189557 devstack@n-api.service[98447]: INFO nova.api.openstack.requestlog [None req-1d3a66c8-7c67-4cd3-86ee-82c10785b4ec demo demo] 199.19.213.96 "GET /compute/v2.1/flavors/detail?is_public=None" status: 200 len: 5240 microversion: 2.61 time: 0.028365
Aug 14 09:11:13.661113 np0000189557 devstack@n-api.service[98447]: [pid: 98447|app: 0|req: 17/63] 199.19.213.96 () {68 vars in 1417 bytes} [Fri Aug 14 09:11:13 2026] GET /compute/v2.1/flavors/detail?is_public=None => generated 5240 bytes in 29 msecs (HTTP/1.1 200) 9 headers in 360 bytes (1 switches on core 0)
Aug 14 09:11:13.708721 np0000189557 devstack@n-api.service[98448]: DEBUG nova.api.openstack.wsgi [None req-303a28e6-e007-472b-ae03-5b6e1b18d1da demo demo] Calling method '>' {{(pid=98448) _process_stack /opt/stack/nova/nova/api/openstack/wsgi.py:551}}
Aug 14 09:11:13.742769 np0000189557 devstack@n-api.service[98448]: INFO nova.api.openstack.requestlog [None req-303a28e6-e007-472b-ae03-5b6e1b18d1da demo demo] 199.19.213.96 "GET /compute/v2.1/flavors/detail?is_public=None" status: 200 len: 5240 microversion: 2.61 time: 0.037560
Aug 14 09:11:13.743299 np0000189557 devstack@n-api.service[98448]: [pid: 98448|app: 0|req: 16/64] 199.19.213.96 () {68 vars in 1417 bytes} [Fri Aug 14 09:11:13 2026] GET /compute/v2.1/flavors/detail?is_public=None => generated 5240 bytes in 39 msecs (HTTP/1.1 200) 9 headers in 360 bytes (1 switches on core 0)
Aug 14 09:11:14.052136 np0000189557 devstack@n-api.service[98450]: DEBUG nova.api.openstack.wsgi [None req-07b126b8-6b1e-4e55-acf9-567e04cf6bc8 admin admin] Calling method '>' {{(pid=98450) _process_stack /opt/stack/nova/nova/api/openstack/wsgi.py:551}}
Aug 14 09:11:14.057620 np0000189557 devstack@n-api.service[98450]: INFO nova.api.openstack.requestlog [None req-07b126b8-6b1e-4e55-acf9-567e04cf6bc8 admin admin] 199.19.213.96 "GET /compute/v2.1" status: 200 len: 392 microversion: 2.1 time: 0.005830
Aug 14 09:11:14.058045 np0000189557 devstack@n-api.service[98450]: [pid: 98450|app: 0|req: 16/65] 199.19.213.96 () {62 vars in 1056 bytes} [Fri Aug 14 09:11:14 2026] GET /compute/v2.1 => generated 392 bytes in 7 msecs (HTTP/1.1 200) 9 headers in 357 bytes (1 switches on core 0)
Aug 14 09:11:14.097773 np0000189557 devstack@n-api.service[98449]: DEBUG nova.api.openstack.wsgi [None req-bf1942fd-82c0-42fb-8143-d65f2d9700d5 admin admin] Calling method '>' {{(pid=98449) _process_stack /opt/stack/nova/nova/api/openstack/wsgi.py:551}}
Aug 14 09:11:14.103373 np0000189557 devstack@n-api.service[98449]: INFO nova.api.openstack.requestlog [None req-bf1942fd-82c0-42fb-8143-d65f2d9700d5 admin admin] 199.19.213.96 "GET /compute/v2.1/" status: 200 len: 392 microversion: 2.1 time: 0.005821
Aug 14 09:11:14.103682 np0000189557 devstack@n-api.service[98449]: [pid: 98449|app: 0|req: 17/66] 199.19.213.96 () {62 vars in 1059 bytes} [Fri Aug 14 09:11:14 2026] GET /compute/v2.1/ => generated 392 bytes in 7 msecs (HTTP/1.1 200) 9 headers in 357 bytes (1 switches on core 0)
Aug 14 09:11:14.146023 np0000189557 devstack@n-api.service[98447]: DEBUG nova.api.openstack.wsgi [None req-a5b54dac-7701-4216-ba6b-97e0fb93627a demo demo] Calling method '>' {{(pid=98447) _process_stack /opt/stack/nova/nova/api/openstack/wsgi.py:551}}
Aug 14 09:11:14.165414 np0000189557 devstack@n-api.service[98447]: INFO nova.api.openstack.requestlog [None req-a5b54dac-7701-4216-ba6b-97e0fb93627a demo demo] 199.19.213.96 "GET /compute/v2.1/flavors/detail?is_public=None" status: 200 len: 5240 microversion: 2.61 time: 0.023060
Aug 14 09:11:14.165663 np0000189557 devstack@n-api.service[98447]: [pid: 98447|app: 0|req: 18/67] 199.19.213.96 () {68 vars in 1417 bytes} [Fri Aug 14 09:11:14 2026] GET /compute/v2.1/flavors/detail?is_public=None => generated 5240 bytes in 24 msecs (HTTP/1.1 200) 9 headers in 360 bytes (1 switches on core 0)
Aug 14 09:11:14.230375 np0000189557 devstack@n-api.service[98448]: DEBUG nova.api.openstack.wsgi [None req-685e211d-735a-4126-b72e-d46a89296e12 demo demo] Calling method '>' {{(pid=98448) _process_stack /opt/stack/nova/nova/api/openstack/wsgi.py:551}}
Aug 14 09:11:14.254854 np0000189557 devstack@n-api.service[98448]: INFO nova.api.openstack.requestlog [None req-685e211d-735a-4126-b72e-d46a89296e12 demo demo] 199.19.213.96 "GET /compute/v2.1/flavors/detail?is_public=None" status: 200 len: 5240 microversion: 2.61 time: 0.027678
Aug 14 09:11:14.255114 np0000189557 devstack@n-api.service[98448]: [pid: 98448|app: 0|req: 17/68] 199.19.213.96 () {68 vars in 1417 bytes} [Fri Aug 14 09:11:14 2026] GET /compute/v2.1/flavors/detail?is_public=None => generated 5240 bytes in 28 msecs (HTTP/1.1 200) 9 headers in 360 bytes (1 switches on core 0)
Aug 14 09:11:18.473247 np0000189557 devstack@n-api.service[98450]: DEBUG nova.api.openstack.wsgi [None req-07b126b8-6b1e-4e55-acf9-567e04cf6bc8 admin admin] Calling method '>' {{(pid=98450) _process_stack /opt/stack/nova/nova/api/openstack/wsgi.py:551}}
Aug 14 09:11:18.479660 np0000189557 devstack@n-api.service[98450]: INFO nova.api.openstack.requestlog [None req-07b126b8-6b1e-4e55-acf9-567e04cf6bc8 admin admin] 199.19.213.96 "GET /compute/v2.1" status: 200 len: 392 microversion: 2.1 time: 0.006908
Aug 14 09:11:18.480039 np0000189557 devstack@n-api.service[98450]: [pid: 98450|app: 0|req: 17/69] 199.19.213.96 () {62 vars in 1056 bytes} [Fri Aug 14 09:11:18 2026] GET /compute/v2.1 => generated 392 bytes in 8 msecs (HTTP/1.1 200) 9 headers in 357 bytes (1 switches on core 0)
Aug 14 09:11:18.522883 np0000189557 devstack@n-api.service[98449]: DEBUG nova.api.openstack.wsgi [None req-bf1942fd-82c0-42fb-8143-d65f2d9700d5 admin admin] Calling method '>' {{(pid=98449) _process_stack /opt/stack/nova/nova/api/openstack/wsgi.py:551}}
Aug 14 09:11:18.526739 np0000189557 devstack@n-api.service[98449]: INFO nova.api.openstack.requestlog [None req-bf1942fd-82c0-42fb-8143-d65f2d9700d5 admin admin] 199.19.213.96 "GET /compute/v2.1/" status: 200 len: 392 microversion: 2.1 time: 0.004173
Aug 14 09:11:18.527019 np0000189557 devstack@n-api.service[98449]: [pid: 98449|app: 0|req: 18/70] 199.19.213.96 () {62 vars in 1059 bytes} [Fri Aug 14 09:11:18 2026] GET /compute/v2.1/ => generated 392 bytes in 5 msecs (HTTP/1.1 200) 9 headers in 357 bytes (1 switches on core 0)
Aug 14 09:11:18.570906 np0000189557 devstack@n-api.service[98447]: DEBUG nova.api.openstack.wsgi [None req-47ffd99f-7ee4-479a-af4f-86d405973150 demo demo] Calling method '>' {{(pid=98447) _process_stack /opt/stack/nova/nova/api/openstack/wsgi.py:551}}
Aug 14 09:11:18.589441 np0000189557 devstack@n-api.service[98447]: INFO nova.api.openstack.requestlog [None req-47ffd99f-7ee4-479a-af4f-86d405973150 demo demo] 199.19.213.96 "GET /compute/v2.1/flavors/detail?is_public=None" status: 200 len: 5240 microversion: 2.61 time: 0.022033
Aug 14 09:11:18.589753 np0000189557 devstack@n-api.service[98447]: [pid: 98447|app: 0|req: 19/71] 199.19.213.96 () {68 vars in 1417 bytes} [Fri Aug 14 09:11:18 2026] GET /compute/v2.1/flavors/detail?is_public=None => generated 5240 bytes in 23 msecs (HTTP/1.1 200) 9 headers in 360 bytes (2 switches on core 0)
Aug 14 09:11:18.647262 np0000189557 devstack@n-api.service[98448]: DEBUG nova.api.openstack.wsgi [None req-41bc3e50-1bb3-486a-80a8-adc7bb6c01d7 demo demo] Calling method '>' {{(pid=98448) _process_stack /opt/stack/nova/nova/api/openstack/wsgi.py:551}}
Aug 14 09:11:18.674513 np0000189557 devstack@n-api.service[98448]: INFO nova.api.openstack.requestlog [None req-41bc3e50-1bb3-486a-80a8-adc7bb6c01d7 demo demo] 199.19.213.96 "GET /compute/v2.1/flavors/detail?is_public=None" status: 200 len: 5240 microversion: 2.61 time: 0.030704
Aug 14 09:11:18.675094 np0000189557 devstack@n-api.service[98448]: [pid: 98448|app: 0|req: 18/72] 199.19.213.96 () {68 vars in 1417 bytes} [Fri Aug 14 09:11:18 2026] GET /compute/v2.1/flavors/detail?is_public=None => generated 5240 bytes in 32 msecs (HTTP/1.1 200) 9 headers in 360 bytes (1 switches on core 0)
Aug 14 09:11:18.837034 np0000189557 devstack@n-api.service[98450]: DEBUG nova.api.openstack.wsgi [None req-07b126b8-6b1e-4e55-acf9-567e04cf6bc8 admin admin] Calling method '>' {{(pid=98450) _process_stack /opt/stack/nova/nova/api/openstack/wsgi.py:551}}
Aug 14 09:11:18.841304 np0000189557 devstack@n-api.service[98450]: INFO nova.api.openstack.requestlog [None req-07b126b8-6b1e-4e55-acf9-567e04cf6bc8 admin admin] 199.19.213.96 "GET /compute/v2.1" status: 200 len: 392 microversion: 2.1 time: 0.005067
Aug 14 09:11:18.841562 np0000189557 devstack@n-api.service[98450]: [pid: 98450|app: 0|req: 18/73] 199.19.213.96 () {62 vars in 1056 bytes} [Fri Aug 14 09:11:18 2026] GET /compute/v2.1 => generated 392 bytes in 6 msecs (HTTP/1.1 200) 9 headers in 357 bytes (1 switches on core 0)
Aug 14 09:11:18.885573 np0000189557 devstack@n-api.service[98449]: DEBUG nova.api.openstack.wsgi [None req-bf1942fd-82c0-42fb-8143-d65f2d9700d5 admin admin] Calling method '>' {{(pid=98449) _process_stack /opt/stack/nova/nova/api/openstack/wsgi.py:551}}
Aug 14 09:11:18.890270 np0000189557 devstack@n-api.service[98449]: INFO nova.api.openstack.requestlog [None req-bf1942fd-82c0-42fb-8143-d65f2d9700d5 admin admin] 199.19.213.96 "GET /compute/v2.1/" status: 200 len: 392 microversion: 2.1 time: 0.005650
Aug 14 09:11:18.890612 np0000189557 devstack@n-api.service[98449]: [pid: 98449|app: 0|req: 19/74] 199.19.213.96 () {62 vars in 1059 bytes} [Fri Aug 14 09:11:18 2026] GET /compute/v2.1/ => generated 392 bytes in 7 msecs (HTTP/1.1 200) 9 headers in 357 bytes (1 switches on core 0)
Aug 14 09:11:18.933451 np0000189557 devstack@n-api.service[98447]: DEBUG nova.api.openstack.wsgi [None req-dcad159f-e96f-44ef-b06d-1855326c8b30 demo demo] Calling method '>' {{(pid=98447) _process_stack /opt/stack/nova/nova/api/openstack/wsgi.py:551}}
Aug 14 09:11:18.954302 np0000189557 devstack@n-api.service[98447]: INFO nova.api.openstack.requestlog [None req-dcad159f-e96f-44ef-b06d-1855326c8b30 demo demo] 199.19.213.96 "GET /compute/v2.1/flavors/detail?is_public=None" status: 200 len: 5240 microversion: 2.61 time: 0.024607
Aug 14 09:11:18.954553 np0000189557 devstack@n-api.service[98447]: [pid: 98447|app: 0|req: 20/75] 199.19.213.96 () {68 vars in 1417 bytes} [Fri Aug 14 09:11:18 2026] GET /compute/v2.1/flavors/detail?is_public=None => generated 5240 bytes in 25 msecs (HTTP/1.1 200) 9 headers in 360 bytes (1 switches on core 0)
Aug 14 09:11:19.009334 np0000189557 devstack@n-api.service[98448]: DEBUG nova.api.openstack.wsgi [None req-5fc165d1-5a42-42ba-b021-c066909be00a demo demo] Calling method '>' {{(pid=98448) _process_stack /opt/stack/nova/nova/api/openstack/wsgi.py:551}}
Aug 14 09:11:19.036594 np0000189557 devstack@n-api.service[98448]: INFO nova.api.openstack.requestlog [None req-5fc165d1-5a42-42ba-b021-c066909be00a demo demo] 199.19.213.96 "GET /compute/v2.1/flavors/detail?is_public=None" status: 200 len: 5240 microversion: 2.61 time: 0.031066
Aug 14 09:11:19.037000 np0000189557 devstack@n-api.service[98448]: [pid: 98448|app: 0|req: 19/76] 199.19.213.96 () {68 vars in 1417 bytes} [Fri Aug 14 09:11:19 2026] GET /compute/v2.1/flavors/detail?is_public=None => generated 5240 bytes in 32 msecs (HTTP/1.1 200) 9 headers in 360 bytes (1 switches on core 0)
Aug 14 09:11:22.796084 np0000189557 devstack@n-api.service[98450]: DEBUG nova.api.openstack.wsgi [None req-07b126b8-6b1e-4e55-acf9-567e04cf6bc8 admin admin] Calling method '>' {{(pid=98450) _process_stack /opt/stack/nova/nova/api/openstack/wsgi.py:551}}
Aug 14 09:11:22.801459 np0000189557 devstack@n-api.service[98450]: INFO nova.api.openstack.requestlog [None req-07b126b8-6b1e-4e55-acf9-567e04cf6bc8 admin admin] 199.19.213.96 "GET /compute/v2.1" status: 200 len: 392 microversion: 2.1 time: 0.005946
Aug 14 09:11:22.801688 np0000189557 devstack@n-api.service[98450]: [pid: 98450|app: 0|req: 19/77] 199.19.213.96 () {62 vars in 1067 bytes} [Fri Aug 14 09:11:22 2026] GET /compute/v2.1 => generated 392 bytes in 7 msecs (HTTP/1.1 200) 9 headers in 357 bytes (1 switches on core 0)
Aug 14 09:11:22.841290 np0000189557 devstack@n-api.service[98449]: DEBUG nova.api.openstack.wsgi [None req-bf1942fd-82c0-42fb-8143-d65f2d9700d5 admin admin] Calling method '>' {{(pid=98449) _process_stack /opt/stack/nova/nova/api/openstack/wsgi.py:551}}
Aug 14 09:11:22.846772 np0000189557 devstack@n-api.service[98449]: INFO nova.api.openstack.requestlog [None req-bf1942fd-82c0-42fb-8143-d65f2d9700d5 admin admin] 199.19.213.96 "GET /compute/v2.1/" status: 200 len: 392 microversion: 2.1 time: 0.005872
Aug 14 09:11:22.847259 np0000189557 devstack@n-api.service[98449]: [pid: 98449|app: 0|req: 20/78] 199.19.213.96 () {62 vars in 1070 bytes} [Fri Aug 14 09:11:22 2026] GET /compute/v2.1/ => generated 392 bytes in 7 msecs (HTTP/1.1 200) 9 headers in 357 bytes (1 switches on core 0)
Aug 14 09:11:22.886268 np0000189557 devstack@n-api.service[98447]: DEBUG nova.api.openstack.wsgi [None req-6f77022e-f024-4cd6-8578-6e29e73e6075 demo demo] Calling method '>' {{(pid=98447) _process_stack /opt/stack/nova/nova/api/openstack/wsgi.py:551}}
Aug 14 09:11:22.910035 np0000189557 devstack@n-api.service[98447]: INFO nova.api.openstack.requestlog [None req-6f77022e-f024-4cd6-8578-6e29e73e6075 demo demo] 199.19.213.96 "GET /compute/v2.1/os-server-groups" status: 200 len: 21 microversion: 2.64 time: 0.026045
Aug 14 09:11:22.910320 np0000189557 devstack@n-api.service[98447]: [pid: 98447|app: 0|req: 21/79] 199.19.213.96 () {68 vars in 1405 bytes} [Fri Aug 14 09:11:22 2026] GET /compute/v2.1/os-server-groups => generated 21 bytes in 27 msecs (HTTP/1.1 200) 9 headers in 358 bytes (1 switches on core 0)
Aug 14 09:11:22.947974 np0000189557 devstack@n-api.service[98448]: DEBUG nova.api.openstack.wsgi [None req-5fc165d1-5a42-42ba-b021-c066909be00a demo demo] Calling method '>' {{(pid=98448) _process_stack /opt/stack/nova/nova/api/openstack/wsgi.py:551}}
Aug 14 09:11:22.953127 np0000189557 devstack@n-api.service[98448]: INFO nova.api.openstack.requestlog [None req-5fc165d1-5a42-42ba-b021-c066909be00a demo demo] 199.19.213.96 "GET /compute/v2.1" status: 200 len: 392 microversion: 2.1 time: 0.005819
Aug 14 09:11:22.953365 np0000189557 devstack@n-api.service[98448]: [pid: 98448|app: 0|req: 20/80] 199.19.213.96 () {62 vars in 1067 bytes} [Fri Aug 14 09:11:22 2026] GET /compute/v2.1 => generated 392 bytes in 7 msecs (HTTP/1.1 200) 9 headers in 357 bytes (1 switches on core 0)
Aug 14 09:11:22.995098 np0000189557 devstack@n-api.service[98450]: DEBUG nova.api.openstack.wsgi [None req-07b126b8-6b1e-4e55-acf9-567e04cf6bc8 admin admin] Calling method '>' {{(pid=98450) _process_stack /opt/stack/nova/nova/api/openstack/wsgi.py:551}}
Aug 14 09:11:23.002145 np0000189557 devstack@n-api.service[98450]: INFO nova.api.openstack.requestlog [None req-07b126b8-6b1e-4e55-acf9-567e04cf6bc8 admin admin] 199.19.213.96 "GET /compute/v2.1/" status: 200 len: 392 microversion: 2.1 time: 0.006764
Aug 14 09:11:23.002561 np0000189557 devstack@n-api.service[98450]: [pid: 98450|app: 0|req: 20/81] 199.19.213.96 () {62 vars in 1070 bytes} [Fri Aug 14 09:11:22 2026] GET /compute/v2.1/ => generated 392 bytes in 8 msecs (HTTP/1.1 200) 9 headers in 357 bytes (1 switches on core 0)
Aug 14 09:11:23.044977 np0000189557 devstack@n-api.service[98449]: DEBUG nova.api.openstack.wsgi [None req-595a60d8-a283-419b-98fa-062f6e0b387f demo demo] Action: 'create', calling method: >, body: {"server_group": {"name": "kube-e9apb", "policy": "soft-anti-affinity"}} {{(pid=98449) _process_stack /opt/stack/nova/nova/api/openstack/wsgi.py:549}}
Aug 14 09:11:23.068872 np0000189557 devstack@n-api.service[98449]: DEBUG nova.quota [None req-595a60d8-a283-419b-98fa-062f6e0b387f demo demo] Getting quotas for project e3a2bda41c3944a99f2c5045b3237ba4. Resources: {'server_groups'} {{(pid=98449) _get_quotas /opt/stack/nova/nova/quota.py:389}}
Aug 14 09:11:23.072011 np0000189557 devstack@n-api.service[98449]: DEBUG nova.quota [None req-595a60d8-a283-419b-98fa-062f6e0b387f demo demo] Getting quotas for user 1b2a1bfa030c46cb86989cef91aba86d and project e3a2bda41c3944a99f2c5045b3237ba4. Resources: {'server_groups'} {{(pid=98449) _get_quotas /opt/stack/nova/nova/quota.py:379}}
Aug 14 09:11:23.129063 np0000189557 devstack@n-api.service[98449]: DEBUG nova.quota [None req-595a60d8-a283-419b-98fa-062f6e0b387f demo demo] Getting quotas for project e3a2bda41c3944a99f2c5045b3237ba4. Resources: {'server_groups'} {{(pid=98449) _get_quotas /opt/stack/nova/nova/quota.py:389}}
Aug 14 09:11:23.130986 np0000189557 devstack@n-api.service[98449]: DEBUG nova.quota [None req-595a60d8-a283-419b-98fa-062f6e0b387f demo demo] Getting quotas for user 1b2a1bfa030c46cb86989cef91aba86d and project e3a2bda41c3944a99f2c5045b3237ba4. Resources: {'server_groups'} {{(pid=98449) _get_quotas /opt/stack/nova/nova/quota.py:379}}
Aug 14 09:11:23.139275 np0000189557 devstack@n-api.service[98449]: INFO nova.api.openstack.requestlog [None req-595a60d8-a283-419b-98fa-062f6e0b387f demo demo] 199.19.213.96 "POST /compute/v2.1/os-server-groups" status: 200 len: 243 microversion: 2.64 time: 0.097971
Aug 14 09:11:23.139598 np0000189557 devstack@n-api.service[98449]: [pid: 98449|app: 0|req: 21/82] 199.19.213.96 () {72 vars in 1445 bytes} [Fri Aug 14 09:11:23 2026] POST /compute/v2.1/os-server-groups => generated 243 bytes in 99 msecs (HTTP/1.1 200) 9 headers in 359 bytes (1 switches on core 0)
Aug 14 09:11:23.187601 np0000189557 devstack@n-api.service[98447]: DEBUG nova.api.openstack.wsgi [None req-6f77022e-f024-4cd6-8578-6e29e73e6075 demo demo] Calling method '>' {{(pid=98447) _process_stack /opt/stack/nova/nova/api/openstack/wsgi.py:551}}
Aug 14 09:11:23.191452 np0000189557 devstack@n-api.service[98447]: INFO nova.api.openstack.requestlog [None req-6f77022e-f024-4cd6-8578-6e29e73e6075 demo demo] 199.19.213.96 "GET /compute/v2.1" status: 200 len: 392 microversion: 2.1 time: 0.004086
Aug 14 09:11:23.191979 np0000189557 devstack@n-api.service[98447]: [pid: 98447|app: 0|req: 22/83] 199.19.213.96 () {62 vars in 1067 bytes} [Fri Aug 14 09:11:23 2026] GET /compute/v2.1 => generated 392 bytes in 4 msecs (HTTP/1.1 200) 9 headers in 357 bytes (1 switches on core 0)
Aug 14 09:11:23.225859 np0000189557 devstack@n-api.service[98448]: DEBUG nova.api.openstack.wsgi [None req-5fc165d1-5a42-42ba-b021-c066909be00a demo demo] Calling method '>' {{(pid=98448) _process_stack /opt/stack/nova/nova/api/openstack/wsgi.py:551}}
Aug 14 09:11:23.230769 np0000189557 devstack@n-api.service[98448]: INFO nova.api.openstack.requestlog [None req-5fc165d1-5a42-42ba-b021-c066909be00a demo demo] 199.19.213.96 "GET /compute/v2.1/" status: 200 len: 392 microversion: 2.1 time: 0.005367
Aug 14 09:11:23.231108 np0000189557 devstack@n-api.service[98448]: [pid: 98448|app: 0|req: 21/84] 199.19.213.96 () {62 vars in 1070 bytes} [Fri Aug 14 09:11:23 2026] GET /compute/v2.1/ => generated 392 bytes in 6 msecs (HTTP/1.1 200) 9 headers in 357 bytes (1 switches on core 0)
Aug 14 09:11:23.273733 np0000189557 devstack@n-api.service[98450]: DEBUG nova.api.openstack.wsgi [None req-742a946c-d9d9-4aac-9e05-451e29e0f036 demo demo] Calling method '>' {{(pid=98450) _process_stack /opt/stack/nova/nova/api/openstack/wsgi.py:551}}
Aug 14 09:11:23.296803 np0000189557 devstack@n-api.service[98450]: INFO nova.api.openstack.requestlog [None req-742a946c-d9d9-4aac-9e05-451e29e0f036 demo demo] 199.19.213.96 "GET /compute/v2.1/os-server-groups" status: 200 len: 246 microversion: 2.64 time: 0.027584
Aug 14 09:11:23.297082 np0000189557 devstack@n-api.service[98450]: [pid: 98450|app: 0|req: 21/85] 199.19.213.96 () {68 vars in 1405 bytes} [Fri Aug 14 09:11:23 2026] GET /compute/v2.1/os-server-groups => generated 246 bytes in 29 msecs (HTTP/1.1 200) 9 headers in 359 bytes (1 switches on core 0)
Aug 14 09:11:23.336739 np0000189557 devstack@n-api.service[98449]: DEBUG nova.api.openstack.wsgi [None req-595a60d8-a283-419b-98fa-062f6e0b387f demo demo] Calling method '>' {{(pid=98449) _process_stack /opt/stack/nova/nova/api/openstack/wsgi.py:551}}
Aug 14 09:11:23.343663 np0000189557 devstack@n-api.service[98449]: INFO nova.api.openstack.requestlog [None req-595a60d8-a283-419b-98fa-062f6e0b387f demo demo] 199.19.213.96 "GET /compute/v2.1" status: 200 len: 392 microversion: 2.1 time: 0.007420
Aug 14 09:11:23.343663 np0000189557 devstack@n-api.service[98449]: [pid: 98449|app: 0|req: 22/86] 199.19.213.96 () {62 vars in 1067 bytes} [Fri Aug 14 09:11:23 2026] GET /compute/v2.1 => generated 392 bytes in 9 msecs (HTTP/1.1 200) 9 headers in 357 bytes (1 switches on core 0)
Aug 14 09:11:23.383302 np0000189557 devstack@n-api.service[98447]: DEBUG nova.api.openstack.wsgi [None req-6f77022e-f024-4cd6-8578-6e29e73e6075 demo demo] Calling method '>' {{(pid=98447) _process_stack /opt/stack/nova/nova/api/openstack/wsgi.py:551}}
Aug 14 09:11:23.388382 np0000189557 devstack@n-api.service[98447]: INFO nova.api.openstack.requestlog [None req-6f77022e-f024-4cd6-8578-6e29e73e6075 demo demo] 199.19.213.96 "GET /compute/v2.1/" status: 200 len: 392 microversion: 2.1 time: 0.005256
Aug 14 09:11:23.388611 np0000189557 devstack@n-api.service[98447]: [pid: 98447|app: 0|req: 23/87] 199.19.213.96 () {62 vars in 1070 bytes} [Fri Aug 14 09:11:23 2026] GET /compute/v2.1/ => generated 392 bytes in 6 msecs (HTTP/1.1 200) 9 headers in 357 bytes (1 switches on core 0)
Aug 14 09:11:23.423284 np0000189557 devstack@n-api.service[98448]: DEBUG nova.api.openstack.wsgi [None req-6b548005-7dd3-4564-930a-717f67cb5e34 demo demo] Action: 'create', calling method: >, body: {"server_group": {"name": "kube-e9apb-default-worker", "policy": "soft-anti-affinity"}} {{(pid=98448) _process_stack /opt/stack/nova/nova/api/openstack/wsgi.py:549}}
Aug 14 09:11:23.454694 np0000189557 devstack@n-api.service[98448]: DEBUG nova.quota [None req-6b548005-7dd3-4564-930a-717f67cb5e34 demo demo] Getting quotas for project e3a2bda41c3944a99f2c5045b3237ba4. Resources: {'server_groups'} {{(pid=98448) _get_quotas /opt/stack/nova/nova/quota.py:389}}
Aug 14 09:11:23.458115 np0000189557 devstack@n-api.service[98448]: DEBUG nova.quota [None req-6b548005-7dd3-4564-930a-717f67cb5e34 demo demo] Getting quotas for user 1b2a1bfa030c46cb86989cef91aba86d and project e3a2bda41c3944a99f2c5045b3237ba4. Resources: {'server_groups'} {{(pid=98448) _get_quotas /opt/stack/nova/nova/quota.py:379}}
Aug 14 09:11:23.517462 np0000189557 devstack@n-api.service[98448]: DEBUG nova.quota [None req-6b548005-7dd3-4564-930a-717f67cb5e34 demo demo] Getting quotas for project e3a2bda41c3944a99f2c5045b3237ba4. Resources: {'server_groups'} {{(pid=98448) _get_quotas /opt/stack/nova/nova/quota.py:389}}
Aug 14 09:11:23.519389 np0000189557 devstack@n-api.service[98448]: DEBUG nova.quota [None req-6b548005-7dd3-4564-930a-717f67cb5e34 demo demo] Getting quotas for user 1b2a1bfa030c46cb86989cef91aba86d and project e3a2bda41c3944a99f2c5045b3237ba4. Resources: {'server_groups'} {{(pid=98448) _get_quotas /opt/stack/nova/nova/quota.py:379}}
Aug 14 09:11:23.528311 np0000189557 devstack@n-api.service[98448]: INFO nova.api.openstack.requestlog [None req-6b548005-7dd3-4564-930a-717f67cb5e34 demo demo] 199.19.213.96 "POST /compute/v2.1/os-server-groups" status: 200 len: 258 microversion: 2.64 time: 0.107435
Aug 14 09:11:23.528667 np0000189557 devstack@n-api.service[98448]: [pid: 98448|app: 0|req: 22/88] 199.19.213.96 () {72 vars in 1445 bytes} [Fri Aug 14 09:11:23 2026] POST /compute/v2.1/os-server-groups => generated 258 bytes in 108 msecs (HTTP/1.1 200) 9 headers in 359 bytes (1 switches on core 0)
Aug 14 09:11:26.799212 np0000189557 devstack@n-api.service[98450]: DEBUG nova.api.openstack.wsgi [None req-742a946c-d9d9-4aac-9e05-451e29e0f036 demo demo] Calling method '>' {{(pid=98450) _process_stack /opt/stack/nova/nova/api/openstack/wsgi.py:551}}
Aug 14 09:11:26.804813 np0000189557 devstack@n-api.service[98450]: INFO nova.api.openstack.requestlog [None req-742a946c-d9d9-4aac-9e05-451e29e0f036 demo demo] 199.19.213.96 "GET /compute/v2.1" status: 200 len: 392 microversion: 2.1 time: 0.006093
Aug 14 09:11:26.805242 np0000189557 devstack@n-api.service[98450]: [pid: 98450|app: 0|req: 22/89] 199.19.213.96 () {62 vars in 1067 bytes} [Fri Aug 14 09:11:26 2026] GET /compute/v2.1 => generated 392 bytes in 7 msecs (HTTP/1.1 200) 9 headers in 357 bytes (1 switches on core 0)
Aug 14 09:11:26.843415 np0000189557 devstack@n-api.service[98449]: DEBUG nova.api.openstack.wsgi [None req-595a60d8-a283-419b-98fa-062f6e0b387f demo demo] Calling method '>' {{(pid=98449) _process_stack /opt/stack/nova/nova/api/openstack/wsgi.py:551}}
Aug 14 09:11:26.849686 np0000189557 devstack@n-api.service[98449]: INFO nova.api.openstack.requestlog [None req-595a60d8-a283-419b-98fa-062f6e0b387f demo demo] 199.19.213.96 "GET /compute/v2.1/" status: 200 len: 392 microversion: 2.1 time: 0.006716
Aug 14 09:11:26.850173 np0000189557 devstack@n-api.service[98449]: [pid: 98449|app: 0|req: 23/90] 199.19.213.96 () {62 vars in 1070 bytes} [Fri Aug 14 09:11:26 2026] GET /compute/v2.1/ => generated 392 bytes in 8 msecs (HTTP/1.1 200) 9 headers in 357 bytes (1 switches on core 0)
Aug 14 09:11:26.888349 np0000189557 devstack@n-api.service[98447]: DEBUG nova.api.openstack.wsgi [None req-e2e6c664-9f23-407d-8972-6658c9a814cf demo demo] Calling method '>' {{(pid=98447) _process_stack /opt/stack/nova/nova/api/openstack/wsgi.py:551}}
Aug 14 09:11:26.907251 np0000189557 devstack@n-api.service[98447]: INFO nova.api.openstack.requestlog [None req-e2e6c664-9f23-407d-8972-6658c9a814cf demo demo] 199.19.213.96 "GET /compute/v2.1/flavors/detail?is_public=None" status: 200 len: 5240 microversion: 2.61 time: 0.020733
Aug 14 09:11:26.907520 np0000189557 devstack@n-api.service[98447]: [pid: 98447|app: 0|req: 24/91] 199.19.213.96 () {68 vars in 1428 bytes} [Fri Aug 14 09:11:26 2026] GET /compute/v2.1/flavors/detail?is_public=None => generated 5240 bytes in 21 msecs (HTTP/1.1 200) 9 headers in 360 bytes (1 switches on core 0)
Aug 14 09:11:26.953094 np0000189557 devstack@n-api.service[98448]: DEBUG nova.api.openstack.wsgi [None req-71a1d234-91a9-4e1d-a538-c5584012fdfe demo demo] Calling method '>' {{(pid=98448) _process_stack /opt/stack/nova/nova/api/openstack/wsgi.py:551}}
Aug 14 09:11:26.974315 np0000189557 devstack@n-api.service[98448]: INFO nova.api.openstack.requestlog [None req-71a1d234-91a9-4e1d-a538-c5584012fdfe demo demo] 199.19.213.96 "GET /compute/v2.1/flavors/detail?is_public=None" status: 200 len: 5240 microversion: 2.61 time: 0.024472
Aug 14 09:11:26.974762 np0000189557 devstack@n-api.service[98448]: [pid: 98448|app: 0|req: 23/92] 199.19.213.96 () {68 vars in 1428 bytes} [Fri Aug 14 09:11:26 2026] GET /compute/v2.1/flavors/detail?is_public=None => generated 5240 bytes in 26 msecs (HTTP/1.1 200) 9 headers in 360 bytes (1 switches on core 0)
Aug 14 09:11:27.171018 np0000189557 devstack@n-api.service[98450]: DEBUG nova.api.openstack.wsgi [None req-742a946c-d9d9-4aac-9e05-451e29e0f036 demo demo] Calling method '>' {{(pid=98450) _process_stack /opt/stack/nova/nova/api/openstack/wsgi.py:551}}
Aug 14 09:11:27.177125 np0000189557 devstack@n-api.service[98450]: INFO nova.api.openstack.requestlog [None req-742a946c-d9d9-4aac-9e05-451e29e0f036 demo demo] 199.19.213.96 "GET /compute/v2.1" status: 200 len: 392 microversion: 2.1 time: 0.006461
Aug 14 09:11:27.177487 np0000189557 devstack@n-api.service[98450]: [pid: 98450|app: 0|req: 23/93] 199.19.213.96 () {62 vars in 1067 bytes} [Fri Aug 14 09:11:27 2026] GET /compute/v2.1 => generated 392 bytes in 7 msecs (HTTP/1.1 200) 9 headers in 357 bytes (1 switches on core 0)
Aug 14 09:11:27.222900 np0000189557 devstack@n-api.service[98449]: DEBUG nova.api.openstack.wsgi [None req-595a60d8-a283-419b-98fa-062f6e0b387f demo demo] Calling method '>' {{(pid=98449) _process_stack /opt/stack/nova/nova/api/openstack/wsgi.py:551}}
Aug 14 09:11:27.228083 np0000189557 devstack@n-api.service[98449]: INFO nova.api.openstack.requestlog [None req-595a60d8-a283-419b-98fa-062f6e0b387f demo demo] 199.19.213.96 "GET /compute/v2.1/" status: 200 len: 392 microversion: 2.1 time: 0.005728
Aug 14 09:11:27.228452 np0000189557 devstack@n-api.service[98449]: [pid: 98449|app: 0|req: 24/94] 199.19.213.96 () {62 vars in 1070 bytes} [Fri Aug 14 09:11:27 2026] GET /compute/v2.1/ => generated 392 bytes in 7 msecs (HTTP/1.1 200) 9 headers in 357 bytes (1 switches on core 0)
Aug 14 09:11:27.267015 np0000189557 devstack@n-api.service[98447]: DEBUG nova.api.openstack.wsgi [None req-fe000b1a-31a5-4144-9d8b-663306375270 demo demo] Calling method '>' {{(pid=98447) _process_stack /opt/stack/nova/nova/api/openstack/wsgi.py:551}}
Aug 14 09:11:27.289011 np0000189557 devstack@n-api.service[98447]: INFO nova.api.openstack.requestlog [None req-fe000b1a-31a5-4144-9d8b-663306375270 demo demo] 199.19.213.96 "GET /compute/v2.1/flavors/detail?is_public=None" status: 200 len: 5240 microversion: 2.61 time: 0.023877
Aug 14 09:11:27.289242 np0000189557 devstack@n-api.service[98447]: [pid: 98447|app: 0|req: 25/95] 199.19.213.96 () {68 vars in 1428 bytes} [Fri Aug 14 09:11:27 2026] GET /compute/v2.1/flavors/detail?is_public=None => generated 5240 bytes in 24 msecs (HTTP/1.1 200) 9 headers in 360 bytes (1 switches on core 0)
Aug 14 09:11:33.136874 np0000189557 devstack@n-api.service[98449]: DEBUG dbcounter [-] [98449] Writing DB stats nova_cell0:SELECT=4 {{(pid=98449) stat_writer /opt/stack/data/venv/lib/python3.12/site-packages/dbcounter.py:115}}
Aug 14 09:11:33.136874 np0000189557 devstack@n-api.service[98449]: DEBUG dbcounter [-] [98449] Writing DB stats nova_api:SELECT=14,nova_api:INSERT=2 {{(pid=98449) stat_writer /opt/stack/data/venv/lib/python3.12/site-packages/dbcounter.py:115}}
Aug 14 09:11:33.293366 np0000189557 devstack@n-api.service[98450]: DEBUG dbcounter [-] [98450] Writing DB stats nova_api:SELECT=2 {{(pid=98450) stat_writer /opt/stack/data/venv/lib/python3.12/site-packages/dbcounter.py:115}}
Aug 14 09:11:33.522856 np0000189557 devstack@n-api.service[98448]: DEBUG dbcounter [-] [98448] Writing DB stats nova_cell0:SELECT=4 {{(pid=98448) stat_writer /opt/stack/data/venv/lib/python3.12/site-packages/dbcounter.py:115}}
Aug 14 09:11:36.960300 np0000189557 devstack@n-api.service[98448]: DEBUG dbcounter [-] [98448] Writing DB stats nova_api:SELECT=19,nova_api:INSERT=2 {{(pid=98448) stat_writer /opt/stack/data/venv/lib/python3.12/site-packages/dbcounter.py:115}}
Aug 14 09:11:37.272883 np0000189557 devstack@n-api.service[98447]: DEBUG dbcounter [-] [98447] Writing DB stats nova_api:SELECT=8 {{(pid=98447) stat_writer /opt/stack/data/venv/lib/python3.12/site-packages/dbcounter.py:115}}
Aug 14 09:11:50.115308 np0000189557 devstack@n-api.service[98448]: DEBUG nova.api.openstack.wsgi [None req-71a1d234-91a9-4e1d-a538-c5584012fdfe demo demo] Calling method '>' {{(pid=98448) _process_stack /opt/stack/nova/nova/api/openstack/wsgi.py:551}}
Aug 14 09:11:50.119977 np0000189557 devstack@n-api.service[98448]: INFO nova.api.openstack.requestlog [None req-71a1d234-91a9-4e1d-a538-c5584012fdfe demo demo] 172.18.0.2 "GET /compute/v2.1/" status: 200 len: 392 microversion: 2.1 time: 0.005551
Aug 14 09:11:50.120208 np0000189557 devstack@n-api.service[98448]: [pid: 98448|app: 0|req: 24/96] 199.19.213.96 () {64 vars in 1266 bytes} [Fri Aug 14 09:11:50 2026] GET /compute/v2.1/ => generated 392 bytes in 6 msecs (HTTP/1.1 200) 9 headers in 357 bytes (1 switches on core 0)
Aug 14 09:11:50.132870 np0000189557 devstack@n-api.service[98450]: DEBUG nova.api.openstack.wsgi [None req-14bc84d0-49a2-42fd-829f-2ff92ca5f4c3 demo demo] Calling method '>' {{(pid=98450) _process_stack /opt/stack/nova/nova/api/openstack/wsgi.py:551}}
Aug 14 09:11:50.136516 np0000189557 devstack@n-api.service[98450]: DEBUG oslo_concurrency.lockutils [None req-14bc84d0-49a2-42fd-829f-2ff92ca5f4c3 demo demo] Acquiring lock "00000000-0000-0000-0000-000000000000" by "nova.context.set_target_cell..get_or_set_cached_cell_and_set_connections" {{(pid=98450) inner /opt/stack/data/venv/lib/python3.12/site-packages/oslo_concurrency/lockutils.py:512}}
Aug 14 09:11:50.136873 np0000189557 devstack@n-api.service[98450]: DEBUG oslo_concurrency.lockutils [None req-14bc84d0-49a2-42fd-829f-2ff92ca5f4c3 demo demo] Lock "00000000-0000-0000-0000-000000000000" acquired by "nova.context.set_target_cell..get_or_set_cached_cell_and_set_connections" :: waited 0.000s {{(pid=98450) inner /opt/stack/data/venv/lib/python3.12/site-packages/oslo_concurrency/lockutils.py:525}}
Aug 14 09:11:50.137134 np0000189557 devstack@n-api.service[98450]: DEBUG oslo_concurrency.lockutils [None req-14bc84d0-49a2-42fd-829f-2ff92ca5f4c3 demo demo] Lock "00000000-0000-0000-0000-000000000000" "released" by "nova.context.set_target_cell..get_or_set_cached_cell_and_set_connections" :: held 0.000s {{(pid=98450) inner /opt/stack/data/venv/lib/python3.12/site-packages/oslo_concurrency/lockutils.py:544}}
Aug 14 09:11:50.138510 np0000189557 devstack@n-api.service[98450]: DEBUG oslo_concurrency.lockutils [None req-14bc84d0-49a2-42fd-829f-2ff92ca5f4c3 demo demo] Acquiring lock "12478cd8-89f1-4db8-bb3b-00f6815b8af7" by "nova.context.set_target_cell..get_or_set_cached_cell_and_set_connections" {{(pid=98450) inner /opt/stack/data/venv/lib/python3.12/site-packages/oslo_concurrency/lockutils.py:512}}
Aug 14 09:11:50.138758 np0000189557 devstack@n-api.service[98450]: DEBUG oslo_concurrency.lockutils [None req-14bc84d0-49a2-42fd-829f-2ff92ca5f4c3 demo demo] Lock "12478cd8-89f1-4db8-bb3b-00f6815b8af7" acquired by "nova.context.set_target_cell..get_or_set_cached_cell_and_set_connections" :: waited 0.000s {{(pid=98450) inner /opt/stack/data/venv/lib/python3.12/site-packages/oslo_concurrency/lockutils.py:525}}
Aug 14 09:11:50.138889 np0000189557 devstack@n-api.service[98450]: DEBUG oslo_concurrency.lockutils [None req-14bc84d0-49a2-42fd-829f-2ff92ca5f4c3 demo demo] Lock "12478cd8-89f1-4db8-bb3b-00f6815b8af7" "released" by "nova.context.set_target_cell..get_or_set_cached_cell_and_set_connections" :: held 0.000s {{(pid=98450) inner /opt/stack/data/venv/lib/python3.12/site-packages/oslo_concurrency/lockutils.py:544}}
Aug 14 09:11:50.204918 np0000189557 devstack@n-api.service[98450]: INFO nova.api.openstack.requestlog [None req-14bc84d0-49a2-42fd-829f-2ff92ca5f4c3 demo demo] 172.18.0.2 "GET /compute/v2.1/os-availability-zone" status: 200 len: 97 microversion: 2.38 time: 0.075558
Aug 14 09:11:50.205675 np0000189557 devstack@n-api.service[98450]: [pid: 98450|app: 0|req: 24/97] 199.19.213.96 () {68 vars in 1409 bytes} [Fri Aug 14 09:11:50 2026] GET /compute/v2.1/os-availability-zone => generated 97 bytes in 77 msecs (HTTP/1.1 200) 9 headers in 358 bytes (1 switches on core 0)
Aug 14 09:11:51.396621 np0000189557 devstack@n-api.service[98449]: DEBUG nova.api.openstack.wsgi [None req-595a60d8-a283-419b-98fa-062f6e0b387f demo demo] Calling method '>' {{(pid=98449) _process_stack /opt/stack/nova/nova/api/openstack/wsgi.py:551}}
Aug 14 09:11:51.400682 np0000189557 devstack@n-api.service[98449]: INFO nova.api.openstack.requestlog [None req-595a60d8-a283-419b-98fa-062f6e0b387f demo demo] 172.18.0.2 "GET /compute/v2.1/" status: 200 len: 392 microversion: 2.1 time: 0.004394
Aug 14 09:11:51.400976 np0000189557 devstack@n-api.service[98449]: [pid: 98449|app: 0|req: 25/98] 199.19.213.96 () {64 vars in 1266 bytes} [Fri Aug 14 09:11:51 2026] GET /compute/v2.1/ => generated 392 bytes in 5 msecs (HTTP/1.1 200) 9 headers in 357 bytes (1 switches on core 0)
Aug 14 09:11:51.408250 np0000189557 devstack@n-api.service[98447]: DEBUG nova.api.openstack.wsgi [None req-fc01d4f0-1840-44b6-8501-8549fa04e7d9 demo demo] Calling method '>' {{(pid=98447) _process_stack /opt/stack/nova/nova/api/openstack/wsgi.py:551}}
Aug 14 09:11:51.410847 np0000189557 devstack@n-api.service[98447]: DEBUG oslo_concurrency.lockutils [None req-fc01d4f0-1840-44b6-8501-8549fa04e7d9 demo demo] Acquiring lock "00000000-0000-0000-0000-000000000000" by "nova.context.set_target_cell..get_or_set_cached_cell_and_set_connections" {{(pid=98447) inner /opt/stack/data/venv/lib/python3.12/site-packages/oslo_concurrency/lockutils.py:512}}
Aug 14 09:11:51.411097 np0000189557 devstack@n-api.service[98447]: DEBUG oslo_concurrency.lockutils [None req-fc01d4f0-1840-44b6-8501-8549fa04e7d9 demo demo] Lock "00000000-0000-0000-0000-000000000000" acquired by "nova.context.set_target_cell..get_or_set_cached_cell_and_set_connections" :: waited 0.000s {{(pid=98447) inner /opt/stack/data/venv/lib/python3.12/site-packages/oslo_concurrency/lockutils.py:525}}
Aug 14 09:11:51.411325 np0000189557 devstack@n-api.service[98447]: DEBUG oslo_concurrency.lockutils [None req-fc01d4f0-1840-44b6-8501-8549fa04e7d9 demo demo] Lock "00000000-0000-0000-0000-000000000000" "released" by "nova.context.set_target_cell..get_or_set_cached_cell_and_set_connections" :: held 0.000s {{(pid=98447) inner /opt/stack/data/venv/lib/python3.12/site-packages/oslo_concurrency/lockutils.py:544}}
Aug 14 09:11:51.412386 np0000189557 devstack@n-api.service[98447]: DEBUG oslo_concurrency.lockutils [None req-fc01d4f0-1840-44b6-8501-8549fa04e7d9 demo demo] Acquiring lock "12478cd8-89f1-4db8-bb3b-00f6815b8af7" by "nova.context.set_target_cell..get_or_set_cached_cell_and_set_connections" {{(pid=98447) inner /opt/stack/data/venv/lib/python3.12/site-packages/oslo_concurrency/lockutils.py:512}}
Aug 14 09:11:51.412620 np0000189557 devstack@n-api.service[98447]: DEBUG oslo_concurrency.lockutils [None req-fc01d4f0-1840-44b6-8501-8549fa04e7d9 demo demo] Lock "12478cd8-89f1-4db8-bb3b-00f6815b8af7" acquired by "nova.context.set_target_cell..get_or_set_cached_cell_and_set_connections" :: waited 0.000s {{(pid=98447) inner /opt/stack/data/venv/lib/python3.12/site-packages/oslo_concurrency/lockutils.py:525}}
Aug 14 09:11:51.412779 np0000189557 devstack@n-api.service[98447]: DEBUG oslo_concurrency.lockutils [None req-fc01d4f0-1840-44b6-8501-8549fa04e7d9 demo demo] Lock "12478cd8-89f1-4db8-bb3b-00f6815b8af7" "released" by "nova.context.set_target_cell..get_or_set_cached_cell_and_set_connections" :: held 0.000s {{(pid=98447) inner /opt/stack/data/venv/lib/python3.12/site-packages/oslo_concurrency/lockutils.py:544}}
Aug 14 09:11:51.482520 np0000189557 devstack@n-api.service[98447]: INFO nova.api.openstack.requestlog [None req-fc01d4f0-1840-44b6-8501-8549fa04e7d9 demo demo] 172.18.0.2 "GET /compute/v2.1/os-availability-zone" status: 200 len: 97 microversion: 2.38 time: 0.076906
Aug 14 09:11:51.483403 np0000189557 devstack@n-api.service[98447]: [pid: 98447|app: 0|req: 26/99] 199.19.213.96 () {68 vars in 1409 bytes} [Fri Aug 14 09:11:51 2026] GET /compute/v2.1/os-availability-zone => generated 97 bytes in 78 msecs (HTTP/1.1 200) 9 headers in 358 bytes (1 switches on core 0)
Aug 14 09:11:52.111268 np0000189557 devstack@n-api.service[98448]: DEBUG nova.api.openstack.wsgi [None req-71a1d234-91a9-4e1d-a538-c5584012fdfe demo demo] Calling method '>' {{(pid=98448) _process_stack /opt/stack/nova/nova/api/openstack/wsgi.py:551}}
Aug 14 09:11:52.115767 np0000189557 devstack@n-api.service[98448]: INFO nova.api.openstack.requestlog [None req-71a1d234-91a9-4e1d-a538-c5584012fdfe demo demo] 172.18.0.2 "GET /compute/v2.1/" status: 200 len: 392 microversion: 2.1 time: 0.004519
Aug 14 09:11:52.115767 np0000189557 devstack@n-api.service[98448]: [pid: 98448|app: 0|req: 25/100] 199.19.213.96 () {64 vars in 1266 bytes} [Fri Aug 14 09:11:52 2026] GET /compute/v2.1/ => generated 392 bytes in 5 msecs (HTTP/1.1 200) 9 headers in 357 bytes (1 switches on core 0)
Aug 14 09:11:52.125270 np0000189557 devstack@n-api.service[98450]: DEBUG nova.api.openstack.wsgi [None req-b18fbda1-2ab9-4735-b518-55468c90deff demo demo] Calling method '>' {{(pid=98450) _process_stack /opt/stack/nova/nova/api/openstack/wsgi.py:551}}
Aug 14 09:11:52.128645 np0000189557 devstack@n-api.service[98450]: DEBUG oslo_concurrency.lockutils [None req-b18fbda1-2ab9-4735-b518-55468c90deff demo demo] Acquiring lock "00000000-0000-0000-0000-000000000000" by "nova.context.set_target_cell..get_or_set_cached_cell_and_set_connections" {{(pid=98450) inner /opt/stack/data/venv/lib/python3.12/site-packages/oslo_concurrency/lockutils.py:512}}
Aug 14 09:11:52.129057 np0000189557 devstack@n-api.service[98450]: DEBUG oslo_concurrency.lockutils [None req-b18fbda1-2ab9-4735-b518-55468c90deff demo demo] Lock "00000000-0000-0000-0000-000000000000" acquired by "nova.context.set_target_cell..get_or_set_cached_cell_and_set_connections" :: waited 0.000s {{(pid=98450) inner /opt/stack/data/venv/lib/python3.12/site-packages/oslo_concurrency/lockutils.py:525}}
Aug 14 09:11:52.129334 np0000189557 devstack@n-api.service[98450]: DEBUG oslo_concurrency.lockutils [None req-b18fbda1-2ab9-4735-b518-55468c90deff demo demo] Lock "00000000-0000-0000-0000-000000000000" "released" by "nova.context.set_target_cell..get_or_set_cached_cell_and_set_connections" :: held 0.000s {{(pid=98450) inner /opt/stack/data/venv/lib/python3.12/site-packages/oslo_concurrency/lockutils.py:544}}
Aug 14 09:11:52.130571 np0000189557 devstack@n-api.service[98450]: DEBUG oslo_concurrency.lockutils [None req-b18fbda1-2ab9-4735-b518-55468c90deff demo demo] Acquiring lock "12478cd8-89f1-4db8-bb3b-00f6815b8af7" by "nova.context.set_target_cell..get_or_set_cached_cell_and_set_connections" {{(pid=98450) inner /opt/stack/data/venv/lib/python3.12/site-packages/oslo_concurrency/lockutils.py:512}}
Aug 14 09:11:52.130897 np0000189557 devstack@n-api.service[98450]: DEBUG oslo_concurrency.lockutils [None req-b18fbda1-2ab9-4735-b518-55468c90deff demo demo] Lock "12478cd8-89f1-4db8-bb3b-00f6815b8af7" acquired by "nova.context.set_target_cell..get_or_set_cached_cell_and_set_connections" :: waited 0.000s {{(pid=98450) inner /opt/stack/data/venv/lib/python3.12/site-packages/oslo_concurrency/lockutils.py:525}}
Aug 14 09:11:52.131166 np0000189557 devstack@n-api.service[98450]: DEBUG oslo_concurrency.lockutils [None req-b18fbda1-2ab9-4735-b518-55468c90deff demo demo] Lock "12478cd8-89f1-4db8-bb3b-00f6815b8af7" "released" by "nova.context.set_target_cell..get_or_set_cached_cell_and_set_connections" :: held 0.000s {{(pid=98450) inner /opt/stack/data/venv/lib/python3.12/site-packages/oslo_concurrency/lockutils.py:544}}
Aug 14 09:11:52.152472 np0000189557 devstack@n-api.service[98450]: INFO nova.api.openstack.requestlog [None req-b18fbda1-2ab9-4735-b518-55468c90deff demo demo] 172.18.0.2 "GET /compute/v2.1/os-availability-zone" status: 200 len: 97 microversion: 2.38 time: 0.030106
Aug 14 09:11:52.153040 np0000189557 devstack@n-api.service[98450]: [pid: 98450|app: 0|req: 25/101] 199.19.213.96 () {68 vars in 1409 bytes} [Fri Aug 14 09:11:52 2026] GET /compute/v2.1/os-availability-zone => generated 97 bytes in 31 msecs (HTTP/1.1 200) 9 headers in 358 bytes (1 switches on core 0)
Aug 14 09:11:52.778359 np0000189557 devstack@n-api.service[98449]: DEBUG nova.api.openstack.wsgi [None req-595a60d8-a283-419b-98fa-062f6e0b387f demo demo] Calling method '>' {{(pid=98449) _process_stack /opt/stack/nova/nova/api/openstack/wsgi.py:551}}
Aug 14 09:11:52.782620 np0000189557 devstack@n-api.service[98449]: INFO nova.api.openstack.requestlog [None req-595a60d8-a283-419b-98fa-062f6e0b387f demo demo] 172.18.0.2 "GET /compute/v2.1/" status: 200 len: 392 microversion: 2.1 time: 0.004419
Aug 14 09:11:52.782935 np0000189557 devstack@n-api.service[98449]: [pid: 98449|app: 0|req: 26/102] 199.19.213.96 () {64 vars in 1266 bytes} [Fri Aug 14 09:11:52 2026] GET /compute/v2.1/ => generated 392 bytes in 5 msecs (HTTP/1.1 200) 9 headers in 357 bytes (1 switches on core 0)
Aug 14 09:11:52.793644 np0000189557 devstack@n-api.service[98447]: DEBUG nova.api.openstack.wsgi [None req-6e1afe7b-acea-4b6d-a534-ecbfc96b3ab2 demo demo] Calling method '>' {{(pid=98447) _process_stack /opt/stack/nova/nova/api/openstack/wsgi.py:551}}
Aug 14 09:11:52.796399 np0000189557 devstack@n-api.service[98447]: DEBUG oslo_concurrency.lockutils [None req-6e1afe7b-acea-4b6d-a534-ecbfc96b3ab2 demo demo] Acquiring lock "00000000-0000-0000-0000-000000000000" by "nova.context.set_target_cell..get_or_set_cached_cell_and_set_connections" {{(pid=98447) inner /opt/stack/data/venv/lib/python3.12/site-packages/oslo_concurrency/lockutils.py:512}}
Aug 14 09:11:52.796399 np0000189557 devstack@n-api.service[98447]: DEBUG oslo_concurrency.lockutils [None req-6e1afe7b-acea-4b6d-a534-ecbfc96b3ab2 demo demo] Lock "00000000-0000-0000-0000-000000000000" acquired by "nova.context.set_target_cell..get_or_set_cached_cell_and_set_connections" :: waited 0.000s {{(pid=98447) inner /opt/stack/data/venv/lib/python3.12/site-packages/oslo_concurrency/lockutils.py:525}}
Aug 14 09:11:52.796399 np0000189557 devstack@n-api.service[98447]: DEBUG oslo_concurrency.lockutils [None req-6e1afe7b-acea-4b6d-a534-ecbfc96b3ab2 demo demo] Lock "00000000-0000-0000-0000-000000000000" "released" by "nova.context.set_target_cell..get_or_set_cached_cell_and_set_connections" :: held 0.000s {{(pid=98447) inner /opt/stack/data/venv/lib/python3.12/site-packages/oslo_concurrency/lockutils.py:544}}
Aug 14 09:11:52.797208 np0000189557 devstack@n-api.service[98447]: DEBUG oslo_concurrency.lockutils [None req-6e1afe7b-acea-4b6d-a534-ecbfc96b3ab2 demo demo] Acquiring lock "12478cd8-89f1-4db8-bb3b-00f6815b8af7" by "nova.context.set_target_cell..get_or_set_cached_cell_and_set_connections" {{(pid=98447) inner /opt/stack/data/venv/lib/python3.12/site-packages/oslo_concurrency/lockutils.py:512}}
Aug 14 09:11:52.797395 np0000189557 devstack@n-api.service[98447]: DEBUG oslo_concurrency.lockutils [None req-6e1afe7b-acea-4b6d-a534-ecbfc96b3ab2 demo demo] Lock "12478cd8-89f1-4db8-bb3b-00f6815b8af7" acquired by "nova.context.set_target_cell..get_or_set_cached_cell_and_set_connections" :: waited 0.000s {{(pid=98447) inner /opt/stack/data/venv/lib/python3.12/site-packages/oslo_concurrency/lockutils.py:525}}
Aug 14 09:11:52.797569 np0000189557 devstack@n-api.service[98447]: DEBUG oslo_concurrency.lockutils [None req-6e1afe7b-acea-4b6d-a534-ecbfc96b3ab2 demo demo] Lock "12478cd8-89f1-4db8-bb3b-00f6815b8af7" "released" by "nova.context.set_target_cell..get_or_set_cached_cell_and_set_connections" :: held 0.000s {{(pid=98447) inner /opt/stack/data/venv/lib/python3.12/site-packages/oslo_concurrency/lockutils.py:544}}
Aug 14 09:11:52.817924 np0000189557 devstack@n-api.service[98447]: INFO nova.api.openstack.requestlog [None req-6e1afe7b-acea-4b6d-a534-ecbfc96b3ab2 demo demo] 172.18.0.2 "GET /compute/v2.1/os-availability-zone" status: 200 len: 97 microversion: 2.38 time: 0.028022
