May 02 02:57:34.126632 np0000171480 nova-conductor[111791]: DEBUG cotyledon.oslo_config_glue [-] vmware.vnc_keymap = en-us {{(pid=111791) log_opt_values /opt/stack/data/venv/lib/python3.12/site-packages/oslo_config/cfg.py:3006}}
May 02 02:57:34.126632 np0000171480 nova-conductor[111791]: DEBUG cotyledon.oslo_config_glue [-] vmware.vnc_port = 5900 {{(pid=111791) log_opt_values /opt/stack/data/venv/lib/python3.12/site-packages/oslo_config/cfg.py:3006}}
May 02 02:57:34.126632 np0000171480 nova-conductor[111791]: DEBUG cotyledon.oslo_config_glue [-] vmware.vnc_port_total = 10000 {{(pid=111791) log_opt_values /opt/stack/data/venv/lib/python3.12/site-packages/oslo_config/cfg.py:3006}}
May 02 02:57:34.126632 np0000171480 nova-conductor[111791]: DEBUG cotyledon.oslo_config_glue [-] vnc.auth_schemes = ['none'] {{(pid=111791) log_opt_values /opt/stack/data/venv/lib/python3.12/site-packages/oslo_config/cfg.py:3006}}
May 02 02:57:34.126632 np0000171480 nova-conductor[111791]: DEBUG cotyledon.oslo_config_glue [-] vnc.enabled = True {{(pid=111791) log_opt_values /opt/stack/data/venv/lib/python3.12/site-packages/oslo_config/cfg.py:3006}}
May 02 02:57:34.126632 np0000171480 nova-conductor[111791]: DEBUG cotyledon.oslo_config_glue [-] vnc.novncproxy_base_url = http://127.0.0.1:6080/vnc_auto.html {{(pid=111791) log_opt_values /opt/stack/data/venv/lib/python3.12/site-packages/oslo_config/cfg.py:3006}}
May 02 02:57:34.126632 np0000171480 nova-conductor[111791]: DEBUG cotyledon.oslo_config_glue [-] vnc.novncproxy_host = 0.0.0.0 {{(pid=111791) log_opt_values /opt/stack/data/venv/lib/python3.12/site-packages/oslo_config/cfg.py:3006}}
May 02 02:57:34.126632 np0000171480 nova-conductor[111791]: DEBUG cotyledon.oslo_config_glue [-] vnc.novncproxy_port = 6080 {{(pid=111791) log_opt_values /opt/stack/data/venv/lib/python3.12/site-packages/oslo_config/cfg.py:3006}}
May 02 02:57:34.126875 np0000171480 nova-conductor[111791]: DEBUG cotyledon.oslo_config_glue [-] vnc.server_listen = 127.0.0.1 {{(pid=111791) log_opt_values /opt/stack/data/venv/lib/python3.12/site-packages/oslo_config/cfg.py:3006}}
May 02 02:57:34.126875 np0000171480 nova-conductor[111791]: DEBUG cotyledon.oslo_config_glue [-] vnc.server_proxyclient_address = 127.0.0.1 {{(pid=111791) log_opt_values /opt/stack/data/venv/lib/python3.12/site-packages/oslo_config/cfg.py:3006}}
May 02 02:57:34.126875 np0000171480 nova-conductor[111791]: DEBUG cotyledon.oslo_config_glue [-] vnc.vencrypt_ca_certs = None {{(pid=111791) log_opt_values /opt/stack/data/venv/lib/python3.12/site-packages/oslo_config/cfg.py:3006}}
May 02 02:57:34.126875 np0000171480 nova-conductor[111791]: DEBUG cotyledon.oslo_config_glue [-] vnc.vencrypt_client_cert = None {{(pid=111791) log_opt_values /opt/stack/data/venv/lib/python3.12/site-packages/oslo_config/cfg.py:3006}}
May 02 02:57:34.126875 np0000171480 nova-conductor[111791]: DEBUG cotyledon.oslo_config_glue [-] vnc.vencrypt_client_key = None {{(pid=111791) log_opt_values /opt/stack/data/venv/lib/python3.12/site-packages/oslo_config/cfg.py:3006}}
May 02 02:57:34.126875 np0000171480 nova-conductor[111791]: DEBUG cotyledon.oslo_config_glue [-] workarounds.disable_compute_service_check_for_ffu = False {{(pid=111791) log_opt_values /opt/stack/data/venv/lib/python3.12/site-packages/oslo_config/cfg.py:3006}}
May 02 02:57:34.126875 np0000171480 nova-conductor[111791]: DEBUG cotyledon.oslo_config_glue [-] workarounds.disable_deep_image_inspection = False {{(pid=111791) log_opt_values /opt/stack/data/venv/lib/python3.12/site-packages/oslo_config/cfg.py:3006}}
May 02 02:57:34.126875 np0000171480 nova-conductor[111791]: DEBUG cotyledon.oslo_config_glue [-] workarounds.disable_fallback_pcpu_query = False {{(pid=111791) log_opt_values /opt/stack/data/venv/lib/python3.12/site-packages/oslo_config/cfg.py:3006}}
May 02 02:57:34.126875 np0000171480 nova-conductor[111791]: DEBUG cotyledon.oslo_config_glue [-] workarounds.disable_group_policy_check_upcall = False {{(pid=111791) log_opt_values /opt/stack/data/venv/lib/python3.12/site-packages/oslo_config/cfg.py:3006}}
May 02 02:57:34.127091 np0000171480 nova-conductor[111791]: DEBUG cotyledon.oslo_config_glue [-] workarounds.disable_libvirt_livesnapshot = False {{(pid=111791) log_opt_values /opt/stack/data/venv/lib/python3.12/site-packages/oslo_config/cfg.py:3006}}
May 02 02:57:34.127091 np0000171480 nova-conductor[111791]: DEBUG cotyledon.oslo_config_glue [-] workarounds.disable_rootwrap = False {{(pid=111791) log_opt_values /opt/stack/data/venv/lib/python3.12/site-packages/oslo_config/cfg.py:3006}}
May 02 02:57:34.127091 np0000171480 nova-conductor[111791]: DEBUG cotyledon.oslo_config_glue [-] workarounds.enable_numa_live_migration = False {{(pid=111791) log_opt_values /opt/stack/data/venv/lib/python3.12/site-packages/oslo_config/cfg.py:3006}}
May 02 02:57:34.127091 np0000171480 nova-conductor[111791]: DEBUG cotyledon.oslo_config_glue [-] workarounds.enable_qemu_monitor_announce_self = False {{(pid=111791) log_opt_values /opt/stack/data/venv/lib/python3.12/site-packages/oslo_config/cfg.py:3006}}
May 02 02:57:34.127091 np0000171480 nova-conductor[111791]: DEBUG cotyledon.oslo_config_glue [-] workarounds.ensure_libvirt_rbd_instance_dir_cleanup = False {{(pid=111791) log_opt_values /opt/stack/data/venv/lib/python3.12/site-packages/oslo_config/cfg.py:3006}}
May 02 02:57:34.127091 np0000171480 nova-conductor[111791]: DEBUG cotyledon.oslo_config_glue [-] workarounds.handle_virt_lifecycle_events = True {{(pid=111791) log_opt_values /opt/stack/data/venv/lib/python3.12/site-packages/oslo_config/cfg.py:3006}}
May 02 02:57:34.127091 np0000171480 nova-conductor[111791]: DEBUG cotyledon.oslo_config_glue [-] workarounds.libvirt_disable_apic = False {{(pid=111791) log_opt_values /opt/stack/data/venv/lib/python3.12/site-packages/oslo_config/cfg.py:3006}}
May 02 02:57:34.127091 np0000171480 nova-conductor[111791]: DEBUG cotyledon.oslo_config_glue [-] workarounds.never_download_image_if_on_rbd = False {{(pid=111791) log_opt_values /opt/stack/data/venv/lib/python3.12/site-packages/oslo_config/cfg.py:3006}}
May 02 02:57:34.127091 np0000171480 nova-conductor[111791]: DEBUG cotyledon.oslo_config_glue [-] workarounds.qemu_monitor_announce_self_count = 3 {{(pid=111791) log_opt_values /opt/stack/data/venv/lib/python3.12/site-packages/oslo_config/cfg.py:3006}}
May 02 02:57:34.127322 np0000171480 nova-conductor[111791]: DEBUG cotyledon.oslo_config_glue [-] workarounds.qemu_monitor_announce_self_interval = 1 {{(pid=111791) log_opt_values /opt/stack/data/venv/lib/python3.12/site-packages/oslo_config/cfg.py:3006}}
May 02 02:57:34.127322 np0000171480 nova-conductor[111791]: DEBUG cotyledon.oslo_config_glue [-] workarounds.reserve_disk_resource_for_image_cache = False {{(pid=111791) log_opt_values /opt/stack/data/venv/lib/python3.12/site-packages/oslo_config/cfg.py:3006}}
May 02 02:57:34.127322 np0000171480 nova-conductor[111791]: DEBUG cotyledon.oslo_config_glue [-] workarounds.skip_cpu_compare_at_startup = False {{(pid=111791) log_opt_values /opt/stack/data/venv/lib/python3.12/site-packages/oslo_config/cfg.py:3006}}
May 02 02:57:34.127322 np0000171480 nova-conductor[111791]: DEBUG cotyledon.oslo_config_glue [-] workarounds.skip_cpu_compare_on_dest = False {{(pid=111791) log_opt_values /opt/stack/data/venv/lib/python3.12/site-packages/oslo_config/cfg.py:3006}}
May 02 02:57:34.127322 np0000171480 nova-conductor[111791]: DEBUG cotyledon.oslo_config_glue [-] workarounds.skip_hypervisor_version_check_on_lm = False {{(pid=111791) log_opt_values /opt/stack/data/venv/lib/python3.12/site-packages/oslo_config/cfg.py:3006}}
May 02 02:57:34.127322 np0000171480 nova-conductor[111791]: DEBUG cotyledon.oslo_config_glue [-] workarounds.skip_reserve_in_use_ironic_nodes = False {{(pid=111791) log_opt_values /opt/stack/data/venv/lib/python3.12/site-packages/oslo_config/cfg.py:3006}}
May 02 02:57:34.127322 np0000171480 nova-conductor[111791]: DEBUG cotyledon.oslo_config_glue [-] workarounds.unified_limits_count_pcpu_as_vcpu = False {{(pid=111791) log_opt_values /opt/stack/data/venv/lib/python3.12/site-packages/oslo_config/cfg.py:3006}}
May 02 02:57:34.127322 np0000171480 nova-conductor[111791]: DEBUG cotyledon.oslo_config_glue [-] workarounds.wait_for_vif_plugged_event_during_hard_reboot = [] {{(pid=111791) log_opt_values /opt/stack/data/venv/lib/python3.12/site-packages/oslo_config/cfg.py:3006}}
May 02 02:57:34.127514 np0000171480 nova-conductor[111791]: DEBUG cotyledon.oslo_config_glue [-] wsgi.api_paste_config = /etc/nova/api-paste.ini {{(pid=111791) log_opt_values /opt/stack/data/venv/lib/python3.12/site-packages/oslo_config/cfg.py:3006}}
May 02 02:57:34.127514 np0000171480 nova-conductor[111791]: DEBUG cotyledon.oslo_config_glue [-] wsgi.secure_proxy_ssl_header = None {{(pid=111791) log_opt_values /opt/stack/data/venv/lib/python3.12/site-packages/oslo_config/cfg.py:3006}}
May 02 02:57:34.127514 np0000171480 nova-conductor[111791]: DEBUG cotyledon.oslo_config_glue [-] zvm.ca_file = None {{(pid=111791) log_opt_values /opt/stack/data/venv/lib/python3.12/site-packages/oslo_config/cfg.py:3006}}
May 02 02:57:34.127514 np0000171480 nova-conductor[111791]: DEBUG cotyledon.oslo_config_glue [-] zvm.cloud_connector_url = None {{(pid=111791) log_opt_values /opt/stack/data/venv/lib/python3.12/site-packages/oslo_config/cfg.py:3006}}
May 02 02:57:34.127514 np0000171480 nova-conductor[111791]: DEBUG cotyledon.oslo_config_glue [-] zvm.image_tmp_path = /opt/stack/data/nova/images {{(pid=111791) log_opt_values /opt/stack/data/venv/lib/python3.12/site-packages/oslo_config/cfg.py:3006}}
May 02 02:57:34.127514 np0000171480 nova-conductor[111791]: DEBUG cotyledon.oslo_config_glue [-] zvm.reachable_timeout = 300 {{(pid=111791) log_opt_values /opt/stack/data/venv/lib/python3.12/site-packages/oslo_config/cfg.py:3006}}
May 02 02:57:34.127514 np0000171480 nova-conductor[111791]: DEBUG cotyledon.oslo_config_glue [-] oslo_versionedobjects.fatal_exception_format_errors = False {{(pid=111791) log_opt_values /opt/stack/data/venv/lib/python3.12/site-packages/oslo_config/cfg.py:3006}}
May 02 02:57:34.127514 np0000171480 nova-conductor[111791]: DEBUG cotyledon.oslo_config_glue [-] oslo_middleware.http_basic_auth_user_file = /etc/htpasswd {{(pid=111791) log_opt_values /opt/stack/data/venv/lib/python3.12/site-packages/oslo_config/cfg.py:3006}}
May 02 02:57:34.127514 np0000171480 nova-conductor[111791]: DEBUG cotyledon.oslo_config_glue [-] profiler.connection_string = messaging:// {{(pid=111791) log_opt_values /opt/stack/data/venv/lib/python3.12/site-packages/oslo_config/cfg.py:3006}}
May 02 02:57:34.127720 np0000171480 nova-conductor[111791]: DEBUG cotyledon.oslo_config_glue [-] profiler.enabled = False {{(pid=111791) log_opt_values /opt/stack/data/venv/lib/python3.12/site-packages/oslo_config/cfg.py:3006}}
May 02 02:57:34.127720 np0000171480 nova-conductor[111791]: DEBUG cotyledon.oslo_config_glue [-] profiler.es_doc_type = notification {{(pid=111791) log_opt_values /opt/stack/data/venv/lib/python3.12/site-packages/oslo_config/cfg.py:3006}}
May 02 02:57:34.127720 np0000171480 nova-conductor[111791]: DEBUG cotyledon.oslo_config_glue [-] profiler.es_scroll_size = 10000 {{(pid=111791) log_opt_values /opt/stack/data/venv/lib/python3.12/site-packages/oslo_config/cfg.py:3006}}
May 02 02:57:34.127720 np0000171480 nova-conductor[111791]: DEBUG cotyledon.oslo_config_glue [-] profiler.es_scroll_time = 2m {{(pid=111791) log_opt_values /opt/stack/data/venv/lib/python3.12/site-packages/oslo_config/cfg.py:3006}}
May 02 02:57:34.127720 np0000171480 nova-conductor[111791]: DEBUG cotyledon.oslo_config_glue [-] profiler.filter_error_trace = False {{(pid=111791) log_opt_values /opt/stack/data/venv/lib/python3.12/site-packages/oslo_config/cfg.py:3006}}
May 02 02:57:34.127720 np0000171480 nova-conductor[111791]: DEBUG cotyledon.oslo_config_glue [-] profiler.hmac_keys = **** {{(pid=111791) log_opt_values /opt/stack/data/venv/lib/python3.12/site-packages/oslo_config/cfg.py:3006}}
May 02 02:57:34.127720 np0000171480 nova-conductor[111791]: DEBUG cotyledon.oslo_config_glue [-] profiler.sentinel_service_name = mymaster {{(pid=111791) log_opt_values /opt/stack/data/venv/lib/python3.12/site-packages/oslo_config/cfg.py:3006}}
May 02 02:57:34.127720 np0000171480 nova-conductor[111791]: DEBUG cotyledon.oslo_config_glue [-] profiler.socket_timeout = 0.1 {{(pid=111791) log_opt_values /opt/stack/data/venv/lib/python3.12/site-packages/oslo_config/cfg.py:3006}}
May 02 02:57:34.127720 np0000171480 nova-conductor[111791]: DEBUG cotyledon.oslo_config_glue [-] profiler.trace_requests = False {{(pid=111791) log_opt_values /opt/stack/data/venv/lib/python3.12/site-packages/oslo_config/cfg.py:3006}}
May 02 02:57:34.127940 np0000171480 nova-conductor[111791]: DEBUG cotyledon.oslo_config_glue [-] profiler.trace_sqlalchemy = False {{(pid=111791) log_opt_values /opt/stack/data/venv/lib/python3.12/site-packages/oslo_config/cfg.py:3006}}
May 02 02:57:34.127940 np0000171480 nova-conductor[111791]: DEBUG cotyledon.oslo_config_glue [-] profiler_jaeger.process_tags = {} {{(pid=111791) log_opt_values /opt/stack/data/venv/lib/python3.12/site-packages/oslo_config/cfg.py:3006}}
May 02 02:57:34.127940 np0000171480 nova-conductor[111791]: DEBUG cotyledon.oslo_config_glue [-] profiler_jaeger.service_name_prefix = None {{(pid=111791) log_opt_values /opt/stack/data/venv/lib/python3.12/site-packages/oslo_config/cfg.py:3006}}
May 02 02:57:34.127940 np0000171480 nova-conductor[111791]: DEBUG cotyledon.oslo_config_glue [-] profiler_otlp.service_name_prefix = None {{(pid=111791) log_opt_values /opt/stack/data/venv/lib/python3.12/site-packages/oslo_config/cfg.py:3006}}
May 02 02:57:34.127940 np0000171480 nova-conductor[111791]: DEBUG cotyledon.oslo_config_glue [-] oslo_messaging_rabbit.amqp_auto_delete = False {{(pid=111791) log_opt_values /opt/stack/data/venv/lib/python3.12/site-packages/oslo_config/cfg.py:3006}}
May 02 02:57:34.127940 np0000171480 nova-conductor[111791]: DEBUG cotyledon.oslo_config_glue [-] oslo_messaging_rabbit.amqp_durable_queues = False {{(pid=111791) log_opt_values /opt/stack/data/venv/lib/python3.12/site-packages/oslo_config/cfg.py:3006}}
May 02 02:57:34.127940 np0000171480 nova-conductor[111791]: DEBUG cotyledon.oslo_config_glue [-] oslo_messaging_rabbit.conn_pool_min_size = 2 {{(pid=111791) log_opt_values /opt/stack/data/venv/lib/python3.12/site-packages/oslo_config/cfg.py:3006}}
May 02 02:57:34.127940 np0000171480 nova-conductor[111791]: DEBUG cotyledon.oslo_config_glue [-] oslo_messaging_rabbit.conn_pool_ttl = 1200 {{(pid=111791) log_opt_values /opt/stack/data/venv/lib/python3.12/site-packages/oslo_config/cfg.py:3006}}
May 02 02:57:34.127940 np0000171480 nova-conductor[111791]: DEBUG cotyledon.oslo_config_glue [-] oslo_messaging_rabbit.direct_mandatory_flag = True {{(pid=111791) log_opt_values /opt/stack/data/venv/lib/python3.12/site-packages/oslo_config/cfg.py:3006}}
May 02 02:57:34.128169 np0000171480 nova-conductor[111791]: DEBUG cotyledon.oslo_config_glue [-] oslo_messaging_rabbit.enable_cancel_on_failover = False {{(pid=111791) log_opt_values /opt/stack/data/venv/lib/python3.12/site-packages/oslo_config/cfg.py:3006}}
May 02 02:57:34.128169 np0000171480 nova-conductor[111791]: DEBUG cotyledon.oslo_config_glue [-] oslo_messaging_rabbit.heartbeat_in_pthread = False {{(pid=111791) log_opt_values /opt/stack/data/venv/lib/python3.12/site-packages/oslo_config/cfg.py:3006}}
May 02 02:57:34.128169 np0000171480 nova-conductor[111791]: DEBUG cotyledon.oslo_config_glue [-] oslo_messaging_rabbit.heartbeat_rate = 3 {{(pid=111791) log_opt_values /opt/stack/data/venv/lib/python3.12/site-packages/oslo_config/cfg.py:3006}}
May 02 02:57:34.128169 np0000171480 nova-conductor[111791]: DEBUG cotyledon.oslo_config_glue [-] oslo_messaging_rabbit.heartbeat_timeout_threshold = 60 {{(pid=111791) log_opt_values /opt/stack/data/venv/lib/python3.12/site-packages/oslo_config/cfg.py:3006}}
May 02 02:57:34.128169 np0000171480 nova-conductor[111791]: DEBUG cotyledon.oslo_config_glue [-] oslo_messaging_rabbit.hostname = np0000171480 {{(pid=111791) log_opt_values /opt/stack/data/venv/lib/python3.12/site-packages/oslo_config/cfg.py:3006}}
May 02 02:57:34.128169 np0000171480 nova-conductor[111791]: DEBUG cotyledon.oslo_config_glue [-] oslo_messaging_rabbit.kombu_compression = None {{(pid=111791) log_opt_values /opt/stack/data/venv/lib/python3.12/site-packages/oslo_config/cfg.py:3006}}
May 02 02:57:34.128169 np0000171480 nova-conductor[111791]: DEBUG cotyledon.oslo_config_glue [-] oslo_messaging_rabbit.kombu_failover_strategy = round-robin {{(pid=111791) log_opt_values /opt/stack/data/venv/lib/python3.12/site-packages/oslo_config/cfg.py:3006}}
May 02 02:57:34.128169 np0000171480 nova-conductor[111791]: DEBUG cotyledon.oslo_config_glue [-] oslo_messaging_rabbit.kombu_missing_consumer_retry_timeout = 60 {{(pid=111791) log_opt_values /opt/stack/data/venv/lib/python3.12/site-packages/oslo_config/cfg.py:3006}}
May 02 02:57:34.128364 np0000171480 nova-conductor[111791]: DEBUG cotyledon.oslo_config_glue [-] oslo_messaging_rabbit.kombu_reconnect_delay = 1.0 {{(pid=111791) log_opt_values /opt/stack/data/venv/lib/python3.12/site-packages/oslo_config/cfg.py:3006}}
May 02 02:57:34.128364 np0000171480 nova-conductor[111791]: DEBUG cotyledon.oslo_config_glue [-] oslo_messaging_rabbit.kombu_reconnect_splay = 0.0 {{(pid=111791) log_opt_values /opt/stack/data/venv/lib/python3.12/site-packages/oslo_config/cfg.py:3006}}
May 02 02:57:34.128364 np0000171480 nova-conductor[111791]: DEBUG cotyledon.oslo_config_glue [-] oslo_messaging_rabbit.processname = nova-conductor {{(pid=111791) log_opt_values /opt/stack/data/venv/lib/python3.12/site-packages/oslo_config/cfg.py:3006}}
May 02 02:57:34.128364 np0000171480 nova-conductor[111791]: DEBUG cotyledon.oslo_config_glue [-] oslo_messaging_rabbit.rabbit_ha_queues = False {{(pid=111791) log_opt_values /opt/stack/data/venv/lib/python3.12/site-packages/oslo_config/cfg.py:3006}}
May 02 02:57:34.128364 np0000171480 nova-conductor[111791]: DEBUG cotyledon.oslo_config_glue [-] oslo_messaging_rabbit.rabbit_interval_max = 30 {{(pid=111791) log_opt_values /opt/stack/data/venv/lib/python3.12/site-packages/oslo_config/cfg.py:3006}}
May 02 02:57:34.128364 np0000171480 nova-conductor[111791]: DEBUG cotyledon.oslo_config_glue [-] oslo_messaging_rabbit.rabbit_login_method = AMQPLAIN {{(pid=111791) log_opt_values /opt/stack/data/venv/lib/python3.12/site-packages/oslo_config/cfg.py:3006}}
May 02 02:57:34.128364 np0000171480 nova-conductor[111791]: DEBUG cotyledon.oslo_config_glue [-] oslo_messaging_rabbit.rabbit_qos_prefetch_count = 0 {{(pid=111791) log_opt_values /opt/stack/data/venv/lib/python3.12/site-packages/oslo_config/cfg.py:3006}}
May 02 02:57:34.128364 np0000171480 nova-conductor[111791]: DEBUG cotyledon.oslo_config_glue [-] oslo_messaging_rabbit.rabbit_quorum_delivery_limit = 0 {{(pid=111791) log_opt_values /opt/stack/data/venv/lib/python3.12/site-packages/oslo_config/cfg.py:3006}}
May 02 02:57:34.128364 np0000171480 nova-conductor[111791]: DEBUG cotyledon.oslo_config_glue [-] oslo_messaging_rabbit.rabbit_quorum_max_memory_bytes = 0 {{(pid=111791) log_opt_values /opt/stack/data/venv/lib/python3.12/site-packages/oslo_config/cfg.py:3006}}
May 02 02:57:34.128577 np0000171480 nova-conductor[111791]: DEBUG cotyledon.oslo_config_glue [-] oslo_messaging_rabbit.rabbit_quorum_max_memory_length = 0 {{(pid=111791) log_opt_values /opt/stack/data/venv/lib/python3.12/site-packages/oslo_config/cfg.py:3006}}
May 02 02:57:34.128577 np0000171480 nova-conductor[111791]: DEBUG cotyledon.oslo_config_glue [-] oslo_messaging_rabbit.rabbit_quorum_queue = False {{(pid=111791) log_opt_values /opt/stack/data/venv/lib/python3.12/site-packages/oslo_config/cfg.py:3006}}
May 02 02:57:34.128577 np0000171480 nova-conductor[111791]: DEBUG cotyledon.oslo_config_glue [-] oslo_messaging_rabbit.rabbit_retry_backoff = 2 {{(pid=111791) log_opt_values /opt/stack/data/venv/lib/python3.12/site-packages/oslo_config/cfg.py:3006}}
May 02 02:57:34.128577 np0000171480 nova-conductor[111791]: DEBUG cotyledon.oslo_config_glue [-] oslo_messaging_rabbit.rabbit_retry_interval = 1 {{(pid=111791) log_opt_values /opt/stack/data/venv/lib/python3.12/site-packages/oslo_config/cfg.py:3006}}
May 02 02:57:34.128577 np0000171480 nova-conductor[111791]: DEBUG cotyledon.oslo_config_glue [-] oslo_messaging_rabbit.rabbit_stream_fanout = False {{(pid=111791) log_opt_values /opt/stack/data/venv/lib/python3.12/site-packages/oslo_config/cfg.py:3006}}
May 02 02:57:34.128577 np0000171480 nova-conductor[111791]: DEBUG cotyledon.oslo_config_glue [-] oslo_messaging_rabbit.rabbit_transient_queues_ttl = 1800 {{(pid=111791) log_opt_values /opt/stack/data/venv/lib/python3.12/site-packages/oslo_config/cfg.py:3006}}
May 02 02:57:34.128577 np0000171480 nova-conductor[111791]: DEBUG cotyledon.oslo_config_glue [-] oslo_messaging_rabbit.rabbit_transient_quorum_queue = False {{(pid=111791) log_opt_values /opt/stack/data/venv/lib/python3.12/site-packages/oslo_config/cfg.py:3006}}
May 02 02:57:34.128577 np0000171480 nova-conductor[111791]: DEBUG cotyledon.oslo_config_glue [-] oslo_messaging_rabbit.rpc_conn_pool_size = 30 {{(pid=111791) log_opt_values /opt/stack/data/venv/lib/python3.12/site-packages/oslo_config/cfg.py:3006}}
May 02 02:57:34.128577 np0000171480 nova-conductor[111791]: DEBUG cotyledon.oslo_config_glue [-] oslo_messaging_rabbit.ssl = False {{(pid=111791) log_opt_values /opt/stack/data/venv/lib/python3.12/site-packages/oslo_config/cfg.py:3006}}
May 02 02:57:34.128826 np0000171480 nova-conductor[111791]: DEBUG cotyledon.oslo_config_glue [-] oslo_messaging_rabbit.ssl_ca_file = {{(pid=111791) log_opt_values /opt/stack/data/venv/lib/python3.12/site-packages/oslo_config/cfg.py:3006}}
May 02 02:57:34.128826 np0000171480 nova-conductor[111791]: DEBUG cotyledon.oslo_config_glue [-] oslo_messaging_rabbit.ssl_cert_file = {{(pid=111791) log_opt_values /opt/stack/data/venv/lib/python3.12/site-packages/oslo_config/cfg.py:3006}}
May 02 02:57:34.128826 np0000171480 nova-conductor[111791]: DEBUG cotyledon.oslo_config_glue [-] oslo_messaging_rabbit.ssl_enforce_fips_mode = False {{(pid=111791) log_opt_values /opt/stack/data/venv/lib/python3.12/site-packages/oslo_config/cfg.py:3006}}
May 02 02:57:34.128826 np0000171480 nova-conductor[111791]: DEBUG cotyledon.oslo_config_glue [-] oslo_messaging_rabbit.ssl_key_file = {{(pid=111791) log_opt_values /opt/stack/data/venv/lib/python3.12/site-packages/oslo_config/cfg.py:3006}}
May 02 02:57:34.128826 np0000171480 nova-conductor[111791]: DEBUG cotyledon.oslo_config_glue [-] oslo_messaging_rabbit.ssl_version = {{(pid=111791) log_opt_values /opt/stack/data/venv/lib/python3.12/site-packages/oslo_config/cfg.py:3006}}
May 02 02:57:34.128826 np0000171480 nova-conductor[111791]: DEBUG cotyledon.oslo_config_glue [-] oslo_messaging_rabbit.use_queue_manager = False {{(pid=111791) log_opt_values /opt/stack/data/venv/lib/python3.12/site-packages/oslo_config/cfg.py:3006}}
May 02 02:57:34.128826 np0000171480 nova-conductor[111791]: DEBUG cotyledon.oslo_config_glue [-] oslo_messaging_notifications.driver = ['messagingv2'] {{(pid=111791) log_opt_values /opt/stack/data/venv/lib/python3.12/site-packages/oslo_config/cfg.py:3006}}
May 02 02:57:34.128826 np0000171480 nova-conductor[111791]: DEBUG cotyledon.oslo_config_glue [-] oslo_messaging_notifications.retry = -1 {{(pid=111791) log_opt_values /opt/stack/data/venv/lib/python3.12/site-packages/oslo_config/cfg.py:3006}}
May 02 02:57:34.128826 np0000171480 nova-conductor[111791]: DEBUG cotyledon.oslo_config_glue [-] oslo_messaging_notifications.topics = ['notifications'] {{(pid=111791) log_opt_values /opt/stack/data/venv/lib/python3.12/site-packages/oslo_config/cfg.py:3006}}
May 02 02:57:34.129037 np0000171480 nova-conductor[111791]: DEBUG cotyledon.oslo_config_glue [-] oslo_messaging_notifications.transport_url = **** {{(pid=111791) log_opt_values /opt/stack/data/venv/lib/python3.12/site-packages/oslo_config/cfg.py:3006}}
May 02 02:57:34.129037 np0000171480 nova-conductor[111791]: DEBUG cotyledon.oslo_config_glue [-] oslo_limit.auth_section = None {{(pid=111791) log_opt_values /opt/stack/data/venv/lib/python3.12/site-packages/oslo_config/cfg.py:3006}}
May 02 02:57:34.129037 np0000171480 nova-conductor[111791]: DEBUG cotyledon.oslo_config_glue [-] oslo_limit.auth_type = None {{(pid=111791) log_opt_values /opt/stack/data/venv/lib/python3.12/site-packages/oslo_config/cfg.py:3006}}
May 02 02:57:34.129037 np0000171480 nova-conductor[111791]: DEBUG cotyledon.oslo_config_glue [-] oslo_limit.cafile = None {{(pid=111791) log_opt_values /opt/stack/data/venv/lib/python3.12/site-packages/oslo_config/cfg.py:3006}}
May 02 02:57:34.129037 np0000171480 nova-conductor[111791]: DEBUG cotyledon.oslo_config_glue [-] oslo_limit.certfile = None {{(pid=111791) log_opt_values /opt/stack/data/venv/lib/python3.12/site-packages/oslo_config/cfg.py:3006}}
May 02 02:57:34.129037 np0000171480 nova-conductor[111791]: DEBUG cotyledon.oslo_config_glue [-] oslo_limit.collect_timing = False {{(pid=111791) log_opt_values /opt/stack/data/venv/lib/python3.12/site-packages/oslo_config/cfg.py:3006}}
May 02 02:57:34.129037 np0000171480 nova-conductor[111791]: DEBUG cotyledon.oslo_config_glue [-] oslo_limit.connect_retries = None {{(pid=111791) log_opt_values /opt/stack/data/venv/lib/python3.12/site-packages/oslo_config/cfg.py:3006}}
May 02 02:57:34.129037 np0000171480 nova-conductor[111791]: DEBUG cotyledon.oslo_config_glue [-] oslo_limit.connect_retry_delay = None {{(pid=111791) log_opt_values /opt/stack/data/venv/lib/python3.12/site-packages/oslo_config/cfg.py:3006}}
May 02 02:57:34.129037 np0000171480 nova-conductor[111791]: DEBUG cotyledon.oslo_config_glue [-] oslo_limit.endpoint_id = None {{(pid=111791) log_opt_values /opt/stack/data/venv/lib/python3.12/site-packages/oslo_config/cfg.py:3006}}
May 02 02:57:34.129270 np0000171480 nova-conductor[111791]: DEBUG cotyledon.oslo_config_glue [-] oslo_limit.endpoint_interface = public {{(pid=111791) log_opt_values /opt/stack/data/venv/lib/python3.12/site-packages/oslo_config/cfg.py:3006}}
May 02 02:57:34.129270 np0000171480 nova-conductor[111791]: DEBUG cotyledon.oslo_config_glue [-] oslo_limit.endpoint_override = None {{(pid=111791) log_opt_values /opt/stack/data/venv/lib/python3.12/site-packages/oslo_config/cfg.py:3006}}
May 02 02:57:34.129270 np0000171480 nova-conductor[111791]: DEBUG cotyledon.oslo_config_glue [-] oslo_limit.endpoint_region_name = None {{(pid=111791) log_opt_values /opt/stack/data/venv/lib/python3.12/site-packages/oslo_config/cfg.py:3006}}
May 02 02:57:34.129270 np0000171480 nova-conductor[111791]: DEBUG cotyledon.oslo_config_glue [-] oslo_limit.endpoint_service_name = None {{(pid=111791) log_opt_values /opt/stack/data/venv/lib/python3.12/site-packages/oslo_config/cfg.py:3006}}
May 02 02:57:34.129270 np0000171480 nova-conductor[111791]: DEBUG cotyledon.oslo_config_glue [-] oslo_limit.endpoint_service_type = None {{(pid=111791) log_opt_values /opt/stack/data/venv/lib/python3.12/site-packages/oslo_config/cfg.py:3006}}
May 02 02:57:34.129270 np0000171480 nova-conductor[111791]: DEBUG cotyledon.oslo_config_glue [-] oslo_limit.insecure = False {{(pid=111791) log_opt_values /opt/stack/data/venv/lib/python3.12/site-packages/oslo_config/cfg.py:3006}}
May 02 02:57:34.129270 np0000171480 nova-conductor[111791]: DEBUG cotyledon.oslo_config_glue [-] oslo_limit.keyfile = None {{(pid=111791) log_opt_values /opt/stack/data/venv/lib/python3.12/site-packages/oslo_config/cfg.py:3006}}
May 02 02:57:34.129270 np0000171480 nova-conductor[111791]: DEBUG cotyledon.oslo_config_glue [-] oslo_limit.max_version = None {{(pid=111791) log_opt_values /opt/stack/data/venv/lib/python3.12/site-packages/oslo_config/cfg.py:3006}}
May 02 02:57:34.129270 np0000171480 nova-conductor[111791]: DEBUG cotyledon.oslo_config_glue [-] oslo_limit.min_version = None {{(pid=111791) log_opt_values /opt/stack/data/venv/lib/python3.12/site-packages/oslo_config/cfg.py:3006}}
May 02 02:57:34.129480 np0000171480 nova-conductor[111791]: DEBUG cotyledon.oslo_config_glue [-] oslo_limit.region_name = None {{(pid=111791) log_opt_values /opt/stack/data/venv/lib/python3.12/site-packages/oslo_config/cfg.py:3006}}
May 02 02:57:34.129480 np0000171480 nova-conductor[111791]: DEBUG cotyledon.oslo_config_glue [-] oslo_limit.retriable_status_codes = None {{(pid=111791) log_opt_values /opt/stack/data/venv/lib/python3.12/site-packages/oslo_config/cfg.py:3006}}
May 02 02:57:34.129480 np0000171480 nova-conductor[111791]: DEBUG cotyledon.oslo_config_glue [-] oslo_limit.service_name = None {{(pid=111791) log_opt_values /opt/stack/data/venv/lib/python3.12/site-packages/oslo_config/cfg.py:3006}}
May 02 02:57:34.129480 np0000171480 nova-conductor[111791]: DEBUG cotyledon.oslo_config_glue [-] oslo_limit.service_type = None {{(pid=111791) log_opt_values /opt/stack/data/venv/lib/python3.12/site-packages/oslo_config/cfg.py:3006}}
May 02 02:57:34.129480 np0000171480 nova-conductor[111791]: DEBUG cotyledon.oslo_config_glue [-] oslo_limit.split_loggers = False {{(pid=111791) log_opt_values /opt/stack/data/venv/lib/python3.12/site-packages/oslo_config/cfg.py:3006}}
May 02 02:57:34.129480 np0000171480 nova-conductor[111791]: DEBUG cotyledon.oslo_config_glue [-] oslo_limit.status_code_retries = None {{(pid=111791) log_opt_values /opt/stack/data/venv/lib/python3.12/site-packages/oslo_config/cfg.py:3006}}
May 02 02:57:34.129480 np0000171480 nova-conductor[111791]: DEBUG cotyledon.oslo_config_glue [-] oslo_limit.status_code_retry_delay = None {{(pid=111791) log_opt_values /opt/stack/data/venv/lib/python3.12/site-packages/oslo_config/cfg.py:3006}}
May 02 02:57:34.129480 np0000171480 nova-conductor[111791]: DEBUG cotyledon.oslo_config_glue [-] oslo_limit.timeout = None {{(pid=111791) log_opt_values /opt/stack/data/venv/lib/python3.12/site-packages/oslo_config/cfg.py:3006}}
May 02 02:57:34.129480 np0000171480 nova-conductor[111791]: DEBUG cotyledon.oslo_config_glue [-] oslo_limit.valid_interfaces = None {{(pid=111791) log_opt_values /opt/stack/data/venv/lib/python3.12/site-packages/oslo_config/cfg.py:3006}}
May 02 02:57:34.129684 np0000171480 nova-conductor[111791]: DEBUG cotyledon.oslo_config_glue [-] oslo_limit.version = None {{(pid=111791) log_opt_values /opt/stack/data/venv/lib/python3.12/site-packages/oslo_config/cfg.py:3006}}
May 02 02:57:34.129684 np0000171480 nova-conductor[111791]: DEBUG cotyledon.oslo_config_glue [-] oslo_reports.file_event_handler = None {{(pid=111791) log_opt_values /opt/stack/data/venv/lib/python3.12/site-packages/oslo_config/cfg.py:3006}}
May 02 02:57:34.129684 np0000171480 nova-conductor[111791]: DEBUG cotyledon.oslo_config_glue [-] oslo_reports.file_event_handler_interval = 1 {{(pid=111791) log_opt_values /opt/stack/data/venv/lib/python3.12/site-packages/oslo_config/cfg.py:3006}}
May 02 02:57:34.129684 np0000171480 nova-conductor[111791]: DEBUG cotyledon.oslo_config_glue [-] oslo_reports.log_dir = None {{(pid=111791) log_opt_values /opt/stack/data/venv/lib/python3.12/site-packages/oslo_config/cfg.py:3006}}
May 02 02:57:34.129684 np0000171480 nova-conductor[111791]: DEBUG cotyledon.oslo_config_glue [-] ******************************************************************************** {{(pid=111791) log_opt_values /opt/stack/data/venv/lib/python3.12/site-packages/oslo_config/cfg.py:3013}}
May 02 02:57:34.129684 np0000171480 nova-conductor[111791]: DEBUG cotyledon._service_worker [-] Run service ServiceWrapper(3) [111791] {{(pid=111791) wait_forever /opt/stack/data/venv/lib/python3.12/site-packages/cotyledon/_service_worker.py:218}}
May 02 02:57:34.129684 np0000171480 nova-conductor[111791]: INFO nova.service [-] Starting conductor node (version 33.1.0)
May 02 02:57:34.129886 np0000171480 nova-conductor[111772]: DEBUG nova.service [None req-cbbf8142-772e-4f67-b85d-353e3a66ef11 None None] Creating RPC server for service: nova-conductor on topic: conductor {{(pid=111772) start /opt/stack/nova/nova/service.py:195}}
May 02 02:57:34.129927 np0000171480 nova-conductor[111783]: DEBUG oslo_db.sqlalchemy.engines [None req-51656541-51a0-4ba5-8a14-d5252ef53e5d None None] MySQL server mode set to STRICT_TRANS_TABLES,STRICT_ALL_TABLES,NO_ZERO_IN_DATE,NO_ZERO_DATE,ERROR_FOR_DIVISION_BY_ZERO,TRADITIONAL,NO_ENGINE_SUBSTITUTION {{(pid=111783) _check_effective_sql_mode /opt/stack/data/venv/lib/python3.12/site-packages/oslo_db/sqlalchemy/engines.py:325}}
May 02 02:57:34.129958 np0000171480 nova-conductor[111791]: INFO dbcounter [None req-1b47aae8-9f79-41ab-9039-4e46cefde409 None None] Registered counter for database nova_cell0
May 02 02:57:34.129984 np0000171480 nova-conductor[111777]: DEBUG dbcounter [-] [111777] Writer thread running {{(pid=111777) stat_writer /opt/stack/data/venv/lib/python3.12/site-packages/dbcounter.py:102}}
May 02 02:57:34.130527 np0000171480 nova-conductor[111777]: DEBUG nova.service [None req-5c42d9d2-67cb-4021-b0db-d53dde723402 None None] Creating RPC server for service: nova-conductor on topic: conductor {{(pid=111777) start /opt/stack/nova/nova/service.py:195}}
May 02 02:57:34.134166 np0000171480 nova-conductor[111791]: DEBUG oslo_db.sqlalchemy.engines [None req-1b47aae8-9f79-41ab-9039-4e46cefde409 None None] MySQL server mode set to STRICT_TRANS_TABLES,STRICT_ALL_TABLES,NO_ZERO_IN_DATE,NO_ZERO_DATE,ERROR_FOR_DIVISION_BY_ZERO,TRADITIONAL,NO_ENGINE_SUBSTITUTION {{(pid=111791) _check_effective_sql_mode /opt/stack/data/venv/lib/python3.12/site-packages/oslo_db/sqlalchemy/engines.py:325}}
May 02 02:57:34.136708 np0000171480 nova-conductor[111783]: DEBUG dbcounter [-] [111783] Writer thread running {{(pid=111783) stat_writer /opt/stack/data/venv/lib/python3.12/site-packages/dbcounter.py:102}}
May 02 02:57:34.139499 np0000171480 nova-conductor[111783]: DEBUG nova.service [None req-51656541-51a0-4ba5-8a14-d5252ef53e5d None None] Creating RPC server for service: nova-conductor on topic: conductor {{(pid=111783) start /opt/stack/nova/nova/service.py:195}}
May 02 02:57:34.148640 np0000171480 nova-conductor[111772]: DEBUG nova.service [None req-cbbf8142-772e-4f67-b85d-353e3a66ef11 None None] Join ServiceGroup membership for this service conductor {{(pid=111772) start /opt/stack/nova/nova/service.py:221}}
May 02 02:57:34.148876 np0000171480 nova-conductor[111791]: DEBUG dbcounter [-] [111791] Writer thread running {{(pid=111791) stat_writer /opt/stack/data/venv/lib/python3.12/site-packages/dbcounter.py:102}}
May 02 02:57:34.149317 np0000171480 nova-conductor[111772]: DEBUG nova.servicegroup.drivers.db [None req-cbbf8142-772e-4f67-b85d-353e3a66ef11 None None] DB_Driver: join new ServiceGroup member np0000171480 to the conductor group, service = {{(pid=111772) join /opt/stack/nova/nova/servicegroup/drivers/db.py:44}}
May 02 02:57:34.151807 np0000171480 nova-conductor[111791]: DEBUG nova.service [None req-1b47aae8-9f79-41ab-9039-4e46cefde409 None None] Creating RPC server for service: nova-conductor on topic: conductor {{(pid=111791) start /opt/stack/nova/nova/service.py:195}}
May 02 02:57:34.157653 np0000171480 nova-conductor[111777]: DEBUG nova.service [None req-5c42d9d2-67cb-4021-b0db-d53dde723402 None None] Join ServiceGroup membership for this service conductor {{(pid=111777) start /opt/stack/nova/nova/service.py:221}}
May 02 02:57:34.157754 np0000171480 nova-conductor[111783]: DEBUG nova.service [None req-51656541-51a0-4ba5-8a14-d5252ef53e5d None None] Join ServiceGroup membership for this service conductor {{(pid=111783) start /opt/stack/nova/nova/service.py:221}}
May 02 02:57:34.157886 np0000171480 nova-conductor[111777]: DEBUG nova.servicegroup.drivers.db [None req-5c42d9d2-67cb-4021-b0db-d53dde723402 None None] DB_Driver: join new ServiceGroup member np0000171480 to the conductor group, service = {{(pid=111777) join /opt/stack/nova/nova/servicegroup/drivers/db.py:44}}
May 02 02:57:34.158129 np0000171480 nova-conductor[111783]: DEBUG nova.servicegroup.drivers.db [None req-51656541-51a0-4ba5-8a14-d5252ef53e5d None None] DB_Driver: join new ServiceGroup member np0000171480 to the conductor group, service = {{(pid=111783) join /opt/stack/nova/nova/servicegroup/drivers/db.py:44}}
May 02 02:57:34.166151 np0000171480 nova-conductor[111791]: DEBUG nova.service [None req-1b47aae8-9f79-41ab-9039-4e46cefde409 None None] Join ServiceGroup membership for this service conductor {{(pid=111791) start /opt/stack/nova/nova/service.py:221}}
May 02 02:57:34.166332 np0000171480 nova-conductor[111791]: DEBUG nova.servicegroup.drivers.db [None req-1b47aae8-9f79-41ab-9039-4e46cefde409 None None] DB_Driver: join new ServiceGroup member np0000171480 to the conductor group, service = {{(pid=111791) join /opt/stack/nova/nova/servicegroup/drivers/db.py:44}}
May 02 02:57:39.173431 np0000171480 nova-conductor[111772]: DEBUG oslo.service.backend._threading.loopingcall [-] Fixed interval looping call 'nova.servicegroup.drivers.db.DbDriver._report_state' sleeping for 119.98 seconds {{(pid=111772) _run_loop /opt/stack/data/venv/lib/python3.12/site-packages/oslo_service/backend/_threading/loopingcall.py:125}}
May 02 02:57:39.174482 np0000171480 nova-conductor[111777]: DEBUG oslo.service.backend._threading.loopingcall [-] Fixed interval looping call 'nova.servicegroup.drivers.db.DbDriver._report_state' sleeping for 119.99 seconds {{(pid=111777) _run_loop /opt/stack/data/venv/lib/python3.12/site-packages/oslo_service/backend/_threading/loopingcall.py:125}}
May 02 02:57:39.177253 np0000171480 nova-conductor[111783]: DEBUG oslo.service.backend._threading.loopingcall [-] Fixed interval looping call 'nova.servicegroup.drivers.db.DbDriver._report_state' sleeping for 119.98 seconds {{(pid=111783) _run_loop /opt/stack/data/venv/lib/python3.12/site-packages/oslo_service/backend/_threading/loopingcall.py:125}}
May 02 02:57:39.182697 np0000171480 nova-conductor[111791]: DEBUG oslo.service.backend._threading.loopingcall [-] Fixed interval looping call 'nova.servicegroup.drivers.db.DbDriver._report_state' sleeping for 119.99 seconds {{(pid=111791) _run_loop /opt/stack/data/venv/lib/python3.12/site-packages/oslo_service/backend/_threading/loopingcall.py:125}}
May 02 02:57:42.161877 np0000171480 nova-conductor[111783]: DEBUG oslo.service.backend._threading.loopingcall [None req-efacabce-5b57-471f-bbd1-d355078e3bd6 None None] Dynamic interval looping call 'nova.service.Service.periodic_tasks' sleeping for 60.00 seconds {{(pid=111783) _run_loop /opt/stack/data/venv/lib/python3.12/site-packages/oslo_service/backend/_threading/loopingcall.py:125}}
May 02 02:57:42.771062 np0000171480 nova-conductor[110989]: DEBUG dbcounter [-] [110989] Writing DB stats nova_api:SELECT=1 {{(pid=110989) stat_writer /opt/stack/data/venv/lib/python3.12/site-packages/dbcounter.py:115}}
May 02 02:57:42.872940 np0000171480 nova-conductor[110989]: DEBUG dbcounter [-] [110989] Writing DB stats nova_cell0:SELECT=1 {{(pid=110989) stat_writer /opt/stack/data/venv/lib/python3.12/site-packages/dbcounter.py:115}}
May 02 02:57:42.879491 np0000171480 nova-conductor[110989]: DEBUG dbcounter [-] [110989] Writing DB stats nova_cell1:SELECT=1 {{(pid=110989) stat_writer /opt/stack/data/venv/lib/python3.12/site-packages/dbcounter.py:115}}
May 02 02:57:49.166849 np0000171480 nova-conductor[111772]: DEBUG dbcounter [-] [111772] Writing DB stats nova_cell0:SELECT=4,nova_cell0:INSERT=1,nova_cell0:UPDATE=1 {{(pid=111772) stat_writer /opt/stack/data/venv/lib/python3.12/site-packages/dbcounter.py:115}}
May 02 02:57:49.173226 np0000171480 nova-conductor[111777]: DEBUG dbcounter [-] [111777] Writing DB stats nova_cell0:SELECT=3,nova_cell0:UPDATE=1 {{(pid=111777) stat_writer /opt/stack/data/venv/lib/python3.12/site-packages/dbcounter.py:115}}
May 02 02:57:49.175007 np0000171480 nova-conductor[111783]: DEBUG dbcounter [-] [111783] Writing DB stats nova_cell0:SELECT=3,nova_cell0:UPDATE=1 {{(pid=111783) stat_writer /opt/stack/data/venv/lib/python3.12/site-packages/dbcounter.py:115}}
May 02 02:57:49.180351 np0000171480 nova-conductor[111791]: DEBUG dbcounter [-] [111791] Writing DB stats nova_cell0:SELECT=3 {{(pid=111791) stat_writer /opt/stack/data/venv/lib/python3.12/site-packages/dbcounter.py:115}}
May 02 02:57:51.160816 np0000171480 nova-conductor[111777]: DEBUG oslo.service.backend._threading.loopingcall [None req-0cfe11b7-bb85-479b-aa2b-37ae170cef15 None None] Dynamic interval looping call 'nova.service.Service.periodic_tasks' sleeping for 60.00 seconds {{(pid=111777) _run_loop /opt/stack/data/venv/lib/python3.12/site-packages/oslo_service/backend/_threading/loopingcall.py:125}}
May 02 02:57:57.170751 np0000171480 nova-conductor[111791]: DEBUG oslo.service.backend._threading.loopingcall [None req-c4912b0b-fa24-47d1-962b-f7b524146e5e None None] Dynamic interval looping call 'nova.service.Service.periodic_tasks' sleeping for 60.00 seconds {{(pid=111791) _run_loop /opt/stack/data/venv/lib/python3.12/site-packages/oslo_service/backend/_threading/loopingcall.py:125}}
May 02 02:58:00.152016 np0000171480 nova-conductor[111772]: DEBUG oslo.service.backend._threading.loopingcall [None req-dc7411d4-8409-4e94-93bb-b9df64c770ed None None] Dynamic interval looping call 'nova.service.Service.periodic_tasks' sleeping for 60.00 seconds {{(pid=111772) _run_loop /opt/stack/data/venv/lib/python3.12/site-packages/oslo_service/backend/_threading/loopingcall.py:125}}
May 02 02:58:42.162878 np0000171480 nova-conductor[111783]: DEBUG oslo.service.backend._threading.loopingcall [None req-efacabce-5b57-471f-bbd1-d355078e3bd6 None None] Dynamic interval looping call 'nova.service.Service.periodic_tasks' sleeping for 60.00 seconds {{(pid=111783) _run_loop /opt/stack/data/venv/lib/python3.12/site-packages/oslo_service/backend/_threading/loopingcall.py:125}}
May 02 02:58:51.161752 np0000171480 nova-conductor[111777]: DEBUG oslo.service.backend._threading.loopingcall [None req-0cfe11b7-bb85-479b-aa2b-37ae170cef15 None None] Dynamic interval looping call 'nova.service.Service.periodic_tasks' sleeping for 60.00 seconds {{(pid=111777) _run_loop /opt/stack/data/venv/lib/python3.12/site-packages/oslo_service/backend/_threading/loopingcall.py:125}}
May 02 02:58:57.171480 np0000171480 nova-conductor[111791]: DEBUG oslo.service.backend._threading.loopingcall [None req-c4912b0b-fa24-47d1-962b-f7b524146e5e None None] Dynamic interval looping call 'nova.service.Service.periodic_tasks' sleeping for 60.00 seconds {{(pid=111791) _run_loop /opt/stack/data/venv/lib/python3.12/site-packages/oslo_service/backend/_threading/loopingcall.py:125}}
May 02 02:59:00.152867 np0000171480 nova-conductor[111772]: DEBUG oslo.service.backend._threading.loopingcall [None req-dc7411d4-8409-4e94-93bb-b9df64c770ed None None] Dynamic interval looping call 'nova.service.Service.periodic_tasks' sleeping for 60.00 seconds {{(pid=111772) _run_loop /opt/stack/data/venv/lib/python3.12/site-packages/oslo_service/backend/_threading/loopingcall.py:125}}
May 02 02:59:39.184775 np0000171480 nova-conductor[111772]: DEBUG oslo.service.backend._threading.loopingcall [-] Fixed interval looping call 'nova.servicegroup.drivers.db.DbDriver._report_state' sleeping for 119.97 seconds {{(pid=111772) _run_loop /opt/stack/data/venv/lib/python3.12/site-packages/oslo_service/backend/_threading/loopingcall.py:125}}
May 02 02:59:39.185685 np0000171480 nova-conductor[111783]: DEBUG oslo.service.backend._threading.loopingcall [-] Fixed interval looping call 'nova.servicegroup.drivers.db.DbDriver._report_state' sleeping for 119.97 seconds {{(pid=111783) _run_loop /opt/stack/data/venv/lib/python3.12/site-packages/oslo_service/backend/_threading/loopingcall.py:125}}
May 02 02:59:39.186252 np0000171480 nova-conductor[111777]: DEBUG oslo.service.backend._threading.loopingcall [-] Fixed interval looping call 'nova.servicegroup.drivers.db.DbDriver._report_state' sleeping for 119.98 seconds {{(pid=111777) _run_loop /opt/stack/data/venv/lib/python3.12/site-packages/oslo_service/backend/_threading/loopingcall.py:125}}
May 02 02:59:39.186976 np0000171480 nova-conductor[111791]: DEBUG oslo.service.backend._threading.loopingcall [-] Fixed interval looping call 'nova.servicegroup.drivers.db.DbDriver._report_state' sleeping for 119.99 seconds {{(pid=111791) _run_loop /opt/stack/data/venv/lib/python3.12/site-packages/oslo_service/backend/_threading/loopingcall.py:125}}
May 02 02:59:42.163561 np0000171480 nova-conductor[111783]: DEBUG oslo.service.backend._threading.loopingcall [None req-efacabce-5b57-471f-bbd1-d355078e3bd6 None None] Dynamic interval looping call 'nova.service.Service.periodic_tasks' sleeping for 60.00 seconds {{(pid=111783) _run_loop /opt/stack/data/venv/lib/python3.12/site-packages/oslo_service/backend/_threading/loopingcall.py:125}}
May 02 02:59:49.159740 np0000171480 nova-conductor[111772]: DEBUG dbcounter [-] [111772] Writing DB stats nova_cell0:SELECT=1,nova_cell0:UPDATE=1 {{(pid=111772) stat_writer /opt/stack/data/venv/lib/python3.12/site-packages/dbcounter.py:115}}
May 02 02:59:49.161238 np0000171480 nova-conductor[111783]: DEBUG dbcounter [-] [111783] Writing DB stats nova_cell0:SELECT=1,nova_cell0:UPDATE=1 {{(pid=111783) stat_writer /opt/stack/data/venv/lib/python3.12/site-packages/dbcounter.py:115}}
May 02 02:59:49.170607 np0000171480 nova-conductor[111777]: DEBUG dbcounter [-] [111777] Writing DB stats nova_cell0:SELECT=1,nova_cell0:UPDATE=1 {{(pid=111777) stat_writer /opt/stack/data/venv/lib/python3.12/site-packages/dbcounter.py:115}}
May 02 02:59:49.179375 np0000171480 nova-conductor[111791]: DEBUG dbcounter [-] [111791] Writing DB stats nova_cell0:SELECT=1,nova_cell0:UPDATE=1 {{(pid=111791) stat_writer /opt/stack/data/venv/lib/python3.12/site-packages/dbcounter.py:115}}
May 02 02:59:51.162504 np0000171480 nova-conductor[111777]: DEBUG oslo.service.backend._threading.loopingcall [None req-0cfe11b7-bb85-479b-aa2b-37ae170cef15 None None] Dynamic interval looping call 'nova.service.Service.periodic_tasks' sleeping for 60.00 seconds {{(pid=111777) _run_loop /opt/stack/data/venv/lib/python3.12/site-packages/oslo_service/backend/_threading/loopingcall.py:125}}
May 02 02:59:57.172285 np0000171480 nova-conductor[111791]: DEBUG oslo.service.backend._threading.loopingcall [None req-c4912b0b-fa24-47d1-962b-f7b524146e5e None None] Dynamic interval looping call 'nova.service.Service.periodic_tasks' sleeping for 60.00 seconds {{(pid=111791) _run_loop /opt/stack/data/venv/lib/python3.12/site-packages/oslo_service/backend/_threading/loopingcall.py:125}}
May 02 03:00:00.153557 np0000171480 nova-conductor[111772]: DEBUG oslo.service.backend._threading.loopingcall [None req-dc7411d4-8409-4e94-93bb-b9df64c770ed None None] Dynamic interval looping call 'nova.service.Service.periodic_tasks' sleeping for 60.00 seconds {{(pid=111772) _run_loop /opt/stack/data/venv/lib/python3.12/site-packages/oslo_service/backend/_threading/loopingcall.py:125}}
May 02 03:00:42.164685 np0000171480 nova-conductor[111783]: DEBUG oslo.service.backend._threading.loopingcall [None req-efacabce-5b57-471f-bbd1-d355078e3bd6 None None] Dynamic interval looping call 'nova.service.Service.periodic_tasks' sleeping for 60.00 seconds {{(pid=111783) _run_loop /opt/stack/data/venv/lib/python3.12/site-packages/oslo_service/backend/_threading/loopingcall.py:125}}
May 02 03:00:51.163095 np0000171480 nova-conductor[111777]: DEBUG oslo.service.backend._threading.loopingcall [None req-0cfe11b7-bb85-479b-aa2b-37ae170cef15 None None] Dynamic interval looping call 'nova.service.Service.periodic_tasks' sleeping for 60.00 seconds {{(pid=111777) _run_loop /opt/stack/data/venv/lib/python3.12/site-packages/oslo_service/backend/_threading/loopingcall.py:125}}
May 02 03:00:57.172974 np0000171480 nova-conductor[111791]: DEBUG oslo.service.backend._threading.loopingcall [None req-c4912b0b-fa24-47d1-962b-f7b524146e5e None None] Dynamic interval looping call 'nova.service.Service.periodic_tasks' sleeping for 60.00 seconds {{(pid=111791) _run_loop /opt/stack/data/venv/lib/python3.12/site-packages/oslo_service/backend/_threading/loopingcall.py:125}}
May 02 03:01:00.154503 np0000171480 nova-conductor[111772]: DEBUG oslo.service.backend._threading.loopingcall [None req-dc7411d4-8409-4e94-93bb-b9df64c770ed None None] Dynamic interval looping call 'nova.service.Service.periodic_tasks' sleeping for 60.00 seconds {{(pid=111772) _run_loop /opt/stack/data/venv/lib/python3.12/site-packages/oslo_service/backend/_threading/loopingcall.py:125}}
May 02 03:01:39.170240 np0000171480 nova-conductor[111772]: DEBUG oslo.service.backend._threading.loopingcall [-] Fixed interval looping call 'nova.servicegroup.drivers.db.DbDriver._report_state' sleeping for 119.98 seconds {{(pid=111772) _run_loop /opt/stack/data/venv/lib/python3.12/site-packages/oslo_service/backend/_threading/loopingcall.py:125}}
May 02 03:01:39.174618 np0000171480 nova-conductor[111783]: DEBUG oslo.service.backend._threading.loopingcall [-] Fixed interval looping call 'nova.servicegroup.drivers.db.DbDriver._report_state' sleeping for 119.98 seconds {{(pid=111783) _run_loop /opt/stack/data/venv/lib/python3.12/site-packages/oslo_service/backend/_threading/loopingcall.py:125}}
May 02 03:01:39.175654 np0000171480 nova-conductor[111777]: DEBUG oslo.service.backend._threading.loopingcall [-] Fixed interval looping call 'nova.servicegroup.drivers.db.DbDriver._report_state' sleeping for 119.99 seconds {{(pid=111777) _run_loop /opt/stack/data/venv/lib/python3.12/site-packages/oslo_service/backend/_threading/loopingcall.py:125}}
May 02 03:01:39.181316 np0000171480 nova-conductor[111791]: DEBUG oslo.service.backend._threading.loopingcall [-] Fixed interval looping call 'nova.servicegroup.drivers.db.DbDriver._report_state' sleeping for 120.00 seconds {{(pid=111791) _run_loop /opt/stack/data/venv/lib/python3.12/site-packages/oslo_service/backend/_threading/loopingcall.py:125}}
