May 18 23:33:00.753953 np0000174545 devstack@neutron-api.service[102933]: DEBUG neutron.api.extensions [None req-c281383f-84d0-4121-92c7-0cd67a37ee5f None None] Ext name="Port Resource Request" alias="port-resource-request" description="Expose resource request to Port" updated="2018-05-08T10:00:00-00:00" {{(pid=102933) _check_extension /opt/stack/neutron/neutron/api/extensions.py:415}}
May 18 23:33:00.754108 np0000174545 devstack@neutron-api.service[102935]: DEBUG neutron_lib.callbacks.manager [None req-58275df2-ffd4-488e-ae36-c78265e602d9 None None] Subscribe: network precommit_update 55550000, False {{(pid=102935) subscribe /opt/stack/data/venv/lib/python3.12/site-packages/neutron_lib/callbacks/manager.py:52}}
May 18 23:33:00.754202 np0000174545 devstack@neutron-api.service[102933]: INFO neutron.api.extensions [None req-c281383f-84d0-4121-92c7-0cd67a37ee5f None None] Extension port-resource-request not supported by any of loaded plugins
May 18 23:33:00.754258 np0000174545 devstack@neutron-api.service[102935]: DEBUG neutron_lib.callbacks.manager [None req-58275df2-ffd4-488e-ae36-c78265e602d9 None None] Subscribe: network precommit_create 55550000, False {{(pid=102935) subscribe /opt/stack/data/venv/lib/python3.12/site-packages/neutron_lib/callbacks/manager.py:52}}
May 18 23:33:00.754336 np0000174545 devstack@neutron-api.service[102933]: DEBUG neutron.api.extensions [None req-c281383f-84d0-4121-92c7-0cd67a37ee5f None None] Loading extension file: port_resource_request_groups.py {{(pid=102933) _load_all_extensions_from_path /opt/stack/neutron/neutron/api/extensions.py:449}}
May 18 23:33:00.754389 np0000174545 devstack@neutron-api.service[102935]: DEBUG neutron.manager [None req-58275df2-ffd4-488e-ae36-c78265e602d9 None None] Successfully loaded auto-allocated-topology plugin. Description: Auto Allocated Topology - aka get me a network. {{(pid=102935) _create_and_add_service_plugin /opt/stack/neutron/neutron/manager.py:239}}
May 18 23:33:00.754389 np0000174545 devstack@neutron-api.service[102935]: INFO neutron.manager [None req-58275df2-ffd4-488e-ae36-c78265e602d9 None None] Loading Plugin: tag
May 18 23:33:00.754492 np0000174545 devstack@neutron-api.service[102933]: DEBUG neutron.api.extensions [None req-c281383f-84d0-4121-92c7-0cd67a37ee5f None None] Ext name="Port Resource Request Groups" alias="port-resource-request-groups" description="Support requesting multiple groups of resources and traits from the same RP subtree in resource_request" updated="2021-08-02T10:00:00-00:00" {{(pid=102933) _check_extension /opt/stack/neutron/neutron/api/extensions.py:415}}
May 18 23:33:00.754492 np0000174545 devstack@neutron-api.service[102933]: INFO neutron.api.extensions [None req-c281383f-84d0-4121-92c7-0cd67a37ee5f None None] Extension port-resource-request-groups not supported by any of loaded plugins
May 18 23:33:00.754492 np0000174545 devstack@neutron-api.service[102933]: DEBUG neutron.api.extensions [None req-c281383f-84d0-4121-92c7-0cd67a37ee5f None None] Loading extension file: port_trusted_vif.py {{(pid=102933) _load_all_extensions_from_path /opt/stack/neutron/neutron/api/extensions.py:449}}
May 18 23:33:00.754492 np0000174545 devstack@neutron-api.service[102933]: DEBUG neutron.api.extensions [None req-c281383f-84d0-4121-92c7-0cd67a37ee5f None None] Ext name="Port trusted vif" alias="port-trusted-vif" description="Expose port 'trusted' attribute in the API" updated="2024-07-10T10:00:00-00:00" {{(pid=102933) _check_extension /opt/stack/neutron/neutron/api/extensions.py:415}}
May 18 23:33:00.754608 np0000174545 devstack@neutron-api.service[102934]: DEBUG neutron.plugins.ml2.plugin [None req-fb5bb893-c662-465c-a85d-2be70527cdad None None] neutron.plugins.ml2.plugin.Ml2Plugin method _start_rpc_notifiers called with arguments () {} {{(pid=102934) wrapper /opt/stack/data/venv/lib/python3.12/site-packages/oslo_log/helpers.py:77}}
May 18 23:33:00.754691 np0000174545 devstack@neutron-api.service[102933]: INFO neutron.api.extensions [None req-c281383f-84d0-4121-92c7-0cd67a37ee5f None None] Extension port-trusted-vif not supported by any of loaded plugins
May 18 23:33:00.754691 np0000174545 devstack@neutron-api.service[102933]: DEBUG neutron.api.extensions [None req-c281383f-84d0-4121-92c7-0cd67a37ee5f None None] Loading extension file: portbindings.py {{(pid=102933) _load_all_extensions_from_path /opt/stack/neutron/neutron/api/extensions.py:449}}
May 18 23:33:00.754780 np0000174545 devstack@neutron-api.service[102934]: DEBUG neutron_lib.callbacks.manager [None req-fb5bb893-c662-465c-a85d-2be70527cdad None None] Subscribe: > port after_create 55550000, False {{(pid=102934) subscribe /opt/stack/data/venv/lib/python3.12/site-packages/neutron_lib/callbacks/manager.py:52}}
May 18 23:33:00.754892 np0000174545 devstack@neutron-api.service[102933]: DEBUG neutron.api.extensions [None req-c281383f-84d0-4121-92c7-0cd67a37ee5f None None] Ext name="Port Binding" alias="binding" description="Expose port bindings of a virtual port to external application" updated="2014-02-03T10:00:00-00:00" {{(pid=102933) _check_extension /opt/stack/neutron/neutron/api/extensions.py:415}}
May 18 23:33:00.754950 np0000174545 devstack@neutron-api.service[102934]: DEBUG neutron_lib.callbacks.manager [None req-fb5bb893-c662-465c-a85d-2be70527cdad None None] Subscribe: > port after_update 55550000, False {{(pid=102934) subscribe /opt/stack/data/venv/lib/python3.12/site-packages/neutron_lib/callbacks/manager.py:52}}
May 18 23:33:00.754950 np0000174545 devstack@neutron-api.service[102934]: DEBUG neutron_lib.callbacks.manager [None req-fb5bb893-c662-465c-a85d-2be70527cdad None None] Subscribe: > port after_delete 55550000, False {{(pid=102934) subscribe /opt/stack/data/venv/lib/python3.12/site-packages/neutron_lib/callbacks/manager.py:52}}
May 18 23:33:00.755041 np0000174545 devstack@neutron-api.service[102933]: INFO neutron.api.extensions [None req-c281383f-84d0-4121-92c7-0cd67a37ee5f None None] Loaded extension: binding
May 18 23:33:00.755041 np0000174545 devstack@neutron-api.service[102933]: DEBUG neutron.api.extensions [None req-c281383f-84d0-4121-92c7-0cd67a37ee5f None None] Loading extension file: portbindings_extended.py {{(pid=102933) _load_all_extensions_from_path /opt/stack/neutron/neutron/api/extensions.py:449}}
May 18 23:33:00.755123 np0000174545 devstack@neutron-api.service[102934]: DEBUG neutron_lib.callbacks.manager [None req-fb5bb893-c662-465c-a85d-2be70527cdad None None] Subscribe: > subnet after_create 55550000, False {{(pid=102934) subscribe /opt/stack/data/venv/lib/python3.12/site-packages/neutron_lib/callbacks/manager.py:52}}
May 18 23:33:00.755123 np0000174545 devstack@neutron-api.service[102934]: DEBUG neutron_lib.callbacks.manager [None req-fb5bb893-c662-465c-a85d-2be70527cdad None None] Subscribe: > subnet after_update 55550000, False {{(pid=102934) subscribe /opt/stack/data/venv/lib/python3.12/site-packages/neutron_lib/callbacks/manager.py:52}}
May 18 23:33:00.755123 np0000174545 devstack@neutron-api.service[102934]: DEBUG neutron_lib.callbacks.manager [None req-fb5bb893-c662-465c-a85d-2be70527cdad None None] Subscribe: > subnet after_delete 55550000, False {{(pid=102934) subscribe /opt/stack/data/venv/lib/python3.12/site-packages/neutron_lib/callbacks/manager.py:52}}
May 18 23:33:00.755292 np0000174545 devstack@neutron-api.service[102933]: DEBUG neutron.api.extensions [None req-c281383f-84d0-4121-92c7-0cd67a37ee5f None None] Ext name="Port Bindings Extended" alias="binding-extended" description="Expose port bindings of a virtual port to external application" updated="2017-07-17T10:00:00-00:00" {{(pid=102933) _check_extension /opt/stack/neutron/neutron/api/extensions.py:415}}
May 18 23:33:00.755348 np0000174545 devstack@neutron-api.service[102934]: DEBUG neutron_lib.callbacks.manager [None req-fb5bb893-c662-465c-a85d-2be70527cdad None None] Subscribe: > network after_create 55550000, False {{(pid=102934) subscribe /opt/stack/data/venv/lib/python3.12/site-packages/neutron_lib/callbacks/manager.py:52}}
May 18 23:33:00.755348 np0000174545 devstack@neutron-api.service[102934]: DEBUG neutron_lib.callbacks.manager [None req-fb5bb893-c662-465c-a85d-2be70527cdad None None] Subscribe: > network after_update 55550000, False {{(pid=102934) subscribe /opt/stack/data/venv/lib/python3.12/site-packages/neutron_lib/callbacks/manager.py:52}}
May 18 23:33:00.755586 np0000174545 devstack@neutron-api.service[102933]: INFO neutron.api.extensions [None req-c281383f-84d0-4121-92c7-0cd67a37ee5f None None] Loaded extension: binding-extended
May 18 23:33:00.755920 np0000174545 devstack@neutron-api.service[102934]: DEBUG neutron_lib.callbacks.manager [None req-fb5bb893-c662-465c-a85d-2be70527cdad None None] Subscribe: > network after_delete 55550000, False {{(pid=102934) subscribe /opt/stack/data/venv/lib/python3.12/site-packages/neutron_lib/callbacks/manager.py:52}}
May 18 23:33:00.756145 np0000174545 devstack@neutron-api.service[102933]: DEBUG neutron.api.extensions [None req-c281383f-84d0-4121-92c7-0cd67a37ee5f None None] Loading extension file: portsecurity.py {{(pid=102933) _load_all_extensions_from_path /opt/stack/neutron/neutron/api/extensions.py:449}}
May 18 23:33:00.756199 np0000174545 devstack@neutron-api.service[102934]: DEBUG neutron_lib.callbacks.manager [None req-fb5bb893-c662-465c-a85d-2be70527cdad None None] Subscribe: > security_group after_create 55550000, False {{(pid=102934) subscribe /opt/stack/data/venv/lib/python3.12/site-packages/neutron_lib/callbacks/manager.py:52}}
May 18 23:33:00.756199 np0000174545 devstack@neutron-api.service[102934]: DEBUG neutron_lib.callbacks.manager [None req-fb5bb893-c662-465c-a85d-2be70527cdad None None] Subscribe: > security_group after_update 55550000, False {{(pid=102934) subscribe /opt/stack/data/venv/lib/python3.12/site-packages/neutron_lib/callbacks/manager.py:52}}
May 18 23:33:00.756405 np0000174545 devstack@neutron-api.service[102933]: DEBUG neutron.api.extensions [None req-c281383f-84d0-4121-92c7-0cd67a37ee5f None None] Ext name="Port Security" alias="port-security" description="Provides port security" updated="2012-07-23T10:00:00-00:00" {{(pid=102933) _check_extension /opt/stack/neutron/neutron/api/extensions.py:415}}
May 18 23:33:00.756541 np0000174545 devstack@neutron-api.service[102934]: DEBUG neutron_lib.callbacks.manager [None req-fb5bb893-c662-465c-a85d-2be70527cdad None None] Subscribe: > security_group after_delete 55550000, False {{(pid=102934) subscribe /opt/stack/data/venv/lib/python3.12/site-packages/neutron_lib/callbacks/manager.py:52}}
May 18 23:33:00.756598 np0000174545 devstack@neutron-api.service[102933]: INFO neutron.api.extensions [None req-c281383f-84d0-4121-92c7-0cd67a37ee5f None None] Loaded extension: port-security
May 18 23:33:00.756850 np0000174545 devstack@neutron-api.service[102934]: DEBUG neutron_lib.callbacks.manager [None req-fb5bb893-c662-465c-a85d-2be70527cdad None None] Subscribe: > security_group_rule after_create 55550000, False {{(pid=102934) subscribe /opt/stack/data/venv/lib/python3.12/site-packages/neutron_lib/callbacks/manager.py:52}}
May 18 23:33:00.757068 np0000174545 devstack@neutron-api.service[102933]: DEBUG neutron.api.extensions [None req-c281383f-84d0-4121-92c7-0cd67a37ee5f None None] Loading extension file: project_id.py {{(pid=102933) _load_all_extensions_from_path /opt/stack/neutron/neutron/api/extensions.py:449}}
May 18 23:33:00.757289 np0000174545 devstack@neutron-api.service[102934]: DEBUG neutron_lib.callbacks.manager [None req-fb5bb893-c662-465c-a85d-2be70527cdad None None] Subscribe: > security_group_rule after_update 55550000, False {{(pid=102934) subscribe /opt/stack/data/venv/lib/python3.12/site-packages/neutron_lib/callbacks/manager.py:52}}
May 18 23:33:00.757289 np0000174545 devstack@neutron-api.service[102934]: DEBUG neutron_lib.callbacks.manager [None req-fb5bb893-c662-465c-a85d-2be70527cdad None None] Subscribe: > security_group_rule after_delete 55550000, False {{(pid=102934) subscribe /opt/stack/data/venv/lib/python3.12/site-packages/neutron_lib/callbacks/manager.py:52}}
May 18 23:33:00.757289 np0000174545 devstack@neutron-api.service[102934]: DEBUG neutron_lib.callbacks.manager [None req-fb5bb893-c662-465c-a85d-2be70527cdad None None] Subscribe: > address_group after_create 55550000, False {{(pid=102934) subscribe /opt/stack/data/venv/lib/python3.12/site-packages/neutron_lib/callbacks/manager.py:52}}
May 18 23:33:00.757563 np0000174545 devstack@neutron-api.service[102933]: DEBUG neutron.api.extensions [None req-c281383f-84d0-4121-92c7-0cd67a37ee5f None None] Ext name="project_id field enabled" alias="project-id" description="Extension that indicates that project_id field is enabled." updated="2016-09-09T09:09:09-09:09" {{(pid=102933) _check_extension /opt/stack/neutron/neutron/api/extensions.py:415}}
May 18 23:33:00.757780 np0000174545 devstack@neutron-api.service[102934]: DEBUG neutron_lib.callbacks.manager [None req-fb5bb893-c662-465c-a85d-2be70527cdad None None] Subscribe: > address_group after_update 55550000, False {{(pid=102934) subscribe /opt/stack/data/venv/lib/python3.12/site-packages/neutron_lib/callbacks/manager.py:52}}
May 18 23:33:00.758021 np0000174545 devstack@neutron-api.service[102933]: INFO neutron.api.extensions [None req-c281383f-84d0-4121-92c7-0cd67a37ee5f None None] Loaded extension: project-id
May 18 23:33:00.758021 np0000174545 devstack@neutron-api.service[102933]: DEBUG neutron.api.extensions [None req-c281383f-84d0-4121-92c7-0cd67a37ee5f None None] Loading extension file: providernet.py {{(pid=102933) _load_all_extensions_from_path /opt/stack/neutron/neutron/api/extensions.py:449}}
May 18 23:33:00.758261 np0000174545 devstack@neutron-api.service[102934]: DEBUG neutron_lib.callbacks.manager [None req-fb5bb893-c662-465c-a85d-2be70527cdad None None] Subscribe: > address_group after_delete 55550000, False {{(pid=102934) subscribe /opt/stack/data/venv/lib/python3.12/site-packages/neutron_lib/callbacks/manager.py:52}}
May 18 23:33:00.758261 np0000174545 devstack@neutron-api.service[102934]: DEBUG neutron.plugins.ml2.ovo_rpc [None req-fb5bb893-c662-465c-a85d-2be70527cdad None None] ML2 OVO RPC backend initialized. {{(pid=102934) __init__ /opt/stack/neutron/neutron/plugins/ml2/ovo_rpc.py:117}}
May 18 23:33:00.758506 np0000174545 devstack@neutron-api.service[102935]: DEBUG neutron.manager [None req-58275df2-ffd4-488e-ae36-c78265e602d9 None None] Successfully loaded TAG plugin. Description: Tag support {{(pid=102935) _create_and_add_service_plugin /opt/stack/neutron/neutron/manager.py:239}}
May 18 23:33:00.758761 np0000174545 devstack@neutron-api.service[102933]: DEBUG neutron.api.extensions [None req-c281383f-84d0-4121-92c7-0cd67a37ee5f None None] Ext name="Provider Network" alias="provider" description="Expose mapping of virtual networks to physical networks" updated="2012-09-07T10:00:00-00:00" {{(pid=102933) _check_extension /opt/stack/neutron/neutron/api/extensions.py:415}}
May 18 23:33:00.759034 np0000174545 devstack@neutron-api.service[102935]: INFO neutron.manager [None req-58275df2-ffd4-488e-ae36-c78265e602d9 None None] Loading Plugin: timestamp
May 18 23:33:00.759331 np0000174545 devstack@neutron-api.service[102933]: INFO neutron.api.extensions [None req-c281383f-84d0-4121-92c7-0cd67a37ee5f None None] Loaded extension: provider
May 18 23:33:00.759331 np0000174545 devstack@neutron-api.service[102933]: DEBUG neutron.api.extensions [None req-c281383f-84d0-4121-92c7-0cd67a37ee5f None None] Loading extension file: qinq.py {{(pid=102933) _load_all_extensions_from_path /opt/stack/neutron/neutron/api/extensions.py:449}}
May 18 23:33:00.759331 np0000174545 devstack@neutron-api.service[102933]: DEBUG neutron.api.extensions [None req-c281383f-84d0-4121-92c7-0cd67a37ee5f None None] Ext name="QinQ networks" alias="qinq" description="Expose network 'qinq' attribute in the API. This allows to configure network to allow vlan in vlan configuration using 0x8a88 ethertype (QinQ)." updated="2024-12-02T10:00:00-00:00" {{(pid=102933) _check_extension /opt/stack/neutron/neutron/api/extensions.py:415}}
May 18 23:33:00.759670 np0000174545 devstack@neutron-api.service[102934]: INFO neutron.quota [None req-fb5bb893-c662-465c-a85d-2be70527cdad None None] Loaded quota_driver: .
May 18 23:33:00.759982 np0000174545 devstack@neutron-api.service[102933]: INFO neutron.api.extensions [None req-c281383f-84d0-4121-92c7-0cd67a37ee5f None None] Loaded extension: qinq
May 18 23:33:00.760685 np0000174545 devstack@neutron-api.service[102934]: INFO neutron.plugins.ml2.plugin [None req-fb5bb893-c662-465c-a85d-2be70527cdad None None] Modular L2 Plugin initialization complete
May 18 23:33:00.760950 np0000174545 devstack@neutron-api.service[102933]: DEBUG neutron.api.extensions [None req-c281383f-84d0-4121-92c7-0cd67a37ee5f None None] Loading extension file: qos.py {{(pid=102933) _load_all_extensions_from_path /opt/stack/neutron/neutron/api/extensions.py:449}}
May 18 23:33:00.761186 np0000174545 devstack@neutron-api.service[102934]: DEBUG neutron.manager [None req-fb5bb893-c662-465c-a85d-2be70527cdad None None] Loading services supported by the core plugin {{(pid=102934) _load_services_from_core_plugin /opt/stack/neutron/neutron/manager.py:170}}
May 18 23:33:00.761186 np0000174545 devstack@neutron-api.service[102934]: INFO neutron.plugins.ml2.managers [None req-fb5bb893-c662-465c-a85d-2be70527cdad None None] Got port-security extension from driver 'port_security'
May 18 23:33:00.761413 np0000174545 devstack@neutron-api.service[102935]: DEBUG neutron.manager [None req-58275df2-ffd4-488e-ae36-c78265e602d9 None None] Successfully loaded timestamp plugin. Description: Adds timestamps to Neutron resources with standard attributes {{(pid=102935) _create_and_add_service_plugin /opt/stack/neutron/neutron/manager.py:239}}
May 18 23:33:00.761612 np0000174545 devstack@neutron-api.service[102934]: DEBUG neutron.manager [None req-fb5bb893-c662-465c-a85d-2be70527cdad None None] Loading service plugins: ['ovn-router', 'auto_allocate', 'tag', 'timestamp', 'network_ip_availability', 'flavors', 'revisions'] {{(pid=102934) _load_service_plugins /opt/stack/neutron/neutron/manager.py:195}}
May 18 23:33:00.761853 np0000174545 devstack@neutron-api.service[102935]: INFO neutron.manager [None req-58275df2-ffd4-488e-ae36-c78265e602d9 None None] Loading Plugin: network_ip_availability
May 18 23:33:00.762082 np0000174545 devstack@neutron-api.service[102934]: INFO neutron.manager [None req-fb5bb893-c662-465c-a85d-2be70527cdad None None] Loading Plugin: ovn-router
May 18 23:33:00.762281 np0000174545 devstack@neutron-api.service[102933]: DEBUG neutron.api.extensions [None req-c281383f-84d0-4121-92c7-0cd67a37ee5f None None] Ext name="Quality of Service" alias="qos" description="The Quality of Service extension." updated="2015-06-08T10:00:00-00:00" {{(pid=102933) _check_extension /opt/stack/neutron/neutron/api/extensions.py:415}}
May 18 23:33:00.762281 np0000174545 devstack@neutron-api.service[102933]: INFO neutron.api.extensions [None req-c281383f-84d0-4121-92c7-0cd67a37ee5f None None] Extension qos not supported by any of loaded plugins
May 18 23:33:00.762281 np0000174545 devstack@neutron-api.service[102933]: DEBUG neutron.api.extensions [None req-c281383f-84d0-4121-92c7-0cd67a37ee5f None None] Loading extension file: qos_bw_limit_direction.py {{(pid=102933) _load_all_extensions_from_path /opt/stack/neutron/neutron/api/extensions.py:449}}
May 18 23:33:00.762281 np0000174545 devstack@neutron-api.service[102933]: DEBUG neutron.api.extensions [None req-c281383f-84d0-4121-92c7-0cd67a37ee5f None None] Ext name="Direction for QoS bandwidth limit rule" alias="qos-bw-limit-direction" description="Allow to configure QoS bandwidth limit rule with specific direction: ingress or egress" updated="2017-04-10T10:00:00-00:00" {{(pid=102933) _check_extension /opt/stack/neutron/neutron/api/extensions.py:415}}
May 18 23:33:00.762281 np0000174545 devstack@neutron-api.service[102933]: INFO neutron.api.extensions [None req-c281383f-84d0-4121-92c7-0cd67a37ee5f None None] Extension qos-bw-limit-direction not supported by any of loaded plugins
May 18 23:33:00.762281 np0000174545 devstack@neutron-api.service[102933]: DEBUG neutron.api.extensions [None req-c281383f-84d0-4121-92c7-0cd67a37ee5f None None] Loading extension file: qos_bw_minimum_ingress.py {{(pid=102933) _load_all_extensions_from_path /opt/stack/neutron/neutron/api/extensions.py:449}}
May 18 23:33:00.762568 np0000174545 devstack@neutron-api.service[102933]: DEBUG neutron.api.extensions [None req-c281383f-84d0-4121-92c7-0cd67a37ee5f None None] Ext name="Ingress direction for QoS minimum bandwidth rule" alias="qos-bw-minimum-ingress" description="Allow to configure QoS minumum bandwidth rule with ingress direction." updated="2018-07-09T10:00:00-00:00" {{(pid=102933) _check_extension /opt/stack/neutron/neutron/api/extensions.py:415}}
May 18 23:33:00.762844 np0000174545 devstack@neutron-api.service[102935]: DEBUG neutron.manager [None req-58275df2-ffd4-488e-ae36-c78265e602d9 None None] Successfully loaded network-ip-availability plugin. Description: Provides IP availability data for each network and subnet. {{(pid=102935) _create_and_add_service_plugin /opt/stack/neutron/neutron/manager.py:239}}
May 18 23:33:00.762844 np0000174545 devstack@neutron-api.service[102935]: INFO neutron.manager [None req-58275df2-ffd4-488e-ae36-c78265e602d9 None None] Loading Plugin: flavors
May 18 23:33:00.762943 np0000174545 devstack@neutron-api.service[102933]: INFO neutron.api.extensions [None req-c281383f-84d0-4121-92c7-0cd67a37ee5f None None] Extension qos-bw-minimum-ingress not supported by any of loaded plugins
May 18 23:33:00.762943 np0000174545 devstack@neutron-api.service[102933]: DEBUG neutron.api.extensions [None req-c281383f-84d0-4121-92c7-0cd67a37ee5f None None] Loading extension file: qos_default.py {{(pid=102933) _load_all_extensions_from_path /opt/stack/neutron/neutron/api/extensions.py:449}}
May 18 23:33:00.762943 np0000174545 devstack@neutron-api.service[102933]: DEBUG neutron.api.extensions [None req-c281383f-84d0-4121-92c7-0cd67a37ee5f None None] Ext name="QoS default policy" alias="qos-default" description="Expose the QoS default policy per project" updated="2017-041-06T10:00:00-00:00" {{(pid=102933) _check_extension /opt/stack/neutron/neutron/api/extensions.py:415}}
May 18 23:33:00.762943 np0000174545 devstack@neutron-api.service[102933]: INFO neutron.api.extensions [None req-c281383f-84d0-4121-92c7-0cd67a37ee5f None None] Extension qos-default not supported by any of loaded plugins
May 18 23:33:00.762943 np0000174545 devstack@neutron-api.service[102933]: DEBUG neutron.api.extensions [None req-c281383f-84d0-4121-92c7-0cd67a37ee5f None None] Loading extension file: qos_fip.py {{(pid=102933) _load_all_extensions_from_path /opt/stack/neutron/neutron/api/extensions.py:449}}
May 18 23:33:00.762943 np0000174545 devstack@neutron-api.service[102933]: DEBUG neutron.api.extensions [None req-c281383f-84d0-4121-92c7-0cd67a37ee5f None None] Ext name="Floating IP QoS" alias="qos-fip" description="The floating IP Quality of Service extension" updated="2017-07-20T00:00:00-00:00" {{(pid=102933) _check_extension /opt/stack/neutron/neutron/api/extensions.py:415}}
May 18 23:33:00.763087 np0000174545 devstack@neutron-api.service[102935]: DEBUG neutron.manager [None req-58275df2-ffd4-488e-ae36-c78265e602d9 None None] Successfully loaded FLAVORS plugin. Description: Neutron Flavors and Service Profiles manager plugin {{(pid=102935) _create_and_add_service_plugin /opt/stack/neutron/neutron/manager.py:239}}
May 18 23:33:00.763087 np0000174545 devstack@neutron-api.service[102935]: INFO neutron.manager [None req-58275df2-ffd4-488e-ae36-c78265e602d9 None None] Loading Plugin: revisions
May 18 23:33:00.763267 np0000174545 devstack@neutron-api.service[102933]: INFO neutron.api.extensions [None req-c281383f-84d0-4121-92c7-0cd67a37ee5f None None] Extension qos-fip not supported by any of loaded plugins
May 18 23:33:00.763267 np0000174545 devstack@neutron-api.service[102933]: DEBUG neutron.api.extensions [None req-c281383f-84d0-4121-92c7-0cd67a37ee5f None None] Loading extension file: qos_fip_network_policy.py {{(pid=102933) _load_all_extensions_from_path /opt/stack/neutron/neutron/api/extensions.py:449}}
May 18 23:33:00.763267 np0000174545 devstack@neutron-api.service[102933]: DEBUG neutron.api.extensions [None req-c281383f-84d0-4121-92c7-0cd67a37ee5f None None] Ext name="QoS floating IP network policy ID" alias="qos-fip-network-policy" description="Adds a the QoS network ID to the floating IP definition" updated="2021-11-15T10:00:00-00:00" {{(pid=102933) _check_extension /opt/stack/neutron/neutron/api/extensions.py:415}}
May 18 23:33:00.763267 np0000174545 devstack@neutron-api.service[102933]: INFO neutron.api.extensions [None req-c281383f-84d0-4121-92c7-0cd67a37ee5f None None] Extension qos-fip-network-policy not supported by any of loaded plugins
May 18 23:33:00.763267 np0000174545 devstack@neutron-api.service[102933]: DEBUG neutron.api.extensions [None req-c281383f-84d0-4121-92c7-0cd67a37ee5f None None] Loading extension file: qos_gateway_ip.py {{(pid=102933) _load_all_extensions_from_path /opt/stack/neutron/neutron/api/extensions.py:449}}
May 18 23:33:00.763267 np0000174545 devstack@neutron-api.service[102933]: DEBUG neutron.api.extensions [None req-c281383f-84d0-4121-92c7-0cd67a37ee5f None None] Ext name="Router gateway IP QoS" alias="qos-gateway-ip" description="The Router gateway IP Quality of Service extension" updated="2018-02-24T00:00:00-00:00" {{(pid=102933) _check_extension /opt/stack/neutron/neutron/api/extensions.py:415}}
May 18 23:33:00.763520 np0000174545 devstack@neutron-api.service[102935]: DEBUG neutron.manager [None req-58275df2-ffd4-488e-ae36-c78265e602d9 None None] Successfully loaded revision_plugin plugin. Description: Adds revision numbers to resources. {{(pid=102935) _create_and_add_service_plugin /opt/stack/neutron/neutron/manager.py:239}}
May 18 23:33:00.763520 np0000174545 devstack@neutron-api.service[102935]: DEBUG oslo_concurrency.lockutils [None req-58275df2-ffd4-488e-ae36-c78265e602d9 None None] Lock "manager" "released" by "neutron.manager.NeutronManager._create_instance" :: held 4.761s {{(pid=102935) inner /opt/stack/data/venv/lib/python3.12/site-packages/oslo_concurrency/lockutils.py:538}}
May 18 23:33:00.763686 np0000174545 devstack@neutron-api.service[102933]: INFO neutron.api.extensions [None req-c281383f-84d0-4121-92c7-0cd67a37ee5f None None] Extension qos-gateway-ip not supported by any of loaded plugins
May 18 23:33:00.763686 np0000174545 devstack@neutron-api.service[102933]: DEBUG neutron.api.extensions [None req-c281383f-84d0-4121-92c7-0cd67a37ee5f None None] Loading extension file: qos_port_network_policy.py {{(pid=102933) _load_all_extensions_from_path /opt/stack/neutron/neutron/api/extensions.py:449}}
May 18 23:33:00.763900 np0000174545 devstack@neutron-api.service[102935]: DEBUG neutron.api.extensions [None req-58275df2-ffd4-488e-ae36-c78265e602d9 None None] get_extension_paths = OrderedDict({'/opt/stack/neutron/neutron/extensions': 1}) {{(pid=102935) get_extensions_path /opt/stack/neutron/neutron/api/extensions.py:640}}
May 18 23:33:00.763900 np0000174545 devstack@neutron-api.service[102935]: INFO neutron.api.extensions [None req-58275df2-ffd4-488e-ae36-c78265e602d9 None None] Initializing extension manager.
May 18 23:33:00.764077 np0000174545 devstack@neutron-api.service[102933]: DEBUG neutron.api.extensions [None req-c281383f-84d0-4121-92c7-0cd67a37ee5f None None] Ext name="QoS port network policy ID" alias="qos-port-network-policy" description="Adds a the QoS network ID to the port definition" updated="2019-11-01T10:00:00-00:00" {{(pid=102933) _check_extension /opt/stack/neutron/neutron/api/extensions.py:415}}
May 18 23:33:00.764077 np0000174545 devstack@neutron-api.service[102933]: INFO neutron.api.extensions [None req-c281383f-84d0-4121-92c7-0cd67a37ee5f None None] Extension qos-port-network-policy not supported by any of loaded plugins
May 18 23:33:00.764229 np0000174545 devstack@neutron-api.service[102935]: DEBUG neutron.api.extensions [None req-58275df2-ffd4-488e-ae36-c78265e602d9 None None] Loading extension file: __init__.py {{(pid=102935) _load_all_extensions_from_path /opt/stack/neutron/neutron/api/extensions.py:449}}
May 18 23:33:00.764340 np0000174545 devstack@neutron-api.service[102933]: DEBUG neutron.api.extensions [None req-c281383f-84d0-4121-92c7-0cd67a37ee5f None None] Loading extension file: qos_pps_minimum_rule.py {{(pid=102933) _load_all_extensions_from_path /opt/stack/neutron/neutron/api/extensions.py:449}}
May 18 23:33:00.764438 np0000174545 devstack@neutron-api.service[102935]: DEBUG neutron.api.extensions [None req-58275df2-ffd4-488e-ae36-c78265e602d9 None None] Loading extension file: __pycache__ {{(pid=102935) _load_all_extensions_from_path /opt/stack/neutron/neutron/api/extensions.py:449}}
May 18 23:33:00.764438 np0000174545 devstack@neutron-api.service[102935]: DEBUG neutron.api.extensions [None req-58275df2-ffd4-488e-ae36-c78265e602d9 None None] Loading extension file: address_group.py {{(pid=102935) _load_all_extensions_from_path /opt/stack/neutron/neutron/api/extensions.py:449}}
May 18 23:33:00.764564 np0000174545 devstack@neutron-api.service[102933]: DEBUG neutron.api.extensions [None req-c281383f-84d0-4121-92c7-0cd67a37ee5f None None] Ext name="QoS minimum packet rate rule" alias="qos-pps-minimum" description="Allow to configure QoS minimum packet rate rule." updated="2021-07-14T10:00:00-00:00" {{(pid=102933) _check_extension /opt/stack/neutron/neutron/api/extensions.py:415}}
May 18 23:33:00.764564 np0000174545 devstack@neutron-api.service[102933]: INFO neutron.api.extensions [None req-c281383f-84d0-4121-92c7-0cd67a37ee5f None None] Extension qos-pps-minimum not supported by any of loaded plugins
May 18 23:33:00.764689 np0000174545 devstack@neutron-api.service[102935]: DEBUG neutron.api.extensions [None req-58275df2-ffd4-488e-ae36-c78265e602d9 None None] Ext name="Address group" alias="address-group" description="Support address group" updated="2020-07-15T10:00:00-00:00" {{(pid=102935) _check_extension /opt/stack/neutron/neutron/api/extensions.py:415}}
May 18 23:33:00.764716 np0000174545 devstack@neutron-api.service[102933]: DEBUG neutron.api.extensions [None req-c281383f-84d0-4121-92c7-0cd67a37ee5f None None] Loading extension file: qos_pps_minimum_rule_alias.py {{(pid=102933) _load_all_extensions_from_path /opt/stack/neutron/neutron/api/extensions.py:449}}
May 18 23:33:00.764716 np0000174545 devstack@neutron-api.service[102933]: DEBUG neutron.api.extensions [None req-c281383f-84d0-4121-92c7-0cd67a37ee5f None None] Ext name="QoS minimum packet rate rule alias" alias="qos-pps-minimum-rule-alias" description="API to enable GET, PUT and DELETE operations on QoS minimum packet rate rule without specifying policy ID" updated="2021-10-22T10:00:00-00:00" {{(pid=102933) _check_extension /opt/stack/neutron/neutron/api/extensions.py:415}}
May 18 23:33:00.764789 np0000174545 devstack@neutron-api.service[102935]: INFO neutron.api.extensions [None req-58275df2-ffd4-488e-ae36-c78265e602d9 None None] Loaded extension: address-group
May 18 23:33:00.764789 np0000174545 devstack@neutron-api.service[102935]: DEBUG neutron.api.extensions [None req-58275df2-ffd4-488e-ae36-c78265e602d9 None None] Loading extension file: address_scope.py {{(pid=102935) _load_all_extensions_from_path /opt/stack/neutron/neutron/api/extensions.py:449}}
May 18 23:33:00.764838 np0000174545 devstack@neutron-api.service[102933]: INFO neutron.api.extensions [None req-c281383f-84d0-4121-92c7-0cd67a37ee5f None None] Extension qos-pps-minimum-rule-alias not supported by any of loaded plugins
May 18 23:33:00.764838 np0000174545 devstack@neutron-api.service[102933]: DEBUG neutron.api.extensions [None req-c281383f-84d0-4121-92c7-0cd67a37ee5f None None] Loading extension file: qos_pps_rule.py {{(pid=102933) _load_all_extensions_from_path /opt/stack/neutron/neutron/api/extensions.py:449}}
May 18 23:33:00.764886 np0000174545 devstack@neutron-api.service[102935]: DEBUG neutron.api.extensions [None req-58275df2-ffd4-488e-ae36-c78265e602d9 None None] Ext name="Address scope" alias="address-scope" description="Address scopes extension." updated="2015-07-26T10:00:00-00:00" {{(pid=102935) _check_extension /opt/stack/neutron/neutron/api/extensions.py:415}}
May 18 23:33:00.764915 np0000174545 devstack@neutron-api.service[102933]: DEBUG neutron.api.extensions [None req-c281383f-84d0-4121-92c7-0cd67a37ee5f None None] Ext name="QoS Rule Type Packet per Second Extension" alias="qos-pps" description="Add QoS Rule Type Packet per Second" updated="2021-05-12T10:00:00-00:00" {{(pid=102933) _check_extension /opt/stack/neutron/neutron/api/extensions.py:415}}
May 18 23:33:00.764940 np0000174545 devstack@neutron-api.service[102935]: INFO neutron.api.extensions [None req-58275df2-ffd4-488e-ae36-c78265e602d9 None None] Loaded extension: address-scope
May 18 23:33:00.764967 np0000174545 devstack@neutron-api.service[102933]: INFO neutron.api.extensions [None req-c281383f-84d0-4121-92c7-0cd67a37ee5f None None] Extension qos-pps not supported by any of loaded plugins
May 18 23:33:00.765001 np0000174545 devstack@neutron-api.service[102935]: DEBUG neutron.api.extensions [None req-58275df2-ffd4-488e-ae36-c78265e602d9 None None] Loading extension file: admin_state_down_before_update.py {{(pid=102935) _load_all_extensions_from_path /opt/stack/neutron/neutron/api/extensions.py:449}}
May 18 23:33:00.765028 np0000174545 devstack@neutron-api.service[102933]: DEBUG neutron.api.extensions [None req-c281383f-84d0-4121-92c7-0cd67a37ee5f None None] Loading extension file: qos_rule_type_details.py {{(pid=102933) _load_all_extensions_from_path /opt/stack/neutron/neutron/api/extensions.py:449}}
May 18 23:33:00.765028 np0000174545 devstack@neutron-api.service[102933]: DEBUG neutron.api.extensions [None req-c281383f-84d0-4121-92c7-0cd67a37ee5f None None] Ext name="Details of QoS rule types" alias="qos-rule-type-details" description="Expose details about QoS rule types supported by loaded backend drivers" updated="2017-06-22T10:00:00-00:00" {{(pid=102933) _check_extension /opt/stack/neutron/neutron/api/extensions.py:415}}
May 18 23:33:00.765078 np0000174545 devstack@neutron-api.service[102935]: DEBUG neutron.api.extensions [None req-58275df2-ffd4-488e-ae36-c78265e602d9 None None] Ext name="Enforce Router's Admin State Down Before Update Extension" alias="router-admin-state-down-before-update" description="Ensure that the admin state of a router is DOWN (admin_state_up=False) before updating the distributed attribute" updated="2019-07-02T15:56:00" {{(pid=102935) _check_extension /opt/stack/neutron/neutron/api/extensions.py:415}}
May 18 23:33:00.765109 np0000174545 devstack@neutron-api.service[102933]: INFO neutron.api.extensions [None req-c281383f-84d0-4121-92c7-0cd67a37ee5f None None] Extension qos-rule-type-details not supported by any of loaded plugins
May 18 23:33:00.765135 np0000174545 devstack@neutron-api.service[102935]: INFO neutron.api.extensions [None req-58275df2-ffd4-488e-ae36-c78265e602d9 None None] Extension router-admin-state-down-before-update not supported by any of loaded plugins
May 18 23:33:00.765168 np0000174545 devstack@neutron-api.service[102933]: DEBUG neutron.api.extensions [None req-c281383f-84d0-4121-92c7-0cd67a37ee5f None None] Loading extension file: qos_rule_type_filter.py {{(pid=102933) _load_all_extensions_from_path /opt/stack/neutron/neutron/api/extensions.py:449}}
May 18 23:33:00.765197 np0000174545 devstack@neutron-api.service[102935]: DEBUG neutron.api.extensions [None req-58275df2-ffd4-488e-ae36-c78265e602d9 None None] Loading extension file: agent.py {{(pid=102935) _load_all_extensions_from_path /opt/stack/neutron/neutron/api/extensions.py:449}}
May 18 23:33:00.765224 np0000174545 devstack@neutron-api.service[102933]: DEBUG neutron.api.extensions [None req-c281383f-84d0-4121-92c7-0cd67a37ee5f None None] Ext name="Allow to filter the list of QoS rule types" alias="qos-rule-type-filter" description="Allows to filter the QoS rule type list adding two new flags. "all_rules" prints all implemented QoS rule types."all_supported" prints all supported QoS rule types by the loaded mechanism drivers" updated="2022-02-02T10:00:00-00:00" {{(pid=102933) _check_extension /opt/stack/neutron/neutron/api/extensions.py:415}}
May 18 23:33:00.765281 np0000174545 devstack@neutron-api.service[102935]: DEBUG neutron.api.extensions [None req-58275df2-ffd4-488e-ae36-c78265e602d9 None None] Ext name="agent" alias="agent" description="The agent management extension." updated="2013-02-03T10:00:00-00:00" {{(pid=102935) _check_extension /opt/stack/neutron/neutron/api/extensions.py:415}}
May 18 23:33:00.765314 np0000174545 devstack@neutron-api.service[102933]: INFO neutron.api.extensions [None req-c281383f-84d0-4121-92c7-0cd67a37ee5f None None] Extension qos-rule-type-filter not supported by any of loaded plugins
May 18 23:33:00.765314 np0000174545 devstack@neutron-api.service[102933]: DEBUG neutron.api.extensions [None req-c281383f-84d0-4121-92c7-0cd67a37ee5f None None] Loading extension file: qos_rules_alias.py {{(pid=102933) _load_all_extensions_from_path /opt/stack/neutron/neutron/api/extensions.py:449}}
May 18 23:33:00.765364 np0000174545 devstack@neutron-api.service[102935]: INFO neutron.api.extensions [None req-58275df2-ffd4-488e-ae36-c78265e602d9 None None] Loaded extension: agent
May 18 23:33:00.765364 np0000174545 devstack@neutron-api.service[102935]: DEBUG neutron.api.extensions [None req-58275df2-ffd4-488e-ae36-c78265e602d9 None None] Loading extension file: agent_resources_synced.py {{(pid=102935) _load_all_extensions_from_path /opt/stack/neutron/neutron/api/extensions.py:449}}
May 18 23:33:00.765445 np0000174545 devstack@neutron-api.service[102933]: DEBUG neutron.api.extensions [None req-c281383f-84d0-4121-92c7-0cd67a37ee5f None None] Ext name="Quality of Service rules alias API" alias="qos-rules-alias" description="API to enable GET, PUT and DELETE operations on QoS policy rules without specifying policy ID" updated="2018-10-07T10:00:00-00:00" {{(pid=102933) _check_extension /opt/stack/neutron/neutron/api/extensions.py:415}}
May 18 23:33:00.765479 np0000174545 devstack@neutron-api.service[102935]: DEBUG neutron.api.extensions [None req-58275df2-ffd4-488e-ae36-c78265e602d9 None None] Ext name="Agent's Resource View Synced to Placement" alias="agent-resources-synced" description="Stores success/failure of last sync to Placement" updated="2018-12-19T00:00:00-00:00" {{(pid=102935) _check_extension /opt/stack/neutron/neutron/api/extensions.py:415}}
May 18 23:33:00.765509 np0000174545 devstack@neutron-api.service[102933]: INFO neutron.api.extensions [None req-c281383f-84d0-4121-92c7-0cd67a37ee5f None None] Extension qos-rules-alias not supported by any of loaded plugins
May 18 23:33:00.765509 np0000174545 devstack@neutron-api.service[102933]: DEBUG neutron.api.extensions [None req-c281383f-84d0-4121-92c7-0cd67a37ee5f None None] Loading extension file: quota_check_limit.py {{(pid=102933) _load_all_extensions_from_path /opt/stack/neutron/neutron/api/extensions.py:449}}
May 18 23:33:00.765560 np0000174545 devstack@neutron-api.service[102935]: INFO neutron.api.extensions [None req-58275df2-ffd4-488e-ae36-c78265e602d9 None None] Extension agent-resources-synced not supported by any of loaded plugins
May 18 23:33:00.765560 np0000174545 devstack@neutron-api.service[102935]: DEBUG neutron.api.extensions [None req-58275df2-ffd4-488e-ae36-c78265e602d9 None None] Loading extension file: agent_sort_key.py {{(pid=102935) _load_all_extensions_from_path /opt/stack/neutron/neutron/api/extensions.py:449}}
May 18 23:33:00.765665 np0000174545 devstack@neutron-api.service[102933]: DEBUG neutron.api.extensions [None req-c281383f-84d0-4121-92c7-0cd67a37ee5f None None] Ext name="Quota engine limit check" alias="quota-check-limit" description="Support for checking the resource usage before applying a new quota limit" updated="2021-09-08T16:00:00-00:00" {{(pid=102933) _check_extension /opt/stack/neutron/neutron/api/extensions.py:415}}
May 18 23:33:00.765750 np0000174545 devstack@neutron-api.service[102935]: DEBUG neutron.api.extensions [None req-58275df2-ffd4-488e-ae36-c78265e602d9 None None] Ext name="Agents Sort Key" alias="agent_sort_key" description="Enabling the keyword sort_key for sorting in agents." updated="2013-02-03T10:00:00-00:00" {{(pid=102935) _check_extension /opt/stack/neutron/neutron/api/extensions.py:415}}
May 18 23:33:00.765812 np0000174545 devstack@neutron-api.service[102933]: INFO neutron.api.extensions [None req-c281383f-84d0-4121-92c7-0cd67a37ee5f None None] Loaded extension: quota-check-limit
May 18 23:33:00.765812 np0000174545 devstack@neutron-api.service[102933]: DEBUG neutron.api.extensions [None req-c281383f-84d0-4121-92c7-0cd67a37ee5f None None] Loading extension file: quota_check_limit_default.py {{(pid=102933) _load_all_extensions_from_path /opt/stack/neutron/neutron/api/extensions.py:449}}
May 18 23:33:00.765887 np0000174545 devstack@neutron-api.service[102935]: INFO neutron.api.extensions [None req-58275df2-ffd4-488e-ae36-c78265e602d9 None None] Extension agent_sort_key not supported by any of loaded plugins
May 18 23:33:00.765887 np0000174545 devstack@neutron-api.service[102935]: DEBUG neutron.api.extensions [None req-58275df2-ffd4-488e-ae36-c78265e602d9 None None] Loading extension file: allowedaddresspairs.py {{(pid=102935) _load_all_extensions_from_path /opt/stack/neutron/neutron/api/extensions.py:449}}
May 18 23:33:00.765992 np0000174545 devstack@neutron-api.service[102933]: DEBUG neutron.api.extensions [None req-c281383f-84d0-4121-92c7-0cd67a37ee5f None None] Ext name="Quota engine limit check by default" alias="quota-check-limit-default" description="By default, the Neutron quota engine checks the resource usage before applying a new quota limit" updated="2024-08-21T16:00:00-00:00" {{(pid=102933) _check_extension /opt/stack/neutron/neutron/api/extensions.py:415}}
May 18 23:33:00.766138 np0000174545 devstack@neutron-api.service[102933]: INFO neutron.api.extensions [None req-c281383f-84d0-4121-92c7-0cd67a37ee5f None None] Loaded extension: quota-check-limit-default
May 18 23:33:00.766191 np0000174545 devstack@neutron-api.service[102933]: DEBUG neutron.api.extensions [None req-c281383f-84d0-4121-92c7-0cd67a37ee5f None None] Loading extension file: quotasv2.py {{(pid=102933) _load_all_extensions_from_path /opt/stack/neutron/neutron/api/extensions.py:449}}
May 18 23:33:00.766532 np0000174545 devstack@neutron-api.service[102935]: DEBUG neutron.api.extensions [None req-58275df2-ffd4-488e-ae36-c78265e602d9 None None] Ext name="Allowed Address Pairs" alias="allowed-address-pairs" description="Provides allowed address pairs" updated="2013-07-23T10:00:00-00:00" {{(pid=102935) _check_extension /opt/stack/neutron/neutron/api/extensions.py:415}}
May 18 23:33:00.766650 np0000174545 devstack@neutron-api.service[102933]: DEBUG neutron.api.extensions [None req-c281383f-84d0-4121-92c7-0cd67a37ee5f None None] Ext name="Quota management support" alias="quotas" description="Expose functions for quotas management per project" updated="2012-07-29T10:00:00-00:00" {{(pid=102933) _check_extension /opt/stack/neutron/neutron/api/extensions.py:415}}
May 18 23:33:00.766786 np0000174545 devstack@neutron-api.service[102935]: INFO neutron.api.extensions [None req-58275df2-ffd4-488e-ae36-c78265e602d9 None None] Loaded extension: allowed-address-pairs
May 18 23:33:00.766839 np0000174545 devstack@neutron-api.service[102933]: INFO neutron.api.extensions [None req-c281383f-84d0-4121-92c7-0cd67a37ee5f None None] Loaded extension: quotas
May 18 23:33:00.766867 np0000174545 devstack@neutron-api.service[102935]: DEBUG neutron.api.extensions [None req-58275df2-ffd4-488e-ae36-c78265e602d9 None None] Loading extension file: auto_allocated_topology.py {{(pid=102935) _load_all_extensions_from_path /opt/stack/neutron/neutron/api/extensions.py:449}}
May 18 23:33:00.766935 np0000174545 devstack@neutron-api.service[102933]: DEBUG neutron.api.extensions [None req-c281383f-84d0-4121-92c7-0cd67a37ee5f None None] Loading extension file: quotasv2_detail.py {{(pid=102933) _load_all_extensions_from_path /opt/stack/neutron/neutron/api/extensions.py:449}}
May 18 23:33:00.767269 np0000174545 devstack@neutron-api.service[102935]: DEBUG neutron.api.extensions [None req-58275df2-ffd4-488e-ae36-c78265e602d9 None None] Ext name="Auto Allocated Topology Services" alias="auto-allocated-topology" description="Auto Allocated Topology Services." updated="2016-01-01T00:00:00-00:00" {{(pid=102935) _check_extension /opt/stack/neutron/neutron/api/extensions.py:415}}
May 18 23:33:00.767517 np0000174545 devstack@neutron-api.service[102935]: INFO neutron.api.extensions [None req-58275df2-ffd4-488e-ae36-c78265e602d9 None None] Loaded extension: auto-allocated-topology
May 18 23:33:00.767739 np0000174545 devstack@neutron-api.service[102933]: DEBUG neutron.api.extensions [None req-c281383f-84d0-4121-92c7-0cd67a37ee5f None None] Ext name="Quota details management support" alias="quota_details" description="Expose functions for quotas usage statistics per project" updated="2017-02-10T10:00:00-00:00" {{(pid=102933) _check_extension /opt/stack/neutron/neutron/api/extensions.py:415}}
May 18 23:33:00.767942 np0000174545 devstack@neutron-api.service[102935]: DEBUG neutron.api.extensions [None req-58275df2-ffd4-488e-ae36-c78265e602d9 None None] Loading extension file: availability_zone.py {{(pid=102935) _load_all_extensions_from_path /opt/stack/neutron/neutron/api/extensions.py:449}}
May 18 23:33:00.768182 np0000174545 devstack@neutron-api.service[102933]: INFO neutron.api.extensions [None req-c281383f-84d0-4121-92c7-0cd67a37ee5f None None] Loaded extension: quota_details
May 18 23:33:00.768182 np0000174545 devstack@neutron-api.service[102933]: DEBUG neutron.api.extensions [None req-c281383f-84d0-4121-92c7-0cd67a37ee5f None None] Loading extension file: rbac.py {{(pid=102933) _load_all_extensions_from_path /opt/stack/neutron/neutron/api/extensions.py:449}}
May 18 23:33:00.768465 np0000174545 devstack@neutron-api.service[102935]: DEBUG neutron.api.extensions [None req-58275df2-ffd4-488e-ae36-c78265e602d9 None None] Ext name="Availability Zone" alias="availability_zone" description="The availability zone extension." updated="2015-01-01T10:00:00-00:00" {{(pid=102935) _check_extension /opt/stack/neutron/neutron/api/extensions.py:415}}
May 18 23:33:00.768465 np0000174545 devstack@neutron-api.service[102935]: INFO neutron.api.extensions [None req-58275df2-ffd4-488e-ae36-c78265e602d9 None None] Loaded extension: availability_zone
May 18 23:33:00.768465 np0000174545 devstack@neutron-api.service[102935]: DEBUG neutron.api.extensions [None req-58275df2-ffd4-488e-ae36-c78265e602d9 None None] Loading extension file: availability_zone_filter.py {{(pid=102935) _load_all_extensions_from_path /opt/stack/neutron/neutron/api/extensions.py:449}}
May 18 23:33:00.768757 np0000174545 devstack@neutron-api.service[102933]: DEBUG neutron.api.extensions [None req-c281383f-84d0-4121-92c7-0cd67a37ee5f None None] Ext name="RBAC Policies" alias="rbac-policies" description="Allows creation and modification of policies that control project access to resources." updated="2015-06-17T12:15:12-00:00" {{(pid=102933) _check_extension /opt/stack/neutron/neutron/api/extensions.py:415}}
May 18 23:33:00.768909 np0000174545 devstack@neutron-api.service[102934]: DEBUG neutron_lib.callbacks.manager [None req-fb5bb893-c662-465c-a85d-2be70527cdad None None] Subscribe: > router before_delete 55550000, False {{(pid=102934) subscribe /opt/stack/data/venv/lib/python3.12/site-packages/neutron_lib/callbacks/manager.py:52}}
May 18 23:33:00.769043 np0000174545 devstack@neutron-api.service[102935]: DEBUG neutron.api.extensions [None req-58275df2-ffd4-488e-ae36-c78265e602d9 None None] Ext name="Availability Zone Filter Extension" alias="availability_zone_filter" description="Add filter parameters to AvailabilityZone resource" updated="2018-06-22T10:00:00-00:00" {{(pid=102935) _check_extension /opt/stack/neutron/neutron/api/extensions.py:415}}
May 18 23:33:00.769186 np0000174545 devstack@neutron-api.service[102933]: INFO neutron.api.extensions [None req-c281383f-84d0-4121-92c7-0cd67a37ee5f None None] Loaded extension: rbac-policies
May 18 23:33:00.769186 np0000174545 devstack@neutron-api.service[102933]: DEBUG neutron.api.extensions [None req-c281383f-84d0-4121-92c7-0cd67a37ee5f None None] Loading extension file: rbac_address_group.py {{(pid=102933) _load_all_extensions_from_path /opt/stack/neutron/neutron/api/extensions.py:449}}
May 18 23:33:00.769336 np0000174545 devstack@neutron-api.service[102934]: DEBUG neutron_lib.callbacks.manager [None req-fb5bb893-c662-465c-a85d-2be70527cdad None None] Subscribe: port before_update 55550000, False {{(pid=102934) subscribe /opt/stack/data/venv/lib/python3.12/site-packages/neutron_lib/callbacks/manager.py:52}}
May 18 23:33:00.769497 np0000174545 devstack@neutron-api.service[102935]: INFO neutron.api.extensions [None req-58275df2-ffd4-488e-ae36-c78265e602d9 None None] Extension availability_zone_filter not supported by any of loaded plugins
May 18 23:33:00.769629 np0000174545 devstack@neutron-api.service[102934]: DEBUG neutron_lib.callbacks.manager [None req-fb5bb893-c662-465c-a85d-2be70527cdad None None] Subscribe: port after_update 55550000, False {{(pid=102934) subscribe /opt/stack/data/venv/lib/python3.12/site-packages/neutron_lib/callbacks/manager.py:52}}
May 18 23:33:00.769827 np0000174545 devstack@neutron-api.service[102935]: DEBUG neutron.api.extensions [None req-58275df2-ffd4-488e-ae36-c78265e602d9 None None] Loading extension file: data_plane_status.py {{(pid=102935) _load_all_extensions_from_path /opt/stack/neutron/neutron/api/extensions.py:449}}
