May 18 23:33:00.769893 np0000174545 devstack@neutron-api.service[102934]: DEBUG neutron_lib.callbacks.manager [None req-fb5bb893-c662-465c-a85d-2be70527cdad None None] Subscribe: > port precommit_delete 55550000, False {{(pid=102934) subscribe /opt/stack/data/venv/lib/python3.12/site-packages/neutron_lib/callbacks/manager.py:52}}
May 18 23:33:00.769953 np0000174545 devstack@neutron-api.service[102933]: DEBUG neutron.api.extensions [None req-c281383f-84d0-4121-92c7-0cd67a37ee5f None None] Ext name="Add address_group type to RBAC" alias="rbac-address-group" description="Add address_group type to network RBAC" updated="2021-01-20T00:00:00-00:00" {{(pid=102933) _check_extension /opt/stack/neutron/neutron/api/extensions.py:415}}
May 18 23:33:00.770019 np0000174545 devstack@neutron-api.service[102934]: DEBUG neutron_lib.callbacks.manager [None req-fb5bb893-c662-465c-a85d-2be70527cdad None None] Subscribe: port before_update 55550000, False {{(pid=102934) subscribe /opt/stack/data/venv/lib/python3.12/site-packages/neutron_lib/callbacks/manager.py:52}}
May 18 23:33:00.770104 np0000174545 devstack@neutron-api.service[102935]: DEBUG neutron.api.extensions [None req-58275df2-ffd4-488e-ae36-c78265e602d9 None None] Ext name="Port data plane status extension" alias="data-plane-status" description="Expose status of underlying data plane" updated="2017-01-24T10:00:00-00:00" {{(pid=102935) _check_extension /opt/stack/neutron/neutron/api/extensions.py:415}}
May 18 23:33:00.770165 np0000174545 devstack@neutron-api.service[102933]: INFO neutron.api.extensions [None req-c281383f-84d0-4121-92c7-0cd67a37ee5f None None] Extension rbac-address-group not supported by any of loaded plugins
May 18 23:33:00.770260 np0000174545 devstack@neutron-api.service[102934]: DEBUG neutron_lib.callbacks.manager [None req-fb5bb893-c662-465c-a85d-2be70527cdad None None] Subscribe: port before_delete 55550000, False {{(pid=102934) subscribe /opt/stack/data/venv/lib/python3.12/site-packages/neutron_lib/callbacks/manager.py:52}}
May 18 23:33:00.770407 np0000174545 devstack@neutron-api.service[102933]: DEBUG neutron.api.extensions [None req-c281383f-84d0-4121-92c7-0cd67a37ee5f None None] Loading extension file: rbac_address_scope.py {{(pid=102933) _load_all_extensions_from_path /opt/stack/neutron/neutron/api/extensions.py:449}}
May 18 23:33:00.770546 np0000174545 devstack@neutron-api.service[102934]: DEBUG neutron_lib.callbacks.manager [None req-fb5bb893-c662-465c-a85d-2be70527cdad None None] Subscribe: > router precommit_create 55550000, False {{(pid=102934) subscribe /opt/stack/data/venv/lib/python3.12/site-packages/neutron_lib/callbacks/manager.py:52}}
May 18 23:33:00.770646 np0000174545 devstack@neutron-api.service[102935]: INFO neutron.api.extensions [None req-58275df2-ffd4-488e-ae36-c78265e602d9 None None] Extension data-plane-status not supported by any of loaded plugins
May 18 23:33:00.770646 np0000174545 devstack@neutron-api.service[102935]: DEBUG neutron.api.extensions [None req-58275df2-ffd4-488e-ae36-c78265e602d9 None None] Loading extension file: default_subnetpools.py {{(pid=102935) _load_all_extensions_from_path /opt/stack/neutron/neutron/api/extensions.py:449}}
May 18 23:33:00.770782 np0000174545 devstack@neutron-api.service[102934]: DEBUG neutron_lib.callbacks.manager [None req-fb5bb893-c662-465c-a85d-2be70527cdad None None] Subscribe: > router precommit_create 55550000, False {{(pid=102934) subscribe /opt/stack/data/venv/lib/python3.12/site-packages/neutron_lib/callbacks/manager.py:52}}
May 18 23:33:00.770853 np0000174545 devstack@neutron-api.service[102933]: DEBUG neutron.api.extensions [None req-c281383f-84d0-4121-92c7-0cd67a37ee5f None None] Ext name="Add address_scope type to RBAC" alias="rbac-address-scope" description="Add address_scope type to RBAC" updated="2020-02-12T00:00:00-00:00" {{(pid=102933) _check_extension /opt/stack/neutron/neutron/api/extensions.py:415}}
May 18 23:33:00.770886 np0000174545 devstack@neutron-api.service[102934]: DEBUG neutron_lib.callbacks.manager [None req-fb5bb893-c662-465c-a85d-2be70527cdad None None] Subscribe: > router precommit_update 55550000, False {{(pid=102934) subscribe /opt/stack/data/venv/lib/python3.12/site-packages/neutron_lib/callbacks/manager.py:52}}
May 18 23:33:00.770915 np0000174545 devstack@neutron-api.service[102935]: DEBUG neutron.api.extensions [None req-58275df2-ffd4-488e-ae36-c78265e602d9 None None] Ext name="Default Subnetpools" alias="default-subnetpools" description="Provides ability to mark and use a subnetpool as the default." updated="2016-02-18T18:00:00-00:00" {{(pid=102935) _check_extension /opt/stack/neutron/neutron/api/extensions.py:415}}
May 18 23:33:00.770946 np0000174545 devstack@neutron-api.service[102933]: INFO neutron.api.extensions [None req-c281383f-84d0-4121-92c7-0cd67a37ee5f None None] Loaded extension: rbac-address-scope
May 18 23:33:00.770972 np0000174545 devstack@neutron-api.service[102934]: DEBUG neutron_lib.callbacks.manager [None req-fb5bb893-c662-465c-a85d-2be70527cdad None None] Subscribe: subnet after_update 55550000, False {{(pid=102934) subscribe /opt/stack/data/venv/lib/python3.12/site-packages/neutron_lib/callbacks/manager.py:52}}
May 18 23:33:00.771004 np0000174545 devstack@neutron-api.service[102933]: DEBUG neutron.api.extensions [None req-c281383f-84d0-4121-92c7-0cd67a37ee5f None None] Loading extension file: rbac_security_groups.py {{(pid=102933) _load_all_extensions_from_path /opt/stack/neutron/neutron/api/extensions.py:449}}
May 18 23:33:00.771033 np0000174545 devstack@neutron-api.service[102935]: INFO neutron.api.extensions [None req-58275df2-ffd4-488e-ae36-c78265e602d9 None None] Loaded extension: default-subnetpools
May 18 23:33:00.771033 np0000174545 devstack@neutron-api.service[102935]: DEBUG neutron.api.extensions [None req-58275df2-ffd4-488e-ae36-c78265e602d9 None None] Loading extension file: dhcpagentscheduler.py {{(pid=102935) _load_all_extensions_from_path /opt/stack/neutron/neutron/api/extensions.py:449}}
May 18 23:33:00.771080 np0000174545 devstack@neutron-api.service[102934]: DEBUG neutron.quota.resource_registry [None req-fb5bb893-c662-465c-a85d-2be70527cdad None None] Tracking information for resource: router configured {{(pid=102934) set_tracked_resource /opt/stack/neutron/neutron/quota/resource_registry.py:203}}
May 18 23:33:00.771105 np0000174545 devstack@neutron-api.service[102933]: DEBUG neutron.api.extensions [None req-c281383f-84d0-4121-92c7-0cd67a37ee5f None None] Ext name="Add security_group type to network RBAC" alias="rbac-security-groups" description="Add security_group type to network RBAC" updated="2019-02-14T00:00:00-00:00" {{(pid=102933) _check_extension /opt/stack/neutron/neutron/api/extensions.py:415}}
May 18 23:33:00.771137 np0000174545 devstack@neutron-api.service[102934]: DEBUG neutron.quota.resource_registry [None req-fb5bb893-c662-465c-a85d-2be70527cdad None None] Tracking information for resource: floatingip configured {{(pid=102934) set_tracked_resource /opt/stack/neutron/neutron/quota/resource_registry.py:203}}
May 18 23:33:00.771137 np0000174545 devstack@neutron-api.service[102934]: INFO neutron.services.ovn_l3.plugin [None req-fb5bb893-c662-465c-a85d-2be70527cdad None None] Starting OVNL3RouterPlugin
May 18 23:33:00.771202 np0000174545 devstack@neutron-api.service[102933]: INFO neutron.api.extensions [None req-c281383f-84d0-4121-92c7-0cd67a37ee5f None None] Loaded extension: rbac-security-groups
May 18 23:33:00.771202 np0000174545 devstack@neutron-api.service[102933]: DEBUG neutron.api.extensions [None req-c281383f-84d0-4121-92c7-0cd67a37ee5f None None] Loading extension file: rbac_subnetpool.py {{(pid=102933) _load_all_extensions_from_path /opt/stack/neutron/neutron/api/extensions.py:449}}
May 18 23:33:00.771245 np0000174545 devstack@neutron-api.service[102935]: DEBUG neutron.api.extensions [None req-58275df2-ffd4-488e-ae36-c78265e602d9 None None] Ext name="DHCP Agent Scheduler" alias="dhcp_agent_scheduler" description="Schedule networks among dhcp agents" updated="2013-02-07T10:00:00-00:00" {{(pid=102935) _check_extension /opt/stack/neutron/neutron/api/extensions.py:415}}
May 18 23:33:00.771270 np0000174545 devstack@neutron-api.service[102934]: DEBUG neutron_lib.callbacks.manager [None req-fb5bb893-c662-465c-a85d-2be70527cdad None None] Subscribe: > port_forwarding_plugin after_init 55550000, False {{(pid=102934) subscribe /opt/stack/data/venv/lib/python3.12/site-packages/neutron_lib/callbacks/manager.py:52}}
May 18 23:33:00.771296 np0000174545 devstack@neutron-api.service[102933]: DEBUG neutron.api.extensions [None req-c281383f-84d0-4121-92c7-0cd67a37ee5f None None] Ext name="Add subnetpool type to RBAC" alias="rbac-subnetpool" description="Add subnetpool type to RBAC" updated="2020-02-05T00:00:00-00:00" {{(pid=102933) _check_extension /opt/stack/neutron/neutron/api/extensions.py:415}}
May 18 23:33:00.771320 np0000174545 devstack@neutron-api.service[102935]: INFO neutron.api.extensions [None req-58275df2-ffd4-488e-ae36-c78265e602d9 None None] Loaded extension: dhcp_agent_scheduler
May 18 23:33:00.771343 np0000174545 devstack@neutron-api.service[102934]: DEBUG neutron_lib.callbacks.manager [None req-fb5bb893-c662-465c-a85d-2be70527cdad None None] Subscribe: > router before_create 55550100, False {{(pid=102934) subscribe /opt/stack/data/venv/lib/python3.12/site-packages/neutron_lib/callbacks/manager.py:52}}
May 18 23:33:00.771374 np0000174545 devstack@neutron-api.service[102935]: DEBUG neutron.api.extensions [None req-58275df2-ffd4-488e-ae36-c78265e602d9 None None] Loading extension file: dns.py {{(pid=102935) _load_all_extensions_from_path /opt/stack/neutron/neutron/api/extensions.py:449}}
May 18 23:33:00.771398 np0000174545 devstack@neutron-api.service[102933]: INFO neutron.api.extensions [None req-c281383f-84d0-4121-92c7-0cd67a37ee5f None None] Extension rbac-subnetpool not supported by any of loaded plugins
May 18 23:33:00.771422 np0000174545 devstack@neutron-api.service[102934]: DEBUG neutron_lib.callbacks.manager [None req-fb5bb893-c662-465c-a85d-2be70527cdad None None] Subscribe: > router precommit_delete 55550100, False {{(pid=102934) subscribe /opt/stack/data/venv/lib/python3.12/site-packages/neutron_lib/callbacks/manager.py:52}}
May 18 23:33:00.771447 np0000174545 devstack@neutron-api.service[102933]: DEBUG neutron.api.extensions [None req-c281383f-84d0-4121-92c7-0cd67a37ee5f None None] Loading extension file: revisionifmatch.py {{(pid=102933) _load_all_extensions_from_path /opt/stack/neutron/neutron/api/extensions.py:449}}
May 18 23:33:00.771507 np0000174545 devstack@neutron-api.service[102935]: DEBUG neutron.api.extensions [None req-58275df2-ffd4-488e-ae36-c78265e602d9 None None] Ext name="DNS Integration" alias="dns-integration" description="Provides integration with DNS." updated="2015-08-15T18:00:00-00:00" {{(pid=102935) _check_extension /opt/stack/neutron/neutron/api/extensions.py:415}}
May 18 23:33:00.771568 np0000174545 devstack@neutron-api.service[102934]: DEBUG neutron_lib.callbacks.manager [None req-fb5bb893-c662-465c-a85d-2be70527cdad None None] Subscribe: > router precommit_create 55550100, False {{(pid=102934) subscribe /opt/stack/data/venv/lib/python3.12/site-packages/neutron_lib/callbacks/manager.py:52}}
May 18 23:33:00.771627 np0000174545 devstack@neutron-api.service[102933]: DEBUG neutron.api.extensions [None req-c281383f-84d0-4121-92c7-0cd67a37ee5f None None] Ext name="If-Match constraints based on revision_number" alias="revision-if-match" description="Extension indicating that If-Match based on revision_number is supported." updated="2016-12-11T00:00:00-00:00" {{(pid=102933) _check_extension /opt/stack/neutron/neutron/api/extensions.py:415}}
May 18 23:33:00.771742 np0000174545 devstack@neutron-api.service[102935]: INFO neutron.api.extensions [None req-58275df2-ffd4-488e-ae36-c78265e602d9 None None] Loaded extension: dns-integration
May 18 23:33:00.771809 np0000174545 devstack@neutron-api.service[102934]: DEBUG neutron_lib.callbacks.manager [None req-fb5bb893-c662-465c-a85d-2be70527cdad None None] Subscribe: > router precommit_update 55550100, False {{(pid=102934) subscribe /opt/stack/data/venv/lib/python3.12/site-packages/neutron_lib/callbacks/manager.py:52}}
May 18 23:33:00.771842 np0000174545 devstack@neutron-api.service[102933]: INFO neutron.api.extensions [None req-c281383f-84d0-4121-92c7-0cd67a37ee5f None None] Loaded extension: revision-if-match
May 18 23:33:00.771867 np0000174545 devstack@neutron-api.service[102935]: DEBUG neutron.api.extensions [None req-58275df2-ffd4-488e-ae36-c78265e602d9 None None] Loading extension file: dns_domain_ports.py {{(pid=102935) _load_all_extensions_from_path /opt/stack/neutron/neutron/api/extensions.py:449}}
May 18 23:33:00.771892 np0000174545 devstack@neutron-api.service[102933]: DEBUG neutron.api.extensions [None req-c281383f-84d0-4121-92c7-0cd67a37ee5f None None] Loading extension file: revisions.py {{(pid=102933) _load_all_extensions_from_path /opt/stack/neutron/neutron/api/extensions.py:449}}
May 18 23:33:00.771919 np0000174545 devstack@neutron-api.service[102935]: DEBUG neutron.api.extensions [None req-58275df2-ffd4-488e-ae36-c78265e602d9 None None] Ext name="dns_domain for ports" alias="dns-domain-ports" description="Allows the DNS domain to be specified for a network port." updated="2017-04-24T10:00:00-00:00" {{(pid=102935) _check_extension /opt/stack/neutron/neutron/api/extensions.py:415}}
May 18 23:33:00.771949 np0000174545 devstack@neutron-api.service[102933]: DEBUG neutron.api.extensions [None req-c281383f-84d0-4121-92c7-0cd67a37ee5f None None] Ext name="Resource revision numbers" alias="standard-attr-revisions" description="This extension will display the revision number of neutron resources." updated="2016-04-11T10:00:00-00:00" {{(pid=102933) _check_extension /opt/stack/neutron/neutron/api/extensions.py:415}}
May 18 23:33:00.771978 np0000174545 devstack@neutron-api.service[102935]: INFO neutron.api.extensions [None req-58275df2-ffd4-488e-ae36-c78265e602d9 None None] Loaded extension: dns-domain-ports
May 18 23:33:00.772001 np0000174545 devstack@neutron-api.service[102933]: INFO neutron.api.extensions [None req-c281383f-84d0-4121-92c7-0cd67a37ee5f None None] Loaded extension: standard-attr-revisions
May 18 23:33:00.772027 np0000174545 devstack@neutron-api.service[102935]: DEBUG neutron.api.extensions [None req-58275df2-ffd4-488e-ae36-c78265e602d9 None None] Loading extension file: dns_integration_domain_keywords.py {{(pid=102935) _load_all_extensions_from_path /opt/stack/neutron/neutron/api/extensions.py:449}}
May 18 23:33:00.772061 np0000174545 devstack@neutron-api.service[102933]: DEBUG neutron.api.extensions [None req-c281383f-84d0-4121-92c7-0cd67a37ee5f None None] Loading extension file: router_availability_zone.py {{(pid=102933) _load_all_extensions_from_path /opt/stack/neutron/neutron/api/extensions.py:449}}
May 18 23:33:00.772089 np0000174545 devstack@neutron-api.service[102935]: DEBUG neutron.api.extensions [None req-58275df2-ffd4-488e-ae36-c78265e602d9 None None] Ext name="DNS domain names with keywords allowed" alias="dns-integration-domain-keywords" description="Allows to use keywords like , , and as DNS domain name" updated="2020-06-15T18:00:00-00:00" {{(pid=102935) _check_extension /opt/stack/neutron/neutron/api/extensions.py:415}}
May 18 23:33:00.772117 np0000174545 devstack@neutron-api.service[102933]: DEBUG neutron.api.extensions [None req-c281383f-84d0-4121-92c7-0cd67a37ee5f None None] Ext name="Router Availability Zone" alias="router_availability_zone" description="Availability zone support for router." updated="2015-01-01T10:00:00-00:00" {{(pid=102933) _check_extension /opt/stack/neutron/neutron/api/extensions.py:415}}
May 18 23:33:00.772143 np0000174545 devstack@neutron-api.service[102935]: INFO neutron.api.extensions [None req-58275df2-ffd4-488e-ae36-c78265e602d9 None None] Loaded extension: dns-integration-domain-keywords
May 18 23:33:00.772143 np0000174545 devstack@neutron-api.service[102935]: DEBUG neutron.api.extensions [None req-58275df2-ffd4-488e-ae36-c78265e602d9 None None] Loading extension file: dvr.py {{(pid=102935) _load_all_extensions_from_path /opt/stack/neutron/neutron/api/extensions.py:449}}
May 18 23:33:00.772200 np0000174545 devstack@neutron-api.service[102933]: INFO neutron.api.extensions [None req-c281383f-84d0-4121-92c7-0cd67a37ee5f None None] Loaded extension: router_availability_zone
May 18 23:33:00.772200 np0000174545 devstack@neutron-api.service[102933]: DEBUG neutron.api.extensions [None req-c281383f-84d0-4121-92c7-0cd67a37ee5f None None] Loading extension file: router_enable_snat.py {{(pid=102933) _load_all_extensions_from_path /opt/stack/neutron/neutron/api/extensions.py:449}}
May 18 23:33:00.772251 np0000174545 devstack@neutron-api.service[102935]: DEBUG neutron.api.extensions [None req-58275df2-ffd4-488e-ae36-c78265e602d9 None None] Ext name="Distributed Virtual Router" alias="dvr" description="Enables configuration of Distributed Virtual Routers." updated="2014-06-1T10:00:00-00:00" {{(pid=102935) _check_extension /opt/stack/neutron/neutron/api/extensions.py:415}}
May 18 23:33:00.772280 np0000174545 devstack@neutron-api.service[102933]: DEBUG neutron.api.extensions [None req-c281383f-84d0-4121-92c7-0cd67a37ee5f None None] Ext name="Exposes the router "enable_snat" read-only configuration flag" alias="router-enable-snat" description="Exposes the router "enable_snat" read-only configuration flag" updated="2025-09-18T18:00:00-00:00" {{(pid=102933) _check_extension /opt/stack/neutron/neutron/api/extensions.py:415}}
May 18 23:33:00.772306 np0000174545 devstack@neutron-api.service[102935]: INFO neutron.api.extensions [None req-58275df2-ffd4-488e-ae36-c78265e602d9 None None] Extension dvr not supported by any of loaded plugins
May 18 23:33:00.772332 np0000174545 devstack@neutron-api.service[102933]: INFO neutron.api.extensions [None req-c281383f-84d0-4121-92c7-0cd67a37ee5f None None] Loaded extension: router-enable-snat
May 18 23:33:00.772358 np0000174545 devstack@neutron-api.service[102935]: DEBUG neutron.api.extensions [None req-58275df2-ffd4-488e-ae36-c78265e602d9 None None] Loading extension file: ecmp_routes.py {{(pid=102935) _load_all_extensions_from_path /opt/stack/neutron/neutron/api/extensions.py:449}}
May 18 23:33:00.772390 np0000174545 devstack@neutron-api.service[102933]: DEBUG neutron.api.extensions [None req-c281383f-84d0-4121-92c7-0cd67a37ee5f None None] Loading extension file: routerservicetype.py {{(pid=102933) _load_all_extensions_from_path /opt/stack/neutron/neutron/api/extensions.py:449}}
May 18 23:33:00.772459 np0000174545 devstack@neutron-api.service[102935]: DEBUG neutron.api.extensions [None req-58275df2-ffd4-488e-ae36-c78265e602d9 None None] Ext name="Equal Cost Multipath Routing" alias="ecmp_routes" description="Allows traffic to reach thesame destination via multiple different links " updated="2020-11-26T18:00:00-00:00" {{(pid=102935) _check_extension /opt/stack/neutron/neutron/api/extensions.py:415}}
May 18 23:33:00.772522 np0000174545 devstack@neutron-api.service[102933]: DEBUG neutron.api.extensions [None req-c281383f-84d0-4121-92c7-0cd67a37ee5f None None] Ext name="Router Service Type" alias="router-service-type" description="Provides router service type" updated="2013-01-29T00:00:00-00:00" {{(pid=102933) _check_extension /opt/stack/neutron/neutron/api/extensions.py:415}}
May 18 23:33:00.772624 np0000174545 devstack@neutron-api.service[102935]: INFO neutron.api.extensions [None req-58275df2-ffd4-488e-ae36-c78265e602d9 None None] Extension ecmp_routes not supported by any of loaded plugins
May 18 23:33:00.772686 np0000174545 devstack@neutron-api.service[102933]: INFO neutron.api.extensions [None req-c281383f-84d0-4121-92c7-0cd67a37ee5f None None] Extension router-service-type not supported by any of loaded plugins
May 18 23:33:00.772761 np0000174545 devstack@neutron-api.service[102935]: DEBUG neutron.api.extensions [None req-58275df2-ffd4-488e-ae36-c78265e602d9 None None] Loading extension file: empty_string_filtering.py {{(pid=102935) _load_all_extensions_from_path /opt/stack/neutron/neutron/api/extensions.py:449}}
May 18 23:33:00.772821 np0000174545 devstack@neutron-api.service[102933]: DEBUG neutron.api.extensions [None req-c281383f-84d0-4121-92c7-0cd67a37ee5f None None] Loading extension file: security_groups_default_rules.py {{(pid=102933) _load_all_extensions_from_path /opt/stack/neutron/neutron/api/extensions.py:449}}
May 18 23:33:00.772928 np0000174545 devstack@neutron-api.service[102935]: DEBUG neutron.api.extensions [None req-58275df2-ffd4-488e-ae36-c78265e602d9 None None] Ext name="Empty String Filtering Extension" alias="empty-string-filtering" description="Allow filtering by attributes with empty string value" updated="2018-05-01T10:00:00-00:00" {{(pid=102935) _check_extension /opt/stack/neutron/neutron/api/extensions.py:415}}
May 18 23:33:00.773119 np0000174545 devstack@neutron-api.service[102935]: INFO neutron.api.extensions [None req-58275df2-ffd4-488e-ae36-c78265e602d9 None None] Loaded extension: empty-string-filtering
May 18 23:33:00.773219 np0000174545 devstack@neutron-api.service[102933]: DEBUG neutron.api.extensions [None req-c281383f-84d0-4121-92c7-0cd67a37ee5f None None] Ext name="Default rules for security groups" alias="security-groups-default-rules" description="Configure set of security group rules used as default rules for every new security group" updated="2022-12-19T10:00:00-00:00" {{(pid=102933) _check_extension /opt/stack/neutron/neutron/api/extensions.py:415}}
May 18 23:33:00.773281 np0000174545 devstack@neutron-api.service[102935]: DEBUG neutron.api.extensions [None req-58275df2-ffd4-488e-ae36-c78265e602d9 None None] Loading extension file: expose_l3_conntrack_helper.py {{(pid=102935) _load_all_extensions_from_path /opt/stack/neutron/neutron/api/extensions.py:449}}
May 18 23:33:00.773347 np0000174545 devstack@neutron-api.service[102933]: INFO neutron.api.extensions [None req-c281383f-84d0-4121-92c7-0cd67a37ee5f None None] Loaded extension: security-groups-default-rules
May 18 23:33:00.773401 np0000174545 devstack@neutron-api.service[102935]: DEBUG neutron.api.extensions [None req-58275df2-ffd4-488e-ae36-c78265e602d9 None None] Ext name="Expose CT target rules for conntrack helper" alias="expose-l3-conntrack-helper" description="Expose allow adding CT target rules for conntrack helper" updated="2019-04-04T10:00:00-00:00" {{(pid=102935) _check_extension /opt/stack/neutron/neutron/api/extensions.py:415}}
May 18 23:33:00.773432 np0000174545 devstack@neutron-api.service[102933]: DEBUG neutron.api.extensions [None req-c281383f-84d0-4121-92c7-0cd67a37ee5f None None] Loading extension file: security_groups_normalized_cidr.py {{(pid=102933) _load_all_extensions_from_path /opt/stack/neutron/neutron/api/extensions.py:449}}
May 18 23:33:00.773621 np0000174545 devstack@neutron-api.service[102935]: INFO neutron.api.extensions [None req-58275df2-ffd4-488e-ae36-c78265e602d9 None None] Extension expose-l3-conntrack-helper not supported by any of loaded plugins
May 18 23:33:00.773654 np0000174545 devstack@neutron-api.service[102933]: DEBUG neutron.api.extensions [None req-c281383f-84d0-4121-92c7-0cd67a37ee5f None None] Ext name="Normalized CIDR field for security group rules" alias="security-groups-normalized-cidr" description="Add new field with normalized remote_ip_prefix cidr in SG rule" updated="2020-07-28T10:00:00-00:00" {{(pid=102933) _check_extension /opt/stack/neutron/neutron/api/extensions.py:415}}
May 18 23:33:00.773749 np0000174545 devstack@neutron-api.service[102935]: DEBUG neutron.api.extensions [None req-58275df2-ffd4-488e-ae36-c78265e602d9 None None] Loading extension file: expose_port_forwarding_in_fip.py {{(pid=102935) _load_all_extensions_from_path /opt/stack/neutron/neutron/api/extensions.py:449}}
May 18 23:33:00.773854 np0000174545 devstack@neutron-api.service[102933]: INFO neutron.api.extensions [None req-c281383f-84d0-4121-92c7-0cd67a37ee5f None None] Loaded extension: security-groups-normalized-cidr
May 18 23:33:00.773909 np0000174545 devstack@neutron-api.service[102933]: DEBUG neutron.api.extensions [None req-c281383f-84d0-4121-92c7-0cd67a37ee5f None None] Loading extension file: security_groups_port_filtering.py {{(pid=102933) _load_all_extensions_from_path /opt/stack/neutron/neutron/api/extensions.py:449}}
May 18 23:33:00.773940 np0000174545 devstack@neutron-api.service[102935]: DEBUG neutron.api.extensions [None req-58275df2-ffd4-488e-ae36-c78265e602d9 None None] Ext name="Expose Floating IP port forwardings" alias="expose-port-forwarding-in-fip" description="Expose port forwarding fields in floating IP response" updated="2018-06-28T16:00:00-00:00" {{(pid=102935) _check_extension /opt/stack/neutron/neutron/api/extensions.py:415}}
May 18 23:33:00.774007 np0000174545 devstack@neutron-api.service[102934]: DEBUG neutron.services.provider_configuration [None req-fb5bb893-c662-465c-a85d-2be70527cdad None None] Service providers = [] {{(pid=102934) parse_service_provider_opt /opt/stack/neutron/neutron/services/provider_configuration.py:170}}
May 18 23:33:00.774070 np0000174545 devstack@neutron-api.service[102935]: INFO neutron.api.extensions [None req-58275df2-ffd4-488e-ae36-c78265e602d9 None None] Extension expose-port-forwarding-in-fip not supported by any of loaded plugins
May 18 23:33:00.774112 np0000174545 devstack@neutron-api.service[102934]: DEBUG neutron.db.servicetype_db [None req-fb5bb893-c662-465c-a85d-2be70527cdad None None] Adding provider configuration for service L3_ROUTER_NAT {{(pid=102934) add_provider_configuration /opt/stack/neutron/neutron/db/servicetype_db.py:45}}
May 18 23:33:00.774140 np0000174545 devstack@neutron-api.service[102933]: DEBUG neutron.api.extensions [None req-c281383f-84d0-4121-92c7-0cd67a37ee5f None None] Ext name="Port filtering on security groups" alias="port-security-groups-filtering" description="Provides security groups filtering when listing ports" updated="2018-01-09T09:00:00-00:00" {{(pid=102933) _check_extension /opt/stack/neutron/neutron/api/extensions.py:415}}
May 18 23:33:00.774174 np0000174545 devstack@neutron-api.service[102935]: DEBUG neutron.api.extensions [None req-58275df2-ffd4-488e-ae36-c78265e602d9 None None] Loading extension file: external_net.py {{(pid=102935) _load_all_extensions_from_path /opt/stack/neutron/neutron/api/extensions.py:449}}
May 18 23:33:00.774284 np0000174545 devstack@neutron-api.service[102933]: INFO neutron.api.extensions [None req-c281383f-84d0-4121-92c7-0cd67a37ee5f None None] Extension port-security-groups-filtering not supported by any of loaded plugins
May 18 23:33:00.774370 np0000174545 devstack@neutron-api.service[102933]: DEBUG neutron.api.extensions [None req-c281383f-84d0-4121-92c7-0cd67a37ee5f None None] Loading extension file: security_groups_remote_address_group.py {{(pid=102933) _load_all_extensions_from_path /opt/stack/neutron/neutron/api/extensions.py:449}}
May 18 23:33:00.774399 np0000174545 devstack@neutron-api.service[102935]: DEBUG neutron.api.extensions [None req-58275df2-ffd4-488e-ae36-c78265e602d9 None None] Ext name="Neutron external network" alias="external-net" description="Adds external network attribute to network resource." updated="2013-01-14T10:00:00-00:00" {{(pid=102935) _check_extension /opt/stack/neutron/neutron/api/extensions.py:415}}
May 18 23:33:00.774542 np0000174545 devstack@neutron-api.service[102935]: INFO neutron.api.extensions [None req-58275df2-ffd4-488e-ae36-c78265e602d9 None None] Loaded extension: external-net
May 18 23:33:00.774594 np0000174545 devstack@neutron-api.service[102933]: DEBUG neutron.api.extensions [None req-c281383f-84d0-4121-92c7-0cd67a37ee5f None None] Ext name="Remote address group id field for security group rules" alias="security-groups-remote-address-group" description="Add new field of remote address group id in SG rules" updated="2020-08-25T10:00:00-00:00" {{(pid=102933) _check_extension /opt/stack/neutron/neutron/api/extensions.py:415}}
May 18 23:33:00.774630 np0000174545 devstack@neutron-api.service[102935]: DEBUG neutron.api.extensions [None req-58275df2-ffd4-488e-ae36-c78265e602d9 None None] Loading extension file: extra_dhcp_opt.py {{(pid=102935) _load_all_extensions_from_path /opt/stack/neutron/neutron/api/extensions.py:449}}
May 18 23:33:00.774775 np0000174545 devstack@neutron-api.service[102933]: INFO neutron.api.extensions [None req-c281383f-84d0-4121-92c7-0cd67a37ee5f None None] Loaded extension: security-groups-remote-address-group
May 18 23:33:00.774865 np0000174545 devstack@neutron-api.service[102933]: DEBUG neutron.api.extensions [None req-c281383f-84d0-4121-92c7-0cd67a37ee5f None None] Loading extension file: security_groups_rules_belongs_to_default_sg.py {{(pid=102933) _load_all_extensions_from_path /opt/stack/neutron/neutron/api/extensions.py:449}}
May 18 23:33:00.774893 np0000174545 devstack@neutron-api.service[102935]: DEBUG neutron.api.extensions [None req-58275df2-ffd4-488e-ae36-c78265e602d9 None None] Ext name="Neutron Extra DHCP options" alias="extra_dhcp_opt" description="Extra options configuration for DHCP. For example PXE boot options to DHCP clients can be specified (e.g. tftp-server, server-ip-address, bootfile-name)" updated="2013-03-17T12:00:00-00:00" {{(pid=102935) _check_extension /opt/stack/neutron/neutron/api/extensions.py:415}}
May 18 23:33:00.775059 np0000174545 devstack@neutron-api.service[102935]: INFO neutron.api.extensions [None req-58275df2-ffd4-488e-ae36-c78265e602d9 None None] Loaded extension: extra_dhcp_opt
May 18 23:33:00.775088 np0000174545 devstack@neutron-api.service[102933]: DEBUG neutron.api.extensions [None req-c281383f-84d0-4121-92c7-0cd67a37ee5f None None] Ext name="Security group rule belongs to the project's default security group" alias="security-groups-rules-belongs-to-default-sg" description="Flag to determine if the security group rule belongs to the project's default security group" updated="2023-05-23T10:00:00-00:00" {{(pid=102933) _check_extension /opt/stack/neutron/neutron/api/extensions.py:415}}
May 18 23:33:00.775149 np0000174545 devstack@neutron-api.service[102935]: DEBUG neutron.api.extensions [None req-58275df2-ffd4-488e-ae36-c78265e602d9 None None] Loading extension file: extraroute.py {{(pid=102935) _load_all_extensions_from_path /opt/stack/neutron/neutron/api/extensions.py:449}}
May 18 23:33:00.775270 np0000174545 devstack@neutron-api.service[102933]: INFO neutron.api.extensions [None req-c281383f-84d0-4121-92c7-0cd67a37ee5f None None] Loaded extension: security-groups-rules-belongs-to-default-sg
May 18 23:33:00.775359 np0000174545 devstack@neutron-api.service[102933]: DEBUG neutron.api.extensions [None req-c281383f-84d0-4121-92c7-0cd67a37ee5f None None] Loading extension file: security_groups_shared_filtering.py {{(pid=102933) _load_all_extensions_from_path /opt/stack/neutron/neutron/api/extensions.py:449}}
May 18 23:33:00.775398 np0000174545 devstack@neutron-api.service[102935]: DEBUG neutron.api.extensions [None req-58275df2-ffd4-488e-ae36-c78265e602d9 None None] Ext name="Neutron Extra Route" alias="extraroute" description="Extra routes configuration for L3 router" updated="2013-02-01T10:00:00-00:00" {{(pid=102935) _check_extension /opt/stack/neutron/neutron/api/extensions.py:415}}
May 18 23:33:00.775428 np0000174545 devstack@neutron-api.service[102934]: DEBUG neutron_lib.callbacks.manager [None req-fb5bb893-c662-465c-a85d-2be70527cdad None None] Subscribe: > router precommit_create 55549900, False {{(pid=102934) subscribe /opt/stack/data/venv/lib/python3.12/site-packages/neutron_lib/callbacks/manager.py:52}}
May 18 23:33:00.775548 np0000174545 devstack@neutron-api.service[102934]: DEBUG neutron_lib.callbacks.manager [None req-fb5bb893-c662-465c-a85d-2be70527cdad None None] Subscribe: > router_interface after_create 55550000, False {{(pid=102934) subscribe /opt/stack/data/venv/lib/python3.12/site-packages/neutron_lib/callbacks/manager.py:52}}
May 18 23:33:00.775580 np0000174545 devstack@neutron-api.service[102935]: INFO neutron.api.extensions [None req-58275df2-ffd4-488e-ae36-c78265e602d9 None None] Loaded extension: extraroute
May 18 23:33:00.775606 np0000174545 devstack@neutron-api.service[102933]: DEBUG neutron.api.extensions [None req-c281383f-84d0-4121-92c7-0cd67a37ee5f None None] Ext name="Security group filtering on the shared field" alias="security-groups-shared-filtering" description="Support filtering security groups on the shared field" updated="2021-10-05T09:00:00-00:00" {{(pid=102933) _check_extension /opt/stack/neutron/neutron/api/extensions.py:415}}
May 18 23:33:00.775633 np0000174545 devstack@neutron-api.service[102935]: DEBUG neutron.api.extensions [None req-58275df2-ffd4-488e-ae36-c78265e602d9 None None] Loading extension file: extraroute_atomic.py {{(pid=102935) _load_all_extensions_from_path /opt/stack/neutron/neutron/api/extensions.py:449}}
May 18 23:33:00.775660 np0000174545 devstack@neutron-api.service[102934]: DEBUG neutron_lib.callbacks.manager [None req-fb5bb893-c662-465c-a85d-2be70527cdad None None] Subscribe: > floatingip after_create 55550000, False {{(pid=102934) subscribe /opt/stack/data/venv/lib/python3.12/site-packages/neutron_lib/callbacks/manager.py:52}}
May 18 23:33:00.775751 np0000174545 devstack@neutron-api.service[102933]: INFO neutron.api.extensions [None req-c281383f-84d0-4121-92c7-0cd67a37ee5f None None] Loaded extension: security-groups-shared-filtering
May 18 23:33:00.775781 np0000174545 devstack@neutron-api.service[102934]: DEBUG neutron_lib.callbacks.manager [None req-fb5bb893-c662-465c-a85d-2be70527cdad None None] Subscribe: > floatingip precommit_create 55550000, False {{(pid=102934) subscribe /opt/stack/data/venv/lib/python3.12/site-packages/neutron_lib/callbacks/manager.py:52}}
May 18 23:33:00.775841 np0000174545 devstack@neutron-api.service[102933]: DEBUG neutron.api.extensions [None req-c281383f-84d0-4121-92c7-0cd67a37ee5f None None] Loading extension file: securitygroup.py {{(pid=102933) _load_all_extensions_from_path /opt/stack/neutron/neutron/api/extensions.py:449}}
May 18 23:33:00.775872 np0000174545 devstack@neutron-api.service[102934]: DEBUG neutron_lib.callbacks.manager [None req-fb5bb893-c662-465c-a85d-2be70527cdad None None] Subscribe: > floatingip precommit_update 55550000, False {{(pid=102934) subscribe /opt/stack/data/venv/lib/python3.12/site-packages/neutron_lib/callbacks/manager.py:52}}
May 18 23:33:00.775900 np0000174545 devstack@neutron-api.service[102935]: DEBUG neutron.api.extensions [None req-58275df2-ffd4-488e-ae36-c78265e602d9 None None] Ext name="Atomically add/remove extra routes" alias="extraroute-atomic" description="Edit extra routes of a router on server side by atomically adding/removing extra routes" updated="2019-07-10T00:00:00+00:00" {{(pid=102935) _check_extension /opt/stack/neutron/neutron/api/extensions.py:415}}
May 18 23:33:00.775966 np0000174545 devstack@neutron-api.service[102934]: DEBUG neutron_lib.callbacks.manager [None req-fb5bb893-c662-465c-a85d-2be70527cdad None None] Subscribe: > floatingip after_delete 55550000, False {{(pid=102934) subscribe /opt/stack/data/venv/lib/python3.12/site-packages/neutron_lib/callbacks/manager.py:52}}
May 18 23:33:00.776069 np0000174545 devstack@neutron-api.service[102934]: DEBUG neutron_lib.callbacks.manager [None req-fb5bb893-c662-465c-a85d-2be70527cdad None None] Subscribe: > floatingip after_status_update 55550000, False {{(pid=102934) subscribe /opt/stack/data/venv/lib/python3.12/site-packages/neutron_lib/callbacks/manager.py:52}}
May 18 23:33:00.776104 np0000174545 devstack@neutron-api.service[102935]: INFO neutron.api.extensions [None req-58275df2-ffd4-488e-ae36-c78265e602d9 None None] Loaded extension: extraroute-atomic
May 18 23:33:00.776164 np0000174545 devstack@neutron-api.service[102935]: DEBUG neutron.api.extensions [None req-58275df2-ffd4-488e-ae36-c78265e602d9 None None] Loading extension file: filter_validation.py {{(pid=102935) _load_all_extensions_from_path /opt/stack/neutron/neutron/api/extensions.py:449}}
May 18 23:33:00.776193 np0000174545 devstack@neutron-api.service[102934]: DEBUG neutron_lib.callbacks.manager [None req-fb5bb893-c662-465c-a85d-2be70527cdad None None] Subscribe: > floatingip after_update 55550000, False {{(pid=102934) subscribe /opt/stack/data/venv/lib/python3.12/site-packages/neutron_lib/callbacks/manager.py:52}}
May 18 23:33:00.776267 np0000174545 devstack@neutron-api.service[102934]: DEBUG neutron_lib.callbacks.manager [None req-fb5bb893-c662-465c-a85d-2be70527cdad None None] Subscribe: > port_forwarding after_create 55550000, False {{(pid=102934) subscribe /opt/stack/data/venv/lib/python3.12/site-packages/neutron_lib/callbacks/manager.py:52}}
May 18 23:33:00.776368 np0000174545 devstack@neutron-api.service[102934]: DEBUG neutron_lib.callbacks.manager [None req-fb5bb893-c662-465c-a85d-2be70527cdad None None] Subscribe: > router_interface after_delete 55550000, False {{(pid=102934) subscribe /opt/stack/data/venv/lib/python3.12/site-packages/neutron_lib/callbacks/manager.py:52}}
May 18 23:33:00.776397 np0000174545 devstack@neutron-api.service[102935]: DEBUG neutron.api.extensions [None req-58275df2-ffd4-488e-ae36-c78265e602d9 None None] Ext name="Filter parameters validation" alias="filter-validation" description="Provides validation on filter parameters." updated="2018-07-04T10:00:00-00:00" {{(pid=102935) _check_extension /opt/stack/neutron/neutron/api/extensions.py:415}}
May 18 23:33:00.776468 np0000174545 devstack@neutron-api.service[102934]: DEBUG neutron_lib.callbacks.manager [None req-fb5bb893-c662-465c-a85d-2be70527cdad None None] Subscribe: > router after_create 55550000, False {{(pid=102934) subscribe /opt/stack/data/venv/lib/python3.12/site-packages/neutron_lib/callbacks/manager.py:52}}
May 18 23:33:00.776958 np0000174545 devstack@neutron-api.service[102935]: INFO neutron.api.extensions [None req-58275df2-ffd4-488e-ae36-c78265e602d9 None None] Loaded extension: filter-validation
May 18 23:33:00.777008 np0000174545 devstack@neutron-api.service[102934]: DEBUG neutron_lib.callbacks.manager [None req-fb5bb893-c662-465c-a85d-2be70527cdad None None] Subscribe: > router precommit_create 55550000, False {{(pid=102934) subscribe /opt/stack/data/venv/lib/python3.12/site-packages/neutron_lib/callbacks/manager.py:52}}
May 18 23:33:00.777036 np0000174545 devstack@neutron-api.service[102935]: DEBUG neutron.api.extensions [None req-58275df2-ffd4-488e-ae36-c78265e602d9 None None] Loading extension file: fip_pf_description.py {{(pid=102935) _load_all_extensions_from_path /opt/stack/neutron/neutron/api/extensions.py:449}}
May 18 23:33:00.777064 np0000174545 devstack@neutron-api.service[102934]: DEBUG neutron_lib.callbacks.manager [None req-fb5bb893-c662-465c-a85d-2be70527cdad None None] Subscribe: > router after_delete 55550000, False {{(pid=102934) subscribe /opt/stack/data/venv/lib/python3.12/site-packages/neutron_lib/callbacks/manager.py:52}}
May 18 23:33:00.777064 np0000174545 devstack@neutron-api.service[102934]: DEBUG neutron_lib.callbacks.manager [None req-fb5bb893-c662-465c-a85d-2be70527cdad None None] Subscribe: > router after_update 55550000, False {{(pid=102934) subscribe /opt/stack/data/venv/lib/python3.12/site-packages/neutron_lib/callbacks/manager.py:52}}
May 18 23:33:00.777064 np0000174545 devstack@neutron-api.service[102934]: DEBUG neutron.services.service_base [None req-fb5bb893-c662-465c-a85d-2be70527cdad None None] Loaded 'neutron.services.ovn_l3.service_providers.ovn.OvnDriver' provider for service L3_ROUTER_NAT {{(pid=102934) load_drivers /opt/stack/neutron/neutron/services/service_base.py:49}}
May 18 23:33:00.777148 np0000174545 devstack@neutron-api.service[102935]: DEBUG neutron.api.extensions [None req-58275df2-ffd4-488e-ae36-c78265e602d9 None None] Ext name="Floating IP Port Forwarding new attribute description" alias="floating-ip-port-forwarding-description" description="Add a description field to Port Forwarding rules" updated="2019-11-01T10:00:00-00:00" {{(pid=102935) _check_extension /opt/stack/neutron/neutron/api/extensions.py:415}}
May 18 23:33:00.777182 np0000174545 devstack@neutron-api.service[102934]: DEBUG neutron_lib.callbacks.manager [None req-fb5bb893-c662-465c-a85d-2be70527cdad None None] Subscribe: > process after_init 55550001, True {{(pid=102934) subscribe /opt/stack/data/venv/lib/python3.12/site-packages/neutron_lib/callbacks/manager.py:52}}
May 18 23:33:00.777182 np0000174545 devstack@neutron-api.service[102934]: DEBUG neutron.manager [None req-fb5bb893-c662-465c-a85d-2be70527cdad None None] Successfully loaded L3_ROUTER_NAT plugin. Description: L3 Router Service Plugin for basic L3 forwarding using OVN {{(pid=102934) _create_and_add_service_plugin /opt/stack/neutron/neutron/manager.py:239}}
May 18 23:33:00.777235 np0000174545 devstack@neutron-api.service[102935]: INFO neutron.api.extensions [None req-58275df2-ffd4-488e-ae36-c78265e602d9 None None] Extension floating-ip-port-forwarding-description not supported by any of loaded plugins
May 18 23:33:00.777267 np0000174545 devstack@neutron-api.service[102934]: INFO neutron.manager [None req-fb5bb893-c662-465c-a85d-2be70527cdad None None] Loading Plugin: auto_allocate
May 18 23:33:00.777293 np0000174545 devstack@neutron-api.service[102935]: DEBUG neutron.api.extensions [None req-58275df2-ffd4-488e-ae36-c78265e602d9 None None] Loading extension file: fip_pf_detail.py {{(pid=102935) _load_all_extensions_from_path /opt/stack/neutron/neutron/api/extensions.py:449}}
May 18 23:33:00.777442 np0000174545 devstack@neutron-api.service[102935]: DEBUG neutron.api.extensions [None req-58275df2-ffd4-488e-ae36-c78265e602d9 None None] Ext name="Floating IP port forwarding detail" alias="floating-ip-port-forwarding-detail" description="Allow list floating ip return more port forwarding data, include'id' and 'internal_port_id'" updated="2022-05-06T10:00:00-00:00" {{(pid=102935) _check_extension /opt/stack/neutron/neutron/api/extensions.py:415}}
May 18 23:33:00.777606 np0000174545 devstack@neutron-api.service[102933]: DEBUG neutron.api.extensions [None req-c281383f-84d0-4121-92c7-0cd67a37ee5f None None] Ext name="security-group" alias="security-group" description="The security groups extension." updated="2012-10-05T10:00:00-00:00" {{(pid=102933) _check_extension /opt/stack/neutron/neutron/api/extensions.py:415}}
May 18 23:33:00.777646 np0000174545 devstack@neutron-api.service[102935]: INFO neutron.api.extensions [None req-58275df2-ffd4-488e-ae36-c78265e602d9 None None] Loaded extension: floating-ip-port-forwarding-detail
May 18 23:33:00.777711 np0000174545 devstack@neutron-api.service[102935]: DEBUG neutron.api.extensions [None req-58275df2-ffd4-488e-ae36-c78265e602d9 None None] Loading extension file: fip_pf_port_range.py {{(pid=102935) _load_all_extensions_from_path /opt/stack/neutron/neutron/api/extensions.py:449}}
May 18 23:33:00.777796 np0000174545 devstack@neutron-api.service[102933]: INFO neutron.api.extensions [None req-c281383f-84d0-4121-92c7-0cd67a37ee5f None None] Loaded extension: security-group
May 18 23:33:00.777889 np0000174545 devstack@neutron-api.service[102933]: DEBUG neutron.api.extensions [None req-c281383f-84d0-4121-92c7-0cd67a37ee5f None None] Loading extension file: segment.py {{(pid=102933) _load_all_extensions_from_path /opt/stack/neutron/neutron/api/extensions.py:449}}
May 18 23:33:00.777952 np0000174545 devstack@neutron-api.service[102935]: DEBUG neutron.api.extensions [None req-58275df2-ffd4-488e-ae36-c78265e602d9 None None] Ext name="Floating IP Port Forwarding support port ranges" alias="floating-ip-port-forwarding-port-ranges" description="Add support to port ranges" updated="2020-07-01T10:00:00-00:00" {{(pid=102935) _check_extension /opt/stack/neutron/neutron/api/extensions.py:415}}
May 18 23:33:00.778086 np0000174545 devstack@neutron-api.service[102934]: DEBUG neutron_lib.callbacks.manager [None req-fb5bb893-c662-465c-a85d-2be70527cdad None None] Subscribe: network precommit_update 55550000, False {{(pid=102934) subscribe /opt/stack/data/venv/lib/python3.12/site-packages/neutron_lib/callbacks/manager.py:52}}
May 18 23:33:00.778118 np0000174545 devstack@neutron-api.service[102935]: INFO neutron.api.extensions [None req-58275df2-ffd4-488e-ae36-c78265e602d9 None None] Extension floating-ip-port-forwarding-port-ranges not supported by any of loaded plugins
May 18 23:33:00.778190 np0000174545 devstack@neutron-api.service[102933]: DEBUG neutron.api.extensions [None req-c281383f-84d0-4121-92c7-0cd67a37ee5f None None] Ext name="Segment" alias="segment" description="Segments extension." updated="2016-02-24T17:00:00-00:00" {{(pid=102933) _check_extension /opt/stack/neutron/neutron/api/extensions.py:415}}
May 18 23:33:00.778224 np0000174545 devstack@neutron-api.service[102934]: DEBUG neutron_lib.callbacks.manager [None req-fb5bb893-c662-465c-a85d-2be70527cdad None None] Subscribe: network precommit_create 55550000, False {{(pid=102934) subscribe /opt/stack/data/venv/lib/python3.12/site-packages/neutron_lib/callbacks/manager.py:52}}
May 18 23:33:00.778254 np0000174545 devstack@neutron-api.service[102935]: DEBUG neutron.api.extensions [None req-58275df2-ffd4-488e-ae36-c78265e602d9 None None] Loading extension file: fip_port_details.py {{(pid=102935) _load_all_extensions_from_path /opt/stack/neutron/neutron/api/extensions.py:449}}
May 18 23:33:00.778360 np0000174545 devstack@neutron-api.service[102933]: INFO neutron.api.extensions [None req-c281383f-84d0-4121-92c7-0cd67a37ee5f None None] Extension segment not supported by any of loaded plugins
May 18 23:33:00.778395 np0000174545 devstack@neutron-api.service[102934]: DEBUG neutron.manager [None req-fb5bb893-c662-465c-a85d-2be70527cdad None None] Successfully loaded auto-allocated-topology plugin. Description: Auto Allocated Topology - aka get me a network. {{(pid=102934) _create_and_add_service_plugin /opt/stack/neutron/neutron/manager.py:239}}
May 18 23:33:00.778449 np0000174545 devstack@neutron-api.service[102933]: DEBUG neutron.api.extensions [None req-c281383f-84d0-4121-92c7-0cd67a37ee5f None None] Loading extension file: segments_peer_subnet_host_routes.py {{(pid=102933) _load_all_extensions_from_path /opt/stack/neutron/neutron/api/extensions.py:449}}
May 18 23:33:00.778478 np0000174545 devstack@neutron-api.service[102934]: INFO neutron.manager [None req-fb5bb893-c662-465c-a85d-2be70527cdad None None] Loading Plugin: tag
May 18 23:33:00.778680 np0000174545 devstack@neutron-api.service[102933]: DEBUG neutron.api.extensions [None req-c281383f-84d0-4121-92c7-0cd67a37ee5f None None] Ext name="Segments peer-subnet host routes" alias="segments-peer-subnet-host-routes" description="Add host routes to subnets on a routed network (segments)" updated="2018-06-12T10:00:00-00:00" {{(pid=102933) _check_extension /opt/stack/neutron/neutron/api/extensions.py:415}}
May 18 23:33:00.778863 np0000174545 devstack@neutron-api.service[102933]: INFO neutron.api.extensions [None req-c281383f-84d0-4121-92c7-0cd67a37ee5f None None] Extension segments-peer-subnet-host-routes not supported by any of loaded plugins
May 18 23:33:00.778953 np0000174545 devstack@neutron-api.service[102933]: DEBUG neutron.api.extensions [None req-c281383f-84d0-4121-92c7-0cd67a37ee5f None None] Loading extension file: servicetype.py {{(pid=102933) _load_all_extensions_from_path /opt/stack/neutron/neutron/api/extensions.py:449}}
May 18 23:33:00.779347 np0000174545 devstack@neutron-api.service[102935]: DEBUG neutron.api.extensions [None req-58275df2-ffd4-488e-ae36-c78265e602d9 None None] Ext name="Floating IP Port Details Extension" alias="fip-port-details" description="Add port_details attribute to Floating IP resource" updated="2018-04-09T10:00:00-00:00" {{(pid=102935) _check_extension /opt/stack/neutron/neutron/api/extensions.py:415}}
May 18 23:33:00.779564 np0000174545 devstack@neutron-api.service[102935]: INFO neutron.api.extensions [None req-58275df2-ffd4-488e-ae36-c78265e602d9 None None] Loaded extension: fip-port-details
May 18 23:33:00.779694 np0000174545 devstack@neutron-api.service[102935]: DEBUG neutron.api.extensions [None req-58275df2-ffd4-488e-ae36-c78265e602d9 None None] Loading extension file: flavors.py {{(pid=102935) _load_all_extensions_from_path /opt/stack/neutron/neutron/api/extensions.py:449}}
May 18 23:33:00.780043 np0000174545 devstack@neutron-api.service[102935]: DEBUG neutron.api.extensions [None req-58275df2-ffd4-488e-ae36-c78265e602d9 None None] Ext name="Neutron Service Flavors" alias="flavors" description="Flavor specification for Neutron advanced services." updated="2015-09-17T10:00:00-00:00" {{(pid=102935) _check_extension /opt/stack/neutron/neutron/api/extensions.py:415}}
May 18 23:33:00.780282 np0000174545 devstack@neutron-api.service[102935]: INFO neutron.api.extensions [None req-58275df2-ffd4-488e-ae36-c78265e602d9 None None] Loaded extension: flavors
May 18 23:33:00.780410 np0000174545 devstack@neutron-api.service[102935]: DEBUG neutron.api.extensions [None req-58275df2-ffd4-488e-ae36-c78265e602d9 None None] Loading extension file: floating_ip_port_forwarding.py {{(pid=102935) _load_all_extensions_from_path /opt/stack/neutron/neutron/api/extensions.py:449}}
May 18 23:33:00.780599 np0000174545 devstack@neutron-api.service[102933]: DEBUG neutron.api.extensions [None req-c281383f-84d0-4121-92c7-0cd67a37ee5f None None] Ext name="Neutron Service Type Management" alias="service-type" description="API for retrieving service providers for Neutron advanced services" updated="2013-01-20T00:00:00-00:00" {{(pid=102933) _check_extension /opt/stack/neutron/neutron/api/extensions.py:415}}
May 18 23:33:00.780802 np0000174545 devstack@neutron-api.service[102933]: INFO neutron.api.extensions [None req-c281383f-84d0-4121-92c7-0cd67a37ee5f None None] Loaded extension: service-type
