2026-09-07 11:57:07.342 10 INFO neutron.wsgi [None req-bbb6bce2-de53-47ff-b5c6-12314f2ae353 d403138ce1744eceb8073d7c09038044 7a132d323ce842f0afd0a5cb693f9d83 - - default default] 10.0.0.142 "GET /v2.0/ports HTTP/1.1" status: 200 len: 5251 time: 0.0357957
2026-09-07 11:57:07.375 10 INFO neutron.wsgi [None req-d7bb87f3-4d6f-4b51-a972-2caa64bd3633 d403138ce1744eceb8073d7c09038044 7a132d323ce842f0afd0a5cb693f9d83 - - default default] 10.0.0.142 "GET /v2.0/routers HTTP/1.1" status: 200 len: 189 time: 0.0296268
2026-09-07 11:57:07.385 10 INFO neutron.wsgi [None req-caf055c1-2643-41d7-ba49-1302b10d1630 d403138ce1744eceb8073d7c09038044 7a132d323ce842f0afd0a5cb693f9d83 - - default default] 10.0.0.142 "GET /v2.0/agents?binary=ovn-controller HTTP/1.1" status: 200 len: 591 time: 0.0093176
2026-09-07 11:57:07.437 10 INFO neutron.wsgi [None req-d4a1c4e6-32b6-4232-8077-72a5816553aa d403138ce1744eceb8073d7c09038044 7a132d323ce842f0afd0a5cb693f9d83 - - default default] 10.0.0.142 "GET /v2.0/networks HTTP/1.1" status: 200 len: 2350 time: 0.0506573
2026-09-07 11:57:07.448 10 INFO neutron.wsgi [None req-1d0e11e5-5967-4f0b-8cf4-283f83d0e5bc d403138ce1744eceb8073d7c09038044 7a132d323ce842f0afd0a5cb693f9d83 - - default default] 10.0.0.142 "GET /v2.0/network-ip-availabilities HTTP/1.1" status: 200 len: 1280 time: 0.0081563
2026-09-07 11:57:07.501 10 INFO neutron.wsgi [None req-5a8548bf-fbf2-42d2-a335-f05f663dbc67 d403138ce1744eceb8073d7c09038044 7a132d323ce842f0afd0a5cb693f9d83 - - default default] 10.0.0.142 "GET /v2.0/security-groups HTTP/1.1" status: 200 len: 16799 time: 0.0526075
2026-09-07 11:57:07.537 10 INFO neutron.wsgi [None req-4452ad54-fcef-4b2f-83a4-31019b38a56e d403138ce1744eceb8073d7c09038044 7a132d323ce842f0afd0a5cb693f9d83 - - default default] 10.0.0.142 "GET /v2.0/subnets HTTP/1.1" status: 200 len: 1437 time: 0.0281789
2026-09-07 11:57:07.565 10 INFO neutron.wsgi [None req-03c2f9b0-4b67-42a8-8384-1c846843a0bc d403138ce1744eceb8073d7c09038044 7a132d323ce842f0afd0a5cb693f9d83 - - default default] 10.0.0.142 "GET /v2.0/subnets HTTP/1.1" status: 200 len: 1437 time: 0.0275156
2026-09-07 11:57:07.576 10 INFO neutron.wsgi [None req-90d3ce46-7090-46bf-88de-0354356d68de d403138ce1744eceb8073d7c09038044 7a132d323ce842f0afd0a5cb693f9d83 - - default default] 10.0.0.142 "GET /v2.0/subnetpools HTTP/1.1" status: 200 len: 193 time: 0.0101211
2026-09-07 11:57:07.720 10 INFO neutron.wsgi [None req-fc851613-272c-4221-a0a0-95f9cdc77263 d403138ce1744eceb8073d7c09038044 7a132d323ce842f0afd0a5cb693f9d83 - - default default] 162.253.55.119,10.0.0.6 "GET /v2.0/subnets HTTP/1.1" status: 200 len: 1437 time: 0.0847847
2026-09-07 11:57:07.814 10 INFO neutron.wsgi [None req-87d01514-86af-49d9-8e9c-426ee2f7fc80 d403138ce1744eceb8073d7c09038044 7a132d323ce842f0afd0a5cb693f9d83 - - default default] 162.253.55.119,10.0.0.6 "GET /v2.0/networks HTTP/1.1" status: 200 len: 2350 time: 0.0875056
2026-09-07 11:57:09.046 11 INFO neutron.wsgi [None req-fe947218-c473-4a18-9d2e-18b87680e497 d403138ce1744eceb8073d7c09038044 7a132d323ce842f0afd0a5cb693f9d83 - - default default] 162.253.55.119,10.0.0.6 "GET /v2.0/security-groups?tenant_id=7a132d323ce842f0afd0a5cb693f9d83 HTTP/1.1" status: 200 len: 10157 time: 0.1203420
2026-09-07 11:57:10.141 10 INFO neutron.wsgi [None req-31590406-28da-4cb9-8c43-ff66819a69db d403138ce1744eceb8073d7c09038044 7a132d323ce842f0afd0a5cb693f9d83 - - default default] 162.253.55.119,10.0.0.6 "GET /v2.0/security-groups?tenant_id=7a132d323ce842f0afd0a5cb693f9d83 HTTP/1.1" status: 200 len: 10157 time: 0.0970881
2026-09-07 11:57:11.055 11 INFO neutron.wsgi [None req-056ce0cf-0f6b-4f0e-846c-c2476305d541 d403138ce1744eceb8073d7c09038044 7a132d323ce842f0afd0a5cb693f9d83 - - default default] 162.253.55.119,10.0.0.6 "GET /v2.0/security-groups?tenant_id=7a132d323ce842f0afd0a5cb693f9d83 HTTP/1.1" status: 200 len: 10157 time: 0.1098833
2026-09-07 11:57:11.585 11 INFO neutron.wsgi [-] 10.0.0.6 "GET / HTTP/1.1" status: 200 len: 247 time: 0.0022037
2026-09-07 11:57:11.588 11 INFO neutron.wsgi [-] 10.0.0.6 "GET / HTTP/1.1" status: 200 len: 247 time: 0.0017576
2026-09-07 11:57:11.979 10 INFO neutron.wsgi [None req-71388d96-4dd2-4ffd-b44c-bb91c259649c d403138ce1744eceb8073d7c09038044 7a132d323ce842f0afd0a5cb693f9d83 - - default default] 162.253.55.119,10.0.0.6 "GET /v2.0/security-groups?tenant_id=7a132d323ce842f0afd0a5cb693f9d83 HTTP/1.1" status: 200 len: 10157 time: 0.1012106
2026-09-07 11:57:12.941 10 INFO neutron.wsgi [None req-a3f9da30-90f6-4e0c-8f51-c4f43e0cecf1 d403138ce1744eceb8073d7c09038044 7a132d323ce842f0afd0a5cb693f9d83 - - default default] 162.253.55.119,10.0.0.6 "GET /v2.0/security-groups?tenant_id=7a132d323ce842f0afd0a5cb693f9d83 HTTP/1.1" status: 200 len: 10157 time: 0.1126509
2026-09-07 11:57:13.860 10 INFO neutron.wsgi [None req-0dd05366-41e7-4b43-aadc-bbe79541dacc d403138ce1744eceb8073d7c09038044 7a132d323ce842f0afd0a5cb693f9d83 - - default default] 162.253.55.119,10.0.0.6 "GET /v2.0/security-groups?tenant_id=7a132d323ce842f0afd0a5cb693f9d83 HTTP/1.1" status: 200 len: 10157 time: 0.1108568
2026-09-07 11:57:15.170 10 INFO neutron.wsgi [None req-458a37c9-b049-4751-8d2b-c5ae0366f582 d403138ce1744eceb8073d7c09038044 7a132d323ce842f0afd0a5cb693f9d83 - - default default] 162.253.55.119,10.0.0.6 "GET /v2.0/security-groups HTTP/1.1" status: 200 len: 16799 time: 0.1318929
2026-09-07 11:57:15.210 10 INFO neutron.wsgi [None req-f48e7707-6972-466b-bb67-ed91f1c7cd2b d403138ce1744eceb8073d7c09038044 7a132d323ce842f0afd0a5cb693f9d83 - - default default] 162.253.55.119,10.0.0.6 "GET /v2.0/ports HTTP/1.1" status: 200 len: 5251 time: 0.0318129
2026-09-07 11:57:22.292 10 INFO neutron.pecan_wsgi.hooks.translation [None req-b39c7c76-b176-466e-a3d2-2446e6201515 d403138ce1744eceb8073d7c09038044 7a132d323ce842f0afd0a5cb693f9d83 - - default default] GET failed (client error): The resource could not be found.
2026-09-07 11:57:22.295 10 INFO neutron.wsgi [None req-b39c7c76-b176-466e-a3d2-2446e6201515 d403138ce1744eceb8073d7c09038044 7a132d323ce842f0afd0a5cb693f9d83 - - default default] 162.253.55.119,10.0.0.6 "GET /v2.0/ports/octavia-health-manager-port-instance HTTP/1.1" status: 404 len: 314 time: 0.0909300
2026-09-07 11:57:22.351 10 INFO neutron.wsgi [None req-318352b4-8232-4dca-874b-27c1a17ac807 d403138ce1744eceb8073d7c09038044 7a132d323ce842f0afd0a5cb693f9d83 - - default default] 162.253.55.119,10.0.0.6 "GET /v2.0/ports?name=octavia-health-manager-port-instance HTTP/1.1" status: 200 len: 1347 time: 0.0478933
2026-09-07 11:57:23.921 11 INFO neutron.wsgi [None req-370a8d92-c757-4f00-ae14-5560e2cfa71d d403138ce1744eceb8073d7c09038044 7a132d323ce842f0afd0a5cb693f9d83 - - default default] 162.253.55.119,10.0.0.6 "GET /v2.0/ports HTTP/1.1" status: 200 len: 5251 time: 0.0923789
2026-09-07 11:57:25.026 11 INFO neutron.wsgi [None req-c4eba9fa-c517-4b1c-813e-690a4e45735a d403138ce1744eceb8073d7c09038044 7a132d323ce842f0afd0a5cb693f9d83 - - default default] 162.253.55.119,10.0.0.6 "GET /v2.0/security-groups?tenant_id=7a132d323ce842f0afd0a5cb693f9d83 HTTP/1.1" status: 200 len: 10157 time: 0.1127708
2026-09-07 11:57:26.000 11 INFO neutron.wsgi [None req-8d1af5b7-034d-492a-b41e-d96f2e4e3012 d403138ce1744eceb8073d7c09038044 7a132d323ce842f0afd0a5cb693f9d83 - - default default] 162.253.55.119,10.0.0.6 "GET /v2.0/security-groups?tenant_id=7a132d323ce842f0afd0a5cb693f9d83 HTTP/1.1" status: 200 len: 10157 time: 0.0719364
2026-09-07 11:57:26.587 11 INFO neutron.wsgi [-] 10.0.0.6 "GET / HTTP/1.1" status: 200 len: 247 time: 0.0033250
2026-09-07 11:57:26.588 10 INFO neutron.wsgi [-] 10.0.0.6 "GET / HTTP/1.1" status: 200 len: 247 time: 0.0049047
2026-09-07 11:57:26.942 10 INFO neutron.wsgi [None req-be4ac01a-6060-409e-a890-02fe55f62bf7 d403138ce1744eceb8073d7c09038044 7a132d323ce842f0afd0a5cb693f9d83 - - default default] 162.253.55.119,10.0.0.6 "GET /v2.0/security-groups?tenant_id=7a132d323ce842f0afd0a5cb693f9d83 HTTP/1.1" status: 200 len: 10157 time: 0.1189733
2026-09-07 11:57:39.573 11 INFO neutron.wsgi [None req-2acce157-0502-4a55-8fa6-9e58fabcbba8 d403138ce1744eceb8073d7c09038044 7a132d323ce842f0afd0a5cb693f9d83 - - default default] 162.253.55.119,10.0.0.6 "GET /v2.0/quotas/7a132d323ce842f0afd0a5cb693f9d83 HTTP/1.1" status: 200 len: 361 time: 0.0109735
2026-09-07 11:57:41.584 11 INFO neutron.wsgi [-] 10.0.0.6 "GET / HTTP/1.1" status: 200 len: 247 time: 0.0016243
2026-09-07 11:57:41.587 10 INFO neutron.wsgi [-] 10.0.0.6 "GET / HTTP/1.1" status: 200 len: 247 time: 0.0027251
2026-09-07 11:57:56.587 11 INFO neutron.wsgi [-] 10.0.0.6 "GET / HTTP/1.1" status: 200 len: 247 time: 0.0032122
2026-09-07 11:57:56.587 10 INFO neutron.wsgi [-] 10.0.0.6 "GET / HTTP/1.1" status: 200 len: 247 time: 0.0025396
2026-09-07 11:58:07.262 10 INFO neutron.wsgi [None req-ccc48db2-91bf-4cd3-8c0b-2353cf66a41b d403138ce1744eceb8073d7c09038044 7a132d323ce842f0afd0a5cb693f9d83 - - default default] 10.0.0.142 "GET /v2.0/subnets HTTP/1.1" status: 200 len: 1437 time: 0.1230259
2026-09-07 11:58:07.287 10 INFO neutron.wsgi [None req-84c4fa33-fe90-460a-835a-17ce7ed3cd7d d403138ce1744eceb8073d7c09038044 7a132d323ce842f0afd0a5cb693f9d83 - - default default] 10.0.0.142 "GET /v2.0/subnetpools HTTP/1.1" status: 200 len: 193 time: 0.0237479
2026-09-07 11:58:07.332 10 INFO neutron.wsgi [None req-629b9d84-2152-4f4e-b478-ab8879f71a6a d403138ce1744eceb8073d7c09038044 7a132d323ce842f0afd0a5cb693f9d83 - - default default] 10.0.0.142 "GET /v2.0/ports HTTP/1.1" status: 200 len: 5251 time: 0.0429661
2026-09-07 11:58:07.369 10 INFO neutron.wsgi [None req-2a6bc9d9-3768-4bb3-8033-d46e53eb83bc d403138ce1744eceb8073d7c09038044 7a132d323ce842f0afd0a5cb693f9d83 - - default default] 10.0.0.142 "GET /v2.0/agents HTTP/1.1" status: 200 len: 997 time: 0.0341201
2026-09-07 11:58:07.400 10 INFO neutron.wsgi [None req-3e96d9d7-c370-4596-9233-75a9ae76d233 d403138ce1744eceb8073d7c09038044 7a132d323ce842f0afd0a5cb693f9d83 - - default default] 10.0.0.142 "GET /v2.0/floatingips HTTP/1.1" status: 200 len: 193 time: 0.0289698
2026-09-07 11:58:07.431 10 INFO neutron.wsgi [None req-96d9a42b-dbd7-4f28-bfd3-4bc8a61da5b0 d403138ce1744eceb8073d7c09038044 7a132d323ce842f0afd0a5cb693f9d83 - - default default] 10.0.0.142 "GET /v2.0/subnets HTTP/1.1" status: 200 len: 1437 time: 0.0306144
2026-09-07 11:58:07.442 10 INFO neutron.wsgi [None req-de8b8f8b-6806-42f9-8f74-5a0c09d9ad51 d403138ce1744eceb8073d7c09038044 7a132d323ce842f0afd0a5cb693f9d83 - - default default] 10.0.0.142 "GET /v2.0/network-ip-availabilities HTTP/1.1" status: 200 len: 1280 time: 0.0088789
2026-09-07 11:58:07.630 10 INFO neutron.wsgi [None req-711cb420-765c-4afc-aa75-4b98fbb35738 d403138ce1744eceb8073d7c09038044 7a132d323ce842f0afd0a5cb693f9d83 - - default default] 10.0.0.142 "GET /v2.0/networks HTTP/1.1" status: 200 len: 2350 time: 0.1873381
2026-09-07 11:58:07.728 10 INFO neutron.wsgi [None req-26ac7678-073f-458e-9f41-05d83cfe951e d403138ce1744eceb8073d7c09038044 7a132d323ce842f0afd0a5cb693f9d83 - - default default] 10.0.0.142 "GET /v2.0/security-groups HTTP/1.1" status: 200 len: 16799 time: 0.0941398
2026-09-07 11:58:07.767 10 INFO neutron.wsgi [None req-c6f6a5da-56d6-4369-bbb7-6778f6347934 d403138ce1744eceb8073d7c09038044 7a132d323ce842f0afd0a5cb693f9d83 - - default default] 10.0.0.142 "GET /v2.0/routers HTTP/1.1" status: 200 len: 189 time: 0.0267622
2026-09-07 11:58:07.777 10 INFO neutron.wsgi [None req-57314148-846a-457c-acb1-d7a557645a6a d403138ce1744eceb8073d7c09038044 7a132d323ce842f0afd0a5cb693f9d83 - - default default] 10.0.0.142 "GET /v2.0/agents?binary=ovn-controller HTTP/1.1" status: 200 len: 591 time: 0.0098317
2026-09-07 11:58:11.586 10 INFO neutron.wsgi [-] 10.0.0.6 "GET / HTTP/1.1" status: 200 len: 247 time: 0.0024185
2026-09-07 11:58:11.586 11 INFO neutron.wsgi [-] 10.0.0.6 "GET / HTTP/1.1" status: 200 len: 247 time: 0.0031593
2026-09-07 11:58:26.586 10 INFO neutron.wsgi [-] 10.0.0.6 "GET / HTTP/1.1" status: 200 len: 247 time: 0.0028152
2026-09-07 11:58:26.585 11 INFO neutron.wsgi [-] 10.0.0.6 "GET / HTTP/1.1" status: 200 len: 247 time: 0.0023012
2026-09-07 11:58:38.725 10 INFO neutron.wsgi [None req-5cc4988a-41eb-45e8-acb8-812430fbdc53 d403138ce1744eceb8073d7c09038044 7a132d323ce842f0afd0a5cb693f9d83 - - default default] 162.253.55.119,10.0.0.6 "GET /v2.0/security-groups?tenant_id=f7beba7ba89940159358713cdd54b77c HTTP/1.1" status: 200 len: 6838 time: 0.1191154
2026-09-07 11:58:39.795 10 INFO neutron.wsgi [None req-b78f0d83-a652-429c-904c-2564dbee951a d403138ce1744eceb8073d7c09038044 7a132d323ce842f0afd0a5cb693f9d83 - - default default] 162.253.55.119,10.0.0.6 "GET /v2.0/security-groups?tenant_id=f7beba7ba89940159358713cdd54b77c HTTP/1.1" status: 200 len: 6838 time: 0.0877731
2026-09-07 11:58:40.730 10 INFO neutron.wsgi [None req-5b750650-8641-40a1-9d70-5585590e3f0b d403138ce1744eceb8073d7c09038044 7a132d323ce842f0afd0a5cb693f9d83 - - default default] 162.253.55.119,10.0.0.6 "GET /v2.0/security-groups?tenant_id=f7beba7ba89940159358713cdd54b77c HTTP/1.1" status: 200 len: 6838 time: 0.0991075
2026-09-07 11:58:41.585 10 INFO neutron.wsgi [-] 10.0.0.6 "GET / HTTP/1.1" status: 200 len: 247 time: 0.0021963
2026-09-07 11:58:41.586 11 INFO neutron.wsgi [-] 10.0.0.6 "GET / HTTP/1.1" status: 200 len: 247 time: 0.0033789
2026-09-07 11:58:41.720 10 INFO neutron.wsgi [None req-db8ef3c0-3d1d-4c99-8440-9afd7b909238 d403138ce1744eceb8073d7c09038044 7a132d323ce842f0afd0a5cb693f9d83 - - default default] 162.253.55.119,10.0.0.6 "GET /v2.0/security-groups?tenant_id=f7beba7ba89940159358713cdd54b77c HTTP/1.1" status: 200 len: 6838 time: 0.1059890
2026-09-07 11:58:42.792 10 INFO neutron.wsgi [None req-b8ea60f0-2a83-495c-8adf-783f1ce8c591 d403138ce1744eceb8073d7c09038044 7a132d323ce842f0afd0a5cb693f9d83 - - default default] 162.253.55.119,10.0.0.6 "GET /v2.0/security-groups?tenant_id=f7beba7ba89940159358713cdd54b77c HTTP/1.1" status: 200 len: 6838 time: 0.0947716
2026-09-07 11:58:50.753 11 INFO neutron.wsgi [None req-6d38200c-894c-402f-be0b-a1a95291c5be d403138ce1744eceb8073d7c09038044 7a132d323ce842f0afd0a5cb693f9d83 - - default default] 162.253.55.119,10.0.0.6 "GET /v2.0/quotas/f7beba7ba89940159358713cdd54b77c HTTP/1.1" status: 200 len: 361 time: 0.0167189
2026-09-07 11:58:56.585 10 INFO neutron.wsgi [-] 10.0.0.6 "GET / HTTP/1.1" status: 200 len: 247 time: 0.0022507
2026-09-07 11:58:56.586 11 INFO neutron.wsgi [-] 10.0.0.6 "GET / HTTP/1.1" status: 200 len: 247 time: 0.0027292
2026-09-07 11:59:07.225 10 INFO neutron.wsgi [None req-bae4b8e6-bff9-4d87-9caf-275b8f7bf6ae d403138ce1744eceb8073d7c09038044 7a132d323ce842f0afd0a5cb693f9d83 - - default default] 10.0.0.142 "GET /v2.0/routers HTTP/1.1" status: 200 len: 189 time: 0.0911329
2026-09-07 11:59:07.256 10 INFO neutron.wsgi [None req-a9556f78-8485-4296-aa2a-d0beb0a5b17b d403138ce1744eceb8073d7c09038044 7a132d323ce842f0afd0a5cb693f9d83 - - default default] 10.0.0.142 "GET /v2.0/agents?binary=ovn-controller HTTP/1.1" status: 200 len: 591 time: 0.0295939
2026-09-07 11:59:07.273 10 INFO neutron.wsgi [None req-6198e121-8d24-4f2d-a29b-fe50665881d5 d403138ce1744eceb8073d7c09038044 7a132d323ce842f0afd0a5cb693f9d83 - - default default] 10.0.0.142 "GET /v2.0/network-ip-availabilities HTTP/1.1" status: 200 len: 1280 time: 0.0162315
2026-09-07 11:59:07.361 10 INFO neutron.wsgi [None req-1ad39681-df31-406b-9e46-6bead36bd0fd d403138ce1744eceb8073d7c09038044 7a132d323ce842f0afd0a5cb693f9d83 - - default default] 10.0.0.142 "GET /v2.0/security-groups HTTP/1.1" status: 200 len: 16799 time: 0.0813401
2026-09-07 11:59:07.400 10 INFO neutron.wsgi [None req-dc7fce60-8e1a-42bc-816d-598143f466d3 d403138ce1744eceb8073d7c09038044 7a132d323ce842f0afd0a5cb693f9d83 - - default default] 10.0.0.142 "GET /v2.0/ports HTTP/1.1" status: 200 len: 5251 time: 0.0339556
2026-09-07 11:59:07.427 10 INFO neutron.wsgi [None req-99a14e28-b594-42f0-b28d-6f24c07019c0 d403138ce1744eceb8073d7c09038044 7a132d323ce842f0afd0a5cb693f9d83 - - default default] 10.0.0.142 "GET /v2.0/floatingips HTTP/1.1" status: 200 len: 193 time: 0.0220368
2026-09-07 11:59:07.484 10 INFO neutron.wsgi [None req-c69c99b8-9f0d-4237-be46-a0c39d7ee581 d403138ce1744eceb8073d7c09038044 7a132d323ce842f0afd0a5cb693f9d83 - - default default] 10.0.0.142 "GET /v2.0/networks HTTP/1.1" status: 200 len: 2350 time: 0.0568528
2026-09-07 11:59:07.513 10 INFO neutron.wsgi [None req-d9225967-65e5-47b2-a3ff-c5c780bb9773 d403138ce1744eceb8073d7c09038044 7a132d323ce842f0afd0a5cb693f9d83 - - default default] 10.0.0.142 "GET /v2.0/subnets HTTP/1.1" status: 200 len: 1437 time: 0.0264223
2026-09-07 11:59:07.523 10 INFO neutron.wsgi [None req-f4835440-6f87-4e66-a8f0-235839cde934 d403138ce1744eceb8073d7c09038044 7a132d323ce842f0afd0a5cb693f9d83 - - default default] 10.0.0.142 "GET /v2.0/subnetpools HTTP/1.1" status: 200 len: 193 time: 0.0087140
2026-09-07 11:59:07.550 10 INFO neutron.wsgi [None req-26c8da16-fc4f-4e2f-8a67-88b97b20b7c5 d403138ce1744eceb8073d7c09038044 7a132d323ce842f0afd0a5cb693f9d83 - - default default] 10.0.0.142 "GET /v2.0/subnets HTTP/1.1" status: 200 len: 1437 time: 0.0262368
2026-09-07 11:59:07.559 10 INFO neutron.wsgi [None req-3d7173b6-5160-45c4-98f6-61e65f6f6c69 d403138ce1744eceb8073d7c09038044 7a132d323ce842f0afd0a5cb693f9d83 - - default default] 10.0.0.142 "GET /v2.0/agents HTTP/1.1" status: 200 len: 997 time: 0.0086694
2026-09-07 11:59:11.585 10 INFO neutron.wsgi [-] 10.0.0.6 "GET / HTTP/1.1" status: 200 len: 247 time: 0.0012672
2026-09-07 11:59:11.587 10 INFO neutron.wsgi [-] 10.0.0.6 "GET / HTTP/1.1" status: 200 len: 247 time: 0.0008361
2026-09-07 11:59:26.583 11 INFO neutron.wsgi [-] 10.0.0.6 "GET / HTTP/1.1" status: 200 len: 247 time: 0.0011597
2026-09-07 11:59:26.585 11 INFO neutron.wsgi [-] 10.0.0.6 "GET / HTTP/1.1" status: 200 len: 247 time: 0.0008519
2026-09-07 11:59:41.584 11 INFO neutron.wsgi [-] 10.0.0.6 "GET / HTTP/1.1" status: 200 len: 247 time: 0.0021005
2026-09-07 11:59:41.587 10 INFO neutron.wsgi [-] 10.0.0.6 "GET / HTTP/1.1" status: 200 len: 247 time: 0.0037017
2026-09-07 11:59:44.685 11 INFO neutron.wsgi [None req-2b06d4ec-998a-4fd6-a9ac-1a26acdd35f3 d403138ce1744eceb8073d7c09038044 7a132d323ce842f0afd0a5cb693f9d83 - - default default] 162.253.55.119,10.0.0.6 "GET /v2.0/networks HTTP/1.1" status: 200 len: 2350 time: 0.1323183
2026-09-07 11:59:56.584 10 INFO neutron.wsgi [-] 10.0.0.6 "GET / HTTP/1.1" status: 200 len: 247 time: 0.0016179
2026-09-07 11:59:56.586 11 INFO neutron.wsgi [-] 10.0.0.6 "GET / HTTP/1.1" status: 200 len: 247 time: 0.0028317
2026-09-07 12:00:07.542 10 INFO neutron.wsgi [None req-c20e0820-5c37-4940-bb94-391642d35eb2 d403138ce1744eceb8073d7c09038044 7a132d323ce842f0afd0a5cb693f9d83 - - default default] 10.0.0.142 "GET /v2.0/floatingips HTTP/1.1" status: 200 len: 193 time: 0.2743368
2026-09-07 12:00:07.575 10 INFO neutron.wsgi [None req-596bc8bd-3bc7-4725-afae-ffc31bee77df d403138ce1744eceb8073d7c09038044 7a132d323ce842f0afd0a5cb693f9d83 - - default default] 10.0.0.142 "GET /v2.0/ports HTTP/1.1" status: 200 len: 5251 time: 0.0320020
2026-09-07 12:00:07.603 10 INFO neutron.wsgi [None req-07aa7c86-8fd3-4a6e-a472-cbdc1c8f4000 d403138ce1744eceb8073d7c09038044 7a132d323ce842f0afd0a5cb693f9d83 - - default default] 10.0.0.142 "GET /v2.0/routers HTTP/1.1" status: 200 len: 189 time: 0.0228298
2026-09-07 12:00:07.631 10 INFO neutron.wsgi [None req-ef6f46fb-6ac6-4ae7-b47d-0d3936b7a84e d403138ce1744eceb8073d7c09038044 7a132d323ce842f0afd0a5cb693f9d83 - - default default] 10.0.0.142 "GET /v2.0/agents?binary=ovn-controller HTTP/1.1" status: 200 len: 591 time: 0.0271018
2026-09-07 12:00:07.644 10 INFO neutron.wsgi [None req-2455b444-64d8-4775-9212-d06144d643db d403138ce1744eceb8073d7c09038044 7a132d323ce842f0afd0a5cb693f9d83 - - default default] 10.0.0.142 "GET /v2.0/agents HTTP/1.1" status: 200 len: 997 time: 0.0124083
2026-09-07 12:00:07.652 10 INFO neutron.wsgi [None req-1d0c8157-5b99-468a-a695-882fafb51186 d403138ce1744eceb8073d7c09038044 7a132d323ce842f0afd0a5cb693f9d83 - - default default] 10.0.0.142 "GET /v2.0/network-ip-availabilities HTTP/1.1" status: 200 len: 1280 time: 0.0070543
2026-09-07 12:00:07.705 10 INFO neutron.wsgi [None req-e917d02b-9fec-4dc5-b99f-c22c9218cc02 d403138ce1744eceb8073d7c09038044 7a132d323ce842f0afd0a5cb693f9d83 - - default default] 10.0.0.142 "GET /v2.0/networks HTTP/1.1" status: 200 len: 2350 time: 0.0515029
2026-09-07 12:00:07.759 10 INFO neutron.wsgi [None req-f6d234d4-aeba-432b-8293-d98a8869fb6b d403138ce1744eceb8073d7c09038044 7a132d323ce842f0afd0a5cb693f9d83 - - default default] 10.0.0.142 "GET /v2.0/security-groups HTTP/1.1" status: 200 len: 16799 time: 0.0521572
2026-09-07 12:00:07.792 10 INFO neutron.wsgi [None req-eb4ad998-3553-4e93-a051-3c6c1e25b779 d403138ce1744eceb8073d7c09038044 7a132d323ce842f0afd0a5cb693f9d83 - - default default] 10.0.0.142 "GET /v2.0/subnets HTTP/1.1" status: 200 len: 1437 time: 0.0250549
2026-09-07 12:00:07.809 10 INFO neutron.wsgi [None req-b828af48-85cb-46b4-9cd5-9401f924ff44 d403138ce1744eceb8073d7c09038044 7a132d323ce842f0afd0a5cb693f9d83 - - default default] 10.0.0.142 "GET /v2.0/subnetpools HTTP/1.1" status: 200 len: 193 time: 0.0158565
2026-09-07 12:00:07.830 10 INFO neutron.wsgi [None req-fa108e36-5ed7-41aa-aef7-ea4cbf7840b9 d403138ce1744eceb8073d7c09038044 7a132d323ce842f0afd0a5cb693f9d83 - - default default] 10.0.0.142 "GET /v2.0/subnets HTTP/1.1" status: 200 len: 1437 time: 0.0210807
2026-09-07 12:00:11.585 10 INFO neutron.wsgi [-] 10.0.0.6 "GET / HTTP/1.1" status: 200 len: 247 time: 0.0022526
2026-09-07 12:00:11.589 10 INFO neutron.wsgi [-] 10.0.0.6 "GET / HTTP/1.1" status: 200 len: 247 time: 0.0023208 /var/lib/openstack/lib/python3.10/site-packages/pycadf/identifier.py:71: UserWarning: Invalid uuid: neutron. To ensure interoperability, identifiers should be a valid uuid. warnings.warn(('Invalid uuid: %s. To ensure interoperability, '
2026-09-07 12:00:24.886 11 INFO neutron.wsgi [None req-9e99e6d0-763f-4799-8c13-0b0d7127239e d403138ce1744eceb8073d7c09038044 7a132d323ce842f0afd0a5cb693f9d83 - - default default] 10.0.0.114 "GET /v2.0/networks HTTP/1.1" status: 200 len: 2369 time: 0.1267376
2026-09-07 12:00:26.072 11 INFO neutron.wsgi [None req-b67c12f4-4db7-4a76-a439-73e2b6fc4d82 d403138ce1744eceb8073d7c09038044 7a132d323ce842f0afd0a5cb693f9d83 - - default default] 10.0.0.114 "GET /v2.0/floatingips HTTP/1.1" status: 200 len: 212 time: 0.0661814
2026-09-07 12:00:26.190 11 INFO neutron.wsgi [None req-7b3ab1b4-29d1-44bb-9863-94d8c0e8460c d403138ce1744eceb8073d7c09038044 7a132d323ce842f0afd0a5cb693f9d83 - - default default] 10.0.0.114 "GET /v2.0/routers HTTP/1.1" status: 200 len: 208 time: 0.1121080
2026-09-07 12:00:26.216 11 INFO neutron.wsgi [None req-593df556-cf66-4195-a4c7-07a9721a4e7e d403138ce1744eceb8073d7c09038044 7a132d323ce842f0afd0a5cb693f9d83 - - default default] 10.0.0.114 "GET /v2.0/ports HTTP/1.1" status: 200 len: 5270 time: 0.0225732
2026-09-07 12:00:26.243 11 INFO neutron.wsgi [None req-542f7d6f-bcf5-4d69-94eb-c23c2ec6667b d403138ce1744eceb8073d7c09038044 7a132d323ce842f0afd0a5cb693f9d83 - - default default] 10.0.0.114 "GET /v2.0/subnets HTTP/1.1" status: 200 len: 1456 time: 0.0236750
2026-09-07 12:00:26.294 10 INFO neutron.wsgi [None req-6d700274-6d85-42c8-940d-8eb61cb15b84 d403138ce1744eceb8073d7c09038044 7a132d323ce842f0afd0a5cb693f9d83 - - default default] 10.0.0.114 "GET /v2.0/networks HTTP/1.1" status: 200 len: 2369 time: 0.0473042
2026-09-07 12:00:26.363 10 INFO neutron.wsgi [None req-02c75879-dca7-4570-b909-8fcb75a1d01c d403138ce1744eceb8073d7c09038044 7a132d323ce842f0afd0a5cb693f9d83 - - default default] 10.0.0.114 "GET /v2.0/security-groups HTTP/1.1" status: 200 len: 16818 time: 0.0655770
2026-09-07 12:00:26.378 10 INFO neutron.wsgi [None req-af825179-c174-409b-af35-b3256d15cec5 d403138ce1744eceb8073d7c09038044 7a132d323ce842f0afd0a5cb693f9d83 - - default default] 10.0.0.114 "GET /v2.0/subnetpools HTTP/1.1" status: 200 len: 212 time: 0.0096610
2026-09-07 12:00:26.585 10 INFO neutron.wsgi [-] 10.0.0.6 "GET / HTTP/1.1" status: 200 len: 247 time: 0.0021489
2026-09-07 12:00:26.585 11 INFO neutron.wsgi [-] 10.0.0.6 "GET / HTTP/1.1" status: 200 len: 247 time: 0.0022941
2026-09-07 12:00:36.998 10 INFO neutron.db.ovn_revision_numbers_db [None req-a7ba0891-f7e1-4c63-aec5-b6df48b0f9e1 d403138ce1744eceb8073d7c09038044 7a132d323ce842f0afd0a5cb693f9d83 - - - -] Successfully bumped revision number for resource 37f18276-3222-4880-8044-6274b022067e (type: security_groups) to 1
2026-09-07 12:00:37.031 11 INFO neutron.db.ovn_revision_numbers_db [None req-dbec46f2-8848-4319-abc0-b65f8d2c88f6 d403138ce1744eceb8073d7c09038044 7a132d323ce842f0afd0a5cb693f9d83 - - - -] Successfully bumped revision number for resource 32769896-c8ec-4a68-918c-30b8586fd411 (type: security_groups) to 1
2026-09-07 12:00:37.067 10 INFO neutron.db.segments_db [None req-a7ba0891-f7e1-4c63-aec5-b6df48b0f9e1 d403138ce1744eceb8073d7c09038044 7a132d323ce842f0afd0a5cb693f9d83 - - - -] Added segment 739227cf-b6e0-4be1-8853-58695748f8d3 of type geneve for network bc9cb627-5cd9-46e7-99a4-b36e21a66db5
2026-09-07 12:00:37.100 11 INFO neutron.db.segments_db [None req-dbec46f2-8848-4319-abc0-b65f8d2c88f6 d403138ce1744eceb8073d7c09038044 7a132d323ce842f0afd0a5cb693f9d83 - - - -] Added segment ee8c3d52-208f-40c0-84e7-6253a368230a of type geneve for network 48014f2a-b20e-4988-87a7-42ebd5c99ce6
2026-09-07 12:00:37.135 11 INFO neutron.db.ovn_revision_numbers_db [None req-fce4a457-c2fb-42e2-8dd4-293c4d8d7739 d403138ce1744eceb8073d7c09038044 7a132d323ce842f0afd0a5cb693f9d83 - - - -] Successfully bumped revision number for resource 3f2de5e0-e982-459a-ae07-401bb5cb3228 (type: security_groups) to 1
2026-09-07 12:00:37.217 11 INFO neutron.db.segments_db [None req-fce4a457-c2fb-42e2-8dd4-293c4d8d7739 d403138ce1744eceb8073d7c09038044 7a132d323ce842f0afd0a5cb693f9d83 - - - -] Added segment 3bdfe868-294d-4fab-8690-1b6afc1786d6 of type geneve for network 95be3022-1edd-41ce-b65c-10da0e221b03
2026-09-07 12:00:37.218 10 INFO neutron.db.ovn_revision_numbers_db [None req-a7ba0891-f7e1-4c63-aec5-b6df48b0f9e1 d403138ce1744eceb8073d7c09038044 7a132d323ce842f0afd0a5cb693f9d83 - - - -] Successfully bumped revision number for resource bc9cb627-5cd9-46e7-99a4-b36e21a66db5 (type: networks) to 1
2026-09-07 12:00:37.245 11 INFO neutron.db.ovn_revision_numbers_db [None req-dbec46f2-8848-4319-abc0-b65f8d2c88f6 d403138ce1744eceb8073d7c09038044 7a132d323ce842f0afd0a5cb693f9d83 - - - -] Successfully bumped revision number for resource 48014f2a-b20e-4988-87a7-42ebd5c99ce6 (type: networks) to 1
2026-09-07 12:00:37.401 10 WARNING neutron.scheduler.dhcp_agent_scheduler [None req-a7ba0891-f7e1-4c63-aec5-b6df48b0f9e1 d403138ce1744eceb8073d7c09038044 7a132d323ce842f0afd0a5cb693f9d83 - - - -] No more DHCP agents
2026-09-07 12:00:37.403 10 WARNING neutron.api.rpc.agentnotifiers.dhcp_rpc_agent_api [None req-a7ba0891-f7e1-4c63-aec5-b6df48b0f9e1 d403138ce1744eceb8073d7c09038044 7a132d323ce842f0afd0a5cb693f9d83 - - - -] Unable to schedule network bc9cb627-5cd9-46e7-99a4-b36e21a66db5: no agents available; will retry on subsequent port and subnet creation events.
2026-09-07 12:00:37.405 11 INFO neutron.db.ovn_revision_numbers_db [None req-fce4a457-c2fb-42e2-8dd4-293c4d8d7739 d403138ce1744eceb8073d7c09038044 7a132d323ce842f0afd0a5cb693f9d83 - - - -] Successfully bumped revision number for resource 95be3022-1edd-41ce-b65c-10da0e221b03 (type: networks) to 1
2026-09-07 12:00:37.454 10 INFO neutron.db.ovn_revision_numbers_db [None req-a7ba0891-f7e1-4c63-aec5-b6df48b0f9e1 d403138ce1744eceb8073d7c09038044 7a132d323ce842f0afd0a5cb693f9d83 - - - -] Successfully bumped revision number for resource 6586ada4-a00b-47cb-b0ca-f4c1d8f4fe30 (type: ports) to 1
2026-09-07 12:00:37.468 10 INFO neutron.wsgi [None req-a7ba0891-f7e1-4c63-aec5-b6df48b0f9e1 d403138ce1744eceb8073d7c09038044 7a132d323ce842f0afd0a5cb693f9d83 - - - -] 10.0.0.114 "POST /v2.0/networks HTTP/1.1" status: 201 len: 947 time: 0.7024555
2026-09-07 12:00:37.509 11 WARNING neutron.scheduler.dhcp_agent_scheduler [None req-dbec46f2-8848-4319-abc0-b65f8d2c88f6 d403138ce1744eceb8073d7c09038044 7a132d323ce842f0afd0a5cb693f9d83 - - - -] No more DHCP agents
2026-09-07 12:00:37.512 11 WARNING neutron.api.rpc.agentnotifiers.dhcp_rpc_agent_api [None req-dbec46f2-8848-4319-abc0-b65f8d2c88f6 d403138ce1744eceb8073d7c09038044 7a132d323ce842f0afd0a5cb693f9d83 - - - -] Unable to schedule network 48014f2a-b20e-4988-87a7-42ebd5c99ce6: no agents available; will retry on subsequent port and subnet creation events.
2026-09-07 12:00:37.604 11 WARNING neutron.scheduler.dhcp_agent_scheduler [None req-fce4a457-c2fb-42e2-8dd4-293c4d8d7739 d403138ce1744eceb8073d7c09038044 7a132d323ce842f0afd0a5cb693f9d83 - - - -] No more DHCP agents
2026-09-07 12:00:37.604 11 INFO neutron.db.ovn_revision_numbers_db [None req-dbec46f2-8848-4319-abc0-b65f8d2c88f6 d403138ce1744eceb8073d7c09038044 7a132d323ce842f0afd0a5cb693f9d83 - - - -] Successfully bumped revision number for resource b1f9cca8-8616-43c0-9e47-570d511e7682 (type: ports) to 1
2026-09-07 12:00:37.606 11 WARNING neutron.api.rpc.agentnotifiers.dhcp_rpc_agent_api [None req-fce4a457-c2fb-42e2-8dd4-293c4d8d7739 d403138ce1744eceb8073d7c09038044 7a132d323ce842f0afd0a5cb693f9d83 - - - -] Unable to schedule network 95be3022-1edd-41ce-b65c-10da0e221b03: no agents available; will retry on subsequent port and subnet creation events.
2026-09-07 12:00:37.630 11 INFO neutron.wsgi [None req-dbec46f2-8848-4319-abc0-b65f8d2c88f6 d403138ce1744eceb8073d7c09038044 7a132d323ce842f0afd0a5cb693f9d83 - - - -] 10.0.0.114 "POST /v2.0/networks HTTP/1.1" status: 201 len: 951 time: 0.7988930
2026-09-07 12:00:37.685 11 INFO neutron.db.ovn_revision_numbers_db [None req-fce4a457-c2fb-42e2-8dd4-293c4d8d7739 d403138ce1744eceb8073d7c09038044 7a132d323ce842f0afd0a5cb693f9d83 - - - -] Successfully bumped revision number for resource f9475967-1804-4c49-a3cd-d74d0a176cbd (type: ports) to 1
2026-09-07 12:00:37.701 11 INFO neutron.wsgi [None req-fce4a457-c2fb-42e2-8dd4-293c4d8d7739 d403138ce1744eceb8073d7c09038044 7a132d323ce842f0afd0a5cb693f9d83 - - - -] 10.0.0.114 "POST /v2.0/networks HTTP/1.1" status: 201 len: 954 time: 0.7529774
2026-09-07 12:00:37.726 10 WARNING neutron.scheduler.dhcp_agent_scheduler [None req-8c4fda2e-6622-4684-aa31-bb3b2c6c3ba0 d403138ce1744eceb8073d7c09038044 7a132d323ce842f0afd0a5cb693f9d83 - - - -] No more DHCP agents
2026-09-07 12:00:37.730 10 WARNING neutron.api.rpc.agentnotifiers.dhcp_rpc_agent_api [None req-8c4fda2e-6622-4684-aa31-bb3b2c6c3ba0 d403138ce1744eceb8073d7c09038044 7a132d323ce842f0afd0a5cb693f9d83 - - - -] Unable to schedule network bc9cb627-5cd9-46e7-99a4-b36e21a66db5: no agents available; will retry on subsequent port and subnet creation events.
2026-09-07 12:00:37.851 11 WARNING neutron.scheduler.dhcp_agent_scheduler [None req-fdf7800b-94dc-415f-a8ba-713cf78d7cb4 d403138ce1744eceb8073d7c09038044 7a132d323ce842f0afd0a5cb693f9d83 - - - -] No more DHCP agents
2026-09-07 12:00:37.852 11 WARNING neutron.api.rpc.agentnotifiers.dhcp_rpc_agent_api [None req-fdf7800b-94dc-415f-a8ba-713cf78d7cb4 d403138ce1744eceb8073d7c09038044 7a132d323ce842f0afd0a5cb693f9d83 - - - -] Unable to schedule network 95be3022-1edd-41ce-b65c-10da0e221b03: no agents available; will retry on subsequent port and subnet creation events.
2026-09-07 12:00:37.883 10 WARNING neutron.scheduler.dhcp_agent_scheduler [None req-ac029a41-a0a0-46c9-b904-d695aff8493c d403138ce1744eceb8073d7c09038044 7a132d323ce842f0afd0a5cb693f9d83 - - - -] No more DHCP agents
2026-09-07 12:00:37.885 10 WARNING neutron.api.rpc.agentnotifiers.dhcp_rpc_agent_api [None req-ac029a41-a0a0-46c9-b904-d695aff8493c d403138ce1744eceb8073d7c09038044 7a132d323ce842f0afd0a5cb693f9d83 - - - -] Unable to schedule network 48014f2a-b20e-4988-87a7-42ebd5c99ce6: no agents available; will retry on subsequent port and subnet creation events.
2026-09-07 12:00:37.890 11 INFO neutron.db.ovn_revision_numbers_db [None req-5a04104e-7bb4-40c8-9fd9-96b58046ca98 d403138ce1744eceb8073d7c09038044 7a132d323ce842f0afd0a5cb693f9d83 - - default default] Successfully bumped revision number for resource 026a6b4d-0488-4be0-a9cf-e89f13804c89 (type: security_groups) to 1
2026-09-07 12:00:37.918 11 INFO neutron.wsgi [None req-5a04104e-7bb4-40c8-9fd9-96b58046ca98 d403138ce1744eceb8073d7c09038044 7a132d323ce842f0afd0a5cb693f9d83 - - default default] 10.0.0.114 "GET /v2.0/security-groups?tenant_id=16803ad55eda48ffaa7526bca9377b81&name=default HTTP/1.1" status: 200 len: 2992 time: 0.2596767
2026-09-07 12:00:38.314 11 INFO neutron.wsgi [None req-fd73334c-50c1-4f15-a0c9-ae1505187657 d403138ce1744eceb8073d7c09038044 7a132d323ce842f0afd0a5cb693f9d83 - - - -] 10.0.0.114 "DELETE /v2.0/security-groups/026a6b4d-0488-4be0-a9cf-e89f13804c89 HTTP/1.1" status: 204 len: 168 time: 0.3885827
2026-09-07 12:00:38.434 11 INFO neutron.db.ovn_revision_numbers_db [None req-fdf7800b-94dc-415f-a8ba-713cf78d7cb4 d403138ce1744eceb8073d7c09038044 7a132d323ce842f0afd0a5cb693f9d83 - - - -] Successfully bumped revision number for resource f9475967-1804-4c49-a3cd-d74d0a176cbd (type: ports) to 2
2026-09-07 12:00:38.448 11 INFO neutron.db.ovn_revision_numbers_db [None req-fdf7800b-94dc-415f-a8ba-713cf78d7cb4 d403138ce1744eceb8073d7c09038044 7a132d323ce842f0afd0a5cb693f9d83 - - - -] Successfully bumped revision number for resource 2d5aeeae-5d8a-473f-b0c3-7a24a3c35280 (type: subnets) to 0
2026-09-07 12:00:38.473 11 INFO neutron.wsgi [None req-fdf7800b-94dc-415f-a8ba-713cf78d7cb4 d403138ce1744eceb8073d7c09038044 7a132d323ce842f0afd0a5cb693f9d83 - - - -] 10.0.0.114 "POST /v2.0/subnets HTTP/1.1" status: 201 len: 874 time: 0.7674682
2026-09-07 12:00:38.499 10 INFO neutron.db.ovn_revision_numbers_db [None req-8c4fda2e-6622-4684-aa31-bb3b2c6c3ba0 d403138ce1744eceb8073d7c09038044 7a132d323ce842f0afd0a5cb693f9d83 - - - -] Successfully bumped revision number for resource 6586ada4-a00b-47cb-b0ca-f4c1d8f4fe30 (type: ports) to 2
2026-09-07 12:00:38.526 10 INFO neutron.db.ovn_revision_numbers_db [None req-8c4fda2e-6622-4684-aa31-bb3b2c6c3ba0 d403138ce1744eceb8073d7c09038044 7a132d323ce842f0afd0a5cb693f9d83 - - - -] Successfully bumped revision number for resource 4e89d065-15db-4d43-82da-47dec16ef229 (type: subnets) to 0
2026-09-07 12:00:38.548 10 INFO neutron.wsgi [None req-8c4fda2e-6622-4684-aa31-bb3b2c6c3ba0 d403138ce1744eceb8073d7c09038044 7a132d323ce842f0afd0a5cb693f9d83 - - - -] 10.0.0.114 "POST /v2.0/subnets HTTP/1.1" status: 201 len: 867 time: 1.0750694
2026-09-07 12:00:38.622 10 INFO neutron.db.ovn_revision_numbers_db [None req-ac029a41-a0a0-46c9-b904-d695aff8493c d403138ce1744eceb8073d7c09038044 7a132d323ce842f0afd0a5cb693f9d83 - - - -] Successfully bumped revision number for resource b1f9cca8-8616-43c0-9e47-570d511e7682 (type: ports) to 2
2026-09-07 12:00:38.655 10 INFO neutron.db.ovn_revision_numbers_db [None req-ac029a41-a0a0-46c9-b904-d695aff8493c d403138ce1744eceb8073d7c09038044 7a132d323ce842f0afd0a5cb693f9d83 - - - -] Successfully bumped revision number for resource 51c2a823-d601-49f6-a526-83afd70ed351 (type: subnets) to 0
2026-09-07 12:00:38.685 10 INFO neutron.wsgi [None req-ac029a41-a0a0-46c9-b904-d695aff8493c d403138ce1744eceb8073d7c09038044 7a132d323ce842f0afd0a5cb693f9d83 - - - -] 10.0.0.114 "POST /v2.0/subnets HTTP/1.1" status: 201 len: 871 time: 1.0447185
2026-09-07 12:00:39.025 10 WARNING neutron.scheduler.dhcp_agent_scheduler [None req-712c53a9-85cb-4189-84de-094ed094dc43 d403138ce1744eceb8073d7c09038044 7a132d323ce842f0afd0a5cb693f9d83 - - - -] No more DHCP agents
2026-09-07 12:00:39.027 10 WARNING neutron.api.rpc.agentnotifiers.dhcp_rpc_agent_api [None req-712c53a9-85cb-4189-84de-094ed094dc43 d403138ce1744eceb8073d7c09038044 7a132d323ce842f0afd0a5cb693f9d83 - - - -] Unable to schedule network ea6d7a53-7244-466b-9aae-a652e3279fcb: no agents available; will retry on subsequent port and subnet creation events.
2026-09-07 12:00:39.126 10 INFO neutron.db.ovn_revision_numbers_db [None req-712c53a9-85cb-4189-84de-094ed094dc43 d403138ce1744eceb8073d7c09038044 7a132d323ce842f0afd0a5cb693f9d83 - - - -] Successfully bumped revision number for resource 24ad730b-9cc8-49f6-80f2-3a3fe0bc1b5c (type: ports) to 1
2026-09-07 12:00:39.131 11 WARNING neutron.scheduler.dhcp_agent_scheduler [None req-2b8c4c3f-11bf-4438-8f2a-98b3eb1501e8 d403138ce1744eceb8073d7c09038044 7a132d323ce842f0afd0a5cb693f9d83 - - - -] No more DHCP agents
2026-09-07 12:00:39.132 11 WARNING neutron.api.rpc.agentnotifiers.dhcp_rpc_agent_api [None req-2b8c4c3f-11bf-4438-8f2a-98b3eb1501e8 d403138ce1744eceb8073d7c09038044 7a132d323ce842f0afd0a5cb693f9d83 - - - -] Unable to schedule network ea6d7a53-7244-466b-9aae-a652e3279fcb: no agents available; will retry on subsequent port and subnet creation events.
2026-09-07 12:00:39.324 11 INFO neutron.db.ovn_revision_numbers_db [None req-2b8c4c3f-11bf-4438-8f2a-98b3eb1501e8 d403138ce1744eceb8073d7c09038044 7a132d323ce842f0afd0a5cb693f9d83 - - - -] Successfully bumped revision number for resource 14ecaf13-481a-4569-812a-529b2aeeb1c0 (type: ports) to 1
2026-09-07 12:00:39.423 11 WARNING neutron.scheduler.dhcp_agent_scheduler [None req-95167e93-ff8d-4982-8195-7d79283a3057 d403138ce1744eceb8073d7c09038044 7a132d323ce842f0afd0a5cb693f9d83 - - - -] No more DHCP agents
2026-09-07 12:00:39.427 11 WARNING neutron.api.rpc.agentnotifiers.dhcp_rpc_agent_api [None req-95167e93-ff8d-4982-8195-7d79283a3057 d403138ce1744eceb8073d7c09038044 7a132d323ce842f0afd0a5cb693f9d83 - - - -] Unable to schedule network ea6d7a53-7244-466b-9aae-a652e3279fcb: no agents available; will retry on subsequent port and subnet creation events.
2026-09-07 12:00:39.508 10 INFO neutron.plugins.ml2.drivers.ovn.mech_driver.ovsdb.extensions.qos [None req-712c53a9-85cb-4189-84de-094ed094dc43 d403138ce1744eceb8073d7c09038044 7a132d323ce842f0afd0a5cb693f9d83 - - - -] Starting OVNClientQosExtension
2026-09-07 12:00:39.574 11 INFO neutron.db.ovn_revision_numbers_db [None req-95167e93-ff8d-4982-8195-7d79283a3057 d403138ce1744eceb8073d7c09038044 7a132d323ce842f0afd0a5cb693f9d83 - - - -] Successfully bumped revision number for resource d1afc91e-5557-421f-a2f2-b71401933fe0 (type: ports) to 1
2026-09-07 12:00:39.678 11 INFO neutron.plugins.ml2.drivers.ovn.mech_driver.ovsdb.extensions.qos [None req-2b8c4c3f-11bf-4438-8f2a-98b3eb1501e8 d403138ce1744eceb8073d7c09038044 7a132d323ce842f0afd0a5cb693f9d83 - - - -] Starting OVNClientQosExtension
2026-09-07 12:00:39.780 10 INFO neutron.db.ovn_revision_numbers_db [None req-712c53a9-85cb-4189-84de-094ed094dc43 d403138ce1744eceb8073d7c09038044 7a132d323ce842f0afd0a5cb693f9d83 - - - -] Successfully bumped revision number for resource 24ad730b-9cc8-49f6-80f2-3a3fe0bc1b5c (type: router_ports) to 1
2026-09-07 12:00:39.807 11 INFO neutron.plugins.ml2.drivers.ovn.mech_driver.ovsdb.ovsdb_monitor [-] Router 095994b6-f672-45ed-a760-29397677620f is bound to host instance
2026-09-07 12:00:39.820 11 INFO neutron.plugins.ml2.drivers.ovn.mech_driver.mech_driver [None req-0b022f37-6116-4660-bff2-669a46331ce8 - - - - - -] OVN reports status up for port: 24ad730b-9cc8-49f6-80f2-3a3fe0bc1b5c
2026-09-07 12:00:39.869 10 INFO neutron.db.ovn_revision_numbers_db [None req-712c53a9-85cb-4189-84de-094ed094dc43 d403138ce1744eceb8073d7c09038044 7a132d323ce842f0afd0a5cb693f9d83 - - - -] Successfully bumped revision number for resource 095994b6-f672-45ed-a760-29397677620f (type: routers) to 3
2026-09-07 12:00:39.871 11 INFO neutron.plugins.ml2.plugin [None req-0b022f37-6116-4660-bff2-669a46331ce8 - - - - - -] Attempt 1 to provision port 24ad730b-9cc8-49f6-80f2-3a3fe0bc1b5c
2026-09-07 12:00:39.886 10 INFO neutron.wsgi [None req-712c53a9-85cb-4189-84de-094ed094dc43 d403138ce1744eceb8073d7c09038044 7a132d323ce842f0afd0a5cb693f9d83 - - - -] 10.0.0.114 "POST /v2.0/routers HTTP/1.1" status: 201 len: 878 time: 1.3331182
2026-09-07 12:00:40.311 10 WARNING neutron.scheduler.dhcp_agent_scheduler [None req-5e9ff9da-d854-41ab-bb1e-550aa8ba302a d403138ce1744eceb8073d7c09038044 7a132d323ce842f0afd0a5cb693f9d83 - - default default] No more DHCP agents
2026-09-07 12:00:40.319 10 WARNING neutron.api.rpc.agentnotifiers.dhcp_rpc_agent_api [None req-5e9ff9da-d854-41ab-bb1e-550aa8ba302a d403138ce1744eceb8073d7c09038044 7a132d323ce842f0afd0a5cb693f9d83 - - default default] Unable to schedule network bc9cb627-5cd9-46e7-99a4-b36e21a66db5: no agents available; will retry on subsequent port and subnet creation events.
2026-09-07 12:00:40.591 10 INFO neutron.plugins.ml2.drivers.ovn.mech_driver.ovsdb.ovsdb_monitor [-] Router 490ec2e5-3bb5-494b-8e83-78401bc88168 is bound to host instance
2026-09-07 12:00:40.599 11 INFO neutron.db.ovn_revision_numbers_db [None req-2b8c4c3f-11bf-4438-8f2a-98b3eb1501e8 d403138ce1744eceb8073d7c09038044 7a132d323ce842f0afd0a5cb693f9d83 - - - -] Successfully bumped revision number for resource 14ecaf13-481a-4569-812a-529b2aeeb1c0 (type: router_ports) to 1
2026-09-07 12:00:40.678 10 INFO neutron.db.ovn_revision_numbers_db [None req-23708bd6-8bc2-4eba-929b-2f5f795afd21 d403138ce1744eceb8073d7c09038044 7a132d323ce842f0afd0a5cb693f9d83 - - - -] Successfully bumped revision number for resource a899f3ca-f5d3-4ba1-9708-519e2379db70 (type: security_groups) to 1
2026-09-07 12:00:40.684 10 INFO neutron.db.ovn_revision_numbers_db [None req-5e9ff9da-d854-41ab-bb1e-550aa8ba302a d403138ce1744eceb8073d7c09038044 7a132d323ce842f0afd0a5cb693f9d83 - - default default] Successfully bumped revision number for resource ec7475a3-fcc3-4230-9c47-2b1160863047 (type: ports) to 1
2026-09-07 12:00:40.711 11 INFO neutron.db.ovn_revision_numbers_db [None req-2b8c4c3f-11bf-4438-8f2a-98b3eb1501e8 d403138ce1744eceb8073d7c09038044 7a132d323ce842f0afd0a5cb693f9d83 - - - -] Successfully bumped revision number for resource 490ec2e5-3bb5-494b-8e83-78401bc88168 (type: routers) to 3
2026-09-07 12:00:40.742 11 INFO neutron.wsgi [None req-2b8c4c3f-11bf-4438-8f2a-98b3eb1501e8 d403138ce1744eceb8073d7c09038044 7a132d323ce842f0afd0a5cb693f9d83 - - - -] 10.0.0.114 "POST /v2.0/routers HTTP/1.1" status: 201 len: 885 time: 2.2618222
2026-09-07 12:00:40.776 10 INFO neutron.db.segments_db [None req-23708bd6-8bc2-4eba-929b-2f5f795afd21 d403138ce1744eceb8073d7c09038044 7a132d323ce842f0afd0a5cb693f9d83 - - - -] Added segment 656bf3c0-94ec-428d-b76c-19ef1e3baf50 of type geneve for network 7ebfc4f7-64e0-4545-9309-152b0f690642
2026-09-07 12:00:40.826 11 INFO neutron.db.ovn_revision_numbers_db [None req-81bbed4c-f576-4d37-b117-88c388cbe6cb - - - - - -] Successfully bumped revision number for resource 24ad730b-9cc8-49f6-80f2-3a3fe0bc1b5c (type: ports) to 1
2026-09-07 12:00:40.881 10 INFO neutron.plugins.ml2.drivers.ovn.mech_driver.mech_driver [None req-313176cf-d53f-4311-8fb9-daf873312325 - - - - - -] OVN reports status up for port: d1afc91e-5557-421f-a2f2-b71401933fe0
2026-09-07 12:00:40.899 11 INFO neutron.db.ovn_revision_numbers_db [None req-95167e93-ff8d-4982-8195-7d79283a3057 d403138ce1744eceb8073d7c09038044 7a132d323ce842f0afd0a5cb693f9d83 - - - -] Successfully bumped revision number for resource d1afc91e-5557-421f-a2f2-b71401933fe0 (type: router_ports) to 1
2026-09-07 12:00:40.903 10 INFO neutron.plugins.ml2.plugin [None req-313176cf-d53f-4311-8fb9-daf873312325 - - - - - -] Attempt 1 to provision port d1afc91e-5557-421f-a2f2-b71401933fe0
2026-09-07 12:00:41.024 11 INFO neutron.db.ovn_revision_numbers_db [None req-95167e93-ff8d-4982-8195-7d79283a3057 d403138ce1744eceb8073d7c09038044 7a132d323ce842f0afd0a5cb693f9d83 - - - -] Successfully bumped revision number for resource f5e9395b-922e-4c9c-a094-54252e949955 (type: routers) to 3
2026-09-07 12:00:41.074 11 INFO neutron.wsgi [None req-95167e93-ff8d-4982-8195-7d79283a3057 d403138ce1744eceb8073d7c09038044 7a132d323ce842f0afd0a5cb693f9d83 - - - -] 10.0.0.114 "POST /v2.0/routers HTTP/1.1" status: 201 len: 882 time: 2.3843949
2026-09-07 12:00:41.093 10 INFO neutron.db.ovn_revision_numbers_db [None req-23708bd6-8bc2-4eba-929b-2f5f795afd21 d403138ce1744eceb8073d7c09038044 7a132d323ce842f0afd0a5cb693f9d83 - - - -] Successfully bumped revision number for resource 7ebfc4f7-64e0-4545-9309-152b0f690642 (type: networks) to 1
2026-09-07 12:00:41.543 11 INFO neutron.db.ovn_revision_numbers_db [None req-81bbed4c-f576-4d37-b117-88c388cbe6cb - - - - - -] Successfully bumped revision number for resource 24ad730b-9cc8-49f6-80f2-3a3fe0bc1b5c (type: router_ports) to 3
2026-09-07 12:00:41.578 10 WARNING neutron.scheduler.dhcp_agent_scheduler [None req-23708bd6-8bc2-4eba-929b-2f5f795afd21 d403138ce1744eceb8073d7c09038044 7a132d323ce842f0afd0a5cb693f9d83 - - - -] No more DHCP agents
2026-09-07 12:00:41.584 10 INFO neutron.wsgi [-] 10.0.0.6 "GET / HTTP/1.1" status: 200 len: 247 time: 0.0012157
2026-09-07 12:00:41.586 10 INFO neutron.wsgi [-] 10.0.0.6 "GET / HTTP/1.1" status: 200 len: 247 time: 0.0009229
2026-09-07 12:00:41.589 10 WARNING neutron.api.rpc.agentnotifiers.dhcp_rpc_agent_api [None req-23708bd6-8bc2-4eba-929b-2f5f795afd21 d403138ce1744eceb8073d7c09038044 7a132d323ce842f0afd0a5cb693f9d83 - - - -] Unable to schedule network 7ebfc4f7-64e0-4545-9309-152b0f690642: no agents available; will retry on subsequent port and subnet creation events.
2026-09-07 12:00:41.612 11 WARNING neutron.scheduler.dhcp_agent_scheduler [None req-9d6f162c-30d0-4469-95c8-c7996dadc7cf d403138ce1744eceb8073d7c09038044 7a132d323ce842f0afd0a5cb693f9d83 - - default default] No more DHCP agents
2026-09-07 12:00:41.623 11 WARNING neutron.api.rpc.agentnotifiers.dhcp_rpc_agent_api [None req-9d6f162c-30d0-4469-95c8-c7996dadc7cf d403138ce1744eceb8073d7c09038044 7a132d323ce842f0afd0a5cb693f9d83 - - default default] Unable to schedule network 95be3022-1edd-41ce-b65c-10da0e221b03: no agents available; will retry on subsequent port and subnet creation events.
2026-09-07 12:00:41.711 10 INFO neutron.db.ovn_revision_numbers_db [None req-23708bd6-8bc2-4eba-929b-2f5f795afd21 d403138ce1744eceb8073d7c09038044 7a132d323ce842f0afd0a5cb693f9d83 - - - -] Successfully bumped revision number for resource 5858692e-cba9-4006-8816-e5fe37ebf058 (type: ports) to 1
2026-09-07 12:00:41.735 10 INFO neutron.db.ovn_revision_numbers_db [None req-5e9ff9da-d854-41ab-bb1e-550aa8ba302a d403138ce1744eceb8073d7c09038044 7a132d323ce842f0afd0a5cb693f9d83 - - default default] Successfully bumped revision number for resource ec7475a3-fcc3-4230-9c47-2b1160863047 (type: router_ports) to 2
2026-09-07 12:00:41.739 11 INFO neutron.db.ovn_revision_numbers_db [None req-81bbed4c-f576-4d37-b117-88c388cbe6cb - - - - - -] Successfully bumped revision number for resource 24ad730b-9cc8-49f6-80f2-3a3fe0bc1b5c (type: ports) to 2
2026-09-07 12:00:41.750 10 INFO neutron.wsgi [None req-23708bd6-8bc2-4eba-929b-2f5f795afd21 d403138ce1744eceb8073d7c09038044 7a132d323ce842f0afd0a5cb693f9d83 - - - -] 10.0.0.114 "POST /v2.0/networks HTTP/1.1" status: 201 len: 949 time: 1.5412641
2026-09-07 12:00:41.751 10 INFO neutron.db.ovn_revision_numbers_db [None req-e399731f-417b-4b1c-8c6d-31ae85895354 - - - - - -] Successfully bumped revision number for resource 14ecaf13-481a-4569-812a-529b2aeeb1c0 (type: ports) to 1
2026-09-07 12:00:41.829 11 INFO neutron.db.ovn_revision_numbers_db [None req-9d6f162c-30d0-4469-95c8-c7996dadc7cf d403138ce1744eceb8073d7c09038044 7a132d323ce842f0afd0a5cb693f9d83 - - default default] Successfully bumped revision number for resource a6dc7290-b48c-4513-837e-d022d912d7d6 (type: ports) to 1
2026-09-07 12:00:41.907 10 INFO neutron.db.ovn_revision_numbers_db [None req-5e9ff9da-d854-41ab-bb1e-550aa8ba302a d403138ce1744eceb8073d7c09038044 7a132d323ce842f0afd0a5cb693f9d83 - - default default] Successfully bumped revision number for resource ec7475a3-fcc3-4230-9c47-2b1160863047 (type: ports) to 2
2026-09-07 12:00:42.012 10 WARNING neutron.scheduler.dhcp_agent_scheduler [None req-27f3addf-a933-4995-bb1f-bec63ecf2bf8 d403138ce1744eceb8073d7c09038044 7a132d323ce842f0afd0a5cb693f9d83 - - - -] No more DHCP agents
2026-09-07 12:00:42.017 10 WARNING neutron.api.rpc.agentnotifiers.dhcp_rpc_agent_api [None req-27f3addf-a933-4995-bb1f-bec63ecf2bf8 d403138ce1744eceb8073d7c09038044 7a132d323ce842f0afd0a5cb693f9d83 - - - -] Unable to schedule network 7ebfc4f7-64e0-4545-9309-152b0f690642: no agents available; will retry on subsequent port and subnet creation events.
2026-09-07 12:00:42.045 10 WARNING neutron.scheduler.dhcp_agent_scheduler [None req-5e9ff9da-d854-41ab-bb1e-550aa8ba302a d403138ce1744eceb8073d7c09038044 7a132d323ce842f0afd0a5cb693f9d83 - - default default] No more DHCP agents
2026-09-07 12:00:42.056 10 WARNING neutron.api.rpc.agentnotifiers.dhcp_rpc_agent_api [None req-5e9ff9da-d854-41ab-bb1e-550aa8ba302a d403138ce1744eceb8073d7c09038044 7a132d323ce842f0afd0a5cb693f9d83 - - default default] Unable to schedule network bc9cb627-5cd9-46e7-99a4-b36e21a66db5: no agents available; will retry on subsequent port and subnet creation events.
2026-09-07 12:00:42.105 11 WARNING neutron.scheduler.dhcp_agent_scheduler [None req-83850846-66bf-4d29-9a90-09a94cdecdf0 d403138ce1744eceb8073d7c09038044 7a132d323ce842f0afd0a5cb693f9d83 - - default default] No more DHCP agents
2026-09-07 12:00:42.107 11 WARNING neutron.api.rpc.agentnotifiers.dhcp_rpc_agent_api [None req-83850846-66bf-4d29-9a90-09a94cdecdf0 d403138ce1744eceb8073d7c09038044 7a132d323ce842f0afd0a5cb693f9d83 - - default default] Unable to schedule network 48014f2a-b20e-4988-87a7-42ebd5c99ce6: no agents available; will retry on subsequent port and subnet creation events.
2026-09-07 12:00:42.265 10 INFO neutron.db.ovn_revision_numbers_db [None req-e399731f-417b-4b1c-8c6d-31ae85895354 - - - - - -] Successfully bumped revision number for resource 14ecaf13-481a-4569-812a-529b2aeeb1c0 (type: router_ports) to 3
2026-09-07 12:00:42.285 11 INFO neutron.db.ovn_revision_numbers_db [None req-81bbed4c-f576-4d37-b117-88c388cbe6cb - - - - - -] Successfully bumped revision number for resource 24ad730b-9cc8-49f6-80f2-3a3fe0bc1b5c (type: ports) to 4
