2026-09-07 12:03:02.071 10 INFO neutron.wsgi [None req-681b0dc9-8558-4c0b-9e19-0f714f099dd9 83ebb813710f474295b2b0c8f4eb13e0 a90a97ee342648b48c22db19706f1fc3 - - default default] 10.0.0.114 "GET /v2.0/ports?device_id=e2ead448-0fcd-461f-9736-f32480870335 HTTP/1.1" status: 200 len: 1356 time: 0.0274954
2026-09-07 12:03:02.324 10 INFO neutron.db.l3_db [None req-5dd9af4b-ff83-4fac-86c2-afb7b4e383f1 f1b6a68fd0684d75ad77c39d9867c41a 5c9a4561782649308027e30e363f961c - - - -] Floating IP 012f32b4-7bd0-4b8b-b10f-66c78f26073e associated. External IP: 10.96.250.202, port: a8a8d2fa-aab0-4e39-afbf-eca53ffb3f0b.
2026-09-07 12:03:02.536 10 INFO neutron.db.ovn_revision_numbers_db [None req-5dd9af4b-ff83-4fac-86c2-afb7b4e383f1 f1b6a68fd0684d75ad77c39d9867c41a 5c9a4561782649308027e30e363f961c - - - -] Successfully bumped revision number for resource 012f32b4-7bd0-4b8b-b10f-66c78f26073e (type: floatingips) to 4
2026-09-07 12:03:02.602 11 INFO neutron.db.ovn_revision_numbers_db [None req-02534603-63e8-4872-912c-f3ab3e7f1d81 d403138ce1744eceb8073d7c09038044 7a132d323ce842f0afd0a5cb693f9d83 - - - -] Successfully bumped revision number for resource d6e9dc14-3ff0-4629-8adb-9b7b04a77124 (type: router_ports) to 3
2026-09-07 12:03:02.604 11 INFO neutron.wsgi [None req-02534603-63e8-4872-912c-f3ab3e7f1d81 d403138ce1744eceb8073d7c09038044 7a132d323ce842f0afd0a5cb693f9d83 - - - -] 10.0.0.114 "PUT /v2.0/routers/9e6b38dd-c713-4355-a342-fc8643d0eaf4/add_router_interface HTTP/1.1" status: 200 len: 503 time: 2.9440491
2026-09-07 12:03:02.640 10 INFO neutron.db.ovn_revision_numbers_db [None req-5dd9af4b-ff83-4fac-86c2-afb7b4e383f1 f1b6a68fd0684d75ad77c39d9867c41a 5c9a4561782649308027e30e363f961c - - - -] Successfully bumped revision number for resource 012f32b4-7bd0-4b8b-b10f-66c78f26073e (type: floatingips) to 5
2026-09-07 12:03:02.667 10 INFO neutron.wsgi [None req-5dd9af4b-ff83-4fac-86c2-afb7b4e383f1 f1b6a68fd0684d75ad77c39d9867c41a 5c9a4561782649308027e30e363f961c - - - -] 10.0.0.114 "PUT /v2.0/floatingips/012f32b4-7bd0-4b8b-b10f-66c78f26073e HTTP/1.1" status: 200 len: 1049 time: 0.5822308
2026-09-07 12:03:02.727 11 INFO neutron.wsgi [None req-3f68b38c-071a-409a-87b9-b5e908b1aad2 f1b6a68fd0684d75ad77c39d9867c41a 5c9a4561782649308027e30e363f961c - - default default] 10.0.0.114 "GET /v2.0/floatingips/012f32b4-7bd0-4b8b-b10f-66c78f26073e HTTP/1.1" status: 200 len: 1051 time: 0.0557656 /var/lib/openstack/lib/python3.10/site-packages/pycadf/identifier.py:71: UserWarning: Invalid uuid: neutron. To ensure interoperability, identifiers should be a valid uuid. warnings.warn(('Invalid uuid: %s. To ensure interoperability, '
2026-09-07 12:03:02.930 10 INFO neutron.wsgi [req-57530f2b-5475-442a-a7d4-4b6f12dd23c7 req-a7caacda-edfa-40d1-9c58-23e102d9c512 10560b071e7f46efb615c09609f94cd3 11b0e814e0d043c296fc8552e8e5e725 - - default default] 10.0.0.14 "GET /v2.0/ports?device_id=2d44d9bb-5110-4ece-9637-270f9369303c HTTP/1.1" status: 200 len: 1174 time: 0.0914514
2026-09-07 12:03:02.951 10 INFO neutron.notifiers.nova [-] Nova event matching ['req-5995fe1c-629c-4ea4-9a2e-2adb0fd849f8'] response: {'server_uuid': 'e2ead448-0fcd-461f-9736-f32480870335', 'name': 'network-vif-plugged', 'status': 'completed', 'tag': 'a8a8d2fa-aab0-4e39-afbf-eca53ffb3f0b', 'code': 200}
2026-09-07 12:03:02.951 10 INFO neutron.notifiers.nova [-] Nova event matching ['req-5995fe1c-629c-4ea4-9a2e-2adb0fd849f8'] response: {'name': 'network-changed', 'server_uuid': 'e2ead448-0fcd-461f-9736-f32480870335', 'tag': 'a8a8d2fa-aab0-4e39-afbf-eca53ffb3f0b', 'status': 'completed', 'code': 200}
2026-09-07 12:03:02.979 10 INFO neutron.wsgi [req-57530f2b-5475-442a-a7d4-4b6f12dd23c7 req-a9bc9f46-e38a-4e3b-aab0-1033fe036151 10560b071e7f46efb615c09609f94cd3 11b0e814e0d043c296fc8552e8e5e725 - - default default] 10.0.0.14 "GET /v2.0/security-groups?id=a2d1cf30-7e7d-4dfc-be13-d8303e920264&fields=id&fields=name HTTP/1.1" status: 200 len: 313 time: 0.0426819
2026-09-07 12:03:02.999 11 INFO neutron.wsgi [req-7c59f3de-889c-4bb7-a90e-e50061238e84 req-68657b5d-3806-40ce-9ef1-d1c2b79f33c7 2824304a5d8e4b138bd91380e055924d f7beba7ba89940159358713cdd54b77c - - 98a0bd3542fd4f8dbfed0a5f0ac97cd2 98a0bd3542fd4f8dbfed0a5f0ac97cd2] 162.253.55.119 "GET /v2.0/ports?tenant_id=5c9a4561782649308027e30e363f961c&device_id=e2ead448-0fcd-461f-9736-f32480870335 HTTP/1.1" status: 200 len: 1361 time: 0.0279324
2026-09-07 12:03:03.071 11 INFO neutron.wsgi [req-7c59f3de-889c-4bb7-a90e-e50061238e84 req-a72175ba-ead2-4f8a-8212-d0b0b98e09d4 2824304a5d8e4b138bd91380e055924d f7beba7ba89940159358713cdd54b77c - - 98a0bd3542fd4f8dbfed0a5f0ac97cd2 98a0bd3542fd4f8dbfed0a5f0ac97cd2] 162.253.55.119 "GET /v2.0/networks?id=0b4d1f52-f31c-431a-9b2d-e56783429578 HTTP/1.1" status: 200 len: 959 time: 0.0576160
2026-09-07 12:03:03.131 11 INFO neutron.wsgi [req-7c59f3de-889c-4bb7-a90e-e50061238e84 req-6f50e492-7b00-412f-999f-73f365f54223 2824304a5d8e4b138bd91380e055924d f7beba7ba89940159358713cdd54b77c - - 98a0bd3542fd4f8dbfed0a5f0ac97cd2 98a0bd3542fd4f8dbfed0a5f0ac97cd2] 162.253.55.119 "GET /v2.0/floatingips?fixed_ip_address=10.100.0.9&port_id=a8a8d2fa-aab0-4e39-afbf-eca53ffb3f0b HTTP/1.1" status: 200 len: 1059 time: 0.0531464
2026-09-07 12:03:03.167 11 INFO neutron.wsgi [req-7c59f3de-889c-4bb7-a90e-e50061238e84 req-815bcdde-10d6-448d-aa93-6669e60a06c2 2824304a5d8e4b138bd91380e055924d f7beba7ba89940159358713cdd54b77c - - 98a0bd3542fd4f8dbfed0a5f0ac97cd2 98a0bd3542fd4f8dbfed0a5f0ac97cd2] 162.253.55.119 "GET /v2.0/subnets?id=a7556450-8ee7-4aa6-a0e8-d1c2921b5279 HTTP/1.1" status: 200 len: 853 time: 0.0281947
2026-09-07 12:03:03.191 10 INFO neutron.wsgi [req-6975741d-2f0c-41ea-857a-739bb870a85c req-5b75f87e-e28f-4140-9d4a-d96921fed0b6 10560b071e7f46efb615c09609f94cd3 11b0e814e0d043c296fc8552e8e5e725 - - default default] 10.0.0.14 "GET /v2.0/ports?device_id=2d44d9bb-5110-4ece-9637-270f9369303c HTTP/1.1" status: 200 len: 1174 time: 0.0293651
2026-09-07 12:03:03.200 11 INFO neutron.wsgi [req-7c59f3de-889c-4bb7-a90e-e50061238e84 req-82a5631f-86ff-4d88-95a2-b7073e0ee187 2824304a5d8e4b138bd91380e055924d f7beba7ba89940159358713cdd54b77c - - 98a0bd3542fd4f8dbfed0a5f0ac97cd2 98a0bd3542fd4f8dbfed0a5f0ac97cd2] 162.253.55.119 "GET /v2.0/ports?network_id=0b4d1f52-f31c-431a-9b2d-e56783429578&device_owner=network%3Adhcp HTTP/1.1" status: 200 len: 210 time: 0.0279272
2026-09-07 12:03:03.217 10 INFO neutron.plugins.ml2.drivers.ovn.mech_driver.mech_driver [None req-313176cf-d53f-4311-8fb9-daf873312325 - - - - - -] OVN reports status down for port: 2c9c5a4c-4147-4d79-ba9b-e79920a13b9f
2026-09-07 12:03:03.250 10 INFO neutron.wsgi [req-6975741d-2f0c-41ea-857a-739bb870a85c req-816b1e1a-f5aa-43db-857f-435371ce6973 10560b071e7f46efb615c09609f94cd3 11b0e814e0d043c296fc8552e8e5e725 - - default default] 10.0.0.14 "GET /v2.0/security-groups?id=a2d1cf30-7e7d-4dfc-be13-d8303e920264&fields=id&fields=name HTTP/1.1" status: 200 len: 313 time: 0.0528672
2026-09-07 12:03:03.283 11 INFO neutron.wsgi [req-7c59f3de-889c-4bb7-a90e-e50061238e84 req-d43e3056-55cf-41dc-b59c-03220089089a 2824304a5d8e4b138bd91380e055924d f7beba7ba89940159358713cdd54b77c - - 98a0bd3542fd4f8dbfed0a5f0ac97cd2 98a0bd3542fd4f8dbfed0a5f0ac97cd2] 162.253.55.119 "GET /v2.0/networks/0b4d1f52-f31c-431a-9b2d-e56783429578?fields=segments HTTP/1.1" status: 200 len: 212 time: 0.0779197
2026-09-07 12:03:03.349 11 INFO neutron.wsgi [req-7c59f3de-889c-4bb7-a90e-e50061238e84 req-8a476d2e-ee6d-4316-b0b2-42804bbc8371 2824304a5d8e4b138bd91380e055924d f7beba7ba89940159358713cdd54b77c - - 98a0bd3542fd4f8dbfed0a5f0ac97cd2 98a0bd3542fd4f8dbfed0a5f0ac97cd2] 162.253.55.119 "GET /v2.0/networks/0b4d1f52-f31c-431a-9b2d-e56783429578?fields=provider%3Aphysical_network&fields=provider%3Anetwork_type HTTP/1.1" status: 200 len: 277 time: 0.0608068
2026-09-07 12:03:03.494 11 INFO neutron.db.ovn_revision_numbers_db [None req-6902d33a-63de-44e2-865c-78e670085bcd 5fe4fc3bbd764521b08fcf5936450eb4 87b5627948494625b5e8b3db979548b5 - - - -] Successfully bumped revision number for resource 4d1c2de0-ce8d-4c74-974e-b8ddf3af90f0 (type: security_groups) to 1
2026-09-07 12:03:03.514 11 INFO neutron.wsgi [None req-6902d33a-63de-44e2-865c-78e670085bcd 5fe4fc3bbd764521b08fcf5936450eb4 87b5627948494625b5e8b3db979548b5 - - - -] 10.0.0.114 "POST /v2.0/security-groups HTTP/1.1" status: 201 len: 1809 time: 0.1137986
2026-09-07 12:03:03.517 10 INFO neutron.db.ovn_revision_numbers_db [None req-313176cf-d53f-4311-8fb9-daf873312325 - - - - - -] Successfully bumped revision number for resource 2c9c5a4c-4147-4d79-ba9b-e79920a13b9f (type: ports) to 7
2026-09-07 12:03:03.609 11 INFO neutron.wsgi [req-3836c677-0d11-4663-8027-e7894cf804f2 req-579104df-fcfa-4a66-8a86-0fbd4f629175 10560b071e7f46efb615c09609f94cd3 11b0e814e0d043c296fc8552e8e5e725 - - default default] 162.253.55.119 "GET /v2.0/ports?device_id=2d44d9bb-5110-4ece-9637-270f9369303c HTTP/1.1" status: 200 len: 1172 time: 0.0882006
2026-09-07 12:03:03.680 11 INFO neutron.db.ovn_revision_numbers_db [None req-97597d92-ff7a-4445-b896-defc7a5c7dee 5fe4fc3bbd764521b08fcf5936450eb4 87b5627948494625b5e8b3db979548b5 - - - -] Successfully bumped revision number for resource 5f861f97-e732-4f06-92e3-af1895f1c982 (type: security_group_rules) to 0
2026-09-07 12:03:03.712 11 INFO neutron.wsgi [None req-97597d92-ff7a-4445-b896-defc7a5c7dee 5fe4fc3bbd764521b08fcf5936450eb4 87b5627948494625b5e8b3db979548b5 - - - -] 10.0.0.114 "POST /v2.0/security-group-rules HTTP/1.1" status: 201 len: 764 time: 0.1925130
2026-09-07 12:03:04.216 11 INFO neutron.db.ovn_revision_numbers_db [None req-de50b0b5-6724-40a9-8ef5-0cbdc28ae7b4 5fe4fc3bbd764521b08fcf5936450eb4 87b5627948494625b5e8b3db979548b5 - - - -] Successfully bumped revision number for resource 8b1bae6f-1e0b-4b06-ae3e-fb9564692741 (type: security_group_rules) to 0
2026-09-07 12:03:04.255 11 INFO neutron.wsgi [None req-de50b0b5-6724-40a9-8ef5-0cbdc28ae7b4 5fe4fc3bbd764521b08fcf5936450eb4 87b5627948494625b5e8b3db979548b5 - - - -] 10.0.0.114 "POST /v2.0/security-group-rules HTTP/1.1" status: 201 len: 763 time: 0.5392308
2026-09-07 12:03:04.269 11 INFO neutron.db.l3_db [None req-8b65345b-26f4-45e8-831c-925cf4be6c18 10560b071e7f46efb615c09609f94cd3 11b0e814e0d043c296fc8552e8e5e725 - - - -] Floating IP ecccb883-5f0d-4ac7-818a-a9588cda5f76 disassociated. External IP: 10.96.250.218, port: 2c9c5a4c-4147-4d79-ba9b-e79920a13b9f. /var/lib/openstack/lib/python3.10/site-packages/pycadf/identifier.py:71: UserWarning: Invalid uuid: neutron. To ensure interoperability, identifiers should be a valid uuid. warnings.warn(('Invalid uuid: %s. To ensure interoperability, '
2026-09-07 12:03:04.419 10 INFO neutron.wsgi [req-bddcfa94-1103-46cd-b576-d124b66f4178 req-1bb0f7c8-9c90-449c-b320-e6b382ef83de 10560b071e7f46efb615c09609f94cd3 11b0e814e0d043c296fc8552e8e5e725 - - default default] 10.0.0.14 "GET /v2.0/ports?device_id=2d44d9bb-5110-4ece-9637-270f9369303c HTTP/1.1" status: 200 len: 1172 time: 0.0542142
2026-09-07 12:03:04.445 10 INFO neutron.wsgi [req-bddcfa94-1103-46cd-b576-d124b66f4178 req-303af67b-f12e-4b61-9def-3bc273a6284d 10560b071e7f46efb615c09609f94cd3 11b0e814e0d043c296fc8552e8e5e725 - - default default] 10.0.0.14 "GET /v2.0/security-groups?id=a2d1cf30-7e7d-4dfc-be13-d8303e920264&fields=id&fields=name HTTP/1.1" status: 200 len: 313 time: 0.0221350
2026-09-07 12:03:04.483 11 INFO neutron.db.ovn_revision_numbers_db [None req-5be6bc43-0428-45c1-86e7-a5bc3b4d140a 5fe4fc3bbd764521b08fcf5936450eb4 87b5627948494625b5e8b3db979548b5 - - - -] Successfully bumped revision number for resource 66c30aed-7852-4582-a84a-f5199c612f46 (type: security_group_rules) to 0
2026-09-07 12:03:04.509 11 INFO neutron.wsgi [None req-8b65345b-26f4-45e8-831c-925cf4be6c18 10560b071e7f46efb615c09609f94cd3 11b0e814e0d043c296fc8552e8e5e725 - - - -] 162.253.55.119 "DELETE /v2.0/ports/2c9c5a4c-4147-4d79-ba9b-e79920a13b9f HTTP/1.1" status: 204 len: 173 time: 0.8945677
2026-09-07 12:03:04.520 11 INFO neutron.wsgi [None req-5be6bc43-0428-45c1-86e7-a5bc3b4d140a 5fe4fc3bbd764521b08fcf5936450eb4 87b5627948494625b5e8b3db979548b5 - - - -] 10.0.0.114 "POST /v2.0/security-group-rules HTTP/1.1" status: 201 len: 769 time: 0.2604201
2026-09-07 12:03:04.548 11 INFO neutron.notifiers.nova [-] Nova event matching ['req-891b4631-0d61-40c4-8e78-fca548f8613a'] response: {'server_uuid': '2d44d9bb-5110-4ece-9637-270f9369303c', 'name': 'network-vif-deleted', 'tag': '2c9c5a4c-4147-4d79-ba9b-e79920a13b9f', 'status': 'completed', 'code': 200}
2026-09-07 12:03:04.616 11 INFO neutron.db.ovn_revision_numbers_db [None req-b18b75db-87b6-46f9-b3a0-ecdf86c5557c 5fe4fc3bbd764521b08fcf5936450eb4 87b5627948494625b5e8b3db979548b5 - - - -] Successfully bumped revision number for resource 4a5a44a8-5fc5-4c96-be7e-1b27663effb4 (type: security_group_rules) to 0
2026-09-07 12:03:04.638 11 INFO neutron.wsgi [None req-b18b75db-87b6-46f9-b3a0-ecdf86c5557c 5fe4fc3bbd764521b08fcf5936450eb4 87b5627948494625b5e8b3db979548b5 - - - -] 10.0.0.114 "POST /v2.0/security-group-rules HTTP/1.1" status: 201 len: 768 time: 0.1144075
2026-09-07 12:03:04.669 10 INFO neutron.db.securitygroups_db [None req-143d2386-1272-4185-9849-76bd199de359 5fe4fc3bbd764521b08fcf5936450eb4 87b5627948494625b5e8b3db979548b5 - - - -] Project 87b5627948494625b5e8b3db979548b5 added a security group rule with legacy IPv6 ICMP protocol name icmp, ipv6-icmp should be used instead. It was automatically converted.
2026-09-07 12:03:04.773 10 INFO neutron.db.ovn_revision_numbers_db [None req-143d2386-1272-4185-9849-76bd199de359 5fe4fc3bbd764521b08fcf5936450eb4 87b5627948494625b5e8b3db979548b5 - - - -] Successfully bumped revision number for resource 9d73d90e-6410-4c3b-b69f-a1ebeb7a239e (type: security_group_rules) to 0
2026-09-07 12:03:04.800 10 INFO neutron.wsgi [None req-143d2386-1272-4185-9849-76bd199de359 5fe4fc3bbd764521b08fcf5936450eb4 87b5627948494625b5e8b3db979548b5 - - - -] 10.0.0.114 "POST /v2.0/security-group-rules HTTP/1.1" status: 201 len: 774 time: 0.1576319
2026-09-07 12:03:04.834 11 INFO neutron.db.securitygroups_db [None req-e66898ce-cb48-4890-8c4f-93213e16d923 5fe4fc3bbd764521b08fcf5936450eb4 87b5627948494625b5e8b3db979548b5 - - - -] Project 87b5627948494625b5e8b3db979548b5 added a security group rule with legacy IPv6 ICMP protocol name icmp, ipv6-icmp should be used instead. It was automatically converted.
2026-09-07 12:03:04.937 11 INFO neutron.db.ovn_revision_numbers_db [None req-e66898ce-cb48-4890-8c4f-93213e16d923 5fe4fc3bbd764521b08fcf5936450eb4 87b5627948494625b5e8b3db979548b5 - - - -] Successfully bumped revision number for resource b3ce6e0f-0110-4036-90f0-7bcc074fd6aa (type: security_group_rules) to 0
2026-09-07 12:03:04.959 11 INFO neutron.wsgi [None req-e66898ce-cb48-4890-8c4f-93213e16d923 5fe4fc3bbd764521b08fcf5936450eb4 87b5627948494625b5e8b3db979548b5 - - - -] 10.0.0.114 "POST /v2.0/security-group-rules HTTP/1.1" status: 201 len: 773 time: 0.1481292
2026-09-07 12:03:04.996 10 INFO neutron.notifiers.nova [-] Nova event matching ['req-d747397c-564a-40f8-a8cf-6e9100c1804c'] response: {'server_uuid': '2d44d9bb-5110-4ece-9637-270f9369303c', 'name': 'network-vif-unplugged', 'status': 'completed', 'tag': '2c9c5a4c-4147-4d79-ba9b-e79920a13b9f', 'code': 200}
2026-09-07 12:03:04.997 10 INFO neutron.notifiers.nova [-] Nova event matching ['req-d747397c-564a-40f8-a8cf-6e9100c1804c'] response: {'server_uuid': '2d44d9bb-5110-4ece-9637-270f9369303c', 'name': 'network-vif-plugged', 'status': 'completed', 'tag': '2c9c5a4c-4147-4d79-ba9b-e79920a13b9f', 'code': 200}
2026-09-07 12:03:05.086 10 INFO neutron.db.ovn_revision_numbers_db [None req-27a2eb0b-bdd6-4d7f-ae69-947c1902352b 1a0550c3517e4b7d9160a73cbb805bf1 a3734097f85343acb9de6a7ab30eed69 - - - -] Successfully bumped revision number for resource 9313eef9-7775-4cfc-8c8d-cf25a326f582 (type: security_groups) to 1
2026-09-07 12:03:05.148 10 INFO neutron.db.segments_db [None req-27a2eb0b-bdd6-4d7f-ae69-947c1902352b 1a0550c3517e4b7d9160a73cbb805bf1 a3734097f85343acb9de6a7ab30eed69 - - - -] Added segment 7855527a-22df-46c7-99fe-c5336edd73c0 of type geneve for network d7c1a59d-1e5d-429a-8df1-ae9de7e0220e
2026-09-07 12:03:05.461 11 INFO neutron.db.ovn_revision_numbers_db [None req-f74e1ae1-811e-4d12-8a26-1178f1996f59 5fe4fc3bbd764521b08fcf5936450eb4 87b5627948494625b5e8b3db979548b5 - - - -] Successfully bumped revision number for resource db4620cf-f174-4db4-afa0-e30ea0e88f61 (type: security_groups) to 1
2026-09-07 12:03:05.478 11 INFO neutron.wsgi [None req-f74e1ae1-811e-4d12-8a26-1178f1996f59 5fe4fc3bbd764521b08fcf5936450eb4 87b5627948494625b5e8b3db979548b5 - - - -] 10.0.0.114 "POST /v2.0/security-groups HTTP/1.1" status: 201 len: 1796 time: 0.0937061
2026-09-07 12:03:05.541 10 INFO neutron.db.ovn_revision_numbers_db [None req-27a2eb0b-bdd6-4d7f-ae69-947c1902352b 1a0550c3517e4b7d9160a73cbb805bf1 a3734097f85343acb9de6a7ab30eed69 - - - -] Successfully bumped revision number for resource d7c1a59d-1e5d-429a-8df1-ae9de7e0220e (type: networks) to 1
2026-09-07 12:03:05.621 11 INFO neutron.db.ovn_revision_numbers_db [None req-3668c9bb-37c5-4661-a786-63eb57f98e6a 5fe4fc3bbd764521b08fcf5936450eb4 87b5627948494625b5e8b3db979548b5 - - - -] Successfully bumped revision number for resource 68cc9be9-99d9-453c-9fbb-94010ebb04c0 (type: security_group_rules) to 0
2026-09-07 12:03:05.649 11 INFO neutron.wsgi [None req-3668c9bb-37c5-4661-a786-63eb57f98e6a 5fe4fc3bbd764521b08fcf5936450eb4 87b5627948494625b5e8b3db979548b5 - - - -] 10.0.0.114 "POST /v2.0/security-group-rules HTTP/1.1" status: 201 len: 764 time: 0.1648405
2026-09-07 12:03:05.690 11 INFO neutron.wsgi [None req-c4c2e03a-f994-436b-98f5-3f711653b44e 10560b071e7f46efb615c09609f94cd3 11b0e814e0d043c296fc8552e8e5e725 - - - -] 10.0.0.114 "DELETE /v2.0/security-groups/a2d1cf30-7e7d-4dfc-be13-d8303e920264 HTTP/1.1" status: 204 len: 168 time: 0.1630840
2026-09-07 12:03:05.696 10 WARNING neutron.scheduler.dhcp_agent_scheduler [None req-27a2eb0b-bdd6-4d7f-ae69-947c1902352b 1a0550c3517e4b7d9160a73cbb805bf1 a3734097f85343acb9de6a7ab30eed69 - - - -] No more DHCP agents
2026-09-07 12:03:05.697 10 WARNING neutron.api.rpc.agentnotifiers.dhcp_rpc_agent_api [None req-27a2eb0b-bdd6-4d7f-ae69-947c1902352b 1a0550c3517e4b7d9160a73cbb805bf1 a3734097f85343acb9de6a7ab30eed69 - - - -] Unable to schedule network d7c1a59d-1e5d-429a-8df1-ae9de7e0220e: no agents available; will retry on subsequent port and subnet creation events.
2026-09-07 12:03:05.711 11 INFO neutron.api.v2.resource [None req-a715c84d-fa37-413a-a321-58364ee5f34d 10560b071e7f46efb615c09609f94cd3 11b0e814e0d043c296fc8552e8e5e725 - - default default] show failed (client error): The resource could not be found.
2026-09-07 12:03:05.712 11 INFO neutron.wsgi [None req-a715c84d-fa37-413a-a321-58364ee5f34d 10560b071e7f46efb615c09609f94cd3 11b0e814e0d043c296fc8552e8e5e725 - - default default] 10.0.0.114 "GET /v2.0/security-groups/a2d1cf30-7e7d-4dfc-be13-d8303e920264 HTTP/1.1" status: 404 len: 347 time: 0.0186255
2026-09-07 12:03:05.753 10 INFO neutron.db.ovn_revision_numbers_db [None req-27a2eb0b-bdd6-4d7f-ae69-947c1902352b 1a0550c3517e4b7d9160a73cbb805bf1 a3734097f85343acb9de6a7ab30eed69 - - - -] Successfully bumped revision number for resource 166da06f-b0cd-43da-821e-fcecc118f85b (type: ports) to 1
2026-09-07 12:03:05.768 10 INFO neutron.wsgi [None req-27a2eb0b-bdd6-4d7f-ae69-947c1902352b 1a0550c3517e4b7d9160a73cbb805bf1 a3734097f85343acb9de6a7ab30eed69 - - - -] 10.0.0.114 "POST /v2.0/networks HTTP/1.1" status: 201 len: 830 time: 0.9576330
2026-09-07 12:03:05.802 11 INFO neutron.db.ovn_revision_numbers_db [None req-a5114cec-0433-40e1-8f41-c25cec2f11ba 5fe4fc3bbd764521b08fcf5936450eb4 87b5627948494625b5e8b3db979548b5 - - - -] Successfully bumped revision number for resource ba46daf6-e197-4f6d-a2f0-650139936d55 (type: security_group_rules) to 0
2026-09-07 12:03:05.840 11 INFO neutron.wsgi [None req-a5114cec-0433-40e1-8f41-c25cec2f11ba 5fe4fc3bbd764521b08fcf5936450eb4 87b5627948494625b5e8b3db979548b5 - - - -] 10.0.0.114 "POST /v2.0/security-group-rules HTTP/1.1" status: 201 len: 769 time: 0.1868646
2026-09-07 12:03:05.868 10 INFO neutron.db.segments_db [None req-1fc76062-3dbc-4412-9b28-df5cee2bf10f 1a0550c3517e4b7d9160a73cbb805bf1 a3734097f85343acb9de6a7ab30eed69 - - - -] Added segment 1fb27f71-4c1f-42ee-82f6-200af9407c3a of type geneve for network 5eede3ad-f785-403c-8ce4-a49d2320172a
2026-09-07 12:03:06.015 11 INFO neutron.wsgi [None req-521a9941-01a7-480a-b1ad-4adaf943fac8 10560b071e7f46efb615c09609f94cd3 11b0e814e0d043c296fc8552e8e5e725 - - - -] 10.0.0.114 "DELETE /v2.0/floatingips/ecccb883-5f0d-4ac7-818a-a9588cda5f76 HTTP/1.1" status: 204 len: 168 time: 0.2990406
2026-09-07 12:03:06.031 10 INFO neutron.db.ovn_revision_numbers_db [None req-1fc76062-3dbc-4412-9b28-df5cee2bf10f 1a0550c3517e4b7d9160a73cbb805bf1 a3734097f85343acb9de6a7ab30eed69 - - - -] Successfully bumped revision number for resource 5eede3ad-f785-403c-8ce4-a49d2320172a (type: networks) to 1
2026-09-07 12:03:06.189 10 WARNING neutron.scheduler.dhcp_agent_scheduler [None req-dc19f985-39d9-4598-bc74-041f04bc604a 5fe4fc3bbd764521b08fcf5936450eb4 87b5627948494625b5e8b3db979548b5 - - - -] No more DHCP agents
2026-09-07 12:03:06.193 10 WARNING neutron.api.rpc.agentnotifiers.dhcp_rpc_agent_api [None req-dc19f985-39d9-4598-bc74-041f04bc604a 5fe4fc3bbd764521b08fcf5936450eb4 87b5627948494625b5e8b3db979548b5 - - - -] Unable to schedule network ea6d7a53-7244-466b-9aae-a652e3279fcb: no agents available; will retry on subsequent port and subnet creation events.
2026-09-07 12:03:06.237 10 WARNING neutron.scheduler.dhcp_agent_scheduler [None req-1fc76062-3dbc-4412-9b28-df5cee2bf10f 1a0550c3517e4b7d9160a73cbb805bf1 a3734097f85343acb9de6a7ab30eed69 - - - -] No more DHCP agents
2026-09-07 12:03:06.241 10 WARNING neutron.api.rpc.agentnotifiers.dhcp_rpc_agent_api [None req-1fc76062-3dbc-4412-9b28-df5cee2bf10f 1a0550c3517e4b7d9160a73cbb805bf1 a3734097f85343acb9de6a7ab30eed69 - - - -] Unable to schedule network 5eede3ad-f785-403c-8ce4-a49d2320172a: no agents available; will retry on subsequent port and subnet creation events.
2026-09-07 12:03:06.316 10 INFO neutron.db.ovn_revision_numbers_db [None req-1fc76062-3dbc-4412-9b28-df5cee2bf10f 1a0550c3517e4b7d9160a73cbb805bf1 a3734097f85343acb9de6a7ab30eed69 - - - -] Successfully bumped revision number for resource 4ac02cb3-7854-4b06-a89b-f18b2cd293d0 (type: ports) to 1
2026-09-07 12:03:06.341 10 INFO neutron.wsgi [None req-1fc76062-3dbc-4412-9b28-df5cee2bf10f 1a0550c3517e4b7d9160a73cbb805bf1 a3734097f85343acb9de6a7ab30eed69 - - - -] 10.0.0.114 "POST /v2.0/networks HTTP/1.1" status: 201 len: 831 time: 0.5676043
2026-09-07 12:03:06.471 10 INFO neutron.db.segments_db [None req-d4d058f9-c4a7-4932-ac0e-43017d81ab6d 1a0550c3517e4b7d9160a73cbb805bf1 a3734097f85343acb9de6a7ab30eed69 - - - -] Added segment 0372e2da-0643-4d54-af11-1cfa8570ba50 of type geneve for network 29439a60-cc8d-4fbc-a0b8-1eaa9c58bbc3
2026-09-07 12:03:06.537 10 INFO neutron.db.ovn_revision_numbers_db [None req-dc19f985-39d9-4598-bc74-041f04bc604a 5fe4fc3bbd764521b08fcf5936450eb4 87b5627948494625b5e8b3db979548b5 - - - -] Successfully bumped revision number for resource 68a2e12b-0fdf-4cf4-9a81-0faf72353c87 (type: floatingips) to 0
2026-09-07 12:03:06.558 10 INFO neutron.wsgi [None req-dc19f985-39d9-4598-bc74-041f04bc604a 5fe4fc3bbd764521b08fcf5936450eb4 87b5627948494625b5e8b3db979548b5 - - - -] 10.0.0.114 "POST /v2.0/floatingips HTTP/1.1" status: 201 len: 751 time: 0.7133431
2026-09-07 12:03:06.586 10 INFO neutron.db.ovn_revision_numbers_db [None req-d4d058f9-c4a7-4932-ac0e-43017d81ab6d 1a0550c3517e4b7d9160a73cbb805bf1 a3734097f85343acb9de6a7ab30eed69 - - - -] Successfully bumped revision number for resource 29439a60-cc8d-4fbc-a0b8-1eaa9c58bbc3 (type: networks) to 1
2026-09-07 12:03:06.726 10 INFO neutron.wsgi [req-bb789da7-fee5-47af-b44b-fc897194f700 req-cac0ac19-5b52-4818-b4b9-e292b55d109f 5fe4fc3bbd764521b08fcf5936450eb4 87b5627948494625b5e8b3db979548b5 - - default default] 10.0.0.14 "GET /v2.0/security-groups?name=tempest-securitygroup--225634345&fields=id&tenant_id=87b5627948494625b5e8b3db979548b5 HTTP/1.1" status: 200 len: 267 time: 0.0378320
2026-09-07 12:03:06.757 10 WARNING neutron.scheduler.dhcp_agent_scheduler [None req-d4d058f9-c4a7-4932-ac0e-43017d81ab6d 1a0550c3517e4b7d9160a73cbb805bf1 a3734097f85343acb9de6a7ab30eed69 - - - -] No more DHCP agents
2026-09-07 12:03:06.758 10 WARNING neutron.api.rpc.agentnotifiers.dhcp_rpc_agent_api [None req-d4d058f9-c4a7-4932-ac0e-43017d81ab6d 1a0550c3517e4b7d9160a73cbb805bf1 a3734097f85343acb9de6a7ab30eed69 - - - -] Unable to schedule network 29439a60-cc8d-4fbc-a0b8-1eaa9c58bbc3: no agents available; will retry on subsequent port and subnet creation events.
2026-09-07 12:03:06.779 10 INFO neutron.wsgi [req-bb789da7-fee5-47af-b44b-fc897194f700 req-2dadbdd8-ecd0-4f2a-bca7-fa69dc1c3632 5fe4fc3bbd764521b08fcf5936450eb4 87b5627948494625b5e8b3db979548b5 - - default default] 10.0.0.14 "GET /v2.0/security-groups?name=tempest-secgroup-smoke-625835699&fields=id&tenant_id=87b5627948494625b5e8b3db979548b5 HTTP/1.1" status: 200 len: 267 time: 0.0416110
2026-09-07 12:03:06.836 10 INFO neutron.db.ovn_revision_numbers_db [None req-d4d058f9-c4a7-4932-ac0e-43017d81ab6d 1a0550c3517e4b7d9160a73cbb805bf1 a3734097f85343acb9de6a7ab30eed69 - - - -] Successfully bumped revision number for resource 5b7f7268-0946-47af-8145-df8553552555 (type: ports) to 1
2026-09-07 12:03:06.849 10 INFO neutron.wsgi [req-bb789da7-fee5-47af-b44b-fc897194f700 req-39fd84d8-a938-44b1-b7a9-9cc808647eb2 5fe4fc3bbd764521b08fcf5936450eb4 87b5627948494625b5e8b3db979548b5 - - default default] 10.0.0.14 "GET /v2.0/networks?id=cd01d750-aab1-4746-8f69-c7adb9b95960 HTTP/1.1" status: 200 len: 872 time: 0.0537958
2026-09-07 12:03:06.859 10 INFO neutron.wsgi [None req-d4d058f9-c4a7-4932-ac0e-43017d81ab6d 1a0550c3517e4b7d9160a73cbb805bf1 a3734097f85343acb9de6a7ab30eed69 - - - -] 10.0.0.114 "POST /v2.0/networks HTTP/1.1" status: 201 len: 831 time: 0.5039763
2026-09-07 12:03:06.870 10 INFO neutron.wsgi [req-bb789da7-fee5-47af-b44b-fc897194f700 req-d8ba23a7-4093-499d-b8ad-bd5c8354f593 5fe4fc3bbd764521b08fcf5936450eb4 87b5627948494625b5e8b3db979548b5 - - default default] 10.0.0.14 "GET /v2.0/quotas/87b5627948494625b5e8b3db979548b5 HTTP/1.1" status: 200 len: 386 time: 0.0133255
2026-09-07 12:03:06.948 10 INFO neutron.wsgi [req-bb789da7-fee5-47af-b44b-fc897194f700 req-6d16b4f6-2cc9-454d-ad98-b167ad3df3b0 5fe4fc3bbd764521b08fcf5936450eb4 87b5627948494625b5e8b3db979548b5 - - default default] 10.0.0.14 "GET /v2.0/ports?tenant_id=87b5627948494625b5e8b3db979548b5&fields=id HTTP/1.1" status: 200 len: 302 time: 0.0716188
2026-09-07 12:03:06.964 10 INFO neutron.db.segments_db [None req-1b20d135-31bd-47c5-96f2-1db1da9d042e 1a0550c3517e4b7d9160a73cbb805bf1 a3734097f85343acb9de6a7ab30eed69 - - - -] Added segment 2284f6aa-a6d9-4972-9b92-ab3ed8a88163 of type geneve for network bcdd33d3-1804-4eee-a141-7f84044453fc
2026-09-07 12:03:07.044 10 INFO neutron.wsgi [req-bb789da7-fee5-47af-b44b-fc897194f700 req-c1a3fc30-ae71-4ae5-9d30-a6aeef369f52 2824304a5d8e4b138bd91380e055924d f7beba7ba89940159358713cdd54b77c - - 98a0bd3542fd4f8dbfed0a5f0ac97cd2 98a0bd3542fd4f8dbfed0a5f0ac97cd2] 10.0.0.14 "GET /v2.0/networks/cd01d750-aab1-4746-8f69-c7adb9b95960?fields=segments HTTP/1.1" status: 200 len: 212 time: 0.0760014
2026-09-07 12:03:07.107 10 INFO neutron.db.ovn_revision_numbers_db [None req-1b20d135-31bd-47c5-96f2-1db1da9d042e 1a0550c3517e4b7d9160a73cbb805bf1 a3734097f85343acb9de6a7ab30eed69 - - - -] Successfully bumped revision number for resource bcdd33d3-1804-4eee-a141-7f84044453fc (type: networks) to 1
2026-09-07 12:03:07.131 10 INFO neutron.wsgi [req-bb789da7-fee5-47af-b44b-fc897194f700 req-7c041fdc-8a53-4ee5-ad46-61ac559fbf65 2824304a5d8e4b138bd91380e055924d f7beba7ba89940159358713cdd54b77c - - 98a0bd3542fd4f8dbfed0a5f0ac97cd2 98a0bd3542fd4f8dbfed0a5f0ac97cd2] 10.0.0.14 "GET /v2.0/networks/cd01d750-aab1-4746-8f69-c7adb9b95960?fields=provider%3Aphysical_network&fields=provider%3Anetwork_type HTTP/1.1" status: 200 len: 277 time: 0.0785456
2026-09-07 12:03:07.192 11 INFO neutron.wsgi [None req-bcd33b8f-d030-4e7c-9ca8-008782e1096c d403138ce1744eceb8073d7c09038044 7a132d323ce842f0afd0a5cb693f9d83 - - - -] 10.0.0.114 "PUT /v2.0/routers/e50d4edd-0362-45b5-bd89-096551aea9ab/remove_router_interface HTTP/1.1" status: 200 len: 503 time: 1.1733365 /var/lib/openstack/lib/python3.10/site-packages/pycadf/identifier.py:71: UserWarning: Invalid uuid: neutron. To ensure interoperability, identifiers should be a valid uuid. warnings.warn(('Invalid uuid: %s. To ensure interoperability, '
2026-09-07 12:03:07.266 10 INFO neutron.wsgi [req-82acca6a-e2e4-44c8-ac3a-c5c454944c9c req-65b881aa-ca91-4d2a-85f3-77f82a471616 5fe4fc3bbd764521b08fcf5936450eb4 87b5627948494625b5e8b3db979548b5 - - default default] 10.0.0.14 "GET /v2.0/ports?device_id=700837c0-2229-4b00-b802-dfd31a779f0b HTTP/1.1" status: 200 len: 210 time: 0.0162992
2026-09-07 12:03:07.335 10 WARNING neutron.scheduler.dhcp_agent_scheduler [None req-1b20d135-31bd-47c5-96f2-1db1da9d042e 1a0550c3517e4b7d9160a73cbb805bf1 a3734097f85343acb9de6a7ab30eed69 - - - -] No more DHCP agents
2026-09-07 12:03:07.339 10 WARNING neutron.api.rpc.agentnotifiers.dhcp_rpc_agent_api [None req-1b20d135-31bd-47c5-96f2-1db1da9d042e 1a0550c3517e4b7d9160a73cbb805bf1 a3734097f85343acb9de6a7ab30eed69 - - - -] Unable to schedule network bcdd33d3-1804-4eee-a141-7f84044453fc: no agents available; will retry on subsequent port and subnet creation events.
2026-09-07 12:03:07.379 10 INFO neutron.wsgi [None req-28e1d1ee-19b1-4573-a14c-ef4b8192e06b d403138ce1744eceb8073d7c09038044 7a132d323ce842f0afd0a5cb693f9d83 - - default default] 10.0.0.142 "GET /v2.0/routers HTTP/1.1" status: 200 len: 2876 time: 0.1458628
2026-09-07 12:03:07.393 10 INFO neutron.wsgi [None req-0170e440-2f59-481d-8165-62f455babbf3 d403138ce1744eceb8073d7c09038044 7a132d323ce842f0afd0a5cb693f9d83 - - default default] 10.0.0.142 "GET /v2.0/agents?binary=ovn-controller HTTP/1.1" status: 200 len: 591 time: 0.0125253
2026-09-07 12:03:07.420 10 INFO neutron.db.ovn_revision_numbers_db [None req-1b20d135-31bd-47c5-96f2-1db1da9d042e 1a0550c3517e4b7d9160a73cbb805bf1 a3734097f85343acb9de6a7ab30eed69 - - - -] Successfully bumped revision number for resource d8342503-23ba-4bec-b075-b83cf20f380d (type: ports) to 1
2026-09-07 12:03:07.445 10 INFO neutron.wsgi [None req-b7647332-a403-40ec-9a74-5f73699cd790 d403138ce1744eceb8073d7c09038044 7a132d323ce842f0afd0a5cb693f9d83 - - default default] 10.0.0.142 "GET /v2.0/floatingips HTTP/1.1" status: 200 len: 1574 time: 0.0488846
2026-09-07 12:03:07.448 10 INFO neutron.wsgi [None req-1b20d135-31bd-47c5-96f2-1db1da9d042e 1a0550c3517e4b7d9160a73cbb805bf1 a3734097f85343acb9de6a7ab30eed69 - - - -] 10.0.0.114 "POST /v2.0/networks HTTP/1.1" status: 201 len: 830 time: 0.5840480
2026-09-07 12:03:07.484 11 WARNING neutron.plugins.ml2.drivers.ovn.mech_driver.ovsdb.ovn_client [None req-0b022f37-6116-4660-bff2-669a46331ce8 - - - - - -] No hosting information found for port d6e9dc14-3ff0-4629-8adb-9b7b04a77124: RuntimeError: No hosting information found for port d6e9dc14-3ff0-4629-8adb-9b7b04a77124
2026-09-07 12:03:07.534 10 INFO neutron.wsgi [None req-a7ee09d2-dd43-4de0-89a9-6f094547f652 d403138ce1744eceb8073d7c09038044 7a132d323ce842f0afd0a5cb693f9d83 - - default default] 10.0.0.142 "GET /v2.0/networks HTTP/1.1" status: 200 len: 8197 time: 0.0838411
2026-09-07 12:03:07.571 10 INFO neutron.wsgi [None req-7347d7d4-1576-4ed6-bbc6-6619cb123fbf d403138ce1744eceb8073d7c09038044 7a132d323ce842f0afd0a5cb693f9d83 - - default default] 10.0.0.142 "GET /v2.0/subnets HTTP/1.1" status: 200 len: 4043 time: 0.0311785
2026-09-07 12:03:07.580 11 INFO neutron.db.segments_db [None req-9d8acda4-c044-41b4-86be-4b3e1007f31d 1a0550c3517e4b7d9160a73cbb805bf1 a3734097f85343acb9de6a7ab30eed69 - - - -] Added segment 7ca2dc79-9a18-42ce-9303-698260b4a9ac of type geneve for network 9fd43da9-3063-48fc-86b1-5c9dcb4e337c
2026-09-07 12:03:07.667 10 INFO neutron.wsgi [None req-25c43ac9-432e-47f1-b50b-8be8f406cfd4 d403138ce1744eceb8073d7c09038044 7a132d323ce842f0afd0a5cb693f9d83 - - default default] 10.0.0.142 "GET /v2.0/security-groups HTTP/1.1" status: 200 len: 48720 time: 0.0933554
2026-09-07 12:03:07.733 11 INFO neutron.db.ovn_revision_numbers_db [None req-9d8acda4-c044-41b4-86be-4b3e1007f31d 1a0550c3517e4b7d9160a73cbb805bf1 a3734097f85343acb9de6a7ab30eed69 - - - -] Successfully bumped revision number for resource 9fd43da9-3063-48fc-86b1-5c9dcb4e337c (type: networks) to 1
2026-09-07 12:03:08.029 10 INFO neutron.wsgi [None req-a55abb99-184c-4adc-80b0-ffd7bb09eaa4 d403138ce1744eceb8073d7c09038044 7a132d323ce842f0afd0a5cb693f9d83 - - default default] 10.0.0.142 "GET /v2.0/ports HTTP/1.1" status: 200 len: 24701 time: 0.3432045
2026-09-07 12:03:08.064 10 INFO neutron.wsgi [None req-8794afde-284d-4503-a83d-cffd0df141af d403138ce1744eceb8073d7c09038044 7a132d323ce842f0afd0a5cb693f9d83 - - default default] 10.0.0.142 "GET /v2.0/agents HTTP/1.1" status: 200 len: 997 time: 0.0239031
2026-09-07 12:03:08.090 10 INFO neutron.wsgi [None req-e4bf8d26-dfe4-401c-adbb-de345c013dc9 d403138ce1744eceb8073d7c09038044 7a132d323ce842f0afd0a5cb693f9d83 - - default default] 10.0.0.142 "GET /v2.0/network-ip-availabilities HTTP/1.1" status: 200 len: 4486 time: 0.0245879
2026-09-07 12:03:08.132 10 INFO neutron.wsgi [None req-5cef927a-03d7-4091-95be-be0ea1b762fb d403138ce1744eceb8073d7c09038044 7a132d323ce842f0afd0a5cb693f9d83 - - default default] 10.0.0.142 "GET /v2.0/subnets HTTP/1.1" status: 200 len: 4043 time: 0.0409603
2026-09-07 12:03:08.143 10 INFO neutron.wsgi [None req-95581d90-3a6a-4630-a670-37cd0964210f d403138ce1744eceb8073d7c09038044 7a132d323ce842f0afd0a5cb693f9d83 - - default default] 10.0.0.142 "GET /v2.0/subnetpools HTTP/1.1" status: 200 len: 193 time: 0.0101051
2026-09-07 12:03:08.183 11 INFO neutron.wsgi [req-bb789da7-fee5-47af-b44b-fc897194f700 req-2e2c0348-a746-4cfb-bd18-a8b7a6a07c6f 5fe4fc3bbd764521b08fcf5936450eb4 87b5627948494625b5e8b3db979548b5 - - default default] 162.253.55.119 "GET /v2.0/networks?id=cd01d750-aab1-4746-8f69-c7adb9b95960 HTTP/1.1" status: 200 len: 872 time: 0.1364117
2026-09-07 12:03:08.296 11 INFO neutron.wsgi [req-bb789da7-fee5-47af-b44b-fc897194f700 req-d8292a17-74cb-4a40-af9c-6f83503aca1e 5fe4fc3bbd764521b08fcf5936450eb4 87b5627948494625b5e8b3db979548b5 - - default default] 162.253.55.119 "GET /v2.0/security-groups?fields=id&fields=name&tenant_id=87b5627948494625b5e8b3db979548b5 HTTP/1.1" status: 200 len: 471 time: 0.1078796
2026-09-07 12:03:08.316 11 WARNING neutron.scheduler.dhcp_agent_scheduler [None req-9d8acda4-c044-41b4-86be-4b3e1007f31d 1a0550c3517e4b7d9160a73cbb805bf1 a3734097f85343acb9de6a7ab30eed69 - - - -] No more DHCP agents
2026-09-07 12:03:08.320 11 WARNING neutron.api.rpc.agentnotifiers.dhcp_rpc_agent_api [None req-9d8acda4-c044-41b4-86be-4b3e1007f31d 1a0550c3517e4b7d9160a73cbb805bf1 a3734097f85343acb9de6a7ab30eed69 - - - -] Unable to schedule network 9fd43da9-3063-48fc-86b1-5c9dcb4e337c: no agents available; will retry on subsequent port and subnet creation events.
2026-09-07 12:03:08.359 11 INFO neutron.wsgi [None req-ad807bcf-25b2-4b0e-b7d6-d517e7332468 d403138ce1744eceb8073d7c09038044 7a132d323ce842f0afd0a5cb693f9d83 - - - -] 10.0.0.114 "DELETE /v2.0/routers/e50d4edd-0362-45b5-bd89-096551aea9ab HTTP/1.1" status: 204 len: 168 time: 1.1603639
2026-09-07 12:03:08.394 10 INFO neutron.wsgi [req-da78f816-6a56-4abb-bbe4-66d083cc8c2a req-5868b3db-4139-472f-987c-03427cdda69d 5fe4fc3bbd764521b08fcf5936450eb4 87b5627948494625b5e8b3db979548b5 - - default default] 10.0.0.14 "GET /v2.0/ports?device_id=700837c0-2229-4b00-b802-dfd31a779f0b HTTP/1.1" status: 200 len: 210 time: 0.0260339
2026-09-07 12:03:08.476 11 INFO neutron.db.ovn_revision_numbers_db [None req-9d8acda4-c044-41b4-86be-4b3e1007f31d 1a0550c3517e4b7d9160a73cbb805bf1 a3734097f85343acb9de6a7ab30eed69 - - - -] Successfully bumped revision number for resource fab97eb2-e746-4f4d-af84-a6b4e7fd70ad (type: ports) to 1
2026-09-07 12:03:08.513 11 INFO neutron.wsgi [None req-9d8acda4-c044-41b4-86be-4b3e1007f31d 1a0550c3517e4b7d9160a73cbb805bf1 a3734097f85343acb9de6a7ab30eed69 - - - -] 10.0.0.114 "POST /v2.0/networks HTTP/1.1" status: 201 len: 830 time: 1.0582664
2026-09-07 12:03:08.565 10 INFO neutron.wsgi [None req-d8a7159f-fa67-4f2e-b0b7-6254c69fd184 1a0550c3517e4b7d9160a73cbb805bf1 a3734097f85343acb9de6a7ab30eed69 - - - -] 10.0.0.114 "PUT /v2.0/networks/d7c1a59d-1e5d-429a-8df1-ae9de7e0220e/tags HTTP/1.1" status: 200 len: 210 time: 0.0482526
2026-09-07 12:03:08.620 10 INFO neutron.wsgi [None req-7a5ba59d-ffec-4870-a387-edbfd25a41fd 1a0550c3517e4b7d9160a73cbb805bf1 a3734097f85343acb9de6a7ab30eed69 - - - -] 10.0.0.114 "PUT /v2.0/networks/5eede3ad-f785-403c-8ce4-a49d2320172a/tags HTTP/1.1" status: 200 len: 218 time: 0.0514491
2026-09-07 12:03:08.626 11 INFO neutron.wsgi [None req-a0a1b8eb-b3b0-4934-9d44-76bf63050cc0 d403138ce1744eceb8073d7c09038044 7a132d323ce842f0afd0a5cb693f9d83 - - - -] 10.0.0.114 "DELETE /v2.0/subnets/8d60e4ca-fe20-4b37-9a01-971f70abc65e HTTP/1.1" status: 204 len: 168 time: 0.2574830
2026-09-07 12:03:08.666 10 INFO neutron.wsgi [None req-0977b693-0080-4ad6-be26-d77448c5b1e4 1a0550c3517e4b7d9160a73cbb805bf1 a3734097f85343acb9de6a7ab30eed69 - - - -] 10.0.0.114 "PUT /v2.0/networks/29439a60-cc8d-4fbc-a0b8-1eaa9c58bbc3/tags HTTP/1.1" status: 200 len: 227 time: 0.0427191
2026-09-07 12:03:08.733 10 INFO neutron.wsgi [None req-33c086e9-c9c0-4f92-ba8a-5ae1565a0beb 1a0550c3517e4b7d9160a73cbb805bf1 a3734097f85343acb9de6a7ab30eed69 - - - -] 10.0.0.114 "PUT /v2.0/networks/bcdd33d3-1804-4eee-a141-7f84044453fc/tags HTTP/1.1" status: 200 len: 212 time: 0.0574579
2026-09-07 12:03:08.794 11 WARNING neutron.scheduler.dhcp_agent_scheduler [None req-bad84874-fa1c-4ff9-b4a0-0fd64c98358d 5fe4fc3bbd764521b08fcf5936450eb4 87b5627948494625b5e8b3db979548b5 - - - -] No more DHCP agents
2026-09-07 12:03:08.797 11 WARNING neutron.api.rpc.agentnotifiers.dhcp_rpc_agent_api [None req-bad84874-fa1c-4ff9-b4a0-0fd64c98358d 5fe4fc3bbd764521b08fcf5936450eb4 87b5627948494625b5e8b3db979548b5 - - - -] Unable to schedule network cd01d750-aab1-4746-8f69-c7adb9b95960: no agents available; will retry on subsequent port and subnet creation events.
2026-09-07 12:03:08.837 10 INFO neutron.wsgi [None req-7642e205-2ccc-43a9-8f33-dd4da7dcaa8a 1a0550c3517e4b7d9160a73cbb805bf1 a3734097f85343acb9de6a7ab30eed69 - - default default] 10.0.0.114 "GET /v2.0/networks?tags=red HTTP/1.1" status: 200 len: 2069 time: 0.0990186
2026-09-07 12:03:08.908 10 INFO neutron.wsgi [None req-6d26b7c9-1251-4b77-b74b-cfba2651cb4a 1a0550c3517e4b7d9160a73cbb805bf1 a3734097f85343acb9de6a7ab30eed69 - - default default] 10.0.0.114 "GET /v2.0/networks?tags=red%2Cblue HTTP/1.1" status: 200 len: 1457 time: 0.0670440
2026-09-07 12:03:08.981 10 INFO neutron.wsgi [None req-3f8d9728-f365-44b8-ae53-c67a1decd03e 1a0550c3517e4b7d9160a73cbb805bf1 a3734097f85343acb9de6a7ab30eed69 - - default default] 10.0.0.114 "GET /v2.0/networks?tags-any=blue HTTP/1.1" status: 200 len: 1457 time: 0.0675967
2026-09-07 12:03:08.995 11 INFO neutron.db.ovn_revision_numbers_db [None req-bad84874-fa1c-4ff9-b4a0-0fd64c98358d 5fe4fc3bbd764521b08fcf5936450eb4 87b5627948494625b5e8b3db979548b5 - - - -] Successfully bumped revision number for resource 79b7cd1f-d1d8-43d2-8d87-f06af12265f1 (type: ports) to 1
2026-09-07 12:03:09.020 11 INFO neutron.wsgi [None req-bad84874-fa1c-4ff9-b4a0-0fd64c98358d 5fe4fc3bbd764521b08fcf5936450eb4 87b5627948494625b5e8b3db979548b5 - - - -] 162.253.55.119 "POST /v2.0/ports HTTP/1.1" status: 201 len: 1197 time: 0.6826112 /var/lib/openstack/lib/python3.10/site-packages/pycadf/identifier.py:71: UserWarning: Invalid uuid: neutron. To ensure interoperability, identifiers should be a valid uuid. warnings.warn(('Invalid uuid: %s. To ensure interoperability, '
2026-09-07 12:03:09.043 10 INFO neutron.wsgi [None req-38c20830-38da-4739-8655-cac79344a4bc 1a0550c3517e4b7d9160a73cbb805bf1 a3734097f85343acb9de6a7ab30eed69 - - default default] 10.0.0.114 "GET /v2.0/networks?tags-any=red%2Cblue HTTP/1.1" status: 200 len: 2069 time: 0.0573721
2026-09-07 12:03:09.062 11 INFO neutron.services.segments.plugin [-] Segment 3862890a-0b23-4753-8c6d-6a565b051906 resource provider aggregate not found
2026-09-07 12:03:09.066 11 INFO neutron.services.segments.plugin [-] Segment 3862890a-0b23-4753-8c6d-6a565b051906 resource provider aggregate not found
2026-09-07 12:03:09.098 11 INFO neutron.services.segments.plugin [-] Segment 3862890a-0b23-4753-8c6d-6a565b051906 resource provider not found; error: Placement Client Error (4xx): {"errors": [{"status": 404, "title": "Not Found", "detail": "The resource could not be found.\n\n No resource provider with uuid 3862890a-0b23-4753-8c6d-6a565b051906 found for delete ", "request_id": "req-315234b7-dee9-45ab-b09c-04e7d3a4b275"}]}
2026-09-07 12:03:09.102 11 INFO neutron.services.segments.plugin [-] Segment 3862890a-0b23-4753-8c6d-6a565b051906 resource provider not found; error: Placement Client Error (4xx): {"errors": [{"status": 404, "title": "Not Found", "detail": "The resource could not be found.\n\n No resource provider with uuid 3862890a-0b23-4753-8c6d-6a565b051906 found for delete ", "request_id": "req-5282d297-d75a-4987-9959-0dbc2ce227b6"}]}
2026-09-07 12:03:09.113 11 INFO neutron.wsgi [None req-45c5a7fc-34af-4d37-9c95-e7cc62c87f56 d403138ce1744eceb8073d7c09038044 7a132d323ce842f0afd0a5cb693f9d83 - - - -] 10.0.0.114 "DELETE /v2.0/networks/332b9c2f-f747-4604-9b30-0197f9ec5369 HTTP/1.1" status: 204 len: 168 time: 0.4813519
2026-09-07 12:03:09.151 10 INFO neutron.wsgi [None req-37d51a1e-36ca-41ff-81b7-0d61561ccedc 1a0550c3517e4b7d9160a73cbb805bf1 a3734097f85343acb9de6a7ab30eed69 - - default default] 10.0.0.114 "GET /v2.0/networks?not-tags=red HTTP/1.1" status: 200 len: 2067 time: 0.1043284
2026-09-07 12:03:09.236 11 INFO neutron.wsgi [None req-db05ee81-4c5d-4735-ac19-1a8999392659 d403138ce1744eceb8073d7c09038044 7a132d323ce842f0afd0a5cb693f9d83 - - default default] 10.0.0.114 "GET /v2.0/security-groups?tenant_id=11b0e814e0d043c296fc8552e8e5e725&name=default HTTP/1.1" status: 200 len: 2996 time: 0.0296376
2026-09-07 12:03:09.294 10 INFO neutron.wsgi [None req-555b4cfc-3dde-4514-a88e-6b298d9eeaa6 1a0550c3517e4b7d9160a73cbb805bf1 a3734097f85343acb9de6a7ab30eed69 - - default default] 10.0.0.114 "GET /v2.0/networks?not-tags=red%2Cblue HTTP/1.1" status: 200 len: 2679 time: 0.1388953 /var/lib/openstack/lib/python3.10/site-packages/pycadf/identifier.py:71: UserWarning: Invalid uuid: neutron. To ensure interoperability, identifiers should be a valid uuid. warnings.warn(('Invalid uuid: %s. To ensure interoperability, '
2026-09-07 12:03:09.439 11 INFO neutron.wsgi [None req-c3ba0e13-e066-495b-8708-92342abc3072 1a0550c3517e4b7d9160a73cbb805bf1 a3734097f85343acb9de6a7ab30eed69 - - default default] 10.0.0.114 "GET /v2.0/networks?not-tags-any=blue HTTP/1.1" status: 200 len: 2679 time: 0.1408904
2026-09-07 12:03:09.476 10 INFO neutron.wsgi [None req-5292df6f-c63c-44d9-8ac5-1c5e9ecbf315 d403138ce1744eceb8073d7c09038044 7a132d323ce842f0afd0a5cb693f9d83 - - - -] 10.0.0.114 "DELETE /v2.0/security-groups/8897ecd7-f250-4380-8b50-7ba2a7b94d94 HTTP/1.1" status: 204 len: 168 time: 0.2358234
2026-09-07 12:03:09.485 11 INFO neutron.db.ovn_revision_numbers_db [None req-96b124a8-ad61-4050-bb49-aaafaa38dc9d 2824304a5d8e4b138bd91380e055924d f7beba7ba89940159358713cdd54b77c - - - -] Successfully bumped revision number for resource 79b7cd1f-d1d8-43d2-8d87-f06af12265f1 (type: ports) to 2
2026-09-07 12:03:09.551 10 INFO neutron.wsgi [req-2442dca7-5fd9-48d2-be4e-2dfe87f82eb5 req-3c35c3fd-34db-4260-bd2d-ebd024a3e75c 5fe4fc3bbd764521b08fcf5936450eb4 87b5627948494625b5e8b3db979548b5 - - default default] 10.0.0.14 "GET /v2.0/ports?device_id=700837c0-2229-4b00-b802-dfd31a779f0b HTTP/1.1" status: 200 len: 1208 time: 0.0729477
2026-09-07 12:03:09.600 10 INFO neutron.wsgi [None req-886e77d5-b93a-4f3e-97ca-6eb6d5cea54a 1a0550c3517e4b7d9160a73cbb805bf1 a3734097f85343acb9de6a7ab30eed69 - - default default] 10.0.0.114 "GET /v2.0/networks?not-tags-any=red%2Cblue HTTP/1.1" status: 200 len: 2067 time: 0.1547956
2026-09-07 12:03:09.618 10 INFO neutron.wsgi [req-2442dca7-5fd9-48d2-be4e-2dfe87f82eb5 req-0d93f6f8-7230-473b-a935-626bb97488fc 5fe4fc3bbd764521b08fcf5936450eb4 87b5627948494625b5e8b3db979548b5 - - default default] 10.0.0.14 "GET /v2.0/security-groups?id=db4620cf-f174-4db4-afa0-e30ea0e88f61&id=4d1c2de0-ce8d-4c74-974e-b8ddf3af90f0&fields=id&fields=name HTTP/1.1" status: 200 len: 404 time: 0.0558383
2026-09-07 12:03:09.641 11 INFO neutron.db.ovn_revision_numbers_db [None req-96b124a8-ad61-4050-bb49-aaafaa38dc9d 2824304a5d8e4b138bd91380e055924d f7beba7ba89940159358713cdd54b77c - - - -] Successfully bumped revision number for resource 79b7cd1f-d1d8-43d2-8d87-f06af12265f1 (type: ports) to 2
2026-09-07 12:03:09.653 11 INFO neutron.wsgi [None req-96b124a8-ad61-4050-bb49-aaafaa38dc9d 2824304a5d8e4b138bd91380e055924d f7beba7ba89940159358713cdd54b77c - - - -] 162.253.55.119 "PUT /v2.0/ports/79b7cd1f-d1d8-43d2-8d87-f06af12265f1 HTTP/1.1" status: 200 len: 1367 time: 0.6207128 /var/lib/openstack/lib/python3.10/site-packages/pycadf/identifier.py:71: UserWarning: Invalid uuid: neutron. To ensure interoperability, identifiers should be a valid uuid. warnings.warn(('Invalid uuid: %s. To ensure interoperability, '
2026-09-07 12:03:09.722 11 INFO neutron.notifiers.nova [-] Nova event matching ['req-597b8253-d060-41c4-8603-1011dbdcb691'] response: {'name': 'network-changed', 'server_uuid': '700837c0-2229-4b00-b802-dfd31a779f0b', 'tag': '79b7cd1f-d1d8-43d2-8d87-f06af12265f1', 'status': 'completed', 'code': 200}
2026-09-07 12:03:09.734 11 INFO neutron.wsgi [req-bb789da7-fee5-47af-b44b-fc897194f700 req-341967d4-fc5c-4e6a-90e8-79021eec5963 2824304a5d8e4b138bd91380e055924d f7beba7ba89940159358713cdd54b77c - - 98a0bd3542fd4f8dbfed0a5f0ac97cd2 98a0bd3542fd4f8dbfed0a5f0ac97cd2] 162.253.55.119 "GET /v2.0/ports?tenant_id=87b5627948494625b5e8b3db979548b5&device_id=700837c0-2229-4b00-b802-dfd31a779f0b HTTP/1.1" status: 200 len: 1398 time: 0.0403674
2026-09-07 12:03:09.768 11 INFO neutron.wsgi [req-bb789da7-fee5-47af-b44b-fc897194f700 req-51edf3e6-9f9d-4c3b-b758-d0511c74b7f1 2824304a5d8e4b138bd91380e055924d f7beba7ba89940159358713cdd54b77c - - 98a0bd3542fd4f8dbfed0a5f0ac97cd2 98a0bd3542fd4f8dbfed0a5f0ac97cd2] 162.253.55.119 "GET /v2.0/floatingips?fixed_ip_address=10.100.0.6&port_id=79b7cd1f-d1d8-43d2-8d87-f06af12265f1 HTTP/1.1" status: 200 len: 217 time: 0.0273499
2026-09-07 12:03:09.809 11 INFO neutron.wsgi [req-bb789da7-fee5-47af-b44b-fc897194f700 req-6b6dfc83-9196-4968-a1b3-10c567deb82e 2824304a5d8e4b138bd91380e055924d f7beba7ba89940159358713cdd54b77c - - 98a0bd3542fd4f8dbfed0a5f0ac97cd2 98a0bd3542fd4f8dbfed0a5f0ac97cd2] 162.253.55.119 "GET /v2.0/subnets?id=8b7ed7fe-b1d3-494c-b002-8ffd4d6be4da HTTP/1.1" status: 200 len: 866 time: 0.0359941
2026-09-07 12:03:09.842 11 INFO neutron.wsgi [req-bb789da7-fee5-47af-b44b-fc897194f700 req-a8a722a8-ee6f-4c7e-8b6a-436f05285473 2824304a5d8e4b138bd91380e055924d f7beba7ba89940159358713cdd54b77c - - 98a0bd3542fd4f8dbfed0a5f0ac97cd2 98a0bd3542fd4f8dbfed0a5f0ac97cd2] 162.253.55.119 "GET /v2.0/ports?network_id=cd01d750-aab1-4746-8f69-c7adb9b95960&device_owner=network%3Adhcp HTTP/1.1" status: 200 len: 210 time: 0.0254629
2026-09-07 12:03:09.883 10 INFO neutron.services.segments.plugin [-] Segment 7855527a-22df-46c7-99fe-c5336edd73c0 resource provider aggregate not found
2026-09-07 12:03:09.898 10 INFO neutron.services.segments.plugin [-] Segment 7855527a-22df-46c7-99fe-c5336edd73c0 resource provider aggregate not found
2026-09-07 12:03:09.909 11 INFO neutron.wsgi [req-bb789da7-fee5-47af-b44b-fc897194f700 req-16065aee-ddf1-4c10-b3be-cb70ea55b85a 2824304a5d8e4b138bd91380e055924d f7beba7ba89940159358713cdd54b77c - - 98a0bd3542fd4f8dbfed0a5f0ac97cd2 98a0bd3542fd4f8dbfed0a5f0ac97cd2] 162.253.55.119 "GET /v2.0/networks/cd01d750-aab1-4746-8f69-c7adb9b95960?fields=segments HTTP/1.1" status: 200 len: 212 time: 0.0577788
2026-09-07 12:03:09.913 10 INFO neutron.services.segments.plugin [-] Segment 7855527a-22df-46c7-99fe-c5336edd73c0 resource provider not found; error: Placement Client Error (4xx): {"errors": [{"status": 404, "title": "Not Found", "detail": "The resource could not be found.\n\n No resource provider with uuid 7855527a-22df-46c7-99fe-c5336edd73c0 found for delete ", "request_id": "req-a72012e5-b0ee-4168-9ed9-7e2b0af587b3"}]}
2026-09-07 12:03:09.915 10 INFO neutron.services.segments.plugin [-] Segment 7855527a-22df-46c7-99fe-c5336edd73c0 resource provider not found; error: Placement Client Error (4xx): {"errors": [{"status": 404, "title": "Not Found", "detail": "The resource could not be found.\n\n No resource provider with uuid 7855527a-22df-46c7-99fe-c5336edd73c0 found for delete ", "request_id": "req-58e02fbd-d682-4b7e-a533-c7e3fb209471"}]}
2026-09-07 12:03:09.926 10 INFO neutron.wsgi [None req-00c45c29-b8b0-4c9c-8165-10da9d16fe04 1a0550c3517e4b7d9160a73cbb805bf1 a3734097f85343acb9de6a7ab30eed69 - - - -] 10.0.0.114 "DELETE /v2.0/networks/d7c1a59d-1e5d-429a-8df1-ae9de7e0220e HTTP/1.1" status: 204 len: 168 time: 0.3175304
2026-09-07 12:03:09.989 11 INFO neutron.wsgi [req-bb789da7-fee5-47af-b44b-fc897194f700 req-408d6d2d-6536-4a19-b31a-3db6c56f1ad2 2824304a5d8e4b138bd91380e055924d f7beba7ba89940159358713cdd54b77c - - 98a0bd3542fd4f8dbfed0a5f0ac97cd2 98a0bd3542fd4f8dbfed0a5f0ac97cd2] 162.253.55.119 "GET /v2.0/networks/cd01d750-aab1-4746-8f69-c7adb9b95960?fields=provider%3Aphysical_network&fields=provider%3Anetwork_type HTTP/1.1" status: 200 len: 277 time: 0.0749006
2026-09-07 12:03:10.072 11 INFO neutron.wsgi [req-bf08d331-4164-4ea9-b27c-d90830c71ffc req-f12cca88-2a7d-4062-9014-8eaebda8f0f4 2824304a5d8e4b138bd91380e055924d f7beba7ba89940159358713cdd54b77c - - 98a0bd3542fd4f8dbfed0a5f0ac97cd2 98a0bd3542fd4f8dbfed0a5f0ac97cd2] 162.253.55.119 "GET /v2.0/ports?tenant_id=87b5627948494625b5e8b3db979548b5&device_id=700837c0-2229-4b00-b802-dfd31a779f0b HTTP/1.1" status: 200 len: 1398 time: 0.0407619
