2026-09-07 12:00:52.978 10 INFO neutron.wsgi [req-1bae45ec-1798-4239-8026-be623588a857 req-671347e0-5ffd-4653-9b8f-672070c9a69e 2824304a5d8e4b138bd91380e055924d f7beba7ba89940159358713cdd54b77c - - 98a0bd3542fd4f8dbfed0a5f0ac97cd2 98a0bd3542fd4f8dbfed0a5f0ac97cd2] 162.253.55.119 "GET /v2.0/ports?tenant_id=a82861a62c5249089679b869c5e56c55&device_id=76b1b62e-c9e6-4f2e-a419-2ddd2886a0dd HTTP/1.1" status: 200 len: 1363 time: 0.0553157
2026-09-07 12:00:53.169 10 INFO neutron.wsgi [req-1bae45ec-1798-4239-8026-be623588a857 req-1bc16dc5-30d0-4eb2-9e4a-521134401c15 2824304a5d8e4b138bd91380e055924d f7beba7ba89940159358713cdd54b77c - - 98a0bd3542fd4f8dbfed0a5f0ac97cd2 98a0bd3542fd4f8dbfed0a5f0ac97cd2] 162.253.55.119 "GET /v2.0/floatingips?fixed_ip_address=10.100.0.10&port_id=e70355ed-8568-434e-be81-b8e9cecb2f75 HTTP/1.1" status: 200 len: 217 time: 0.1799419
2026-09-07 12:00:53.245 10 INFO neutron.wsgi [req-1bae45ec-1798-4239-8026-be623588a857 req-4e86432c-e5c9-4d08-8c4f-0c1d05347f5f 2824304a5d8e4b138bd91380e055924d f7beba7ba89940159358713cdd54b77c - - 98a0bd3542fd4f8dbfed0a5f0ac97cd2 98a0bd3542fd4f8dbfed0a5f0ac97cd2] 162.253.55.119 "GET /v2.0/subnets?id=2d5aeeae-5d8a-473f-b0c3-7a24a3c35280 HTTP/1.1" status: 200 len: 877 time: 0.0560544
2026-09-07 12:00:53.349 10 INFO neutron.wsgi [req-1bae45ec-1798-4239-8026-be623588a857 req-742196a6-2f34-4d8d-8bc4-ed0c8f4c91bf 2824304a5d8e4b138bd91380e055924d f7beba7ba89940159358713cdd54b77c - - 98a0bd3542fd4f8dbfed0a5f0ac97cd2 98a0bd3542fd4f8dbfed0a5f0ac97cd2] 162.253.55.119 "GET /v2.0/ports?network_id=95be3022-1edd-41ce-b65c-10da0e221b03&device_owner=network%3Adhcp HTTP/1.1" status: 200 len: 210 time: 0.0777688
2026-09-07 12:00:53.441 10 INFO neutron.wsgi [req-29bb6635-a694-4bf8-a207-fcf1d4d32ce6 req-7e6486c0-2088-45f1-a198-c7afa7ae60d3 4e3b156302274e5cb80fcfbb2059c3aa a82861a62c5249089679b869c5e56c55 - - default default] 10.0.0.14 "GET /v2.0/ports?device_id=76b1b62e-c9e6-4f2e-a419-2ddd2886a0dd HTTP/1.1" status: 200 len: 1172 time: 0.1918628
2026-09-07 12:00:53.446 10 INFO neutron.wsgi [req-1bae45ec-1798-4239-8026-be623588a857 req-c95a935f-f7e6-4278-885f-57152776386d 2824304a5d8e4b138bd91380e055924d f7beba7ba89940159358713cdd54b77c - - 98a0bd3542fd4f8dbfed0a5f0ac97cd2 98a0bd3542fd4f8dbfed0a5f0ac97cd2] 162.253.55.119 "GET /v2.0/networks/95be3022-1edd-41ce-b65c-10da0e221b03?fields=segments HTTP/1.1" status: 200 len: 212 time: 0.0787799
2026-09-07 12:00:53.496 10 INFO neutron.wsgi [req-29bb6635-a694-4bf8-a207-fcf1d4d32ce6 req-a84ba757-5917-4638-afcf-eb4c923b890e 4e3b156302274e5cb80fcfbb2059c3aa a82861a62c5249089679b869c5e56c55 - - default default] 10.0.0.14 "GET /v2.0/security-groups?id=305e2851-3eed-467b-9f02-8d07bac38c86&fields=id&fields=name HTTP/1.1" status: 200 len: 312 time: 0.0495560
2026-09-07 12:00:53.498 10 INFO neutron.notifiers.nova [-] Nova event matching ['req-64c6681c-c222-49cb-9b36-d2784b8a0481'] response: {'name': 'network-changed', 'server_uuid': '76b1b62e-c9e6-4f2e-a419-2ddd2886a0dd', 'tag': 'e70355ed-8568-434e-be81-b8e9cecb2f75', 'status': 'completed', 'code': 200}
2026-09-07 12:00:53.513 10 INFO neutron.wsgi [req-1bae45ec-1798-4239-8026-be623588a857 req-0bd8da4e-9a76-4b4d-9133-ee0349fa2462 2824304a5d8e4b138bd91380e055924d f7beba7ba89940159358713cdd54b77c - - 98a0bd3542fd4f8dbfed0a5f0ac97cd2 98a0bd3542fd4f8dbfed0a5f0ac97cd2] 162.253.55.119 "GET /v2.0/networks/95be3022-1edd-41ce-b65c-10da0e221b03?fields=provider%3Aphysical_network&fields=provider%3Anetwork_type HTTP/1.1" status: 200 len: 277 time: 0.0542462
2026-09-07 12:00:53.599 10 INFO neutron.wsgi [req-049ba849-3bd8-4be0-b3d6-9e96052ebf96 req-7f8db521-fd57-4de4-be0a-eec307fb7b18 2824304a5d8e4b138bd91380e055924d f7beba7ba89940159358713cdd54b77c - - 98a0bd3542fd4f8dbfed0a5f0ac97cd2 98a0bd3542fd4f8dbfed0a5f0ac97cd2] 162.253.55.119 "GET /v2.0/ports?tenant_id=a82861a62c5249089679b869c5e56c55&device_id=76b1b62e-c9e6-4f2e-a419-2ddd2886a0dd HTTP/1.1" status: 200 len: 1363 time: 0.0335579
2026-09-07 12:00:53.797 10 INFO neutron.wsgi [req-049ba849-3bd8-4be0-b3d6-9e96052ebf96 req-062088b8-13b1-4b03-ba1a-e884f9048cd1 2824304a5d8e4b138bd91380e055924d f7beba7ba89940159358713cdd54b77c - - 98a0bd3542fd4f8dbfed0a5f0ac97cd2 98a0bd3542fd4f8dbfed0a5f0ac97cd2] 162.253.55.119 "GET /v2.0/networks?id=95be3022-1edd-41ce-b65c-10da0e221b03 HTTP/1.1" status: 200 len: 982 time: 0.0946555
2026-09-07 12:00:53.832 10 INFO neutron.wsgi [req-049ba849-3bd8-4be0-b3d6-9e96052ebf96 req-99216624-53a2-4da7-90b0-6f0be0aaa60d 2824304a5d8e4b138bd91380e055924d f7beba7ba89940159358713cdd54b77c - - 98a0bd3542fd4f8dbfed0a5f0ac97cd2 98a0bd3542fd4f8dbfed0a5f0ac97cd2] 162.253.55.119 "GET /v2.0/floatingips?fixed_ip_address=10.100.0.10&port_id=e70355ed-8568-434e-be81-b8e9cecb2f75 HTTP/1.1" status: 200 len: 217 time: 0.0265405
2026-09-07 12:00:53.876 10 INFO neutron.wsgi [req-049ba849-3bd8-4be0-b3d6-9e96052ebf96 req-cad86234-8b92-499d-a5ba-235a52eebb98 2824304a5d8e4b138bd91380e055924d f7beba7ba89940159358713cdd54b77c - - 98a0bd3542fd4f8dbfed0a5f0ac97cd2 98a0bd3542fd4f8dbfed0a5f0ac97cd2] 162.253.55.119 "GET /v2.0/subnets?id=2d5aeeae-5d8a-473f-b0c3-7a24a3c35280 HTTP/1.1" status: 200 len: 877 time: 0.0378075
2026-09-07 12:00:53.902 10 INFO neutron.wsgi [req-049ba849-3bd8-4be0-b3d6-9e96052ebf96 req-6603cb5b-d124-47e1-8454-8678d448f2e9 2824304a5d8e4b138bd91380e055924d f7beba7ba89940159358713cdd54b77c - - 98a0bd3542fd4f8dbfed0a5f0ac97cd2 98a0bd3542fd4f8dbfed0a5f0ac97cd2] 162.253.55.119 "GET /v2.0/ports?network_id=95be3022-1edd-41ce-b65c-10da0e221b03&device_owner=network%3Adhcp HTTP/1.1" status: 200 len: 210 time: 0.0211535
2026-09-07 12:00:53.956 10 INFO neutron.wsgi [req-049ba849-3bd8-4be0-b3d6-9e96052ebf96 req-d2fa2341-4741-49c6-8e26-6b02a91b276b 2824304a5d8e4b138bd91380e055924d f7beba7ba89940159358713cdd54b77c - - 98a0bd3542fd4f8dbfed0a5f0ac97cd2 98a0bd3542fd4f8dbfed0a5f0ac97cd2] 162.253.55.119 "GET /v2.0/networks/95be3022-1edd-41ce-b65c-10da0e221b03?fields=segments HTTP/1.1" status: 200 len: 212 time: 0.0486791
2026-09-07 12:00:54.041 10 INFO neutron.wsgi [req-049ba849-3bd8-4be0-b3d6-9e96052ebf96 req-4fbd1cad-b661-4e45-b844-778f093747cb 2824304a5d8e4b138bd91380e055924d f7beba7ba89940159358713cdd54b77c - - 98a0bd3542fd4f8dbfed0a5f0ac97cd2 98a0bd3542fd4f8dbfed0a5f0ac97cd2] 162.253.55.119 "GET /v2.0/networks/95be3022-1edd-41ce-b65c-10da0e221b03?fields=provider%3Aphysical_network&fields=provider%3Anetwork_type HTTP/1.1" status: 200 len: 277 time: 0.0799975
2026-09-07 12:00:54.147 10 INFO neutron.services.segments.plugin [-] Segment ee8c3d52-208f-40c0-84e7-6253a368230a resource provider aggregate not found
2026-09-07 12:00:54.161 10 INFO neutron.services.segments.plugin [-] Segment ee8c3d52-208f-40c0-84e7-6253a368230a resource provider not found; error: Placement Client Error (4xx): {"errors": [{"status": 404, "title": "Not Found", "detail": "The resource could not be found.\n\n No resource provider with uuid ee8c3d52-208f-40c0-84e7-6253a368230a found for delete ", "request_id": "req-8a498d0a-5b2b-46d0-b608-38ae46d86425"}]}
2026-09-07 12:00:54.176 10 INFO neutron.services.segments.plugin [-] Segment ee8c3d52-208f-40c0-84e7-6253a368230a resource provider aggregate not found
2026-09-07 12:00:54.192 10 INFO neutron.services.segments.plugin [-] Segment ee8c3d52-208f-40c0-84e7-6253a368230a resource provider not found; error: Placement Client Error (4xx): {"errors": [{"status": 404, "title": "Not Found", "detail": "The resource could not be found.\n\n No resource provider with uuid ee8c3d52-208f-40c0-84e7-6253a368230a found for delete ", "request_id": "req-4d357499-1b16-4ff2-bf22-73facdcca41a"}]}
2026-09-07 12:00:54.296 11 INFO neutron.db.ovn_revision_numbers_db [None req-4794b116-985e-4afa-b80e-5c75e645db5f d403138ce1744eceb8073d7c09038044 7a132d323ce842f0afd0a5cb693f9d83 - - - -] Successfully bumped revision number for resource dea27379-47ba-4e68-93f2-1d6ca427bf7e (type: security_groups) to 1
2026-09-07 12:00:54.365 11 INFO neutron.db.segments_db [None req-4794b116-985e-4afa-b80e-5c75e645db5f d403138ce1744eceb8073d7c09038044 7a132d323ce842f0afd0a5cb693f9d83 - - - -] Added segment 51a412fc-1380-49b0-856f-a7d1315d6f2e of type geneve for network 61329ef3-f9bf-4638-86db-85806c45531b
2026-09-07 12:00:54.476 11 INFO neutron.db.ovn_revision_numbers_db [None req-4794b116-985e-4afa-b80e-5c75e645db5f d403138ce1744eceb8073d7c09038044 7a132d323ce842f0afd0a5cb693f9d83 - - - -] Successfully bumped revision number for resource 61329ef3-f9bf-4638-86db-85806c45531b (type: networks) to 1
2026-09-07 12:00:54.639 10 INFO neutron.wsgi [req-11c1c565-978b-456d-9b01-ef670e140f9a req-772277ec-1cd3-4faa-b1bb-42f29e8c0175 4e3b156302274e5cb80fcfbb2059c3aa a82861a62c5249089679b869c5e56c55 - - default default] 10.0.0.14 "GET /v2.0/ports?device_id=76b1b62e-c9e6-4f2e-a419-2ddd2886a0dd HTTP/1.1" status: 200 len: 1172 time: 0.0616012
2026-09-07 12:00:54.675 11 WARNING neutron.scheduler.dhcp_agent_scheduler [None req-4794b116-985e-4afa-b80e-5c75e645db5f d403138ce1744eceb8073d7c09038044 7a132d323ce842f0afd0a5cb693f9d83 - - - -] No more DHCP agents
2026-09-07 12:00:54.677 11 WARNING neutron.api.rpc.agentnotifiers.dhcp_rpc_agent_api [None req-4794b116-985e-4afa-b80e-5c75e645db5f d403138ce1744eceb8073d7c09038044 7a132d323ce842f0afd0a5cb693f9d83 - - - -] Unable to schedule network 61329ef3-f9bf-4638-86db-85806c45531b: no agents available; will retry on subsequent port and subnet creation events.
2026-09-07 12:00:54.697 10 INFO neutron.wsgi [req-11c1c565-978b-456d-9b01-ef670e140f9a req-7583fc6e-2687-426c-b077-0abb701b770b 4e3b156302274e5cb80fcfbb2059c3aa a82861a62c5249089679b869c5e56c55 - - default default] 10.0.0.14 "GET /v2.0/security-groups?id=305e2851-3eed-467b-9f02-8d07bac38c86&fields=id&fields=name HTTP/1.1" status: 200 len: 312 time: 0.0473452
2026-09-07 12:00:54.740 11 INFO neutron.db.ovn_revision_numbers_db [None req-4794b116-985e-4afa-b80e-5c75e645db5f d403138ce1744eceb8073d7c09038044 7a132d323ce842f0afd0a5cb693f9d83 - - - -] Successfully bumped revision number for resource 9bbeaa0b-950f-4390-a76c-9c2ed66eca1f (type: ports) to 1
2026-09-07 12:00:54.769 11 INFO neutron.wsgi [None req-4794b116-985e-4afa-b80e-5c75e645db5f d403138ce1744eceb8073d7c09038044 7a132d323ce842f0afd0a5cb693f9d83 - - - -] 10.0.0.114 "POST /v2.0/networks HTTP/1.1" status: 201 len: 946 time: 0.7576110
2026-09-07 12:00:54.935 11 WARNING neutron.scheduler.dhcp_agent_scheduler [None req-da4e6fbc-4f2d-4db9-8b9a-85f29520ae5c d403138ce1744eceb8073d7c09038044 7a132d323ce842f0afd0a5cb693f9d83 - - - -] No more DHCP agents
2026-09-07 12:00:54.936 11 WARNING neutron.api.rpc.agentnotifiers.dhcp_rpc_agent_api [None req-da4e6fbc-4f2d-4db9-8b9a-85f29520ae5c d403138ce1744eceb8073d7c09038044 7a132d323ce842f0afd0a5cb693f9d83 - - - -] Unable to schedule network 61329ef3-f9bf-4638-86db-85806c45531b: no agents available; will retry on subsequent port and subnet creation events.
2026-09-07 12:00:55.338 11 INFO neutron.db.ovn_revision_numbers_db [None req-da4e6fbc-4f2d-4db9-8b9a-85f29520ae5c d403138ce1744eceb8073d7c09038044 7a132d323ce842f0afd0a5cb693f9d83 - - - -] Successfully bumped revision number for resource 9bbeaa0b-950f-4390-a76c-9c2ed66eca1f (type: ports) to 2
2026-09-07 12:00:55.350 11 INFO neutron.db.ovn_revision_numbers_db [None req-da4e6fbc-4f2d-4db9-8b9a-85f29520ae5c d403138ce1744eceb8073d7c09038044 7a132d323ce842f0afd0a5cb693f9d83 - - - -] Successfully bumped revision number for resource 1b703afb-10b3-4743-bc62-10a8ca475d5c (type: subnets) to 0
2026-09-07 12:00:55.368 11 INFO neutron.wsgi [None req-da4e6fbc-4f2d-4db9-8b9a-85f29520ae5c d403138ce1744eceb8073d7c09038044 7a132d323ce842f0afd0a5cb693f9d83 - - - -] 10.0.0.114 "POST /v2.0/subnets HTTP/1.1" status: 201 len: 867 time: 0.5881374
2026-09-07 12:00:55.498 10 INFO neutron.wsgi [req-8d77c170-bb4d-45b0-a93d-e3186b8f8a7d req-11ff66da-09d5-4cec-9ce4-af5735089a5e 92c26326a9e647459ca8937419d81692 1bf799b797ad4e6b9c0092cb0a476400 - - default default] 10.0.0.14 "GET /v2.0/security-groups?name=tempest-securitygroup--1210415827&fields=id&tenant_id=1bf799b797ad4e6b9c0092cb0a476400 HTTP/1.1" status: 200 len: 267 time: 0.0447876
2026-09-07 12:00:55.590 10 INFO neutron.wsgi [req-8d77c170-bb4d-45b0-a93d-e3186b8f8a7d req-79a10355-3e26-40d3-96c1-ecb19e2a0b1e 92c26326a9e647459ca8937419d81692 1bf799b797ad4e6b9c0092cb0a476400 - - default default] 10.0.0.14 "GET /v2.0/networks?id=7ebfc4f7-64e0-4545-9309-152b0f690642 HTTP/1.1" status: 200 len: 878 time: 0.0841501
2026-09-07 12:00:55.607 10 INFO neutron.wsgi [req-8d77c170-bb4d-45b0-a93d-e3186b8f8a7d req-f9872676-9d8c-4b6a-bf20-6448d4423b12 92c26326a9e647459ca8937419d81692 1bf799b797ad4e6b9c0092cb0a476400 - - default default] 10.0.0.14 "GET /v2.0/quotas/1bf799b797ad4e6b9c0092cb0a476400 HTTP/1.1" status: 200 len: 386 time: 0.0097764
2026-09-07 12:00:55.700 10 INFO neutron.wsgi [req-8d77c170-bb4d-45b0-a93d-e3186b8f8a7d req-fdcaabb4-84e8-42d1-be7b-b01e2481cd27 92c26326a9e647459ca8937419d81692 1bf799b797ad4e6b9c0092cb0a476400 - - default default] 10.0.0.14 "GET /v2.0/ports?tenant_id=1bf799b797ad4e6b9c0092cb0a476400&fields=id HTTP/1.1" status: 200 len: 302 time: 0.0861411
2026-09-07 12:00:55.830 10 INFO neutron.wsgi [req-ccb34f5b-5dfa-4a44-8218-f64189f946be req-6aeb31b1-a56a-4ab3-b922-575212ffb3de 4e3b156302274e5cb80fcfbb2059c3aa a82861a62c5249089679b869c5e56c55 - - default default] 10.0.0.14 "GET /v2.0/ports?device_id=76b1b62e-c9e6-4f2e-a419-2ddd2886a0dd HTTP/1.1" status: 200 len: 1172 time: 0.0447063
2026-09-07 12:00:55.869 10 INFO neutron.wsgi [req-ccb34f5b-5dfa-4a44-8218-f64189f946be req-31567c3a-9146-4be8-8ad0-f6ac886aa613 4e3b156302274e5cb80fcfbb2059c3aa a82861a62c5249089679b869c5e56c55 - - default default] 10.0.0.14 "GET /v2.0/security-groups?id=305e2851-3eed-467b-9f02-8d07bac38c86&fields=id&fields=name HTTP/1.1" status: 200 len: 312 time: 0.0333836
2026-09-07 12:00:55.927 11 WARNING neutron.scheduler.dhcp_agent_scheduler [None req-1a5cc8b0-f835-4243-a9f0-4c335a3ab031 d403138ce1744eceb8073d7c09038044 7a132d323ce842f0afd0a5cb693f9d83 - - - -] No more DHCP agents
2026-09-07 12:00:55.930 11 WARNING neutron.api.rpc.agentnotifiers.dhcp_rpc_agent_api [None req-1a5cc8b0-f835-4243-a9f0-4c335a3ab031 d403138ce1744eceb8073d7c09038044 7a132d323ce842f0afd0a5cb693f9d83 - - - -] Unable to schedule network ea6d7a53-7244-466b-9aae-a652e3279fcb: no agents available; will retry on subsequent port and subnet creation events.
2026-09-07 12:00:56.030 11 INFO neutron.db.ovn_revision_numbers_db [None req-1a5cc8b0-f835-4243-a9f0-4c335a3ab031 d403138ce1744eceb8073d7c09038044 7a132d323ce842f0afd0a5cb693f9d83 - - - -] Successfully bumped revision number for resource c7ff29b2-74d6-4ad1-9129-6b5ad3460d8d (type: ports) to 1
2026-09-07 12:00:56.234 10 INFO neutron.wsgi [req-8d77c170-bb4d-45b0-a93d-e3186b8f8a7d req-9ec520db-5ef3-49f1-b52a-36efa8e94e57 2824304a5d8e4b138bd91380e055924d f7beba7ba89940159358713cdd54b77c - - 98a0bd3542fd4f8dbfed0a5f0ac97cd2 98a0bd3542fd4f8dbfed0a5f0ac97cd2] 10.0.0.14 "GET /v2.0/extensions HTTP/1.1" status: 200 len: 16525 time: 0.1161129
2026-09-07 12:00:56.345 10 INFO neutron.wsgi [req-8d77c170-bb4d-45b0-a93d-e3186b8f8a7d req-e92cb054-1425-47b2-82c5-aa9d18c5a6f5 2824304a5d8e4b138bd91380e055924d f7beba7ba89940159358713cdd54b77c - - 98a0bd3542fd4f8dbfed0a5f0ac97cd2 98a0bd3542fd4f8dbfed0a5f0ac97cd2] 10.0.0.14 "GET /v2.0/networks/7ebfc4f7-64e0-4545-9309-152b0f690642?fields=segments HTTP/1.1" status: 200 len: 212 time: 0.0976002
2026-09-07 12:00:56.402 10 INFO neutron.wsgi [req-8d77c170-bb4d-45b0-a93d-e3186b8f8a7d req-990599c9-b414-45fd-a6e8-7280023624c5 2824304a5d8e4b138bd91380e055924d f7beba7ba89940159358713cdd54b77c - - 98a0bd3542fd4f8dbfed0a5f0ac97cd2 98a0bd3542fd4f8dbfed0a5f0ac97cd2] 10.0.0.14 "GET /v2.0/networks/7ebfc4f7-64e0-4545-9309-152b0f690642?fields=provider%3Aphysical_network&fields=provider%3Anetwork_type HTTP/1.1" status: 200 len: 277 time: 0.0506940
2026-09-07 12:00:56.584 11 INFO neutron.wsgi [-] 10.0.0.6 "GET / HTTP/1.1" status: 200 len: 247 time: 0.0015976
2026-09-07 12:00:56.587 10 INFO neutron.wsgi [-] 10.0.0.6 "GET / HTTP/1.1" status: 200 len: 247 time: 0.0035799
2026-09-07 12:00:56.686 11 INFO neutron.plugins.ml2.drivers.ovn.mech_driver.ovsdb.ovsdb_monitor [None req-81bbed4c-f576-4d37-b117-88c388cbe6cb - - - - - -] Router f0e60f97-19fd-4cd3-8c15-2ac7058a5beb is bound to host instance
2026-09-07 12:00:56.700 11 INFO neutron.db.ovn_revision_numbers_db [None req-1a5cc8b0-f835-4243-a9f0-4c335a3ab031 d403138ce1744eceb8073d7c09038044 7a132d323ce842f0afd0a5cb693f9d83 - - - -] Successfully bumped revision number for resource c7ff29b2-74d6-4ad1-9129-6b5ad3460d8d (type: router_ports) to 1
2026-09-07 12:00:56.779 10 INFO neutron.wsgi [req-7377052d-3375-419c-a565-3daee8cc9bcf req-099ab11d-d674-45cb-9294-77a8fd93325c 92c26326a9e647459ca8937419d81692 1bf799b797ad4e6b9c0092cb0a476400 - - default default] 10.0.0.14 "GET /v2.0/ports?device_id=e94c0d52-2270-4515-9cbb-8405c858fae8 HTTP/1.1" status: 200 len: 210 time: 0.0310719
2026-09-07 12:00:56.786 11 INFO neutron.db.ovn_revision_numbers_db [None req-1a5cc8b0-f835-4243-a9f0-4c335a3ab031 d403138ce1744eceb8073d7c09038044 7a132d323ce842f0afd0a5cb693f9d83 - - - -] Successfully bumped revision number for resource f0e60f97-19fd-4cd3-8c15-2ac7058a5beb (type: routers) to 3
2026-09-07 12:00:56.820 11 INFO neutron.wsgi [None req-1a5cc8b0-f835-4243-a9f0-4c335a3ab031 d403138ce1744eceb8073d7c09038044 7a132d323ce842f0afd0a5cb693f9d83 - - - -] 10.0.0.114 "POST /v2.0/routers HTTP/1.1" status: 201 len: 878 time: 1.4454205
2026-09-07 12:00:56.975 10 INFO neutron.wsgi [req-39e5029d-d1b5-40be-b082-fc519c5b32e3 req-d7a3432c-5d1c-484b-a48d-5bd291a4f740 4e3b156302274e5cb80fcfbb2059c3aa a82861a62c5249089679b869c5e56c55 - - default default] 10.0.0.14 "GET /v2.0/ports?device_id=76b1b62e-c9e6-4f2e-a419-2ddd2886a0dd HTTP/1.1" status: 200 len: 1172 time: 0.0373437
2026-09-07 12:00:57.012 10 INFO neutron.wsgi [req-39e5029d-d1b5-40be-b082-fc519c5b32e3 req-088bf199-ba96-4811-847b-e6cabad92783 4e3b156302274e5cb80fcfbb2059c3aa a82861a62c5249089679b869c5e56c55 - - default default] 10.0.0.14 "GET /v2.0/security-groups?id=305e2851-3eed-467b-9f02-8d07bac38c86&fields=id&fields=name HTTP/1.1" status: 200 len: 312 time: 0.0302992
2026-09-07 12:00:57.198 10 WARNING neutron.scheduler.dhcp_agent_scheduler [None req-cff7e42f-3968-47c9-bdba-b69a73e5c7d6 d403138ce1744eceb8073d7c09038044 7a132d323ce842f0afd0a5cb693f9d83 - - default default] No more DHCP agents
2026-09-07 12:00:57.200 10 WARNING neutron.api.rpc.agentnotifiers.dhcp_rpc_agent_api [None req-cff7e42f-3968-47c9-bdba-b69a73e5c7d6 d403138ce1744eceb8073d7c09038044 7a132d323ce842f0afd0a5cb693f9d83 - - default default] Unable to schedule network 61329ef3-f9bf-4638-86db-85806c45531b: no agents available; will retry on subsequent port and subnet creation events.
2026-09-07 12:00:57.349 10 INFO neutron.db.ovn_revision_numbers_db [None req-cff7e42f-3968-47c9-bdba-b69a73e5c7d6 d403138ce1744eceb8073d7c09038044 7a132d323ce842f0afd0a5cb693f9d83 - - default default] Successfully bumped revision number for resource 998330c1-92fd-45cf-9948-02fe7cf3dad8 (type: ports) to 1
2026-09-07 12:00:57.354 11 INFO neutron.db.ovn_revision_numbers_db [None req-81bbed4c-f576-4d37-b117-88c388cbe6cb - - - - - -] Successfully bumped revision number for resource c7ff29b2-74d6-4ad1-9129-6b5ad3460d8d (type: ports) to 1
2026-09-07 12:00:57.523 10 WARNING neutron.plugins.ml2.drivers.ovn.mech_driver.ovsdb.ovn_client [None req-313176cf-d53f-4311-8fb9-daf873312325 - - - - - -] No hosting information found for port a6dc7290-b48c-4513-837e-d022d912d7d6: RuntimeError: No hosting information found for port a6dc7290-b48c-4513-837e-d022d912d7d6
2026-09-07 12:00:57.524 10 INFO neutron.plugins.ml2.drivers.ovn.mech_driver.mech_driver [None req-313176cf-d53f-4311-8fb9-daf873312325 - - - - - -] OVN reports status up for port: 5c1612d0-7aa9-4ff0-9f98-03fdccec7859
2026-09-07 12:00:57.542 10 INFO neutron.plugins.ml2.drivers.ovn.mech_driver.mech_driver [None req-313176cf-d53f-4311-8fb9-daf873312325 - - - - - -] OVN reports status up for port: 75aaecce-bdd4-4aad-ae36-af057603a7b6
2026-09-07 12:00:57.564 10 INFO neutron.plugins.ml2.plugin [None req-313176cf-d53f-4311-8fb9-daf873312325 - - - - - -] Attempt 1 to provision port 75aaecce-bdd4-4aad-ae36-af057603a7b6
2026-09-07 12:00:57.610 11 INFO neutron.db.ovn_revision_numbers_db [None req-81bbed4c-f576-4d37-b117-88c388cbe6cb - - - - - -] Successfully bumped revision number for resource c7ff29b2-74d6-4ad1-9129-6b5ad3460d8d (type: router_ports) to 3
2026-09-07 12:00:57.714 10 INFO neutron.plugins.ml2.drivers.ovn.mech_driver.mech_driver [None req-313176cf-d53f-4311-8fb9-daf873312325 - - - - - -] OVN reports status up for port: 7e12203f-5af3-46d1-b7cc-b1d08eef36e0
2026-09-07 12:00:57.725 11 INFO neutron.db.ovn_revision_numbers_db [None req-81bbed4c-f576-4d37-b117-88c388cbe6cb - - - - - -] Successfully bumped revision number for resource c7ff29b2-74d6-4ad1-9129-6b5ad3460d8d (type: ports) to 2
2026-09-07 12:00:57.734 10 INFO neutron.wsgi [req-8d77c170-bb4d-45b0-a93d-e3186b8f8a7d req-145db3ca-ec4d-4791-aa08-0ee55c02a4d6 92c26326a9e647459ca8937419d81692 1bf799b797ad4e6b9c0092cb0a476400 - - default default] 162.253.55.119 "GET /v2.0/networks?id=7ebfc4f7-64e0-4545-9309-152b0f690642 HTTP/1.1" status: 200 len: 878 time: 0.1112740
2026-09-07 12:00:57.736 10 INFO neutron.plugins.ml2.plugin [None req-313176cf-d53f-4311-8fb9-daf873312325 - - - - - -] Attempt 1 to provision port 7e12203f-5af3-46d1-b7cc-b1d08eef36e0
2026-09-07 12:00:57.874 10 INFO neutron.wsgi [req-8d77c170-bb4d-45b0-a93d-e3186b8f8a7d req-ffc8ce3a-53d0-4dba-8395-be4db98b9d18 92c26326a9e647459ca8937419d81692 1bf799b797ad4e6b9c0092cb0a476400 - - default default] 162.253.55.119 "GET /v2.0/security-groups?fields=id&fields=name&tenant_id=1bf799b797ad4e6b9c0092cb0a476400 HTTP/1.1" status: 200 len: 380 time: 0.0870647
2026-09-07 12:00:57.905 10 INFO neutron.wsgi [req-f418381e-30f2-4713-8e9b-451133bf6aaf req-56af1c71-706d-42fd-8a20-3044b50eda6f 92c26326a9e647459ca8937419d81692 1bf799b797ad4e6b9c0092cb0a476400 - - default default] 10.0.0.14 "GET /v2.0/ports?device_id=e94c0d52-2270-4515-9cbb-8405c858fae8 HTTP/1.1" status: 200 len: 210 time: 0.0303974
2026-09-07 12:00:57.931 11 INFO neutron.db.ovn_revision_numbers_db [None req-81bbed4c-f576-4d37-b117-88c388cbe6cb - - - - - -] Successfully bumped revision number for resource c7ff29b2-74d6-4ad1-9129-6b5ad3460d8d (type: ports) to 4
2026-09-07 12:00:58.005 10 INFO neutron.db.ovn_revision_numbers_db [None req-cff7e42f-3968-47c9-bdba-b69a73e5c7d6 d403138ce1744eceb8073d7c09038044 7a132d323ce842f0afd0a5cb693f9d83 - - default default] Successfully bumped revision number for resource 998330c1-92fd-45cf-9948-02fe7cf3dad8 (type: router_ports) to 2
2026-09-07 12:00:58.015 11 INFO neutron.plugins.ml2.drivers.ovn.mech_driver.mech_driver [None req-0b022f37-6116-4660-bff2-669a46331ce8 - - - - - -] OVN reports status up for port: 998330c1-92fd-45cf-9948-02fe7cf3dad8
2026-09-07 12:00:58.024 11 INFO neutron.plugins.ml2.plugin [None req-0b022f37-6116-4660-bff2-669a46331ce8 - - - - - -] Attempt 1 to provision port 998330c1-92fd-45cf-9948-02fe7cf3dad8
2026-09-07 12:00:58.238 10 INFO neutron.wsgi [req-cc8a9269-1ac0-4de3-a405-b18ca35ed5f5 req-64c224bc-284a-4826-8401-ba0fd033db92 4e3b156302274e5cb80fcfbb2059c3aa a82861a62c5249089679b869c5e56c55 - - default default] 10.0.0.14 "GET /v2.0/ports?device_id=76b1b62e-c9e6-4f2e-a419-2ddd2886a0dd HTTP/1.1" status: 200 len: 1172 time: 0.0552480
2026-09-07 12:00:58.308 10 INFO neutron.wsgi [req-cc8a9269-1ac0-4de3-a405-b18ca35ed5f5 req-0126573a-a7de-4314-8f22-6454c3fb1d88 4e3b156302274e5cb80fcfbb2059c3aa a82861a62c5249089679b869c5e56c55 - - default default] 10.0.0.14 "GET /v2.0/security-groups?id=305e2851-3eed-467b-9f02-8d07bac38c86&fields=id&fields=name HTTP/1.1" status: 200 len: 312 time: 0.0612650
2026-09-07 12:00:58.309 11 INFO neutron.db.ovn_revision_numbers_db [None req-81bbed4c-f576-4d37-b117-88c388cbe6cb - - - - - -] Successfully bumped revision number for resource c7ff29b2-74d6-4ad1-9129-6b5ad3460d8d (type: router_ports) to 4
2026-09-07 12:00:58.364 11 INFO neutron.db.ovn_revision_numbers_db [None req-0b022f37-6116-4660-bff2-669a46331ce8 - - - - - -] Successfully bumped revision number for resource 998330c1-92fd-45cf-9948-02fe7cf3dad8 (type: ports) to 3
2026-09-07 12:00:58.395 10 ERROR ovsdbapp.backend.ovs_idl.transaction [None req-cff7e42f-3968-47c9-bdba-b69a73e5c7d6 d403138ce1744eceb8073d7c09038044 7a132d323ce842f0afd0a5cb693f9d83 - - default default]
Traceback (most recent call last): File "/var/lib/openstack/lib/python3.10/site-packages/ovsdbapp/backend/ovs_idl/connection.py", line 118, in run txn.results.put(txn.do_commit())
File "/var/lib/openstack/lib/python3.10/site-packages/ovsdbapp/backend/ovs_idl/transaction.py", line 92, in do_commit command.run_idl(txn)
File "/var/lib/openstack/lib/python3.10/site-packages/neutron/plugins/ml2/drivers/ovn/mech_driver/ovsdb/commands.py", line 801, in run_idl raise ovn_exc.RevisionConflict( neutron.common.ovn.exceptions.RevisionConflict: OVN revision number for 998330c1-92fd-45cf-9948-02fe7cf3dad8 (type: ports) is equal or higher than the given resource. Skipping update 
2026-09-07 12:00:58.396 10 INFO neutron.plugins.ml2.drivers.ovn.mech_driver.ovsdb.impl_idl_ovn [None req-cff7e42f-3968-47c9-bdba-b69a73e5c7d6 d403138ce1744eceb8073d7c09038044 7a132d323ce842f0afd0a5cb693f9d83 - - default default] Transaction aborted. Reason: OVN revision number for 998330c1-92fd-45cf-9948-02fe7cf3dad8 (type: ports) is equal or higher than the given resource. Skipping update
2026-09-07 12:00:58.446 10 INFO neutron.db.ovn_revision_numbers_db [None req-313176cf-d53f-4311-8fb9-daf873312325 - - - - - -] Successfully bumped revision number for resource 7e12203f-5af3-46d1-b7cc-b1d08eef36e0 (type: ports) to 3
2026-09-07 12:00:58.472 11 INFO neutron.db.ovn_revision_numbers_db [None req-0b022f37-6116-4660-bff2-669a46331ce8 - - - - - -] Successfully bumped revision number for resource 998330c1-92fd-45cf-9948-02fe7cf3dad8 (type: router_ports) to 3
2026-09-07 12:00:58.541 10 WARNING neutron.scheduler.dhcp_agent_scheduler [None req-cff7e42f-3968-47c9-bdba-b69a73e5c7d6 d403138ce1744eceb8073d7c09038044 7a132d323ce842f0afd0a5cb693f9d83 - - default default] No more DHCP agents
2026-09-07 12:00:58.549 10 WARNING neutron.api.rpc.agentnotifiers.dhcp_rpc_agent_api [None req-cff7e42f-3968-47c9-bdba-b69a73e5c7d6 d403138ce1744eceb8073d7c09038044 7a132d323ce842f0afd0a5cb693f9d83 - - default default] Unable to schedule network 61329ef3-f9bf-4638-86db-85806c45531b: no agents available; will retry on subsequent port and subnet creation events.
2026-09-07 12:00:58.723 10 INFO neutron.db.ovn_revision_numbers_db [None req-313176cf-d53f-4311-8fb9-daf873312325 - - - - - -] Successfully bumped revision number for resource 7e12203f-5af3-46d1-b7cc-b1d08eef36e0 (type: router_ports) to 3
2026-09-07 12:00:58.743 10 WARNING neutron.scheduler.dhcp_agent_scheduler [None req-b0e1cd4d-6fcf-4c92-9c48-ea196c0576de 92c26326a9e647459ca8937419d81692 1bf799b797ad4e6b9c0092cb0a476400 - - - -] No more DHCP agents
2026-09-07 12:00:58.753 10 WARNING neutron.api.rpc.agentnotifiers.dhcp_rpc_agent_api [None req-b0e1cd4d-6fcf-4c92-9c48-ea196c0576de 92c26326a9e647459ca8937419d81692 1bf799b797ad4e6b9c0092cb0a476400 - - - -] Unable to schedule network 7ebfc4f7-64e0-4545-9309-152b0f690642: no agents available; will retry on subsequent port and subnet creation events.
2026-09-07 12:00:58.970 10 INFO neutron.db.ovn_revision_numbers_db [None req-b0e1cd4d-6fcf-4c92-9c48-ea196c0576de 92c26326a9e647459ca8937419d81692 1bf799b797ad4e6b9c0092cb0a476400 - - - -] Successfully bumped revision number for resource f8b87bd8-c00b-4f4b-802f-a5baa010c6d6 (type: ports) to 1 /var/lib/openstack/lib/python3.10/site-packages/pycadf/identifier.py:71: UserWarning: Invalid uuid: neutron. To ensure interoperability, identifiers should be a valid uuid. warnings.warn(('Invalid uuid: %s. To ensure interoperability, '
2026-09-07 12:00:59.031 10 INFO neutron.wsgi [None req-b0e1cd4d-6fcf-4c92-9c48-ea196c0576de 92c26326a9e647459ca8937419d81692 1bf799b797ad4e6b9c0092cb0a476400 - - - -] 162.253.55.119 "POST /v2.0/ports HTTP/1.1" status: 201 len: 1162 time: 1.1452157
2026-09-07 12:00:59.042 10 INFO neutron.wsgi [req-8a80df0a-1de5-4a39-a580-55fd0c8c1c9c req-a32b4d30-288c-48c9-b153-3b9cb4304961 92c26326a9e647459ca8937419d81692 1bf799b797ad4e6b9c0092cb0a476400 - - default default] 10.0.0.14 "GET /v2.0/ports?device_id=e94c0d52-2270-4515-9cbb-8405c858fae8 HTTP/1.1" status: 200 len: 1160 time: 0.0412428
2026-09-07 12:00:59.107 10 INFO neutron.wsgi [req-8a80df0a-1de5-4a39-a580-55fd0c8c1c9c req-5b0139b5-72af-4911-885a-23795541aa6c 92c26326a9e647459ca8937419d81692 1bf799b797ad4e6b9c0092cb0a476400 - - default default] 10.0.0.14 "GET /v2.0/security-groups?id=37324020-f2a3-44a3-84cc-ac68cd609966&fields=id&fields=name HTTP/1.1" status: 200 len: 313 time: 0.0573425
2026-09-07 12:00:59.576 10 INFO neutron.wsgi [req-bea82456-44df-443b-b4d4-259a04194e9c req-b73c34e1-5cc2-408d-848a-f342fdba9c2e 4e3b156302274e5cb80fcfbb2059c3aa a82861a62c5249089679b869c5e56c55 - - default default] 10.0.0.14 "GET /v2.0/ports?device_id=76b1b62e-c9e6-4f2e-a419-2ddd2886a0dd HTTP/1.1" status: 200 len: 1172 time: 0.1410615
2026-09-07 12:00:59.657 10 INFO neutron.wsgi [req-bea82456-44df-443b-b4d4-259a04194e9c req-a0092f9b-3856-437d-83bd-6ecad1f3f771 4e3b156302274e5cb80fcfbb2059c3aa a82861a62c5249089679b869c5e56c55 - - default default] 10.0.0.14 "GET /v2.0/security-groups?id=305e2851-3eed-467b-9f02-8d07bac38c86&fields=id&fields=name HTTP/1.1" status: 200 len: 312 time: 0.0713484
2026-09-07 12:00:59.720 10 INFO neutron.db.ovn_revision_numbers_db [None req-cff7e42f-3968-47c9-bdba-b69a73e5c7d6 d403138ce1744eceb8073d7c09038044 7a132d323ce842f0afd0a5cb693f9d83 - - - -] Successfully bumped revision number for resource 998330c1-92fd-45cf-9948-02fe7cf3dad8 (type: router_ports) to 3
2026-09-07 12:00:59.722 10 INFO neutron.wsgi [None req-cff7e42f-3968-47c9-bdba-b69a73e5c7d6 d403138ce1744eceb8073d7c09038044 7a132d323ce842f0afd0a5cb693f9d83 - - - -] 10.0.0.114 "PUT /v2.0/routers/f0e60f97-19fd-4cd3-8c15-2ac7058a5beb/add_router_interface HTTP/1.1" status: 200 len: 503 time: 2.8982277
2026-09-07 12:00:59.786 10 INFO neutron.db.ovn_revision_numbers_db [None req-efee6ea9-74d5-4f0c-bdc2-6c0e11ef7e5c 2824304a5d8e4b138bd91380e055924d f7beba7ba89940159358713cdd54b77c - - - -] Successfully bumped revision number for resource f8b87bd8-c00b-4f4b-802f-a5baa010c6d6 (type: ports) to 2
2026-09-07 12:00:59.948 10 INFO neutron.db.ovn_revision_numbers_db [None req-efee6ea9-74d5-4f0c-bdc2-6c0e11ef7e5c 2824304a5d8e4b138bd91380e055924d f7beba7ba89940159358713cdd54b77c - - - -] Successfully bumped revision number for resource f8b87bd8-c00b-4f4b-802f-a5baa010c6d6 (type: ports) to 2
2026-09-07 12:00:59.961 10 INFO neutron.wsgi [None req-efee6ea9-74d5-4f0c-bdc2-6c0e11ef7e5c 2824304a5d8e4b138bd91380e055924d f7beba7ba89940159358713cdd54b77c - - - -] 162.253.55.119 "PUT /v2.0/ports/f8b87bd8-c00b-4f4b-802f-a5baa010c6d6 HTTP/1.1" status: 200 len: 1332 time: 0.9250665 /var/lib/openstack/lib/python3.10/site-packages/pycadf/identifier.py:71: UserWarning: Invalid uuid: neutron. To ensure interoperability, identifiers should be a valid uuid. warnings.warn(('Invalid uuid: %s. To ensure interoperability, '
2026-09-07 12:01:00.014 10 INFO neutron.notifiers.nova [-] Nova event matching ['req-d92e88f0-2b84-4f36-9bb5-1864c3a7bd10'] response: {'name': 'network-changed', 'server_uuid': 'e94c0d52-2270-4515-9cbb-8405c858fae8', 'tag': 'f8b87bd8-c00b-4f4b-802f-a5baa010c6d6', 'status': 'completed', 'code': 200}
2026-09-07 12:01:00.035 10 INFO neutron.wsgi [req-8d77c170-bb4d-45b0-a93d-e3186b8f8a7d req-24732ed4-a353-4afa-974b-95c8b52a825f 2824304a5d8e4b138bd91380e055924d f7beba7ba89940159358713cdd54b77c - - 98a0bd3542fd4f8dbfed0a5f0ac97cd2 98a0bd3542fd4f8dbfed0a5f0ac97cd2] 162.253.55.119 "GET /v2.0/ports?tenant_id=1bf799b797ad4e6b9c0092cb0a476400&device_id=e94c0d52-2270-4515-9cbb-8405c858fae8 HTTP/1.1" status: 200 len: 1363 time: 0.0357878
2026-09-07 12:01:00.067 10 INFO neutron.wsgi [req-8d77c170-bb4d-45b0-a93d-e3186b8f8a7d req-a4f81b1f-7a69-4df5-8820-15f1166fb560 2824304a5d8e4b138bd91380e055924d f7beba7ba89940159358713cdd54b77c - - 98a0bd3542fd4f8dbfed0a5f0ac97cd2 98a0bd3542fd4f8dbfed0a5f0ac97cd2] 162.253.55.119 "GET /v2.0/floatingips?fixed_ip_address=10.100.0.11&port_id=f8b87bd8-c00b-4f4b-802f-a5baa010c6d6 HTTP/1.1" status: 200 len: 217 time: 0.0256567
2026-09-07 12:01:00.099 10 INFO neutron.wsgi [req-8d77c170-bb4d-45b0-a93d-e3186b8f8a7d req-cb6df0fd-f319-416d-8c95-dec8b24caa6e 2824304a5d8e4b138bd91380e055924d f7beba7ba89940159358713cdd54b77c - - 98a0bd3542fd4f8dbfed0a5f0ac97cd2 98a0bd3542fd4f8dbfed0a5f0ac97cd2] 162.253.55.119 "GET /v2.0/subnets?id=700c62dc-6e47-4548-99c9-d6d57c92333b HTTP/1.1" status: 200 len: 872 time: 0.0283790
2026-09-07 12:01:00.120 10 INFO neutron.wsgi [req-8d77c170-bb4d-45b0-a93d-e3186b8f8a7d req-2f54b6e6-ad0a-444b-8a04-6b7add9892a2 2824304a5d8e4b138bd91380e055924d f7beba7ba89940159358713cdd54b77c - - 98a0bd3542fd4f8dbfed0a5f0ac97cd2 98a0bd3542fd4f8dbfed0a5f0ac97cd2] 162.253.55.119 "GET /v2.0/ports?network_id=7ebfc4f7-64e0-4545-9309-152b0f690642&device_owner=network%3Adhcp HTTP/1.1" status: 200 len: 210 time: 0.0167134
2026-09-07 12:01:00.167 10 INFO neutron.wsgi [req-8d77c170-bb4d-45b0-a93d-e3186b8f8a7d req-87e07311-2994-407c-ab51-7313d5406180 2824304a5d8e4b138bd91380e055924d f7beba7ba89940159358713cdd54b77c - - 98a0bd3542fd4f8dbfed0a5f0ac97cd2 98a0bd3542fd4f8dbfed0a5f0ac97cd2] 162.253.55.119 "GET /v2.0/networks/7ebfc4f7-64e0-4545-9309-152b0f690642?fields=segments HTTP/1.1" status: 200 len: 212 time: 0.0399377
2026-09-07 12:01:00.205 10 INFO neutron.wsgi [req-8e87f3e7-dc4c-471b-9e00-304f88df5b83 req-ef25314a-1427-4438-ab78-5bdb1c8881b2 92c26326a9e647459ca8937419d81692 1bf799b797ad4e6b9c0092cb0a476400 - - default default] 10.0.0.14 "GET /v2.0/ports?device_id=e94c0d52-2270-4515-9cbb-8405c858fae8 HTTP/1.1" status: 200 len: 1172 time: 0.0339942
2026-09-07 12:01:00.247 10 INFO neutron.wsgi [req-8e87f3e7-dc4c-471b-9e00-304f88df5b83 req-198db827-4b14-42d3-b0b4-62f9b3d8ef40 92c26326a9e647459ca8937419d81692 1bf799b797ad4e6b9c0092cb0a476400 - - default default] 10.0.0.14 "GET /v2.0/security-groups?id=37324020-f2a3-44a3-84cc-ac68cd609966&fields=id&fields=name HTTP/1.1" status: 200 len: 313 time: 0.0339811
2026-09-07 12:01:00.250 10 INFO neutron.wsgi [req-8d77c170-bb4d-45b0-a93d-e3186b8f8a7d req-86236eb0-2fc1-4b0c-9ce1-c89e369b7d05 2824304a5d8e4b138bd91380e055924d f7beba7ba89940159358713cdd54b77c - - 98a0bd3542fd4f8dbfed0a5f0ac97cd2 98a0bd3542fd4f8dbfed0a5f0ac97cd2] 162.253.55.119 "GET /v2.0/networks/7ebfc4f7-64e0-4545-9309-152b0f690642?fields=provider%3Aphysical_network&fields=provider%3Anetwork_type HTTP/1.1" status: 200 len: 277 time: 0.0739543
2026-09-07 12:01:00.339 10 INFO neutron.wsgi [req-a7654e5c-ed95-480c-a022-a0d1ad48bf0d req-5bc880f6-9fe7-49e2-bba0-f4afb26ff977 2824304a5d8e4b138bd91380e055924d f7beba7ba89940159358713cdd54b77c - - 98a0bd3542fd4f8dbfed0a5f0ac97cd2 98a0bd3542fd4f8dbfed0a5f0ac97cd2] 162.253.55.119 "GET /v2.0/ports?tenant_id=1bf799b797ad4e6b9c0092cb0a476400&device_id=e94c0d52-2270-4515-9cbb-8405c858fae8 HTTP/1.1" status: 200 len: 1363 time: 0.0258651
2026-09-07 12:01:00.398 10 INFO neutron.wsgi [req-a7654e5c-ed95-480c-a022-a0d1ad48bf0d req-fc952f70-9711-47da-9abf-0eb7fd0c63b5 2824304a5d8e4b138bd91380e055924d f7beba7ba89940159358713cdd54b77c - - 98a0bd3542fd4f8dbfed0a5f0ac97cd2 98a0bd3542fd4f8dbfed0a5f0ac97cd2] 162.253.55.119 "GET /v2.0/networks?id=7ebfc4f7-64e0-4545-9309-152b0f690642 HTTP/1.1" status: 200 len: 977 time: 0.0509994
2026-09-07 12:01:00.425 11 INFO neutron.db.ovn_revision_numbers_db [None req-55efc19d-3afa-4b1b-84e6-57a0ad77d5d8 d403138ce1744eceb8073d7c09038044 7a132d323ce842f0afd0a5cb693f9d83 - - default default] Successfully bumped revision number for resource 9e8d50b7-a742-4cff-80e6-b63a91821ca5 (type: security_groups) to 1
2026-09-07 12:01:00.428 10 INFO neutron.wsgi [req-a7654e5c-ed95-480c-a022-a0d1ad48bf0d req-0c2845c3-564f-4be2-b730-13fd1a3add7f 2824304a5d8e4b138bd91380e055924d f7beba7ba89940159358713cdd54b77c - - 98a0bd3542fd4f8dbfed0a5f0ac97cd2 98a0bd3542fd4f8dbfed0a5f0ac97cd2] 162.253.55.119 "GET /v2.0/floatingips?fixed_ip_address=10.100.0.11&port_id=f8b87bd8-c00b-4f4b-802f-a5baa010c6d6 HTTP/1.1" status: 200 len: 217 time: 0.0249269
2026-09-07 12:01:00.441 11 INFO neutron.wsgi [None req-55efc19d-3afa-4b1b-84e6-57a0ad77d5d8 d403138ce1744eceb8073d7c09038044 7a132d323ce842f0afd0a5cb693f9d83 - - default default] 10.0.0.114 "GET /v2.0/security-groups?tenant_id=7aed24ec745f4c0b8e7c4dae44294c95&name=default HTTP/1.1" status: 200 len: 2996 time: 0.2732465
2026-09-07 12:01:00.459 10 INFO neutron.wsgi [req-a7654e5c-ed95-480c-a022-a0d1ad48bf0d req-a5fc9c3b-e136-400b-b655-ebb7c36b5d25 2824304a5d8e4b138bd91380e055924d f7beba7ba89940159358713cdd54b77c - - 98a0bd3542fd4f8dbfed0a5f0ac97cd2 98a0bd3542fd4f8dbfed0a5f0ac97cd2] 162.253.55.119 "GET /v2.0/subnets?id=700c62dc-6e47-4548-99c9-d6d57c92333b HTTP/1.1" status: 200 len: 872 time: 0.0245144
2026-09-07 12:01:00.483 10 INFO neutron.wsgi [req-a7654e5c-ed95-480c-a022-a0d1ad48bf0d req-00823db1-de04-43e0-aeec-34b8df9e6e15 2824304a5d8e4b138bd91380e055924d f7beba7ba89940159358713cdd54b77c - - 98a0bd3542fd4f8dbfed0a5f0ac97cd2 98a0bd3542fd4f8dbfed0a5f0ac97cd2] 162.253.55.119 "GET /v2.0/ports?network_id=7ebfc4f7-64e0-4545-9309-152b0f690642&device_owner=network%3Adhcp HTTP/1.1" status: 200 len: 210 time: 0.0186682
2026-09-07 12:01:00.537 10 INFO neutron.wsgi [req-a7654e5c-ed95-480c-a022-a0d1ad48bf0d req-ba26f0f2-4918-43e2-89d4-f3c2cfb7a9c5 2824304a5d8e4b138bd91380e055924d f7beba7ba89940159358713cdd54b77c - - 98a0bd3542fd4f8dbfed0a5f0ac97cd2 98a0bd3542fd4f8dbfed0a5f0ac97cd2] 162.253.55.119 "GET /v2.0/networks/7ebfc4f7-64e0-4545-9309-152b0f690642?fields=segments HTTP/1.1" status: 200 len: 212 time: 0.0503297
2026-09-07 12:01:00.592 10 INFO neutron.wsgi [req-a7654e5c-ed95-480c-a022-a0d1ad48bf0d req-e643baff-f5d3-4b4e-a557-add85fc78ada 2824304a5d8e4b138bd91380e055924d f7beba7ba89940159358713cdd54b77c - - 98a0bd3542fd4f8dbfed0a5f0ac97cd2 98a0bd3542fd4f8dbfed0a5f0ac97cd2] 162.253.55.119 "GET /v2.0/networks/7ebfc4f7-64e0-4545-9309-152b0f690642?fields=provider%3Aphysical_network&fields=provider%3Anetwork_type HTTP/1.1" status: 200 len: 277 time: 0.0479162
2026-09-07 12:01:00.789 10 INFO neutron.wsgi [req-f85b0f73-c83a-4dc0-86a1-77a1255f2cb4 req-0e5f42e6-f027-4c63-bd6b-5a1ce165cda0 dd4b4817d85b498d90bae7315c4c8586 fbb3052ab7c6487a8aa13f9d870aa530 - - default default] 10.0.0.14 "GET /v2.0/networks?id=61329ef3-f9bf-4638-86db-85806c45531b HTTP/1.1" status: 200 len: 876 time: 0.1173201
2026-09-07 12:01:00.796 10 INFO neutron.wsgi [req-ba13f576-45a3-408a-8115-d90afa227b48 req-b9847fcc-763a-4fee-a3f4-fc6dad785794 4e3b156302274e5cb80fcfbb2059c3aa a82861a62c5249089679b869c5e56c55 - - default default] 10.0.0.14 "GET /v2.0/ports?device_id=76b1b62e-c9e6-4f2e-a419-2ddd2886a0dd HTTP/1.1" status: 200 len: 1172 time: 0.0533769
2026-09-07 12:01:00.803 11 INFO neutron.wsgi [None req-4dee9214-efa3-4c08-95f2-9b5eabe746f6 d403138ce1744eceb8073d7c09038044 7a132d323ce842f0afd0a5cb693f9d83 - - - -] 10.0.0.114 "DELETE /v2.0/security-groups/9e8d50b7-a742-4cff-80e6-b63a91821ca5 HTTP/1.1" status: 204 len: 168 time: 0.3582461
2026-09-07 12:01:00.812 10 INFO neutron.wsgi [req-f85b0f73-c83a-4dc0-86a1-77a1255f2cb4 req-e7a6068c-7633-4072-80b1-d81924159dc8 dd4b4817d85b498d90bae7315c4c8586 fbb3052ab7c6487a8aa13f9d870aa530 - - default default] 10.0.0.14 "GET /v2.0/quotas/fbb3052ab7c6487a8aa13f9d870aa530 HTTP/1.1" status: 200 len: 386 time: 0.0146513
2026-09-07 12:01:00.847 10 INFO neutron.wsgi [req-ba13f576-45a3-408a-8115-d90afa227b48 req-74047df8-450d-420c-934e-99d86eea8063 4e3b156302274e5cb80fcfbb2059c3aa a82861a62c5249089679b869c5e56c55 - - default default] 10.0.0.14 "GET /v2.0/security-groups?id=305e2851-3eed-467b-9f02-8d07bac38c86&fields=id&fields=name HTTP/1.1" status: 200 len: 312 time: 0.0416055
2026-09-07 12:01:00.950 10 INFO neutron.wsgi [req-f85b0f73-c83a-4dc0-86a1-77a1255f2cb4 req-70fe678b-d675-482f-b4df-a19c46cde21c dd4b4817d85b498d90bae7315c4c8586 fbb3052ab7c6487a8aa13f9d870aa530 - - default default] 10.0.0.14 "GET /v2.0/ports?tenant_id=fbb3052ab7c6487a8aa13f9d870aa530&fields=id HTTP/1.1" status: 200 len: 302 time: 0.1290100
2026-09-07 12:01:01.017 10 INFO neutron.wsgi [req-f85b0f73-c83a-4dc0-86a1-77a1255f2cb4 req-2e3ec244-bb55-425f-8fbd-a3876e7f1376 2824304a5d8e4b138bd91380e055924d f7beba7ba89940159358713cdd54b77c - - 98a0bd3542fd4f8dbfed0a5f0ac97cd2 98a0bd3542fd4f8dbfed0a5f0ac97cd2] 10.0.0.14 "GET /v2.0/networks/61329ef3-f9bf-4638-86db-85806c45531b?fields=segments HTTP/1.1" status: 200 len: 212 time: 0.0618525
2026-09-07 12:01:01.083 10 INFO neutron.wsgi [req-f85b0f73-c83a-4dc0-86a1-77a1255f2cb4 req-4d58faa3-3b99-475e-99d8-f1714b6ebe00 2824304a5d8e4b138bd91380e055924d f7beba7ba89940159358713cdd54b77c - - 98a0bd3542fd4f8dbfed0a5f0ac97cd2 98a0bd3542fd4f8dbfed0a5f0ac97cd2] 10.0.0.14 "GET /v2.0/networks/61329ef3-f9bf-4638-86db-85806c45531b?fields=provider%3Aphysical_network&fields=provider%3Anetwork_type HTTP/1.1" status: 200 len: 277 time: 0.0599759
2026-09-07 12:01:01.091 10 INFO neutron.db.ovn_revision_numbers_db [None req-60650e30-78d5-4350-9b59-ed8f5b675f1f d403138ce1744eceb8073d7c09038044 7a132d323ce842f0afd0a5cb693f9d83 - - default default] Successfully bumped revision number for resource 078052a9-b8b9-47d5-8910-74f80f5b209f (type: security_groups) to 1
2026-09-07 12:01:01.111 10 INFO neutron.wsgi [None req-60650e30-78d5-4350-9b59-ed8f5b675f1f d403138ce1744eceb8073d7c09038044 7a132d323ce842f0afd0a5cb693f9d83 - - default default] 10.0.0.114 "GET /v2.0/security-groups?tenant_id=873ce410da6f4f309c0d224eec451e48&name=default HTTP/1.1" status: 200 len: 2996 time: 0.1469564
2026-09-07 12:01:01.239 10 INFO neutron.wsgi [req-13d936a1-96ab-43a0-8318-ed3506b98ff1 req-aa37c4bd-5731-4a41-a130-fd1b078e4276 dd4b4817d85b498d90bae7315c4c8586 fbb3052ab7c6487a8aa13f9d870aa530 - - default default] 10.0.0.14 "GET /v2.0/ports?device_id=cb912a2c-548b-4f39-9af1-32aa9b92bb6d HTTP/1.1" status: 200 len: 210 time: 0.0288019
2026-09-07 12:01:01.319 10 INFO neutron.wsgi [None req-92f322b9-b8b8-4baa-b1f9-cd156fe08bef d403138ce1744eceb8073d7c09038044 7a132d323ce842f0afd0a5cb693f9d83 - - - -] 10.0.0.114 "DELETE /v2.0/security-groups/078052a9-b8b9-47d5-8910-74f80f5b209f HTTP/1.1" status: 204 len: 168 time: 0.2041719
2026-09-07 12:01:01.395 10 INFO neutron.wsgi [req-7c7ed379-55fc-4532-88de-fca2693c0bd6 req-8a12ab00-c32c-4755-bd55-496cdecc34eb 92c26326a9e647459ca8937419d81692 1bf799b797ad4e6b9c0092cb0a476400 - - default default] 10.0.0.14 "GET /v2.0/ports?device_id=e94c0d52-2270-4515-9cbb-8405c858fae8 HTTP/1.1" status: 200 len: 1172 time: 0.0751476
2026-09-07 12:01:01.423 10 INFO neutron.wsgi [req-7c7ed379-55fc-4532-88de-fca2693c0bd6 req-6e7e74c8-5a00-413d-b0fc-3fbcd9f3f85f 92c26326a9e647459ca8937419d81692 1bf799b797ad4e6b9c0092cb0a476400 - - default default] 10.0.0.14 "GET /v2.0/security-groups?id=37324020-f2a3-44a3-84cc-ac68cd609966&fields=id&fields=name HTTP/1.1" status: 200 len: 313 time: 0.0228376
2026-09-07 12:01:02.016 10 INFO neutron.wsgi [req-d7b99662-64b9-4c47-8272-5767ceb1c502 req-77a1bdf1-b938-4c6b-80a3-f83662f5dc01 4e3b156302274e5cb80fcfbb2059c3aa a82861a62c5249089679b869c5e56c55 - - default default] 10.0.0.14 "GET /v2.0/ports?device_id=76b1b62e-c9e6-4f2e-a419-2ddd2886a0dd HTTP/1.1" status: 200 len: 1172 time: 0.0572281
2026-09-07 12:01:02.071 10 INFO neutron.wsgi [req-d7b99662-64b9-4c47-8272-5767ceb1c502 req-de1d5180-ef19-437d-8ced-971c6f6899f0 4e3b156302274e5cb80fcfbb2059c3aa a82861a62c5249089679b869c5e56c55 - - default default] 10.0.0.14 "GET /v2.0/security-groups?id=305e2851-3eed-467b-9f02-8d07bac38c86&fields=id&fields=name HTTP/1.1" status: 200 len: 312 time: 0.0453105
2026-09-07 12:01:02.083 10 INFO neutron.wsgi [req-f85b0f73-c83a-4dc0-86a1-77a1255f2cb4 req-b141c52b-3321-4d74-aa04-cf4dc538a68b dd4b4817d85b498d90bae7315c4c8586 fbb3052ab7c6487a8aa13f9d870aa530 - - default default] 162.253.55.119 "GET /v2.0/networks?id=61329ef3-f9bf-4638-86db-85806c45531b HTTP/1.1" status: 200 len: 876 time: 0.0875528
2026-09-07 12:01:02.380 10 INFO neutron.wsgi [req-42df59ac-f5f5-418e-a1bd-2cfa4daeff5d req-c8c653ba-0c3d-43ff-a8d9-ac0fea8e896a dd4b4817d85b498d90bae7315c4c8586 fbb3052ab7c6487a8aa13f9d870aa530 - - default default] 10.0.0.14 "GET /v2.0/ports?device_id=cb912a2c-548b-4f39-9af1-32aa9b92bb6d HTTP/1.1" status: 200 len: 210 time: 0.0278382
2026-09-07 12:01:02.438 10 WARNING neutron.scheduler.dhcp_agent_scheduler [None req-d5a04eff-6997-463c-a9db-4a3d5b090ba2 dd4b4817d85b498d90bae7315c4c8586 fbb3052ab7c6487a8aa13f9d870aa530 - - - -] No more DHCP agents
2026-09-07 12:01:02.440 10 WARNING neutron.api.rpc.agentnotifiers.dhcp_rpc_agent_api [None req-d5a04eff-6997-463c-a9db-4a3d5b090ba2 dd4b4817d85b498d90bae7315c4c8586 fbb3052ab7c6487a8aa13f9d870aa530 - - - -] Unable to schedule network 61329ef3-f9bf-4638-86db-85806c45531b: no agents available; will retry on subsequent port and subnet creation events. /var/lib/openstack/lib/python3.10/site-packages/pycadf/identifier.py:71: UserWarning: Invalid uuid: neutron. To ensure interoperability, identifiers should be a valid uuid. warnings.warn(('Invalid uuid: %s. To ensure interoperability, '
2026-09-07 12:01:02.534 10 INFO neutron.wsgi [req-71fa142f-b7cb-456b-a8c8-ce99f13a50cb req-7f1d7147-1905-46e8-bfcf-2a5846ff4db7 92c26326a9e647459ca8937419d81692 1bf799b797ad4e6b9c0092cb0a476400 - - default default] 10.0.0.14 "GET /v2.0/ports?device_id=e94c0d52-2270-4515-9cbb-8405c858fae8 HTTP/1.1" status: 200 len: 1172 time: 0.0468349
2026-09-07 12:01:02.585 10 INFO neutron.wsgi [req-71fa142f-b7cb-456b-a8c8-ce99f13a50cb req-7fca1c3e-81ab-4a28-b1b8-19ca66617e67 92c26326a9e647459ca8937419d81692 1bf799b797ad4e6b9c0092cb0a476400 - - default default] 10.0.0.14 "GET /v2.0/security-groups?id=37324020-f2a3-44a3-84cc-ac68cd609966&fields=id&fields=name HTTP/1.1" status: 200 len: 313 time: 0.0452502
2026-09-07 12:01:02.605 10 INFO neutron.db.ovn_revision_numbers_db [None req-d5a04eff-6997-463c-a9db-4a3d5b090ba2 dd4b4817d85b498d90bae7315c4c8586 fbb3052ab7c6487a8aa13f9d870aa530 - - - -] Successfully bumped revision number for resource 62dc4adc-4fdd-488f-bb57-c6be6df1eac0 (type: ports) to 1
2026-09-07 12:01:02.635 10 INFO neutron.wsgi [None req-d5a04eff-6997-463c-a9db-4a3d5b090ba2 dd4b4817d85b498d90bae7315c4c8586 fbb3052ab7c6487a8aa13f9d870aa530 - - - -] 162.253.55.119 "POST /v2.0/ports HTTP/1.1" status: 201 len: 1158 time: 0.5453448
2026-09-07 12:01:03.062 11 WARNING neutron.plugins.ml2.drivers.ovn.mech_driver.ovsdb.ovn_client [None req-0b022f37-6116-4660-bff2-669a46331ce8 - - - - - -] No hosting information found for port 998330c1-92fd-45cf-9948-02fe7cf3dad8: RuntimeError: No hosting information found for port 998330c1-92fd-45cf-9948-02fe7cf3dad8
2026-09-07 12:01:03.063 11 INFO neutron.plugins.ml2.drivers.ovn.mech_driver.mech_driver [None req-0b022f37-6116-4660-bff2-669a46331ce8 - - - - - -] OVN reports status up for port: f8b87bd8-c00b-4f4b-802f-a5baa010c6d6
2026-09-07 12:01:03.077 11 INFO neutron.plugins.ml2.plugin [None req-0b022f37-6116-4660-bff2-669a46331ce8 - - - - - -] Attempt 1 to provision port f8b87bd8-c00b-4f4b-802f-a5baa010c6d6
2026-09-07 12:01:03.114 10 INFO neutron.db.ovn_revision_numbers_db [None req-13f487b5-a77c-4fc4-b0e5-4dd6c904ceb9 2824304a5d8e4b138bd91380e055924d f7beba7ba89940159358713cdd54b77c - - - -] Successfully bumped revision number for resource 62dc4adc-4fdd-488f-bb57-c6be6df1eac0 (type: ports) to 2 /var/lib/openstack/lib/python3.10/site-packages/pycadf/identifier.py:71: UserWarning: Invalid uuid: neutron. To ensure interoperability, identifiers should be a valid uuid. warnings.warn(('Invalid uuid: %s. To ensure interoperability, '
2026-09-07 12:01:03.211 10 INFO neutron.wsgi [req-b8b834fe-1afe-4635-ac10-e37caf886b5d req-e66a8f62-7cac-4e85-85fb-4c003e76207c 4e3b156302274e5cb80fcfbb2059c3aa a82861a62c5249089679b869c5e56c55 - - default default] 10.0.0.14 "GET /v2.0/ports?device_id=76b1b62e-c9e6-4f2e-a419-2ddd2886a0dd HTTP/1.1" status: 200 len: 1172 time: 0.0541854
2026-09-07 12:01:03.283 10 INFO neutron.wsgi [req-b8b834fe-1afe-4635-ac10-e37caf886b5d req-92da20db-86b3-4392-aab1-e242adbd643f 4e3b156302274e5cb80fcfbb2059c3aa a82861a62c5249089679b869c5e56c55 - - default default] 10.0.0.14 "GET /v2.0/security-groups?id=305e2851-3eed-467b-9f02-8d07bac38c86&fields=id&fields=name HTTP/1.1" status: 200 len: 312 time: 0.0636890
2026-09-07 12:01:03.372 10 INFO neutron.db.ovn_revision_numbers_db [None req-13f487b5-a77c-4fc4-b0e5-4dd6c904ceb9 2824304a5d8e4b138bd91380e055924d f7beba7ba89940159358713cdd54b77c - - - -] Successfully bumped revision number for resource 62dc4adc-4fdd-488f-bb57-c6be6df1eac0 (type: ports) to 2
2026-09-07 12:01:03.384 11 INFO neutron.db.ovn_revision_numbers_db [None req-0b022f37-6116-4660-bff2-669a46331ce8 - - - - - -] Successfully bumped revision number for resource f8b87bd8-c00b-4f4b-802f-a5baa010c6d6 (type: ports) to 4
2026-09-07 12:01:03.392 10 INFO neutron.wsgi [None req-13f487b5-a77c-4fc4-b0e5-4dd6c904ceb9 2824304a5d8e4b138bd91380e055924d f7beba7ba89940159358713cdd54b77c - - - -] 162.253.55.119 "PUT /v2.0/ports/62dc4adc-4fdd-488f-bb57-c6be6df1eac0 HTTP/1.1" status: 200 len: 1328 time: 0.7471533 /var/lib/openstack/lib/python3.10/site-packages/pycadf/identifier.py:71: UserWarning: Invalid uuid: neutron. To ensure interoperability, identifiers should be a valid uuid. warnings.warn(('Invalid uuid: %s. To ensure interoperability, '
2026-09-07 12:01:03.456 10 INFO neutron.notifiers.nova [-] Nova event matching ['req-355af298-daba-455e-8f80-5bee408d0cd1'] response: {'name': 'network-changed', 'server_uuid': 'cb912a2c-548b-4f39-9af1-32aa9b92bb6d', 'tag': '62dc4adc-4fdd-488f-bb57-c6be6df1eac0', 'status': 'completed', 'code': 200}
