2026-09-07 12:01:36.846 10 INFO neutron.services.segments.plugin [-] Segment 52acc286-6d00-4e41-99de-72a5ea68a5f7 resource provider not found; error: Placement Client Error (4xx): {"errors": [{"status": 404, "title": "Not Found", "detail": "The resource could not be found.\n\n No resource provider with uuid 52acc286-6d00-4e41-99de-72a5ea68a5f7 found for delete ", "request_id": "req-603332f9-deff-4e2b-9e17-5b8b0eb34c30"}]}
2026-09-07 12:01:36.966 11 INFO neutron.wsgi [None req-2d8b6a79-4fb0-4f87-8369-d35d2444bcd0 d403138ce1744eceb8073d7c09038044 7a132d323ce842f0afd0a5cb693f9d83 - - - -] 10.0.0.114 "DELETE /v2.0/networks/be9261b1-1514-4ce9-ae6e-743596406d00 HTTP/1.1" status: 204 len: 168 time: 0.5520563
2026-09-07 12:01:37.150 10 INFO neutron.wsgi [None req-535b95be-d347-4b7d-8c1d-17340dce89ce d403138ce1744eceb8073d7c09038044 7a132d323ce842f0afd0a5cb693f9d83 - - default default] 10.0.0.114 "GET /v2.0/security-groups?tenant_id=0c9c345985c24e44aeee269a2be451ff&name=default HTTP/1.1" status: 200 len: 2996 time: 0.0397172
2026-09-07 12:01:37.280 10 INFO neutron.plugins.ml2.drivers.ovn.mech_driver.mech_driver [None req-313176cf-d53f-4311-8fb9-daf873312325 - - - - - -] OVN reports status up for port: f1bd3f73-ff30-40f8-8b76-c12aa3a99d92
2026-09-07 12:01:37.286 10 INFO neutron.plugins.ml2.plugin [None req-313176cf-d53f-4311-8fb9-daf873312325 - - - - - -] Attempt 1 to provision port f1bd3f73-ff30-40f8-8b76-c12aa3a99d92
2026-09-07 12:01:37.305 11 INFO neutron.db.ovn_revision_numbers_db [None req-eef18acc-a924-42de-b1d4-dc248111cfab 58ff0218231b4596840c0be1bd52c695 63a7fb21cdb3470f8f4f9d3379d88f5e - - - -] Successfully bumped revision number for resource f1bd3f73-ff30-40f8-8b76-c12aa3a99d92 (type: router_ports) to 1
2026-09-07 12:01:37.391 11 INFO neutron.db.ovn_revision_numbers_db [None req-eef18acc-a924-42de-b1d4-dc248111cfab 58ff0218231b4596840c0be1bd52c695 63a7fb21cdb3470f8f4f9d3379d88f5e - - - -] Successfully bumped revision number for resource cc968787-f07b-4572-8ce1-39236b0d147e (type: routers) to 3
2026-09-07 12:01:37.402 11 INFO neutron.wsgi [None req-eef18acc-a924-42de-b1d4-dc248111cfab 58ff0218231b4596840c0be1bd52c695 63a7fb21cdb3470f8f4f9d3379d88f5e - - - -] 10.0.0.114 "POST /v2.0/routers HTTP/1.1" status: 201 len: 875 time: 1.7053196
2026-09-07 12:01:37.443 11 INFO neutron.wsgi [None req-056e2a34-973b-492a-8313-6ca6a27eba8d d403138ce1744eceb8073d7c09038044 7a132d323ce842f0afd0a5cb693f9d83 - - - -] 10.0.0.114 "DELETE /v2.0/security-groups/4e81c5ee-681f-4186-9845-95e128449878 HTTP/1.1" status: 204 len: 168 time: 0.2888906
2026-09-07 12:01:37.484 11 INFO neutron.services.segments.plugin [-] Segment 3bdfe868-294d-4fab-8690-1b6afc1786d6 resource provider aggregate not found
2026-09-07 12:01:37.501 11 INFO neutron.services.segments.plugin [-] Segment 3bdfe868-294d-4fab-8690-1b6afc1786d6 resource provider aggregate not found
2026-09-07 12:01:37.505 11 INFO neutron.services.segments.plugin [-] Segment 3bdfe868-294d-4fab-8690-1b6afc1786d6 resource provider not found; error: Placement Client Error (4xx): {"errors": [{"status": 404, "title": "Not Found", "detail": "The resource could not be found.\n\n No resource provider with uuid 3bdfe868-294d-4fab-8690-1b6afc1786d6 found for delete ", "request_id": "req-5a5ef04c-7c21-41b9-95c0-d85e1fc3fd87"}]}
2026-09-07 12:01:37.528 11 INFO neutron.services.segments.plugin [-] Segment dd802150-2e5b-4dfc-91b0-c34d1dc0a9cf resource provider aggregate not found
2026-09-07 12:01:37.533 11 INFO neutron.services.segments.plugin [-] Segment 3bdfe868-294d-4fab-8690-1b6afc1786d6 resource provider not found; error: Placement Client Error (4xx): {"errors": [{"status": 404, "title": "Not Found", "detail": "The resource could not be found.\n\n No resource provider with uuid 3bdfe868-294d-4fab-8690-1b6afc1786d6 found for delete ", "request_id": "req-d12ed482-95ba-45b6-a9b7-8ffb2126377c"}]}
2026-09-07 12:01:37.545 11 INFO neutron.services.segments.plugin [-] Segment dd802150-2e5b-4dfc-91b0-c34d1dc0a9cf resource provider aggregate not found
2026-09-07 12:01:37.549 11 INFO neutron.services.segments.plugin [-] Segment dd802150-2e5b-4dfc-91b0-c34d1dc0a9cf resource provider not found; error: Placement Client Error (4xx): {"errors": [{"status": 404, "title": "Not Found", "detail": "The resource could not be found.\n\n No resource provider with uuid dd802150-2e5b-4dfc-91b0-c34d1dc0a9cf found for delete ", "request_id": "req-504ba85a-5d98-48c1-a174-379ed0f58e50"}]}
2026-09-07 12:01:37.558 11 INFO neutron.services.segments.plugin [-] Segment dd802150-2e5b-4dfc-91b0-c34d1dc0a9cf resource provider not found; error: Placement Client Error (4xx): {"errors": [{"status": 404, "title": "Not Found", "detail": "The resource could not be found.\n\n No resource provider with uuid dd802150-2e5b-4dfc-91b0-c34d1dc0a9cf found for delete ", "request_id": "req-5107b836-7e13-4ec8-a0f9-763a48f58a43"}]}
2026-09-07 12:01:38.113 11 WARNING neutron.scheduler.dhcp_agent_scheduler [None req-1629f09f-5b3c-4600-ae7e-d5a52835f49e 58ff0218231b4596840c0be1bd52c695 63a7fb21cdb3470f8f4f9d3379d88f5e - - default default] No more DHCP agents
2026-09-07 12:01:38.118 11 WARNING neutron.api.rpc.agentnotifiers.dhcp_rpc_agent_api [None req-1629f09f-5b3c-4600-ae7e-d5a52835f49e 58ff0218231b4596840c0be1bd52c695 63a7fb21cdb3470f8f4f9d3379d88f5e - - default default] Unable to schedule network dd97b40e-186a-4b95-9f12-1ac8705ceb92: no agents available; will retry on subsequent port and subnet creation events.
2026-09-07 12:01:38.292 11 INFO neutron.db.ovn_revision_numbers_db [None req-1629f09f-5b3c-4600-ae7e-d5a52835f49e 58ff0218231b4596840c0be1bd52c695 63a7fb21cdb3470f8f4f9d3379d88f5e - - default default] Successfully bumped revision number for resource a4d00240-31a9-4ad8-ab0a-b99fe827600d (type: ports) to 1
2026-09-07 12:01:38.624 10 INFO neutron.db.ovn_revision_numbers_db [None req-36b31dda-c326-4c40-93c0-d2d08a33c901 d403138ce1744eceb8073d7c09038044 7a132d323ce842f0afd0a5cb693f9d83 - - - -] Successfully bumped revision number for resource f9603521-466c-4533-bb6e-9d7676c2f5db (type: security_groups) to 1
2026-09-07 12:01:38.691 10 INFO neutron.db.segments_db [None req-36b31dda-c326-4c40-93c0-d2d08a33c901 d403138ce1744eceb8073d7c09038044 7a132d323ce842f0afd0a5cb693f9d83 - - - -] Added segment 7dc79535-f4e5-46db-953c-f100ce94cf22 of type geneve for network 849e0ec3-ef13-47e8-b197-faec09fb5898
2026-09-07 12:01:38.832 11 INFO neutron.db.ovn_revision_numbers_db [None req-1629f09f-5b3c-4600-ae7e-d5a52835f49e 58ff0218231b4596840c0be1bd52c695 63a7fb21cdb3470f8f4f9d3379d88f5e - - default default] Successfully bumped revision number for resource a4d00240-31a9-4ad8-ab0a-b99fe827600d (type: router_ports) to 2
2026-09-07 12:01:38.836 10 INFO neutron.db.ovn_revision_numbers_db [None req-36b31dda-c326-4c40-93c0-d2d08a33c901 d403138ce1744eceb8073d7c09038044 7a132d323ce842f0afd0a5cb693f9d83 - - - -] Successfully bumped revision number for resource 849e0ec3-ef13-47e8-b197-faec09fb5898 (type: networks) to 1
2026-09-07 12:01:38.865 10 INFO neutron.db.ovn_revision_numbers_db [None req-434ef6e4-c451-4aa8-9e9f-928e6ec400fc a620901ada1f470395d6f6f85b10df05 c2492f05992944caaa9b86b4e7dd36f9 - - - -] Successfully bumped revision number for resource 77539ffa-bb3b-4abf-ae46-f5f1f73af1b9 (type: security_groups) to 1
2026-09-07 12:01:38.942 10 INFO neutron.db.segments_db [None req-434ef6e4-c451-4aa8-9e9f-928e6ec400fc a620901ada1f470395d6f6f85b10df05 c2492f05992944caaa9b86b4e7dd36f9 - - - -] Added segment ae433d55-e890-440b-a1c0-193776f659de of type geneve for network d4698a84-6a41-4ac4-ba3c-4c84e9257c39
2026-09-07 12:01:38.949 11 INFO neutron.db.ovn_revision_numbers_db [None req-1629f09f-5b3c-4600-ae7e-d5a52835f49e 58ff0218231b4596840c0be1bd52c695 63a7fb21cdb3470f8f4f9d3379d88f5e - - default default] Successfully bumped revision number for resource a4d00240-31a9-4ad8-ab0a-b99fe827600d (type: ports) to 2
2026-09-07 12:01:39.000 11 WARNING neutron.scheduler.dhcp_agent_scheduler [None req-1629f09f-5b3c-4600-ae7e-d5a52835f49e 58ff0218231b4596840c0be1bd52c695 63a7fb21cdb3470f8f4f9d3379d88f5e - - default default] No more DHCP agents
2026-09-07 12:01:39.002 11 WARNING neutron.api.rpc.agentnotifiers.dhcp_rpc_agent_api [None req-1629f09f-5b3c-4600-ae7e-d5a52835f49e 58ff0218231b4596840c0be1bd52c695 63a7fb21cdb3470f8f4f9d3379d88f5e - - default default] Unable to schedule network dd97b40e-186a-4b95-9f12-1ac8705ceb92: no agents available; will retry on subsequent port and subnet creation events.
2026-09-07 12:01:39.045 10 WARNING neutron.scheduler.dhcp_agent_scheduler [None req-36b31dda-c326-4c40-93c0-d2d08a33c901 d403138ce1744eceb8073d7c09038044 7a132d323ce842f0afd0a5cb693f9d83 - - - -] No more DHCP agents
2026-09-07 12:01:39.051 10 WARNING neutron.api.rpc.agentnotifiers.dhcp_rpc_agent_api [None req-36b31dda-c326-4c40-93c0-d2d08a33c901 d403138ce1744eceb8073d7c09038044 7a132d323ce842f0afd0a5cb693f9d83 - - - -] Unable to schedule network 849e0ec3-ef13-47e8-b197-faec09fb5898: no agents available; will retry on subsequent port and subnet creation events.
2026-09-07 12:01:39.122 10 INFO neutron.db.ovn_revision_numbers_db [None req-434ef6e4-c451-4aa8-9e9f-928e6ec400fc a620901ada1f470395d6f6f85b10df05 c2492f05992944caaa9b86b4e7dd36f9 - - - -] Successfully bumped revision number for resource d4698a84-6a41-4ac4-ba3c-4c84e9257c39 (type: networks) to 1
2026-09-07 12:01:39.152 10 INFO neutron.db.ovn_revision_numbers_db [None req-36b31dda-c326-4c40-93c0-d2d08a33c901 d403138ce1744eceb8073d7c09038044 7a132d323ce842f0afd0a5cb693f9d83 - - - -] Successfully bumped revision number for resource e56b8893-b02c-4d7e-9199-f858f9b39f89 (type: ports) to 1
2026-09-07 12:01:39.176 10 INFO neutron.wsgi [None req-36b31dda-c326-4c40-93c0-d2d08a33c901 d403138ce1744eceb8073d7c09038044 7a132d323ce842f0afd0a5cb693f9d83 - - - -] 10.0.0.114 "POST /v2.0/networks HTTP/1.1" status: 201 len: 945 time: 0.7391648
2026-09-07 12:01:39.324 11 INFO neutron.db.ovn_revision_numbers_db [None req-1629f09f-5b3c-4600-ae7e-d5a52835f49e 58ff0218231b4596840c0be1bd52c695 63a7fb21cdb3470f8f4f9d3379d88f5e - - - -] Successfully bumped revision number for resource a4d00240-31a9-4ad8-ab0a-b99fe827600d (type: router_ports) to 2
2026-09-07 12:01:39.326 11 INFO neutron.wsgi [None req-1629f09f-5b3c-4600-ae7e-d5a52835f49e 58ff0218231b4596840c0be1bd52c695 63a7fb21cdb3470f8f4f9d3379d88f5e - - - -] 10.0.0.114 "PUT /v2.0/routers/cc968787-f07b-4572-8ce1-39236b0d147e/add_router_interface HTTP/1.1" status: 200 len: 503 time: 1.9152472
2026-09-07 12:01:39.392 11 WARNING neutron.scheduler.dhcp_agent_scheduler [None req-c5cc926e-f550-49ca-b2f4-b5a2332463da d403138ce1744eceb8073d7c09038044 7a132d323ce842f0afd0a5cb693f9d83 - - - -] No more DHCP agents
2026-09-07 12:01:39.394 11 WARNING neutron.api.rpc.agentnotifiers.dhcp_rpc_agent_api [None req-c5cc926e-f550-49ca-b2f4-b5a2332463da d403138ce1744eceb8073d7c09038044 7a132d323ce842f0afd0a5cb693f9d83 - - - -] Unable to schedule network 849e0ec3-ef13-47e8-b197-faec09fb5898: no agents available; will retry on subsequent port and subnet creation events.
2026-09-07 12:01:39.419 10 WARNING neutron.scheduler.dhcp_agent_scheduler [None req-434ef6e4-c451-4aa8-9e9f-928e6ec400fc a620901ada1f470395d6f6f85b10df05 c2492f05992944caaa9b86b4e7dd36f9 - - - -] No more DHCP agents
2026-09-07 12:01:39.421 10 WARNING neutron.api.rpc.agentnotifiers.dhcp_rpc_agent_api [None req-434ef6e4-c451-4aa8-9e9f-928e6ec400fc a620901ada1f470395d6f6f85b10df05 c2492f05992944caaa9b86b4e7dd36f9 - - - -] Unable to schedule network d4698a84-6a41-4ac4-ba3c-4c84e9257c39: no agents available; will retry on subsequent port and subnet creation events.
2026-09-07 12:01:39.493 10 INFO neutron.db.ovn_revision_numbers_db [None req-434ef6e4-c451-4aa8-9e9f-928e6ec400fc a620901ada1f470395d6f6f85b10df05 c2492f05992944caaa9b86b4e7dd36f9 - - - -] Successfully bumped revision number for resource 2e66a64e-2c0f-4a96-b5de-41758718dbef (type: ports) to 1
2026-09-07 12:01:39.525 10 INFO neutron.wsgi [None req-434ef6e4-c451-4aa8-9e9f-928e6ec400fc a620901ada1f470395d6f6f85b10df05 c2492f05992944caaa9b86b4e7dd36f9 - - - -] 10.0.0.114 "POST /v2.0/networks HTTP/1.1" status: 201 len: 828 time: 0.9129460
2026-09-07 12:01:39.696 10 INFO neutron.db.segments_db [None req-f1be8a55-51f6-4035-965d-87ac6300b79f a620901ada1f470395d6f6f85b10df05 c2492f05992944caaa9b86b4e7dd36f9 - - - -] Added segment 1fde800a-e8b3-4e87-9016-86dd2296e81a of type geneve for network 7655dff9-10e3-4b4d-9d49-2ef8f3bc97dc
2026-09-07 12:01:39.769 10 WARNING neutron.scheduler.dhcp_agent_scheduler [None req-e8e96175-6caf-4970-ac68-860a10f99449 58ff0218231b4596840c0be1bd52c695 63a7fb21cdb3470f8f4f9d3379d88f5e - - - -] No more DHCP agents
2026-09-07 12:01:39.773 10 WARNING neutron.api.rpc.agentnotifiers.dhcp_rpc_agent_api [None req-e8e96175-6caf-4970-ac68-860a10f99449 58ff0218231b4596840c0be1bd52c695 63a7fb21cdb3470f8f4f9d3379d88f5e - - - -] Unable to schedule network dd97b40e-186a-4b95-9f12-1ac8705ceb92: no agents available; will retry on subsequent port and subnet creation events.
2026-09-07 12:01:39.837 11 INFO neutron.db.ovn_revision_numbers_db [None req-c5cc926e-f550-49ca-b2f4-b5a2332463da d403138ce1744eceb8073d7c09038044 7a132d323ce842f0afd0a5cb693f9d83 - - - -] Successfully bumped revision number for resource e56b8893-b02c-4d7e-9199-f858f9b39f89 (type: ports) to 2
2026-09-07 12:01:39.842 10 INFO neutron.db.ovn_revision_numbers_db [None req-f1be8a55-51f6-4035-965d-87ac6300b79f a620901ada1f470395d6f6f85b10df05 c2492f05992944caaa9b86b4e7dd36f9 - - - -] Successfully bumped revision number for resource 7655dff9-10e3-4b4d-9d49-2ef8f3bc97dc (type: networks) to 1
2026-09-07 12:01:39.849 11 INFO neutron.db.ovn_revision_numbers_db [None req-c5cc926e-f550-49ca-b2f4-b5a2332463da d403138ce1744eceb8073d7c09038044 7a132d323ce842f0afd0a5cb693f9d83 - - - -] Successfully bumped revision number for resource dbf6c148-9dec-4ba2-971e-127472d742de (type: subnets) to 0
2026-09-07 12:01:39.860 11 INFO neutron.wsgi [None req-c5cc926e-f550-49ca-b2f4-b5a2332463da d403138ce1744eceb8073d7c09038044 7a132d323ce842f0afd0a5cb693f9d83 - - - -] 10.0.0.114 "POST /v2.0/subnets HTTP/1.1" status: 201 len: 865 time: 0.6697011
2026-09-07 12:01:40.033 10 INFO neutron.db.ovn_revision_numbers_db [None req-e8e96175-6caf-4970-ac68-860a10f99449 58ff0218231b4596840c0be1bd52c695 63a7fb21cdb3470f8f4f9d3379d88f5e - - - -] Successfully bumped revision number for resource ca980b05-6bd8-4bc6-b7b1-e273f988855a (type: ports) to 1
2026-09-07 12:01:40.068 10 INFO neutron.wsgi [None req-e8e96175-6caf-4970-ac68-860a10f99449 58ff0218231b4596840c0be1bd52c695 63a7fb21cdb3470f8f4f9d3379d88f5e - - - -] 10.0.0.114 "POST /v2.0/ports HTTP/1.1" status: 201 len: 1158 time: 0.7360713
2026-09-07 12:01:40.078 10 WARNING neutron.scheduler.dhcp_agent_scheduler [None req-f1be8a55-51f6-4035-965d-87ac6300b79f a620901ada1f470395d6f6f85b10df05 c2492f05992944caaa9b86b4e7dd36f9 - - - -] No more DHCP agents
2026-09-07 12:01:40.079 10 WARNING neutron.api.rpc.agentnotifiers.dhcp_rpc_agent_api [None req-f1be8a55-51f6-4035-965d-87ac6300b79f a620901ada1f470395d6f6f85b10df05 c2492f05992944caaa9b86b4e7dd36f9 - - - -] Unable to schedule network 7655dff9-10e3-4b4d-9d49-2ef8f3bc97dc: no agents available; will retry on subsequent port and subnet creation events.
2026-09-07 12:01:40.142 10 INFO neutron.db.ovn_revision_numbers_db [None req-f1be8a55-51f6-4035-965d-87ac6300b79f a620901ada1f470395d6f6f85b10df05 c2492f05992944caaa9b86b4e7dd36f9 - - - -] Successfully bumped revision number for resource e0c35f8a-63c7-41d7-a63e-148461143182 (type: ports) to 1
2026-09-07 12:01:40.160 10 INFO neutron.wsgi [None req-f1be8a55-51f6-4035-965d-87ac6300b79f a620901ada1f470395d6f6f85b10df05 c2492f05992944caaa9b86b4e7dd36f9 - - - -] 10.0.0.114 "POST /v2.0/networks HTTP/1.1" status: 201 len: 828 time: 0.6303453 /var/lib/openstack/lib/python3.10/site-packages/pycadf/identifier.py:71: UserWarning: Invalid uuid: neutron. To ensure interoperability, identifiers should be a valid uuid. warnings.warn(('Invalid uuid: %s. To ensure interoperability, '
2026-09-07 12:01:40.373 11 WARNING neutron.scheduler.dhcp_agent_scheduler [None req-cd204502-7638-4289-9e08-be8ab5bfc561 d403138ce1744eceb8073d7c09038044 7a132d323ce842f0afd0a5cb693f9d83 - - - -] No more DHCP agents
2026-09-07 12:01:40.377 11 WARNING neutron.api.rpc.agentnotifiers.dhcp_rpc_agent_api [None req-cd204502-7638-4289-9e08-be8ab5bfc561 d403138ce1744eceb8073d7c09038044 7a132d323ce842f0afd0a5cb693f9d83 - - - -] Unable to schedule network ea6d7a53-7244-466b-9aae-a652e3279fcb: no agents available; will retry on subsequent port and subnet creation events.
2026-09-07 12:01:40.386 10 WARNING neutron.scheduler.dhcp_agent_scheduler [None req-5161c0fa-61c8-471e-adaf-c1f194c15050 a620901ada1f470395d6f6f85b10df05 c2492f05992944caaa9b86b4e7dd36f9 - - - -] No more DHCP agents
2026-09-07 12:01:40.388 10 WARNING neutron.api.rpc.agentnotifiers.dhcp_rpc_agent_api [None req-5161c0fa-61c8-471e-adaf-c1f194c15050 a620901ada1f470395d6f6f85b10df05 c2492f05992944caaa9b86b4e7dd36f9 - - - -] Unable to schedule network d4698a84-6a41-4ac4-ba3c-4c84e9257c39: no agents available; will retry on subsequent port and subnet creation events.
2026-09-07 12:01:40.441 11 WARNING neutron.scheduler.dhcp_agent_scheduler [None req-01488ba8-0960-4347-a721-8f3a1fea2c2f 58ff0218231b4596840c0be1bd52c695 63a7fb21cdb3470f8f4f9d3379d88f5e - - - -] No more DHCP agents
2026-09-07 12:01:40.444 11 WARNING neutron.api.rpc.agentnotifiers.dhcp_rpc_agent_api [None req-01488ba8-0960-4347-a721-8f3a1fea2c2f 58ff0218231b4596840c0be1bd52c695 63a7fb21cdb3470f8f4f9d3379d88f5e - - - -] Unable to schedule network dd97b40e-186a-4b95-9f12-1ac8705ceb92: no agents available; will retry on subsequent port and subnet creation events.
2026-09-07 12:01:40.570 11 INFO neutron.db.ovn_revision_numbers_db [None req-cd204502-7638-4289-9e08-be8ab5bfc561 d403138ce1744eceb8073d7c09038044 7a132d323ce842f0afd0a5cb693f9d83 - - - -] Successfully bumped revision number for resource 7f034f15-04bc-46b8-bb9c-e922633531c1 (type: ports) to 1
2026-09-07 12:01:40.875 10 INFO neutron.db.ovn_revision_numbers_db [None req-5161c0fa-61c8-471e-adaf-c1f194c15050 a620901ada1f470395d6f6f85b10df05 c2492f05992944caaa9b86b4e7dd36f9 - - - -] Successfully bumped revision number for resource 2e66a64e-2c0f-4a96-b5de-41758718dbef (type: ports) to 2
2026-09-07 12:01:40.894 10 INFO neutron.db.ovn_revision_numbers_db [None req-5161c0fa-61c8-471e-adaf-c1f194c15050 a620901ada1f470395d6f6f85b10df05 c2492f05992944caaa9b86b4e7dd36f9 - - - -] Successfully bumped revision number for resource b17b7b41-1fac-485f-a254-9b53e372e96b (type: subnets) to 0
2026-09-07 12:01:40.913 10 INFO neutron.wsgi [None req-5161c0fa-61c8-471e-adaf-c1f194c15050 a620901ada1f470395d6f6f85b10df05 c2492f05992944caaa9b86b4e7dd36f9 - - - -] 10.0.0.114 "POST /v2.0/subnets HTTP/1.1" status: 201 len: 801 time: 0.7499945
2026-09-07 12:01:40.958 11 INFO neutron.db.ovn_revision_numbers_db [None req-01488ba8-0960-4347-a721-8f3a1fea2c2f 58ff0218231b4596840c0be1bd52c695 63a7fb21cdb3470f8f4f9d3379d88f5e - - - -] Successfully bumped revision number for resource 3278773f-4b13-4282-bfdc-73ebbc59200c (type: ports) to 1
2026-09-07 12:01:40.991 11 INFO neutron.wsgi [None req-01488ba8-0960-4347-a721-8f3a1fea2c2f 58ff0218231b4596840c0be1bd52c695 63a7fb21cdb3470f8f4f9d3379d88f5e - - - -] 10.0.0.114 "POST /v2.0/ports HTTP/1.1" status: 201 len: 1153 time: 0.9172864 /var/lib/openstack/lib/python3.10/site-packages/pycadf/identifier.py:71: UserWarning: Invalid uuid: neutron. To ensure interoperability, identifiers should be a valid uuid. warnings.warn(('Invalid uuid: %s. To ensure interoperability, '
2026-09-07 12:01:41.401 11 WARNING neutron.scheduler.dhcp_agent_scheduler [None req-43bde3f1-a214-44aa-9541-fdb40a899838 58ff0218231b4596840c0be1bd52c695 63a7fb21cdb3470f8f4f9d3379d88f5e - - - -] No more DHCP agents
2026-09-07 12:01:41.404 11 WARNING neutron.api.rpc.agentnotifiers.dhcp_rpc_agent_api [None req-43bde3f1-a214-44aa-9541-fdb40a899838 58ff0218231b4596840c0be1bd52c695 63a7fb21cdb3470f8f4f9d3379d88f5e - - - -] Unable to schedule network ea6d7a53-7244-466b-9aae-a652e3279fcb: no agents available; will retry on subsequent port and subnet creation events.
2026-09-07 12:01:41.465 10 WARNING neutron.scheduler.dhcp_agent_scheduler [None req-b2755f24-712a-4843-8847-0695b99262bd a620901ada1f470395d6f6f85b10df05 c2492f05992944caaa9b86b4e7dd36f9 - - - -] No more DHCP agents
2026-09-07 12:01:41.468 10 WARNING neutron.api.rpc.agentnotifiers.dhcp_rpc_agent_api [None req-b2755f24-712a-4843-8847-0695b99262bd a620901ada1f470395d6f6f85b10df05 c2492f05992944caaa9b86b4e7dd36f9 - - - -] Unable to schedule network 7655dff9-10e3-4b4d-9d49-2ef8f3bc97dc: no agents available; will retry on subsequent port and subnet creation events.
2026-09-07 12:01:41.575 11 INFO neutron.plugins.ml2.drivers.ovn.mech_driver.ovsdb.ovsdb_monitor [None req-81bbed4c-f576-4d37-b117-88c388cbe6cb - - - - - -] Router 043d4225-fcc2-4a5c-9ba5-3391e4b0f7b8 is bound to host instance
2026-09-07 12:01:41.585 10 INFO neutron.wsgi [-] 10.0.0.6 "GET / HTTP/1.1" status: 200 len: 247 time: 0.0012550
2026-09-07 12:01:41.586 10 INFO neutron.wsgi [-] 10.0.0.6 "GET / HTTP/1.1" status: 200 len: 247 time: 0.0010698
2026-09-07 12:01:41.596 11 INFO neutron.db.ovn_revision_numbers_db [None req-cd204502-7638-4289-9e08-be8ab5bfc561 d403138ce1744eceb8073d7c09038044 7a132d323ce842f0afd0a5cb693f9d83 - - - -] Successfully bumped revision number for resource 7f034f15-04bc-46b8-bb9c-e922633531c1 (type: router_ports) to 1
2026-09-07 12:01:41.705 11 INFO neutron.db.ovn_revision_numbers_db [None req-cd204502-7638-4289-9e08-be8ab5bfc561 d403138ce1744eceb8073d7c09038044 7a132d323ce842f0afd0a5cb693f9d83 - - - -] Successfully bumped revision number for resource 043d4225-fcc2-4a5c-9ba5-3391e4b0f7b8 (type: routers) to 3
2026-09-07 12:01:41.730 11 INFO neutron.wsgi [None req-cd204502-7638-4289-9e08-be8ab5bfc561 d403138ce1744eceb8073d7c09038044 7a132d323ce842f0afd0a5cb693f9d83 - - - -] 10.0.0.114 "POST /v2.0/routers HTTP/1.1" status: 201 len: 876 time: 1.8648014
2026-09-07 12:01:41.943 11 INFO neutron.db.l3_db [None req-43bde3f1-a214-44aa-9541-fdb40a899838 58ff0218231b4596840c0be1bd52c695 63a7fb21cdb3470f8f4f9d3379d88f5e - - - -] Floating IP 7b63d287-ff7c-47cd-8dbd-0962fd4b1e29 associated. External IP: 10.96.250.212, port: 3278773f-4b13-4282-bfdc-73ebbc59200c.
2026-09-07 12:01:41.977 10 INFO neutron.db.ovn_revision_numbers_db [None req-b2755f24-712a-4843-8847-0695b99262bd a620901ada1f470395d6f6f85b10df05 c2492f05992944caaa9b86b4e7dd36f9 - - - -] Successfully bumped revision number for resource e0c35f8a-63c7-41d7-a63e-148461143182 (type: ports) to 2
2026-09-07 12:01:41.992 10 INFO neutron.db.ovn_revision_numbers_db [None req-b2755f24-712a-4843-8847-0695b99262bd a620901ada1f470395d6f6f85b10df05 c2492f05992944caaa9b86b4e7dd36f9 - - - -] Successfully bumped revision number for resource 9c42cd64-1d44-4093-95d6-0fa680a96ddd (type: subnets) to 0
2026-09-07 12:01:42.006 10 INFO neutron.wsgi [None req-b2755f24-712a-4843-8847-0695b99262bd a620901ada1f470395d6f6f85b10df05 c2492f05992944caaa9b86b4e7dd36f9 - - - -] 10.0.0.114 "POST /v2.0/subnets HTTP/1.1" status: 201 len: 801 time: 1.0868864
2026-09-07 12:01:42.292 10 INFO neutron.db.ovn_revision_numbers_db [None req-5717444d-29e8-4dbf-b68a-58e16f51ebaa a620901ada1f470395d6f6f85b10df05 c2492f05992944caaa9b86b4e7dd36f9 - - - -] Successfully bumped revision number for resource 0f90a612-74e9-45f0-a488-2ada6e08eb75 (type: routers) to 1
2026-09-07 12:01:42.330 10 INFO neutron.wsgi [None req-5717444d-29e8-4dbf-b68a-58e16f51ebaa a620901ada1f470395d6f6f85b10df05 c2492f05992944caaa9b86b4e7dd36f9 - - - -] 10.0.0.114 "POST /v2.0/routers HTTP/1.1" status: 201 len: 687 time: 0.3199542
2026-09-07 12:01:42.364 10 WARNING neutron.scheduler.dhcp_agent_scheduler [None req-f9707533-1a51-436a-b8e8-f06f23fa4a3d d403138ce1744eceb8073d7c09038044 7a132d323ce842f0afd0a5cb693f9d83 - - default default] No more DHCP agents
2026-09-07 12:01:42.366 10 WARNING neutron.api.rpc.agentnotifiers.dhcp_rpc_agent_api [None req-f9707533-1a51-436a-b8e8-f06f23fa4a3d d403138ce1744eceb8073d7c09038044 7a132d323ce842f0afd0a5cb693f9d83 - - default default] Unable to schedule network 849e0ec3-ef13-47e8-b197-faec09fb5898: no agents available; will retry on subsequent port and subnet creation events.
2026-09-07 12:01:42.444 11 INFO neutron.db.ovn_revision_numbers_db [None req-43bde3f1-a214-44aa-9541-fdb40a899838 58ff0218231b4596840c0be1bd52c695 63a7fb21cdb3470f8f4f9d3379d88f5e - - - -] Successfully bumped revision number for resource 7b63d287-ff7c-47cd-8dbd-0962fd4b1e29 (type: floatingips) to 0
2026-09-07 12:01:42.501 10 INFO neutron.db.ovn_revision_numbers_db [None req-f9707533-1a51-436a-b8e8-f06f23fa4a3d d403138ce1744eceb8073d7c09038044 7a132d323ce842f0afd0a5cb693f9d83 - - default default] Successfully bumped revision number for resource 0e41015d-fdf2-467b-904d-aaa094f22cfd (type: ports) to 1
2026-09-07 12:01:42.543 11 INFO neutron.db.ovn_revision_numbers_db [None req-81bbed4c-f576-4d37-b117-88c388cbe6cb - - - - - -] Successfully bumped revision number for resource 7f034f15-04bc-46b8-bb9c-e922633531c1 (type: ports) to 1
2026-09-07 12:01:42.567 11 INFO neutron.db.ovn_revision_numbers_db [None req-43bde3f1-a214-44aa-9541-fdb40a899838 58ff0218231b4596840c0be1bd52c695 63a7fb21cdb3470f8f4f9d3379d88f5e - - - -] Successfully bumped revision number for resource 7b63d287-ff7c-47cd-8dbd-0962fd4b1e29 (type: floatingips) to 1
2026-09-07 12:01:42.619 11 INFO neutron.wsgi [None req-43bde3f1-a214-44aa-9541-fdb40a899838 58ff0218231b4596840c0be1bd52c695 63a7fb21cdb3470f8f4f9d3379d88f5e - - - -] 10.0.0.114 "POST /v2.0/floatingips HTTP/1.1" status: 201 len: 1040 time: 1.6222677
2026-09-07 12:01:42.826 10 WARNING neutron.plugins.ml2.drivers.ovn.mech_driver.ovsdb.ovn_client [None req-313176cf-d53f-4311-8fb9-daf873312325 - - - - - -] No hosting information found for port f1bd3f73-ff30-40f8-8b76-c12aa3a99d92: RuntimeError: No hosting information found for port f1bd3f73-ff30-40f8-8b76-c12aa3a99d92
2026-09-07 12:01:42.827 10 INFO neutron.plugins.ml2.drivers.ovn.mech_driver.mech_driver [None req-313176cf-d53f-4311-8fb9-daf873312325 - - - - - -] OVN reports status up for port: a4d00240-31a9-4ad8-ab0a-b99fe827600d
2026-09-07 12:01:42.831 10 INFO neutron.db.l3_db [None req-e4269a54-9119-48c8-a541-329a105b24aa 58ff0218231b4596840c0be1bd52c695 63a7fb21cdb3470f8f4f9d3379d88f5e - - - -] Floating IP 7b63d287-ff7c-47cd-8dbd-0962fd4b1e29 disassociated. External IP: 10.96.250.212, port: 3278773f-4b13-4282-bfdc-73ebbc59200c.
2026-09-07 12:01:42.837 10 INFO neutron.plugins.ml2.plugin [None req-313176cf-d53f-4311-8fb9-daf873312325 - - - - - -] Attempt 1 to provision port a4d00240-31a9-4ad8-ab0a-b99fe827600d
2026-09-07 12:01:42.878 11 WARNING neutron.scheduler.dhcp_agent_scheduler [None req-22fef701-888c-40ca-a920-6ef809f9641e a620901ada1f470395d6f6f85b10df05 c2492f05992944caaa9b86b4e7dd36f9 - - default default] No more DHCP agents
2026-09-07 12:01:42.882 11 WARNING neutron.api.rpc.agentnotifiers.dhcp_rpc_agent_api [None req-22fef701-888c-40ca-a920-6ef809f9641e a620901ada1f470395d6f6f85b10df05 c2492f05992944caaa9b86b4e7dd36f9 - - default default] Unable to schedule network d4698a84-6a41-4ac4-ba3c-4c84e9257c39: no agents available; will retry on subsequent port and subnet creation events.
2026-09-07 12:01:42.885 10 INFO neutron.db.ovn_revision_numbers_db [None req-e4269a54-9119-48c8-a541-329a105b24aa 58ff0218231b4596840c0be1bd52c695 63a7fb21cdb3470f8f4f9d3379d88f5e - - - -] Successfully bumped revision number for resource 7b63d287-ff7c-47cd-8dbd-0962fd4b1e29 (type: floatingips) to 2
2026-09-07 12:01:42.912 11 INFO neutron.db.ovn_revision_numbers_db [None req-81bbed4c-f576-4d37-b117-88c388cbe6cb - - - - - -] Successfully bumped revision number for resource 7f034f15-04bc-46b8-bb9c-e922633531c1 (type: router_ports) to 3
2026-09-07 12:01:43.022 10 INFO neutron.wsgi [None req-e4269a54-9119-48c8-a541-329a105b24aa 58ff0218231b4596840c0be1bd52c695 63a7fb21cdb3470f8f4f9d3379d88f5e - - - -] 10.0.0.114 "PUT /v2.0/floatingips/7b63d287-ff7c-47cd-8dbd-0962fd4b1e29 HTTP/1.1" status: 200 len: 748 time: 0.3970726
2026-09-07 12:01:43.080 11 INFO neutron.db.ovn_revision_numbers_db [None req-22fef701-888c-40ca-a920-6ef809f9641e a620901ada1f470395d6f6f85b10df05 c2492f05992944caaa9b86b4e7dd36f9 - - default default] Successfully bumped revision number for resource c54f58c0-d04c-4323-9968-82e95351b2fa (type: ports) to 1
2026-09-07 12:01:43.127 11 INFO neutron.db.ovn_revision_numbers_db [None req-81bbed4c-f576-4d37-b117-88c388cbe6cb - - - - - -] Successfully bumped revision number for resource 7f034f15-04bc-46b8-bb9c-e922633531c1 (type: ports) to 2
2026-09-07 12:01:43.335 10 INFO neutron.db.ovn_revision_numbers_db [None req-f9707533-1a51-436a-b8e8-f06f23fa4a3d d403138ce1744eceb8073d7c09038044 7a132d323ce842f0afd0a5cb693f9d83 - - default default] Successfully bumped revision number for resource 0e41015d-fdf2-467b-904d-aaa094f22cfd (type: router_ports) to 2
2026-09-07 12:01:43.348 11 INFO neutron.plugins.ml2.drivers.ovn.mech_driver.mech_driver [None req-0b022f37-6116-4660-bff2-669a46331ce8 - - - - - -] OVN reports status up for port: 0e41015d-fdf2-467b-904d-aaa094f22cfd
2026-09-07 12:01:43.363 11 INFO neutron.plugins.ml2.plugin [None req-0b022f37-6116-4660-bff2-669a46331ce8 - - - - - -] Attempt 1 to provision port 0e41015d-fdf2-467b-904d-aaa094f22cfd
2026-09-07 12:01:43.492 10 INFO neutron.db.ovn_revision_numbers_db [None req-313176cf-d53f-4311-8fb9-daf873312325 - - - - - -] Successfully bumped revision number for resource a4d00240-31a9-4ad8-ab0a-b99fe827600d (type: ports) to 3
2026-09-07 12:01:43.502 10 INFO neutron.db.ovn_revision_numbers_db [None req-f9707533-1a51-436a-b8e8-f06f23fa4a3d d403138ce1744eceb8073d7c09038044 7a132d323ce842f0afd0a5cb693f9d83 - - default default] Successfully bumped revision number for resource 0e41015d-fdf2-467b-904d-aaa094f22cfd (type: ports) to 2
2026-09-07 12:01:43.599 10 WARNING neutron.scheduler.dhcp_agent_scheduler [None req-f9707533-1a51-436a-b8e8-f06f23fa4a3d d403138ce1744eceb8073d7c09038044 7a132d323ce842f0afd0a5cb693f9d83 - - default default] No more DHCP agents
2026-09-07 12:01:43.601 10 WARNING neutron.api.rpc.agentnotifiers.dhcp_rpc_agent_api [None req-f9707533-1a51-436a-b8e8-f06f23fa4a3d d403138ce1744eceb8073d7c09038044 7a132d323ce842f0afd0a5cb693f9d83 - - default default] Unable to schedule network 849e0ec3-ef13-47e8-b197-faec09fb5898: no agents available; will retry on subsequent port and subnet creation events.
2026-09-07 12:01:43.603 10 INFO neutron.db.ovn_revision_numbers_db [None req-313176cf-d53f-4311-8fb9-daf873312325 - - - - - -] Successfully bumped revision number for resource a4d00240-31a9-4ad8-ab0a-b99fe827600d (type: router_ports) to 3
2026-09-07 12:01:43.861 11 INFO neutron.db.ovn_revision_numbers_db [None req-81bbed4c-f576-4d37-b117-88c388cbe6cb - - - - - -] Successfully bumped revision number for resource 7f034f15-04bc-46b8-bb9c-e922633531c1 (type: ports) to 4
2026-09-07 12:01:43.865 10 INFO neutron.db.ovn_revision_numbers_db [None req-dd598502-f8c2-4827-9acf-bca1800676f5 d403138ce1744eceb8073d7c09038044 7a132d323ce842f0afd0a5cb693f9d83 - - default default] Successfully bumped revision number for resource 652cca17-a6e9-4771-b71e-42a936555aae (type: security_groups) to 1
2026-09-07 12:01:43.888 10 INFO neutron.wsgi [None req-dd598502-f8c2-4827-9acf-bca1800676f5 d403138ce1744eceb8073d7c09038044 7a132d323ce842f0afd0a5cb693f9d83 - - default default] 10.0.0.114 "GET /v2.0/security-groups?tenant_id=6d1ca8913ca445f4a4f0efe920c516c6&name=default HTTP/1.1" status: 200 len: 2996 time: 0.2615716
2026-09-07 12:01:43.963 11 INFO neutron.wsgi [None req-3fef042b-26cc-49ce-81e1-56dcb30ef8f7 58ff0218231b4596840c0be1bd52c695 63a7fb21cdb3470f8f4f9d3379d88f5e - - - -] 10.0.0.114 "DELETE /v2.0/floatingips/7b63d287-ff7c-47cd-8dbd-0962fd4b1e29 HTTP/1.1" status: 204 len: 168 time: 0.9367893
2026-09-07 12:01:44.028 11 INFO neutron.db.ovn_revision_numbers_db [None req-22fef701-888c-40ca-a920-6ef809f9641e a620901ada1f470395d6f6f85b10df05 c2492f05992944caaa9b86b4e7dd36f9 - - default default] Successfully bumped revision number for resource c54f58c0-d04c-4323-9968-82e95351b2fa (type: router_ports) to 2
2026-09-07 12:01:44.147 11 INFO neutron.db.ovn_revision_numbers_db [None req-0b022f37-6116-4660-bff2-669a46331ce8 - - - - - -] Successfully bumped revision number for resource 0e41015d-fdf2-467b-904d-aaa094f22cfd (type: ports) to 3
2026-09-07 12:01:44.168 10 INFO neutron.db.ovn_revision_numbers_db [None req-f9707533-1a51-436a-b8e8-f06f23fa4a3d d403138ce1744eceb8073d7c09038044 7a132d323ce842f0afd0a5cb693f9d83 - - - -] Successfully bumped revision number for resource 0e41015d-fdf2-467b-904d-aaa094f22cfd (type: router_ports) to 2
2026-09-07 12:01:44.170 10 INFO neutron.wsgi [None req-f9707533-1a51-436a-b8e8-f06f23fa4a3d d403138ce1744eceb8073d7c09038044 7a132d323ce842f0afd0a5cb693f9d83 - - - -] 10.0.0.114 "PUT /v2.0/routers/043d4225-fcc2-4a5c-9ba5-3391e4b0f7b8/add_router_interface HTTP/1.1" status: 200 len: 503 time: 2.4349244
2026-09-07 12:01:44.219 10 INFO neutron.wsgi [None req-b06fc020-cfa7-45a6-aef2-8fd67057fd10 d403138ce1744eceb8073d7c09038044 7a132d323ce842f0afd0a5cb693f9d83 - - - -] 10.0.0.114 "DELETE /v2.0/security-groups/652cca17-a6e9-4771-b71e-42a936555aae HTTP/1.1" status: 204 len: 168 time: 0.3261642
2026-09-07 12:01:44.249 11 INFO neutron.db.ovn_revision_numbers_db [None req-22fef701-888c-40ca-a920-6ef809f9641e a620901ada1f470395d6f6f85b10df05 c2492f05992944caaa9b86b4e7dd36f9 - - default default] Successfully bumped revision number for resource c54f58c0-d04c-4323-9968-82e95351b2fa (type: ports) to 2
2026-09-07 12:01:44.261 11 INFO neutron.db.ovn_revision_numbers_db [None req-81bbed4c-f576-4d37-b117-88c388cbe6cb - - - - - -] Successfully bumped revision number for resource 7f034f15-04bc-46b8-bb9c-e922633531c1 (type: router_ports) to 4
2026-09-07 12:01:44.312 10 WARNING neutron.scheduler.dhcp_agent_scheduler [None req-ac668ad5-4c1c-4676-942e-2a6baa9afb1b 58ff0218231b4596840c0be1bd52c695 63a7fb21cdb3470f8f4f9d3379d88f5e - - - -] No more DHCP agents
2026-09-07 12:01:44.314 10 WARNING neutron.api.rpc.agentnotifiers.dhcp_rpc_agent_api [None req-ac668ad5-4c1c-4676-942e-2a6baa9afb1b 58ff0218231b4596840c0be1bd52c695 63a7fb21cdb3470f8f4f9d3379d88f5e - - - -] Unable to schedule network ea6d7a53-7244-466b-9aae-a652e3279fcb: no agents available; will retry on subsequent port and subnet creation events.
2026-09-07 12:01:44.322 11 INFO neutron.db.ovn_revision_numbers_db [None req-0b022f37-6116-4660-bff2-669a46331ce8 - - - - - -] Successfully bumped revision number for resource 0e41015d-fdf2-467b-904d-aaa094f22cfd (type: router_ports) to 3
2026-09-07 12:01:44.348 11 WARNING neutron.scheduler.dhcp_agent_scheduler [None req-22fef701-888c-40ca-a920-6ef809f9641e a620901ada1f470395d6f6f85b10df05 c2492f05992944caaa9b86b4e7dd36f9 - - default default] No more DHCP agents
2026-09-07 12:01:44.350 11 WARNING neutron.api.rpc.agentnotifiers.dhcp_rpc_agent_api [None req-22fef701-888c-40ca-a920-6ef809f9641e a620901ada1f470395d6f6f85b10df05 c2492f05992944caaa9b86b4e7dd36f9 - - default default] Unable to schedule network d4698a84-6a41-4ac4-ba3c-4c84e9257c39: no agents available; will retry on subsequent port and subnet creation events.
2026-09-07 12:01:44.486 11 INFO neutron.db.ovn_revision_numbers_db [None req-22fef701-888c-40ca-a920-6ef809f9641e a620901ada1f470395d6f6f85b10df05 c2492f05992944caaa9b86b4e7dd36f9 - - - -] Successfully bumped revision number for resource c54f58c0-d04c-4323-9968-82e95351b2fa (type: router_ports) to 2
2026-09-07 12:01:44.488 11 INFO neutron.wsgi [None req-22fef701-888c-40ca-a920-6ef809f9641e a620901ada1f470395d6f6f85b10df05 c2492f05992944caaa9b86b4e7dd36f9 - - - -] 10.0.0.114 "PUT /v2.0/routers/0f90a612-74e9-45f0-a488-2ada6e08eb75/add_router_interface HTTP/1.1" status: 200 len: 503 time: 2.1477072
2026-09-07 12:01:44.494 10 INFO neutron.db.ovn_revision_numbers_db [None req-2c4af5d0-0c9d-46ed-8c2b-d8eec2275044 d403138ce1744eceb8073d7c09038044 7a132d323ce842f0afd0a5cb693f9d83 - - default default] Successfully bumped revision number for resource c89dfc46-bada-4724-9da3-4225c76c034c (type: security_groups) to 1
2026-09-07 12:01:44.529 10 INFO neutron.wsgi [None req-2c4af5d0-0c9d-46ed-8c2b-d8eec2275044 d403138ce1744eceb8073d7c09038044 7a132d323ce842f0afd0a5cb693f9d83 - - default default] 10.0.0.114 "GET /v2.0/security-groups?tenant_id=d87f2570ef4a4e27ab1c560f968a68f4&name=default HTTP/1.1" status: 200 len: 2996 time: 0.1701930
2026-09-07 12:01:44.561 11 INFO neutron.wsgi [None req-65c76574-52bb-4cfa-b8b4-0d9224f531fd a620901ada1f470395d6f6f85b10df05 c2492f05992944caaa9b86b4e7dd36f9 - - default default] 10.0.0.114 "GET /v2.0/ports/c54f58c0-d04c-4323-9968-82e95351b2fa HTTP/1.1" status: 200 len: 1135 time: 0.0689242
2026-09-07 12:01:44.778 10 INFO neutron.db.l3_db [None req-ac668ad5-4c1c-4676-942e-2a6baa9afb1b 58ff0218231b4596840c0be1bd52c695 63a7fb21cdb3470f8f4f9d3379d88f5e - - - -] Floating IP 6a3af5db-7ab4-41e4-9c86-8dd355024aa8 associated. External IP: 10.96.250.203, port: ca980b05-6bd8-4bc6-b7b1-e273f988855a.
2026-09-07 12:01:44.921 10 INFO neutron.db.ovn_revision_numbers_db [None req-f5a7fb0c-6558-4c36-ac21-858877d1813d 490bb93e0f864fbeae48f980d391f1b4 a89fa62739e64632b69749678db0c639 - - - -] Successfully bumped revision number for resource 5620932c-bbcc-4560-968d-46c884b7c499 (type: security_groups) to 1
2026-09-07 12:01:44.942 10 INFO neutron.db.ovn_revision_numbers_db [None req-ac668ad5-4c1c-4676-942e-2a6baa9afb1b 58ff0218231b4596840c0be1bd52c695 63a7fb21cdb3470f8f4f9d3379d88f5e - - - -] Successfully bumped revision number for resource 6a3af5db-7ab4-41e4-9c86-8dd355024aa8 (type: floatingips) to 0
2026-09-07 12:01:44.946 10 INFO neutron.wsgi [None req-f5a7fb0c-6558-4c36-ac21-858877d1813d 490bb93e0f864fbeae48f980d391f1b4 a89fa62739e64632b69749678db0c639 - - - -] 10.0.0.114 "POST /v2.0/security-groups HTTP/1.1" status: 201 len: 1796 time: 0.1619306
2026-09-07 12:01:45.034 10 INFO neutron.db.ovn_revision_numbers_db [None req-ac668ad5-4c1c-4676-942e-2a6baa9afb1b 58ff0218231b4596840c0be1bd52c695 63a7fb21cdb3470f8f4f9d3379d88f5e - - - -] Successfully bumped revision number for resource 6a3af5db-7ab4-41e4-9c86-8dd355024aa8 (type: floatingips) to 1
2026-09-07 12:01:45.087 11 INFO neutron.wsgi [None req-98805826-17b4-4d90-9e1d-058e9854fb51 d403138ce1744eceb8073d7c09038044 7a132d323ce842f0afd0a5cb693f9d83 - - - -] 10.0.0.114 "DELETE /v2.0/security-groups/c89dfc46-bada-4724-9da3-4225c76c034c HTTP/1.1" status: 204 len: 168 time: 0.5490680
2026-09-07 12:01:45.094 10 INFO neutron.wsgi [None req-ac668ad5-4c1c-4676-942e-2a6baa9afb1b 58ff0218231b4596840c0be1bd52c695 63a7fb21cdb3470f8f4f9d3379d88f5e - - - -] 10.0.0.114 "POST /v2.0/floatingips HTTP/1.1" status: 201 len: 1042 time: 1.1197808
2026-09-07 12:01:45.137 10 INFO neutron.db.ovn_revision_numbers_db [None req-0f1b743e-4879-4a71-a331-6c10d08342cc 490bb93e0f864fbeae48f980d391f1b4 a89fa62739e64632b69749678db0c639 - - - -] Successfully bumped revision number for resource a0ac9596-47bd-46b4-843c-36b9bf8a0b02 (type: security_group_rules) to 0
2026-09-07 12:01:45.146 10 INFO neutron.wsgi [None req-612b2f7b-0529-480c-a75f-570a4021dc62 58ff0218231b4596840c0be1bd52c695 63a7fb21cdb3470f8f4f9d3379d88f5e - - default default] 10.0.0.114 "GET /v2.0/floatingips/6a3af5db-7ab4-41e4-9c86-8dd355024aa8 HTTP/1.1" status: 200 len: 1039 time: 0.0447080
2026-09-07 12:01:45.160 10 INFO neutron.wsgi [None req-0f1b743e-4879-4a71-a331-6c10d08342cc 490bb93e0f864fbeae48f980d391f1b4 a89fa62739e64632b69749678db0c639 - - - -] 10.0.0.114 "POST /v2.0/security-group-rules HTTP/1.1" status: 201 len: 764 time: 0.2004721
2026-09-07 12:01:45.252 11 INFO neutron.wsgi [None req-b9a63e78-f987-4d5a-8a6f-cf58ccc064b7 58ff0218231b4596840c0be1bd52c695 63a7fb21cdb3470f8f4f9d3379d88f5e - - default default] 10.0.0.114 "GET /v2.0/floatingips HTTP/1.1" status: 200 len: 1042 time: 0.1015124
2026-09-07 12:01:45.252 10 INFO neutron.db.ovn_revision_numbers_db [None req-63fc4e0f-0db6-4764-81e4-cfe41deb9798 490bb93e0f864fbeae48f980d391f1b4 a89fa62739e64632b69749678db0c639 - - - -] Successfully bumped revision number for resource 7e86a24c-6f73-497a-87c6-52098f53c472 (type: security_group_rules) to 0
2026-09-07 12:01:45.331 10 INFO neutron.wsgi [None req-63fc4e0f-0db6-4764-81e4-cfe41deb9798 490bb93e0f864fbeae48f980d391f1b4 a89fa62739e64632b69749678db0c639 - - - -] 10.0.0.114 "POST /v2.0/security-group-rules HTTP/1.1" status: 201 len: 769 time: 0.1670752
2026-09-07 12:01:45.406 11 WARNING neutron.scheduler.dhcp_agent_scheduler [None req-9644d2d6-672d-4dd7-9ce8-6d27a5756da1 a620901ada1f470395d6f6f85b10df05 c2492f05992944caaa9b86b4e7dd36f9 - - default default] No more DHCP agents
2026-09-07 12:01:45.408 11 WARNING neutron.api.rpc.agentnotifiers.dhcp_rpc_agent_api [None req-9644d2d6-672d-4dd7-9ce8-6d27a5756da1 a620901ada1f470395d6f6f85b10df05 c2492f05992944caaa9b86b4e7dd36f9 - - default default] Unable to schedule network 7655dff9-10e3-4b4d-9d49-2ef8f3bc97dc: no agents available; will retry on subsequent port and subnet creation events.
2026-09-07 12:01:45.561 11 INFO neutron.db.ovn_revision_numbers_db [None req-9644d2d6-672d-4dd7-9ce8-6d27a5756da1 a620901ada1f470395d6f6f85b10df05 c2492f05992944caaa9b86b4e7dd36f9 - - default default] Successfully bumped revision number for resource 53be3715-b140-4b43-a240-e1834a1a4662 (type: ports) to 1
2026-09-07 12:01:45.842 10 INFO neutron.db.l3_db [None req-6fa2a290-3755-43dc-a0eb-45c9c1028d49 58ff0218231b4596840c0be1bd52c695 63a7fb21cdb3470f8f4f9d3379d88f5e - - - -] Floating IP 6a3af5db-7ab4-41e4-9c86-8dd355024aa8 associated. External IP: 10.96.250.203, port: ca980b05-6bd8-4bc6-b7b1-e273f988855a.
2026-09-07 12:01:45.949 10 WARNING neutron.scheduler.dhcp_agent_scheduler [None req-2a5f39a8-8165-486c-b7b3-b985dde8e70d 490bb93e0f864fbeae48f980d391f1b4 a89fa62739e64632b69749678db0c639 - - - -] No more DHCP agents
2026-09-07 12:01:45.951 10 WARNING neutron.api.rpc.agentnotifiers.dhcp_rpc_agent_api [None req-2a5f39a8-8165-486c-b7b3-b985dde8e70d 490bb93e0f864fbeae48f980d391f1b4 a89fa62739e64632b69749678db0c639 - - - -] Unable to schedule network ea6d7a53-7244-466b-9aae-a652e3279fcb: no agents available; will retry on subsequent port and subnet creation events.
2026-09-07 12:01:46.013 11 INFO neutron.db.ovn_revision_numbers_db [None req-9644d2d6-672d-4dd7-9ce8-6d27a5756da1 a620901ada1f470395d6f6f85b10df05 c2492f05992944caaa9b86b4e7dd36f9 - - default default] Successfully bumped revision number for resource 53be3715-b140-4b43-a240-e1834a1a4662 (type: router_ports) to 2
2026-09-07 12:01:46.054 10 INFO neutron.db.ovn_revision_numbers_db [None req-6fa2a290-3755-43dc-a0eb-45c9c1028d49 58ff0218231b4596840c0be1bd52c695 63a7fb21cdb3470f8f4f9d3379d88f5e - - - -] Successfully bumped revision number for resource 6a3af5db-7ab4-41e4-9c86-8dd355024aa8 (type: floatingips) to 2
2026-09-07 12:01:46.136 11 INFO neutron.db.ovn_revision_numbers_db [None req-9644d2d6-672d-4dd7-9ce8-6d27a5756da1 a620901ada1f470395d6f6f85b10df05 c2492f05992944caaa9b86b4e7dd36f9 - - default default] Successfully bumped revision number for resource 53be3715-b140-4b43-a240-e1834a1a4662 (type: ports) to 2
2026-09-07 12:01:46.178 10 INFO neutron.db.ovn_revision_numbers_db [None req-6fa2a290-3755-43dc-a0eb-45c9c1028d49 58ff0218231b4596840c0be1bd52c695 63a7fb21cdb3470f8f4f9d3379d88f5e - - - -] Successfully bumped revision number for resource 6a3af5db-7ab4-41e4-9c86-8dd355024aa8 (type: floatingips) to 3
2026-09-07 12:01:46.184 11 WARNING neutron.scheduler.dhcp_agent_scheduler [None req-9644d2d6-672d-4dd7-9ce8-6d27a5756da1 a620901ada1f470395d6f6f85b10df05 c2492f05992944caaa9b86b4e7dd36f9 - - default default] No more DHCP agents
2026-09-07 12:01:46.186 11 WARNING neutron.api.rpc.agentnotifiers.dhcp_rpc_agent_api [None req-9644d2d6-672d-4dd7-9ce8-6d27a5756da1 a620901ada1f470395d6f6f85b10df05 c2492f05992944caaa9b86b4e7dd36f9 - - default default] Unable to schedule network 7655dff9-10e3-4b4d-9d49-2ef8f3bc97dc: no agents available; will retry on subsequent port and subnet creation events.
2026-09-07 12:01:46.251 10 INFO neutron.wsgi [None req-6fa2a290-3755-43dc-a0eb-45c9c1028d49 58ff0218231b4596840c0be1bd52c695 63a7fb21cdb3470f8f4f9d3379d88f5e - - - -] 10.0.0.114 "PUT /v2.0/floatingips/6a3af5db-7ab4-41e4-9c86-8dd355024aa8 HTTP/1.1" status: 200 len: 1037 time: 0.9938290
2026-09-07 12:01:46.343 11 INFO neutron.db.ovn_revision_numbers_db [None req-9644d2d6-672d-4dd7-9ce8-6d27a5756da1 a620901ada1f470395d6f6f85b10df05 c2492f05992944caaa9b86b4e7dd36f9 - - - -] Successfully bumped revision number for resource 53be3715-b140-4b43-a240-e1834a1a4662 (type: router_ports) to 2
2026-09-07 12:01:46.344 11 INFO neutron.wsgi [None req-9644d2d6-672d-4dd7-9ce8-6d27a5756da1 a620901ada1f470395d6f6f85b10df05 c2492f05992944caaa9b86b4e7dd36f9 - - - -] 10.0.0.114 "PUT /v2.0/routers/0f90a612-74e9-45f0-a488-2ada6e08eb75/add_router_interface HTTP/1.1" status: 200 len: 503 time: 1.7788820
2026-09-07 12:01:46.408 10 INFO neutron.db.l3_db [None req-dcf9b472-118c-448c-bde6-0cdadf1f242c 58ff0218231b4596840c0be1bd52c695 63a7fb21cdb3470f8f4f9d3379d88f5e - - - -] Floating IP 6a3af5db-7ab4-41e4-9c86-8dd355024aa8 disassociated. External IP: 10.96.250.203, port: 3278773f-4b13-4282-bfdc-73ebbc59200c.
2026-09-07 12:01:46.415 10 INFO neutron.db.ovn_revision_numbers_db [None req-2a5f39a8-8165-486c-b7b3-b985dde8e70d 490bb93e0f864fbeae48f980d391f1b4 a89fa62739e64632b69749678db0c639 - - - -] Successfully bumped revision number for resource a482b46b-445c-4cfa-84e8-c6589c4c770b (type: floatingips) to 0
2026-09-07 12:01:46.420 11 INFO neutron.wsgi [None req-3ff82dc4-fd0e-4e92-ba80-da600e15ab86 a620901ada1f470395d6f6f85b10df05 c2492f05992944caaa9b86b4e7dd36f9 - - default default] 10.0.0.114 "GET /v2.0/ports/53be3715-b140-4b43-a240-e1834a1a4662 HTTP/1.1" status: 200 len: 1135 time: 0.0700729
2026-09-07 12:01:46.429 10 INFO neutron.wsgi [None req-2a5f39a8-8165-486c-b7b3-b985dde8e70d 490bb93e0f864fbeae48f980d391f1b4 a89fa62739e64632b69749678db0c639 - - - -] 10.0.0.114 "POST /v2.0/floatingips HTTP/1.1" status: 201 len: 751 time: 1.0815582
2026-09-07 12:01:46.430 10 INFO neutron.db.ovn_revision_numbers_db [None req-dcf9b472-118c-448c-bde6-0cdadf1f242c 58ff0218231b4596840c0be1bd52c695 63a7fb21cdb3470f8f4f9d3379d88f5e - - - -] Successfully bumped revision number for resource 6a3af5db-7ab4-41e4-9c86-8dd355024aa8 (type: floatingips) to 4
2026-09-07 12:01:46.449 11 INFO neutron.wsgi [None req-0edc9a3f-5101-4299-997a-5aabd524ffe1 a620901ada1f470395d6f6f85b10df05 c2492f05992944caaa9b86b4e7dd36f9 - - default default] 10.0.0.114 "GET /v2.0/ports/53be3715-b140-4b43-a240-e1834a1a4662 HTTP/1.1" status: 200 len: 1135 time: 0.0249312
2026-09-07 12:01:46.486 10 INFO neutron.wsgi [None req-dcf9b472-118c-448c-bde6-0cdadf1f242c 58ff0218231b4596840c0be1bd52c695 63a7fb21cdb3470f8f4f9d3379d88f5e - - - -] 10.0.0.114 "PUT /v2.0/floatingips/6a3af5db-7ab4-41e4-9c86-8dd355024aa8 HTTP/1.1" status: 200 len: 748 time: 0.2317288
2026-09-07 12:01:46.776 10 INFO neutron.wsgi [None req-fe5e0da0-913a-4cbb-b084-104e2d7ecafb 58ff0218231b4596840c0be1bd52c695 63a7fb21cdb3470f8f4f9d3379d88f5e - - - -] 10.0.0.114 "DELETE /v2.0/floatingips/6a3af5db-7ab4-41e4-9c86-8dd355024aa8 HTTP/1.1" status: 204 len: 168 time: 0.2848530
2026-09-07 12:01:46.801 10 INFO neutron.api.v2.resource [None req-84f7ef2c-feea-408e-b1e4-fd7b5e1b3e4f 58ff0218231b4596840c0be1bd52c695 63a7fb21cdb3470f8f4f9d3379d88f5e - - - -] delete failed (client error): The resource could not be found.
2026-09-07 12:01:46.802 10 INFO neutron.wsgi [None req-84f7ef2c-feea-408e-b1e4-fd7b5e1b3e4f 58ff0218231b4596840c0be1bd52c695 63a7fb21cdb3470f8f4f9d3379d88f5e - - - -] 10.0.0.114 "DELETE /v2.0/floatingips/6a3af5db-7ab4-41e4-9c86-8dd355024aa8 HTTP/1.1" status: 404 len: 345 time: 0.0207031
2026-09-07 12:01:46.896 10 INFO neutron.wsgi [req-e1189e7b-6c10-471d-9cca-22a21c352cef req-aea61ffb-fb55-47ce-8e9f-45b8a392f800 490bb93e0f864fbeae48f980d391f1b4 a89fa62739e64632b69749678db0c639 - - default default] 10.0.0.14 "GET /v2.0/security-groups?name=tempest-securitygroup--2010018512&fields=id&tenant_id=a89fa62739e64632b69749678db0c639 HTTP/1.1" status: 200 len: 267 time: 0.0377891
2026-09-07 12:01:46.995 10 INFO neutron.wsgi [req-e1189e7b-6c10-471d-9cca-22a21c352cef req-041c638f-e24f-4914-acbd-2e17619425b7 490bb93e0f864fbeae48f980d391f1b4 a89fa62739e64632b69749678db0c639 - - default default] 10.0.0.14 "GET /v2.0/networks?id=849e0ec3-ef13-47e8-b197-faec09fb5898 HTTP/1.1" status: 200 len: 874 time: 0.0916860
2026-09-07 12:01:47.019 10 INFO neutron.wsgi [req-e1189e7b-6c10-471d-9cca-22a21c352cef req-34fd3a9e-bb2e-4075-bd5d-5810ac54760f 490bb93e0f864fbeae48f980d391f1b4 a89fa62739e64632b69749678db0c639 - - default default] 10.0.0.14 "GET /v2.0/quotas/a89fa62739e64632b69749678db0c639 HTTP/1.1" status: 200 len: 386 time: 0.0090349
2026-09-07 12:01:47.127 10 INFO neutron.wsgi [req-e1189e7b-6c10-471d-9cca-22a21c352cef req-9bd8848f-52f1-4413-bc45-2f01c48f40ca 490bb93e0f864fbeae48f980d391f1b4 a89fa62739e64632b69749678db0c639 - - default default] 10.0.0.14 "GET /v2.0/ports?tenant_id=a89fa62739e64632b69749678db0c639&fields=id HTTP/1.1" status: 200 len: 302 time: 0.0990779
2026-09-07 12:01:47.186 10 INFO neutron.wsgi [None req-4e7d91ef-d3ef-41cb-b4c3-46ec5557a028 58ff0218231b4596840c0be1bd52c695 63a7fb21cdb3470f8f4f9d3379d88f5e - - - -] 10.0.0.114 "DELETE /v2.0/ports/3278773f-4b13-4282-bfdc-73ebbc59200c HTTP/1.1" status: 204 len: 168 time: 0.3774829
2026-09-07 12:01:47.193 10 INFO neutron.wsgi [req-e1189e7b-6c10-471d-9cca-22a21c352cef req-b0167ca0-f1ba-4916-9dd2-c95e8773bc71 2824304a5d8e4b138bd91380e055924d f7beba7ba89940159358713cdd54b77c - - 98a0bd3542fd4f8dbfed0a5f0ac97cd2 98a0bd3542fd4f8dbfed0a5f0ac97cd2] 10.0.0.14 "GET /v2.0/networks/849e0ec3-ef13-47e8-b197-faec09fb5898?fields=segments HTTP/1.1" status: 200 len: 212 time: 0.0498078
