2026-09-07 12:02:29.968 11 INFO neutron.wsgi [None req-c26da9f6-354d-481e-8614-bb57dea4e0e9 f1b6a68fd0684d75ad77c39d9867c41a 5c9a4561782649308027e30e363f961c - - - -] 10.0.0.114 "POST /v2.0/security-group-rules HTTP/1.1" status: 201 len: 768 time: 0.1163206
2026-09-07 12:02:29.994 11 INFO neutron.db.ovn_revision_numbers_db [None req-1650e53d-da65-4cc1-a1ec-da44edad1c39 d403138ce1744eceb8073d7c09038044 7a132d323ce842f0afd0a5cb693f9d83 - - default default] Successfully bumped revision number for resource 23f8d4e5-1fa4-4ae8-93be-3a9a2e356ff2 (type: security_groups) to 1
2026-09-07 12:02:29.996 11 INFO neutron.db.securitygroups_db [None req-e7b8262b-addf-4d2d-9c3e-99ad8fecdd8e f1b6a68fd0684d75ad77c39d9867c41a 5c9a4561782649308027e30e363f961c - - - -] Project 5c9a4561782649308027e30e363f961c added a security group rule with legacy IPv6 ICMP protocol name icmp, ipv6-icmp should be used instead. It was automatically converted.
2026-09-07 12:02:30.014 11 INFO neutron.wsgi [None req-1650e53d-da65-4cc1-a1ec-da44edad1c39 d403138ce1744eceb8073d7c09038044 7a132d323ce842f0afd0a5cb693f9d83 - - default default] 10.0.0.114 "GET /v2.0/security-groups?tenant_id=5e8f4be35a134565812122f866e679f8&name=default HTTP/1.1" status: 200 len: 2996 time: 0.1100976
2026-09-07 12:02:30.029 10 INFO neutron.db.ovn_revision_numbers_db [None req-9fdac662-dd4a-44bc-bc76-564e21337fa4 850374f300094e7b9515b30bd73c8d80 fc640598e3714985b9d3a409cb3c90f2 - - - -] Successfully bumped revision number for resource 1504a447-6273-49bd-a8d9-7c17063f0d30 (type: router_ports) to 2
2026-09-07 12:02:30.031 10 INFO neutron.wsgi [None req-9fdac662-dd4a-44bc-bc76-564e21337fa4 850374f300094e7b9515b30bd73c8d80 fc640598e3714985b9d3a409cb3c90f2 - - - -] 10.0.0.114 "PUT /v2.0/routers/b6d7469a-e346-468b-b7ee-91cba10e9e68/add_router_interface HTTP/1.1" status: 200 len: 503 time: 1.4154317
2026-09-07 12:02:30.061 11 INFO neutron.wsgi [None req-8f03e067-0f5e-4a57-93ec-9f8225f7863f 850374f300094e7b9515b30bd73c8d80 fc640598e3714985b9d3a409cb3c90f2 - - default default] 10.0.0.114 "GET /v2.0/ports/1504a447-6273-49bd-a8d9-7c17063f0d30 HTTP/1.1" status: 200 len: 1139 time: 0.0262456
2026-09-07 12:02:30.089 11 INFO neutron.db.ovn_revision_numbers_db [None req-e7b8262b-addf-4d2d-9c3e-99ad8fecdd8e f1b6a68fd0684d75ad77c39d9867c41a 5c9a4561782649308027e30e363f961c - - - -] Successfully bumped revision number for resource 2273d797-c8f8-4b74-8a45-1d136584f78b (type: security_group_rules) to 0
2026-09-07 12:02:30.107 11 INFO neutron.wsgi [None req-e7b8262b-addf-4d2d-9c3e-99ad8fecdd8e f1b6a68fd0684d75ad77c39d9867c41a 5c9a4561782649308027e30e363f961c - - - -] 10.0.0.114 "POST /v2.0/security-group-rules HTTP/1.1" status: 201 len: 774 time: 0.1335986
2026-09-07 12:02:30.131 11 INFO neutron.db.securitygroups_db [None req-06e114a3-ea4f-403c-bd5a-a735756ffa0f f1b6a68fd0684d75ad77c39d9867c41a 5c9a4561782649308027e30e363f961c - - - -] Project 5c9a4561782649308027e30e363f961c added a security group rule with legacy IPv6 ICMP protocol name icmp, ipv6-icmp should be used instead. It was automatically converted.
2026-09-07 12:02:30.152 10 INFO neutron.wsgi [None req-4f942ccb-ca9a-4e4d-85d0-624d0f48cdc0 850374f300094e7b9515b30bd73c8d80 fc640598e3714985b9d3a409cb3c90f2 - - default default] 10.0.0.114 "GET /v2.0/ports/1504a447-6273-49bd-a8d9-7c17063f0d30 HTTP/1.1" status: 200 len: 1139 time: 0.0876501
2026-09-07 12:02:30.202 11 INFO neutron.db.ovn_revision_numbers_db [None req-06e114a3-ea4f-403c-bd5a-a735756ffa0f f1b6a68fd0684d75ad77c39d9867c41a 5c9a4561782649308027e30e363f961c - - - -] Successfully bumped revision number for resource 4bfd8c4e-230a-4d16-9a66-f6a4ab878c0e (type: security_group_rules) to 0
2026-09-07 12:02:30.212 10 INFO neutron.wsgi [None req-fb6f4141-d25e-4d63-bd90-14a5ad9e1fd6 d403138ce1744eceb8073d7c09038044 7a132d323ce842f0afd0a5cb693f9d83 - - - -] 10.0.0.114 "DELETE /v2.0/security-groups/23f8d4e5-1fa4-4ae8-93be-3a9a2e356ff2 HTTP/1.1" status: 204 len: 168 time: 0.1931872
2026-09-07 12:02:30.225 11 INFO neutron.wsgi [None req-06e114a3-ea4f-403c-bd5a-a735756ffa0f f1b6a68fd0684d75ad77c39d9867c41a 5c9a4561782649308027e30e363f961c - - - -] 10.0.0.114 "POST /v2.0/security-group-rules HTTP/1.1" status: 201 len: 773 time: 0.1120353
2026-09-07 12:02:30.854 10 INFO neutron.wsgi [None req-55c8fd49-7b9a-4f24-bfc8-a27cb869b593 f1b6a68fd0684d75ad77c39d9867c41a 5c9a4561782649308027e30e363f961c - - default default] 10.0.0.114 "GET /v2.0/networks HTTP/1.1" status: 200 len: 1493 time: 0.2924373
2026-09-07 12:02:30.970 10 INFO neutron.wsgi [req-d1fe2a49-2cff-4ae3-b640-0efb13858caa req-6b08edd4-4639-4856-9ade-4da9b1389b98 f1b6a68fd0684d75ad77c39d9867c41a 5c9a4561782649308027e30e363f961c - - default default] 10.0.0.14 "GET /v2.0/security-groups?name=tempest-secgroup-smoke-2078543110&fields=id&tenant_id=5c9a4561782649308027e30e363f961c HTTP/1.1" status: 200 len: 267 time: 0.0290148
2026-09-07 12:02:31.057 10 INFO neutron.wsgi [req-d1fe2a49-2cff-4ae3-b640-0efb13858caa req-21b9e983-55eb-4214-b6a8-21b019397c0c f1b6a68fd0684d75ad77c39d9867c41a 5c9a4561782649308027e30e363f961c - - default default] 10.0.0.14 "GET /v2.0/networks?id=0b4d1f52-f31c-431a-9b2d-e56783429578 HTTP/1.1" status: 200 len: 860 time: 0.0785391
2026-09-07 12:02:31.077 10 INFO neutron.wsgi [req-d1fe2a49-2cff-4ae3-b640-0efb13858caa req-73bcf8bc-f50d-4670-bf61-cd3d6187f9cb f1b6a68fd0684d75ad77c39d9867c41a 5c9a4561782649308027e30e363f961c - - default default] 10.0.0.14 "GET /v2.0/quotas/5c9a4561782649308027e30e363f961c HTTP/1.1" status: 200 len: 386 time: 0.0145407
2026-09-07 12:02:31.194 11 INFO neutron.wsgi [None req-5fe83c91-aa78-4487-a7c0-887b1ba58268 850374f300094e7b9515b30bd73c8d80 fc640598e3714985b9d3a409cb3c90f2 - - default default] 10.0.0.114 "GET /v2.0/ports/1504a447-6273-49bd-a8d9-7c17063f0d30 HTTP/1.1" status: 200 len: 1139 time: 0.0353849
2026-09-07 12:02:31.203 10 INFO neutron.wsgi [req-d1fe2a49-2cff-4ae3-b640-0efb13858caa req-739c2838-45bb-46aa-ac1a-1ff19a23ba26 f1b6a68fd0684d75ad77c39d9867c41a 5c9a4561782649308027e30e363f961c - - default default] 10.0.0.14 "GET /v2.0/ports?tenant_id=5c9a4561782649308027e30e363f961c&fields=id HTTP/1.1" status: 200 len: 302 time: 0.1180081
2026-09-07 12:02:31.315 10 INFO neutron.wsgi [req-d1fe2a49-2cff-4ae3-b640-0efb13858caa req-b72a0973-ebba-42ce-b602-2496861b2196 2824304a5d8e4b138bd91380e055924d f7beba7ba89940159358713cdd54b77c - - 98a0bd3542fd4f8dbfed0a5f0ac97cd2 98a0bd3542fd4f8dbfed0a5f0ac97cd2] 10.0.0.14 "GET /v2.0/networks/0b4d1f52-f31c-431a-9b2d-e56783429578?fields=segments HTTP/1.1" status: 200 len: 212 time: 0.0966170
2026-09-07 12:02:31.397 10 INFO neutron.wsgi [req-d1fe2a49-2cff-4ae3-b640-0efb13858caa req-1daff6ea-ef9a-4fee-b8db-fbc7d5cf7d13 2824304a5d8e4b138bd91380e055924d f7beba7ba89940159358713cdd54b77c - - 98a0bd3542fd4f8dbfed0a5f0ac97cd2 98a0bd3542fd4f8dbfed0a5f0ac97cd2] 10.0.0.14 "GET /v2.0/networks/0b4d1f52-f31c-431a-9b2d-e56783429578?fields=provider%3Aphysical_network&fields=provider%3Anetwork_type HTTP/1.1" status: 200 len: 277 time: 0.0716927
2026-09-07 12:02:31.517 10 INFO neutron.wsgi [req-bcc204fa-2365-4416-b724-7bbfaab17ef8 req-a013b497-66dc-43e8-94dd-d98577267d7a f1b6a68fd0684d75ad77c39d9867c41a 5c9a4561782649308027e30e363f961c - - default default] 10.0.0.14 "GET /v2.0/ports?device_id=adc31e53-bb67-44e8-b5d1-9102089b375c HTTP/1.1" status: 200 len: 210 time: 0.0207870
2026-09-07 12:02:32.182 10 INFO neutron.db.ovn_revision_numbers_db [None req-29325d6b-7116-4829-b3fa-50080d2b9ac7 d403138ce1744eceb8073d7c09038044 7a132d323ce842f0afd0a5cb693f9d83 - - - -] Successfully bumped revision number for resource 06587d79-7f99-4046-ac5c-aabaed888aad (type: security_groups) to 1
2026-09-07 12:02:32.206 10 INFO neutron.wsgi [req-d1fe2a49-2cff-4ae3-b640-0efb13858caa req-70a526f0-975f-4345-834b-534389ce665f f1b6a68fd0684d75ad77c39d9867c41a 5c9a4561782649308027e30e363f961c - - default default] 162.253.55.119 "GET /v2.0/networks?id=0b4d1f52-f31c-431a-9b2d-e56783429578 HTTP/1.1" status: 200 len: 860 time: 0.0666268
2026-09-07 12:02:32.236 10 INFO neutron.db.segments_db [None req-29325d6b-7116-4829-b3fa-50080d2b9ac7 d403138ce1744eceb8073d7c09038044 7a132d323ce842f0afd0a5cb693f9d83 - - - -] Added segment 9f8f0807-5d4c-413e-8932-66b1bf345e6b of type geneve for network 1b7b99f5-4258-4632-b27e-a23b48a30469
2026-09-07 12:02:32.246 11 INFO neutron.wsgi [None req-38a77298-1f46-42b1-91fa-1b85777e3c85 850374f300094e7b9515b30bd73c8d80 fc640598e3714985b9d3a409cb3c90f2 - - default default] 10.0.0.114 "GET /v2.0/ports/1504a447-6273-49bd-a8d9-7c17063f0d30 HTTP/1.1" status: 200 len: 1139 time: 0.0455806
2026-09-07 12:02:32.247 10 INFO neutron.wsgi [req-d1fe2a49-2cff-4ae3-b640-0efb13858caa req-da3eb184-9926-4685-84c5-34122d5b0800 f1b6a68fd0684d75ad77c39d9867c41a 5c9a4561782649308027e30e363f961c - - default default] 162.253.55.119 "GET /v2.0/security-groups?fields=id&fields=name&tenant_id=5c9a4561782649308027e30e363f961c HTTP/1.1" status: 200 len: 380 time: 0.0332379
2026-09-07 12:02:32.402 10 INFO neutron.db.ovn_revision_numbers_db [None req-29325d6b-7116-4829-b3fa-50080d2b9ac7 d403138ce1744eceb8073d7c09038044 7a132d323ce842f0afd0a5cb693f9d83 - - - -] Successfully bumped revision number for resource 1b7b99f5-4258-4632-b27e-a23b48a30469 (type: networks) to 1
2026-09-07 12:02:32.844 10 INFO neutron.wsgi [req-1a021390-6cfa-4fc3-8a9f-a6efcf7296dd req-ea11299f-ce0d-4638-b416-10d0e8ddc6be f1b6a68fd0684d75ad77c39d9867c41a 5c9a4561782649308027e30e363f961c - - default default] 10.0.0.14 "GET /v2.0/ports?device_id=adc31e53-bb67-44e8-b5d1-9102089b375c HTTP/1.1" status: 200 len: 210 time: 0.0302413
2026-09-07 12:02:32.934 10 WARNING neutron.scheduler.dhcp_agent_scheduler [None req-29325d6b-7116-4829-b3fa-50080d2b9ac7 d403138ce1744eceb8073d7c09038044 7a132d323ce842f0afd0a5cb693f9d83 - - - -] No more DHCP agents
2026-09-07 12:02:32.937 10 WARNING neutron.api.rpc.agentnotifiers.dhcp_rpc_agent_api [None req-29325d6b-7116-4829-b3fa-50080d2b9ac7 d403138ce1744eceb8073d7c09038044 7a132d323ce842f0afd0a5cb693f9d83 - - - -] Unable to schedule network 1b7b99f5-4258-4632-b27e-a23b48a30469: no agents available; will retry on subsequent port and subnet creation events.
2026-09-07 12:02:32.994 10 WARNING neutron.scheduler.dhcp_agent_scheduler [None req-0fd58263-8207-4c60-bcbd-2b1289c17431 f1b6a68fd0684d75ad77c39d9867c41a 5c9a4561782649308027e30e363f961c - - - -] No more DHCP agents
2026-09-07 12:02:32.998 10 WARNING neutron.api.rpc.agentnotifiers.dhcp_rpc_agent_api [None req-0fd58263-8207-4c60-bcbd-2b1289c17431 f1b6a68fd0684d75ad77c39d9867c41a 5c9a4561782649308027e30e363f961c - - - -] Unable to schedule network 0b4d1f52-f31c-431a-9b2d-e56783429578: no agents available; will retry on subsequent port and subnet creation events.
2026-09-07 12:02:33.029 10 INFO neutron.db.ovn_revision_numbers_db [None req-29325d6b-7116-4829-b3fa-50080d2b9ac7 d403138ce1744eceb8073d7c09038044 7a132d323ce842f0afd0a5cb693f9d83 - - - -] Successfully bumped revision number for resource 633a34fb-17e1-4578-9f5c-59bf554c1ca2 (type: ports) to 1
2026-09-07 12:02:33.061 10 INFO neutron.wsgi [None req-29325d6b-7116-4829-b3fa-50080d2b9ac7 d403138ce1744eceb8073d7c09038044 7a132d323ce842f0afd0a5cb693f9d83 - - - -] 10.0.0.114 "POST /v2.0/networks HTTP/1.1" status: 201 len: 942 time: 1.1388216
2026-09-07 12:02:33.143 10 INFO neutron.db.ovn_revision_numbers_db [None req-0fd58263-8207-4c60-bcbd-2b1289c17431 f1b6a68fd0684d75ad77c39d9867c41a 5c9a4561782649308027e30e363f961c - - - -] Successfully bumped revision number for resource b344b492-caa0-4ce4-b86b-49e68c17c63c (type: ports) to 1
2026-09-07 12:02:33.160 10 INFO neutron.wsgi [None req-0fd58263-8207-4c60-bcbd-2b1289c17431 f1b6a68fd0684d75ad77c39d9867c41a 5c9a4561782649308027e30e363f961c - - - -] 162.253.55.119 "POST /v2.0/ports HTTP/1.1" status: 201 len: 1162 time: 0.9068143 /var/lib/openstack/lib/python3.10/site-packages/pycadf/identifier.py:71: UserWarning: Invalid uuid: neutron. To ensure interoperability, identifiers should be a valid uuid. warnings.warn(('Invalid uuid: %s. To ensure interoperability, '
2026-09-07 12:02:33.240 11 WARNING neutron.scheduler.dhcp_agent_scheduler [None req-de9d8ea4-16a8-418f-aa6b-04c8388b93b7 d403138ce1744eceb8073d7c09038044 7a132d323ce842f0afd0a5cb693f9d83 - - - -] No more DHCP agents
2026-09-07 12:02:33.242 11 WARNING neutron.api.rpc.agentnotifiers.dhcp_rpc_agent_api [None req-de9d8ea4-16a8-418f-aa6b-04c8388b93b7 d403138ce1744eceb8073d7c09038044 7a132d323ce842f0afd0a5cb693f9d83 - - - -] Unable to schedule network 1b7b99f5-4258-4632-b27e-a23b48a30469: no agents available; will retry on subsequent port and subnet creation events.
2026-09-07 12:02:33.397 11 INFO neutron.wsgi [None req-5394f42e-b95f-448b-8946-f1fb5cf7fc44 850374f300094e7b9515b30bd73c8d80 fc640598e3714985b9d3a409cb3c90f2 - - default default] 10.0.0.114 "GET /v2.0/ports/1504a447-6273-49bd-a8d9-7c17063f0d30 HTTP/1.1" status: 200 len: 1139 time: 0.1393781
2026-09-07 12:02:33.506 10 INFO neutron.db.ovn_revision_numbers_db [None req-00a56391-95a0-481e-9142-b602402257e6 2824304a5d8e4b138bd91380e055924d f7beba7ba89940159358713cdd54b77c - - - -] Successfully bumped revision number for resource b344b492-caa0-4ce4-b86b-49e68c17c63c (type: ports) to 2
2026-09-07 12:02:33.649 10 INFO neutron.db.ovn_revision_numbers_db [None req-00a56391-95a0-481e-9142-b602402257e6 2824304a5d8e4b138bd91380e055924d f7beba7ba89940159358713cdd54b77c - - - -] Successfully bumped revision number for resource b344b492-caa0-4ce4-b86b-49e68c17c63c (type: ports) to 2
2026-09-07 12:02:33.659 10 INFO neutron.wsgi [None req-00a56391-95a0-481e-9142-b602402257e6 2824304a5d8e4b138bd91380e055924d f7beba7ba89940159358713cdd54b77c - - - -] 162.253.55.119 "PUT /v2.0/ports/b344b492-caa0-4ce4-b86b-49e68c17c63c HTTP/1.1" status: 200 len: 1332 time: 0.4904292
2026-09-07 12:02:33.693 10 INFO neutron.notifiers.nova [-] Nova event matching ['req-f9c28b45-f4be-4a2a-ba2c-d20d0d37ddd9'] response: {'name': 'network-changed', 'server_uuid': 'adc31e53-bb67-44e8-b5d1-9102089b375c', 'tag': 'b344b492-caa0-4ce4-b86b-49e68c17c63c', 'status': 'completed', 'code': 200} /var/lib/openstack/lib/python3.10/site-packages/pycadf/identifier.py:71: UserWarning: Invalid uuid: neutron. To ensure interoperability, identifiers should be a valid uuid. warnings.warn(('Invalid uuid: %s. To ensure interoperability, '
2026-09-07 12:02:33.720 10 INFO neutron.wsgi [req-d1fe2a49-2cff-4ae3-b640-0efb13858caa req-858c078f-2a71-4ff1-b44c-845eb496fd68 2824304a5d8e4b138bd91380e055924d f7beba7ba89940159358713cdd54b77c - - 98a0bd3542fd4f8dbfed0a5f0ac97cd2 98a0bd3542fd4f8dbfed0a5f0ac97cd2] 162.253.55.119 "GET /v2.0/ports?tenant_id=5c9a4561782649308027e30e363f961c&device_id=adc31e53-bb67-44e8-b5d1-9102089b375c HTTP/1.1" status: 200 len: 1363 time: 0.0254395
2026-09-07 12:02:33.736 11 INFO neutron.db.ovn_revision_numbers_db [None req-de9d8ea4-16a8-418f-aa6b-04c8388b93b7 d403138ce1744eceb8073d7c09038044 7a132d323ce842f0afd0a5cb693f9d83 - - - -] Successfully bumped revision number for resource 633a34fb-17e1-4578-9f5c-59bf554c1ca2 (type: ports) to 2
2026-09-07 12:02:33.746 10 INFO neutron.wsgi [req-d1fe2a49-2cff-4ae3-b640-0efb13858caa req-a43307b2-da00-41d4-9638-3fa566d4b182 2824304a5d8e4b138bd91380e055924d f7beba7ba89940159358713cdd54b77c - - 98a0bd3542fd4f8dbfed0a5f0ac97cd2 98a0bd3542fd4f8dbfed0a5f0ac97cd2] 162.253.55.119 "GET /v2.0/floatingips?fixed_ip_address=10.100.0.10&port_id=b344b492-caa0-4ce4-b86b-49e68c17c63c HTTP/1.1" status: 200 len: 217 time: 0.0219269
2026-09-07 12:02:33.747 11 INFO neutron.db.ovn_revision_numbers_db [None req-de9d8ea4-16a8-418f-aa6b-04c8388b93b7 d403138ce1744eceb8073d7c09038044 7a132d323ce842f0afd0a5cb693f9d83 - - - -] Successfully bumped revision number for resource b68b3673-5851-4446-a742-1631bd601360 (type: subnets) to 0
2026-09-07 12:02:33.762 11 INFO neutron.wsgi [None req-de9d8ea4-16a8-418f-aa6b-04c8388b93b7 d403138ce1744eceb8073d7c09038044 7a132d323ce842f0afd0a5cb693f9d83 - - - -] 10.0.0.114 "POST /v2.0/subnets HTTP/1.1" status: 201 len: 862 time: 0.6925879
2026-09-07 12:02:33.795 10 INFO neutron.wsgi [req-d1fe2a49-2cff-4ae3-b640-0efb13858caa req-afae0172-5ccc-4b64-9c5b-445e68178a8d 2824304a5d8e4b138bd91380e055924d f7beba7ba89940159358713cdd54b77c - - 98a0bd3542fd4f8dbfed0a5f0ac97cd2 98a0bd3542fd4f8dbfed0a5f0ac97cd2] 162.253.55.119 "GET /v2.0/subnets?id=a7556450-8ee7-4aa6-a0e8-d1c2921b5279 HTTP/1.1" status: 200 len: 853 time: 0.0423095
2026-09-07 12:02:33.833 10 INFO neutron.wsgi [req-d1fe2a49-2cff-4ae3-b640-0efb13858caa req-87b59f6e-868b-4ade-835a-572da5160313 2824304a5d8e4b138bd91380e055924d f7beba7ba89940159358713cdd54b77c - - 98a0bd3542fd4f8dbfed0a5f0ac97cd2 98a0bd3542fd4f8dbfed0a5f0ac97cd2] 162.253.55.119 "GET /v2.0/ports?network_id=0b4d1f52-f31c-431a-9b2d-e56783429578&device_owner=network%3Adhcp HTTP/1.1" status: 200 len: 210 time: 0.0309241
2026-09-07 12:02:33.916 10 INFO neutron.wsgi [req-d1fe2a49-2cff-4ae3-b640-0efb13858caa req-3dae92e4-2bf4-44e7-bf71-ecdc3f7e0957 2824304a5d8e4b138bd91380e055924d f7beba7ba89940159358713cdd54b77c - - 98a0bd3542fd4f8dbfed0a5f0ac97cd2 98a0bd3542fd4f8dbfed0a5f0ac97cd2] 162.253.55.119 "GET /v2.0/networks/0b4d1f52-f31c-431a-9b2d-e56783429578?fields=segments HTTP/1.1" status: 200 len: 212 time: 0.0761139
2026-09-07 12:02:33.961 10 INFO neutron.wsgi [req-8b4bcd56-2132-4bcf-b8c0-a8116640f0d5 req-221e7784-83f7-4835-8996-cedff96951bd f1b6a68fd0684d75ad77c39d9867c41a 5c9a4561782649308027e30e363f961c - - default default] 10.0.0.14 "GET /v2.0/ports?device_id=adc31e53-bb67-44e8-b5d1-9102089b375c HTTP/1.1" status: 200 len: 1172 time: 0.0564551
2026-09-07 12:02:33.999 10 INFO neutron.wsgi [req-d1fe2a49-2cff-4ae3-b640-0efb13858caa req-5e36be1b-9f87-4b1a-9757-de1aaa17c209 2824304a5d8e4b138bd91380e055924d f7beba7ba89940159358713cdd54b77c - - 98a0bd3542fd4f8dbfed0a5f0ac97cd2 98a0bd3542fd4f8dbfed0a5f0ac97cd2] 162.253.55.119 "GET /v2.0/networks/0b4d1f52-f31c-431a-9b2d-e56783429578?fields=provider%3Aphysical_network&fields=provider%3Anetwork_type HTTP/1.1" status: 200 len: 277 time: 0.0719836
2026-09-07 12:02:34.013 10 INFO neutron.wsgi [req-8b4bcd56-2132-4bcf-b8c0-a8116640f0d5 req-fe4147f3-048a-4ae7-8bf4-ef1a755447b0 f1b6a68fd0684d75ad77c39d9867c41a 5c9a4561782649308027e30e363f961c - - default default] 10.0.0.14 "GET /v2.0/security-groups?id=81fe8bac-8b99-4cf2-8a12-30e2cb831244&fields=id&fields=name HTTP/1.1" status: 200 len: 313 time: 0.0390484
2026-09-07 12:02:34.063 10 INFO neutron.wsgi [req-b4132bda-e359-419b-83b2-60df45184741 req-efbb4dbe-5603-43e4-b4ed-538a4698043a 2824304a5d8e4b138bd91380e055924d f7beba7ba89940159358713cdd54b77c - - 98a0bd3542fd4f8dbfed0a5f0ac97cd2 98a0bd3542fd4f8dbfed0a5f0ac97cd2] 162.253.55.119 "GET /v2.0/ports?tenant_id=5c9a4561782649308027e30e363f961c&device_id=adc31e53-bb67-44e8-b5d1-9102089b375c HTTP/1.1" status: 200 len: 1363 time: 0.0265949
2026-09-07 12:02:34.121 10 INFO neutron.wsgi [req-b4132bda-e359-419b-83b2-60df45184741 req-7485ca49-8c69-4913-80c0-e338c9caa7a2 2824304a5d8e4b138bd91380e055924d f7beba7ba89940159358713cdd54b77c - - 98a0bd3542fd4f8dbfed0a5f0ac97cd2 98a0bd3542fd4f8dbfed0a5f0ac97cd2] 162.253.55.119 "GET /v2.0/networks?id=0b4d1f52-f31c-431a-9b2d-e56783429578 HTTP/1.1" status: 200 len: 959 time: 0.0522761
2026-09-07 12:02:34.147 10 INFO neutron.wsgi [req-b4132bda-e359-419b-83b2-60df45184741 req-f3685d93-fad5-42d7-bfb4-f527e61b4e5f 2824304a5d8e4b138bd91380e055924d f7beba7ba89940159358713cdd54b77c - - 98a0bd3542fd4f8dbfed0a5f0ac97cd2 98a0bd3542fd4f8dbfed0a5f0ac97cd2] 162.253.55.119 "GET /v2.0/floatingips?fixed_ip_address=10.100.0.10&port_id=b344b492-caa0-4ce4-b86b-49e68c17c63c HTTP/1.1" status: 200 len: 217 time: 0.0196106
2026-09-07 12:02:34.185 10 INFO neutron.plugins.ml2.drivers.ovn.mech_driver.mech_driver [None req-313176cf-d53f-4311-8fb9-daf873312325 - - - - - -] OVN reports status up for port: b344b492-caa0-4ce4-b86b-49e68c17c63c
2026-09-07 12:02:34.196 10 INFO neutron.wsgi [req-b4132bda-e359-419b-83b2-60df45184741 req-52c51b6b-a24c-4e63-9c39-393747b5f5ff 2824304a5d8e4b138bd91380e055924d f7beba7ba89940159358713cdd54b77c - - 98a0bd3542fd4f8dbfed0a5f0ac97cd2 98a0bd3542fd4f8dbfed0a5f0ac97cd2] 162.253.55.119 "GET /v2.0/subnets?id=a7556450-8ee7-4aa6-a0e8-d1c2921b5279 HTTP/1.1" status: 200 len: 853 time: 0.0419629
2026-09-07 12:02:34.198 10 INFO neutron.plugins.ml2.plugin [None req-313176cf-d53f-4311-8fb9-daf873312325 - - - - - -] Attempt 1 to provision port b344b492-caa0-4ce4-b86b-49e68c17c63c
2026-09-07 12:02:34.219 11 WARNING neutron.scheduler.dhcp_agent_scheduler [None req-978633d2-c179-4e6e-92f5-b69093f6357a d403138ce1744eceb8073d7c09038044 7a132d323ce842f0afd0a5cb693f9d83 - - - -] No more DHCP agents
2026-09-07 12:02:34.221 11 WARNING neutron.api.rpc.agentnotifiers.dhcp_rpc_agent_api [None req-978633d2-c179-4e6e-92f5-b69093f6357a d403138ce1744eceb8073d7c09038044 7a132d323ce842f0afd0a5cb693f9d83 - - - -] Unable to schedule network ea6d7a53-7244-466b-9aae-a652e3279fcb: no agents available; will retry on subsequent port and subnet creation events.
2026-09-07 12:02:34.254 10 INFO neutron.wsgi [req-b4132bda-e359-419b-83b2-60df45184741 req-3d704c3a-bf96-4430-a68d-f486b612c9b6 2824304a5d8e4b138bd91380e055924d f7beba7ba89940159358713cdd54b77c - - 98a0bd3542fd4f8dbfed0a5f0ac97cd2 98a0bd3542fd4f8dbfed0a5f0ac97cd2] 162.253.55.119 "GET /v2.0/ports?network_id=0b4d1f52-f31c-431a-9b2d-e56783429578&device_owner=network%3Adhcp HTTP/1.1" status: 200 len: 210 time: 0.0435481
2026-09-07 12:02:34.344 10 INFO neutron.wsgi [req-b4132bda-e359-419b-83b2-60df45184741 req-99b3be77-9265-4fbe-988a-babdbde1bad5 2824304a5d8e4b138bd91380e055924d f7beba7ba89940159358713cdd54b77c - - 98a0bd3542fd4f8dbfed0a5f0ac97cd2 98a0bd3542fd4f8dbfed0a5f0ac97cd2] 162.253.55.119 "GET /v2.0/networks/0b4d1f52-f31c-431a-9b2d-e56783429578?fields=segments HTTP/1.1" status: 200 len: 212 time: 0.0846689
2026-09-07 12:02:34.458 10 INFO neutron.wsgi [None req-12229a17-fec9-493e-974f-392a3d26378f 850374f300094e7b9515b30bd73c8d80 fc640598e3714985b9d3a409cb3c90f2 - - default default] 10.0.0.114 "GET /v2.0/ports/1504a447-6273-49bd-a8d9-7c17063f0d30 HTTP/1.1" status: 200 len: 1139 time: 0.0520699
2026-09-07 12:02:34.460 10 INFO neutron.wsgi [req-b4132bda-e359-419b-83b2-60df45184741 req-7d0eeded-77a0-441a-8a17-d63b5eec5d2b 2824304a5d8e4b138bd91380e055924d f7beba7ba89940159358713cdd54b77c - - 98a0bd3542fd4f8dbfed0a5f0ac97cd2 98a0bd3542fd4f8dbfed0a5f0ac97cd2] 162.253.55.119 "GET /v2.0/networks/0b4d1f52-f31c-431a-9b2d-e56783429578?fields=provider%3Aphysical_network&fields=provider%3Anetwork_type HTTP/1.1" status: 200 len: 277 time: 0.1080990
2026-09-07 12:02:34.530 10 INFO neutron.db.ovn_revision_numbers_db [None req-313176cf-d53f-4311-8fb9-daf873312325 - - - - - -] Successfully bumped revision number for resource b344b492-caa0-4ce4-b86b-49e68c17c63c (type: ports) to 4
2026-09-07 12:02:34.645 11 WARNING neutron.plugins.ml2.drivers.ovn.mech_driver.ovsdb.ovn_client [None req-0b022f37-6116-4660-bff2-669a46331ce8 - - - - - -] No hosting information found for port f5eeca4d-9286-428b-8726-5be1c5d6dfb8: RuntimeError: No hosting information found for port f5eeca4d-9286-428b-8726-5be1c5d6dfb8
2026-09-07 12:02:34.645 11 INFO neutron.plugins.ml2.drivers.ovn.mech_driver.mech_driver [None req-0b022f37-6116-4660-bff2-669a46331ce8 - - - - - -] OVN reports status up for port: 1504a447-6273-49bd-a8d9-7c17063f0d30
2026-09-07 12:02:34.651 11 INFO neutron.plugins.ml2.plugin [None req-0b022f37-6116-4660-bff2-669a46331ce8 - - - - - -] Attempt 1 to provision port 1504a447-6273-49bd-a8d9-7c17063f0d30
2026-09-07 12:02:34.747 11 INFO neutron.db.ovn_revision_numbers_db [None req-978633d2-c179-4e6e-92f5-b69093f6357a d403138ce1744eceb8073d7c09038044 7a132d323ce842f0afd0a5cb693f9d83 - - - -] Successfully bumped revision number for resource 6996705a-266e-4321-aaeb-216917e1a999 (type: ports) to 1
2026-09-07 12:02:34.969 11 INFO neutron.db.ovn_revision_numbers_db [None req-0b022f37-6116-4660-bff2-669a46331ce8 - - - - - -] Successfully bumped revision number for resource 1504a447-6273-49bd-a8d9-7c17063f0d30 (type: ports) to 3 /var/lib/openstack/lib/python3.10/site-packages/pycadf/identifier.py:71: UserWarning: Invalid uuid: neutron. To ensure interoperability, identifiers should be a valid uuid. warnings.warn(('Invalid uuid: %s. To ensure interoperability, '
2026-09-07 12:02:35.134 11 INFO neutron.db.ovn_revision_numbers_db [None req-0b022f37-6116-4660-bff2-669a46331ce8 - - - - - -] Successfully bumped revision number for resource 1504a447-6273-49bd-a8d9-7c17063f0d30 (type: router_ports) to 3
2026-09-07 12:02:35.142 10 INFO neutron.wsgi [req-251c46c6-7801-455b-9074-199fe0bbb355 req-8267272a-a79f-45de-b125-425cea18207a f1b6a68fd0684d75ad77c39d9867c41a 5c9a4561782649308027e30e363f961c - - default default] 10.0.0.14 "GET /v2.0/ports?device_id=adc31e53-bb67-44e8-b5d1-9102089b375c HTTP/1.1" status: 200 len: 1174 time: 0.0529215
2026-09-07 12:02:35.185 10 INFO neutron.wsgi [req-251c46c6-7801-455b-9074-199fe0bbb355 req-c0abe835-9b4d-4aef-9aa6-1cef88fe63b7 f1b6a68fd0684d75ad77c39d9867c41a 5c9a4561782649308027e30e363f961c - - default default] 10.0.0.14 "GET /v2.0/security-groups?id=81fe8bac-8b99-4cf2-8a12-30e2cb831244&fields=id&fields=name HTTP/1.1" status: 200 len: 313 time: 0.0384405
2026-09-07 12:02:35.399 11 INFO neutron.db.ovn_revision_numbers_db [None req-978633d2-c179-4e6e-92f5-b69093f6357a d403138ce1744eceb8073d7c09038044 7a132d323ce842f0afd0a5cb693f9d83 - - - -] Successfully bumped revision number for resource 6996705a-266e-4321-aaeb-216917e1a999 (type: router_ports) to 1
2026-09-07 12:02:35.400 10 INFO neutron.plugins.ml2.drivers.ovn.mech_driver.mech_driver [None req-313176cf-d53f-4311-8fb9-daf873312325 - - - - - -] OVN reports status up for port: 6996705a-266e-4321-aaeb-216917e1a999
2026-09-07 12:02:35.413 10 INFO neutron.plugins.ml2.drivers.ovn.mech_driver.ovsdb.ovsdb_monitor [None req-e399731f-417b-4b1c-8c6d-31ae85895354 - - - - - -] Router 8e21e29c-1408-4abd-b521-26307427a4ce is bound to host instance
2026-09-07 12:02:35.418 10 INFO neutron.plugins.ml2.plugin [None req-313176cf-d53f-4311-8fb9-daf873312325 - - - - - -] Attempt 1 to provision port 6996705a-266e-4321-aaeb-216917e1a999
2026-09-07 12:02:35.470 11 INFO neutron.db.ovn_revision_numbers_db [None req-978633d2-c179-4e6e-92f5-b69093f6357a d403138ce1744eceb8073d7c09038044 7a132d323ce842f0afd0a5cb693f9d83 - - - -] Successfully bumped revision number for resource 8e21e29c-1408-4abd-b521-26307427a4ce (type: routers) to 3
2026-09-07 12:02:35.490 11 INFO neutron.wsgi [None req-978633d2-c179-4e6e-92f5-b69093f6357a d403138ce1744eceb8073d7c09038044 7a132d323ce842f0afd0a5cb693f9d83 - - - -] 10.0.0.114 "POST /v2.0/routers HTTP/1.1" status: 201 len: 873 time: 1.7227380
2026-09-07 12:02:35.496 11 INFO neutron.wsgi [None req-24c96e4c-2211-41b1-b029-58809330529d 850374f300094e7b9515b30bd73c8d80 fc640598e3714985b9d3a409cb3c90f2 - - default default] 10.0.0.114 "GET /v2.0/ports/1504a447-6273-49bd-a8d9-7c17063f0d30 HTTP/1.1" status: 200 len: 1141 time: 0.0329356
2026-09-07 12:02:35.727 10 INFO neutron.notifiers.nova [-] Nova event matching ['req-5d5fc6ae-00a1-48ca-80d2-4bbc5b2703de'] response: {'server_uuid': 'adc31e53-bb67-44e8-b5d1-9102089b375c', 'name': 'network-vif-plugged', 'status': 'completed', 'tag': 'b344b492-caa0-4ce4-b86b-49e68c17c63c', 'code': 200}
2026-09-07 12:02:35.727 10 INFO neutron.notifiers.nova [-] Nova event matching ['req-5d5fc6ae-00a1-48ca-80d2-4bbc5b2703de'] response: {'server_uuid': 'adc31e53-bb67-44e8-b5d1-9102089b375c', 'name': 'network-vif-plugged', 'status': 'completed', 'tag': 'b344b492-caa0-4ce4-b86b-49e68c17c63c', 'code': 200}
2026-09-07 12:02:35.925 10 INFO neutron.db.ovn_revision_numbers_db [None req-e399731f-417b-4b1c-8c6d-31ae85895354 - - - - - -] Successfully bumped revision number for resource 6996705a-266e-4321-aaeb-216917e1a999 (type: ports) to 1
2026-09-07 12:02:36.143 10 INFO neutron.db.ovn_revision_numbers_db [None req-e399731f-417b-4b1c-8c6d-31ae85895354 - - - - - -] Successfully bumped revision number for resource 6996705a-266e-4321-aaeb-216917e1a999 (type: router_ports) to 3
2026-09-07 12:02:36.190 11 WARNING neutron.scheduler.dhcp_agent_scheduler [None req-524e3d9d-96ef-407e-8f81-49f68e69eb0d d403138ce1744eceb8073d7c09038044 7a132d323ce842f0afd0a5cb693f9d83 - - default default] No more DHCP agents
2026-09-07 12:02:36.193 11 WARNING neutron.api.rpc.agentnotifiers.dhcp_rpc_agent_api [None req-524e3d9d-96ef-407e-8f81-49f68e69eb0d d403138ce1744eceb8073d7c09038044 7a132d323ce842f0afd0a5cb693f9d83 - - default default] Unable to schedule network 1b7b99f5-4258-4632-b27e-a23b48a30469: no agents available; will retry on subsequent port and subnet creation events.
2026-09-07 12:02:36.278 10 INFO neutron.db.ovn_revision_numbers_db [None req-e399731f-417b-4b1c-8c6d-31ae85895354 - - - - - -] Successfully bumped revision number for resource 6996705a-266e-4321-aaeb-216917e1a999 (type: ports) to 2
2026-09-07 12:02:36.349 10 INFO neutron.wsgi [req-3b3cffc9-d028-49b2-bd3b-c7ac6c0eb43e req-b4e59aee-b9cd-4507-a894-135b76f6170a f1b6a68fd0684d75ad77c39d9867c41a 5c9a4561782649308027e30e363f961c - - default default] 10.0.0.14 "GET /v2.0/ports?device_id=adc31e53-bb67-44e8-b5d1-9102089b375c HTTP/1.1" status: 200 len: 1174 time: 0.1056163
2026-09-07 12:02:36.367 11 INFO neutron.wsgi [None req-5d826d98-ee4b-4ac3-b2a8-ac4dde2814b8 850374f300094e7b9515b30bd73c8d80 fc640598e3714985b9d3a409cb3c90f2 - - - -] 10.0.0.114 "PUT /v2.0/routers/b6d7469a-e346-468b-b7ee-91cba10e9e68/remove_router_interface HTTP/1.1" status: 200 len: 503 time: 0.8659294 /var/lib/openstack/lib/python3.10/site-packages/pycadf/identifier.py:71: UserWarning: Invalid uuid: neutron. To ensure interoperability, identifiers should be a valid uuid. warnings.warn(('Invalid uuid: %s. To ensure interoperability, '
2026-09-07 12:02:36.400 11 INFO neutron.wsgi [None req-765fc0ba-d370-4e90-bc28-1b62d8d4a098 850374f300094e7b9515b30bd73c8d80 fc640598e3714985b9d3a409cb3c90f2 - - default default] 10.0.0.114 "GET /v2.0/ports?device_id=b6d7469a-e346-468b-b7ee-91cba10e9e68 HTTP/1.1" status: 200 len: 205 time: 0.0290837
2026-09-07 12:02:36.404 10 INFO neutron.wsgi [req-3b3cffc9-d028-49b2-bd3b-c7ac6c0eb43e req-0b0bd99d-69fc-42df-8337-c6c713ea78ae f1b6a68fd0684d75ad77c39d9867c41a 5c9a4561782649308027e30e363f961c - - default default] 10.0.0.14 "GET /v2.0/security-groups?id=81fe8bac-8b99-4cf2-8a12-30e2cb831244&fields=id&fields=name HTTP/1.1" status: 200 len: 313 time: 0.0391328
2026-09-07 12:02:36.426 11 INFO neutron.db.ovn_revision_numbers_db [None req-524e3d9d-96ef-407e-8f81-49f68e69eb0d d403138ce1744eceb8073d7c09038044 7a132d323ce842f0afd0a5cb693f9d83 - - default default] Successfully bumped revision number for resource 0fbf24d2-adb8-4db7-a1e5-d410ed5020ef (type: ports) to 1
2026-09-07 12:02:36.734 10 INFO neutron.wsgi [req-16154d59-2aed-4ccc-943f-67408e508f78 req-637e9693-f598-4d30-b9a4-a81f7789d079 f1b6a68fd0684d75ad77c39d9867c41a 5c9a4561782649308027e30e363f961c - - default default] 10.0.0.14 "GET /v2.0/ports?device_id=adc31e53-bb67-44e8-b5d1-9102089b375c HTTP/1.1" status: 200 len: 1174 time: 0.0655675
2026-09-07 12:02:36.755 11 INFO neutron.db.ovn_revision_numbers_db [None req-524e3d9d-96ef-407e-8f81-49f68e69eb0d d403138ce1744eceb8073d7c09038044 7a132d323ce842f0afd0a5cb693f9d83 - - default default] Successfully bumped revision number for resource 0fbf24d2-adb8-4db7-a1e5-d410ed5020ef (type: router_ports) to 2
2026-09-07 12:02:36.815 10 INFO neutron.wsgi [req-16154d59-2aed-4ccc-943f-67408e508f78 req-d51718b3-b936-492f-b9be-fecf4b7fcefb f1b6a68fd0684d75ad77c39d9867c41a 5c9a4561782649308027e30e363f961c - - default default] 10.0.0.14 "GET /v2.0/security-groups?id=81fe8bac-8b99-4cf2-8a12-30e2cb831244&fields=id&fields=name HTTP/1.1" status: 200 len: 313 time: 0.0724857
2026-09-07 12:02:36.882 11 INFO neutron.db.ovn_revision_numbers_db [None req-524e3d9d-96ef-407e-8f81-49f68e69eb0d d403138ce1744eceb8073d7c09038044 7a132d323ce842f0afd0a5cb693f9d83 - - default default] Successfully bumped revision number for resource 0fbf24d2-adb8-4db7-a1e5-d410ed5020ef (type: ports) to 2
2026-09-07 12:02:36.891 11 INFO neutron.wsgi [None req-bc9f45af-18e3-4619-a1fb-730217249dc5 83ebb813710f474295b2b0c8f4eb13e0 a90a97ee342648b48c22db19706f1fc3 - - default default] 10.0.0.114 "GET /v2.0/ports?device_id=adc31e53-bb67-44e8-b5d1-9102089b375c HTTP/1.1" status: 200 len: 1360 time: 0.0424440
2026-09-07 12:02:36.918 10 INFO neutron.wsgi [None req-b336f3ca-92eb-4f84-8165-382a4d53c8cd 850374f300094e7b9515b30bd73c8d80 fc640598e3714985b9d3a409cb3c90f2 - - - -] 10.0.0.114 "DELETE /v2.0/routers/b6d7469a-e346-468b-b7ee-91cba10e9e68 HTTP/1.1" status: 204 len: 168 time: 0.5124700
2026-09-07 12:02:36.955 10 INFO neutron.db.ovn_revision_numbers_db [None req-e399731f-417b-4b1c-8c6d-31ae85895354 - - - - - -] Successfully bumped revision number for resource 6996705a-266e-4321-aaeb-216917e1a999 (type: ports) to 4
2026-09-07 12:02:36.959 11 WARNING neutron.scheduler.dhcp_agent_scheduler [None req-524e3d9d-96ef-407e-8f81-49f68e69eb0d d403138ce1744eceb8073d7c09038044 7a132d323ce842f0afd0a5cb693f9d83 - - default default] No more DHCP agents
2026-09-07 12:02:36.961 11 WARNING neutron.api.rpc.agentnotifiers.dhcp_rpc_agent_api [None req-524e3d9d-96ef-407e-8f81-49f68e69eb0d d403138ce1744eceb8073d7c09038044 7a132d323ce842f0afd0a5cb693f9d83 - - default default] Unable to schedule network 1b7b99f5-4258-4632-b27e-a23b48a30469: no agents available; will retry on subsequent port and subnet creation events.
2026-09-07 12:02:37.136 11 INFO neutron.wsgi [None req-8b1e5134-ae1e-4701-a96b-9b6749fa58d8 850374f300094e7b9515b30bd73c8d80 fc640598e3714985b9d3a409cb3c90f2 - - - -] 10.0.0.114 "DELETE /v2.0/subnets/c3661e58-cbb4-41e1-bc1f-83d518b33d6e HTTP/1.1" status: 204 len: 168 time: 0.2117937
2026-09-07 12:02:37.285 10 WARNING neutron.scheduler.dhcp_agent_scheduler [None req-eed91189-a6e4-450b-a1c0-191e1a812786 f1b6a68fd0684d75ad77c39d9867c41a 5c9a4561782649308027e30e363f961c - - - -] No more DHCP agents
2026-09-07 12:02:37.289 10 WARNING neutron.api.rpc.agentnotifiers.dhcp_rpc_agent_api [None req-eed91189-a6e4-450b-a1c0-191e1a812786 f1b6a68fd0684d75ad77c39d9867c41a 5c9a4561782649308027e30e363f961c - - - -] Unable to schedule network ea6d7a53-7244-466b-9aae-a652e3279fcb: no agents available; will retry on subsequent port and subnet creation events.
2026-09-07 12:02:37.323 10 INFO neutron.db.ovn_revision_numbers_db [None req-e399731f-417b-4b1c-8c6d-31ae85895354 - - - - - -] Successfully bumped revision number for resource 6996705a-266e-4321-aaeb-216917e1a999 (type: router_ports) to 4
2026-09-07 12:02:37.717 11 INFO neutron.db.ovn_revision_numbers_db [None req-524e3d9d-96ef-407e-8f81-49f68e69eb0d d403138ce1744eceb8073d7c09038044 7a132d323ce842f0afd0a5cb693f9d83 - - - -] Successfully bumped revision number for resource 0fbf24d2-adb8-4db7-a1e5-d410ed5020ef (type: router_ports) to 2
2026-09-07 12:02:37.719 11 INFO neutron.wsgi [None req-524e3d9d-96ef-407e-8f81-49f68e69eb0d d403138ce1744eceb8073d7c09038044 7a132d323ce842f0afd0a5cb693f9d83 - - - -] 10.0.0.114 "PUT /v2.0/routers/8e21e29c-1408-4abd-b521-26307427a4ce/add_router_interface HTTP/1.1" status: 200 len: 503 time: 2.2227721
2026-09-07 12:02:37.728 10 INFO neutron.services.segments.plugin [-] Segment ff97fac5-a1a8-4e2f-b1f7-7bbcbc621076 resource provider aggregate not found
2026-09-07 12:02:37.745 10 INFO neutron.services.segments.plugin [-] Segment ff97fac5-a1a8-4e2f-b1f7-7bbcbc621076 resource provider aggregate not found
2026-09-07 12:02:37.762 10 INFO neutron.services.segments.plugin [-] Segment ff97fac5-a1a8-4e2f-b1f7-7bbcbc621076 resource provider not found; error: Placement Client Error (4xx): {"errors": [{"status": 404, "title": "Not Found", "detail": "The resource could not be found.\n\n No resource provider with uuid ff97fac5-a1a8-4e2f-b1f7-7bbcbc621076 found for delete ", "request_id": "req-49c8176c-8964-49ef-9985-1ef6684bc25a"}]}
2026-09-07 12:02:37.767 10 INFO neutron.services.segments.plugin [-] Segment ff97fac5-a1a8-4e2f-b1f7-7bbcbc621076 resource provider not found; error: Placement Client Error (4xx): {"errors": [{"status": 404, "title": "Not Found", "detail": "The resource could not be found.\n\n No resource provider with uuid ff97fac5-a1a8-4e2f-b1f7-7bbcbc621076 found for delete ", "request_id": "req-6678a699-7e3d-4835-8ee8-14ebd13fb732"}]}
2026-09-07 12:02:37.797 10 INFO neutron.wsgi [None req-fcbbb465-0e93-4177-9101-7d02c587f57f 850374f300094e7b9515b30bd73c8d80 fc640598e3714985b9d3a409cb3c90f2 - - - -] 10.0.0.114 "DELETE /v2.0/networks/67e12be3-bcac-4e78-a600-3b85bc7b9c04 HTTP/1.1" status: 204 len: 168 time: 0.6527095
2026-09-07 12:02:37.872 10 INFO neutron.db.l3_db [None req-eed91189-a6e4-450b-a1c0-191e1a812786 f1b6a68fd0684d75ad77c39d9867c41a 5c9a4561782649308027e30e363f961c - - - -] Floating IP 012f32b4-7bd0-4b8b-b10f-66c78f26073e associated. External IP: 10.96.250.202, port: b344b492-caa0-4ce4-b86b-49e68c17c63c.
2026-09-07 12:02:38.262 10 INFO neutron.wsgi [req-52e41414-57a3-4a41-a162-c04fd4325d32 req-d97510b5-1740-4229-832e-36c4d4ce3a92 2824304a5d8e4b138bd91380e055924d f7beba7ba89940159358713cdd54b77c - - 98a0bd3542fd4f8dbfed0a5f0ac97cd2 98a0bd3542fd4f8dbfed0a5f0ac97cd2] 10.0.0.186 "GET /v2.0/ports?device_id=2d44d9bb-5110-4ece-9637-270f9369303c HTTP/1.1" status: 200 len: 1365 time: 0.3482642
2026-09-07 12:02:38.289 11 WARNING neutron.scheduler.dhcp_agent_scheduler [None req-1e2ea265-3bce-45da-aaf3-c2266dcdd7d1 850374f300094e7b9515b30bd73c8d80 fc640598e3714985b9d3a409cb3c90f2 - - - -] No more DHCP agents
2026-09-07 12:02:38.291 11 WARNING neutron.api.rpc.agentnotifiers.dhcp_rpc_agent_api [None req-1e2ea265-3bce-45da-aaf3-c2266dcdd7d1 850374f300094e7b9515b30bd73c8d80 fc640598e3714985b9d3a409cb3c90f2 - - - -] Unable to schedule network ea6d7a53-7244-466b-9aae-a652e3279fcb: no agents available; will retry on subsequent port and subnet creation events.
2026-09-07 12:02:38.319 10 INFO neutron.wsgi [req-52e41414-57a3-4a41-a162-c04fd4325d32 req-899cda77-0612-44d1-b872-3ee3f5db29b3 2824304a5d8e4b138bd91380e055924d f7beba7ba89940159358713cdd54b77c - - 98a0bd3542fd4f8dbfed0a5f0ac97cd2 98a0bd3542fd4f8dbfed0a5f0ac97cd2] 10.0.0.186 "GET /v2.0/security-groups?id=a2d1cf30-7e7d-4dfc-be13-d8303e920264&fields=id&fields=name HTTP/1.1" status: 200 len: 313 time: 0.0514452
2026-09-07 12:02:38.320 10 INFO neutron.plugins.ml2.drivers.ovn.mech_driver.mech_driver [None req-313176cf-d53f-4311-8fb9-daf873312325 - - - - - -] OVN reports status up for port: 0fbf24d2-adb8-4db7-a1e5-d410ed5020ef
2026-09-07 12:02:38.333 10 INFO neutron.plugins.ml2.plugin [None req-313176cf-d53f-4311-8fb9-daf873312325 - - - - - -] Attempt 1 to provision port 0fbf24d2-adb8-4db7-a1e5-d410ed5020ef
2026-09-07 12:02:38.421 10 INFO neutron.db.ovn_revision_numbers_db [None req-eed91189-a6e4-450b-a1c0-191e1a812786 f1b6a68fd0684d75ad77c39d9867c41a 5c9a4561782649308027e30e363f961c - - - -] Successfully bumped revision number for resource 012f32b4-7bd0-4b8b-b10f-66c78f26073e (type: floatingips) to 0
2026-09-07 12:02:38.512 11 INFO neutron.db.ovn_revision_numbers_db [None req-1e2ea265-3bce-45da-aaf3-c2266dcdd7d1 850374f300094e7b9515b30bd73c8d80 fc640598e3714985b9d3a409cb3c90f2 - - - -] Successfully bumped revision number for resource 88e4c4a7-ee52-413f-b312-b63d15fdfaf0 (type: ports) to 1
2026-09-07 12:02:38.546 10 INFO neutron.db.ovn_revision_numbers_db [None req-eed91189-a6e4-450b-a1c0-191e1a812786 f1b6a68fd0684d75ad77c39d9867c41a 5c9a4561782649308027e30e363f961c - - - -] Successfully bumped revision number for resource 012f32b4-7bd0-4b8b-b10f-66c78f26073e (type: floatingips) to 1
2026-09-07 12:02:38.593 10 INFO neutron.wsgi [None req-eed91189-a6e4-450b-a1c0-191e1a812786 f1b6a68fd0684d75ad77c39d9867c41a 5c9a4561782649308027e30e363f961c - - - -] 10.0.0.114 "POST /v2.0/floatingips HTTP/1.1" status: 201 len: 1055 time: 1.6935153
2026-09-07 12:02:38.646 10 INFO neutron.notifiers.nova [-] Nova event matching ['req-a3ecbec0-4d03-4123-a7ac-f6272d5c92a6'] response: {'name': 'network-changed', 'server_uuid': 'adc31e53-bb67-44e8-b5d1-9102089b375c', 'tag': 'b344b492-caa0-4ce4-b86b-49e68c17c63c', 'status': 'completed', 'code': 200}
2026-09-07 12:02:38.706 10 INFO neutron.wsgi [None req-d0d6af60-deb6-4f67-8fb6-dcda222c7fc8 f1b6a68fd0684d75ad77c39d9867c41a 5c9a4561782649308027e30e363f961c - - default default] 10.0.0.114 "GET /v2.0/floatingips/012f32b4-7bd0-4b8b-b10f-66c78f26073e HTTP/1.1" status: 200 len: 1052 time: 0.1082304
2026-09-07 12:02:38.708 10 INFO neutron.wsgi [req-2838b0c8-7699-476a-bc2d-73879404dac8 req-4c064c68-cc5c-4137-85c9-2bea14121263 2824304a5d8e4b138bd91380e055924d f7beba7ba89940159358713cdd54b77c - - 98a0bd3542fd4f8dbfed0a5f0ac97cd2 98a0bd3542fd4f8dbfed0a5f0ac97cd2] 162.253.55.119 "GET /v2.0/ports?tenant_id=5c9a4561782649308027e30e363f961c&device_id=adc31e53-bb67-44e8-b5d1-9102089b375c HTTP/1.1" status: 200 len: 1365 time: 0.0618927
2026-09-07 12:02:38.758 10 INFO neutron.db.ovn_revision_numbers_db [None req-313176cf-d53f-4311-8fb9-daf873312325 - - - - - -] Successfully bumped revision number for resource 0fbf24d2-adb8-4db7-a1e5-d410ed5020ef (type: ports) to 3
2026-09-07 12:02:38.793 10 INFO neutron.wsgi [req-2838b0c8-7699-476a-bc2d-73879404dac8 req-639f1b5a-56d3-47de-907f-257f2978a241 2824304a5d8e4b138bd91380e055924d f7beba7ba89940159358713cdd54b77c - - 98a0bd3542fd4f8dbfed0a5f0ac97cd2 98a0bd3542fd4f8dbfed0a5f0ac97cd2] 162.253.55.119 "GET /v2.0/networks?id=0b4d1f52-f31c-431a-9b2d-e56783429578 HTTP/1.1" status: 200 len: 959 time: 0.0780537
2026-09-07 12:02:38.853 10 INFO neutron.wsgi [req-2838b0c8-7699-476a-bc2d-73879404dac8 req-cb6aaaa8-15a0-45c1-a128-6045e7ba748e 2824304a5d8e4b138bd91380e055924d f7beba7ba89940159358713cdd54b77c - - 98a0bd3542fd4f8dbfed0a5f0ac97cd2 98a0bd3542fd4f8dbfed0a5f0ac97cd2] 162.253.55.119 "GET /v2.0/floatingips?fixed_ip_address=10.100.0.10&port_id=b344b492-caa0-4ce4-b86b-49e68c17c63c HTTP/1.1" status: 200 len: 1060 time: 0.0555158
2026-09-07 12:02:38.903 10 INFO neutron.wsgi [req-2838b0c8-7699-476a-bc2d-73879404dac8 req-9828a0b4-006c-43fc-b8d3-b8a3d2a812e6 2824304a5d8e4b138bd91380e055924d f7beba7ba89940159358713cdd54b77c - - 98a0bd3542fd4f8dbfed0a5f0ac97cd2 98a0bd3542fd4f8dbfed0a5f0ac97cd2] 162.253.55.119 "GET /v2.0/subnets?id=a7556450-8ee7-4aa6-a0e8-d1c2921b5279 HTTP/1.1" status: 200 len: 853 time: 0.0368619
2026-09-07 12:02:38.930 10 INFO neutron.wsgi [req-2838b0c8-7699-476a-bc2d-73879404dac8 req-25084cf3-c325-4dde-aca9-8d5874a09194 2824304a5d8e4b138bd91380e055924d f7beba7ba89940159358713cdd54b77c - - 98a0bd3542fd4f8dbfed0a5f0ac97cd2 98a0bd3542fd4f8dbfed0a5f0ac97cd2] 162.253.55.119 "GET /v2.0/ports?network_id=0b4d1f52-f31c-431a-9b2d-e56783429578&device_owner=network%3Adhcp HTTP/1.1" status: 200 len: 210 time: 0.0219905
2026-09-07 12:02:38.931 10 INFO neutron.db.ovn_revision_numbers_db [None req-313176cf-d53f-4311-8fb9-daf873312325 - - - - - -] Successfully bumped revision number for resource 0fbf24d2-adb8-4db7-a1e5-d410ed5020ef (type: router_ports) to 3
2026-09-07 12:02:39.005 10 INFO neutron.wsgi [req-2838b0c8-7699-476a-bc2d-73879404dac8 req-60a64994-2ace-4c84-b670-8c0acee9d20b 2824304a5d8e4b138bd91380e055924d f7beba7ba89940159358713cdd54b77c - - 98a0bd3542fd4f8dbfed0a5f0ac97cd2 98a0bd3542fd4f8dbfed0a5f0ac97cd2] 162.253.55.119 "GET /v2.0/networks/0b4d1f52-f31c-431a-9b2d-e56783429578?fields=segments HTTP/1.1" status: 200 len: 212 time: 0.0632932
2026-09-07 12:02:39.057 11 INFO neutron.db.ovn_revision_numbers_db [None req-1e2ea265-3bce-45da-aaf3-c2266dcdd7d1 850374f300094e7b9515b30bd73c8d80 fc640598e3714985b9d3a409cb3c90f2 - - - -] Successfully bumped revision number for resource 88e4c4a7-ee52-413f-b312-b63d15fdfaf0 (type: router_ports) to 1
2026-09-07 12:02:39.088 10 INFO neutron.wsgi [req-2838b0c8-7699-476a-bc2d-73879404dac8 req-aea5b6d0-220e-4589-b38d-e9939fb73ae7 2824304a5d8e4b138bd91380e055924d f7beba7ba89940159358713cdd54b77c - - 98a0bd3542fd4f8dbfed0a5f0ac97cd2 98a0bd3542fd4f8dbfed0a5f0ac97cd2] 162.253.55.119 "GET /v2.0/networks/0b4d1f52-f31c-431a-9b2d-e56783429578?fields=provider%3Aphysical_network&fields=provider%3Anetwork_type HTTP/1.1" status: 200 len: 277 time: 0.0787985
2026-09-07 12:02:39.116 11 INFO neutron.db.ovn_revision_numbers_db [None req-1e2ea265-3bce-45da-aaf3-c2266dcdd7d1 850374f300094e7b9515b30bd73c8d80 fc640598e3714985b9d3a409cb3c90f2 - - - -] Successfully bumped revision number for resource b02c62e5-a4d5-4a05-8b14-426e484c89a9 (type: routers) to 3
2026-09-07 12:02:39.129 11 INFO neutron.wsgi [None req-1e2ea265-3bce-45da-aaf3-c2266dcdd7d1 850374f300094e7b9515b30bd73c8d80 fc640598e3714985b9d3a409cb3c90f2 - - - -] 10.0.0.114 "POST /v2.0/routers HTTP/1.1" status: 201 len: 871 time: 1.3236136
2026-09-07 12:02:39.191 11 INFO neutron.wsgi [None req-741bea43-5c9b-48da-8069-1dd761ab0a56 850374f300094e7b9515b30bd73c8d80 fc640598e3714985b9d3a409cb3c90f2 - - default default] 10.0.0.114 "GET /v2.0/routers/b02c62e5-a4d5-4a05-8b14-426e484c89a9 HTTP/1.1" status: 200 len: 872 time: 0.0578792
2026-09-07 12:02:39.311 11 INFO neutron.wsgi [None req-c5564ef8-5007-45f0-b211-8b9cfe58fe9e 850374f300094e7b9515b30bd73c8d80 fc640598e3714985b9d3a409cb3c90f2 - - default default] 10.0.0.114 "GET /v2.0/routers HTTP/1.1" status: 200 len: 875 time: 0.1157796
2026-09-07 12:02:39.927 11 INFO neutron.db.ovn_revision_numbers_db [None req-79e8a623-bc0e-4afb-9cc4-7eb0313a558f 850374f300094e7b9515b30bd73c8d80 fc640598e3714985b9d3a409cb3c90f2 - - - -] Successfully bumped revision number for resource b02c62e5-a4d5-4a05-8b14-426e484c89a9 (type: routers) to 4
2026-09-07 12:02:39.930 11 INFO neutron.wsgi [None req-79e8a623-bc0e-4afb-9cc4-7eb0313a558f 850374f300094e7b9515b30bd73c8d80 fc640598e3714985b9d3a409cb3c90f2 - - - -] 10.0.0.114 "PUT /v2.0/routers/b02c62e5-a4d5-4a05-8b14-426e484c89a9 HTTP/1.1" status: 200 len: 879 time: 0.6142330
2026-09-07 12:02:40.011 11 INFO neutron.wsgi [None req-a100763f-0c45-493c-bc62-ccb92fef3e27 850374f300094e7b9515b30bd73c8d80 fc640598e3714985b9d3a409cb3c90f2 - - default default] 10.0.0.114 "GET /v2.0/routers/b02c62e5-a4d5-4a05-8b14-426e484c89a9 HTTP/1.1" status: 200 len: 879 time: 0.0739973
2026-09-07 12:02:40.033 11 INFO neutron.wsgi [None req-fa8825f4-f75f-4d9f-8612-9e71927a437b 850374f300094e7b9515b30bd73c8d80 fc640598e3714985b9d3a409cb3c90f2 - - default default] 10.0.0.114 "GET /v2.0/ports?device_id=b02c62e5-a4d5-4a05-8b14-426e484c89a9 HTTP/1.1" status: 200 len: 205 time: 0.0190184
2026-09-07 12:02:40.072 10 INFO neutron.wsgi [req-dbd4fd94-ea84-45f6-8888-31394f35092c req-498dd5c2-a0c8-45b7-a0e7-ee76ffdea5c2 6c2ee5664baa49acad1ab189ed3f0b8c 9a892004d72c4a4c912268bcbcb622cc - - default default] 10.0.0.14 "GET /v2.0/networks?id=1b7b99f5-4258-4632-b27e-a23b48a30469 HTTP/1.1" status: 200 len: 871 time: 0.0483274
2026-09-07 12:02:40.085 10 INFO neutron.wsgi [req-dbd4fd94-ea84-45f6-8888-31394f35092c req-8af395b5-d01a-4646-a0c0-282440568545 6c2ee5664baa49acad1ab189ed3f0b8c 9a892004d72c4a4c912268bcbcb622cc - - default default] 10.0.0.14 "GET /v2.0/quotas/9a892004d72c4a4c912268bcbcb622cc HTTP/1.1" status: 200 len: 386 time: 0.0073464
2026-09-07 12:02:40.172 10 INFO neutron.wsgi [req-dbd4fd94-ea84-45f6-8888-31394f35092c req-e34f9595-3546-4072-8d57-571469d233f6 6c2ee5664baa49acad1ab189ed3f0b8c 9a892004d72c4a4c912268bcbcb622cc - - default default] 10.0.0.14 "GET /v2.0/ports?tenant_id=9a892004d72c4a4c912268bcbcb622cc&fields=id HTTP/1.1" status: 200 len: 302 time: 0.0820174
2026-09-07 12:02:40.261 10 INFO neutron.wsgi [req-dbd4fd94-ea84-45f6-8888-31394f35092c req-ecdb055e-42e9-4373-a30c-8c207582bee5 2824304a5d8e4b138bd91380e055924d f7beba7ba89940159358713cdd54b77c - - 98a0bd3542fd4f8dbfed0a5f0ac97cd2 98a0bd3542fd4f8dbfed0a5f0ac97cd2] 10.0.0.14 "GET /v2.0/networks/1b7b99f5-4258-4632-b27e-a23b48a30469?fields=segments HTTP/1.1" status: 200 len: 212 time: 0.0827017
2026-09-07 12:02:40.341 10 INFO neutron.wsgi [req-dbd4fd94-ea84-45f6-8888-31394f35092c req-3d54377f-c822-4895-91b1-ac5c17e45bfc 2824304a5d8e4b138bd91380e055924d f7beba7ba89940159358713cdd54b77c - - 98a0bd3542fd4f8dbfed0a5f0ac97cd2 98a0bd3542fd4f8dbfed0a5f0ac97cd2] 10.0.0.14 "GET /v2.0/networks/1b7b99f5-4258-4632-b27e-a23b48a30469?fields=provider%3Aphysical_network&fields=provider%3Anetwork_type HTTP/1.1" status: 200 len: 277 time: 0.0719097
2026-09-07 12:02:40.470 10 INFO neutron.wsgi [req-aded51d2-3897-44c5-a495-add096e4e750 req-3adf25f8-c3bc-4a14-a5f0-8cab0806c837 6c2ee5664baa49acad1ab189ed3f0b8c 9a892004d72c4a4c912268bcbcb622cc - - default default] 10.0.0.14 "GET /v2.0/ports?device_id=00f4d16a-48bf-4d8e-a9ae-bc6f44498a8d HTTP/1.1" status: 200 len: 210 time: 0.0194120
2026-09-07 12:02:40.600 11 INFO neutron.wsgi [None req-52b5c7be-78ba-4afa-88a6-148e9b0df70a 850374f300094e7b9515b30bd73c8d80 fc640598e3714985b9d3a409cb3c90f2 - - - -] 10.0.0.114 "DELETE /v2.0/routers/b02c62e5-a4d5-4a05-8b14-426e484c89a9 HTTP/1.1" status: 204 len: 168 time: 0.5628641
2026-09-07 12:02:40.622 11 INFO neutron.wsgi [None req-2e1bb4b0-942b-4039-b006-4583b5b0f316 850374f300094e7b9515b30bd73c8d80 fc640598e3714985b9d3a409cb3c90f2 - - default default] 10.0.0.114 "GET /v2.0/ports?device_id=b02c62e5-a4d5-4a05-8b14-426e484c89a9 HTTP/1.1" status: 200 len: 205 time: 0.0170593
2026-09-07 12:02:40.647 11 INFO neutron.api.v2.resource [None req-54e2da08-0126-4191-863d-2989908faa12 850374f300094e7b9515b30bd73c8d80 fc640598e3714985b9d3a409cb3c90f2 - - - -] delete failed (client error): The resource could not be found.
2026-09-07 12:02:40.648 11 INFO neutron.wsgi [None req-54e2da08-0126-4191-863d-2989908faa12 850374f300094e7b9515b30bd73c8d80 fc640598e3714985b9d3a409cb3c90f2 - - - -] 10.0.0.114 "DELETE /v2.0/routers/b02c62e5-a4d5-4a05-8b14-426e484c89a9 HTTP/1.1" status: 404 len: 336 time: 0.0217125
2026-09-07 12:02:40.673 11 INFO neutron.wsgi [None req-e07eb245-4897-43f4-bd4c-be28f5c79cf4 850374f300094e7b9515b30bd73c8d80 fc640598e3714985b9d3a409cb3c90f2 - - default default] 10.0.0.114 "GET /v2.0/ports?device_id=b6d7469a-e346-468b-b7ee-91cba10e9e68 HTTP/1.1" status: 200 len: 205 time: 0.0208628
