2026-09-07 12:02:02.123 10 INFO neutron.wsgi [None req-892bd362-089a-45ac-aac4-e37d809685af 0ff887af39a54927a07834cef92f319e 34e71f6c98444fe38cdcc79f63f2b467 - - - -] 10.0.0.114 "POST /v2.0/subnets HTTP/1.1" status: 201 len: 1475 time: 0.5864789
2026-09-07 12:02:02.164 10 INFO neutron.wsgi [None req-1543a424-8e10-4b08-bddd-d7a4bf161bef 0ff887af39a54927a07834cef92f319e 34e71f6c98444fe38cdcc79f63f2b467 - - default default] 10.0.0.114 "GET /v2.0/subnets HTTP/1.1" status: 200 len: 2083 time: 0.0352571
2026-09-07 12:02:02.346 11 WARNING neutron.scheduler.dhcp_agent_scheduler [None req-9405abbb-617b-4de7-9727-b40762a7487e a620901ada1f470395d6f6f85b10df05 c2492f05992944caaa9b86b4e7dd36f9 - - - -] No more DHCP agents
2026-09-07 12:02:02.348 11 WARNING neutron.api.rpc.agentnotifiers.dhcp_rpc_agent_api [None req-9405abbb-617b-4de7-9727-b40762a7487e a620901ada1f470395d6f6f85b10df05 c2492f05992944caaa9b86b4e7dd36f9 - - - -] Unable to schedule network 40fabc60-a24e-486a-afe4-d0ae01a1fd5e: no agents available; will retry on subsequent port and subnet creation events.
2026-09-07 12:02:02.501 11 INFO neutron.db.ovn_revision_numbers_db [None req-9405abbb-617b-4de7-9727-b40762a7487e a620901ada1f470395d6f6f85b10df05 c2492f05992944caaa9b86b4e7dd36f9 - - - -] Successfully bumped revision number for resource e0f408a6-f7fb-4d0d-b060-4b641c4898e2 (type: ports) to 1
2026-09-07 12:02:02.529 11 INFO neutron.wsgi [None req-9405abbb-617b-4de7-9727-b40762a7487e a620901ada1f470395d6f6f85b10df05 c2492f05992944caaa9b86b4e7dd36f9 - - - -] 10.0.0.114 "POST /v2.0/ports HTTP/1.1" status: 201 len: 1151 time: 0.5393317 /var/lib/openstack/lib/python3.10/site-packages/pycadf/identifier.py:71: UserWarning: Invalid uuid: neutron. To ensure interoperability, identifiers should be a valid uuid. warnings.warn(('Invalid uuid: %s. To ensure interoperability, '
2026-09-07 12:02:02.633 10 INFO neutron.wsgi [None req-9dc7d70f-3b7e-4a91-8126-25e6609dedc6 0ff887af39a54927a07834cef92f319e 34e71f6c98444fe38cdcc79f63f2b467 - - - -] 10.0.0.114 "DELETE /v2.0/subnets/063651b8-6cf7-44f0-855b-0a9de745a9d7 HTTP/1.1" status: 204 len: 168 time: 0.4561913
2026-09-07 12:02:02.841 10 INFO neutron.wsgi [None req-0719bef7-bbe8-4cc4-8a4c-9fb193b91432 0ff887af39a54927a07834cef92f319e 34e71f6c98444fe38cdcc79f63f2b467 - - - -] 10.0.0.114 "DELETE /v2.0/subnets/067d8319-4bf3-4119-814a-2c755744c939 HTTP/1.1" status: 204 len: 168 time: 0.2026010
2026-09-07 12:02:02.887 10 INFO neutron.wsgi [None req-bfb182dc-89b2-48f3-bcbe-da40e5d61757 0ff887af39a54927a07834cef92f319e 34e71f6c98444fe38cdcc79f63f2b467 - - default default] 10.0.0.114 "GET /v2.0/subnets HTTP/1.1" status: 200 len: 820 time: 0.0416195
2026-09-07 12:02:02.896 11 INFO neutron.plugins.ml2.drivers.ovn.mech_driver.mech_driver [None req-0b022f37-6116-4660-bff2-669a46331ce8 - - - - - -] OVN reports status up for port: e0f408a6-f7fb-4d0d-b060-4b641c4898e2
2026-09-07 12:02:02.900 11 INFO neutron.db.ovn_revision_numbers_db [None req-44a93124-394d-4f1c-9f5d-aee1f23ae432 a620901ada1f470395d6f6f85b10df05 c2492f05992944caaa9b86b4e7dd36f9 - - default default] Successfully bumped revision number for resource e0f408a6-f7fb-4d0d-b060-4b641c4898e2 (type: router_ports) to 2
2026-09-07 12:02:02.903 11 INFO neutron.plugins.ml2.plugin [None req-0b022f37-6116-4660-bff2-669a46331ce8 - - - - - -] Attempt 1 to provision port e0f408a6-f7fb-4d0d-b060-4b641c4898e2
2026-09-07 12:02:03.032 10 INFO neutron.wsgi [None req-f7831307-ff33-45ea-9c8e-b9503065fdc1 2a7266b0621c4d4f90f833f9e3140d12 b8533886d6da4f8d845094b6a75a077e - - - -] 10.0.0.114 "DELETE /v2.0/networks/c7b72eda-0b3e-4890-9fae-2c0b5662cfc8 HTTP/1.1" status: 204 len: 168 time: 0.9471540
2026-09-07 12:02:03.078 10 INFO neutron.pecan_wsgi.hooks.translation [None req-9082fcbd-916a-4706-8f2e-517060b14b4b 2a7266b0621c4d4f90f833f9e3140d12 b8533886d6da4f8d845094b6a75a077e - - - -] DELETE failed (client error): The resource could not be found.
2026-09-07 12:02:03.080 10 INFO neutron.wsgi [None req-9082fcbd-916a-4706-8f2e-517060b14b4b 2a7266b0621c4d4f90f833f9e3140d12 b8533886d6da4f8d845094b6a75a077e - - - -] 10.0.0.114 "DELETE /v2.0/networks/c7b72eda-0b3e-4890-9fae-2c0b5662cfc8 HTTP/1.1" status: 404 len: 339 time: 0.0245304 /var/lib/openstack/lib/python3.10/site-packages/pycadf/identifier.py:71: UserWarning: Invalid uuid: neutron. To ensure interoperability, identifiers should be a valid uuid. warnings.warn(('Invalid uuid: %s. To ensure interoperability, '
2026-09-07 12:02:03.191 10 INFO neutron.services.segments.plugin [-] Segment 7dac9b2d-30b9-416e-866f-1c31b6e8890b resource provider aggregate not found
2026-09-07 12:02:03.197 10 INFO neutron.services.segments.plugin [-] Segment 7dac9b2d-30b9-416e-866f-1c31b6e8890b resource provider aggregate not found
2026-09-07 12:02:03.211 10 INFO neutron.services.segments.plugin [-] Segment 7dac9b2d-30b9-416e-866f-1c31b6e8890b resource provider not found; error: Placement Client Error (4xx): {"errors": [{"status": 404, "title": "Not Found", "detail": "The resource could not be found.\n\n No resource provider with uuid 7dac9b2d-30b9-416e-866f-1c31b6e8890b found for delete ", "request_id": "req-b1d512f3-49d4-4ccd-920a-2ecd04d2764e"}]}
2026-09-07 12:02:03.211 10 INFO neutron.services.segments.plugin [-] Segment 7dac9b2d-30b9-416e-866f-1c31b6e8890b resource provider not found; error: Placement Client Error (4xx): {"errors": [{"status": 404, "title": "Not Found", "detail": "The resource could not be found.\n\n No resource provider with uuid 7dac9b2d-30b9-416e-866f-1c31b6e8890b found for delete ", "request_id": "req-ac4303c2-4ca1-46dc-8434-b919b2b29c60"}]}
2026-09-07 12:02:03.372 10 INFO neutron.wsgi [None req-dd5dde32-4577-41e7-af9f-39104c6b9958 0ff887af39a54927a07834cef92f319e 34e71f6c98444fe38cdcc79f63f2b467 - - - -] 10.0.0.114 "DELETE /v2.0/networks/dbf3e439-f1fc-4ce4-805a-65eb07586f40 HTTP/1.1" status: 204 len: 168 time: 0.4762566
2026-09-07 12:02:03.574 11 INFO neutron.wsgi [None req-a8421196-5f8e-481c-8cd9-98d8ba9217d2 2a7266b0621c4d4f90f833f9e3140d12 b8533886d6da4f8d845094b6a75a077e - - default default] 10.0.0.114 "GET /v2.0/networks?router%3Aexternal=True HTTP/1.1" status: 200 len: 845 time: 0.4841924
2026-09-07 12:02:03.575 11 INFO neutron.db.ovn_revision_numbers_db [None req-44a93124-394d-4f1c-9f5d-aee1f23ae432 a620901ada1f470395d6f6f85b10df05 c2492f05992944caaa9b86b4e7dd36f9 - - default default] Successfully bumped revision number for resource e0f408a6-f7fb-4d0d-b060-4b641c4898e2 (type: ports) to 2
2026-09-07 12:02:03.636 11 INFO neutron.wsgi [None req-5e3a1efc-0d73-4b18-991f-fd7eb9d18793 2a7266b0621c4d4f90f833f9e3140d12 b8533886d6da4f8d845094b6a75a077e - - default default] 10.0.0.114 "GET /v2.0/subnets?network_id=ea6d7a53-7244-466b-9aae-a652e3279fcb HTTP/1.1" status: 200 len: 820 time: 0.0585113
2026-09-07 12:02:03.649 10 INFO neutron.wsgi [None req-1bd62ba3-49ec-4873-8a42-c5a0e42011f7 2a7266b0621c4d4f90f833f9e3140d12 b8533886d6da4f8d845094b6a75a077e - - default default] 10.0.0.114 "GET /v2.0/extensions HTTP/1.1" status: 200 len: 16520 time: 0.0079117
2026-09-07 12:02:03.670 11 INFO neutron.db.ovn_revision_numbers_db [None req-0b022f37-6116-4660-bff2-669a46331ce8 - - - - - -] Successfully bumped revision number for resource e0f408a6-f7fb-4d0d-b060-4b641c4898e2 (type: ports) to 3
2026-09-07 12:02:03.743 10 INFO neutron.wsgi [None req-edbc332c-f816-4aac-89eb-c7722132bfd4 0ff887af39a54927a07834cef92f319e 34e71f6c98444fe38cdcc79f63f2b467 - - - -] 10.0.0.114 "DELETE /v2.0/networks/4a936a03-aaed-4b61-8ec3-c52d96d3adae HTTP/1.1" status: 204 len: 168 time: 0.3614321 /var/lib/openstack/lib/python3.10/site-packages/pycadf/identifier.py:71: UserWarning: Invalid uuid: neutron. To ensure interoperability, identifiers should be a valid uuid. warnings.warn(('Invalid uuid: %s. To ensure interoperability, '
2026-09-07 12:02:03.760 10 INFO neutron.wsgi [None req-d48878d2-88d2-441d-a1ac-eedba6a791f3 2a7266b0621c4d4f90f833f9e3140d12 b8533886d6da4f8d845094b6a75a077e - - default default] 10.0.0.114 "GET /v2.0/networks HTTP/1.1" status: 200 len: 1503 time: 0.1028340
2026-09-07 12:02:03.803 10 INFO neutron.wsgi [None req-7f7f45a3-676c-47d5-9492-f51fc4be948a 2a7266b0621c4d4f90f833f9e3140d12 b8533886d6da4f8d845094b6a75a077e - - default default] 10.0.0.114 "GET /v2.0/subnets HTTP/1.1" status: 200 len: 1428 time: 0.0363424
2026-09-07 12:02:03.803 10 INFO neutron.db.ovn_revision_numbers_db [None req-e88ffd9c-231d-4b2a-a853-bb7862844a68 d403138ce1744eceb8073d7c09038044 7a132d323ce842f0afd0a5cb693f9d83 - - - -] Successfully bumped revision number for resource 8897ecd7-f250-4380-8b50-7ba2a7b94d94 (type: security_groups) to 1
2026-09-07 12:02:03.860 11 INFO neutron.db.ovn_revision_numbers_db [None req-0b022f37-6116-4660-bff2-669a46331ce8 - - - - - -] Successfully bumped revision number for resource e0f408a6-f7fb-4d0d-b060-4b641c4898e2 (type: router_ports) to 3
2026-09-07 12:02:03.879 10 INFO neutron.db.segments_db [None req-e88ffd9c-231d-4b2a-a853-bb7862844a68 d403138ce1744eceb8073d7c09038044 7a132d323ce842f0afd0a5cb693f9d83 - - - -] Added segment 3862890a-0b23-4753-8c6d-6a565b051906 of type geneve for network 332b9c2f-f747-4604-9b30-0197f9ec5369
2026-09-07 12:02:03.901 10 INFO neutron.wsgi [None req-c0827099-8a84-49be-a892-4e91a15c463a 2a7266b0621c4d4f90f833f9e3140d12 b8533886d6da4f8d845094b6a75a077e - - default default] 10.0.0.114 "GET /v2.0/networks/d0ceae49-2e5f-44b9-8cfb-a347e73183e4 HTTP/1.1" status: 200 len: 862 time: 0.0898471
2026-09-07 12:02:03.958 10 INFO neutron.wsgi [None req-4a80193a-e6c9-403b-9da4-4500cc5038bc 2a7266b0621c4d4f90f833f9e3140d12 b8533886d6da4f8d845094b6a75a077e - - default default] 10.0.0.114 "GET /v2.0/subnets/95171264-5342-49da-a942-b89ce547619b HTTP/1.1" status: 200 len: 811 time: 0.0484245
2026-09-07 12:02:04.019 10 INFO neutron.db.ovn_revision_numbers_db [None req-e88ffd9c-231d-4b2a-a853-bb7862844a68 d403138ce1744eceb8073d7c09038044 7a132d323ce842f0afd0a5cb693f9d83 - - - -] Successfully bumped revision number for resource 332b9c2f-f747-4604-9b30-0197f9ec5369 (type: networks) to 1
2026-09-07 12:02:04.030 11 INFO neutron.pecan_wsgi.hooks.translation [None req-99b6cacd-2ef5-4180-ad4a-28777beaf8af 2a7266b0621c4d4f90f833f9e3140d12 b8533886d6da4f8d845094b6a75a077e - - - -] DELETE failed (client error): The resource could not be found.
2026-09-07 12:02:04.032 11 INFO neutron.wsgi [None req-99b6cacd-2ef5-4180-ad4a-28777beaf8af 2a7266b0621c4d4f90f833f9e3140d12 b8533886d6da4f8d845094b6a75a077e - - - -] 10.0.0.114 "DELETE /v2.0/subnets/9180c091-622b-4e0e-acbf-0dfb50a97042 HTTP/1.1" status: 404 len: 337 time: 0.0487151
2026-09-07 12:02:04.064 11 INFO neutron.pecan_wsgi.hooks.translation [None req-1977b961-3100-49a1-94ee-4f61ca5770a8 2a7266b0621c4d4f90f833f9e3140d12 b8533886d6da4f8d845094b6a75a077e - - - -] DELETE failed (client error): The resource could not be found.
2026-09-07 12:02:04.066 11 INFO neutron.wsgi [None req-1977b961-3100-49a1-94ee-4f61ca5770a8 2a7266b0621c4d4f90f833f9e3140d12 b8533886d6da4f8d845094b6a75a077e - - - -] 10.0.0.114 "DELETE /v2.0/networks/c7b72eda-0b3e-4890-9fae-2c0b5662cfc8 HTTP/1.1" status: 404 len: 339 time: 0.0284910
2026-09-07 12:02:04.172 10 WARNING neutron.scheduler.dhcp_agent_scheduler [None req-e88ffd9c-231d-4b2a-a853-bb7862844a68 d403138ce1744eceb8073d7c09038044 7a132d323ce842f0afd0a5cb693f9d83 - - - -] No more DHCP agents
2026-09-07 12:02:04.175 10 WARNING neutron.api.rpc.agentnotifiers.dhcp_rpc_agent_api [None req-e88ffd9c-231d-4b2a-a853-bb7862844a68 d403138ce1744eceb8073d7c09038044 7a132d323ce842f0afd0a5cb693f9d83 - - - -] Unable to schedule network 332b9c2f-f747-4604-9b30-0197f9ec5369: no agents available; will retry on subsequent port and subnet creation events.
2026-09-07 12:02:04.241 10 INFO neutron.db.ovn_revision_numbers_db [None req-e88ffd9c-231d-4b2a-a853-bb7862844a68 d403138ce1744eceb8073d7c09038044 7a132d323ce842f0afd0a5cb693f9d83 - - - -] Successfully bumped revision number for resource 12bc62f7-7902-4a47-b590-a657ae913bd3 (type: ports) to 1
2026-09-07 12:02:04.265 10 INFO neutron.wsgi [None req-e88ffd9c-231d-4b2a-a853-bb7862844a68 d403138ce1744eceb8073d7c09038044 7a132d323ce842f0afd0a5cb693f9d83 - - - -] 10.0.0.114 "POST /v2.0/networks HTTP/1.1" status: 201 len: 945 time: 0.8774223
2026-09-07 12:02:04.391 11 INFO neutron.wsgi [None req-6f39f4bc-3852-4e85-be52-94bf49fe7af8 2a7266b0621c4d4f90f833f9e3140d12 b8533886d6da4f8d845094b6a75a077e - - - -] 10.0.0.114 "DELETE /v2.0/subnets/95171264-5342-49da-a942-b89ce547619b HTTP/1.1" status: 204 len: 168 time: 0.3200343 /var/lib/openstack/lib/python3.10/site-packages/pycadf/identifier.py:71: UserWarning: Invalid uuid: neutron. To ensure interoperability, identifiers should be a valid uuid. warnings.warn(('Invalid uuid: %s. To ensure interoperability, '
2026-09-07 12:02:04.453 10 WARNING neutron.scheduler.dhcp_agent_scheduler [None req-c367bf61-98e4-4be6-b0a7-aadf3c484f75 d403138ce1744eceb8073d7c09038044 7a132d323ce842f0afd0a5cb693f9d83 - - - -] No more DHCP agents
2026-09-07 12:02:04.454 11 INFO neutron.services.segments.plugin [-] Segment c4c64a83-7bae-4f55-be48-01dee8055382 resource provider aggregate not found
2026-09-07 12:02:04.459 10 WARNING neutron.api.rpc.agentnotifiers.dhcp_rpc_agent_api [None req-c367bf61-98e4-4be6-b0a7-aadf3c484f75 d403138ce1744eceb8073d7c09038044 7a132d323ce842f0afd0a5cb693f9d83 - - - -] Unable to schedule network 332b9c2f-f747-4604-9b30-0197f9ec5369: no agents available; will retry on subsequent port and subnet creation events.
2026-09-07 12:02:04.460 11 INFO neutron.services.segments.plugin [-] Segment c4c64a83-7bae-4f55-be48-01dee8055382 resource provider aggregate not found
2026-09-07 12:02:04.481 11 INFO neutron.services.segments.plugin [-] Segment c4c64a83-7bae-4f55-be48-01dee8055382 resource provider not found; error: Placement Client Error (4xx): {"errors": [{"status": 404, "title": "Not Found", "detail": "The resource could not be found.\n\n No resource provider with uuid c4c64a83-7bae-4f55-be48-01dee8055382 found for delete ", "request_id": "req-1d28766f-d5f1-4003-9413-711bc9781cb8"}]}
2026-09-07 12:02:04.524 11 INFO neutron.wsgi [None req-c9b9ddc0-7e80-4b0c-9b46-24a1ab4a29a9 0ff887af39a54927a07834cef92f319e 34e71f6c98444fe38cdcc79f63f2b467 - - - -] 10.0.0.114 "DELETE /v2.0/networks/d4d92d16-eb6f-49fa-a11a-81bf8f90f6f2 HTTP/1.1" status: 204 len: 168 time: 0.7702408
2026-09-07 12:02:04.588 11 INFO neutron.services.segments.plugin [-] Segment c4c64a83-7bae-4f55-be48-01dee8055382 resource provider not found; error: Placement Client Error (4xx): {"errors": [{"status": 404, "title": "Not Found", "detail": "The resource could not be found.\n\n No resource provider with uuid c4c64a83-7bae-4f55-be48-01dee8055382 found for delete ", "request_id": "req-5bf6c74a-b08e-42d7-a2f3-f7e72790e3c5"}]}
2026-09-07 12:02:04.634 11 INFO neutron.db.ovn_revision_numbers_db [None req-44a93124-394d-4f1c-9f5d-aee1f23ae432 a620901ada1f470395d6f6f85b10df05 c2492f05992944caaa9b86b4e7dd36f9 - - default default] Successfully bumped revision number for resource e0f408a6-f7fb-4d0d-b060-4b641c4898e2 (type: ports) to 4
2026-09-07 12:02:04.756 11 WARNING neutron.scheduler.dhcp_agent_scheduler [None req-44a93124-394d-4f1c-9f5d-aee1f23ae432 a620901ada1f470395d6f6f85b10df05 c2492f05992944caaa9b86b4e7dd36f9 - - default default] No more DHCP agents
2026-09-07 12:02:04.758 11 WARNING neutron.api.rpc.agentnotifiers.dhcp_rpc_agent_api [None req-44a93124-394d-4f1c-9f5d-aee1f23ae432 a620901ada1f470395d6f6f85b10df05 c2492f05992944caaa9b86b4e7dd36f9 - - default default] Unable to schedule network 40fabc60-a24e-486a-afe4-d0ae01a1fd5e: no agents available; will retry on subsequent port and subnet creation events.
2026-09-07 12:02:04.829 10 INFO neutron.db.ovn_revision_numbers_db [None req-c367bf61-98e4-4be6-b0a7-aadf3c484f75 d403138ce1744eceb8073d7c09038044 7a132d323ce842f0afd0a5cb693f9d83 - - - -] Successfully bumped revision number for resource 12bc62f7-7902-4a47-b590-a657ae913bd3 (type: ports) to 2
2026-09-07 12:02:04.841 10 INFO neutron.db.ovn_revision_numbers_db [None req-c367bf61-98e4-4be6-b0a7-aadf3c484f75 d403138ce1744eceb8073d7c09038044 7a132d323ce842f0afd0a5cb693f9d83 - - - -] Successfully bumped revision number for resource 8d60e4ca-fe20-4b37-9a01-971f70abc65e (type: subnets) to 0
2026-09-07 12:02:04.854 10 INFO neutron.wsgi [None req-c367bf61-98e4-4be6-b0a7-aadf3c484f75 d403138ce1744eceb8073d7c09038044 7a132d323ce842f0afd0a5cb693f9d83 - - - -] 10.0.0.114 "POST /v2.0/subnets HTTP/1.1" status: 201 len: 866 time: 0.5829608
2026-09-07 12:02:05.229 10 INFO neutron.services.segments.plugin [-] Segment 4a58bb5d-8f12-485d-899e-c6d7a57a46a6 resource provider aggregate not found
2026-09-07 12:02:05.235 10 INFO neutron.services.segments.plugin [-] Segment 4a58bb5d-8f12-485d-899e-c6d7a57a46a6 resource provider aggregate not found
2026-09-07 12:02:05.245 10 WARNING neutron.scheduler.dhcp_agent_scheduler [None req-617f1ed9-c748-478d-a7fa-05c4fcaed763 d403138ce1744eceb8073d7c09038044 7a132d323ce842f0afd0a5cb693f9d83 - - - -] No more DHCP agents
2026-09-07 12:02:05.247 10 WARNING neutron.api.rpc.agentnotifiers.dhcp_rpc_agent_api [None req-617f1ed9-c748-478d-a7fa-05c4fcaed763 d403138ce1744eceb8073d7c09038044 7a132d323ce842f0afd0a5cb693f9d83 - - - -] Unable to schedule network ea6d7a53-7244-466b-9aae-a652e3279fcb: no agents available; will retry on subsequent port and subnet creation events.
2026-09-07 12:02:05.260 10 INFO neutron.services.segments.plugin [-] Segment 4a58bb5d-8f12-485d-899e-c6d7a57a46a6 resource provider not found; error: Placement Client Error (4xx): {"errors": [{"status": 404, "title": "Not Found", "detail": "The resource could not be found.\n\n No resource provider with uuid 4a58bb5d-8f12-485d-899e-c6d7a57a46a6 found for delete ", "request_id": "req-8342c10d-7564-4995-aaef-6b542186b8a1"}]}
2026-09-07 12:02:05.264 10 INFO neutron.services.segments.plugin [-] Segment 4a58bb5d-8f12-485d-899e-c6d7a57a46a6 resource provider not found; error: Placement Client Error (4xx): {"errors": [{"status": 404, "title": "Not Found", "detail": "The resource could not be found.\n\n No resource provider with uuid 4a58bb5d-8f12-485d-899e-c6d7a57a46a6 found for delete ", "request_id": "req-07dd8706-4303-44ab-a2d4-5141f2dd47c7"}]}
2026-09-07 12:02:05.277 11 INFO neutron.db.ovn_revision_numbers_db [None req-44a93124-394d-4f1c-9f5d-aee1f23ae432 a620901ada1f470395d6f6f85b10df05 c2492f05992944caaa9b86b4e7dd36f9 - - - -] Successfully bumped revision number for resource e0f408a6-f7fb-4d0d-b060-4b641c4898e2 (type: router_ports) to 4
2026-09-07 12:02:05.279 11 INFO neutron.wsgi [None req-44a93124-394d-4f1c-9f5d-aee1f23ae432 a620901ada1f470395d6f6f85b10df05 c2492f05992944caaa9b86b4e7dd36f9 - - - -] 10.0.0.114 "PUT /v2.0/routers/ec6ce69f-5e93-44a4-9e21-daa0e0e46361/add_router_interface HTTP/1.1" status: 200 len: 503 time: 2.7444825
2026-09-07 12:02:05.285 10 INFO neutron.services.segments.plugin [-] Segment e4eea911-53f5-4264-8316-a416b519eac5 resource provider aggregate not found
2026-09-07 12:02:05.294 10 INFO neutron.services.segments.plugin [-] Segment e4eea911-53f5-4264-8316-a416b519eac5 resource provider aggregate not found
2026-09-07 12:02:05.325 10 INFO neutron.services.segments.plugin [-] Segment e4eea911-53f5-4264-8316-a416b519eac5 resource provider not found; error: Placement Client Error (4xx): {"errors": [{"status": 404, "title": "Not Found", "detail": "The resource could not be found.\n\n No resource provider with uuid e4eea911-53f5-4264-8316-a416b519eac5 found for delete ", "request_id": "req-9f6a6618-5c5b-4fd3-9903-456cc80a7b62"}]}
2026-09-07 12:02:05.332 10 INFO neutron.services.segments.plugin [-] Segment e4eea911-53f5-4264-8316-a416b519eac5 resource provider not found; error: Placement Client Error (4xx): {"errors": [{"status": 404, "title": "Not Found", "detail": "The resource could not be found.\n\n No resource provider with uuid e4eea911-53f5-4264-8316-a416b519eac5 found for delete ", "request_id": "req-9f1267c0-7ede-4938-954e-61eb5e5a5056"}]}
2026-09-07 12:02:05.336 11 INFO neutron.wsgi [None req-ffd67952-b795-44d6-8a55-7be283e8a545 2a7266b0621c4d4f90f833f9e3140d12 b8533886d6da4f8d845094b6a75a077e - - - -] 10.0.0.114 "DELETE /v2.0/networks/d0ceae49-2e5f-44b9-8cfb-a347e73183e4 HTTP/1.1" status: 204 len: 168 time: 0.9408433
2026-09-07 12:02:05.355 11 INFO neutron.wsgi [None req-cb76fab0-7cc4-4bb1-adea-f1966edf952f a620901ada1f470395d6f6f85b10df05 c2492f05992944caaa9b86b4e7dd36f9 - - default default] 10.0.0.114 "GET /v2.0/ports/e0f408a6-f7fb-4d0d-b060-4b641c4898e2 HTTP/1.1" status: 200 len: 1209 time: 0.0680628
2026-09-07 12:02:05.402 11 INFO neutron.wsgi [None req-b688532f-cc3e-4abb-bc35-9a43ec625591 0ff887af39a54927a07834cef92f319e 34e71f6c98444fe38cdcc79f63f2b467 - - - -] 10.0.0.114 "DELETE /v2.0/networks/b829f704-b172-44d4-aff6-21c638f6f9d0 HTTP/1.1" status: 204 len: 168 time: 0.8671200
2026-09-07 12:02:05.446 10 INFO neutron.db.ovn_revision_numbers_db [None req-617f1ed9-c748-478d-a7fa-05c4fcaed763 d403138ce1744eceb8073d7c09038044 7a132d323ce842f0afd0a5cb693f9d83 - - - -] Successfully bumped revision number for resource dde6c6f3-f00f-4cdc-a6d7-58a6cb7dc293 (type: ports) to 1
2026-09-07 12:02:05.992 11 INFO neutron.wsgi [None req-c182e81e-fa91-4bf9-8b0f-6557277f1342 d403138ce1744eceb8073d7c09038044 7a132d323ce842f0afd0a5cb693f9d83 - - default default] 10.0.0.114 "GET /v2.0/security-groups?tenant_id=b8533886d6da4f8d845094b6a75a077e&name=default HTTP/1.1" status: 200 len: 2996 time: 0.1698639 /var/lib/openstack/lib/python3.10/site-packages/pycadf/identifier.py:71: UserWarning: Invalid uuid: neutron. To ensure interoperability, identifiers should be a valid uuid. warnings.warn(('Invalid uuid: %s. To ensure interoperability, '
2026-09-07 12:02:06.082 10 INFO neutron.wsgi [None req-252531e6-2910-42e6-a48c-53532bf801e8 d403138ce1744eceb8073d7c09038044 7a132d323ce842f0afd0a5cb693f9d83 - - default default] 10.0.0.114 "GET /v2.0/security-groups?tenant_id=34e71f6c98444fe38cdcc79f63f2b467&name=default HTTP/1.1" status: 200 len: 2996 time: 0.1229687
2026-09-07 12:02:06.236 11 INFO neutron.wsgi [None req-a78c5fa3-710f-4fee-af02-4840c60f60a5 d403138ce1744eceb8073d7c09038044 7a132d323ce842f0afd0a5cb693f9d83 - - - -] 10.0.0.114 "DELETE /v2.0/security-groups/b47ff0d8-70f4-4f25-8ca0-55414ff758b4 HTTP/1.1" status: 204 len: 168 time: 0.2400992
2026-09-07 12:02:06.291 11 INFO neutron.wsgi [None req-dfc5b8cd-60d5-4b74-b5ac-73c6ed7d508f d403138ce1744eceb8073d7c09038044 7a132d323ce842f0afd0a5cb693f9d83 - - - -] 10.0.0.114 "DELETE /v2.0/security-groups/4f0cb151-d53d-448f-8aa4-6587dd9fe254 HTTP/1.1" status: 204 len: 168 time: 0.2013392
2026-09-07 12:02:06.471 10 INFO neutron.plugins.ml2.drivers.ovn.mech_driver.ovsdb.ovsdb_monitor [None req-e399731f-417b-4b1c-8c6d-31ae85895354 - - - - - -] Router e50d4edd-0362-45b5-bd89-096551aea9ab is bound to host instance
2026-09-07 12:02:06.474 10 INFO neutron.plugins.ml2.drivers.ovn.mech_driver.mech_driver [None req-313176cf-d53f-4311-8fb9-daf873312325 - - - - - -] OVN reports status up for port: dde6c6f3-f00f-4cdc-a6d7-58a6cb7dc293
2026-09-07 12:02:06.502 11 INFO neutron.services.segments.plugin [-] Segment f8ec74e9-2ab4-45b6-b93f-6e7a71d21b3e resource provider aggregate not found
2026-09-07 12:02:06.503 10 INFO neutron.wsgi [None req-790fff5c-f0db-4882-a975-9b734d692142 a620901ada1f470395d6f6f85b10df05 c2492f05992944caaa9b86b4e7dd36f9 - - - -] 10.0.0.114 "PUT /v2.0/routers/ec6ce69f-5e93-44a4-9e21-daa0e0e46361/remove_router_interface HTTP/1.1" status: 200 len: 503 time: 1.1368742
2026-09-07 12:02:06.505 10 INFO neutron.plugins.ml2.plugin [None req-313176cf-d53f-4311-8fb9-daf873312325 - - - - - -] Attempt 1 to provision port dde6c6f3-f00f-4cdc-a6d7-58a6cb7dc293
2026-09-07 12:02:06.521 10 INFO neutron.db.ovn_revision_numbers_db [None req-617f1ed9-c748-478d-a7fa-05c4fcaed763 d403138ce1744eceb8073d7c09038044 7a132d323ce842f0afd0a5cb693f9d83 - - - -] Successfully bumped revision number for resource dde6c6f3-f00f-4cdc-a6d7-58a6cb7dc293 (type: router_ports) to 1
2026-09-07 12:02:06.544 11 INFO neutron.services.segments.plugin [-] Segment f8ec74e9-2ab4-45b6-b93f-6e7a71d21b3e resource provider not found; error: Placement Client Error (4xx): {"errors": [{"status": 404, "title": "Not Found", "detail": "The resource could not be found.\n\n No resource provider with uuid f8ec74e9-2ab4-45b6-b93f-6e7a71d21b3e found for delete ", "request_id": "req-9e465e32-e659-4657-aeb2-60417cb10e40"}]}
2026-09-07 12:02:06.568 11 INFO neutron.services.segments.plugin [-] Segment b4941199-d532-4a78-916c-e6a0d441c117 resource provider aggregate not found
2026-09-07 12:02:06.612 11 INFO neutron.services.segments.plugin [-] Segment b4941199-d532-4a78-916c-e6a0d441c117 resource provider not found; error: Placement Client Error (4xx): {"errors": [{"status": 404, "title": "Not Found", "detail": "The resource could not be found.\n\n No resource provider with uuid b4941199-d532-4a78-916c-e6a0d441c117 found for delete ", "request_id": "req-c7ba5539-f40a-4103-be5b-8be8b07594b6"}]}
2026-09-07 12:02:06.613 11 INFO neutron.api.v2.resource [None req-41ceb101-fe69-4710-8c04-af4b173bf7f4 a620901ada1f470395d6f6f85b10df05 c2492f05992944caaa9b86b4e7dd36f9 - - default default] remove_router_interface failed (client error): The resource could not be found.
2026-09-07 12:02:06.615 11 INFO neutron.wsgi [None req-41ceb101-fe69-4710-8c04-af4b173bf7f4 a620901ada1f470395d6f6f85b10df05 c2492f05992944caaa9b86b4e7dd36f9 - - default default] 10.0.0.114 "PUT /v2.0/routers/ec6ce69f-5e93-44a4-9e21-daa0e0e46361/remove_router_interface HTTP/1.1" status: 404 len: 398 time: 0.0998914
2026-09-07 12:02:06.629 11 INFO neutron.services.segments.plugin [-] Segment f8ec74e9-2ab4-45b6-b93f-6e7a71d21b3e resource provider aggregate not found
2026-09-07 12:02:06.651 11 INFO neutron.wsgi [None req-25e5d4ac-80ac-4e46-94ba-51f2f4257f06 a620901ada1f470395d6f6f85b10df05 c2492f05992944caaa9b86b4e7dd36f9 - - default default] 10.0.0.114 "GET /v2.0/ports?device_id=ec6ce69f-5e93-44a4-9e21-daa0e0e46361 HTTP/1.1" status: 200 len: 205 time: 0.0327778
2026-09-07 12:02:06.654 11 INFO neutron.services.segments.plugin [-] Segment f8ec74e9-2ab4-45b6-b93f-6e7a71d21b3e resource provider not found; error: Placement Client Error (4xx): {"errors": [{"status": 404, "title": "Not Found", "detail": "The resource could not be found.\n\n No resource provider with uuid f8ec74e9-2ab4-45b6-b93f-6e7a71d21b3e found for delete ", "request_id": "req-91ef5a5f-91fb-47b4-b680-b432e1aabdfa"}]} /var/lib/openstack/lib/python3.10/site-packages/pycadf/identifier.py:71: UserWarning: Invalid uuid: neutron. To ensure interoperability, identifiers should be a valid uuid. warnings.warn(('Invalid uuid: %s. To ensure interoperability, '
2026-09-07 12:02:06.666 10 INFO neutron.db.ovn_revision_numbers_db [None req-617f1ed9-c748-478d-a7fa-05c4fcaed763 d403138ce1744eceb8073d7c09038044 7a132d323ce842f0afd0a5cb693f9d83 - - - -] Successfully bumped revision number for resource e50d4edd-0362-45b5-bd89-096551aea9ab (type: routers) to 3
2026-09-07 12:02:06.673 11 INFO neutron.services.segments.plugin [-] Segment b4941199-d532-4a78-916c-e6a0d441c117 resource provider aggregate not found
2026-09-07 12:02:06.689 11 INFO neutron.services.segments.plugin [-] Segment b4941199-d532-4a78-916c-e6a0d441c117 resource provider not found; error: Placement Client Error (4xx): {"errors": [{"status": 404, "title": "Not Found", "detail": "The resource could not be found.\n\n No resource provider with uuid b4941199-d532-4a78-916c-e6a0d441c117 found for delete ", "request_id": "req-e0f78503-9919-4933-bf2e-172596690837"}]}
2026-09-07 12:02:06.697 10 INFO neutron.wsgi [None req-617f1ed9-c748-478d-a7fa-05c4fcaed763 d403138ce1744eceb8073d7c09038044 7a132d323ce842f0afd0a5cb693f9d83 - - - -] 10.0.0.114 "POST /v2.0/routers HTTP/1.1" status: 201 len: 877 time: 1.8388145
2026-09-07 12:02:07.101 11 WARNING neutron.scheduler.dhcp_agent_scheduler [None req-64352757-fa5a-4b31-af0f-e39383179b0e d403138ce1744eceb8073d7c09038044 7a132d323ce842f0afd0a5cb693f9d83 - - default default] No more DHCP agents
2026-09-07 12:02:07.104 11 WARNING neutron.api.rpc.agentnotifiers.dhcp_rpc_agent_api [None req-64352757-fa5a-4b31-af0f-e39383179b0e d403138ce1744eceb8073d7c09038044 7a132d323ce842f0afd0a5cb693f9d83 - - default default] Unable to schedule network 332b9c2f-f747-4604-9b30-0197f9ec5369: no agents available; will retry on subsequent port and subnet creation events.
2026-09-07 12:02:07.208 10 INFO neutron.wsgi [None req-8d1c8c58-f5e0-448c-887d-4709eec8c572 a620901ada1f470395d6f6f85b10df05 c2492f05992944caaa9b86b4e7dd36f9 - - - -] 10.0.0.114 "DELETE /v2.0/routers/ec6ce69f-5e93-44a4-9e21-daa0e0e46361 HTTP/1.1" status: 204 len: 168 time: 0.5511186
2026-09-07 12:02:07.269 11 INFO neutron.db.ovn_revision_numbers_db [None req-64352757-fa5a-4b31-af0f-e39383179b0e d403138ce1744eceb8073d7c09038044 7a132d323ce842f0afd0a5cb693f9d83 - - default default] Successfully bumped revision number for resource 88bd1334-ccfe-40c3-b436-29b58a5e1c54 (type: ports) to 1
2026-09-07 12:02:07.356 10 INFO neutron.wsgi [None req-92d9fe84-ae2f-4008-ab39-109625a32ef3 d403138ce1744eceb8073d7c09038044 7a132d323ce842f0afd0a5cb693f9d83 - - default default] 10.0.0.142 "GET /v2.0/network-ip-availabilities HTTP/1.1" status: 200 len: 2170 time: 0.1555231
2026-09-07 12:02:07.496 10 INFO neutron.wsgi [None req-bfe30a91-990a-4814-b665-93acd1a3f5ca d403138ce1744eceb8073d7c09038044 7a132d323ce842f0afd0a5cb693f9d83 - - default default] 10.0.0.142 "GET /v2.0/networks HTTP/1.1" status: 200 len: 3852 time: 0.1364837
2026-09-07 12:02:07.556 10 INFO neutron.wsgi [None req-5869d06b-2190-4aae-a31c-3a1d7f56202c d403138ce1744eceb8073d7c09038044 7a132d323ce842f0afd0a5cb693f9d83 - - default default] 10.0.0.142 "GET /v2.0/subnets HTTP/1.1" status: 200 len: 2704 time: 0.0489507
2026-09-07 12:02:07.629 10 INFO neutron.wsgi [None req-da4d5f1c-9303-482f-be54-534de39ba272 a620901ada1f470395d6f6f85b10df05 c2492f05992944caaa9b86b4e7dd36f9 - - - -] 10.0.0.114 "DELETE /v2.0/subnets/0d49ddd7-0a7b-46fd-8ee1-6516928cf474 HTTP/1.1" status: 204 len: 168 time: 0.4096949
2026-09-07 12:02:07.696 10 INFO neutron.wsgi [None req-f54aca12-4dbe-4346-9173-5b4cf9b9a41b d403138ce1744eceb8073d7c09038044 7a132d323ce842f0afd0a5cb693f9d83 - - default default] 10.0.0.142 "GET /v2.0/security-groups HTTP/1.1" status: 200 len: 22359 time: 0.1371098
2026-09-07 12:02:07.708 11 INFO neutron.db.ovn_revision_numbers_db [None req-64352757-fa5a-4b31-af0f-e39383179b0e d403138ce1744eceb8073d7c09038044 7a132d323ce842f0afd0a5cb693f9d83 - - default default] Successfully bumped revision number for resource 88bd1334-ccfe-40c3-b436-29b58a5e1c54 (type: router_ports) to 2
2026-09-07 12:02:07.740 10 INFO neutron.db.ovn_revision_numbers_db [None req-e399731f-417b-4b1c-8c6d-31ae85895354 - - - - - -] Successfully bumped revision number for resource dde6c6f3-f00f-4cdc-a6d7-58a6cb7dc293 (type: ports) to 1
2026-09-07 12:02:07.765 10 INFO neutron.wsgi [None req-c46e46e6-72b8-4d9a-ac88-0cce615a6533 d403138ce1744eceb8073d7c09038044 7a132d323ce842f0afd0a5cb693f9d83 - - default default] 10.0.0.142 "GET /v2.0/subnets HTTP/1.1" status: 200 len: 2094 time: 0.0536590
2026-09-07 12:02:07.787 10 INFO neutron.wsgi [None req-6a0dfba7-2917-4c5d-9dac-f403e704e1f5 d403138ce1744eceb8073d7c09038044 7a132d323ce842f0afd0a5cb693f9d83 - - default default] 10.0.0.142 "GET /v2.0/subnetpools HTTP/1.1" status: 200 len: 193 time: 0.0200739
2026-09-07 12:02:07.817 10 INFO neutron.wsgi [None req-7e5687dd-ea7c-4d7c-ac48-6f68acc393c3 d403138ce1744eceb8073d7c09038044 7a132d323ce842f0afd0a5cb693f9d83 - - default default] 10.0.0.142 "GET /v2.0/floatingips HTTP/1.1" status: 200 len: 193 time: 0.0254192
2026-09-07 12:02:07.838 11 INFO neutron.db.ovn_revision_numbers_db [None req-64352757-fa5a-4b31-af0f-e39383179b0e d403138ce1744eceb8073d7c09038044 7a132d323ce842f0afd0a5cb693f9d83 - - default default] Successfully bumped revision number for resource 88bd1334-ccfe-40c3-b436-29b58a5e1c54 (type: ports) to 2
2026-09-07 12:02:07.868 10 INFO neutron.wsgi [None req-d86e39e1-2e48-4a1c-866c-a60cd2ce41bb d403138ce1744eceb8073d7c09038044 7a132d323ce842f0afd0a5cb693f9d83 - - default default] 10.0.0.142 "GET /v2.0/ports HTTP/1.1" status: 200 len: 9238 time: 0.0507462
2026-09-07 12:02:07.891 11 WARNING neutron.scheduler.dhcp_agent_scheduler [None req-64352757-fa5a-4b31-af0f-e39383179b0e d403138ce1744eceb8073d7c09038044 7a132d323ce842f0afd0a5cb693f9d83 - - default default] No more DHCP agents
2026-09-07 12:02:07.892 11 WARNING neutron.api.rpc.agentnotifiers.dhcp_rpc_agent_api [None req-64352757-fa5a-4b31-af0f-e39383179b0e d403138ce1744eceb8073d7c09038044 7a132d323ce842f0afd0a5cb693f9d83 - - default default] Unable to schedule network 332b9c2f-f747-4604-9b30-0197f9ec5369: no agents available; will retry on subsequent port and subnet creation events.
2026-09-07 12:02:08.014 10 INFO neutron.wsgi [None req-af488bae-c613-4cec-809d-70a9203b4e4f d403138ce1744eceb8073d7c09038044 7a132d323ce842f0afd0a5cb693f9d83 - - default default] 10.0.0.142 "GET /v2.0/routers HTTP/1.1" status: 200 len: 862 time: 0.1403642
2026-09-07 12:02:08.045 10 INFO neutron.wsgi [None req-df7f0770-7659-43cd-a59c-b3631c7bd2d3 d403138ce1744eceb8073d7c09038044 7a132d323ce842f0afd0a5cb693f9d83 - - default default] 10.0.0.142 "GET /v2.0/agents?binary=ovn-controller HTTP/1.1" status: 200 len: 591 time: 0.0285406
2026-09-07 12:02:08.071 10 INFO neutron.wsgi [None req-19b14dcf-cb02-4e27-9292-1ba9248ddc89 d403138ce1744eceb8073d7c09038044 7a132d323ce842f0afd0a5cb693f9d83 - - default default] 10.0.0.142 "GET /v2.0/agents HTTP/1.1" status: 200 len: 997 time: 0.0227532
2026-09-07 12:02:08.255 10 INFO neutron.db.ovn_revision_numbers_db [None req-e399731f-417b-4b1c-8c6d-31ae85895354 - - - - - -] Successfully bumped revision number for resource dde6c6f3-f00f-4cdc-a6d7-58a6cb7dc293 (type: router_ports) to 3
2026-09-07 12:02:08.258 10 INFO neutron.services.segments.plugin [-] Segment 3ee591d5-7dfc-4462-9a73-cbfd09456713 resource provider aggregate not found
2026-09-07 12:02:08.270 10 INFO neutron.services.segments.plugin [-] Segment 3ee591d5-7dfc-4462-9a73-cbfd09456713 resource provider aggregate not found
2026-09-07 12:02:08.287 10 INFO neutron.services.segments.plugin [-] Segment 3ee591d5-7dfc-4462-9a73-cbfd09456713 resource provider not found; error: Placement Client Error (4xx): {"errors": [{"status": 404, "title": "Not Found", "detail": "The resource could not be found.\n\n No resource provider with uuid 3ee591d5-7dfc-4462-9a73-cbfd09456713 found for delete ", "request_id": "req-76377b03-d24b-4605-b72d-419f2fd1f484"}]}
2026-09-07 12:02:08.301 10 INFO neutron.services.segments.plugin [-] Segment 3ee591d5-7dfc-4462-9a73-cbfd09456713 resource provider not found; error: Placement Client Error (4xx): {"errors": [{"status": 404, "title": "Not Found", "detail": "The resource could not be found.\n\n No resource provider with uuid 3ee591d5-7dfc-4462-9a73-cbfd09456713 found for delete ", "request_id": "req-12a43a95-47ef-460d-9406-df72912a61d0"}]}
2026-09-07 12:02:08.317 11 INFO neutron.db.ovn_revision_numbers_db [None req-64352757-fa5a-4b31-af0f-e39383179b0e d403138ce1744eceb8073d7c09038044 7a132d323ce842f0afd0a5cb693f9d83 - - - -] Successfully bumped revision number for resource 88bd1334-ccfe-40c3-b436-29b58a5e1c54 (type: router_ports) to 2
2026-09-07 12:02:08.322 11 INFO neutron.wsgi [None req-64352757-fa5a-4b31-af0f-e39383179b0e d403138ce1744eceb8073d7c09038044 7a132d323ce842f0afd0a5cb693f9d83 - - - -] 10.0.0.114 "PUT /v2.0/routers/e50d4edd-0362-45b5-bd89-096551aea9ab/add_router_interface HTTP/1.1" status: 200 len: 503 time: 1.6191552
2026-09-07 12:02:08.371 10 INFO neutron.wsgi [None req-dc9de44c-a8c8-4824-b60a-2cdf7831b155 a620901ada1f470395d6f6f85b10df05 c2492f05992944caaa9b86b4e7dd36f9 - - - -] 10.0.0.114 "DELETE /v2.0/networks/40fabc60-a24e-486a-afe4-d0ae01a1fd5e HTTP/1.1" status: 204 len: 168 time: 0.7338455
2026-09-07 12:02:08.426 11 INFO neutron.wsgi [None req-45579628-b848-408c-93ea-ec3d76eebea3 3a30554659e041df9f972f150103f815 c7a0f57fbaf949ef859e659bf56777ad - - - -] 10.0.0.114 "POST /v2.0/subnetpools HTTP/1.1" status: 201 len: 748 time: 0.1459622
2026-09-07 12:02:08.456 11 INFO neutron.wsgi [None req-58da65ef-53c7-43ea-b2a8-fb3f125a89ad 3a30554659e041df9f972f150103f815 c7a0f57fbaf949ef859e659bf56777ad - - default default] 10.0.0.114 "GET /v2.0/subnetpools/ac3026c6-962b-453a-aa00-be40eea17bc4 HTTP/1.1" status: 200 len: 743 time: 0.0228534
2026-09-07 12:02:08.459 10 INFO neutron.db.ovn_revision_numbers_db [None req-e399731f-417b-4b1c-8c6d-31ae85895354 - - - - - -] Successfully bumped revision number for resource dde6c6f3-f00f-4cdc-a6d7-58a6cb7dc293 (type: ports) to 2
2026-09-07 12:02:08.470 10 INFO neutron.db.ovn_revision_numbers_db [None req-6b66809c-5ba9-48d0-8745-00d451432318 850374f300094e7b9515b30bd73c8d80 fc640598e3714985b9d3a409cb3c90f2 - - - -] Successfully bumped revision number for resource 7031a4bf-4bb1-4710-bae1-2d61af4748ec (type: security_groups) to 1
2026-09-07 12:02:08.476 11 INFO neutron.db.segments_db [None req-3724eaa1-0048-4292-87bd-d1149a689e08 a620901ada1f470395d6f6f85b10df05 c2492f05992944caaa9b86b4e7dd36f9 - - - -] Added segment d53cc6b1-62ea-45f7-8d4a-421271fd424e of type geneve for network e1f91401-e797-4ad1-a995-f837c4691e92
2026-09-07 12:02:08.540 10 INFO neutron.db.segments_db [None req-6b66809c-5ba9-48d0-8745-00d451432318 850374f300094e7b9515b30bd73c8d80 fc640598e3714985b9d3a409cb3c90f2 - - - -] Added segment 70560d22-9f5c-4d64-a295-65283178c772 of type geneve for network fb6c3ab2-cbad-48f9-8a4f-a85c229bddb5
2026-09-07 12:02:08.546 11 INFO neutron.wsgi [None req-79f53fdd-4db9-44c5-bdd8-d05547d56df4 3a30554659e041df9f972f150103f815 c7a0f57fbaf949ef859e659bf56777ad - - - -] 10.0.0.114 "PUT /v2.0/subnetpools/ac3026c6-962b-453a-aa00-be40eea17bc4 HTTP/1.1" status: 200 len: 694 time: 0.0847166
2026-09-07 12:02:08.624 11 INFO neutron.wsgi [None req-199362d0-3923-4e21-a5e9-be51b2651ef7 3a30554659e041df9f972f150103f815 c7a0f57fbaf949ef859e659bf56777ad - - - -] 10.0.0.114 "DELETE /v2.0/subnetpools/ac3026c6-962b-453a-aa00-be40eea17bc4 HTTP/1.1" status: 204 len: 168 time: 0.0744727
2026-09-07 12:02:08.638 11 INFO neutron.api.v2.resource [None req-ff3374ff-ba02-4f4b-b725-626e9344828c 3a30554659e041df9f972f150103f815 c7a0f57fbaf949ef859e659bf56777ad - - default default] show failed (client error): The resource could not be found.
2026-09-07 12:02:08.639 11 INFO neutron.wsgi [None req-ff3374ff-ba02-4f4b-b725-626e9344828c 3a30554659e041df9f972f150103f815 c7a0f57fbaf949ef859e659bf56777ad - - default default] 10.0.0.114 "GET /v2.0/subnetpools/ac3026c6-962b-453a-aa00-be40eea17bc4 HTTP/1.1" status: 404 len: 346 time: 0.0104966
2026-09-07 12:02:08.639 11 INFO neutron.db.ovn_revision_numbers_db [None req-3724eaa1-0048-4292-87bd-d1149a689e08 a620901ada1f470395d6f6f85b10df05 c2492f05992944caaa9b86b4e7dd36f9 - - - -] Successfully bumped revision number for resource e1f91401-e797-4ad1-a995-f837c4691e92 (type: networks) to 1
2026-09-07 12:02:08.660 11 INFO neutron.api.v2.resource [None req-c5151d05-2456-4eab-81f3-0881f9a9e35c 3a30554659e041df9f972f150103f815 c7a0f57fbaf949ef859e659bf56777ad - - - -] delete failed (client error): The resource could not be found.
2026-09-07 12:02:08.661 11 INFO neutron.wsgi [None req-c5151d05-2456-4eab-81f3-0881f9a9e35c 3a30554659e041df9f972f150103f815 c7a0f57fbaf949ef859e659bf56777ad - - - -] 10.0.0.114 "DELETE /v2.0/subnetpools/ac3026c6-962b-453a-aa00-be40eea17bc4 HTTP/1.1" status: 404 len: 346 time: 0.0186465
2026-09-07 12:02:08.700 10 INFO neutron.db.ovn_revision_numbers_db [None req-6b66809c-5ba9-48d0-8745-00d451432318 850374f300094e7b9515b30bd73c8d80 fc640598e3714985b9d3a409cb3c90f2 - - - -] Successfully bumped revision number for resource fb6c3ab2-cbad-48f9-8a4f-a85c229bddb5 (type: networks) to 1
2026-09-07 12:02:08.725 10 INFO neutron.db.ovn_revision_numbers_db [None req-e399731f-417b-4b1c-8c6d-31ae85895354 - - - - - -] Successfully bumped revision number for resource dde6c6f3-f00f-4cdc-a6d7-58a6cb7dc293 (type: ports) to 4
2026-09-07 12:02:08.848 11 WARNING neutron.scheduler.dhcp_agent_scheduler [None req-3724eaa1-0048-4292-87bd-d1149a689e08 a620901ada1f470395d6f6f85b10df05 c2492f05992944caaa9b86b4e7dd36f9 - - - -] No more DHCP agents
2026-09-07 12:02:08.850 11 WARNING neutron.api.rpc.agentnotifiers.dhcp_rpc_agent_api [None req-3724eaa1-0048-4292-87bd-d1149a689e08 a620901ada1f470395d6f6f85b10df05 c2492f05992944caaa9b86b4e7dd36f9 - - - -] Unable to schedule network e1f91401-e797-4ad1-a995-f837c4691e92: no agents available; will retry on subsequent port and subnet creation events.
2026-09-07 12:02:08.915 10 WARNING neutron.scheduler.dhcp_agent_scheduler [None req-6b66809c-5ba9-48d0-8745-00d451432318 850374f300094e7b9515b30bd73c8d80 fc640598e3714985b9d3a409cb3c90f2 - - - -] No more DHCP agents
2026-09-07 12:02:08.938 11 INFO neutron.db.ovn_revision_numbers_db [None req-3724eaa1-0048-4292-87bd-d1149a689e08 a620901ada1f470395d6f6f85b10df05 c2492f05992944caaa9b86b4e7dd36f9 - - - -] Successfully bumped revision number for resource 9ec670a5-a3cc-4045-ac64-72c452ef62b9 (type: ports) to 1
2026-09-07 12:02:08.955 11 INFO neutron.wsgi [None req-3724eaa1-0048-4292-87bd-d1149a689e08 a620901ada1f470395d6f6f85b10df05 c2492f05992944caaa9b86b4e7dd36f9 - - - -] 10.0.0.114 "POST /v2.0/networks HTTP/1.1" status: 201 len: 828 time: 0.5729609
2026-09-07 12:02:09.222 10 WARNING neutron.api.rpc.agentnotifiers.dhcp_rpc_agent_api [None req-6b66809c-5ba9-48d0-8745-00d451432318 850374f300094e7b9515b30bd73c8d80 fc640598e3714985b9d3a409cb3c90f2 - - - -] Unable to schedule network fb6c3ab2-cbad-48f9-8a4f-a85c229bddb5: no agents available; will retry on subsequent port and subnet creation events.
2026-09-07 12:02:09.228 11 INFO neutron.db.ovn_revision_numbers_db [None req-f416107a-65e0-49a9-ad10-09a449db727e 10560b071e7f46efb615c09609f94cd3 11b0e814e0d043c296fc8552e8e5e725 - - - -] Successfully bumped revision number for resource a2d1cf30-7e7d-4dfc-be13-d8303e920264 (type: security_groups) to 1
2026-09-07 12:02:09.244 11 WARNING neutron.scheduler.dhcp_agent_scheduler [None req-b25ba9d0-945a-46d5-b350-46ed389b7a32 a620901ada1f470395d6f6f85b10df05 c2492f05992944caaa9b86b4e7dd36f9 - - - -] No more DHCP agents
2026-09-07 12:02:09.250 11 WARNING neutron.api.rpc.agentnotifiers.dhcp_rpc_agent_api [None req-b25ba9d0-945a-46d5-b350-46ed389b7a32 a620901ada1f470395d6f6f85b10df05 c2492f05992944caaa9b86b4e7dd36f9 - - - -] Unable to schedule network e1f91401-e797-4ad1-a995-f837c4691e92: no agents available; will retry on subsequent port and subnet creation events.
2026-09-07 12:02:09.256 11 INFO neutron.wsgi [None req-f416107a-65e0-49a9-ad10-09a449db727e 10560b071e7f46efb615c09609f94cd3 11b0e814e0d043c296fc8552e8e5e725 - - - -] 10.0.0.114 "POST /v2.0/security-groups HTTP/1.1" status: 201 len: 1797 time: 0.1708047
2026-09-07 12:02:09.288 11 WARNING neutron.plugins.ml2.drivers.ovn.mech_driver.ovsdb.ovn_client [None req-0b022f37-6116-4660-bff2-669a46331ce8 - - - - - -] No port found with ID e0f408a6-f7fb-4d0d-b060-4b641c4898e2: RuntimeError: No port found with ID e0f408a6-f7fb-4d0d-b060-4b641c4898e2
2026-09-07 12:02:09.289 11 INFO neutron.plugins.ml2.drivers.ovn.mech_driver.mech_driver [None req-0b022f37-6116-4660-bff2-669a46331ce8 - - - - - -] OVN reports status up for port: 88bd1334-ccfe-40c3-b436-29b58a5e1c54
2026-09-07 12:02:09.303 11 INFO neutron.plugins.ml2.plugin [None req-0b022f37-6116-4660-bff2-669a46331ce8 - - - - - -] Attempt 1 to provision port 88bd1334-ccfe-40c3-b436-29b58a5e1c54
2026-09-07 12:02:09.356 10 INFO neutron.db.ovn_revision_numbers_db [None req-6b66809c-5ba9-48d0-8745-00d451432318 850374f300094e7b9515b30bd73c8d80 fc640598e3714985b9d3a409cb3c90f2 - - - -] Successfully bumped revision number for resource 2574c1fb-624f-43ec-9bf6-72833e932320 (type: ports) to 1
2026-09-07 12:02:09.382 10 INFO neutron.db.ovn_revision_numbers_db [None req-e399731f-417b-4b1c-8c6d-31ae85895354 - - - - - -] Successfully bumped revision number for resource dde6c6f3-f00f-4cdc-a6d7-58a6cb7dc293 (type: router_ports) to 4
2026-09-07 12:02:09.386 10 INFO neutron.wsgi [None req-6b66809c-5ba9-48d0-8745-00d451432318 850374f300094e7b9515b30bd73c8d80 fc640598e3714985b9d3a409cb3c90f2 - - - -] 10.0.0.114 "POST /v2.0/networks HTTP/1.1" status: 201 len: 833 time: 1.4648161
2026-09-07 12:02:09.434 10 INFO neutron.db.ovn_revision_numbers_db [None req-cf72baeb-3b12-42e2-ae71-9319b8409975 10560b071e7f46efb615c09609f94cd3 11b0e814e0d043c296fc8552e8e5e725 - - - -] Successfully bumped revision number for resource 1338b438-39c2-49e6-ac25-194ee4ff9ff1 (type: security_group_rules) to 0
2026-09-07 12:02:09.452 10 INFO neutron.wsgi [None req-cf72baeb-3b12-42e2-ae71-9319b8409975 10560b071e7f46efb615c09609f94cd3 11b0e814e0d043c296fc8552e8e5e725 - - - -] 10.0.0.114 "POST /v2.0/security-group-rules HTTP/1.1" status: 201 len: 764 time: 0.1880336
2026-09-07 12:02:09.493 11 INFO neutron.db.ovn_revision_numbers_db [None req-6da5ac4f-9378-44dc-a8ad-7c08b55eae0e d403138ce1744eceb8073d7c09038044 7a132d323ce842f0afd0a5cb693f9d83 - - default default] Successfully bumped revision number for resource 6f441acc-622e-4694-8871-dff11af8b054 (type: security_groups) to 1
2026-09-07 12:02:09.530 11 INFO neutron.wsgi [None req-6da5ac4f-9378-44dc-a8ad-7c08b55eae0e d403138ce1744eceb8073d7c09038044 7a132d323ce842f0afd0a5cb693f9d83 - - default default] 10.0.0.114 "GET /v2.0/security-groups?tenant_id=c7a0f57fbaf949ef859e659bf56777ad&name=default HTTP/1.1" status: 200 len: 2996 time: 0.3446953
2026-09-07 12:02:09.549 11 INFO neutron.db.segments_db [None req-0a25e1c1-2647-414c-ba6a-60ce0e0fc272 850374f300094e7b9515b30bd73c8d80 fc640598e3714985b9d3a409cb3c90f2 - - - -] Added segment 8dee9001-b69f-49ae-a983-e2d58855a169 of type geneve for network e1af9f78-8fdb-463d-862d-3b8756c72e36
2026-09-07 12:02:09.572 10 INFO neutron.db.ovn_revision_numbers_db [None req-aa8d61eb-f492-4881-93d4-a31a4c421944 10560b071e7f46efb615c09609f94cd3 11b0e814e0d043c296fc8552e8e5e725 - - - -] Successfully bumped revision number for resource ba790bd0-dc36-4feb-9c71-223801b3b655 (type: security_group_rules) to 0
2026-09-07 12:02:09.599 10 INFO neutron.wsgi [None req-aa8d61eb-f492-4881-93d4-a31a4c421944 10560b071e7f46efb615c09609f94cd3 11b0e814e0d043c296fc8552e8e5e725 - - - -] 10.0.0.114 "POST /v2.0/security-group-rules HTTP/1.1" status: 201 len: 769 time: 0.1426251
2026-09-07 12:02:09.772 10 INFO neutron.wsgi [None req-d9fd89cf-d153-4841-bab3-beac2b1ec28a d403138ce1744eceb8073d7c09038044 7a132d323ce842f0afd0a5cb693f9d83 - - - -] 10.0.0.114 "DELETE /v2.0/security-groups/6f441acc-622e-4694-8871-dff11af8b054 HTTP/1.1" status: 204 len: 168 time: 0.2346747
2026-09-07 12:02:09.880 10 WARNING neutron.scheduler.dhcp_agent_scheduler [None req-5eea165a-f63a-44b5-af8f-2f4d48652a2c 10560b071e7f46efb615c09609f94cd3 11b0e814e0d043c296fc8552e8e5e725 - - - -] No more DHCP agents
2026-09-07 12:02:09.881 10 WARNING neutron.api.rpc.agentnotifiers.dhcp_rpc_agent_api [None req-5eea165a-f63a-44b5-af8f-2f4d48652a2c 10560b071e7f46efb615c09609f94cd3 11b0e814e0d043c296fc8552e8e5e725 - - - -] Unable to schedule network ea6d7a53-7244-466b-9aae-a652e3279fcb: no agents available; will retry on subsequent port and subnet creation events.
2026-09-07 12:02:10.081 11 INFO neutron.db.ovn_revision_numbers_db [None req-0a25e1c1-2647-414c-ba6a-60ce0e0fc272 850374f300094e7b9515b30bd73c8d80 fc640598e3714985b9d3a409cb3c90f2 - - - -] Successfully bumped revision number for resource e1af9f78-8fdb-463d-862d-3b8756c72e36 (type: networks) to 1
2026-09-07 12:02:10.162 11 INFO neutron.db.ovn_revision_numbers_db [None req-0b022f37-6116-4660-bff2-669a46331ce8 - - - - - -] Successfully bumped revision number for resource 88bd1334-ccfe-40c3-b436-29b58a5e1c54 (type: ports) to 3
2026-09-07 12:02:10.238 10 INFO neutron.db.ovn_revision_numbers_db [None req-5eea165a-f63a-44b5-af8f-2f4d48652a2c 10560b071e7f46efb615c09609f94cd3 11b0e814e0d043c296fc8552e8e5e725 - - - -] Successfully bumped revision number for resource ecccb883-5f0d-4ac7-818a-a9588cda5f76 (type: floatingips) to 0
2026-09-07 12:02:10.249 10 INFO neutron.wsgi [None req-5eea165a-f63a-44b5-af8f-2f4d48652a2c 10560b071e7f46efb615c09609f94cd3 11b0e814e0d043c296fc8552e8e5e725 - - - -] 10.0.0.114 "POST /v2.0/floatingips HTTP/1.1" status: 201 len: 751 time: 0.6453307
2026-09-07 12:02:10.440 11 INFO neutron.db.ovn_revision_numbers_db [None req-0b022f37-6116-4660-bff2-669a46331ce8 - - - - - -] Successfully bumped revision number for resource 88bd1334-ccfe-40c3-b436-29b58a5e1c54 (type: router_ports) to 3
2026-09-07 12:02:10.460 11 WARNING neutron.scheduler.dhcp_agent_scheduler [None req-0a25e1c1-2647-414c-ba6a-60ce0e0fc272 850374f300094e7b9515b30bd73c8d80 fc640598e3714985b9d3a409cb3c90f2 - - - -] No more DHCP agents
2026-09-07 12:02:10.462 11 INFO neutron.db.ovn_revision_numbers_db [None req-b25ba9d0-945a-46d5-b350-46ed389b7a32 a620901ada1f470395d6f6f85b10df05 c2492f05992944caaa9b86b4e7dd36f9 - - - -] Successfully bumped revision number for resource 9ec670a5-a3cc-4045-ac64-72c452ef62b9 (type: ports) to 2
2026-09-07 12:02:10.468 11 WARNING neutron.api.rpc.agentnotifiers.dhcp_rpc_agent_api [None req-0a25e1c1-2647-414c-ba6a-60ce0e0fc272 850374f300094e7b9515b30bd73c8d80 fc640598e3714985b9d3a409cb3c90f2 - - - -] Unable to schedule network e1af9f78-8fdb-463d-862d-3b8756c72e36: no agents available; will retry on subsequent port and subnet creation events.
2026-09-07 12:02:10.490 11 INFO neutron.db.ovn_revision_numbers_db [None req-b25ba9d0-945a-46d5-b350-46ed389b7a32 a620901ada1f470395d6f6f85b10df05 c2492f05992944caaa9b86b4e7dd36f9 - - - -] Successfully bumped revision number for resource e4b48e27-c198-4ef1-baa5-452b8c58ac5a (type: subnets) to 0
2026-09-07 12:02:10.538 11 INFO neutron.wsgi [None req-b25ba9d0-945a-46d5-b350-46ed389b7a32 a620901ada1f470395d6f6f85b10df05 c2492f05992944caaa9b86b4e7dd36f9 - - - -] 10.0.0.114 "POST /v2.0/subnets HTTP/1.1" status: 201 len: 801 time: 1.5763125
