2026-09-07 12:01:03.492 10 INFO neutron.wsgi [req-f85b0f73-c83a-4dc0-86a1-77a1255f2cb4 req-119fbef1-af20-44c9-8733-5310990c7a5f 2824304a5d8e4b138bd91380e055924d f7beba7ba89940159358713cdd54b77c - - 98a0bd3542fd4f8dbfed0a5f0ac97cd2 98a0bd3542fd4f8dbfed0a5f0ac97cd2] 162.253.55.119 "GET /v2.0/ports?tenant_id=fbb3052ab7c6487a8aa13f9d870aa530&device_id=cb912a2c-548b-4f39-9af1-32aa9b92bb6d HTTP/1.1" status: 200 len: 1359 time: 0.0465331
2026-09-07 12:01:03.504 10 INFO neutron.wsgi [req-e94b7f03-96cb-4840-88bf-7240597d29c7 req-e347feed-1b7b-47b1-a3f1-5aad8995353d dd4b4817d85b498d90bae7315c4c8586 fbb3052ab7c6487a8aa13f9d870aa530 - - default default] 10.0.0.14 "GET /v2.0/ports?device_id=cb912a2c-548b-4f39-9af1-32aa9b92bb6d HTTP/1.1" status: 200 len: 1168 time: 0.0464787
2026-09-07 12:01:03.518 10 INFO neutron.wsgi [req-f85b0f73-c83a-4dc0-86a1-77a1255f2cb4 req-cacc174e-1544-47b4-bc3c-b7b152f34c5a 2824304a5d8e4b138bd91380e055924d f7beba7ba89940159358713cdd54b77c - - 98a0bd3542fd4f8dbfed0a5f0ac97cd2 98a0bd3542fd4f8dbfed0a5f0ac97cd2] 162.253.55.119 "GET /v2.0/floatingips?fixed_ip_address=10.100.0.3&port_id=62dc4adc-4fdd-488f-bb57-c6be6df1eac0 HTTP/1.1" status: 200 len: 217 time: 0.0211396
2026-09-07 12:01:03.554 10 INFO neutron.wsgi [req-e94b7f03-96cb-4840-88bf-7240597d29c7 req-d9626fea-0da8-40ca-be3f-89545c64c8c1 dd4b4817d85b498d90bae7315c4c8586 fbb3052ab7c6487a8aa13f9d870aa530 - - default default] 10.0.0.14 "GET /v2.0/security-groups?id=dea27379-47ba-4e68-93f2-1d6ca427bf7e&fields=id&fields=name HTTP/1.1" status: 200 len: 286 time: 0.0385993
2026-09-07 12:01:03.558 10 INFO neutron.wsgi [req-f85b0f73-c83a-4dc0-86a1-77a1255f2cb4 req-77ff5a0b-953b-49aa-8b77-eb2c5c2704fd 2824304a5d8e4b138bd91380e055924d f7beba7ba89940159358713cdd54b77c - - 98a0bd3542fd4f8dbfed0a5f0ac97cd2 98a0bd3542fd4f8dbfed0a5f0ac97cd2] 162.253.55.119 "GET /v2.0/subnets?id=1b703afb-10b3-4743-bc62-10a8ca475d5c HTTP/1.1" status: 200 len: 870 time: 0.0352376
2026-09-07 12:01:03.582 10 INFO neutron.wsgi [req-f85b0f73-c83a-4dc0-86a1-77a1255f2cb4 req-23f1910b-664d-4d0c-a980-c6436255d95c 2824304a5d8e4b138bd91380e055924d f7beba7ba89940159358713cdd54b77c - - 98a0bd3542fd4f8dbfed0a5f0ac97cd2 98a0bd3542fd4f8dbfed0a5f0ac97cd2] 162.253.55.119 "GET /v2.0/ports?network_id=61329ef3-f9bf-4638-86db-85806c45531b&device_owner=network%3Adhcp HTTP/1.1" status: 200 len: 210 time: 0.0194585
2026-09-07 12:01:03.641 10 INFO neutron.wsgi [req-f85b0f73-c83a-4dc0-86a1-77a1255f2cb4 req-52e07d31-f8a9-4462-88d1-04ec0494623a 2824304a5d8e4b138bd91380e055924d f7beba7ba89940159358713cdd54b77c - - 98a0bd3542fd4f8dbfed0a5f0ac97cd2 98a0bd3542fd4f8dbfed0a5f0ac97cd2] 162.253.55.119 "GET /v2.0/networks/61329ef3-f9bf-4638-86db-85806c45531b?fields=segments HTTP/1.1" status: 200 len: 212 time: 0.0564268
2026-09-07 12:01:03.683 11 INFO neutron.notifiers.nova [-] Nova event matching ['req-fc81b5c8-0047-412c-b881-ad0275dac7ec'] response: {'server_uuid': 'e94c0d52-2270-4515-9cbb-8405c858fae8', 'name': 'network-vif-plugged', 'status': 'completed', 'tag': 'f8b87bd8-c00b-4f4b-802f-a5baa010c6d6', 'code': 200}
2026-09-07 12:01:03.727 10 INFO neutron.wsgi [req-99832ac5-7fa4-445f-83bf-886a288f98de req-887396b8-7d83-40d5-be3a-ac4a83e3d190 92c26326a9e647459ca8937419d81692 1bf799b797ad4e6b9c0092cb0a476400 - - default default] 10.0.0.14 "GET /v2.0/ports?device_id=e94c0d52-2270-4515-9cbb-8405c858fae8 HTTP/1.1" status: 200 len: 1174 time: 0.0512805
2026-09-07 12:01:03.746 10 INFO neutron.wsgi [req-f85b0f73-c83a-4dc0-86a1-77a1255f2cb4 req-b8883f7e-ebe7-4d6a-b36c-6adff67901c4 2824304a5d8e4b138bd91380e055924d f7beba7ba89940159358713cdd54b77c - - 98a0bd3542fd4f8dbfed0a5f0ac97cd2 98a0bd3542fd4f8dbfed0a5f0ac97cd2] 162.253.55.119 "GET /v2.0/networks/61329ef3-f9bf-4638-86db-85806c45531b?fields=provider%3Aphysical_network&fields=provider%3Anetwork_type HTTP/1.1" status: 200 len: 277 time: 0.0982590
2026-09-07 12:01:03.777 10 INFO neutron.wsgi [req-99832ac5-7fa4-445f-83bf-886a288f98de req-afb0c0e6-5a01-4d74-944a-8aba9c63d5b0 92c26326a9e647459ca8937419d81692 1bf799b797ad4e6b9c0092cb0a476400 - - default default] 10.0.0.14 "GET /v2.0/security-groups?id=37324020-f2a3-44a3-84cc-ac68cd609966&fields=id&fields=name HTTP/1.1" status: 200 len: 313 time: 0.0395374
2026-09-07 12:01:03.858 10 INFO neutron.wsgi [req-12e733a6-a33e-4dca-940f-8c7409d51b43 req-23293ef7-e50b-4ebe-b020-ddb0963aac3a 2824304a5d8e4b138bd91380e055924d f7beba7ba89940159358713cdd54b77c - - 98a0bd3542fd4f8dbfed0a5f0ac97cd2 98a0bd3542fd4f8dbfed0a5f0ac97cd2] 162.253.55.119 "GET /v2.0/ports?tenant_id=fbb3052ab7c6487a8aa13f9d870aa530&device_id=cb912a2c-548b-4f39-9af1-32aa9b92bb6d HTTP/1.1" status: 200 len: 1359 time: 0.0417266
2026-09-07 12:01:03.920 10 INFO neutron.wsgi [req-12e733a6-a33e-4dca-940f-8c7409d51b43 req-dbefe4c7-56cb-4af3-bb99-7fd07b55533a 2824304a5d8e4b138bd91380e055924d f7beba7ba89940159358713cdd54b77c - - 98a0bd3542fd4f8dbfed0a5f0ac97cd2 98a0bd3542fd4f8dbfed0a5f0ac97cd2] 162.253.55.119 "GET /v2.0/networks?id=61329ef3-f9bf-4638-86db-85806c45531b HTTP/1.1" status: 200 len: 974 time: 0.0550802
2026-09-07 12:01:03.956 10 INFO neutron.wsgi [req-12e733a6-a33e-4dca-940f-8c7409d51b43 req-7278146a-9782-4ec3-a33b-423b2996d1e4 2824304a5d8e4b138bd91380e055924d f7beba7ba89940159358713cdd54b77c - - 98a0bd3542fd4f8dbfed0a5f0ac97cd2 98a0bd3542fd4f8dbfed0a5f0ac97cd2] 162.253.55.119 "GET /v2.0/floatingips?fixed_ip_address=10.100.0.3&port_id=62dc4adc-4fdd-488f-bb57-c6be6df1eac0 HTTP/1.1" status: 200 len: 217 time: 0.0198016
2026-09-07 12:01:03.991 10 INFO neutron.wsgi [req-12e733a6-a33e-4dca-940f-8c7409d51b43 req-51002a76-9440-43df-b14d-b4329d57832b 2824304a5d8e4b138bd91380e055924d f7beba7ba89940159358713cdd54b77c - - 98a0bd3542fd4f8dbfed0a5f0ac97cd2 98a0bd3542fd4f8dbfed0a5f0ac97cd2] 162.253.55.119 "GET /v2.0/subnets?id=1b703afb-10b3-4743-bc62-10a8ca475d5c HTTP/1.1" status: 200 len: 870 time: 0.0280361
2026-09-07 12:01:04.022 10 INFO neutron.wsgi [req-12e733a6-a33e-4dca-940f-8c7409d51b43 req-b1f2bb35-115d-472f-bbdb-9a9392230f2b 2824304a5d8e4b138bd91380e055924d f7beba7ba89940159358713cdd54b77c - - 98a0bd3542fd4f8dbfed0a5f0ac97cd2 98a0bd3542fd4f8dbfed0a5f0ac97cd2] 162.253.55.119 "GET /v2.0/ports?network_id=61329ef3-f9bf-4638-86db-85806c45531b&device_owner=network%3Adhcp HTTP/1.1" status: 200 len: 210 time: 0.0235825
2026-09-07 12:01:04.105 10 INFO neutron.wsgi [req-12e733a6-a33e-4dca-940f-8c7409d51b43 req-eb4ba67d-279b-4dfc-9839-a4e3cb9e04a1 2824304a5d8e4b138bd91380e055924d f7beba7ba89940159358713cdd54b77c - - 98a0bd3542fd4f8dbfed0a5f0ac97cd2 98a0bd3542fd4f8dbfed0a5f0ac97cd2] 162.253.55.119 "GET /v2.0/networks/61329ef3-f9bf-4638-86db-85806c45531b?fields=segments HTTP/1.1" status: 200 len: 212 time: 0.0679088
2026-09-07 12:01:04.183 10 INFO neutron.wsgi [req-12e733a6-a33e-4dca-940f-8c7409d51b43 req-043b083b-02f4-4502-9bd0-39d24af40ea6 2824304a5d8e4b138bd91380e055924d f7beba7ba89940159358713cdd54b77c - - 98a0bd3542fd4f8dbfed0a5f0ac97cd2 98a0bd3542fd4f8dbfed0a5f0ac97cd2] 162.253.55.119 "GET /v2.0/networks/61329ef3-f9bf-4638-86db-85806c45531b?fields=provider%3Aphysical_network&fields=provider%3Anetwork_type HTTP/1.1" status: 200 len: 277 time: 0.0687392
2026-09-07 12:01:04.422 10 INFO neutron.wsgi [req-39de5183-63e2-4a69-9a69-927ab2651eae req-85b5fbe4-f4b7-4739-a86d-5f3abdc81008 4e3b156302274e5cb80fcfbb2059c3aa a82861a62c5249089679b869c5e56c55 - - default default] 10.0.0.14 "GET /v2.0/ports?device_id=76b1b62e-c9e6-4f2e-a419-2ddd2886a0dd HTTP/1.1" status: 200 len: 1172 time: 0.0557594
2026-09-07 12:01:04.466 10 INFO neutron.wsgi [req-39de5183-63e2-4a69-9a69-927ab2651eae req-e46a8214-aab2-413e-bed9-c231dbf808fc 4e3b156302274e5cb80fcfbb2059c3aa a82861a62c5249089679b869c5e56c55 - - default default] 10.0.0.14 "GET /v2.0/security-groups?id=305e2851-3eed-467b-9f02-8d07bac38c86&fields=id&fields=name HTTP/1.1" status: 200 len: 312 time: 0.0388458
2026-09-07 12:01:04.695 10 INFO neutron.wsgi [req-c40b1441-0862-4238-9429-c6b1efb8d82e req-0047fe5a-bab4-444d-999c-6cdbf31c4ea8 dd4b4817d85b498d90bae7315c4c8586 fbb3052ab7c6487a8aa13f9d870aa530 - - default default] 10.0.0.14 "GET /v2.0/ports?device_id=cb912a2c-548b-4f39-9af1-32aa9b92bb6d HTTP/1.1" status: 200 len: 1168 time: 0.0627275
2026-09-07 12:01:04.734 10 INFO neutron.wsgi [req-c40b1441-0862-4238-9429-c6b1efb8d82e req-5437b544-45ed-40e8-a57a-4e0636330fa9 dd4b4817d85b498d90bae7315c4c8586 fbb3052ab7c6487a8aa13f9d870aa530 - - default default] 10.0.0.14 "GET /v2.0/security-groups?id=dea27379-47ba-4e68-93f2-1d6ca427bf7e&fields=id&fields=name HTTP/1.1" status: 200 len: 286 time: 0.0362661
2026-09-07 12:01:04.813 10 WARNING neutron.plugins.ml2.drivers.ovn.mech_driver.ovsdb.ovn_client [None req-313176cf-d53f-4311-8fb9-daf873312325 - - - - - -] No hosting information found for port 7e12203f-5af3-46d1-b7cc-b1d08eef36e0: RuntimeError: No hosting information found for port 7e12203f-5af3-46d1-b7cc-b1d08eef36e0
2026-09-07 12:01:04.813 10 INFO neutron.plugins.ml2.drivers.ovn.mech_driver.mech_driver [None req-313176cf-d53f-4311-8fb9-daf873312325 - - - - - -] OVN reports status up for port: e70355ed-8568-434e-be81-b8e9cecb2f75
2026-09-07 12:01:04.824 10 INFO neutron.plugins.ml2.plugin [None req-313176cf-d53f-4311-8fb9-daf873312325 - - - - - -] Attempt 1 to provision port e70355ed-8568-434e-be81-b8e9cecb2f75
2026-09-07 12:01:04.885 10 INFO neutron.wsgi [req-5d77e3dc-afce-4d93-a940-2373b4addcfc req-3f3b28b2-8008-41e0-b200-3d252d873d0a 92c26326a9e647459ca8937419d81692 1bf799b797ad4e6b9c0092cb0a476400 - - default default] 10.0.0.14 "GET /v2.0/ports?device_id=e94c0d52-2270-4515-9cbb-8405c858fae8 HTTP/1.1" status: 200 len: 1174 time: 0.0399501
2026-09-07 12:01:04.933 10 INFO neutron.wsgi [req-5d77e3dc-afce-4d93-a940-2373b4addcfc req-7f38484c-8486-4a2f-bebd-d3f58aa2b516 92c26326a9e647459ca8937419d81692 1bf799b797ad4e6b9c0092cb0a476400 - - default default] 10.0.0.14 "GET /v2.0/security-groups?id=37324020-f2a3-44a3-84cc-ac68cd609966&fields=id&fields=name HTTP/1.1" status: 200 len: 313 time: 0.0343204
2026-09-07 12:01:05.070 10 INFO neutron.wsgi [req-61eb6232-cb58-482c-aae3-1009c6db78bf req-37baa825-c5a4-4f54-91e2-337297f5195b 92c26326a9e647459ca8937419d81692 1bf799b797ad4e6b9c0092cb0a476400 - - default default] 10.0.0.14 "GET /v2.0/ports?device_id=e94c0d52-2270-4515-9cbb-8405c858fae8 HTTP/1.1" status: 200 len: 1174 time: 0.0451193 /var/lib/openstack/lib/python3.10/site-packages/pycadf/identifier.py:71: UserWarning: Invalid uuid: neutron. To ensure interoperability, identifiers should be a valid uuid. warnings.warn(('Invalid uuid: %s. To ensure interoperability, '
2026-09-07 12:01:05.124 10 INFO neutron.db.ovn_revision_numbers_db [None req-313176cf-d53f-4311-8fb9-daf873312325 - - - - - -] Successfully bumped revision number for resource e70355ed-8568-434e-be81-b8e9cecb2f75 (type: ports) to 4
2026-09-07 12:01:05.177 10 INFO neutron.plugins.ml2.drivers.ovn.mech_driver.mech_driver [None req-313176cf-d53f-4311-8fb9-daf873312325 - - - - - -] OVN reports status up for port: c7ff29b2-74d6-4ad1-9129-6b5ad3460d8d
2026-09-07 12:01:05.190 10 INFO neutron.plugins.ml2.plugin [None req-313176cf-d53f-4311-8fb9-daf873312325 - - - - - -] Attempt 1 to provision port c7ff29b2-74d6-4ad1-9129-6b5ad3460d8d
2026-09-07 12:01:05.255 10 INFO neutron.plugins.ml2.drivers.ovn.mech_driver.mech_driver [None req-313176cf-d53f-4311-8fb9-daf873312325 - - - - - -] OVN reports status up for port: 62dc4adc-4fdd-488f-bb57-c6be6df1eac0
2026-09-07 12:01:05.265 10 INFO neutron.plugins.ml2.plugin [None req-313176cf-d53f-4311-8fb9-daf873312325 - - - - - -] Attempt 1 to provision port 62dc4adc-4fdd-488f-bb57-c6be6df1eac0
2026-09-07 12:01:05.437 11 INFO neutron.db.l3_db [None req-fbcf54de-e642-4f0d-a38f-80633ef458f7 92c26326a9e647459ca8937419d81692 1bf799b797ad4e6b9c0092cb0a476400 - - - -] Floating IP 31783014-2372-494c-9332-b69f52cc0ecf associated. External IP: 10.96.250.203, port: f8b87bd8-c00b-4f4b-802f-a5baa010c6d6.
2026-09-07 12:01:05.495 10 INFO neutron.db.ovn_revision_numbers_db [None req-313176cf-d53f-4311-8fb9-daf873312325 - - - - - -] Successfully bumped revision number for resource 62dc4adc-4fdd-488f-bb57-c6be6df1eac0 (type: ports) to 4
2026-09-07 12:01:05.505 10 INFO neutron.notifiers.nova [-] Nova event matching ['req-46fbc24e-3a93-411a-972b-3c36167b3555'] response: {'server_uuid': '76b1b62e-c9e6-4f2e-a419-2ddd2886a0dd', 'name': 'network-vif-plugged', 'status': 'completed', 'tag': 'e70355ed-8568-434e-be81-b8e9cecb2f75', 'code': 200}
2026-09-07 12:01:05.506 10 INFO neutron.notifiers.nova [-] Nova event matching ['req-46fbc24e-3a93-411a-972b-3c36167b3555'] response: {'server_uuid': '76b1b62e-c9e6-4f2e-a419-2ddd2886a0dd', 'name': 'network-vif-plugged', 'status': 'completed', 'tag': 'e70355ed-8568-434e-be81-b8e9cecb2f75', 'code': 200}
2026-09-07 12:01:05.506 10 INFO neutron.notifiers.nova [-] Nova event matching ['req-46fbc24e-3a93-411a-972b-3c36167b3555'] response: {'server_uuid': 'cb912a2c-548b-4f39-9af1-32aa9b92bb6d', 'name': 'network-vif-plugged', 'status': 'completed', 'tag': '62dc4adc-4fdd-488f-bb57-c6be6df1eac0', 'code': 200} /var/lib/openstack/lib/python3.10/site-packages/pycadf/identifier.py:71: UserWarning: Invalid uuid: neutron. To ensure interoperability, identifiers should be a valid uuid. warnings.warn(('Invalid uuid: %s. To ensure interoperability, '
2026-09-07 12:01:05.674 10 INFO neutron.wsgi [req-684e4f2b-55ce-49e9-bdb9-f79a3d573c67 req-eb5915a3-42b5-4fb1-bd04-1e0ad1412026 4e3b156302274e5cb80fcfbb2059c3aa a82861a62c5249089679b869c5e56c55 - - default default] 10.0.0.14 "GET /v2.0/ports?device_id=76b1b62e-c9e6-4f2e-a419-2ddd2886a0dd HTTP/1.1" status: 200 len: 1174 time: 0.1351233 /var/lib/openstack/lib/python3.10/site-packages/pycadf/identifier.py:71: UserWarning: Invalid uuid: neutron. To ensure interoperability, identifiers should be a valid uuid. warnings.warn(('Invalid uuid: %s. To ensure interoperability, '
2026-09-07 12:01:05.730 11 INFO neutron.notifiers.nova [-] Nova event matching ['req-43b686cb-d008-476a-b7b5-ad8a30cf29b8'] response: {'server_uuid': 'e94c0d52-2270-4515-9cbb-8405c858fae8', 'name': 'network-vif-plugged', 'status': 'completed', 'tag': 'f8b87bd8-c00b-4f4b-802f-a5baa010c6d6', 'code': 200}
2026-09-07 12:01:05.733 10 INFO neutron.wsgi [req-684e4f2b-55ce-49e9-bdb9-f79a3d573c67 req-6ddb86bc-44cf-4f51-a1c0-c97e8ca10728 4e3b156302274e5cb80fcfbb2059c3aa a82861a62c5249089679b869c5e56c55 - - default default] 10.0.0.14 "GET /v2.0/security-groups?id=305e2851-3eed-467b-9f02-8d07bac38c86&fields=id&fields=name HTTP/1.1" status: 200 len: 312 time: 0.0531442
2026-09-07 12:01:05.795 11 INFO neutron.db.ovn_revision_numbers_db [None req-fbcf54de-e642-4f0d-a38f-80633ef458f7 92c26326a9e647459ca8937419d81692 1bf799b797ad4e6b9c0092cb0a476400 - - - -] Successfully bumped revision number for resource 31783014-2372-494c-9332-b69f52cc0ecf (type: floatingips) to 1
2026-09-07 12:01:05.841 10 INFO neutron.wsgi [req-d169d7b1-2755-4642-918e-00a1951c005a req-88d5b36c-bf03-4e4c-8a56-2a111e239069 dd4b4817d85b498d90bae7315c4c8586 fbb3052ab7c6487a8aa13f9d870aa530 - - default default] 10.0.0.14 "GET /v2.0/ports?device_id=cb912a2c-548b-4f39-9af1-32aa9b92bb6d HTTP/1.1" status: 200 len: 1170 time: 0.0455663
2026-09-07 12:01:05.879 10 INFO neutron.wsgi [req-d169d7b1-2755-4642-918e-00a1951c005a req-b87fce3c-dcb2-45d0-9b1f-2d89f8cf5278 dd4b4817d85b498d90bae7315c4c8586 fbb3052ab7c6487a8aa13f9d870aa530 - - default default] 10.0.0.14 "GET /v2.0/security-groups?id=dea27379-47ba-4e68-93f2-1d6ca427bf7e&fields=id&fields=name HTTP/1.1" status: 200 len: 286 time: 0.0319555
2026-09-07 12:01:05.881 11 INFO neutron.db.ovn_revision_numbers_db [None req-fbcf54de-e642-4f0d-a38f-80633ef458f7 92c26326a9e647459ca8937419d81692 1bf799b797ad4e6b9c0092cb0a476400 - - - -] Successfully bumped revision number for resource 31783014-2372-494c-9332-b69f52cc0ecf (type: floatingips) to 2
2026-09-07 12:01:05.915 11 INFO neutron.wsgi [None req-fbcf54de-e642-4f0d-a38f-80633ef458f7 92c26326a9e647459ca8937419d81692 1bf799b797ad4e6b9c0092cb0a476400 - - - -] 10.0.0.114 "PUT /v2.0/floatingips/31783014-2372-494c-9332-b69f52cc0ecf HTTP/1.1" status: 200 len: 1050 time: 0.8327093
2026-09-07 12:01:06.002 10 INFO neutron.wsgi [req-db6b1648-a2e2-4f81-97e1-f56f534427a5 req-f665201a-3056-41bb-97cb-8372fe4803fe 92c26326a9e647459ca8937419d81692 1bf799b797ad4e6b9c0092cb0a476400 - - default default] 10.0.0.14 "GET /v2.0/ports?device_id=e94c0d52-2270-4515-9cbb-8405c858fae8 HTTP/1.1" status: 200 len: 1174 time: 0.0511732
2026-09-07 12:01:06.053 10 INFO neutron.wsgi [req-db6b1648-a2e2-4f81-97e1-f56f534427a5 req-5129e171-4151-448b-8e7c-7cbed19b33bd 92c26326a9e647459ca8937419d81692 1bf799b797ad4e6b9c0092cb0a476400 - - default default] 10.0.0.14 "GET /v2.0/security-groups?id=37324020-f2a3-44a3-84cc-ac68cd609966&fields=id&fields=name HTTP/1.1" status: 200 len: 313 time: 0.0453086
2026-09-07 12:01:06.645 11 INFO neutron.plugins.ml2.drivers.ovn.mech_driver.mech_driver [None req-0b022f37-6116-4660-bff2-669a46331ce8 - - - - - -] OVN reports status down for port: f8b87bd8-c00b-4f4b-802f-a5baa010c6d6
2026-09-07 12:01:06.694 10 INFO neutron.wsgi [req-bddaefaa-f16e-4558-8413-1ff0c63a9e2f req-1c1e1446-0036-482a-a0a3-1c1bd47f7be7 92c26326a9e647459ca8937419d81692 1bf799b797ad4e6b9c0092cb0a476400 - - default default] 10.0.0.14 "GET /v2.0/ports?device_id=e94c0d52-2270-4515-9cbb-8405c858fae8 HTTP/1.1" status: 200 len: 1174 time: 0.1269116
2026-09-07 12:01:06.736 10 INFO neutron.wsgi [req-bddaefaa-f16e-4558-8413-1ff0c63a9e2f req-514650f2-8e9a-4afc-8fe9-1060b3b24f9d 92c26326a9e647459ca8937419d81692 1bf799b797ad4e6b9c0092cb0a476400 - - default default] 10.0.0.14 "GET /v2.0/security-groups?id=37324020-f2a3-44a3-84cc-ac68cd609966&fields=id&fields=name HTTP/1.1" status: 200 len: 313 time: 0.0332043
2026-09-07 12:01:06.865 10 INFO neutron.wsgi [req-540477df-dba4-467c-baa9-87164d78099f req-bd220891-00ce-4b74-bc0c-34c88b246b8d 4e3b156302274e5cb80fcfbb2059c3aa a82861a62c5249089679b869c5e56c55 - - default default] 10.0.0.14 "GET /v2.0/ports?device_id=76b1b62e-c9e6-4f2e-a419-2ddd2886a0dd HTTP/1.1" status: 200 len: 1174 time: 0.0441046
2026-09-07 12:01:06.930 11 INFO neutron.db.ovn_revision_numbers_db [None req-0b022f37-6116-4660-bff2-669a46331ce8 - - - - - -] Successfully bumped revision number for resource f8b87bd8-c00b-4f4b-802f-a5baa010c6d6 (type: ports) to 5
2026-09-07 12:01:06.931 10 INFO neutron.wsgi [req-540477df-dba4-467c-baa9-87164d78099f req-605ed49c-cbaf-44a0-a56e-eb4fda54f82a 4e3b156302274e5cb80fcfbb2059c3aa a82861a62c5249089679b869c5e56c55 - - default default] 10.0.0.14 "GET /v2.0/security-groups?id=305e2851-3eed-467b-9f02-8d07bac38c86&fields=id&fields=name HTTP/1.1" status: 200 len: 312 time: 0.0609629
2026-09-07 12:01:06.942 10 INFO neutron.wsgi [req-40ce3c83-138a-4517-967d-01e78de02c97 req-dfd1d653-6c6f-4a34-a821-ef7b8d2bdb40 92c26326a9e647459ca8937419d81692 1bf799b797ad4e6b9c0092cb0a476400 - - default default] 162.253.55.119 "GET /v2.0/ports?device_id=e94c0d52-2270-4515-9cbb-8405c858fae8 HTTP/1.1" status: 200 len: 1172 time: 0.0472047
2026-09-07 12:01:07.268 10 INFO neutron.wsgi [req-32928192-917d-4e61-b36b-7c3ba767ffd0 req-c67fa343-3ec5-40fc-b19e-309b3cf6102f 4e3b156302274e5cb80fcfbb2059c3aa a82861a62c5249089679b869c5e56c55 - - default default] 10.0.0.14 "GET /v2.0/ports?device_id=76b1b62e-c9e6-4f2e-a419-2ddd2886a0dd HTTP/1.1" status: 200 len: 1174 time: 0.2462387 /var/lib/openstack/lib/python3.10/site-packages/pycadf/identifier.py:71: UserWarning: Invalid uuid: neutron. To ensure interoperability, identifiers should be a valid uuid. warnings.warn(('Invalid uuid: %s. To ensure interoperability, '
2026-09-07 12:01:07.318 10 INFO neutron.wsgi [req-e3c4e238-440e-44c1-a453-762c994cd18a req-c7707191-e054-4070-9dcb-c77c14f679a9 dd4b4817d85b498d90bae7315c4c8586 fbb3052ab7c6487a8aa13f9d870aa530 - - default default] 10.0.0.14 "GET /v2.0/ports?device_id=cb912a2c-548b-4f39-9af1-32aa9b92bb6d HTTP/1.1" status: 200 len: 1170 time: 0.3321707
2026-09-07 12:01:07.382 10 INFO neutron.wsgi [req-e3c4e238-440e-44c1-a453-762c994cd18a req-358689f1-3b5f-4f23-9078-797ab70999ef dd4b4817d85b498d90bae7315c4c8586 fbb3052ab7c6487a8aa13f9d870aa530 - - default default] 10.0.0.14 "GET /v2.0/security-groups?id=dea27379-47ba-4e68-93f2-1d6ca427bf7e&fields=id&fields=name HTTP/1.1" status: 200 len: 286 time: 0.0554655
2026-09-07 12:01:07.529 10 INFO neutron.wsgi [None req-bf21c5ae-35d6-44e6-ba6e-cb1528b1db7b d403138ce1744eceb8073d7c09038044 7a132d323ce842f0afd0a5cb693f9d83 - - default default] 10.0.0.142 "GET /v2.0/floatingips HTTP/1.1" status: 200 len: 1573 time: 0.2865548
2026-09-07 12:01:07.534 11 INFO neutron.db.l3_db [None req-a899b369-0bee-460a-a60b-7dcc5f7ad95e 4e3b156302274e5cb80fcfbb2059c3aa a82861a62c5249089679b869c5e56c55 - - - -] Floating IP 1b27c6e7-7f40-4c82-b51a-1008836b42ce associated. External IP: 10.96.250.210, port: e70355ed-8568-434e-be81-b8e9cecb2f75.
2026-09-07 12:01:07.548 10 INFO neutron.notifiers.nova [-] Nova event matching ['req-0dc3611f-e5f7-4f71-82a8-fdde66795ee0'] response: {'server_uuid': 'cb912a2c-548b-4f39-9af1-32aa9b92bb6d', 'name': 'network-vif-plugged', 'status': 'completed', 'tag': '62dc4adc-4fdd-488f-bb57-c6be6df1eac0', 'code': 200}
2026-09-07 12:01:07.623 10 INFO neutron.db.l3_db [None req-6758cbc9-8585-4c00-bc5b-6ffe3f0f6b47 92c26326a9e647459ca8937419d81692 1bf799b797ad4e6b9c0092cb0a476400 - - - -] Floating IP 31783014-2372-494c-9332-b69f52cc0ecf disassociated. External IP: 10.96.250.203, port: f8b87bd8-c00b-4f4b-802f-a5baa010c6d6.
2026-09-07 12:01:07.714 10 INFO neutron.wsgi [None req-8207ee66-8b6d-40dd-b766-ae1c45252ecd d403138ce1744eceb8073d7c09038044 7a132d323ce842f0afd0a5cb693f9d83 - - default default] 10.0.0.142 "GET /v2.0/security-groups HTTP/1.1" status: 200 len: 30614 time: 0.1835399
2026-09-07 12:01:07.739 11 INFO neutron.db.ovn_revision_numbers_db [None req-a899b369-0bee-460a-a60b-7dcc5f7ad95e 4e3b156302274e5cb80fcfbb2059c3aa a82861a62c5249089679b869c5e56c55 - - - -] Successfully bumped revision number for resource 1b27c6e7-7f40-4c82-b51a-1008836b42ce (type: floatingips) to 1
2026-09-07 12:01:07.740 10 INFO neutron.wsgi [None req-a545dfec-9ab6-4108-9eef-9f5cbb04a829 d403138ce1744eceb8073d7c09038044 7a132d323ce842f0afd0a5cb693f9d83 - - default default] 10.0.0.142 "GET /v2.0/agents HTTP/1.1" status: 200 len: 997 time: 0.0115924
2026-09-07 12:01:07.786 11 INFO neutron.notifiers.nova [-] Nova event matching ['req-84884980-1f00-4774-aad7-4d8ab3e67ed7'] response: {'name': 'network-changed', 'server_uuid': 'e94c0d52-2270-4515-9cbb-8405c858fae8', 'tag': 'f8b87bd8-c00b-4f4b-802f-a5baa010c6d6', 'status': 'completed', 'code': 200}
2026-09-07 12:01:07.786 11 INFO neutron.notifiers.nova [-] Nova event matching ['req-84884980-1f00-4774-aad7-4d8ab3e67ed7'] response: {'server_uuid': 'e94c0d52-2270-4515-9cbb-8405c858fae8', 'name': 'network-vif-unplugged', 'status': 'completed', 'tag': 'f8b87bd8-c00b-4f4b-802f-a5baa010c6d6', 'code': 200}
2026-09-07 12:01:07.786 11 INFO neutron.notifiers.nova [-] Nova event matching ['req-84884980-1f00-4774-aad7-4d8ab3e67ed7'] response: {'server_uuid': 'e94c0d52-2270-4515-9cbb-8405c858fae8', 'name': 'network-vif-plugged', 'status': 'completed', 'tag': 'f8b87bd8-c00b-4f4b-802f-a5baa010c6d6', 'code': 200}
2026-09-07 12:01:07.801 10 INFO neutron.plugins.ml2.drivers.ovn.mech_driver.mech_driver [None req-313176cf-d53f-4311-8fb9-daf873312325 - - - - - -] OVN reports status down for port: 62dc4adc-4fdd-488f-bb57-c6be6df1eac0
2026-09-07 12:01:07.811 10 INFO neutron.wsgi [None req-ae816e4a-b0de-4137-be7b-0d997dad1fea d403138ce1744eceb8073d7c09038044 7a132d323ce842f0afd0a5cb693f9d83 - - default default] 10.0.0.142 "GET /v2.0/subnets HTTP/1.1" status: 200 len: 3420 time: 0.0670199 /var/lib/openstack/lib/python3.10/site-packages/pycadf/identifier.py:71: UserWarning: Invalid uuid: neutron. To ensure interoperability, identifiers should be a valid uuid. warnings.warn(('Invalid uuid: %s. To ensure interoperability, '
2026-09-07 12:01:07.827 10 INFO neutron.wsgi [req-f16231d4-d47d-4000-bc16-e5d840ca8ec0 req-38dd92fc-12c7-4941-accb-0cb263c81395 dd4b4817d85b498d90bae7315c4c8586 fbb3052ab7c6487a8aa13f9d870aa530 - - default default] 10.0.0.14 "GET /v2.0/ports?device_id=cb912a2c-548b-4f39-9af1-32aa9b92bb6d HTTP/1.1" status: 200 len: 1170 time: 0.0743973
2026-09-07 12:01:07.848 11 INFO neutron.wsgi [req-54761047-2ec6-4509-9e3a-e0e9bcd6dcd7 req-f67ca666-f9da-4d1f-a1ff-0a7f355b99c8 2824304a5d8e4b138bd91380e055924d f7beba7ba89940159358713cdd54b77c - - 98a0bd3542fd4f8dbfed0a5f0ac97cd2 98a0bd3542fd4f8dbfed0a5f0ac97cd2] 162.253.55.119 "GET /v2.0/ports?tenant_id=1bf799b797ad4e6b9c0092cb0a476400&device_id=e94c0d52-2270-4515-9cbb-8405c858fae8 HTTP/1.1" status: 200 len: 210 time: 0.0382977
2026-09-07 12:01:07.856 11 INFO neutron.db.ovn_revision_numbers_db [None req-a899b369-0bee-460a-a60b-7dcc5f7ad95e 4e3b156302274e5cb80fcfbb2059c3aa a82861a62c5249089679b869c5e56c55 - - - -] Successfully bumped revision number for resource 1b27c6e7-7f40-4c82-b51a-1008836b42ce (type: floatingips) to 2
2026-09-07 12:01:07.873 10 INFO neutron.wsgi [None req-272e129c-4d68-4e51-89ed-3f279560cb8c d403138ce1744eceb8073d7c09038044 7a132d323ce842f0afd0a5cb693f9d83 - - default default] 10.0.0.142 "GET /v2.0/subnetpools HTTP/1.1" status: 200 len: 193 time: 0.0503347
2026-09-07 12:01:07.877 11 INFO neutron.wsgi [None req-a899b369-0bee-460a-a60b-7dcc5f7ad95e 4e3b156302274e5cb80fcfbb2059c3aa a82861a62c5249089679b869c5e56c55 - - - -] 10.0.0.114 "PUT /v2.0/floatingips/1b27c6e7-7f40-4c82-b51a-1008836b42ce HTTP/1.1" status: 200 len: 1050 time: 0.5939522
2026-09-07 12:01:07.896 10 INFO neutron.wsgi [req-fea64c2d-395a-4b2c-bd5a-89d1deb7c49c req-49b659c4-fab4-4996-9328-ad3bc21f3c94 92c26326a9e647459ca8937419d81692 1bf799b797ad4e6b9c0092cb0a476400 - - default default] 10.0.0.14 "GET /v2.0/ports?device_id=e94c0d52-2270-4515-9cbb-8405c858fae8 HTTP/1.1" status: 200 len: 210 time: 0.0598989
2026-09-07 12:01:07.917 10 INFO neutron.wsgi [req-f16231d4-d47d-4000-bc16-e5d840ca8ec0 req-27e3ab4b-6978-4fec-a094-3e3828c0221c dd4b4817d85b498d90bae7315c4c8586 fbb3052ab7c6487a8aa13f9d870aa530 - - default default] 10.0.0.14 "GET /v2.0/security-groups?id=dea27379-47ba-4e68-93f2-1d6ca427bf7e&fields=id&fields=name HTTP/1.1" status: 200 len: 286 time: 0.0788050
2026-09-07 12:01:07.924 10 INFO neutron.wsgi [None req-6758cbc9-8585-4c00-bc5b-6ffe3f0f6b47 92c26326a9e647459ca8937419d81692 1bf799b797ad4e6b9c0092cb0a476400 - - - -] 162.253.55.119 "DELETE /v2.0/ports/f8b87bd8-c00b-4f4b-802f-a5baa010c6d6 HTTP/1.1" status: 204 len: 173 time: 0.9777131
2026-09-07 12:01:08.021 10 INFO neutron.wsgi [None req-b2d3232b-01f9-4b2d-8caf-32ddfd11df8e d403138ce1744eceb8073d7c09038044 7a132d323ce842f0afd0a5cb693f9d83 - - default default] 10.0.0.142 "GET /v2.0/networks HTTP/1.1" status: 200 len: 4644 time: 0.1349010
2026-09-07 12:01:08.039 10 INFO neutron.wsgi [req-c7890de5-9a76-4948-bf6e-2b8a52e83e10 req-56b314f0-aaf9-46cb-9e06-109cce07095c 4e3b156302274e5cb80fcfbb2059c3aa a82861a62c5249089679b869c5e56c55 - - default default] 10.0.0.14 "GET /v2.0/ports?device_id=76b1b62e-c9e6-4f2e-a419-2ddd2886a0dd HTTP/1.1" status: 200 len: 1174 time: 0.0645516
2026-09-07 12:01:08.116 10 INFO neutron.wsgi [None req-c7a50e5a-8fc6-4c51-a6ea-cf7c4ed854ce d403138ce1744eceb8073d7c09038044 7a132d323ce842f0afd0a5cb693f9d83 - - default default] 10.0.0.142 "GET /v2.0/subnets HTTP/1.1" status: 200 len: 3420 time: 0.0901704
2026-09-07 12:01:08.186 10 INFO neutron.wsgi [req-60df3fe3-aed4-41dd-aebf-4a41701fd0df req-aa568c34-2099-4da2-ac4a-72138e334455 dd4b4817d85b498d90bae7315c4c8586 fbb3052ab7c6487a8aa13f9d870aa530 - - default default] 162.253.55.119 "GET /v2.0/ports?device_id=cb912a2c-548b-4f39-9af1-32aa9b92bb6d HTTP/1.1" status: 200 len: 1168 time: 0.1037393
2026-09-07 12:01:08.188 10 INFO neutron.wsgi [req-c7890de5-9a76-4948-bf6e-2b8a52e83e10 req-9020744e-6dba-4891-a513-c297601f64a7 4e3b156302274e5cb80fcfbb2059c3aa a82861a62c5249089679b869c5e56c55 - - default default] 10.0.0.14 "GET /v2.0/security-groups?id=305e2851-3eed-467b-9f02-8d07bac38c86&fields=id&fields=name HTTP/1.1" status: 200 len: 312 time: 0.1384315
2026-09-07 12:01:08.207 10 INFO neutron.wsgi [None req-fc0aa376-efa4-41d0-b139-3f68aadd611e d403138ce1744eceb8073d7c09038044 7a132d323ce842f0afd0a5cb693f9d83 - - default default] 10.0.0.142 "GET /v2.0/ports HTTP/1.1" status: 200 len: 19073 time: 0.0878527
2026-09-07 12:01:08.568 10 INFO neutron.wsgi [None req-0fc0f52b-5c4c-4833-9a18-65042149f8b8 d403138ce1744eceb8073d7c09038044 7a132d323ce842f0afd0a5cb693f9d83 - - default default] 10.0.0.142 "GET /v2.0/routers HTTP/1.1" status: 200 len: 2223 time: 0.3364689
2026-09-07 12:01:08.622 10 INFO neutron.wsgi [None req-75c1e8b1-d989-47bf-9236-7a85479d5652 d403138ce1744eceb8073d7c09038044 7a132d323ce842f0afd0a5cb693f9d83 - - default default] 10.0.0.142 "GET /v2.0/agents?binary=ovn-controller HTTP/1.1" status: 200 len: 591 time: 0.0498626
2026-09-07 12:01:08.644 10 INFO neutron.db.ovn_revision_numbers_db [None req-39384b3c-3e04-4ed3-bae1-c6ed10678834 d403138ce1744eceb8073d7c09038044 7a132d323ce842f0afd0a5cb693f9d83 - - default default] Successfully bumped revision number for resource 5064b014-5747-43e8-8880-f8f498dd3aed (type: security_groups) to 1
2026-09-07 12:01:08.691 10 INFO neutron.wsgi [None req-eab751ea-b79a-4da1-902c-69151714eb29 d403138ce1744eceb8073d7c09038044 7a132d323ce842f0afd0a5cb693f9d83 - - default default] 10.0.0.142 "GET /v2.0/network-ip-availabilities HTTP/1.1" status: 200 len: 2738 time: 0.0633564
2026-09-07 12:01:08.697 10 INFO neutron.wsgi [None req-39384b3c-3e04-4ed3-bae1-c6ed10678834 d403138ce1744eceb8073d7c09038044 7a132d323ce842f0afd0a5cb693f9d83 - - default default] 10.0.0.114 "GET /v2.0/security-groups?tenant_id=b2d29bac0747429c86c74ddf9dbc4802&name=default HTTP/1.1" status: 200 len: 2996 time: 0.7442479
2026-09-07 12:01:08.727 10 INFO neutron.db.ovn_revision_numbers_db [None req-313176cf-d53f-4311-8fb9-daf873312325 - - - - - -] Successfully bumped revision number for resource 62dc4adc-4fdd-488f-bb57-c6be6df1eac0 (type: ports) to 5
2026-09-07 12:01:08.899 10 INFO neutron.wsgi [None req-5796dcad-9453-460f-a9db-9483bef3562f dd4b4817d85b498d90bae7315c4c8586 fbb3052ab7c6487a8aa13f9d870aa530 - - - -] 162.253.55.119 "DELETE /v2.0/ports/62dc4adc-4fdd-488f-bb57-c6be6df1eac0 HTTP/1.1" status: 204 len: 173 time: 0.7025969
2026-09-07 12:01:08.906 11 INFO neutron.wsgi [None req-5ec4a0b7-8092-4ad0-9af7-a30e0dc01612 d403138ce1744eceb8073d7c09038044 7a132d323ce842f0afd0a5cb693f9d83 - - - -] 10.0.0.114 "DELETE /v2.0/security-groups/5064b014-5747-43e8-8880-f8f498dd3aed HTTP/1.1" status: 204 len: 168 time: 0.2011278 /var/lib/openstack/lib/python3.10/site-packages/pycadf/identifier.py:71: UserWarning: Invalid uuid: neutron. To ensure interoperability, identifiers should be a valid uuid. warnings.warn(('Invalid uuid: %s. To ensure interoperability, '
2026-09-07 12:01:09.088 10 INFO neutron.wsgi [req-e5c09211-bd14-463b-8be1-127c4d5bfe22 req-2e335d89-96a7-4094-b61e-e3ca2b6e0417 dd4b4817d85b498d90bae7315c4c8586 fbb3052ab7c6487a8aa13f9d870aa530 - - default default] 10.0.0.14 "GET /v2.0/ports?device_id=cb912a2c-548b-4f39-9af1-32aa9b92bb6d HTTP/1.1" status: 200 len: 210 time: 0.0361226
2026-09-07 12:01:09.122 11 INFO neutron.db.ovn_revision_numbers_db [None req-d1877b1b-0448-4b84-8be1-9ff1d1d43684 d403138ce1744eceb8073d7c09038044 7a132d323ce842f0afd0a5cb693f9d83 - - default default] Successfully bumped revision number for resource 0d57b95d-1843-4905-bb5f-a66657275054 (type: security_groups) to 1
2026-09-07 12:01:09.145 11 INFO neutron.wsgi [None req-d1877b1b-0448-4b84-8be1-9ff1d1d43684 d403138ce1744eceb8073d7c09038044 7a132d323ce842f0afd0a5cb693f9d83 - - default default] 10.0.0.114 "GET /v2.0/security-groups?tenant_id=97760bccb8c64d2394afaea2d357a6aa&name=default HTTP/1.1" status: 200 len: 2996 time: 0.1368752
2026-09-07 12:01:09.181 11 INFO neutron.wsgi [None req-30b5ada8-c214-48d1-8601-d0287c66231c 92c26326a9e647459ca8937419d81692 1bf799b797ad4e6b9c0092cb0a476400 - - - -] 10.0.0.114 "DELETE /v2.0/security-groups/37324020-f2a3-44a3-84cc-ac68cd609966 HTTP/1.1" status: 204 len: 168 time: 0.1587906
2026-09-07 12:01:09.195 11 INFO neutron.api.v2.resource [None req-d2785650-6841-4171-9ae6-39500294636b 92c26326a9e647459ca8937419d81692 1bf799b797ad4e6b9c0092cb0a476400 - - default default] show failed (client error): The resource could not be found.
2026-09-07 12:01:09.196 11 INFO neutron.wsgi [None req-d2785650-6841-4171-9ae6-39500294636b 92c26326a9e647459ca8937419d81692 1bf799b797ad4e6b9c0092cb0a476400 - - default default] 10.0.0.114 "GET /v2.0/security-groups/37324020-f2a3-44a3-84cc-ac68cd609966 HTTP/1.1" status: 404 len: 347 time: 0.0100443
2026-09-07 12:01:09.406 10 INFO neutron.wsgi [None req-a0a11aff-5529-4412-ae0a-198a44940926 d403138ce1744eceb8073d7c09038044 7a132d323ce842f0afd0a5cb693f9d83 - - - -] 10.0.0.114 "DELETE /v2.0/security-groups/0d57b95d-1843-4905-bb5f-a66657275054 HTTP/1.1" status: 204 len: 168 time: 0.2516518
2026-09-07 12:01:09.534 11 INFO neutron.wsgi [None req-c6db79b2-afb6-4baf-b777-6ea963ff36c4 92c26326a9e647459ca8937419d81692 1bf799b797ad4e6b9c0092cb0a476400 - - - -] 10.0.0.114 "DELETE /v2.0/floatingips/31783014-2372-494c-9332-b69f52cc0ecf HTTP/1.1" status: 204 len: 168 time: 0.3318517
2026-09-07 12:01:09.618 10 INFO neutron.notifiers.nova [-] Nova event matching ['req-882b309f-76fb-4755-ae0c-262da0695dde'] response: {'server_uuid': 'e94c0d52-2270-4515-9cbb-8405c858fae8', 'name': 'network-vif-deleted', 'tag': 'f8b87bd8-c00b-4f4b-802f-a5baa010c6d6', 'status': 'completed', 'code': 200}
2026-09-07 12:01:09.619 10 INFO neutron.notifiers.nova [-] Nova event matching ['req-882b309f-76fb-4755-ae0c-262da0695dde'] response: {'server_uuid': 'cb912a2c-548b-4f39-9af1-32aa9b92bb6d', 'name': 'network-vif-unplugged', 'status': 'completed', 'tag': '62dc4adc-4fdd-488f-bb57-c6be6df1eac0', 'code': 200}
2026-09-07 12:01:09.619 10 INFO neutron.notifiers.nova [-] Nova event matching ['req-882b309f-76fb-4755-ae0c-262da0695dde'] response: {'server_uuid': 'cb912a2c-548b-4f39-9af1-32aa9b92bb6d', 'name': 'network-vif-plugged', 'status': 'completed', 'tag': '62dc4adc-4fdd-488f-bb57-c6be6df1eac0', 'code': 200}
2026-09-07 12:01:09.619 10 INFO neutron.notifiers.nova [-] Nova event matching ['req-882b309f-76fb-4755-ae0c-262da0695dde'] response: {'server_uuid': 'cb912a2c-548b-4f39-9af1-32aa9b92bb6d', 'name': 'network-vif-deleted', 'tag': '62dc4adc-4fdd-488f-bb57-c6be6df1eac0', 'status': 'completed', 'code': 200}
2026-09-07 12:01:09.831 11 INFO neutron.notifiers.nova [-] Nova event matching ['req-e15da7f9-3bc9-40eb-8b52-e922f9ef15ea'] response: {'name': 'network-changed', 'server_uuid': '76b1b62e-c9e6-4f2e-a419-2ddd2886a0dd', 'tag': 'e70355ed-8568-434e-be81-b8e9cecb2f75', 'status': 'completed', 'code': 200}
2026-09-07 12:01:09.906 10 INFO neutron.wsgi [req-4933f362-72d9-478c-9bc9-a5356da67484 req-74cf54ae-f38d-4de1-918d-796a9fb88309 2824304a5d8e4b138bd91380e055924d f7beba7ba89940159358713cdd54b77c - - 98a0bd3542fd4f8dbfed0a5f0ac97cd2 98a0bd3542fd4f8dbfed0a5f0ac97cd2] 162.253.55.119 "GET /v2.0/ports?tenant_id=a82861a62c5249089679b869c5e56c55&device_id=76b1b62e-c9e6-4f2e-a419-2ddd2886a0dd HTTP/1.1" status: 200 len: 1365 time: 0.0589590
2026-09-07 12:01:10.010 10 INFO neutron.wsgi [req-4933f362-72d9-478c-9bc9-a5356da67484 req-a4c86498-fbd7-4720-bf80-2ee9ef6cecb0 2824304a5d8e4b138bd91380e055924d f7beba7ba89940159358713cdd54b77c - - 98a0bd3542fd4f8dbfed0a5f0ac97cd2 98a0bd3542fd4f8dbfed0a5f0ac97cd2] 162.253.55.119 "GET /v2.0/networks?id=95be3022-1edd-41ce-b65c-10da0e221b03 HTTP/1.1" status: 200 len: 982 time: 0.0961123
2026-09-07 12:01:10.093 10 INFO neutron.wsgi [req-4933f362-72d9-478c-9bc9-a5356da67484 req-5cad01e0-7ce4-4810-b2e9-747c935a44bf 2824304a5d8e4b138bd91380e055924d f7beba7ba89940159358713cdd54b77c - - 98a0bd3542fd4f8dbfed0a5f0ac97cd2 98a0bd3542fd4f8dbfed0a5f0ac97cd2] 162.253.55.119 "GET /v2.0/floatingips?fixed_ip_address=10.100.0.10&port_id=e70355ed-8568-434e-be81-b8e9cecb2f75 HTTP/1.1" status: 200 len: 1060 time: 0.0756907
2026-09-07 12:01:10.125 10 INFO neutron.wsgi [req-4933f362-72d9-478c-9bc9-a5356da67484 req-bdc028dd-aa1f-4c6d-b40b-baa992f60721 2824304a5d8e4b138bd91380e055924d f7beba7ba89940159358713cdd54b77c - - 98a0bd3542fd4f8dbfed0a5f0ac97cd2 98a0bd3542fd4f8dbfed0a5f0ac97cd2] 162.253.55.119 "GET /v2.0/subnets?id=2d5aeeae-5d8a-473f-b0c3-7a24a3c35280 HTTP/1.1" status: 200 len: 877 time: 0.0272031
2026-09-07 12:01:10.155 10 INFO neutron.wsgi [req-4933f362-72d9-478c-9bc9-a5356da67484 req-f56e7026-762c-4172-9867-9b1535681cbb 2824304a5d8e4b138bd91380e055924d f7beba7ba89940159358713cdd54b77c - - 98a0bd3542fd4f8dbfed0a5f0ac97cd2 98a0bd3542fd4f8dbfed0a5f0ac97cd2] 162.253.55.119 "GET /v2.0/ports?network_id=95be3022-1edd-41ce-b65c-10da0e221b03&device_owner=network%3Adhcp HTTP/1.1" status: 200 len: 210 time: 0.0221620
2026-09-07 12:01:10.219 10 INFO neutron.wsgi [req-4933f362-72d9-478c-9bc9-a5356da67484 req-f440b629-144c-4045-b2b6-7d7e679d9388 2824304a5d8e4b138bd91380e055924d f7beba7ba89940159358713cdd54b77c - - 98a0bd3542fd4f8dbfed0a5f0ac97cd2 98a0bd3542fd4f8dbfed0a5f0ac97cd2] 162.253.55.119 "GET /v2.0/networks/95be3022-1edd-41ce-b65c-10da0e221b03?fields=segments HTTP/1.1" status: 200 len: 212 time: 0.0533938
2026-09-07 12:01:10.303 10 INFO neutron.wsgi [req-4933f362-72d9-478c-9bc9-a5356da67484 req-25b7fe0f-ff12-4120-ab3d-511739f62c72 2824304a5d8e4b138bd91380e055924d f7beba7ba89940159358713cdd54b77c - - 98a0bd3542fd4f8dbfed0a5f0ac97cd2 98a0bd3542fd4f8dbfed0a5f0ac97cd2] 162.253.55.119 "GET /v2.0/networks/95be3022-1edd-41ce-b65c-10da0e221b03?fields=provider%3Aphysical_network&fields=provider%3Anetwork_type HTTP/1.1" status: 200 len: 277 time: 0.0798867
2026-09-07 12:01:11.166 11 INFO neutron.wsgi [None req-b225db7c-5b55-4717-a95a-4b34a2254c3d d403138ce1744eceb8073d7c09038044 7a132d323ce842f0afd0a5cb693f9d83 - - - -] 10.0.0.114 "PUT /v2.0/routers/b022f000-a3e6-4705-9dbb-ac4ce1102aa2/remove_router_interface HTTP/1.1" status: 200 len: 503 time: 1.6273186
2026-09-07 12:01:11.588 11 INFO neutron.wsgi [-] 10.0.0.6 "GET / HTTP/1.1" status: 200 len: 247 time: 0.0054758
2026-09-07 12:01:11.592 11 INFO neutron.wsgi [-] 10.0.0.6 "GET / HTTP/1.1" status: 200 len: 247 time: 0.0026355
2026-09-07 12:01:11.645 11 INFO neutron.wsgi [None req-65d5591c-b32a-4b3c-ad73-91cede3829df d403138ce1744eceb8073d7c09038044 7a132d323ce842f0afd0a5cb693f9d83 - - - -] 10.0.0.114 "PUT /v2.0/routers/f0e60f97-19fd-4cd3-8c15-2ac7058a5beb/remove_router_interface HTTP/1.1" status: 200 len: 503 time: 1.4771121 /var/lib/openstack/lib/python3.10/site-packages/pycadf/identifier.py:71: UserWarning: Invalid uuid: neutron. To ensure interoperability, identifiers should be a valid uuid. warnings.warn(('Invalid uuid: %s. To ensure interoperability, '
2026-09-07 12:01:11.877 10 INFO neutron.wsgi [None req-616f7190-ab3b-4d77-b39e-7275bd4954fb d403138ce1744eceb8073d7c09038044 7a132d323ce842f0afd0a5cb693f9d83 - - - -] 10.0.0.114 "DELETE /v2.0/routers/b022f000-a3e6-4705-9dbb-ac4ce1102aa2 HTTP/1.1" status: 204 len: 168 time: 0.7056739
2026-09-07 12:01:12.046 10 INFO neutron.wsgi [None req-fd549fe6-5a3d-4acb-b426-322ddb1a4185 d403138ce1744eceb8073d7c09038044 7a132d323ce842f0afd0a5cb693f9d83 - - - -] 10.0.0.114 "DELETE /v2.0/subnets/700c62dc-6e47-4548-99c9-d6d57c92333b HTTP/1.1" status: 204 len: 168 time: 0.1619589
2026-09-07 12:01:12.235 11 INFO neutron.wsgi [None req-56f5c82b-2432-4d89-80b8-04da0843a235 d403138ce1744eceb8073d7c09038044 7a132d323ce842f0afd0a5cb693f9d83 - - - -] 10.0.0.114 "DELETE /v2.0/routers/f0e60f97-19fd-4cd3-8c15-2ac7058a5beb HTTP/1.1" status: 204 len: 168 time: 0.5851643
2026-09-07 12:01:12.459 10 INFO neutron.services.segments.plugin [-] Segment 656bf3c0-94ec-428d-b76c-19ef1e3baf50 resource provider aggregate not found
2026-09-07 12:01:12.466 10 INFO neutron.services.segments.plugin [-] Segment 656bf3c0-94ec-428d-b76c-19ef1e3baf50 resource provider aggregate not found
2026-09-07 12:01:12.486 10 INFO neutron.services.segments.plugin [-] Segment 656bf3c0-94ec-428d-b76c-19ef1e3baf50 resource provider not found; error: Placement Client Error (4xx): {"errors": [{"status": 404, "title": "Not Found", "detail": "The resource could not be found.\n\n No resource provider with uuid 656bf3c0-94ec-428d-b76c-19ef1e3baf50 found for delete ", "request_id": "req-1657b6b3-22ef-47fc-adf8-dc6b5570ad73"}]}
2026-09-07 12:01:12.487 10 INFO neutron.services.segments.plugin [-] Segment 656bf3c0-94ec-428d-b76c-19ef1e3baf50 resource provider not found; error: Placement Client Error (4xx): {"errors": [{"status": 404, "title": "Not Found", "detail": "The resource could not be found.\n\n No resource provider with uuid 656bf3c0-94ec-428d-b76c-19ef1e3baf50 found for delete ", "request_id": "req-169bdc69-9ddf-4c23-8354-3ee06f1b5b05"}]}
2026-09-07 12:01:12.519 10 INFO neutron.wsgi [None req-fe613d5d-8511-4407-82ad-adfb3763fd24 d403138ce1744eceb8073d7c09038044 7a132d323ce842f0afd0a5cb693f9d83 - - - -] 10.0.0.114 "DELETE /v2.0/networks/7ebfc4f7-64e0-4545-9309-152b0f690642 HTTP/1.1" status: 204 len: 168 time: 0.4666522
2026-09-07 12:01:12.539 10 INFO neutron.wsgi [None req-85f79d85-420c-42a5-8e14-2f41ba31b72a d403138ce1744eceb8073d7c09038044 7a132d323ce842f0afd0a5cb693f9d83 - - - -] 10.0.0.114 "DELETE /v2.0/subnets/1b703afb-10b3-4743-bc62-10a8ca475d5c HTTP/1.1" status: 204 len: 168 time: 0.2960410
2026-09-07 12:01:12.669 11 INFO neutron.wsgi [None req-55297390-2d97-449a-a882-ac81a5317578 d403138ce1744eceb8073d7c09038044 7a132d323ce842f0afd0a5cb693f9d83 - - default default] 10.0.0.114 "GET /v2.0/security-groups?tenant_id=1bf799b797ad4e6b9c0092cb0a476400&name=default HTTP/1.1" status: 200 len: 2992 time: 0.0221014
2026-09-07 12:01:12.835 11 INFO neutron.wsgi [None req-e5b21a38-dd47-49d0-a12a-1e989b3607b8 d403138ce1744eceb8073d7c09038044 7a132d323ce842f0afd0a5cb693f9d83 - - - -] 10.0.0.114 "DELETE /v2.0/security-groups/a899f3ca-f5d3-4ba1-9708-519e2379db70 HTTP/1.1" status: 204 len: 168 time: 0.1622443
2026-09-07 12:01:13.102 10 INFO neutron.wsgi [None req-89b678c4-0705-4715-a5e2-d1fd3735381e d403138ce1744eceb8073d7c09038044 7a132d323ce842f0afd0a5cb693f9d83 - - - -] 10.0.0.114 "DELETE /v2.0/networks/61329ef3-f9bf-4638-86db-85806c45531b HTTP/1.1" status: 204 len: 168 time: 0.5593345
2026-09-07 12:01:13.372 11 INFO neutron.wsgi [None req-a636bf69-46f1-4c0b-bd61-c9e7f42941f0 d403138ce1744eceb8073d7c09038044 7a132d323ce842f0afd0a5cb693f9d83 - - default default] 10.0.0.114 "GET /v2.0/security-groups?tenant_id=fbb3052ab7c6487a8aa13f9d870aa530&name=default HTTP/1.1" status: 200 len: 2996 time: 0.0358195
2026-09-07 12:01:13.551 10 INFO neutron.wsgi [None req-bfb7b82b-75d2-4faa-b40e-7e60d24c8d79 d403138ce1744eceb8073d7c09038044 7a132d323ce842f0afd0a5cb693f9d83 - - - -] 10.0.0.114 "DELETE /v2.0/security-groups/dea27379-47ba-4e68-93f2-1d6ca427bf7e HTTP/1.1" status: 204 len: 168 time: 0.1684668
2026-09-07 12:01:14.510 10 INFO neutron.services.segments.plugin [-] Segment 51a412fc-1380-49b0-856f-a7d1315d6f2e resource provider aggregate not found
2026-09-07 12:01:14.517 10 INFO neutron.services.segments.plugin [-] Segment 51a412fc-1380-49b0-856f-a7d1315d6f2e resource provider aggregate not found
2026-09-07 12:01:14.533 10 INFO neutron.services.segments.plugin [-] Segment 51a412fc-1380-49b0-856f-a7d1315d6f2e resource provider not found; error: Placement Client Error (4xx): {"errors": [{"status": 404, "title": "Not Found", "detail": "The resource could not be found.\n\n No resource provider with uuid 51a412fc-1380-49b0-856f-a7d1315d6f2e found for delete ", "request_id": "req-f3c66467-6f3f-4ec8-a288-10016a4dd189"}]}
2026-09-07 12:01:14.535 10 INFO neutron.services.segments.plugin [-] Segment 51a412fc-1380-49b0-856f-a7d1315d6f2e resource provider not found; error: Placement Client Error (4xx): {"errors": [{"status": 404, "title": "Not Found", "detail": "The resource could not be found.\n\n No resource provider with uuid 51a412fc-1380-49b0-856f-a7d1315d6f2e found for delete ", "request_id": "req-3e674759-b988-41b5-bedf-a0542baf3ed6"}]}
2026-09-07 12:01:15.332 10 INFO neutron.db.ovn_revision_numbers_db [None req-9b26c2af-7a40-4364-964c-83a0dc6485cf d403138ce1744eceb8073d7c09038044 7a132d323ce842f0afd0a5cb693f9d83 - - - -] Successfully bumped revision number for resource 4e81c5ee-681f-4186-9845-95e128449878 (type: security_groups) to 1
2026-09-07 12:01:15.396 10 INFO neutron.db.segments_db [None req-9b26c2af-7a40-4364-964c-83a0dc6485cf d403138ce1744eceb8073d7c09038044 7a132d323ce842f0afd0a5cb693f9d83 - - - -] Added segment dd802150-2e5b-4dfc-91b0-c34d1dc0a9cf of type geneve for network be9261b1-1514-4ce9-ae6e-743596406d00
2026-09-07 12:01:15.510 10 INFO neutron.db.ovn_revision_numbers_db [None req-9b26c2af-7a40-4364-964c-83a0dc6485cf d403138ce1744eceb8073d7c09038044 7a132d323ce842f0afd0a5cb693f9d83 - - - -] Successfully bumped revision number for resource be9261b1-1514-4ce9-ae6e-743596406d00 (type: networks) to 1
2026-09-07 12:01:15.651 10 WARNING neutron.scheduler.dhcp_agent_scheduler [None req-9b26c2af-7a40-4364-964c-83a0dc6485cf d403138ce1744eceb8073d7c09038044 7a132d323ce842f0afd0a5cb693f9d83 - - - -] No more DHCP agents
2026-09-07 12:01:15.653 10 WARNING neutron.api.rpc.agentnotifiers.dhcp_rpc_agent_api [None req-9b26c2af-7a40-4364-964c-83a0dc6485cf d403138ce1744eceb8073d7c09038044 7a132d323ce842f0afd0a5cb693f9d83 - - - -] Unable to schedule network be9261b1-1514-4ce9-ae6e-743596406d00: no agents available; will retry on subsequent port and subnet creation events.
2026-09-07 12:01:15.709 10 INFO neutron.db.ovn_revision_numbers_db [None req-9b26c2af-7a40-4364-964c-83a0dc6485cf d403138ce1744eceb8073d7c09038044 7a132d323ce842f0afd0a5cb693f9d83 - - - -] Successfully bumped revision number for resource cf6bfae6-e289-4efa-835e-6eec2ca3aaf4 (type: ports) to 1
2026-09-07 12:01:15.732 10 INFO neutron.wsgi [None req-9b26c2af-7a40-4364-964c-83a0dc6485cf d403138ce1744eceb8073d7c09038044 7a132d323ce842f0afd0a5cb693f9d83 - - - -] 10.0.0.114 "POST /v2.0/networks HTTP/1.1" status: 201 len: 939 time: 0.7988949
2026-09-07 12:01:15.863 10 WARNING neutron.scheduler.dhcp_agent_scheduler [None req-70310f89-17f7-43bc-8d61-d47e501f725d d403138ce1744eceb8073d7c09038044 7a132d323ce842f0afd0a5cb693f9d83 - - - -] No more DHCP agents
2026-09-07 12:01:15.866 10 WARNING neutron.api.rpc.agentnotifiers.dhcp_rpc_agent_api [None req-70310f89-17f7-43bc-8d61-d47e501f725d d403138ce1744eceb8073d7c09038044 7a132d323ce842f0afd0a5cb693f9d83 - - - -] Unable to schedule network be9261b1-1514-4ce9-ae6e-743596406d00: no agents available; will retry on subsequent port and subnet creation events.
2026-09-07 12:01:16.096 11 INFO neutron.db.ovn_revision_numbers_db [None req-521f236f-87c3-4792-bf32-f603a53a3920 d403138ce1744eceb8073d7c09038044 7a132d323ce842f0afd0a5cb693f9d83 - - default default] Successfully bumped revision number for resource d3ddf816-6150-4093-8019-90e811782e98 (type: security_groups) to 1
2026-09-07 12:01:16.131 11 INFO neutron.wsgi [None req-521f236f-87c3-4792-bf32-f603a53a3920 d403138ce1744eceb8073d7c09038044 7a132d323ce842f0afd0a5cb693f9d83 - - default default] 10.0.0.114 "GET /v2.0/security-groups?tenant_id=f721c2ba8e434b858b7059235ed2149c&name=default HTTP/1.1" status: 200 len: 2996 time: 0.3060694
2026-09-07 12:01:16.238 10 INFO neutron.db.ovn_revision_numbers_db [None req-70310f89-17f7-43bc-8d61-d47e501f725d d403138ce1744eceb8073d7c09038044 7a132d323ce842f0afd0a5cb693f9d83 - - - -] Successfully bumped revision number for resource cf6bfae6-e289-4efa-835e-6eec2ca3aaf4 (type: ports) to 2
2026-09-07 12:01:16.250 10 INFO neutron.db.ovn_revision_numbers_db [None req-70310f89-17f7-43bc-8d61-d47e501f725d d403138ce1744eceb8073d7c09038044 7a132d323ce842f0afd0a5cb693f9d83 - - - -] Successfully bumped revision number for resource da58135c-8727-40fd-88fc-1fe072b4ea3d (type: subnets) to 0
2026-09-07 12:01:16.278 10 INFO neutron.wsgi [None req-70310f89-17f7-43bc-8d61-d47e501f725d d403138ce1744eceb8073d7c09038044 7a132d323ce842f0afd0a5cb693f9d83 - - - -] 10.0.0.114 "POST /v2.0/subnets HTTP/1.1" status: 201 len: 859 time: 0.5430267
2026-09-07 12:01:16.347 11 INFO neutron.wsgi [None req-6bb7211a-35b6-4ed7-8246-f2d9b69ff639 d403138ce1744eceb8073d7c09038044 7a132d323ce842f0afd0a5cb693f9d83 - - - -] 10.0.0.114 "DELETE /v2.0/security-groups/d3ddf816-6150-4093-8019-90e811782e98 HTTP/1.1" status: 204 len: 168 time: 0.2107131
2026-09-07 12:01:16.604 11 INFO neutron.db.ovn_revision_numbers_db [None req-ccc62742-ab56-4b10-a0df-a59450f8da6c d403138ce1744eceb8073d7c09038044 7a132d323ce842f0afd0a5cb693f9d83 - - default default] Successfully bumped revision number for resource af217b8e-6d7b-4682-addb-7bf9486e0118 (type: security_groups) to 1
2026-09-07 12:01:16.639 11 INFO neutron.wsgi [None req-ccc62742-ab56-4b10-a0df-a59450f8da6c d403138ce1744eceb8073d7c09038044 7a132d323ce842f0afd0a5cb693f9d83 - - default default] 10.0.0.114 "GET /v2.0/security-groups?tenant_id=08cc697102e743d9b43a5af6fac0e4ad&name=default HTTP/1.1" status: 200 len: 2996 time: 0.1513147
2026-09-07 12:01:16.702 11 WARNING neutron.scheduler.dhcp_agent_scheduler [None req-672a2633-7885-42a5-b962-5d06528878a9 d403138ce1744eceb8073d7c09038044 7a132d323ce842f0afd0a5cb693f9d83 - - - -] No more DHCP agents
2026-09-07 12:01:16.704 11 WARNING neutron.api.rpc.agentnotifiers.dhcp_rpc_agent_api [None req-672a2633-7885-42a5-b962-5d06528878a9 d403138ce1744eceb8073d7c09038044 7a132d323ce842f0afd0a5cb693f9d83 - - - -] Unable to schedule network ea6d7a53-7244-466b-9aae-a652e3279fcb: no agents available; will retry on subsequent port and subnet creation events.
2026-09-07 12:01:16.793 11 INFO neutron.db.ovn_revision_numbers_db [None req-672a2633-7885-42a5-b962-5d06528878a9 d403138ce1744eceb8073d7c09038044 7a132d323ce842f0afd0a5cb693f9d83 - - - -] Successfully bumped revision number for resource 6063100a-6421-4dad-93d6-63fce4178ee3 (type: ports) to 1
2026-09-07 12:01:16.856 10 INFO neutron.wsgi [None req-d53c3bb8-27b3-4f62-98c5-546bb2e2d32d d403138ce1744eceb8073d7c09038044 7a132d323ce842f0afd0a5cb693f9d83 - - - -] 10.0.0.114 "DELETE /v2.0/security-groups/af217b8e-6d7b-4682-addb-7bf9486e0118 HTTP/1.1" status: 204 len: 168 time: 0.2118721
