2026-09-07 12:01:17.454 10 INFO neutron.plugins.ml2.drivers.ovn.mech_driver.mech_driver [None req-313176cf-d53f-4311-8fb9-daf873312325 - - - - - -] OVN reports status up for port: 6063100a-6421-4dad-93d6-63fce4178ee3
2026-09-07 12:01:17.457 11 INFO neutron.db.ovn_revision_numbers_db [None req-672a2633-7885-42a5-b962-5d06528878a9 d403138ce1744eceb8073d7c09038044 7a132d323ce842f0afd0a5cb693f9d83 - - - -] Successfully bumped revision number for resource 6063100a-6421-4dad-93d6-63fce4178ee3 (type: router_ports) to 1
2026-09-07 12:01:17.476 10 INFO neutron.plugins.ml2.drivers.ovn.mech_driver.ovsdb.ovsdb_monitor [None req-e399731f-417b-4b1c-8c6d-31ae85895354 - - - - - -] Router 9be2edf7-311a-4cd7-8f17-99c27eb8db3f is bound to host instance
2026-09-07 12:01:17.479 10 INFO neutron.plugins.ml2.plugin [None req-313176cf-d53f-4311-8fb9-daf873312325 - - - - - -] Attempt 1 to provision port 6063100a-6421-4dad-93d6-63fce4178ee3
2026-09-07 12:01:17.532 11 INFO neutron.db.ovn_revision_numbers_db [None req-672a2633-7885-42a5-b962-5d06528878a9 d403138ce1744eceb8073d7c09038044 7a132d323ce842f0afd0a5cb693f9d83 - - - -] Successfully bumped revision number for resource 9be2edf7-311a-4cd7-8f17-99c27eb8db3f (type: routers) to 3
2026-09-07 12:01:17.546 11 INFO neutron.wsgi [None req-672a2633-7885-42a5-b962-5d06528878a9 d403138ce1744eceb8073d7c09038044 7a132d323ce842f0afd0a5cb693f9d83 - - - -] 10.0.0.114 "POST /v2.0/routers HTTP/1.1" status: 201 len: 870 time: 1.2623036
2026-09-07 12:01:17.829 10 INFO neutron.db.ovn_revision_numbers_db [None req-50204ad6-5651-4e6f-b30e-55383ce3f439 d403138ce1744eceb8073d7c09038044 7a132d323ce842f0afd0a5cb693f9d83 - - default default] Successfully bumped revision number for resource b7223e78-9fec-44f9-ac68-fc2f093d4979 (type: security_groups) to 1
2026-09-07 12:01:17.864 10 INFO neutron.wsgi [None req-50204ad6-5651-4e6f-b30e-55383ce3f439 d403138ce1744eceb8073d7c09038044 7a132d323ce842f0afd0a5cb693f9d83 - - default default] 10.0.0.114 "GET /v2.0/security-groups?tenant_id=dd13f5f93ca94222967546fda04a6b94&name=default HTTP/1.1" status: 200 len: 2996 time: 0.2961910
2026-09-07 12:01:18.015 11 WARNING neutron.scheduler.dhcp_agent_scheduler [None req-bc85a6b7-2c0b-40eb-9752-a2260f669e70 d403138ce1744eceb8073d7c09038044 7a132d323ce842f0afd0a5cb693f9d83 - - default default] No more DHCP agents
2026-09-07 12:01:18.019 11 WARNING neutron.api.rpc.agentnotifiers.dhcp_rpc_agent_api [None req-bc85a6b7-2c0b-40eb-9752-a2260f669e70 d403138ce1744eceb8073d7c09038044 7a132d323ce842f0afd0a5cb693f9d83 - - default default] Unable to schedule network be9261b1-1514-4ce9-ae6e-743596406d00: no agents available; will retry on subsequent port and subnet creation events.
2026-09-07 12:01:18.035 10 INFO neutron.db.ovn_revision_numbers_db [None req-e399731f-417b-4b1c-8c6d-31ae85895354 - - - - - -] Successfully bumped revision number for resource 6063100a-6421-4dad-93d6-63fce4178ee3 (type: ports) to 1
2026-09-07 12:01:18.153 11 INFO neutron.db.ovn_revision_numbers_db [None req-bc85a6b7-2c0b-40eb-9752-a2260f669e70 d403138ce1744eceb8073d7c09038044 7a132d323ce842f0afd0a5cb693f9d83 - - default default] Successfully bumped revision number for resource afa1831d-30e6-4d9f-8340-d2797f7b78ce (type: ports) to 1
2026-09-07 12:01:18.206 11 INFO neutron.wsgi [None req-4988fb38-9443-4b65-b64f-0032e50e3c33 d403138ce1744eceb8073d7c09038044 7a132d323ce842f0afd0a5cb693f9d83 - - - -] 10.0.0.114 "DELETE /v2.0/security-groups/b7223e78-9fec-44f9-ac68-fc2f093d4979 HTTP/1.1" status: 204 len: 168 time: 0.3330579
2026-09-07 12:01:18.266 10 INFO neutron.db.ovn_revision_numbers_db [None req-e399731f-417b-4b1c-8c6d-31ae85895354 - - - - - -] Successfully bumped revision number for resource 6063100a-6421-4dad-93d6-63fce4178ee3 (type: router_ports) to 3
2026-09-07 12:01:18.465 10 INFO neutron.db.ovn_revision_numbers_db [None req-e399731f-417b-4b1c-8c6d-31ae85895354 - - - - - -] Successfully bumped revision number for resource 6063100a-6421-4dad-93d6-63fce4178ee3 (type: ports) to 2
2026-09-07 12:01:18.471 11 INFO neutron.db.ovn_revision_numbers_db [None req-38d41163-4d82-4eb7-ba95-699ac5cd9d81 d403138ce1744eceb8073d7c09038044 7a132d323ce842f0afd0a5cb693f9d83 - - default default] Successfully bumped revision number for resource dc6c9305-4f0b-401b-9c03-1b8d0073ff6b (type: security_groups) to 1
2026-09-07 12:01:18.508 11 INFO neutron.wsgi [None req-38d41163-4d82-4eb7-ba95-699ac5cd9d81 d403138ce1744eceb8073d7c09038044 7a132d323ce842f0afd0a5cb693f9d83 - - default default] 10.0.0.114 "GET /v2.0/security-groups?tenant_id=3f0c362352354105a4629bf8b91ea84c&name=default HTTP/1.1" status: 200 len: 2996 time: 0.1584270
2026-09-07 12:01:18.636 11 INFO neutron.db.ovn_revision_numbers_db [None req-bc85a6b7-2c0b-40eb-9752-a2260f669e70 d403138ce1744eceb8073d7c09038044 7a132d323ce842f0afd0a5cb693f9d83 - - default default] Successfully bumped revision number for resource afa1831d-30e6-4d9f-8340-d2797f7b78ce (type: router_ports) to 2
2026-09-07 12:01:18.642 11 INFO neutron.plugins.ml2.drivers.ovn.mech_driver.mech_driver [None req-0b022f37-6116-4660-bff2-669a46331ce8 - - - - - -] OVN reports status up for port: afa1831d-30e6-4d9f-8340-d2797f7b78ce
2026-09-07 12:01:18.657 11 INFO neutron.plugins.ml2.plugin [None req-0b022f37-6116-4660-bff2-669a46331ce8 - - - - - -] Attempt 1 to provision port afa1831d-30e6-4d9f-8340-d2797f7b78ce
2026-09-07 12:01:18.793 10 INFO neutron.wsgi [None req-67890641-3a4a-4763-8083-e998cb4ed418 d403138ce1744eceb8073d7c09038044 7a132d323ce842f0afd0a5cb693f9d83 - - - -] 10.0.0.114 "DELETE /v2.0/security-groups/dc6c9305-4f0b-401b-9c03-1b8d0073ff6b HTTP/1.1" status: 204 len: 168 time: 0.2809281
2026-09-07 12:01:18.824 10 INFO neutron.db.ovn_revision_numbers_db [None req-e399731f-417b-4b1c-8c6d-31ae85895354 - - - - - -] Successfully bumped revision number for resource 6063100a-6421-4dad-93d6-63fce4178ee3 (type: ports) to 4
2026-09-07 12:01:18.838 11 INFO neutron.db.ovn_revision_numbers_db [None req-bc85a6b7-2c0b-40eb-9752-a2260f669e70 d403138ce1744eceb8073d7c09038044 7a132d323ce842f0afd0a5cb693f9d83 - - default default] Successfully bumped revision number for resource afa1831d-30e6-4d9f-8340-d2797f7b78ce (type: ports) to 2
2026-09-07 12:01:18.926 11 WARNING neutron.scheduler.dhcp_agent_scheduler [None req-bc85a6b7-2c0b-40eb-9752-a2260f669e70 d403138ce1744eceb8073d7c09038044 7a132d323ce842f0afd0a5cb693f9d83 - - default default] No more DHCP agents
2026-09-07 12:01:18.931 11 WARNING neutron.api.rpc.agentnotifiers.dhcp_rpc_agent_api [None req-bc85a6b7-2c0b-40eb-9752-a2260f669e70 d403138ce1744eceb8073d7c09038044 7a132d323ce842f0afd0a5cb693f9d83 - - default default] Unable to schedule network be9261b1-1514-4ce9-ae6e-743596406d00: no agents available; will retry on subsequent port and subnet creation events.
2026-09-07 12:01:19.020 10 INFO neutron.db.ovn_revision_numbers_db [None req-e399731f-417b-4b1c-8c6d-31ae85895354 - - - - - -] Successfully bumped revision number for resource 6063100a-6421-4dad-93d6-63fce4178ee3 (type: router_ports) to 4
2026-09-07 12:01:19.150 11 INFO neutron.db.ovn_revision_numbers_db [None req-0b022f37-6116-4660-bff2-669a46331ce8 - - - - - -] Successfully bumped revision number for resource afa1831d-30e6-4d9f-8340-d2797f7b78ce (type: ports) to 3
2026-09-07 12:01:19.272 11 INFO neutron.db.ovn_revision_numbers_db [None req-0b022f37-6116-4660-bff2-669a46331ce8 - - - - - -] Successfully bumped revision number for resource afa1831d-30e6-4d9f-8340-d2797f7b78ce (type: router_ports) to 3
2026-09-07 12:01:19.528 10 INFO neutron.wsgi [req-f4d14f43-f9f0-4e8f-aa4c-3a58543b3305 req-c4024d41-1e9a-43bc-a791-107350562a79 2824304a5d8e4b138bd91380e055924d f7beba7ba89940159358713cdd54b77c - - 98a0bd3542fd4f8dbfed0a5f0ac97cd2 98a0bd3542fd4f8dbfed0a5f0ac97cd2] 10.0.0.186 "GET /v2.0/ports?device_id=76b1b62e-c9e6-4f2e-a419-2ddd2886a0dd HTTP/1.1" status: 200 len: 1365 time: 0.4388850
2026-09-07 12:01:19.568 10 INFO neutron.wsgi [req-f4d14f43-f9f0-4e8f-aa4c-3a58543b3305 req-0a592bc3-cefb-4cb5-b424-148d504a23b5 2824304a5d8e4b138bd91380e055924d f7beba7ba89940159358713cdd54b77c - - 98a0bd3542fd4f8dbfed0a5f0ac97cd2 98a0bd3542fd4f8dbfed0a5f0ac97cd2] 10.0.0.186 "GET /v2.0/security-groups?id=305e2851-3eed-467b-9f02-8d07bac38c86&fields=id&fields=name HTTP/1.1" status: 200 len: 312 time: 0.0324447
2026-09-07 12:01:19.639 10 INFO neutron.db.ovn_revision_numbers_db [None req-24ba4371-9a09-4d16-a4f0-2ece0176b8f1 d403138ce1744eceb8073d7c09038044 7a132d323ce842f0afd0a5cb693f9d83 - - default default] Successfully bumped revision number for resource 5e73c4cc-81c3-4120-af0d-d0e88e04a5bd (type: security_groups) to 1
2026-09-07 12:01:19.661 10 INFO neutron.wsgi [None req-24ba4371-9a09-4d16-a4f0-2ece0176b8f1 d403138ce1744eceb8073d7c09038044 7a132d323ce842f0afd0a5cb693f9d83 - - default default] 10.0.0.114 "GET /v2.0/security-groups?tenant_id=d22ff0c4323243548994799d59dbf9a3&name=default HTTP/1.1" status: 200 len: 2996 time: 0.2239854
2026-09-07 12:01:19.730 11 INFO neutron.db.ovn_revision_numbers_db [None req-bc85a6b7-2c0b-40eb-9752-a2260f669e70 d403138ce1744eceb8073d7c09038044 7a132d323ce842f0afd0a5cb693f9d83 - - - -] Successfully bumped revision number for resource afa1831d-30e6-4d9f-8340-d2797f7b78ce (type: router_ports) to 3
2026-09-07 12:01:19.734 11 INFO neutron.wsgi [None req-bc85a6b7-2c0b-40eb-9752-a2260f669e70 d403138ce1744eceb8073d7c09038044 7a132d323ce842f0afd0a5cb693f9d83 - - - -] 10.0.0.114 "PUT /v2.0/routers/9be2edf7-311a-4cd7-8f17-99c27eb8db3f/add_router_interface HTTP/1.1" status: 200 len: 503 time: 2.1822381
2026-09-07 12:01:20.067 10 INFO neutron.wsgi [None req-7e98f89a-0bd3-47c0-abdb-11154d175f9e d403138ce1744eceb8073d7c09038044 7a132d323ce842f0afd0a5cb693f9d83 - - - -] 10.0.0.114 "DELETE /v2.0/security-groups/5e73c4cc-81c3-4120-af0d-d0e88e04a5bd HTTP/1.1" status: 204 len: 168 time: 0.4008937
2026-09-07 12:01:20.579 11 INFO neutron.db.ovn_revision_numbers_db [None req-fd1465b1-d26e-469d-96fc-225522d236fa c85aa24de2934f9381d789f9073fc5cc 0c9c345985c24e44aeee269a2be451ff - - - -] Successfully bumped revision number for resource 606ae7e6-b5fa-48e3-bdc6-43181cdca206 (type: security_groups) to 1
2026-09-07 12:01:20.610 11 INFO neutron.wsgi [None req-fd1465b1-d26e-469d-96fc-225522d236fa c85aa24de2934f9381d789f9073fc5cc 0c9c345985c24e44aeee269a2be451ff - - - -] 10.0.0.114 "POST /v2.0/security-groups HTTP/1.1" status: 201 len: 1795 time: 0.1861722
2026-09-07 12:01:20.748 11 INFO neutron.db.ovn_revision_numbers_db [None req-c9dd7a46-ed22-40e8-9e6f-2c8187319e37 c85aa24de2934f9381d789f9073fc5cc 0c9c345985c24e44aeee269a2be451ff - - - -] Successfully bumped revision number for resource 2df1f5ca-bdae-45b2-8c18-52f2d77afb4f (type: security_group_rules) to 0
2026-09-07 12:01:20.773 11 INFO neutron.wsgi [None req-c9dd7a46-ed22-40e8-9e6f-2c8187319e37 c85aa24de2934f9381d789f9073fc5cc 0c9c345985c24e44aeee269a2be451ff - - - -] 10.0.0.114 "POST /v2.0/security-group-rules HTTP/1.1" status: 201 len: 764 time: 0.1493487
2026-09-07 12:01:20.899 11 INFO neutron.db.ovn_revision_numbers_db [None req-b79b1331-0493-4655-a18e-269b1b778062 c85aa24de2934f9381d789f9073fc5cc 0c9c345985c24e44aeee269a2be451ff - - - -] Successfully bumped revision number for resource fcf33b78-6997-4d97-aed2-622d973c5641 (type: security_group_rules) to 0
2026-09-07 12:01:20.920 11 INFO neutron.wsgi [None req-b79b1331-0493-4655-a18e-269b1b778062 c85aa24de2934f9381d789f9073fc5cc 0c9c345985c24e44aeee269a2be451ff - - - -] 10.0.0.114 "POST /v2.0/security-group-rules HTTP/1.1" status: 201 len: 769 time: 0.1417291
2026-09-07 12:01:21.175 11 WARNING neutron.scheduler.dhcp_agent_scheduler [None req-1f029d6c-6775-4b25-9a9e-e7a7619012ec c85aa24de2934f9381d789f9073fc5cc 0c9c345985c24e44aeee269a2be451ff - - - -] No more DHCP agents
2026-09-07 12:01:21.177 11 WARNING neutron.api.rpc.agentnotifiers.dhcp_rpc_agent_api [None req-1f029d6c-6775-4b25-9a9e-e7a7619012ec c85aa24de2934f9381d789f9073fc5cc 0c9c345985c24e44aeee269a2be451ff - - - -] Unable to schedule network ea6d7a53-7244-466b-9aae-a652e3279fcb: no agents available; will retry on subsequent port and subnet creation events.
2026-09-07 12:01:21.440 11 INFO neutron.db.ovn_revision_numbers_db [None req-1f029d6c-6775-4b25-9a9e-e7a7619012ec c85aa24de2934f9381d789f9073fc5cc 0c9c345985c24e44aeee269a2be451ff - - - -] Successfully bumped revision number for resource 1393cc83-5d8d-43ad-837b-48a4b275ebb7 (type: floatingips) to 0
2026-09-07 12:01:21.460 11 INFO neutron.wsgi [None req-1f029d6c-6775-4b25-9a9e-e7a7619012ec c85aa24de2934f9381d789f9073fc5cc 0c9c345985c24e44aeee269a2be451ff - - - -] 10.0.0.114 "POST /v2.0/floatingips HTTP/1.1" status: 201 len: 751 time: 0.5328200
2026-09-07 12:01:21.969 10 INFO neutron.wsgi [req-1e7226de-ec87-4e5b-9cf6-c331898181dc req-fe0bc787-6d55-4f70-982a-a8d018f1b951 c85aa24de2934f9381d789f9073fc5cc 0c9c345985c24e44aeee269a2be451ff - - default default] 10.0.0.14 "GET /v2.0/security-groups?name=tempest-securitygroup--278702794&fields=id&tenant_id=0c9c345985c24e44aeee269a2be451ff HTTP/1.1" status: 200 len: 267 time: 0.0380187
2026-09-07 12:01:22.069 10 INFO neutron.wsgi [req-1e7226de-ec87-4e5b-9cf6-c331898181dc req-6e8459bc-394d-44c2-802a-a6e1960c7d23 c85aa24de2934f9381d789f9073fc5cc 0c9c345985c24e44aeee269a2be451ff - - default default] 10.0.0.14 "GET /v2.0/networks?id=be9261b1-1514-4ce9-ae6e-743596406d00 HTTP/1.1" status: 200 len: 868 time: 0.0891376
2026-09-07 12:01:22.093 10 INFO neutron.wsgi [req-1e7226de-ec87-4e5b-9cf6-c331898181dc req-4b1af5ea-d811-461b-865c-25e30f7848a9 c85aa24de2934f9381d789f9073fc5cc 0c9c345985c24e44aeee269a2be451ff - - default default] 10.0.0.14 "GET /v2.0/quotas/0c9c345985c24e44aeee269a2be451ff HTTP/1.1" status: 200 len: 386 time: 0.0155065
2026-09-07 12:01:22.207 10 INFO neutron.wsgi [req-1e7226de-ec87-4e5b-9cf6-c331898181dc req-dc752ab1-1a38-4bd9-8403-de93d7da5193 c85aa24de2934f9381d789f9073fc5cc 0c9c345985c24e44aeee269a2be451ff - - default default] 10.0.0.14 "GET /v2.0/ports?tenant_id=0c9c345985c24e44aeee269a2be451ff&fields=id HTTP/1.1" status: 200 len: 302 time: 0.1085870
2026-09-07 12:01:22.287 10 INFO neutron.db.ovn_revision_numbers_db [None req-7450ae65-5717-43e8-86b7-b0cc7dae0ff1 892ac253d1ba42729c6563c7687de34a acf80028c0ae45c48d74b517bf455322 - - - -] Successfully bumped revision number for resource 415330f1-1da0-4c2c-99cf-36511cee2187 (type: security_groups) to 1
2026-09-07 12:01:22.312 10 INFO neutron.wsgi [req-1e7226de-ec87-4e5b-9cf6-c331898181dc req-36230850-3e88-4b28-9505-9d146c780f51 2824304a5d8e4b138bd91380e055924d f7beba7ba89940159358713cdd54b77c - - 98a0bd3542fd4f8dbfed0a5f0ac97cd2 98a0bd3542fd4f8dbfed0a5f0ac97cd2] 10.0.0.14 "GET /v2.0/networks/be9261b1-1514-4ce9-ae6e-743596406d00?fields=segments HTTP/1.1" status: 200 len: 212 time: 0.0895879
2026-09-07 12:01:22.396 10 INFO neutron.db.segments_db [None req-7450ae65-5717-43e8-86b7-b0cc7dae0ff1 892ac253d1ba42729c6563c7687de34a acf80028c0ae45c48d74b517bf455322 - - - -] Added segment e0afd472-da48-4e11-aea9-42aab58a2c77 of type geneve for network e4866534-ddf3-4f21-9d54-ca3dc3819147
2026-09-07 12:01:22.423 10 INFO neutron.wsgi [req-1e7226de-ec87-4e5b-9cf6-c331898181dc req-89527874-c94b-4f68-9fd5-0db754388505 2824304a5d8e4b138bd91380e055924d f7beba7ba89940159358713cdd54b77c - - 98a0bd3542fd4f8dbfed0a5f0ac97cd2 98a0bd3542fd4f8dbfed0a5f0ac97cd2] 10.0.0.14 "GET /v2.0/networks/be9261b1-1514-4ce9-ae6e-743596406d00?fields=provider%3Aphysical_network&fields=provider%3Anetwork_type HTTP/1.1" status: 200 len: 277 time: 0.1009078
2026-09-07 12:01:22.621 10 INFO neutron.wsgi [req-1d43bdcd-370a-4df7-91d0-a0035f38e6f4 req-f4735ec7-9b5e-429e-a296-33e771ccf79b c85aa24de2934f9381d789f9073fc5cc 0c9c345985c24e44aeee269a2be451ff - - default default] 10.0.0.14 "GET /v2.0/ports?device_id=2d45e6c1-dd1b-4351-851f-385cf6df0f14 HTTP/1.1" status: 200 len: 210 time: 0.0368531
2026-09-07 12:01:22.626 10 INFO neutron.db.segments_db [None req-7450ae65-5717-43e8-86b7-b0cc7dae0ff1 892ac253d1ba42729c6563c7687de34a acf80028c0ae45c48d74b517bf455322 - - - -] Added segment 8ef2d4a8-93f3-4260-be3e-a1a5d3bdc4f3 of type geneve for network 6cf07c25-9faa-4c73-9732-7e0a76ed3c88
2026-09-07 12:01:22.734 10 INFO neutron.db.ovn_revision_numbers_db [None req-7450ae65-5717-43e8-86b7-b0cc7dae0ff1 892ac253d1ba42729c6563c7687de34a acf80028c0ae45c48d74b517bf455322 - - - -] Successfully bumped revision number for resource e4866534-ddf3-4f21-9d54-ca3dc3819147 (type: networks) to 1
2026-09-07 12:01:22.903 10 WARNING neutron.scheduler.dhcp_agent_scheduler [None req-7450ae65-5717-43e8-86b7-b0cc7dae0ff1 892ac253d1ba42729c6563c7687de34a acf80028c0ae45c48d74b517bf455322 - - - -] No more DHCP agents
2026-09-07 12:01:22.905 10 WARNING neutron.api.rpc.agentnotifiers.dhcp_rpc_agent_api [None req-7450ae65-5717-43e8-86b7-b0cc7dae0ff1 892ac253d1ba42729c6563c7687de34a acf80028c0ae45c48d74b517bf455322 - - - -] Unable to schedule network e4866534-ddf3-4f21-9d54-ca3dc3819147: no agents available; will retry on subsequent port and subnet creation events.
2026-09-07 12:01:22.977 10 INFO neutron.db.ovn_revision_numbers_db [None req-7450ae65-5717-43e8-86b7-b0cc7dae0ff1 892ac253d1ba42729c6563c7687de34a acf80028c0ae45c48d74b517bf455322 - - - -] Successfully bumped revision number for resource 77b06d8a-c692-4d78-990b-0444f33c7aa8 (type: ports) to 1
2026-09-07 12:01:23.037 10 INFO neutron.db.ovn_revision_numbers_db [None req-7450ae65-5717-43e8-86b7-b0cc7dae0ff1 892ac253d1ba42729c6563c7687de34a acf80028c0ae45c48d74b517bf455322 - - - -] Successfully bumped revision number for resource 6cf07c25-9faa-4c73-9732-7e0a76ed3c88 (type: networks) to 1
2026-09-07 12:01:23.247 10 WARNING neutron.scheduler.dhcp_agent_scheduler [None req-7450ae65-5717-43e8-86b7-b0cc7dae0ff1 892ac253d1ba42729c6563c7687de34a acf80028c0ae45c48d74b517bf455322 - - - -] No more DHCP agents
2026-09-07 12:01:23.255 10 WARNING neutron.api.rpc.agentnotifiers.dhcp_rpc_agent_api [None req-7450ae65-5717-43e8-86b7-b0cc7dae0ff1 892ac253d1ba42729c6563c7687de34a acf80028c0ae45c48d74b517bf455322 - - - -] Unable to schedule network 6cf07c25-9faa-4c73-9732-7e0a76ed3c88: no agents available; will retry on subsequent port and subnet creation events.
2026-09-07 12:01:23.297 10 INFO neutron.db.ovn_revision_numbers_db [None req-b163e2c8-3aef-43d6-a4f7-451fade5e24a d403138ce1744eceb8073d7c09038044 7a132d323ce842f0afd0a5cb693f9d83 - - default default] Successfully bumped revision number for resource 72970ddf-0fc0-4a23-9638-8b791e0d92db (type: security_groups) to 1
2026-09-07 12:01:23.380 10 INFO neutron.wsgi [None req-b163e2c8-3aef-43d6-a4f7-451fade5e24a d403138ce1744eceb8073d7c09038044 7a132d323ce842f0afd0a5cb693f9d83 - - default default] 10.0.0.114 "GET /v2.0/security-groups?tenant_id=0341c5770bd04bf1ac3e63cb71effb2f&name=default HTTP/1.1" status: 200 len: 2996 time: 0.3457937
2026-09-07 12:01:23.428 10 INFO neutron.db.ovn_revision_numbers_db [None req-7450ae65-5717-43e8-86b7-b0cc7dae0ff1 892ac253d1ba42729c6563c7687de34a acf80028c0ae45c48d74b517bf455322 - - - -] Successfully bumped revision number for resource e4249c34-f736-4afe-914f-e26646eb9627 (type: ports) to 1
2026-09-07 12:01:23.444 10 INFO neutron.wsgi [req-1e7226de-ec87-4e5b-9cf6-c331898181dc req-10dd1862-ec1f-490b-9e83-4edc3df37e07 c85aa24de2934f9381d789f9073fc5cc 0c9c345985c24e44aeee269a2be451ff - - default default] 162.253.55.119 "GET /v2.0/networks?id=be9261b1-1514-4ce9-ae6e-743596406d00 HTTP/1.1" status: 200 len: 868 time: 0.1323347
2026-09-07 12:01:23.456 10 INFO neutron.wsgi [None req-7450ae65-5717-43e8-86b7-b0cc7dae0ff1 892ac253d1ba42729c6563c7687de34a acf80028c0ae45c48d74b517bf455322 - - - -] 10.0.0.114 "POST /v2.0/networks HTTP/1.1" status: 201 len: 1445 time: 1.4804876
2026-09-07 12:01:23.479 10 INFO neutron.wsgi [req-1e7226de-ec87-4e5b-9cf6-c331898181dc req-982e2746-7370-4776-b3a9-888921f6df94 c85aa24de2934f9381d789f9073fc5cc 0c9c345985c24e44aeee269a2be451ff - - default default] 162.253.55.119 "GET /v2.0/security-groups?fields=id&fields=name&tenant_id=0c9c345985c24e44aeee269a2be451ff HTTP/1.1" status: 200 len: 379 time: 0.0305722
2026-09-07 12:01:23.558 11 INFO neutron.wsgi [None req-f485a49b-6a1a-452a-9271-dfbfdfe53529 892ac253d1ba42729c6563c7687de34a acf80028c0ae45c48d74b517bf455322 - - default default] 10.0.0.114 "GET /v2.0/networks HTTP/1.1" status: 200 len: 2051 time: 0.0966866
2026-09-07 12:01:23.634 11 INFO neutron.wsgi [None req-21a07992-1cc1-4575-8942-7c9494affc9f d403138ce1744eceb8073d7c09038044 7a132d323ce842f0afd0a5cb693f9d83 - - - -] 10.0.0.114 "DELETE /v2.0/security-groups/72970ddf-0fc0-4a23-9638-8b791e0d92db HTTP/1.1" status: 204 len: 168 time: 0.2510078
2026-09-07 12:01:23.731 10 INFO neutron.wsgi [req-8fc7c9e3-fe4e-4823-8695-a5f0226e4e2c req-5a68546c-243c-43b8-8589-b6f8520453b3 c85aa24de2934f9381d789f9073fc5cc 0c9c345985c24e44aeee269a2be451ff - - default default] 10.0.0.14 "GET /v2.0/ports?device_id=2d45e6c1-dd1b-4351-851f-385cf6df0f14 HTTP/1.1" status: 200 len: 210 time: 0.0423758
2026-09-07 12:01:23.888 10 INFO neutron.wsgi [req-0af7fe62-f0f0-4273-b0c1-90395a5d60e6 req-2a62254f-3b98-4d86-adfb-7f873bad0d28 4e3b156302274e5cb80fcfbb2059c3aa a82861a62c5249089679b869c5e56c55 - - default default] 10.0.0.14 "GET /v2.0/ports?device_id=76b1b62e-c9e6-4f2e-a419-2ddd2886a0dd HTTP/1.1" status: 200 len: 1174 time: 0.1238589
2026-09-07 12:01:23.890 11 INFO neutron.db.ovn_revision_numbers_db [None req-16647a17-7b8b-4d06-b6ac-6f49f9290136 d403138ce1744eceb8073d7c09038044 7a132d323ce842f0afd0a5cb693f9d83 - - default default] Successfully bumped revision number for resource 62a6be51-58ec-4bf8-9d28-e7d792ce86e7 (type: security_groups) to 1
2026-09-07 12:01:23.925 10 WARNING neutron.scheduler.dhcp_agent_scheduler [None req-bbf4cef1-51f7-4d94-9627-6412a28bb6c0 c85aa24de2934f9381d789f9073fc5cc 0c9c345985c24e44aeee269a2be451ff - - - -] No more DHCP agents
2026-09-07 12:01:23.927 10 WARNING neutron.api.rpc.agentnotifiers.dhcp_rpc_agent_api [None req-bbf4cef1-51f7-4d94-9627-6412a28bb6c0 c85aa24de2934f9381d789f9073fc5cc 0c9c345985c24e44aeee269a2be451ff - - - -] Unable to schedule network be9261b1-1514-4ce9-ae6e-743596406d00: no agents available; will retry on subsequent port and subnet creation events. /var/lib/openstack/lib/python3.10/site-packages/pycadf/identifier.py:71: UserWarning: Invalid uuid: neutron. To ensure interoperability, identifiers should be a valid uuid. warnings.warn(('Invalid uuid: %s. To ensure interoperability, '
2026-09-07 12:01:23.952 11 INFO neutron.wsgi [None req-16647a17-7b8b-4d06-b6ac-6f49f9290136 d403138ce1744eceb8073d7c09038044 7a132d323ce842f0afd0a5cb693f9d83 - - default default] 10.0.0.114 "GET /v2.0/security-groups?tenant_id=ca688e6ff66245619e27111bcf67bf98&name=default HTTP/1.1" status: 200 len: 2996 time: 0.2129467
2026-09-07 12:01:23.974 10 INFO neutron.wsgi [req-e1f7042f-4aae-4695-aec9-fb172c707eec req-3108de1e-9aa5-48c8-882c-69806d2aa05c 4e3b156302274e5cb80fcfbb2059c3aa a82861a62c5249089679b869c5e56c55 - - default default] 10.0.0.14 "GET /v2.0/ports/e70355ed-8568-434e-be81-b8e9cecb2f75 HTTP/1.1" status: 200 len: 1171 time: 0.0346787
2026-09-07 12:01:23.989 11 INFO neutron.wsgi [None req-f19415b2-13cc-46ac-b57f-1f46797245bb 892ac253d1ba42729c6563c7687de34a acf80028c0ae45c48d74b517bf455322 - - - -] 10.0.0.114 "DELETE /v2.0/networks/e4866534-ddf3-4f21-9d54-ca3dc3819147 HTTP/1.1" status: 204 len: 168 time: 0.4251599
2026-09-07 12:01:24.141 10 INFO neutron.db.ovn_revision_numbers_db [None req-bbf4cef1-51f7-4d94-9627-6412a28bb6c0 c85aa24de2934f9381d789f9073fc5cc 0c9c345985c24e44aeee269a2be451ff - - - -] Successfully bumped revision number for resource 65b7cebb-3d24-4f68-8362-1db6b573eb3c (type: ports) to 1
2026-09-07 12:01:24.169 11 INFO neutron.wsgi [req-f1a7b9a6-22b9-4b4f-9b52-7f4bda885835 req-2a486cab-4c7e-4aa5-9211-fdae1fc1c973 4e3b156302274e5cb80fcfbb2059c3aa a82861a62c5249089679b869c5e56c55 - - default default] 162.253.55.119 "GET /v2.0/subnets?network_id=95be3022-1edd-41ce-b65c-10da0e221b03 HTTP/1.1" status: 200 len: 859 time: 0.0590582
2026-09-07 12:01:24.193 11 INFO neutron.wsgi [None req-19e23b71-29b2-4774-9b85-2d7d95f6c265 d403138ce1744eceb8073d7c09038044 7a132d323ce842f0afd0a5cb693f9d83 - - - -] 10.0.0.114 "DELETE /v2.0/security-groups/62a6be51-58ec-4bf8-9d28-e7d792ce86e7 HTTP/1.1" status: 204 len: 168 time: 0.2352357
2026-09-07 12:01:24.200 10 INFO neutron.wsgi [None req-bbf4cef1-51f7-4d94-9627-6412a28bb6c0 c85aa24de2934f9381d789f9073fc5cc 0c9c345985c24e44aeee269a2be451ff - - - -] 162.253.55.119 "POST /v2.0/ports HTTP/1.1" status: 201 len: 1158 time: 0.7009246
2026-09-07 12:01:24.488 11 WARNING neutron.plugins.ml2.drivers.ovn.mech_driver.ovsdb.ovn_client [None req-0b022f37-6116-4660-bff2-669a46331ce8 - - - - - -] No hosting information found for port afa1831d-30e6-4d9f-8340-d2797f7b78ce: RuntimeError: No hosting information found for port afa1831d-30e6-4d9f-8340-d2797f7b78ce
2026-09-07 12:01:24.509 11 INFO neutron.wsgi [req-f1a7b9a6-22b9-4b4f-9b52-7f4bda885835 req-937604e6-7ced-4dce-b9a0-aa5a9dcea671 4e3b156302274e5cb80fcfbb2059c3aa a82861a62c5249089679b869c5e56c55 - - default default] 162.253.55.119 "GET /v2.0/ports?device_id=76b1b62e-c9e6-4f2e-a419-2ddd2886a0dd&device_owner=compute%3Anova&network_id=95be3022-1edd-41ce-b65c-10da0e221b03 HTTP/1.1" status: 200 len: 1174 time: 0.3345528
2026-09-07 12:01:24.541 10 INFO neutron.wsgi [None req-cb08eed1-4bda-4025-a06c-26fa00c076d1 892ac253d1ba42729c6563c7687de34a acf80028c0ae45c48d74b517bf455322 - - - -] 10.0.0.114 "DELETE /v2.0/networks/6cf07c25-9faa-4c73-9732-7e0a76ed3c88 HTTP/1.1" status: 204 len: 168 time: 0.5480011
2026-09-07 12:01:24.728 11 INFO neutron.services.segments.plugin [-] Segment e0afd472-da48-4e11-aea9-42aab58a2c77 resource provider aggregate not found
2026-09-07 12:01:24.743 11 INFO neutron.services.segments.plugin [-] Segment e0afd472-da48-4e11-aea9-42aab58a2c77 resource provider aggregate not found
2026-09-07 12:01:24.747 11 INFO neutron.services.segments.plugin [-] Segment e0afd472-da48-4e11-aea9-42aab58a2c77 resource provider not found; error: Placement Client Error (4xx): {"errors": [{"status": 404, "title": "Not Found", "detail": "The resource could not be found.\n\n No resource provider with uuid e0afd472-da48-4e11-aea9-42aab58a2c77 found for delete ", "request_id": "req-910e2e61-4334-4dd2-a759-d083bc59019e"}]}
2026-09-07 12:01:24.767 11 INFO neutron.services.segments.plugin [-] Segment e0afd472-da48-4e11-aea9-42aab58a2c77 resource provider not found; error: Placement Client Error (4xx): {"errors": [{"status": 404, "title": "Not Found", "detail": "The resource could not be found.\n\n No resource provider with uuid e0afd472-da48-4e11-aea9-42aab58a2c77 found for delete ", "request_id": "req-15aa81c4-3cee-41b6-82a7-5bd4ee454f00"}]}
2026-09-07 12:01:24.861 10 INFO neutron.services.segments.plugin [-] Segment 8ef2d4a8-93f3-4260-be3e-a1a5d3bdc4f3 resource provider aggregate not found
2026-09-07 12:01:24.867 10 INFO neutron.services.segments.plugin [-] Segment 8ef2d4a8-93f3-4260-be3e-a1a5d3bdc4f3 resource provider aggregate not found /var/lib/openstack/lib/python3.10/site-packages/pycadf/identifier.py:71: UserWarning: Invalid uuid: neutron. To ensure interoperability, identifiers should be a valid uuid. warnings.warn(('Invalid uuid: %s. To ensure interoperability, '
2026-09-07 12:01:24.900 10 INFO neutron.services.segments.plugin [-] Segment 8ef2d4a8-93f3-4260-be3e-a1a5d3bdc4f3 resource provider not found; error: Placement Client Error (4xx): {"errors": [{"status": 404, "title": "Not Found", "detail": "The resource could not be found.\n\n No resource provider with uuid 8ef2d4a8-93f3-4260-be3e-a1a5d3bdc4f3 found for delete ", "request_id": "req-197a4fed-b403-4d77-8037-8f92df8dc1f2"}]}
2026-09-07 12:01:24.902 10 INFO neutron.services.segments.plugin [-] Segment 8ef2d4a8-93f3-4260-be3e-a1a5d3bdc4f3 resource provider not found; error: Placement Client Error (4xx): {"errors": [{"status": 404, "title": "Not Found", "detail": "The resource could not be found.\n\n No resource provider with uuid 8ef2d4a8-93f3-4260-be3e-a1a5d3bdc4f3 found for delete ", "request_id": "req-a90b88cd-e839-430c-8bfb-2a3c94f3eeef"}]}
2026-09-07 12:01:24.939 10 INFO neutron.wsgi [req-a6a051a1-9f3d-4ace-98b1-56a3916cb0e7 req-04e603a0-fe6f-4c20-bba0-8e5857283ea7 c85aa24de2934f9381d789f9073fc5cc 0c9c345985c24e44aeee269a2be451ff - - default default] 10.0.0.14 "GET /v2.0/ports?device_id=2d45e6c1-dd1b-4351-851f-385cf6df0f14 HTTP/1.1" status: 200 len: 1168 time: 0.0683343
2026-09-07 12:01:24.953 10 INFO neutron.wsgi [None req-3f3218b9-0524-4b11-aac4-ce3f103ffe16 892ac253d1ba42729c6563c7687de34a acf80028c0ae45c48d74b517bf455322 - - default default] 10.0.0.114 "GET /v2.0/networks HTTP/1.1" status: 200 len: 845 time: 0.4038532 /var/lib/openstack/lib/python3.10/site-packages/pycadf/identifier.py:71: UserWarning: Invalid uuid: neutron. To ensure interoperability, identifiers should be a valid uuid. warnings.warn(('Invalid uuid: %s. To ensure interoperability, '
2026-09-07 12:01:24.972 11 INFO neutron.db.ovn_revision_numbers_db [None req-56b7d152-4dd9-4995-982d-b3e63e61467c 4e3b156302274e5cb80fcfbb2059c3aa a82861a62c5249089679b869c5e56c55 - - - -] Successfully bumped revision number for resource e70355ed-8568-434e-be81-b8e9cecb2f75 (type: ports) to 5
2026-09-07 12:01:24.999 11 INFO neutron.wsgi [None req-56b7d152-4dd9-4995-982d-b3e63e61467c 4e3b156302274e5cb80fcfbb2059c3aa a82861a62c5249089679b869c5e56c55 - - - -] 162.253.55.119 "PUT /v2.0/ports/e70355ed-8568-434e-be81-b8e9cecb2f75 HTTP/1.1" status: 200 len: 1349 time: 0.4866610
2026-09-07 12:01:25.001 10 INFO neutron.wsgi [req-a6a051a1-9f3d-4ace-98b1-56a3916cb0e7 req-b2d4e7d5-806d-4d87-b194-cca5a99886e1 c85aa24de2934f9381d789f9073fc5cc 0c9c345985c24e44aeee269a2be451ff - - default default] 10.0.0.14 "GET /v2.0/security-groups?id=606ae7e6-b5fa-48e3-bdc6-43181cdca206&fields=id&fields=name HTTP/1.1" status: 200 len: 312 time: 0.0383694
2026-09-07 12:01:25.032 10 INFO neutron.db.ovn_revision_numbers_db [None req-ece8c410-c526-41ab-87cd-449c6f6166a6 2824304a5d8e4b138bd91380e055924d f7beba7ba89940159358713cdd54b77c - - - -] Successfully bumped revision number for resource 65b7cebb-3d24-4f68-8362-1db6b573eb3c (type: ports) to 2
2026-09-07 12:01:25.066 11 INFO neutron.notifiers.nova [-] Nova event matching ['req-6c2e137d-6871-4632-972c-6f9f34088855'] response: {'name': 'network-changed', 'server_uuid': '76b1b62e-c9e6-4f2e-a419-2ddd2886a0dd', 'tag': 'e70355ed-8568-434e-be81-b8e9cecb2f75', 'status': 'completed', 'code': 200}
2026-09-07 12:01:25.093 11 INFO neutron.wsgi [req-f1a7b9a6-22b9-4b4f-9b52-7f4bda885835 req-56e98065-90c3-4931-8ef1-6861aeb15c6a 2824304a5d8e4b138bd91380e055924d f7beba7ba89940159358713cdd54b77c - - 98a0bd3542fd4f8dbfed0a5f0ac97cd2 98a0bd3542fd4f8dbfed0a5f0ac97cd2] 162.253.55.119 "GET /v2.0/ports?tenant_id=a82861a62c5249089679b869c5e56c55&device_id=76b1b62e-c9e6-4f2e-a419-2ddd2886a0dd HTTP/1.1" status: 200 len: 1542 time: 0.0554926
2026-09-07 12:01:25.122 11 INFO neutron.db.segments_db [None req-93b05b7b-42e9-46e9-b017-ef163aea0b2f 892ac253d1ba42729c6563c7687de34a acf80028c0ae45c48d74b517bf455322 - - - -] Added segment 52acc286-6d00-4e41-99de-72a5ea68a5f7 of type geneve for network e3505f73-2566-46f1-8789-eeb281d50105
2026-09-07 12:01:25.169 11 INFO neutron.wsgi [req-f1a7b9a6-22b9-4b4f-9b52-7f4bda885835 req-fd350e9f-1e6a-4cbf-8d0f-d50cd5989879 2824304a5d8e4b138bd91380e055924d f7beba7ba89940159358713cdd54b77c - - 98a0bd3542fd4f8dbfed0a5f0ac97cd2 98a0bd3542fd4f8dbfed0a5f0ac97cd2] 162.253.55.119 "GET /v2.0/networks?id=95be3022-1edd-41ce-b65c-10da0e221b03 HTTP/1.1" status: 200 len: 982 time: 0.0719111
2026-09-07 12:01:25.212 10 INFO neutron.db.ovn_revision_numbers_db [None req-ece8c410-c526-41ab-87cd-449c6f6166a6 2824304a5d8e4b138bd91380e055924d f7beba7ba89940159358713cdd54b77c - - - -] Successfully bumped revision number for resource 65b7cebb-3d24-4f68-8362-1db6b573eb3c (type: ports) to 2
2026-09-07 12:01:25.226 10 INFO neutron.wsgi [None req-ece8c410-c526-41ab-87cd-449c6f6166a6 2824304a5d8e4b138bd91380e055924d f7beba7ba89940159358713cdd54b77c - - - -] 162.253.55.119 "PUT /v2.0/ports/65b7cebb-3d24-4f68-8362-1db6b573eb3c HTTP/1.1" status: 200 len: 1328 time: 1.0211430 /var/lib/openstack/lib/python3.10/site-packages/pycadf/identifier.py:71: UserWarning: Invalid uuid: neutron. To ensure interoperability, identifiers should be a valid uuid. warnings.warn(('Invalid uuid: %s. To ensure interoperability, '
2026-09-07 12:01:25.274 10 INFO neutron.notifiers.nova [-] Nova event matching ['req-97d467e1-f037-4257-be6e-504e9d57208c'] response: {'name': 'network-changed', 'server_uuid': '2d45e6c1-dd1b-4351-851f-385cf6df0f14', 'tag': '65b7cebb-3d24-4f68-8362-1db6b573eb3c', 'status': 'completed', 'code': 200}
2026-09-07 12:01:25.275 11 INFO neutron.wsgi [req-f1a7b9a6-22b9-4b4f-9b52-7f4bda885835 req-f8167aef-2410-4b02-bd0b-ec8201bd375e 2824304a5d8e4b138bd91380e055924d f7beba7ba89940159358713cdd54b77c - - 98a0bd3542fd4f8dbfed0a5f0ac97cd2 98a0bd3542fd4f8dbfed0a5f0ac97cd2] 162.253.55.119 "GET /v2.0/floatingips?fixed_ip_address=10.100.0.10&port_id=e70355ed-8568-434e-be81-b8e9cecb2f75 HTTP/1.1" status: 200 len: 1060 time: 0.0978117
2026-09-07 12:01:25.293 10 INFO neutron.wsgi [req-1e7226de-ec87-4e5b-9cf6-c331898181dc req-d40b06b4-ceef-453b-93ab-540b009f086b 2824304a5d8e4b138bd91380e055924d f7beba7ba89940159358713cdd54b77c - - 98a0bd3542fd4f8dbfed0a5f0ac97cd2 98a0bd3542fd4f8dbfed0a5f0ac97cd2] 162.253.55.119 "GET /v2.0/ports?tenant_id=0c9c345985c24e44aeee269a2be451ff&device_id=2d45e6c1-dd1b-4351-851f-385cf6df0f14 HTTP/1.1" status: 200 len: 1359 time: 0.0305369
2026-09-07 12:01:25.314 11 INFO neutron.wsgi [req-f1a7b9a6-22b9-4b4f-9b52-7f4bda885835 req-2002b03c-3dd1-48b6-be86-3a25a544c43f 2824304a5d8e4b138bd91380e055924d f7beba7ba89940159358713cdd54b77c - - 98a0bd3542fd4f8dbfed0a5f0ac97cd2 98a0bd3542fd4f8dbfed0a5f0ac97cd2] 162.253.55.119 "GET /v2.0/floatingips?fixed_ip_address=10.100.0.4&port_id=e70355ed-8568-434e-be81-b8e9cecb2f75 HTTP/1.1" status: 200 len: 217 time: 0.0342219
2026-09-07 12:01:25.322 10 INFO neutron.wsgi [req-1e7226de-ec87-4e5b-9cf6-c331898181dc req-29ff1a85-7ec3-4396-a18c-8b6f74f787d9 2824304a5d8e4b138bd91380e055924d f7beba7ba89940159358713cdd54b77c - - 98a0bd3542fd4f8dbfed0a5f0ac97cd2 98a0bd3542fd4f8dbfed0a5f0ac97cd2] 162.253.55.119 "GET /v2.0/floatingips?fixed_ip_address=10.100.0.8&port_id=65b7cebb-3d24-4f68-8362-1db6b573eb3c HTTP/1.1" status: 200 len: 217 time: 0.0245826
2026-09-07 12:01:25.348 11 INFO neutron.db.ovn_revision_numbers_db [None req-93b05b7b-42e9-46e9-b017-ef163aea0b2f 892ac253d1ba42729c6563c7687de34a acf80028c0ae45c48d74b517bf455322 - - - -] Successfully bumped revision number for resource e3505f73-2566-46f1-8789-eeb281d50105 (type: networks) to 1
2026-09-07 12:01:25.358 10 INFO neutron.wsgi [req-1e7226de-ec87-4e5b-9cf6-c331898181dc req-6fbe3696-7754-4ccf-8938-564b3f11e0b2 2824304a5d8e4b138bd91380e055924d f7beba7ba89940159358713cdd54b77c - - 98a0bd3542fd4f8dbfed0a5f0ac97cd2 98a0bd3542fd4f8dbfed0a5f0ac97cd2] 162.253.55.119 "GET /v2.0/subnets?id=da58135c-8727-40fd-88fc-1fe072b4ea3d HTTP/1.1" status: 200 len: 862 time: 0.0312889
2026-09-07 12:01:25.384 10 INFO neutron.wsgi [req-1e7226de-ec87-4e5b-9cf6-c331898181dc req-12e6c1c2-ba04-4ed2-82c3-9fb8963cfb80 2824304a5d8e4b138bd91380e055924d f7beba7ba89940159358713cdd54b77c - - 98a0bd3542fd4f8dbfed0a5f0ac97cd2 98a0bd3542fd4f8dbfed0a5f0ac97cd2] 162.253.55.119 "GET /v2.0/ports?network_id=be9261b1-1514-4ce9-ae6e-743596406d00&device_owner=network%3Adhcp HTTP/1.1" status: 200 len: 210 time: 0.0198646
2026-09-07 12:01:25.400 11 INFO neutron.wsgi [req-f1a7b9a6-22b9-4b4f-9b52-7f4bda885835 req-9d085aa9-8cf9-441f-9f46-fc0aeae82c8e 2824304a5d8e4b138bd91380e055924d f7beba7ba89940159358713cdd54b77c - - 98a0bd3542fd4f8dbfed0a5f0ac97cd2 98a0bd3542fd4f8dbfed0a5f0ac97cd2] 162.253.55.119 "GET /v2.0/subnets?id=2d5aeeae-5d8a-473f-b0c3-7a24a3c35280 HTTP/1.1" status: 200 len: 877 time: 0.0812685
2026-09-07 12:01:25.442 10 INFO neutron.wsgi [req-1e7226de-ec87-4e5b-9cf6-c331898181dc req-3f7c2d6d-14fc-427a-92b1-43252d01ef8a 2824304a5d8e4b138bd91380e055924d f7beba7ba89940159358713cdd54b77c - - 98a0bd3542fd4f8dbfed0a5f0ac97cd2 98a0bd3542fd4f8dbfed0a5f0ac97cd2] 162.253.55.119 "GET /v2.0/networks/be9261b1-1514-4ce9-ae6e-743596406d00?fields=segments HTTP/1.1" status: 200 len: 212 time: 0.0502412
2026-09-07 12:01:25.457 11 INFO neutron.wsgi [req-f1a7b9a6-22b9-4b4f-9b52-7f4bda885835 req-3a25cffe-b285-44b7-a757-5ab2b1a65572 2824304a5d8e4b138bd91380e055924d f7beba7ba89940159358713cdd54b77c - - 98a0bd3542fd4f8dbfed0a5f0ac97cd2 98a0bd3542fd4f8dbfed0a5f0ac97cd2] 162.253.55.119 "GET /v2.0/ports?network_id=95be3022-1edd-41ce-b65c-10da0e221b03&device_owner=network%3Adhcp HTTP/1.1" status: 200 len: 210 time: 0.0499561
2026-09-07 12:01:25.494 10 INFO neutron.wsgi [req-1e7226de-ec87-4e5b-9cf6-c331898181dc req-d1d00cfd-bbb4-4b98-9c67-1b4949e4d48b 2824304a5d8e4b138bd91380e055924d f7beba7ba89940159358713cdd54b77c - - 98a0bd3542fd4f8dbfed0a5f0ac97cd2 98a0bd3542fd4f8dbfed0a5f0ac97cd2] 162.253.55.119 "GET /v2.0/networks/be9261b1-1514-4ce9-ae6e-743596406d00?fields=provider%3Aphysical_network&fields=provider%3Anetwork_type HTTP/1.1" status: 200 len: 277 time: 0.0476944
2026-09-07 12:01:25.542 11 INFO neutron.wsgi [req-f1a7b9a6-22b9-4b4f-9b52-7f4bda885835 req-96e4a929-2854-4ec8-97eb-23520c05ed1c 2824304a5d8e4b138bd91380e055924d f7beba7ba89940159358713cdd54b77c - - 98a0bd3542fd4f8dbfed0a5f0ac97cd2 98a0bd3542fd4f8dbfed0a5f0ac97cd2] 162.253.55.119 "GET /v2.0/networks/95be3022-1edd-41ce-b65c-10da0e221b03?fields=segments HTTP/1.1" status: 200 len: 212 time: 0.0726659
2026-09-07 12:01:25.555 10 INFO neutron.wsgi [req-ccb280bf-94a2-4233-ad6f-4745405565e6 req-a65aca1d-671e-4de9-b8ca-dd498cbee4e1 2824304a5d8e4b138bd91380e055924d f7beba7ba89940159358713cdd54b77c - - 98a0bd3542fd4f8dbfed0a5f0ac97cd2 98a0bd3542fd4f8dbfed0a5f0ac97cd2] 162.253.55.119 "GET /v2.0/ports?tenant_id=0c9c345985c24e44aeee269a2be451ff&device_id=2d45e6c1-dd1b-4351-851f-385cf6df0f14 HTTP/1.1" status: 200 len: 1359 time: 0.0296733
2026-09-07 12:01:25.618 10 INFO neutron.wsgi [req-ccb280bf-94a2-4233-ad6f-4745405565e6 req-027d3491-4ad8-4755-af6b-dbe09dd5b7d7 2824304a5d8e4b138bd91380e055924d f7beba7ba89940159358713cdd54b77c - - 98a0bd3542fd4f8dbfed0a5f0ac97cd2 98a0bd3542fd4f8dbfed0a5f0ac97cd2] 162.253.55.119 "GET /v2.0/networks?id=be9261b1-1514-4ce9-ae6e-743596406d00 HTTP/1.1" status: 200 len: 967 time: 0.0545857
2026-09-07 12:01:25.645 10 INFO neutron.wsgi [req-ccb280bf-94a2-4233-ad6f-4745405565e6 req-8cde68c3-b7cb-4d94-8f28-778d7a288611 2824304a5d8e4b138bd91380e055924d f7beba7ba89940159358713cdd54b77c - - 98a0bd3542fd4f8dbfed0a5f0ac97cd2 98a0bd3542fd4f8dbfed0a5f0ac97cd2] 162.253.55.119 "GET /v2.0/floatingips?fixed_ip_address=10.100.0.8&port_id=65b7cebb-3d24-4f68-8362-1db6b573eb3c HTTP/1.1" status: 200 len: 217 time: 0.0193853
2026-09-07 12:01:25.646 11 INFO neutron.wsgi [req-f1a7b9a6-22b9-4b4f-9b52-7f4bda885835 req-0b19722f-cfb7-4a2d-afac-176a26ec4b35 2824304a5d8e4b138bd91380e055924d f7beba7ba89940159358713cdd54b77c - - 98a0bd3542fd4f8dbfed0a5f0ac97cd2 98a0bd3542fd4f8dbfed0a5f0ac97cd2] 162.253.55.119 "GET /v2.0/networks/95be3022-1edd-41ce-b65c-10da0e221b03?fields=provider%3Aphysical_network&fields=provider%3Anetwork_type HTTP/1.1" status: 200 len: 277 time: 0.0819411
2026-09-07 12:01:25.654 11 WARNING neutron.scheduler.dhcp_agent_scheduler [None req-93b05b7b-42e9-46e9-b017-ef163aea0b2f 892ac253d1ba42729c6563c7687de34a acf80028c0ae45c48d74b517bf455322 - - - -] No more DHCP agents
2026-09-07 12:01:25.657 11 WARNING neutron.api.rpc.agentnotifiers.dhcp_rpc_agent_api [None req-93b05b7b-42e9-46e9-b017-ef163aea0b2f 892ac253d1ba42729c6563c7687de34a acf80028c0ae45c48d74b517bf455322 - - - -] Unable to schedule network e3505f73-2566-46f1-8789-eeb281d50105: no agents available; will retry on subsequent port and subnet creation events.
2026-09-07 12:01:25.710 10 INFO neutron.plugins.ml2.drivers.ovn.mech_driver.mech_driver [None req-313176cf-d53f-4311-8fb9-daf873312325 - - - - - -] OVN reports status up for port: 65b7cebb-3d24-4f68-8362-1db6b573eb3c
2026-09-07 12:01:25.716 10 INFO neutron.wsgi [req-ccb280bf-94a2-4233-ad6f-4745405565e6 req-d2703afd-7214-41f9-b1e5-305adf930964 2824304a5d8e4b138bd91380e055924d f7beba7ba89940159358713cdd54b77c - - 98a0bd3542fd4f8dbfed0a5f0ac97cd2 98a0bd3542fd4f8dbfed0a5f0ac97cd2] 162.253.55.119 "GET /v2.0/subnets?id=da58135c-8727-40fd-88fc-1fe072b4ea3d HTTP/1.1" status: 200 len: 862 time: 0.0604620
2026-09-07 12:01:25.749 10 INFO neutron.wsgi [req-ccb280bf-94a2-4233-ad6f-4745405565e6 req-46576f76-5684-48d2-9fa4-0c58386754c3 2824304a5d8e4b138bd91380e055924d f7beba7ba89940159358713cdd54b77c - - 98a0bd3542fd4f8dbfed0a5f0ac97cd2 98a0bd3542fd4f8dbfed0a5f0ac97cd2] 162.253.55.119 "GET /v2.0/ports?network_id=be9261b1-1514-4ce9-ae6e-743596406d00&device_owner=network%3Adhcp HTTP/1.1" status: 200 len: 210 time: 0.0248325
2026-09-07 12:01:25.750 10 INFO neutron.plugins.ml2.plugin [None req-313176cf-d53f-4311-8fb9-daf873312325 - - - - - -] Attempt 1 to provision port 65b7cebb-3d24-4f68-8362-1db6b573eb3c
2026-09-07 12:01:25.765 11 INFO neutron.wsgi [req-e6e1da6c-5603-49f8-8e9e-bd269e64dfb0 req-7da2ce88-b242-43d5-afa3-ddf4868d929e 2824304a5d8e4b138bd91380e055924d f7beba7ba89940159358713cdd54b77c - - 98a0bd3542fd4f8dbfed0a5f0ac97cd2 98a0bd3542fd4f8dbfed0a5f0ac97cd2] 162.253.55.119 "GET /v2.0/ports?tenant_id=a82861a62c5249089679b869c5e56c55&device_id=76b1b62e-c9e6-4f2e-a419-2ddd2886a0dd HTTP/1.1" status: 200 len: 1542 time: 0.0530128
2026-09-07 12:01:25.769 11 INFO neutron.db.ovn_revision_numbers_db [None req-93b05b7b-42e9-46e9-b017-ef163aea0b2f 892ac253d1ba42729c6563c7687de34a acf80028c0ae45c48d74b517bf455322 - - - -] Successfully bumped revision number for resource 3d11160b-4d2e-4bd8-8a40-143fdab781e9 (type: ports) to 1
2026-09-07 12:01:25.820 11 INFO neutron.wsgi [None req-93b05b7b-42e9-46e9-b017-ef163aea0b2f 892ac253d1ba42729c6563c7687de34a acf80028c0ae45c48d74b517bf455322 - - - -] 10.0.0.114 "POST /v2.0/networks HTTP/1.1" status: 201 len: 849 time: 0.8596923
2026-09-07 12:01:25.843 11 INFO neutron.wsgi [req-e6e1da6c-5603-49f8-8e9e-bd269e64dfb0 req-ddda071d-1837-4373-ae02-1026020961c9 2824304a5d8e4b138bd91380e055924d f7beba7ba89940159358713cdd54b77c - - 98a0bd3542fd4f8dbfed0a5f0ac97cd2 98a0bd3542fd4f8dbfed0a5f0ac97cd2] 162.253.55.119 "GET /v2.0/networks?id=95be3022-1edd-41ce-b65c-10da0e221b03 HTTP/1.1" status: 200 len: 982 time: 0.0729618
2026-09-07 12:01:25.854 10 INFO neutron.wsgi [req-ccb280bf-94a2-4233-ad6f-4745405565e6 req-83ff026b-a170-4571-8b78-c7f123a007a2 2824304a5d8e4b138bd91380e055924d f7beba7ba89940159358713cdd54b77c - - 98a0bd3542fd4f8dbfed0a5f0ac97cd2 98a0bd3542fd4f8dbfed0a5f0ac97cd2] 162.253.55.119 "GET /v2.0/networks/be9261b1-1514-4ce9-ae6e-743596406d00?fields=segments HTTP/1.1" status: 200 len: 212 time: 0.0967185
2026-09-07 12:01:25.895 11 INFO neutron.wsgi [req-e6e1da6c-5603-49f8-8e9e-bd269e64dfb0 req-b7069d5c-d249-4886-a845-d6c773a1840a 2824304a5d8e4b138bd91380e055924d f7beba7ba89940159358713cdd54b77c - - 98a0bd3542fd4f8dbfed0a5f0ac97cd2 98a0bd3542fd4f8dbfed0a5f0ac97cd2] 162.253.55.119 "GET /v2.0/floatingips?fixed_ip_address=10.100.0.10&port_id=e70355ed-8568-434e-be81-b8e9cecb2f75 HTTP/1.1" status: 200 len: 1060 time: 0.0473130
2026-09-07 12:01:25.949 10 INFO neutron.wsgi [req-ccb280bf-94a2-4233-ad6f-4745405565e6 req-f883c217-1c88-4db4-8de4-c3c5c9c531ea 2824304a5d8e4b138bd91380e055924d f7beba7ba89940159358713cdd54b77c - - 98a0bd3542fd4f8dbfed0a5f0ac97cd2 98a0bd3542fd4f8dbfed0a5f0ac97cd2] 162.253.55.119 "GET /v2.0/networks/be9261b1-1514-4ce9-ae6e-743596406d00?fields=provider%3Aphysical_network&fields=provider%3Anetwork_type HTTP/1.1" status: 200 len: 277 time: 0.0741494
2026-09-07 12:01:26.007 10 INFO neutron.db.ovn_revision_numbers_db [None req-313176cf-d53f-4311-8fb9-daf873312325 - - - - - -] Successfully bumped revision number for resource 65b7cebb-3d24-4f68-8362-1db6b573eb3c (type: ports) to 4 /var/lib/openstack/lib/python3.10/site-packages/pycadf/identifier.py:71: UserWarning: Invalid uuid: neutron. To ensure interoperability, identifiers should be a valid uuid. warnings.warn(('Invalid uuid: %s. To ensure interoperability, '
2026-09-07 12:01:26.117 10 INFO neutron.wsgi [req-0b4613ca-4fbb-48aa-8287-4d8404ffa3cf req-a3411fe0-6133-469d-b817-9faebb0b9e8c c85aa24de2934f9381d789f9073fc5cc 0c9c345985c24e44aeee269a2be451ff - - default default] 10.0.0.14 "GET /v2.0/ports?device_id=2d45e6c1-dd1b-4351-851f-385cf6df0f14 HTTP/1.1" status: 200 len: 1170 time: 0.0331397
2026-09-07 12:01:26.141 11 INFO neutron.wsgi [req-e6e1da6c-5603-49f8-8e9e-bd269e64dfb0 req-6781d865-d5a4-4f44-86c4-b919ee4e683b 2824304a5d8e4b138bd91380e055924d f7beba7ba89940159358713cdd54b77c - - 98a0bd3542fd4f8dbfed0a5f0ac97cd2 98a0bd3542fd4f8dbfed0a5f0ac97cd2] 162.253.55.119 "GET /v2.0/floatingips?fixed_ip_address=10.100.0.4&port_id=e70355ed-8568-434e-be81-b8e9cecb2f75 HTTP/1.1" status: 200 len: 217 time: 0.2346084
2026-09-07 12:01:26.146 10 INFO neutron.wsgi [req-0b4613ca-4fbb-48aa-8287-4d8404ffa3cf req-493ccd58-dedc-4eec-9620-b181cd4cf8d8 c85aa24de2934f9381d789f9073fc5cc 0c9c345985c24e44aeee269a2be451ff - - default default] 10.0.0.14 "GET /v2.0/security-groups?id=606ae7e6-b5fa-48e3-bdc6-43181cdca206&fields=id&fields=name HTTP/1.1" status: 200 len: 312 time: 0.0250030
2026-09-07 12:01:26.146 11 INFO neutron.db.segments_db [None req-aafb0084-d700-4e5f-839a-3bc21967aee4 892ac253d1ba42729c6563c7687de34a acf80028c0ae45c48d74b517bf455322 - - - -] Added segment dc93fbc8-a339-4b46-be86-b3da570b6a4b of type geneve for network 6cb666ac-e06c-4c8c-bd5b-ef4400efbc38
2026-09-07 12:01:26.190 11 INFO neutron.wsgi [req-e6e1da6c-5603-49f8-8e9e-bd269e64dfb0 req-6a5ac89d-18ca-4ab8-8402-d4a35e3de9d0 2824304a5d8e4b138bd91380e055924d f7beba7ba89940159358713cdd54b77c - - 98a0bd3542fd4f8dbfed0a5f0ac97cd2 98a0bd3542fd4f8dbfed0a5f0ac97cd2] 162.253.55.119 "GET /v2.0/subnets?id=2d5aeeae-5d8a-473f-b0c3-7a24a3c35280 HTTP/1.1" status: 200 len: 877 time: 0.0324178
2026-09-07 12:01:26.227 11 INFO neutron.wsgi [req-e6e1da6c-5603-49f8-8e9e-bd269e64dfb0 req-9255a96c-83de-4b3e-910d-0c1e5d313875 2824304a5d8e4b138bd91380e055924d f7beba7ba89940159358713cdd54b77c - - 98a0bd3542fd4f8dbfed0a5f0ac97cd2 98a0bd3542fd4f8dbfed0a5f0ac97cd2] 162.253.55.119 "GET /v2.0/ports?network_id=95be3022-1edd-41ce-b65c-10da0e221b03&device_owner=network%3Adhcp HTTP/1.1" status: 200 len: 210 time: 0.0264304
2026-09-07 12:01:26.286 11 INFO neutron.db.ovn_revision_numbers_db [None req-aafb0084-d700-4e5f-839a-3bc21967aee4 892ac253d1ba42729c6563c7687de34a acf80028c0ae45c48d74b517bf455322 - - - -] Successfully bumped revision number for resource 6cb666ac-e06c-4c8c-bd5b-ef4400efbc38 (type: networks) to 1
2026-09-07 12:01:26.308 10 INFO neutron.wsgi [req-29b2a683-782d-4a05-a594-e74f123b22d9 req-28766693-f362-4ad5-9048-306fbff54320 4e3b156302274e5cb80fcfbb2059c3aa a82861a62c5249089679b869c5e56c55 - - default default] 10.0.0.14 "GET /v2.0/ports?device_id=76b1b62e-c9e6-4f2e-a419-2ddd2886a0dd HTTP/1.1" status: 200 len: 1352 time: 0.0500512
2026-09-07 12:01:26.316 11 INFO neutron.wsgi [req-e6e1da6c-5603-49f8-8e9e-bd269e64dfb0 req-8c967ec1-88e9-4680-8357-114d8a32be1e 2824304a5d8e4b138bd91380e055924d f7beba7ba89940159358713cdd54b77c - - 98a0bd3542fd4f8dbfed0a5f0ac97cd2 98a0bd3542fd4f8dbfed0a5f0ac97cd2] 162.253.55.119 "GET /v2.0/networks/95be3022-1edd-41ce-b65c-10da0e221b03?fields=segments HTTP/1.1" status: 200 len: 212 time: 0.0793383
2026-09-07 12:01:26.359 10 INFO neutron.wsgi [req-29b2a683-782d-4a05-a594-e74f123b22d9 req-f6c28776-4114-4820-a183-64cf2fa63896 4e3b156302274e5cb80fcfbb2059c3aa a82861a62c5249089679b869c5e56c55 - - default default] 10.0.0.14 "GET /v2.0/security-groups?id=305e2851-3eed-467b-9f02-8d07bac38c86&fields=id&fields=name HTTP/1.1" status: 200 len: 312 time: 0.0459778
2026-09-07 12:01:26.426 11 INFO neutron.wsgi [req-e6e1da6c-5603-49f8-8e9e-bd269e64dfb0 req-0301c451-10ff-4b27-9807-ad5168c13d62 2824304a5d8e4b138bd91380e055924d f7beba7ba89940159358713cdd54b77c - - 98a0bd3542fd4f8dbfed0a5f0ac97cd2 98a0bd3542fd4f8dbfed0a5f0ac97cd2] 162.253.55.119 "GET /v2.0/networks/95be3022-1edd-41ce-b65c-10da0e221b03?fields=provider%3Aphysical_network&fields=provider%3Anetwork_type HTTP/1.1" status: 200 len: 277 time: 0.1016874
2026-09-07 12:01:26.514 11 INFO neutron.wsgi [req-5d72c1a9-e48c-4913-b031-89c097fe0e1a req-bcbbe4b7-f2ff-4571-9a69-d766e53b91ac 4e3b156302274e5cb80fcfbb2059c3aa a82861a62c5249089679b869c5e56c55 - - default default] 162.253.55.119 "GET /v2.0/ports?device_id=76b1b62e-c9e6-4f2e-a419-2ddd2886a0dd&device_owner=compute%3Anova&fixed_ips=ip_address%3D10.100.0.4 HTTP/1.1" status: 200 len: 1352 time: 0.0642197
2026-09-07 12:01:26.519 11 WARNING neutron.scheduler.dhcp_agent_scheduler [None req-aafb0084-d700-4e5f-839a-3bc21967aee4 892ac253d1ba42729c6563c7687de34a acf80028c0ae45c48d74b517bf455322 - - - -] No more DHCP agents
2026-09-07 12:01:26.527 11 WARNING neutron.api.rpc.agentnotifiers.dhcp_rpc_agent_api [None req-aafb0084-d700-4e5f-839a-3bc21967aee4 892ac253d1ba42729c6563c7687de34a acf80028c0ae45c48d74b517bf455322 - - - -] Unable to schedule network 6cb666ac-e06c-4c8c-bd5b-ef4400efbc38: no agents available; will retry on subsequent port and subnet creation events.
2026-09-07 12:01:26.583 11 INFO neutron.wsgi [-] 10.0.0.6 "GET / HTTP/1.1" status: 200 len: 247 time: 0.0012264
2026-09-07 12:01:26.584 11 INFO neutron.wsgi [-] 10.0.0.6 "GET / HTTP/1.1" status: 200 len: 247 time: 0.0008142
2026-09-07 12:01:26.604 11 INFO neutron.db.ovn_revision_numbers_db [None req-aafb0084-d700-4e5f-839a-3bc21967aee4 892ac253d1ba42729c6563c7687de34a acf80028c0ae45c48d74b517bf455322 - - - -] Successfully bumped revision number for resource 46c4b794-60de-4ecd-bab8-47a6ca90314f (type: ports) to 1
2026-09-07 12:01:26.636 11 INFO neutron.wsgi [None req-aafb0084-d700-4e5f-839a-3bc21967aee4 892ac253d1ba42729c6563c7687de34a acf80028c0ae45c48d74b517bf455322 - - - -] 10.0.0.114 "POST /v2.0/networks HTTP/1.1" status: 201 len: 848 time: 0.8106472
