2026-09-07 12:03:34.897 10 INFO neutron.services.segments.plugin [-] Segment 484c2845-8250-4a56-b5a4-f193486598b3 resource provider not found; error: Placement Client Error (4xx): {"errors": [{"status": 404, "title": "Not Found", "detail": "The resource could not be found.\n\n No resource provider with uuid 484c2845-8250-4a56-b5a4-f193486598b3 found for delete ", "request_id": "req-cb3302a2-34cf-4335-a70c-0291e0531652"}]}
2026-09-07 12:03:34.899 10 INFO neutron.services.segments.plugin [-] Segment 484c2845-8250-4a56-b5a4-f193486598b3 resource provider not found; error: Placement Client Error (4xx): {"errors": [{"status": 404, "title": "Not Found", "detail": "The resource could not be found.\n\n No resource provider with uuid 484c2845-8250-4a56-b5a4-f193486598b3 found for delete ", "request_id": "req-bc02889c-e7ed-401d-8a76-12596263fe42"}]}
2026-09-07 12:03:34.947 10 INFO neutron.wsgi [None req-d7d91043-8623-41bd-ab81-d7da8755c532 221fdb6bc5304c9a94dcc0a0423602c1 c882170ea9294c5cb5efc89feabf417f - - - -] 10.0.0.114 "DELETE /v2.0/networks/20573d4c-572c-428c-95ca-364c155a1403 HTTP/1.1" status: 204 len: 168 time: 0.7089281
2026-09-07 12:03:34.977 11 INFO neutron.pecan_wsgi.hooks.translation [None req-4f45c707-a804-46e0-9505-5e743d5994ef 221fdb6bc5304c9a94dcc0a0423602c1 c882170ea9294c5cb5efc89feabf417f - - - -] DELETE failed (client error): The resource could not be found.
2026-09-07 12:03:34.981 11 INFO neutron.wsgi [None req-4f45c707-a804-46e0-9505-5e743d5994ef 221fdb6bc5304c9a94dcc0a0423602c1 c882170ea9294c5cb5efc89feabf417f - - - -] 10.0.0.114 "DELETE /v2.0/networks/20573d4c-572c-428c-95ca-364c155a1403 HTTP/1.1" status: 404 len: 339 time: 0.0275776
2026-09-07 12:03:35.058 11 INFO neutron.pecan_wsgi.hooks.translation [None req-86866bb4-5a8c-4fa4-a29e-58b8c33d9b7d bc1abe37b439445b8bbf04e63fd18fb9 36c13631f76247fab08d5496e48c4137 - - default default] GET failed (client error): The resource could not be found.
2026-09-07 12:03:35.060 11 INFO neutron.wsgi [None req-86866bb4-5a8c-4fa4-a29e-58b8c33d9b7d bc1abe37b439445b8bbf04e63fd18fb9 36c13631f76247fab08d5496e48c4137 - - default default] 10.0.0.114 "GET /v2.0/networks/a59e25ce-b953-4730-94be-153b45a005d2 HTTP/1.1" status: 404 len: 339 time: 0.1552455
2026-09-07 12:03:35.137 11 INFO neutron.wsgi [None req-2a5485b1-5baf-4f73-910d-75127bc67574 221fdb6bc5304c9a94dcc0a0423602c1 c882170ea9294c5cb5efc89feabf417f - - default default] 10.0.0.114 "GET /v2.0/networks?router%3Aexternal=True HTTP/1.1" status: 200 len: 845 time: 0.1469438
2026-09-07 12:03:35.198 11 INFO neutron.wsgi [None req-6910fb61-e0a0-4930-9429-4fa5e4de5d8b 221fdb6bc5304c9a94dcc0a0423602c1 c882170ea9294c5cb5efc89feabf417f - - default default] 10.0.0.114 "GET /v2.0/subnets?network_id=ea6d7a53-7244-466b-9aae-a652e3279fcb HTTP/1.1" status: 200 len: 820 time: 0.0567334
2026-09-07 12:03:35.210 10 INFO neutron.wsgi [None req-ad43d473-34f2-45c5-bb37-45e9170e60c2 221fdb6bc5304c9a94dcc0a0423602c1 c882170ea9294c5cb5efc89feabf417f - - default default] 10.0.0.114 "GET /v2.0/extensions HTTP/1.1" status: 200 len: 16520 time: 0.0083086
2026-09-07 12:03:35.327 11 INFO neutron.wsgi [None req-96aea924-c72d-41f6-8015-301a6176ecbc 221fdb6bc5304c9a94dcc0a0423602c1 c882170ea9294c5cb5efc89feabf417f - - default default] 10.0.0.114 "GET /v2.0/networks HTTP/1.1" status: 200 len: 1508 time: 0.1108220
2026-09-07 12:03:35.415 11 INFO neutron.wsgi [None req-f76320fa-e7e8-4e7a-beab-61f1a830342a 221fdb6bc5304c9a94dcc0a0423602c1 c882170ea9294c5cb5efc89feabf417f - - default default] 10.0.0.114 "GET /v2.0/subnets HTTP/1.1" status: 200 len: 1460 time: 0.0829134
2026-09-07 12:03:35.492 11 INFO neutron.wsgi [None req-f0af04c0-0f8f-40c8-a4bc-218934dc4aab 221fdb6bc5304c9a94dcc0a0423602c1 c882170ea9294c5cb5efc89feabf417f - - default default] 10.0.0.114 "GET /v2.0/networks/46cea850-c7ca-4df8-bdd7-8d15afcac7b4 HTTP/1.1" status: 200 len: 867 time: 0.0695398
2026-09-07 12:03:35.547 11 INFO neutron.wsgi [None req-5808235f-063c-4e38-8bda-29cf14245cfa 221fdb6bc5304c9a94dcc0a0423602c1 c882170ea9294c5cb5efc89feabf417f - - default default] 10.0.0.114 "GET /v2.0/subnets/34174e4d-6e77-445e-9eea-433f743222ba HTTP/1.1" status: 200 len: 843 time: 0.0499597
2026-09-07 12:03:35.579 11 INFO neutron.pecan_wsgi.hooks.translation [None req-b0e00e6a-f611-4a1e-987b-860460fc1123 221fdb6bc5304c9a94dcc0a0423602c1 c882170ea9294c5cb5efc89feabf417f - - - -] DELETE failed (client error): The resource could not be found.
2026-09-07 12:03:35.581 11 INFO neutron.wsgi [None req-b0e00e6a-f611-4a1e-987b-860460fc1123 221fdb6bc5304c9a94dcc0a0423602c1 c882170ea9294c5cb5efc89feabf417f - - - -] 10.0.0.114 "DELETE /v2.0/subnets/5cbbce0b-f3b3-4143-8991-54d5008de159 HTTP/1.1" status: 404 len: 337 time: 0.0268235
2026-09-07 12:03:35.603 11 INFO neutron.pecan_wsgi.hooks.translation [None req-170b7db9-0917-4a1f-9379-4164569083de 221fdb6bc5304c9a94dcc0a0423602c1 c882170ea9294c5cb5efc89feabf417f - - - -] DELETE failed (client error): The resource could not be found.
2026-09-07 12:03:35.605 11 INFO neutron.wsgi [None req-170b7db9-0917-4a1f-9379-4164569083de 221fdb6bc5304c9a94dcc0a0423602c1 c882170ea9294c5cb5efc89feabf417f - - - -] 10.0.0.114 "DELETE /v2.0/networks/20573d4c-572c-428c-95ca-364c155a1403 HTTP/1.1" status: 404 len: 339 time: 0.0202253
2026-09-07 12:03:35.831 11 INFO neutron.wsgi [None req-dfb214b9-ad52-45f0-8412-59f637b9ad0e 221fdb6bc5304c9a94dcc0a0423602c1 c882170ea9294c5cb5efc89feabf417f - - - -] 10.0.0.114 "DELETE /v2.0/subnets/34174e4d-6e77-445e-9eea-433f743222ba HTTP/1.1" status: 204 len: 168 time: 0.2197249
2026-09-07 12:03:35.832 11 INFO neutron.services.segments.plugin [-] Segment 84086d79-6041-421a-93d5-abaeb4e5f294 resource provider aggregate not found
2026-09-07 12:03:35.837 11 INFO neutron.services.segments.plugin [-] Segment 84086d79-6041-421a-93d5-abaeb4e5f294 resource provider aggregate not found
2026-09-07 12:03:35.858 11 INFO neutron.services.segments.plugin [-] Segment 84086d79-6041-421a-93d5-abaeb4e5f294 resource provider not found; error: Placement Client Error (4xx): {"errors": [{"status": 404, "title": "Not Found", "detail": "The resource could not be found.\n\n No resource provider with uuid 84086d79-6041-421a-93d5-abaeb4e5f294 found for delete ", "request_id": "req-e4db665b-805a-4ea9-9459-c76115b8b981"}]}
2026-09-07 12:03:35.858 11 INFO neutron.services.segments.plugin [-] Segment 84086d79-6041-421a-93d5-abaeb4e5f294 resource provider not found; error: Placement Client Error (4xx): {"errors": [{"status": 404, "title": "Not Found", "detail": "The resource could not be found.\n\n No resource provider with uuid 84086d79-6041-421a-93d5-abaeb4e5f294 found for delete ", "request_id": "req-0423dabf-9883-4b9b-8f55-2c48da0dac7d"}]}
2026-09-07 12:03:35.898 11 INFO neutron.wsgi [None req-7d27b991-2c24-4695-a523-989dc0d1cc5a 11628d88474f499eae8dc25db51c2688 3f987ff92fe740e4a3d33a2000aac27c - - - -] 10.0.0.114 "DELETE /v2.0/networks/a59e25ce-b953-4730-94be-153b45a005d2 HTTP/1.1" status: 204 len: 168 time: 0.8319979
2026-09-07 12:03:35.921 11 INFO neutron.pecan_wsgi.hooks.translation [None req-969efc7f-5bb6-4320-a1d6-16f1c0e05b59 11628d88474f499eae8dc25db51c2688 3f987ff92fe740e4a3d33a2000aac27c - - - -] DELETE failed (client error): The resource could not be found.
2026-09-07 12:03:35.923 11 INFO neutron.wsgi [None req-969efc7f-5bb6-4320-a1d6-16f1c0e05b59 11628d88474f499eae8dc25db51c2688 3f987ff92fe740e4a3d33a2000aac27c - - - -] 10.0.0.114 "DELETE /v2.0/subnets/e1527697-6ac5-4e1c-8839-12fc776b83db HTTP/1.1" status: 404 len: 337 time: 0.0172322
2026-09-07 12:03:35.955 11 INFO neutron.pecan_wsgi.hooks.translation [None req-2da1d03c-c4a7-4a20-a83f-1c7f9fe08e0f 11628d88474f499eae8dc25db51c2688 3f987ff92fe740e4a3d33a2000aac27c - - - -] DELETE failed (client error): The resource could not be found.
2026-09-07 12:03:35.957 11 INFO neutron.wsgi [None req-2da1d03c-c4a7-4a20-a83f-1c7f9fe08e0f 11628d88474f499eae8dc25db51c2688 3f987ff92fe740e4a3d33a2000aac27c - - - -] 10.0.0.114 "DELETE /v2.0/subnets/c2a818db-26b5-40ff-abe9-2f4cbb96c386 HTTP/1.1" status: 404 len: 337 time: 0.0204747
2026-09-07 12:03:35.975 11 INFO neutron.pecan_wsgi.hooks.translation [None req-c4b75799-ba95-4140-855d-a7286c39471b 11628d88474f499eae8dc25db51c2688 3f987ff92fe740e4a3d33a2000aac27c - - - -] DELETE failed (client error): The resource could not be found.
2026-09-07 12:03:35.977 11 INFO neutron.wsgi [None req-c4b75799-ba95-4140-855d-a7286c39471b 11628d88474f499eae8dc25db51c2688 3f987ff92fe740e4a3d33a2000aac27c - - - -] 10.0.0.114 "DELETE /v2.0/subnets/f1b7904a-6510-4a95-b843-6d08be106312 HTTP/1.1" status: 404 len: 337 time: 0.0156968
2026-09-07 12:03:36.189 10 INFO neutron.wsgi [None req-dee54262-b385-41ba-912c-721a69bb45aa d403138ce1744eceb8073d7c09038044 7a132d323ce842f0afd0a5cb693f9d83 - - - -] 10.0.0.114 "PUT /v2.0/routers/9591014a-951f-4d7a-926d-58e62552309c/remove_router_interface HTTP/1.1" status: 200 len: 503 time: 1.4847991 /var/lib/openstack/lib/python3.10/site-packages/pycadf/identifier.py:71: UserWarning: Invalid uuid: neutron. To ensure interoperability, identifiers should be a valid uuid. warnings.warn(('Invalid uuid: %s. To ensure interoperability, '
2026-09-07 12:03:36.311 11 INFO neutron.wsgi [None req-ce99ba42-ca31-4199-a69e-036184cbb3f4 221fdb6bc5304c9a94dcc0a0423602c1 c882170ea9294c5cb5efc89feabf417f - - - -] 10.0.0.114 "DELETE /v2.0/networks/46cea850-c7ca-4df8-bdd7-8d15afcac7b4 HTTP/1.1" status: 204 len: 168 time: 0.4594350
2026-09-07 12:03:36.768 10 INFO neutron.wsgi [None req-d50dc769-ac57-4028-84ec-45528120e514 d403138ce1744eceb8073d7c09038044 7a132d323ce842f0afd0a5cb693f9d83 - - - -] 10.0.0.114 "DELETE /v2.0/routers/9591014a-951f-4d7a-926d-58e62552309c HTTP/1.1" status: 204 len: 168 time: 0.5745366
2026-09-07 12:03:36.947 10 INFO neutron.wsgi [None req-50e4eff9-10c3-4d34-b54a-de4f083406f0 d403138ce1744eceb8073d7c09038044 7a132d323ce842f0afd0a5cb693f9d83 - - - -] 10.0.0.114 "DELETE /v2.0/subnets/8b7ed7fe-b1d3-494c-b002-8ffd4d6be4da HTTP/1.1" status: 204 len: 168 time: 0.1729083
2026-09-07 12:03:37.012 11 INFO neutron.wsgi [None req-6b25e6f7-2ca5-41c5-834f-45155d21a569 d403138ce1744eceb8073d7c09038044 7a132d323ce842f0afd0a5cb693f9d83 - - default default] 10.0.0.114 "GET /v2.0/security-groups?tenant_id=c882170ea9294c5cb5efc89feabf417f&name=default HTTP/1.1" status: 200 len: 2996 time: 0.1285818
2026-09-07 12:03:37.097 11 INFO neutron.wsgi [None req-565260ba-6427-460a-a67e-1bb75157605a d403138ce1744eceb8073d7c09038044 7a132d323ce842f0afd0a5cb693f9d83 - - default default] 10.0.0.114 "GET /v2.0/security-groups?tenant_id=3f987ff92fe740e4a3d33a2000aac27c&name=default HTTP/1.1" status: 200 len: 2996 time: 0.2216189
2026-09-07 12:03:37.226 11 INFO neutron.wsgi [None req-c99b6855-f195-4777-9065-e1b04a72e1fc d403138ce1744eceb8073d7c09038044 7a132d323ce842f0afd0a5cb693f9d83 - - - -] 10.0.0.114 "DELETE /v2.0/security-groups/daed6be1-9a82-470a-a725-5031c3133b6f HTTP/1.1" status: 204 len: 168 time: 0.2087247
2026-09-07 12:03:37.229 10 INFO neutron.services.segments.plugin [-] Segment 7e73bfae-65c0-4337-b694-5c832d812761 resource provider aggregate not found
2026-09-07 12:03:37.246 10 INFO neutron.services.segments.plugin [-] Segment 7e73bfae-65c0-4337-b694-5c832d812761 resource provider not found; error: Placement Client Error (4xx): {"errors": [{"status": 404, "title": "Not Found", "detail": "The resource could not be found.\n\n No resource provider with uuid 7e73bfae-65c0-4337-b694-5c832d812761 found for delete ", "request_id": "req-b165b526-10da-4480-9515-035c9f7e34b4"}]}
2026-09-07 12:03:37.247 10 INFO neutron.services.segments.plugin [-] Segment 7e73bfae-65c0-4337-b694-5c832d812761 resource provider aggregate not found
2026-09-07 12:03:37.266 10 INFO neutron.services.segments.plugin [-] Segment 7e73bfae-65c0-4337-b694-5c832d812761 resource provider not found; error: Placement Client Error (4xx): {"errors": [{"status": 404, "title": "Not Found", "detail": "The resource could not be found.\n\n No resource provider with uuid 7e73bfae-65c0-4337-b694-5c832d812761 found for delete ", "request_id": "req-9c9e285d-411d-4ae6-af22-fd6179e3bd0f"}]}
2026-09-07 12:03:37.280 10 INFO neutron.wsgi [None req-4d86df7b-6e25-491f-99eb-242b0c0bf2a8 d403138ce1744eceb8073d7c09038044 7a132d323ce842f0afd0a5cb693f9d83 - - - -] 10.0.0.114 "DELETE /v2.0/networks/cd01d750-aab1-4746-8f69-c7adb9b95960 HTTP/1.1" status: 204 len: 168 time: 0.3273711
2026-09-07 12:03:37.284 11 INFO neutron.wsgi [None req-989d4b85-0b03-4129-9b04-c6996ec5f171 d403138ce1744eceb8073d7c09038044 7a132d323ce842f0afd0a5cb693f9d83 - - - -] 10.0.0.114 "DELETE /v2.0/security-groups/9a7f0d06-5e5e-4936-96dd-11dd7863af41 HTTP/1.1" status: 204 len: 168 time: 0.1831574
2026-09-07 12:03:37.525 11 INFO neutron.db.ovn_revision_numbers_db [None req-49fce894-a929-4990-be2f-ece949529afa d403138ce1744eceb8073d7c09038044 7a132d323ce842f0afd0a5cb693f9d83 - - default default] Successfully bumped revision number for resource a59c8981-7b4a-4929-a983-f4de0ed61a46 (type: security_groups) to 1
2026-09-07 12:03:37.558 11 INFO neutron.wsgi [None req-49fce894-a929-4990-be2f-ece949529afa d403138ce1744eceb8073d7c09038044 7a132d323ce842f0afd0a5cb693f9d83 - - default default] 10.0.0.114 "GET /v2.0/security-groups?tenant_id=ee1293b36ab24b71a06f003c0dddf869&name=default HTTP/1.1" status: 200 len: 2996 time: 0.1564438
2026-09-07 12:03:37.834 11 INFO neutron.wsgi [None req-57159ab0-1a77-4d1f-a1bf-a5517b0d2b30 d403138ce1744eceb8073d7c09038044 7a132d323ce842f0afd0a5cb693f9d83 - - - -] 10.0.0.114 "DELETE /v2.0/security-groups/a59c8981-7b4a-4929-a983-f4de0ed61a46 HTTP/1.1" status: 204 len: 168 time: 0.2727380
2026-09-07 12:03:37.891 11 INFO neutron.services.segments.plugin [-] Segment 09d54592-7a05-47fe-9922-357ecf7d3605 resource provider aggregate not found
2026-09-07 12:03:37.896 11 INFO neutron.services.segments.plugin [-] Segment 09d54592-7a05-47fe-9922-357ecf7d3605 resource provider aggregate not found
2026-09-07 12:03:37.905 11 INFO neutron.services.segments.plugin [-] Segment 09d54592-7a05-47fe-9922-357ecf7d3605 resource provider not found; error: Placement Client Error (4xx): {"errors": [{"status": 404, "title": "Not Found", "detail": "The resource could not be found.\n\n No resource provider with uuid 09d54592-7a05-47fe-9922-357ecf7d3605 found for delete ", "request_id": "req-450d643f-576f-4307-b427-3e31cae134a1"}]}
2026-09-07 12:03:37.920 11 INFO neutron.services.segments.plugin [-] Segment 09d54592-7a05-47fe-9922-357ecf7d3605 resource provider not found; error: Placement Client Error (4xx): {"errors": [{"status": 404, "title": "Not Found", "detail": "The resource could not be found.\n\n No resource provider with uuid 09d54592-7a05-47fe-9922-357ecf7d3605 found for delete ", "request_id": "req-5588296d-4997-4e60-a43a-a7e1691ab10c"}]}
2026-09-07 12:03:38.087 10 INFO neutron.db.ovn_revision_numbers_db [None req-965c48c2-74b4-45df-b1d6-959b4765c743 d403138ce1744eceb8073d7c09038044 7a132d323ce842f0afd0a5cb693f9d83 - - default default] Successfully bumped revision number for resource e332737f-94d6-4b0a-a66c-936a46da053f (type: security_groups) to 1
2026-09-07 12:03:38.120 10 INFO neutron.wsgi [None req-965c48c2-74b4-45df-b1d6-959b4765c743 d403138ce1744eceb8073d7c09038044 7a132d323ce842f0afd0a5cb693f9d83 - - default default] 10.0.0.114 "GET /v2.0/security-groups?tenant_id=36c13631f76247fab08d5496e48c4137&name=default HTTP/1.1" status: 200 len: 2996 time: 0.1426990
2026-09-07 12:03:38.190 10 INFO neutron.wsgi [None req-f6169a10-9b88-4e23-9e29-f4efff3e6322 fbdab3f42cb848d88a2fe9bb3580b5a1 39ce08138c6849c0ae0b5af548d322d5 - - - -] 10.0.0.114 "POST /v2.0/subnetpools HTTP/1.1" status: 201 len: 715 time: 0.2755420
2026-09-07 12:03:38.258 10 INFO neutron.wsgi [None req-b05108b0-dda8-4639-8da6-1f2c49a7bca3 fbdab3f42cb848d88a2fe9bb3580b5a1 39ce08138c6849c0ae0b5af548d322d5 - - - -] 10.0.0.114 "POST /v2.0/subnetpools HTTP/1.1" status: 201 len: 715 time: 0.0636449
2026-09-07 12:03:38.341 10 INFO neutron.wsgi [None req-a08769c1-875f-4fec-a2c5-97dedac416d5 fbdab3f42cb848d88a2fe9bb3580b5a1 39ce08138c6849c0ae0b5af548d322d5 - - - -] 10.0.0.114 "POST /v2.0/subnetpools HTTP/1.1" status: 201 len: 715 time: 0.0771952
2026-09-07 12:03:38.379 10 INFO neutron.wsgi [None req-adc8aad3-78e9-412d-b3c9-c3630499dec7 d403138ce1744eceb8073d7c09038044 7a132d323ce842f0afd0a5cb693f9d83 - - - -] 10.0.0.114 "DELETE /v2.0/security-groups/e332737f-94d6-4b0a-a66c-936a46da053f HTTP/1.1" status: 204 len: 168 time: 0.2525456
2026-09-07 12:03:38.404 10 INFO neutron.wsgi [None req-c763cd16-bf54-43e1-bde0-3537c85e236a fbdab3f42cb848d88a2fe9bb3580b5a1 39ce08138c6849c0ae0b5af548d322d5 - - - -] 10.0.0.114 "POST /v2.0/subnetpools HTTP/1.1" status: 201 len: 715 time: 0.0583987
2026-09-07 12:03:38.449 10 INFO neutron.wsgi [None req-ca944941-1fca-4d97-b813-ce118e26a709 fbdab3f42cb848d88a2fe9bb3580b5a1 39ce08138c6849c0ae0b5af548d322d5 - - - -] 10.0.0.114 "POST /v2.0/subnetpools HTTP/1.1" status: 201 len: 715 time: 0.0414107
2026-09-07 12:03:38.486 10 INFO neutron.wsgi [None req-8ede0b11-e7b4-4a11-8932-12d03fc04377 fbdab3f42cb848d88a2fe9bb3580b5a1 39ce08138c6849c0ae0b5af548d322d5 - - - -] 10.0.0.114 "PUT /v2.0/subnetpools/aa0c0dff-feaf-4610-bf9a-7500af8c7a16/tags HTTP/1.1" status: 200 len: 210 time: 0.0318141
2026-09-07 12:03:38.516 10 INFO neutron.wsgi [None req-94fbb92d-ce4d-42b8-9a03-205ecafe7ed3 fbdab3f42cb848d88a2fe9bb3580b5a1 39ce08138c6849c0ae0b5af548d322d5 - - - -] 10.0.0.114 "PUT /v2.0/subnetpools/739d1a48-0209-4db0-a300-ff4cd9b5974f/tags HTTP/1.1" status: 200 len: 218 time: 0.0220745
2026-09-07 12:03:38.550 10 INFO neutron.wsgi [None req-752b7ca3-d02e-4eac-b38b-e4ed6e468a53 fbdab3f42cb848d88a2fe9bb3580b5a1 39ce08138c6849c0ae0b5af548d322d5 - - - -] 10.0.0.114 "PUT /v2.0/subnetpools/664a4cc7-980e-4c74-8aa4-d238b7ad677f/tags HTTP/1.1" status: 200 len: 227 time: 0.0246322
2026-09-07 12:03:38.598 11 INFO neutron.wsgi [None req-52f851db-18a4-44ed-8db5-ce416f7141c0 fbdab3f42cb848d88a2fe9bb3580b5a1 39ce08138c6849c0ae0b5af548d322d5 - - - -] 10.0.0.114 "PUT /v2.0/subnetpools/9c2c4a09-9e50-4cd4-bf8b-22568a8d6e4c/tags HTTP/1.1" status: 200 len: 212 time: 0.0395503
2026-09-07 12:03:38.671 11 INFO neutron.wsgi [None req-9b582f9a-41f1-42e3-9ffc-74071e9c6fdb fbdab3f42cb848d88a2fe9bb3580b5a1 39ce08138c6849c0ae0b5af548d322d5 - - default default] 10.0.0.114 "GET /v2.0/subnetpools?tags=red HTTP/1.1" status: 200 len: 1758 time: 0.0640123
2026-09-07 12:03:38.685 11 INFO neutron.wsgi [None req-63c2a242-3a60-40ee-b398-501f802e0bb1 d403138ce1744eceb8073d7c09038044 7a132d323ce842f0afd0a5cb693f9d83 - - - -] 10.0.0.114 "PUT /v2.0/routers/9e6b38dd-c713-4355-a342-fc8643d0eaf4/remove_router_interface HTTP/1.1" status: 200 len: 503 time: 1.3979321 /var/lib/openstack/lib/python3.10/site-packages/pycadf/identifier.py:71: UserWarning: Invalid uuid: neutron. To ensure interoperability, identifiers should be a valid uuid. warnings.warn(('Invalid uuid: %s. To ensure interoperability, '
2026-09-07 12:03:38.715 10 INFO neutron.wsgi [None req-d5ee8c34-3c5b-4fab-b2f6-68ef8a52aa0b fbdab3f42cb848d88a2fe9bb3580b5a1 39ce08138c6849c0ae0b5af548d322d5 - - default default] 10.0.0.114 "GET /v2.0/subnetpools?tags=red%2Cblue HTTP/1.1" status: 200 len: 1251 time: 0.0398996
2026-09-07 12:03:38.754 11 INFO neutron.wsgi [None req-9eb8b922-2dfe-4419-8a8d-18ceafc2e951 fbdab3f42cb848d88a2fe9bb3580b5a1 39ce08138c6849c0ae0b5af548d322d5 - - default default] 10.0.0.114 "GET /v2.0/subnetpools?tags-any=blue HTTP/1.1" status: 200 len: 1251 time: 0.0353842
2026-09-07 12:03:38.791 11 INFO neutron.wsgi [None req-e5c45fa1-cb94-4357-9639-0fc023c2e8d5 fbdab3f42cb848d88a2fe9bb3580b5a1 39ce08138c6849c0ae0b5af548d322d5 - - default default] 10.0.0.114 "GET /v2.0/subnetpools?tags-any=red%2Cblue HTTP/1.1" status: 200 len: 1758 time: 0.0281060
2026-09-07 12:03:38.851 10 INFO neutron.wsgi [None req-2b776e79-ac9d-4aba-b1ad-23bbd6f581a9 fbdab3f42cb848d88a2fe9bb3580b5a1 39ce08138c6849c0ae0b5af548d322d5 - - default default] 10.0.0.114 "GET /v2.0/subnetpools?not-tags=red HTTP/1.1" status: 200 len: 1223 time: 0.0558212
2026-09-07 12:03:38.898 10 INFO neutron.wsgi [None req-fdd6bd83-01ba-41da-afeb-aaab798ce36d fbdab3f42cb848d88a2fe9bb3580b5a1 39ce08138c6849c0ae0b5af548d322d5 - - default default] 10.0.0.114 "GET /v2.0/subnetpools?not-tags=red%2Cblue HTTP/1.1" status: 200 len: 1730 time: 0.0422835
2026-09-07 12:03:38.936 10 INFO neutron.wsgi [None req-1c96bee4-68ba-446c-ba58-a7e1a80467a8 fbdab3f42cb848d88a2fe9bb3580b5a1 39ce08138c6849c0ae0b5af548d322d5 - - default default] 10.0.0.114 "GET /v2.0/subnetpools?not-tags-any=blue HTTP/1.1" status: 200 len: 1730 time: 0.0332711
2026-09-07 12:03:38.963 10 INFO neutron.wsgi [None req-43d73189-9700-4820-9bc8-979404325c3f fbdab3f42cb848d88a2fe9bb3580b5a1 39ce08138c6849c0ae0b5af548d322d5 - - default default] 10.0.0.114 "GET /v2.0/subnetpools?not-tags-any=red%2Cblue HTTP/1.1" status: 200 len: 1223 time: 0.0229075
2026-09-07 12:03:39.019 10 INFO neutron.wsgi [None req-2597131e-48bf-4b35-9c69-0bdc12ce5091 fbdab3f42cb848d88a2fe9bb3580b5a1 39ce08138c6849c0ae0b5af548d322d5 - - - -] 10.0.0.114 "DELETE /v2.0/subnetpools/aa0c0dff-feaf-4610-bf9a-7500af8c7a16 HTTP/1.1" status: 204 len: 168 time: 0.0511458
2026-09-07 12:03:39.078 10 INFO neutron.wsgi [None req-a4408a59-8de7-45cc-8147-2e40496e3f9b fbdab3f42cb848d88a2fe9bb3580b5a1 39ce08138c6849c0ae0b5af548d322d5 - - - -] 10.0.0.114 "DELETE /v2.0/subnetpools/739d1a48-0209-4db0-a300-ff4cd9b5974f HTTP/1.1" status: 204 len: 168 time: 0.0547593
2026-09-07 12:03:39.176 11 INFO neutron.wsgi [None req-9a254d6b-5879-41be-a87d-0c38f00152bb fbdab3f42cb848d88a2fe9bb3580b5a1 39ce08138c6849c0ae0b5af548d322d5 - - - -] 10.0.0.114 "DELETE /v2.0/subnetpools/664a4cc7-980e-4c74-8aa4-d238b7ad677f HTTP/1.1" status: 204 len: 168 time: 0.0898652
2026-09-07 12:03:39.248 11 INFO neutron.wsgi [None req-4ae2590e-5876-4c9c-b232-47763a9dfc44 fbdab3f42cb848d88a2fe9bb3580b5a1 39ce08138c6849c0ae0b5af548d322d5 - - - -] 10.0.0.114 "DELETE /v2.0/subnetpools/9c2c4a09-9e50-4cd4-bf8b-22568a8d6e4c HTTP/1.1" status: 204 len: 168 time: 0.0670178
2026-09-07 12:03:39.350 10 INFO neutron.wsgi [None req-93c59b83-b82e-420a-bff7-a6ec6156758b fbdab3f42cb848d88a2fe9bb3580b5a1 39ce08138c6849c0ae0b5af548d322d5 - - - -] 10.0.0.114 "DELETE /v2.0/subnetpools/d80e1ae9-7eb4-4c4f-b007-058f61ab18fc HTTP/1.1" status: 204 len: 168 time: 0.0878277
2026-09-07 12:03:39.393 10 INFO neutron.db.ovn_revision_numbers_db [None req-66a15bc7-8b6b-486d-9c31-484459cca6cf 25a5b0faa3c645e3bee08e39c23a43f3 15114d493da54d70be8ef62607ae8509 - - - -] Successfully bumped revision number for resource a3db9ec3-a104-498e-9c16-01e295406fcc (type: security_groups) to 1
2026-09-07 12:03:39.463 11 INFO neutron.wsgi [None req-a768d475-fb77-4a82-9957-5321994848f3 d403138ce1744eceb8073d7c09038044 7a132d323ce842f0afd0a5cb693f9d83 - - - -] 10.0.0.114 "DELETE /v2.0/routers/9e6b38dd-c713-4355-a342-fc8643d0eaf4 HTTP/1.1" status: 204 len: 168 time: 0.7705758
2026-09-07 12:03:39.480 10 INFO neutron.db.segments_db [None req-66a15bc7-8b6b-486d-9c31-484459cca6cf 25a5b0faa3c645e3bee08e39c23a43f3 15114d493da54d70be8ef62607ae8509 - - - -] Added segment 357db252-33c6-4263-b5f8-49a6450c1dec of type geneve for network 93f8cb66-cb22-4902-addb-9fc1c053c707
2026-09-07 12:03:39.599 10 INFO neutron.db.ovn_revision_numbers_db [None req-66a15bc7-8b6b-486d-9c31-484459cca6cf 25a5b0faa3c645e3bee08e39c23a43f3 15114d493da54d70be8ef62607ae8509 - - - -] Successfully bumped revision number for resource 93f8cb66-cb22-4902-addb-9fc1c053c707 (type: networks) to 1
2026-09-07 12:03:39.643 11 INFO neutron.wsgi [None req-a7839f18-dc15-4cc8-a2e1-ad5f23930f6f d403138ce1744eceb8073d7c09038044 7a132d323ce842f0afd0a5cb693f9d83 - - - -] 10.0.0.114 "DELETE /v2.0/subnets/97b05ec8-26bd-472f-9828-7e24a296fb4c HTTP/1.1" status: 204 len: 168 time: 0.1752338
2026-09-07 12:03:39.745 10 WARNING neutron.scheduler.dhcp_agent_scheduler [None req-66a15bc7-8b6b-486d-9c31-484459cca6cf 25a5b0faa3c645e3bee08e39c23a43f3 15114d493da54d70be8ef62607ae8509 - - - -] No more DHCP agents
2026-09-07 12:03:39.748 10 WARNING neutron.api.rpc.agentnotifiers.dhcp_rpc_agent_api [None req-66a15bc7-8b6b-486d-9c31-484459cca6cf 25a5b0faa3c645e3bee08e39c23a43f3 15114d493da54d70be8ef62607ae8509 - - - -] Unable to schedule network 93f8cb66-cb22-4902-addb-9fc1c053c707: no agents available; will retry on subsequent port and subnet creation events.
2026-09-07 12:03:39.805 10 INFO neutron.db.ovn_revision_numbers_db [None req-66a15bc7-8b6b-486d-9c31-484459cca6cf 25a5b0faa3c645e3bee08e39c23a43f3 15114d493da54d70be8ef62607ae8509 - - - -] Successfully bumped revision number for resource 15025b02-489f-4f02-b260-e6b139165eb1 (type: ports) to 1
2026-09-07 12:03:39.825 10 INFO neutron.wsgi [None req-66a15bc7-8b6b-486d-9c31-484459cca6cf 25a5b0faa3c645e3bee08e39c23a43f3 15114d493da54d70be8ef62607ae8509 - - - -] 10.0.0.114 "POST /v2.0/networks HTTP/1.1" status: 201 len: 848 time: 0.7097852
2026-09-07 12:03:39.963 11 INFO neutron.services.segments.plugin [-] Segment 0b53b6b7-c55d-446f-8a8e-e3bffeea5400 resource provider aggregate not found
2026-09-07 12:03:39.973 11 INFO neutron.services.segments.plugin [-] Segment 0b53b6b7-c55d-446f-8a8e-e3bffeea5400 resource provider aggregate not found
2026-09-07 12:03:39.978 11 INFO neutron.services.segments.plugin [-] Segment 0b53b6b7-c55d-446f-8a8e-e3bffeea5400 resource provider not found; error: Placement Client Error (4xx): {"errors": [{"status": 404, "title": "Not Found", "detail": "The resource could not be found.\n\n No resource provider with uuid 0b53b6b7-c55d-446f-8a8e-e3bffeea5400 found for delete ", "request_id": "req-6058399f-82d0-4a06-b0cf-616dae39a566"}]}
2026-09-07 12:03:39.998 11 INFO neutron.services.segments.plugin [-] Segment 0b53b6b7-c55d-446f-8a8e-e3bffeea5400 resource provider not found; error: Placement Client Error (4xx): {"errors": [{"status": 404, "title": "Not Found", "detail": "The resource could not be found.\n\n No resource provider with uuid 0b53b6b7-c55d-446f-8a8e-e3bffeea5400 found for delete ", "request_id": "req-3085c5eb-e618-49ea-92ce-38300f47417b"}]}
2026-09-07 12:03:40.020 11 INFO neutron.wsgi [None req-3aaae515-5d5d-427d-a1cb-3d93371ded99 d403138ce1744eceb8073d7c09038044 7a132d323ce842f0afd0a5cb693f9d83 - - - -] 10.0.0.114 "DELETE /v2.0/networks/509b92f0-9008-4795-bf2e-316fe3cc2f11 HTTP/1.1" status: 204 len: 168 time: 0.3739123
2026-09-07 12:03:40.107 11 WARNING neutron.scheduler.dhcp_agent_scheduler [None req-dddcaa3c-4ba2-4f7f-b725-a8b625fd27fe 25a5b0faa3c645e3bee08e39c23a43f3 15114d493da54d70be8ef62607ae8509 - - - -] No more DHCP agents
2026-09-07 12:03:40.108 11 WARNING neutron.api.rpc.agentnotifiers.dhcp_rpc_agent_api [None req-dddcaa3c-4ba2-4f7f-b725-a8b625fd27fe 25a5b0faa3c645e3bee08e39c23a43f3 15114d493da54d70be8ef62607ae8509 - - - -] Unable to schedule network 93f8cb66-cb22-4902-addb-9fc1c053c707: no agents available; will retry on subsequent port and subnet creation events.
2026-09-07 12:03:40.161 11 INFO neutron.db.ovn_revision_numbers_db [None req-dddcaa3c-4ba2-4f7f-b725-a8b625fd27fe 25a5b0faa3c645e3bee08e39c23a43f3 15114d493da54d70be8ef62607ae8509 - - - -] Successfully bumped revision number for resource 6d05edac-e86d-4359-9a70-67a0541f3fe8 (type: ports) to 1
2026-09-07 12:03:40.178 11 INFO neutron.wsgi [None req-dddcaa3c-4ba2-4f7f-b725-a8b625fd27fe 25a5b0faa3c645e3bee08e39c23a43f3 15114d493da54d70be8ef62607ae8509 - - - -] 10.0.0.114 "POST /v2.0/ports HTTP/1.1" status: 201 len: 977 time: 0.3490391 /var/lib/openstack/lib/python3.10/site-packages/pycadf/identifier.py:71: UserWarning: Invalid uuid: neutron. To ensure interoperability, identifiers should be a valid uuid. warnings.warn(('Invalid uuid: %s. To ensure interoperability, '
2026-09-07 12:03:40.258 11 INFO neutron.db.segments_db [None req-af443ca1-78ad-411a-90de-65e71b9c8ab4 25a5b0faa3c645e3bee08e39c23a43f3 15114d493da54d70be8ef62607ae8509 - - - -] Added segment 976f8bd5-c579-4aa0-a8ed-769492e67b1f of type geneve for network 5987db02-105c-4209-a906-fbfcd400fd6e
2026-09-07 12:03:40.408 11 INFO neutron.db.ovn_revision_numbers_db [None req-af443ca1-78ad-411a-90de-65e71b9c8ab4 25a5b0faa3c645e3bee08e39c23a43f3 15114d493da54d70be8ef62607ae8509 - - - -] Successfully bumped revision number for resource 5987db02-105c-4209-a906-fbfcd400fd6e (type: networks) to 1
2026-09-07 12:03:40.454 10 INFO neutron.wsgi [None req-5a547488-fbf4-48de-ad5f-c74990d0da3e d403138ce1744eceb8073d7c09038044 7a132d323ce842f0afd0a5cb693f9d83 - - default default] 10.0.0.114 "GET /v2.0/security-groups?tenant_id=773b2e58eb414cd9b4bec524e528b2c0&name=default HTTP/1.1" status: 200 len: 2996 time: 0.0345790
2026-09-07 12:03:40.538 10 INFO neutron.db.ovn_revision_numbers_db [None req-57cb629e-97c7-437d-bcf9-c540be2b536b d403138ce1744eceb8073d7c09038044 7a132d323ce842f0afd0a5cb693f9d83 - - default default] Successfully bumped revision number for resource b4db424b-c101-4b97-b74d-b0197af18de8 (type: security_groups) to 1
2026-09-07 12:03:40.575 11 WARNING neutron.scheduler.dhcp_agent_scheduler [None req-af443ca1-78ad-411a-90de-65e71b9c8ab4 25a5b0faa3c645e3bee08e39c23a43f3 15114d493da54d70be8ef62607ae8509 - - - -] No more DHCP agents
2026-09-07 12:03:40.576 11 WARNING neutron.api.rpc.agentnotifiers.dhcp_rpc_agent_api [None req-af443ca1-78ad-411a-90de-65e71b9c8ab4 25a5b0faa3c645e3bee08e39c23a43f3 15114d493da54d70be8ef62607ae8509 - - - -] Unable to schedule network 5987db02-105c-4209-a906-fbfcd400fd6e: no agents available; will retry on subsequent port and subnet creation events.
2026-09-07 12:03:40.579 10 INFO neutron.wsgi [None req-57cb629e-97c7-437d-bcf9-c540be2b536b d403138ce1744eceb8073d7c09038044 7a132d323ce842f0afd0a5cb693f9d83 - - default default] 10.0.0.114 "GET /v2.0/security-groups?tenant_id=f36899d460aa47fe905b6f94fba1bd04&name=default HTTP/1.1" status: 200 len: 2996 time: 0.3703375
2026-09-07 12:03:40.623 11 INFO neutron.db.ovn_revision_numbers_db [None req-af443ca1-78ad-411a-90de-65e71b9c8ab4 25a5b0faa3c645e3bee08e39c23a43f3 15114d493da54d70be8ef62607ae8509 - - - -] Successfully bumped revision number for resource 5e26f92b-1730-4d92-b1ab-0268c3f04fb6 (type: ports) to 1
2026-09-07 12:03:40.645 11 INFO neutron.wsgi [None req-af443ca1-78ad-411a-90de-65e71b9c8ab4 25a5b0faa3c645e3bee08e39c23a43f3 15114d493da54d70be8ef62607ae8509 - - - -] 10.0.0.114 "POST /v2.0/networks HTTP/1.1" status: 201 len: 835 time: 0.4620225
2026-09-07 12:03:40.739 10 INFO neutron.wsgi [None req-dbfb171d-e258-461f-a4f5-d30cc38e3873 d403138ce1744eceb8073d7c09038044 7a132d323ce842f0afd0a5cb693f9d83 - - - -] 10.0.0.114 "DELETE /v2.0/security-groups/09a04996-d488-40f6-942e-647cdc6a3ae9 HTTP/1.1" status: 204 len: 168 time: 0.2799630
2026-09-07 12:03:40.831 10 INFO neutron.wsgi [None req-00e140f8-2042-4284-9468-f2b79a901066 d403138ce1744eceb8073d7c09038044 7a132d323ce842f0afd0a5cb693f9d83 - - - -] 10.0.0.114 "DELETE /v2.0/security-groups/b4db424b-c101-4b97-b74d-b0197af18de8 HTTP/1.1" status: 204 len: 168 time: 0.2477179
2026-09-07 12:03:40.886 11 INFO neutron.wsgi [None req-1ff4c2f8-cc97-4f09-9e10-aa8a21e958fe d403138ce1744eceb8073d7c09038044 7a132d323ce842f0afd0a5cb693f9d83 - - default default] 10.0.0.114 "GET /v2.0/security-groups?tenant_id=87b5627948494625b5e8b3db979548b5&name=default HTTP/1.1" status: 200 len: 2996 time: 0.0388956
2026-09-07 12:03:40.939 11 WARNING neutron.scheduler.dhcp_agent_scheduler [None req-b1b84f6c-0f0a-4053-a99a-026bedc46b65 25a5b0faa3c645e3bee08e39c23a43f3 15114d493da54d70be8ef62607ae8509 - - - -] No more DHCP agents
2026-09-07 12:03:40.941 11 WARNING neutron.api.rpc.agentnotifiers.dhcp_rpc_agent_api [None req-b1b84f6c-0f0a-4053-a99a-026bedc46b65 25a5b0faa3c645e3bee08e39c23a43f3 15114d493da54d70be8ef62607ae8509 - - - -] Unable to schedule network 5987db02-105c-4209-a906-fbfcd400fd6e: no agents available; will retry on subsequent port and subnet creation events.
2026-09-07 12:03:40.954 11 INFO neutron.db.ovn_revision_numbers_db [None req-b1b84f6c-0f0a-4053-a99a-026bedc46b65 25a5b0faa3c645e3bee08e39c23a43f3 15114d493da54d70be8ef62607ae8509 - - - -] Successfully bumped revision number for resource e238043f-3c82-4018-bb77-49dadc232d30 (type: subnets) to 0
2026-09-07 12:03:40.965 11 INFO neutron.wsgi [None req-b1b84f6c-0f0a-4053-a99a-026bedc46b65 25a5b0faa3c645e3bee08e39c23a43f3 15114d493da54d70be8ef62607ae8509 - - - -] 10.0.0.114 "POST /v2.0/subnets HTTP/1.1" status: 201 len: 821 time: 0.3143027
2026-09-07 12:03:41.154 10 INFO neutron.wsgi [None req-b9ee357c-8782-49d6-b76f-b520b8b25ca9 d403138ce1744eceb8073d7c09038044 7a132d323ce842f0afd0a5cb693f9d83 - - - -] 10.0.0.114 "DELETE /v2.0/security-groups/de0e51f2-762f-462a-b5ca-3cfc0570c4ff HTTP/1.1" status: 204 len: 168 time: 0.2599947
2026-09-07 12:03:41.297 10 INFO neutron.db.ovn_revision_numbers_db [None req-1b367bd4-f295-4627-bfd1-1bcf59c2ab36 d403138ce1744eceb8073d7c09038044 7a132d323ce842f0afd0a5cb693f9d83 - - default default] Successfully bumped revision number for resource c358d75e-81f6-4be8-8a8c-ea30e0096b37 (type: security_groups) to 1
2026-09-07 12:03:41.328 10 INFO neutron.wsgi [None req-1b367bd4-f295-4627-bfd1-1bcf59c2ab36 d403138ce1744eceb8073d7c09038044 7a132d323ce842f0afd0a5cb693f9d83 - - default default] 10.0.0.114 "GET /v2.0/security-groups?tenant_id=c4f5a45619ee4884a10ff094a425af66&name=default HTTP/1.1" status: 200 len: 2996 time: 0.1849296
2026-09-07 12:03:41.537 10 INFO neutron.wsgi [None req-f866f6ba-9d60-4c8e-8430-755803631892 d403138ce1744eceb8073d7c09038044 7a132d323ce842f0afd0a5cb693f9d83 - - - -] 10.0.0.114 "DELETE /v2.0/security-groups/c358d75e-81f6-4be8-8a8c-ea30e0096b37 HTTP/1.1" status: 204 len: 168 time: 0.1969583
2026-09-07 12:03:41.587 10 INFO neutron.wsgi [-] 10.0.0.6 "GET / HTTP/1.1" status: 200 len: 247 time: 0.0040333
2026-09-07 12:03:41.589 10 INFO neutron.wsgi [-] 10.0.0.6 "GET / HTTP/1.1" status: 200 len: 247 time: 0.0013173
2026-09-07 12:03:41.728 11 WARNING neutron.scheduler.dhcp_agent_scheduler [None req-f15b0fd6-e796-4f9f-b1b7-67da7a0c753c 25a5b0faa3c645e3bee08e39c23a43f3 15114d493da54d70be8ef62607ae8509 - - - -] No more DHCP agents
2026-09-07 12:03:41.733 11 WARNING neutron.api.rpc.agentnotifiers.dhcp_rpc_agent_api [None req-f15b0fd6-e796-4f9f-b1b7-67da7a0c753c 25a5b0faa3c645e3bee08e39c23a43f3 15114d493da54d70be8ef62607ae8509 - - - -] Unable to schedule network 5987db02-105c-4209-a906-fbfcd400fd6e: no agents available; will retry on subsequent port and subnet creation events.
2026-09-07 12:03:41.779 11 INFO neutron.db.ovn_revision_numbers_db [None req-68f34e0d-7d69-49a0-a579-15786f8aaa54 d403138ce1744eceb8073d7c09038044 7a132d323ce842f0afd0a5cb693f9d83 - - default default] Successfully bumped revision number for resource 8e863738-445b-489d-a2a0-d8f78594d1d1 (type: security_groups) to 1
2026-09-07 12:03:41.815 11 INFO neutron.wsgi [None req-68f34e0d-7d69-49a0-a579-15786f8aaa54 d403138ce1744eceb8073d7c09038044 7a132d323ce842f0afd0a5cb693f9d83 - - default default] 10.0.0.114 "GET /v2.0/security-groups?tenant_id=39ce08138c6849c0ae0b5af548d322d5&name=default HTTP/1.1" status: 200 len: 2996 time: 0.1726344
2026-09-07 12:03:41.852 11 INFO neutron.db.ovn_revision_numbers_db [None req-f15b0fd6-e796-4f9f-b1b7-67da7a0c753c 25a5b0faa3c645e3bee08e39c23a43f3 15114d493da54d70be8ef62607ae8509 - - - -] Successfully bumped revision number for resource 0b5705aa-1ca6-4e67-a87a-68fa32b4c03e (type: ports) to 1
2026-09-07 12:03:41.873 11 INFO neutron.wsgi [None req-f15b0fd6-e796-4f9f-b1b7-67da7a0c753c 25a5b0faa3c645e3bee08e39c23a43f3 15114d493da54d70be8ef62607ae8509 - - - -] 10.0.0.114 "POST /v2.0/ports HTTP/1.1" status: 201 len: 1165 time: 0.9039156
2026-09-07 12:03:42.123 10 INFO neutron.wsgi [None req-959ecfda-56da-4b60-91f5-d9306ba6832d d403138ce1744eceb8073d7c09038044 7a132d323ce842f0afd0a5cb693f9d83 - - - -] 10.0.0.114 "DELETE /v2.0/security-groups/8e863738-445b-489d-a2a0-d8f78594d1d1 HTTP/1.1" status: 204 len: 168 time: 0.3033829
2026-09-07 12:03:42.207 10 INFO neutron.wsgi [None req-2dd23083-7e11-4fc1-89fd-57806008b01d 25a5b0faa3c645e3bee08e39c23a43f3 15114d493da54d70be8ef62607ae8509 - - - -] 10.0.0.114 "DELETE /v2.0/ports/0b5705aa-1ca6-4e67-a87a-68fa32b4c03e HTTP/1.1" status: 204 len: 168 time: 0.3230159 /var/lib/openstack/lib/python3.10/site-packages/pycadf/identifier.py:71: UserWarning: Invalid uuid: neutron. To ensure interoperability, identifiers should be a valid uuid. warnings.warn(('Invalid uuid: %s. To ensure interoperability, '
2026-09-07 12:03:42.231 11 INFO neutron.pecan_wsgi.hooks.translation [None req-b2abd0bd-ec63-484d-85ba-c70518aef179 25a5b0faa3c645e3bee08e39c23a43f3 15114d493da54d70be8ef62607ae8509 - - - -] DELETE failed (client error): The resource could not be found.
2026-09-07 12:03:42.234 11 INFO neutron.wsgi [None req-b2abd0bd-ec63-484d-85ba-c70518aef179 25a5b0faa3c645e3bee08e39c23a43f3 15114d493da54d70be8ef62607ae8509 - - - -] 10.0.0.114 "DELETE /v2.0/ports/0b5705aa-1ca6-4e67-a87a-68fa32b4c03e HTTP/1.1" status: 404 len: 333 time: 0.0229044
2026-09-07 12:03:42.255 11 INFO neutron.pecan_wsgi.hooks.translation [None req-9cfdf721-bd5c-4264-9234-c12a710712d5 25a5b0faa3c645e3bee08e39c23a43f3 15114d493da54d70be8ef62607ae8509 - - default default] GET failed (client error): The resource could not be found.
2026-09-07 12:03:42.256 11 INFO neutron.wsgi [None req-9cfdf721-bd5c-4264-9234-c12a710712d5 25a5b0faa3c645e3bee08e39c23a43f3 15114d493da54d70be8ef62607ae8509 - - default default] 10.0.0.114 "GET /v2.0/ports/0b5705aa-1ca6-4e67-a87a-68fa32b4c03e HTTP/1.1" status: 404 len: 333 time: 0.0186491
2026-09-07 12:03:42.487 11 INFO neutron.wsgi [None req-4686b06a-a938-48a9-a7c5-d160e24f485e 25a5b0faa3c645e3bee08e39c23a43f3 15114d493da54d70be8ef62607ae8509 - - - -] 10.0.0.114 "DELETE /v2.0/subnets/e238043f-3c82-4018-bb77-49dadc232d30 HTTP/1.1" status: 204 len: 168 time: 0.2227416
2026-09-07 12:03:42.765 11 INFO neutron.services.segments.plugin [-] Segment 976f8bd5-c579-4aa0-a8ed-769492e67b1f resource provider aggregate not found
2026-09-07 12:03:42.770 11 INFO neutron.services.segments.plugin [-] Segment 976f8bd5-c579-4aa0-a8ed-769492e67b1f resource provider aggregate not found
2026-09-07 12:03:42.781 11 INFO neutron.services.segments.plugin [-] Segment 976f8bd5-c579-4aa0-a8ed-769492e67b1f resource provider not found; error: Placement Client Error (4xx): {"errors": [{"status": 404, "title": "Not Found", "detail": "The resource could not be found.\n\n No resource provider with uuid 976f8bd5-c579-4aa0-a8ed-769492e67b1f found for delete ", "request_id": "req-f69017fc-a736-4ba3-a3aa-b05ed7ae647b"}]}
2026-09-07 12:03:42.793 11 INFO neutron.services.segments.plugin [-] Segment 976f8bd5-c579-4aa0-a8ed-769492e67b1f resource provider not found; error: Placement Client Error (4xx): {"errors": [{"status": 404, "title": "Not Found", "detail": "The resource could not be found.\n\n No resource provider with uuid 976f8bd5-c579-4aa0-a8ed-769492e67b1f found for delete ", "request_id": "req-fa02b6b6-4c32-469a-a7cf-1b3d49fa8209"}]}
2026-09-07 12:03:42.811 11 INFO neutron.wsgi [None req-7c40d491-d6b4-490c-8ceb-42806d08757d 25a5b0faa3c645e3bee08e39c23a43f3 15114d493da54d70be8ef62607ae8509 - - - -] 10.0.0.114 "DELETE /v2.0/networks/5987db02-105c-4209-a906-fbfcd400fd6e HTTP/1.1" status: 204 len: 168 time: 0.3200572
2026-09-07 12:03:42.930 10 INFO neutron.db.segments_db [None req-5728c829-fbac-4b58-a8b2-7f2853a0e439 25a5b0faa3c645e3bee08e39c23a43f3 15114d493da54d70be8ef62607ae8509 - - - -] Added segment fa08e938-1e91-4115-a617-03a87666b853 of type geneve for network 92890140-8e7c-44ae-a1fb-2b074215e3d4
2026-09-07 12:03:43.060 10 INFO neutron.db.ovn_revision_numbers_db [None req-5728c829-fbac-4b58-a8b2-7f2853a0e439 25a5b0faa3c645e3bee08e39c23a43f3 15114d493da54d70be8ef62607ae8509 - - - -] Successfully bumped revision number for resource 92890140-8e7c-44ae-a1fb-2b074215e3d4 (type: networks) to 1
2026-09-07 12:03:43.243 10 WARNING neutron.scheduler.dhcp_agent_scheduler [None req-5728c829-fbac-4b58-a8b2-7f2853a0e439 25a5b0faa3c645e3bee08e39c23a43f3 15114d493da54d70be8ef62607ae8509 - - - -] No more DHCP agents
2026-09-07 12:03:43.246 10 WARNING neutron.api.rpc.agentnotifiers.dhcp_rpc_agent_api [None req-5728c829-fbac-4b58-a8b2-7f2853a0e439 25a5b0faa3c645e3bee08e39c23a43f3 15114d493da54d70be8ef62607ae8509 - - - -] Unable to schedule network 92890140-8e7c-44ae-a1fb-2b074215e3d4: no agents available; will retry on subsequent port and subnet creation events.
2026-09-07 12:03:43.320 10 INFO neutron.db.ovn_revision_numbers_db [None req-5728c829-fbac-4b58-a8b2-7f2853a0e439 25a5b0faa3c645e3bee08e39c23a43f3 15114d493da54d70be8ef62607ae8509 - - - -] Successfully bumped revision number for resource b072eea2-ee80-49f4-950b-30cb7d3e839d (type: ports) to 1
2026-09-07 12:03:43.358 10 INFO neutron.wsgi [None req-5728c829-fbac-4b58-a8b2-7f2853a0e439 25a5b0faa3c645e3bee08e39c23a43f3 15114d493da54d70be8ef62607ae8509 - - - -] 10.0.0.114 "POST /v2.0/networks HTTP/1.1" status: 201 len: 835 time: 0.5407360
2026-09-07 12:03:43.591 11 WARNING neutron.scheduler.dhcp_agent_scheduler [None req-b194f193-4952-4f5d-94bb-67bb2e41b981 25a5b0faa3c645e3bee08e39c23a43f3 15114d493da54d70be8ef62607ae8509 - - - -] No more DHCP agents
2026-09-07 12:03:43.593 11 WARNING neutron.api.rpc.agentnotifiers.dhcp_rpc_agent_api [None req-b194f193-4952-4f5d-94bb-67bb2e41b981 25a5b0faa3c645e3bee08e39c23a43f3 15114d493da54d70be8ef62607ae8509 - - - -] Unable to schedule network 92890140-8e7c-44ae-a1fb-2b074215e3d4: no agents available; will retry on subsequent port and subnet creation events.
2026-09-07 12:03:43.605 11 INFO neutron.db.ovn_revision_numbers_db [None req-b194f193-4952-4f5d-94bb-67bb2e41b981 25a5b0faa3c645e3bee08e39c23a43f3 15114d493da54d70be8ef62607ae8509 - - - -] Successfully bumped revision number for resource 3a0da01c-c8d2-4fa6-ae07-7c71e655a10f (type: subnets) to 0
2026-09-07 12:03:43.619 11 INFO neutron.wsgi [None req-b194f193-4952-4f5d-94bb-67bb2e41b981 25a5b0faa3c645e3bee08e39c23a43f3 15114d493da54d70be8ef62607ae8509 - - - -] 10.0.0.114 "POST /v2.0/subnets HTTP/1.1" status: 201 len: 821 time: 0.2558308
2026-09-07 12:03:43.853 10 INFO neutron.db.ovn_revision_numbers_db [None req-007bb303-9c0e-4145-8081-b151e6c17e9f efad3b0b4277476d99b9b196ae213fb0 87e6e77419214116b05edec4f04eaaa1 - - - -] Successfully bumped revision number for resource b5c401e2-3011-4345-b025-6fef48a903d8 (type: security_groups) to 1
2026-09-07 12:03:43.899 11 WARNING neutron.scheduler.dhcp_agent_scheduler [None req-b180ee27-46f1-4e8b-9ffc-41468342750d 25a5b0faa3c645e3bee08e39c23a43f3 15114d493da54d70be8ef62607ae8509 - - - -] No more DHCP agents
2026-09-07 12:03:43.902 11 WARNING neutron.api.rpc.agentnotifiers.dhcp_rpc_agent_api [None req-b180ee27-46f1-4e8b-9ffc-41468342750d 25a5b0faa3c645e3bee08e39c23a43f3 15114d493da54d70be8ef62607ae8509 - - - -] Unable to schedule network 92890140-8e7c-44ae-a1fb-2b074215e3d4: no agents available; will retry on subsequent port and subnet creation events.
2026-09-07 12:03:43.923 10 INFO neutron.db.segments_db [None req-007bb303-9c0e-4145-8081-b151e6c17e9f efad3b0b4277476d99b9b196ae213fb0 87e6e77419214116b05edec4f04eaaa1 - - - -] Added segment 2aef0294-e46c-4bbe-a894-29e22f605e66 of type geneve for network 0762acb3-8fb8-47d0-8772-19095ac1694b
2026-09-07 12:03:43.993 11 INFO neutron.db.ovn_revision_numbers_db [None req-b180ee27-46f1-4e8b-9ffc-41468342750d 25a5b0faa3c645e3bee08e39c23a43f3 15114d493da54d70be8ef62607ae8509 - - - -] Successfully bumped revision number for resource 0f0a9963-909a-4e09-ac44-f5d220e45bbe (type: ports) to 1
2026-09-07 12:03:44.010 11 INFO neutron.wsgi [None req-b180ee27-46f1-4e8b-9ffc-41468342750d 25a5b0faa3c645e3bee08e39c23a43f3 15114d493da54d70be8ef62607ae8509 - - - -] 10.0.0.114 "POST /v2.0/ports HTTP/1.1" status: 201 len: 1126 time: 0.3859694
2026-09-07 12:03:44.378 10 INFO neutron.db.ovn_revision_numbers_db [None req-007bb303-9c0e-4145-8081-b151e6c17e9f efad3b0b4277476d99b9b196ae213fb0 87e6e77419214116b05edec4f04eaaa1 - - - -] Successfully bumped revision number for resource 0762acb3-8fb8-47d0-8772-19095ac1694b (type: networks) to 1
2026-09-07 12:03:44.620 10 WARNING neutron.scheduler.dhcp_agent_scheduler [None req-007bb303-9c0e-4145-8081-b151e6c17e9f efad3b0b4277476d99b9b196ae213fb0 87e6e77419214116b05edec4f04eaaa1 - - - -] No more DHCP agents
2026-09-07 12:03:44.624 10 WARNING neutron.api.rpc.agentnotifiers.dhcp_rpc_agent_api [None req-007bb303-9c0e-4145-8081-b151e6c17e9f efad3b0b4277476d99b9b196ae213fb0 87e6e77419214116b05edec4f04eaaa1 - - - -] Unable to schedule network 0762acb3-8fb8-47d0-8772-19095ac1694b: no agents available; will retry on subsequent port and subnet creation events.
2026-09-07 12:03:44.724 10 INFO neutron.db.ovn_revision_numbers_db [None req-007bb303-9c0e-4145-8081-b151e6c17e9f efad3b0b4277476d99b9b196ae213fb0 87e6e77419214116b05edec4f04eaaa1 - - - -] Successfully bumped revision number for resource cb4dbb4f-a768-48b8-b9f5-7f9563bb24c8 (type: ports) to 1
2026-09-07 12:03:44.751 10 INFO neutron.wsgi [None req-007bb303-9c0e-4145-8081-b151e6c17e9f efad3b0b4277476d99b9b196ae213fb0 87e6e77419214116b05edec4f04eaaa1 - - - -] 10.0.0.114 "POST /v2.0/networks HTTP/1.1" status: 201 len: 831 time: 1.2316096
2026-09-07 12:03:44.755 10 INFO neutron.wsgi [None req-b8348514-ee53-4160-ab78-a157a7435780 25a5b0faa3c645e3bee08e39c23a43f3 15114d493da54d70be8ef62607ae8509 - - - -] 10.0.0.114 "DELETE /v2.0/ports/0f0a9963-909a-4e09-ac44-f5d220e45bbe HTTP/1.1" status: 204 len: 168 time: 0.7377977
2026-09-07 12:03:44.779 10 INFO neutron.pecan_wsgi.hooks.translation [None req-4572c55a-3971-4a0d-afa2-c0f68bb2fea1 25a5b0faa3c645e3bee08e39c23a43f3 15114d493da54d70be8ef62607ae8509 - - default default] GET failed (client error): The resource could not be found.
2026-09-07 12:03:44.781 10 INFO neutron.wsgi [None req-4572c55a-3971-4a0d-afa2-c0f68bb2fea1 25a5b0faa3c645e3bee08e39c23a43f3 15114d493da54d70be8ef62607ae8509 - - default default] 10.0.0.114 "GET /v2.0/ports/0f0a9963-909a-4e09-ac44-f5d220e45bbe HTTP/1.1" status: 404 len: 333 time: 0.0232821
2026-09-07 12:03:44.944 10 INFO neutron.wsgi [None req-5709aca1-c03b-4e7d-a42d-ea1cb54304a3 25a5b0faa3c645e3bee08e39c23a43f3 15114d493da54d70be8ef62607ae8509 - - - -] 10.0.0.114 "DELETE /v2.0/subnets/3a0da01c-c8d2-4fa6-ae07-7c71e655a10f HTTP/1.1" status: 204 len: 168 time: 0.1581352 /var/lib/openstack/lib/python3.10/site-packages/pycadf/identifier.py:71: UserWarning: Invalid uuid: neutron. To ensure interoperability, identifiers should be a valid uuid. warnings.warn(('Invalid uuid: %s. To ensure interoperability, '
2026-09-07 12:03:44.980 11 WARNING neutron.scheduler.dhcp_agent_scheduler [None req-06a6f587-f0d6-4f43-bf4a-51333b15829b efad3b0b4277476d99b9b196ae213fb0 87e6e77419214116b05edec4f04eaaa1 - - - -] No more DHCP agents
2026-09-07 12:03:44.991 11 WARNING neutron.api.rpc.agentnotifiers.dhcp_rpc_agent_api [None req-06a6f587-f0d6-4f43-bf4a-51333b15829b efad3b0b4277476d99b9b196ae213fb0 87e6e77419214116b05edec4f04eaaa1 - - - -] Unable to schedule network 0762acb3-8fb8-47d0-8772-19095ac1694b: no agents available; will retry on subsequent port and subnet creation events.
2026-09-07 12:03:45.064 11 INFO neutron.db.ovn_revision_numbers_db [None req-06a6f587-f0d6-4f43-bf4a-51333b15829b efad3b0b4277476d99b9b196ae213fb0 87e6e77419214116b05edec4f04eaaa1 - - - -] Successfully bumped revision number for resource b4185399-62ca-4f8b-b9fd-8bf35beffdb3 (type: ports) to 1
2026-09-07 12:03:45.104 11 INFO neutron.wsgi [None req-06a6f587-f0d6-4f43-bf4a-51333b15829b efad3b0b4277476d99b9b196ae213fb0 87e6e77419214116b05edec4f04eaaa1 - - - -] 10.0.0.114 "POST /v2.0/ports HTTP/1.1" status: 201 len: 942 time: 0.3485956 /var/lib/openstack/lib/python3.10/site-packages/pycadf/identifier.py:71: UserWarning: Invalid uuid: neutron. To ensure interoperability, identifiers should be a valid uuid. warnings.warn(('Invalid uuid: %s. To ensure interoperability, '
2026-09-07 12:03:45.204 11 INFO neutron.db.segments_db [None req-3e7c1340-ecb2-4a3d-91d4-e79a41b79768 efad3b0b4277476d99b9b196ae213fb0 87e6e77419214116b05edec4f04eaaa1 - - - -] Added segment 35ec97c8-f2a6-4e1d-9755-6c394a688a09 of type geneve for network c2dd509a-0455-4462-8aca-4658279f51ff
2026-09-07 12:03:45.349 11 INFO neutron.db.ovn_revision_numbers_db [None req-3e7c1340-ecb2-4a3d-91d4-e79a41b79768 efad3b0b4277476d99b9b196ae213fb0 87e6e77419214116b05edec4f04eaaa1 - - - -] Successfully bumped revision number for resource c2dd509a-0455-4462-8aca-4658279f51ff (type: networks) to 1
2026-09-07 12:03:45.397 11 INFO neutron.services.segments.plugin [-] Segment fa08e938-1e91-4115-a617-03a87666b853 resource provider aggregate not found
2026-09-07 12:03:45.401 11 INFO neutron.services.segments.plugin [-] Segment fa08e938-1e91-4115-a617-03a87666b853 resource provider aggregate not found
2026-09-07 12:03:45.418 11 INFO neutron.services.segments.plugin [-] Segment fa08e938-1e91-4115-a617-03a87666b853 resource provider not found; error: Placement Client Error (4xx): {"errors": [{"status": 404, "title": "Not Found", "detail": "The resource could not be found.\n\n No resource provider with uuid fa08e938-1e91-4115-a617-03a87666b853 found for delete ", "request_id": "req-27c19968-c65e-4d3c-87c5-7ab0b3fecb8a"}]}
2026-09-07 12:03:45.421 11 INFO neutron.services.segments.plugin [-] Segment fa08e938-1e91-4115-a617-03a87666b853 resource provider not found; error: Placement Client Error (4xx): {"errors": [{"status": 404, "title": "Not Found", "detail": "The resource could not be found.\n\n No resource provider with uuid fa08e938-1e91-4115-a617-03a87666b853 found for delete ", "request_id": "req-3eae0468-f301-484e-8628-a0c7b4b56ee1"}]}
2026-09-07 12:03:45.461 11 INFO neutron.wsgi [None req-d1339641-d37d-468f-b820-21f3f3bcc87d 25a5b0faa3c645e3bee08e39c23a43f3 15114d493da54d70be8ef62607ae8509 - - - -] 10.0.0.114 "DELETE /v2.0/networks/92890140-8e7c-44ae-a1fb-2b074215e3d4 HTTP/1.1" status: 204 len: 168 time: 0.5131929
2026-09-07 12:03:45.556 11 WARNING neutron.scheduler.dhcp_agent_scheduler [None req-3e7c1340-ecb2-4a3d-91d4-e79a41b79768 efad3b0b4277476d99b9b196ae213fb0 87e6e77419214116b05edec4f04eaaa1 - - - -] No more DHCP agents
