May 18 18:33:36.074104 np0000174506 nova-scheduler[108300]: DEBUG cotyledon.oslo_config_glue [-] workarounds.disable_deep_image_inspection = False {{(pid=108300) log_opt_values /opt/stack/data/venv/lib/python3.12/site-packages/oslo_config/cfg.py:3006}}
May 18 18:33:36.074104 np0000174506 nova-scheduler[108300]: DEBUG cotyledon.oslo_config_glue [-] workarounds.disable_fallback_pcpu_query = False {{(pid=108300) log_opt_values /opt/stack/data/venv/lib/python3.12/site-packages/oslo_config/cfg.py:3006}}
May 18 18:33:36.074104 np0000174506 nova-scheduler[108300]: DEBUG cotyledon.oslo_config_glue [-] workarounds.disable_group_policy_check_upcall = False {{(pid=108300) log_opt_values /opt/stack/data/venv/lib/python3.12/site-packages/oslo_config/cfg.py:3006}}
May 18 18:33:36.074182 np0000174506 nova-scheduler[108284]: DEBUG oslo_db.sqlalchemy.engines [None req-bae08473-5858-4b3b-bfc1-790248a7b84e None None] MySQL server mode set to STRICT_TRANS_TABLES,STRICT_ALL_TABLES,NO_ZERO_IN_DATE,NO_ZERO_DATE,ERROR_FOR_DIVISION_BY_ZERO,TRADITIONAL,NO_ENGINE_SUBSTITUTION {{(pid=108284) _check_effective_sql_mode /opt/stack/data/venv/lib/python3.12/site-packages/oslo_db/sqlalchemy/engines.py:325}}
May 18 18:33:36.074216 np0000174506 nova-scheduler[108300]: DEBUG cotyledon.oslo_config_glue [-] workarounds.disable_libvirt_livesnapshot = False {{(pid=108300) log_opt_values /opt/stack/data/venv/lib/python3.12/site-packages/oslo_config/cfg.py:3006}}
May 18 18:33:36.074216 np0000174506 nova-scheduler[108300]: DEBUG cotyledon.oslo_config_glue [-] workarounds.disable_rootwrap = False {{(pid=108300) log_opt_values /opt/stack/data/venv/lib/python3.12/site-packages/oslo_config/cfg.py:3006}}
May 18 18:33:36.074216 np0000174506 nova-scheduler[108300]: DEBUG cotyledon.oslo_config_glue [-] workarounds.enable_numa_live_migration = False {{(pid=108300) log_opt_values /opt/stack/data/venv/lib/python3.12/site-packages/oslo_config/cfg.py:3006}}
May 18 18:33:36.074216 np0000174506 nova-scheduler[108300]: DEBUG cotyledon.oslo_config_glue [-] workarounds.enable_qemu_monitor_announce_self = False {{(pid=108300) log_opt_values /opt/stack/data/venv/lib/python3.12/site-packages/oslo_config/cfg.py:3006}}
May 18 18:33:36.074216 np0000174506 nova-scheduler[108300]: DEBUG cotyledon.oslo_config_glue [-] workarounds.ensure_libvirt_rbd_instance_dir_cleanup = False {{(pid=108300) log_opt_values /opt/stack/data/venv/lib/python3.12/site-packages/oslo_config/cfg.py:3006}}
May 18 18:33:36.074216 np0000174506 nova-scheduler[108300]: DEBUG cotyledon.oslo_config_glue [-] workarounds.handle_virt_lifecycle_events = True {{(pid=108300) log_opt_values /opt/stack/data/venv/lib/python3.12/site-packages/oslo_config/cfg.py:3006}}
May 18 18:33:36.074216 np0000174506 nova-scheduler[108300]: DEBUG cotyledon.oslo_config_glue [-] workarounds.libvirt_disable_apic = False {{(pid=108300) log_opt_values /opt/stack/data/venv/lib/python3.12/site-packages/oslo_config/cfg.py:3006}}
May 18 18:33:36.074216 np0000174506 nova-scheduler[108300]: DEBUG cotyledon.oslo_config_glue [-] workarounds.never_download_image_if_on_rbd = False {{(pid=108300) log_opt_values /opt/stack/data/venv/lib/python3.12/site-packages/oslo_config/cfg.py:3006}}
May 18 18:33:36.074216 np0000174506 nova-scheduler[108300]: DEBUG cotyledon.oslo_config_glue [-] workarounds.qemu_monitor_announce_self_count = 3 {{(pid=108300) log_opt_values /opt/stack/data/venv/lib/python3.12/site-packages/oslo_config/cfg.py:3006}}
May 18 18:33:36.074448 np0000174506 nova-scheduler[108300]: DEBUG cotyledon.oslo_config_glue [-] workarounds.qemu_monitor_announce_self_interval = 1 {{(pid=108300) log_opt_values /opt/stack/data/venv/lib/python3.12/site-packages/oslo_config/cfg.py:3006}}
May 18 18:33:36.074448 np0000174506 nova-scheduler[108300]: DEBUG cotyledon.oslo_config_glue [-] workarounds.reserve_disk_resource_for_image_cache = False {{(pid=108300) log_opt_values /opt/stack/data/venv/lib/python3.12/site-packages/oslo_config/cfg.py:3006}}
May 18 18:33:36.074448 np0000174506 nova-scheduler[108300]: DEBUG cotyledon.oslo_config_glue [-] workarounds.skip_cpu_compare_at_startup = False {{(pid=108300) log_opt_values /opt/stack/data/venv/lib/python3.12/site-packages/oslo_config/cfg.py:3006}}
May 18 18:33:36.074448 np0000174506 nova-scheduler[108300]: DEBUG cotyledon.oslo_config_glue [-] workarounds.skip_cpu_compare_on_dest = False {{(pid=108300) log_opt_values /opt/stack/data/venv/lib/python3.12/site-packages/oslo_config/cfg.py:3006}}
May 18 18:33:36.074448 np0000174506 nova-scheduler[108300]: DEBUG cotyledon.oslo_config_glue [-] workarounds.skip_hypervisor_version_check_on_lm = False {{(pid=108300) log_opt_values /opt/stack/data/venv/lib/python3.12/site-packages/oslo_config/cfg.py:3006}}
May 18 18:33:36.074448 np0000174506 nova-scheduler[108300]: DEBUG cotyledon.oslo_config_glue [-] workarounds.skip_reserve_in_use_ironic_nodes = False {{(pid=108300) log_opt_values /opt/stack/data/venv/lib/python3.12/site-packages/oslo_config/cfg.py:3006}}
May 18 18:33:36.074448 np0000174506 nova-scheduler[108300]: DEBUG cotyledon.oslo_config_glue [-] workarounds.unified_limits_count_pcpu_as_vcpu = False {{(pid=108300) log_opt_values /opt/stack/data/venv/lib/python3.12/site-packages/oslo_config/cfg.py:3006}}
May 18 18:33:36.074448 np0000174506 nova-scheduler[108300]: DEBUG cotyledon.oslo_config_glue [-] workarounds.wait_for_vif_plugged_event_during_hard_reboot = [] {{(pid=108300) log_opt_values /opt/stack/data/venv/lib/python3.12/site-packages/oslo_config/cfg.py:3006}}
May 18 18:33:36.074654 np0000174506 nova-scheduler[108300]: DEBUG cotyledon.oslo_config_glue [-] wsgi.api_paste_config = /etc/nova/api-paste.ini {{(pid=108300) log_opt_values /opt/stack/data/venv/lib/python3.12/site-packages/oslo_config/cfg.py:3006}}
May 18 18:33:36.074654 np0000174506 nova-scheduler[108300]: DEBUG cotyledon.oslo_config_glue [-] wsgi.secure_proxy_ssl_header = None {{(pid=108300) log_opt_values /opt/stack/data/venv/lib/python3.12/site-packages/oslo_config/cfg.py:3006}}
May 18 18:33:36.074654 np0000174506 nova-scheduler[108300]: DEBUG cotyledon.oslo_config_glue [-] zvm.ca_file = None {{(pid=108300) log_opt_values /opt/stack/data/venv/lib/python3.12/site-packages/oslo_config/cfg.py:3006}}
May 18 18:33:36.074654 np0000174506 nova-scheduler[108300]: DEBUG cotyledon.oslo_config_glue [-] zvm.cloud_connector_url = None {{(pid=108300) log_opt_values /opt/stack/data/venv/lib/python3.12/site-packages/oslo_config/cfg.py:3006}}
May 18 18:33:36.074654 np0000174506 nova-scheduler[108300]: DEBUG cotyledon.oslo_config_glue [-] zvm.image_tmp_path = /opt/stack/data/nova/images {{(pid=108300) log_opt_values /opt/stack/data/venv/lib/python3.12/site-packages/oslo_config/cfg.py:3006}}
May 18 18:33:36.074654 np0000174506 nova-scheduler[108300]: DEBUG cotyledon.oslo_config_glue [-] zvm.reachable_timeout = 300 {{(pid=108300) log_opt_values /opt/stack/data/venv/lib/python3.12/site-packages/oslo_config/cfg.py:3006}}
May 18 18:33:36.074654 np0000174506 nova-scheduler[108300]: DEBUG cotyledon.oslo_config_glue [-] oslo_versionedobjects.fatal_exception_format_errors = False {{(pid=108300) log_opt_values /opt/stack/data/venv/lib/python3.12/site-packages/oslo_config/cfg.py:3006}}
May 18 18:33:36.074654 np0000174506 nova-scheduler[108300]: DEBUG cotyledon.oslo_config_glue [-] oslo_middleware.http_basic_auth_user_file = /etc/htpasswd {{(pid=108300) log_opt_values /opt/stack/data/venv/lib/python3.12/site-packages/oslo_config/cfg.py:3006}}
May 18 18:33:36.074654 np0000174506 nova-scheduler[108300]: DEBUG cotyledon.oslo_config_glue [-] oslo_messaging_metrics.metrics_buffer_size = 1000 {{(pid=108300) log_opt_values /opt/stack/data/venv/lib/python3.12/site-packages/oslo_config/cfg.py:3006}}
May 18 18:33:36.074906 np0000174506 nova-scheduler[108300]: DEBUG cotyledon.oslo_config_glue [-] oslo_messaging_metrics.metrics_enabled = False {{(pid=108300) log_opt_values /opt/stack/data/venv/lib/python3.12/site-packages/oslo_config/cfg.py:3006}}
May 18 18:33:36.074906 np0000174506 nova-scheduler[108300]: DEBUG cotyledon.oslo_config_glue [-] oslo_messaging_metrics.metrics_process_name = {{(pid=108300) log_opt_values /opt/stack/data/venv/lib/python3.12/site-packages/oslo_config/cfg.py:3006}}
May 18 18:33:36.074906 np0000174506 nova-scheduler[108300]: DEBUG cotyledon.oslo_config_glue [-] oslo_messaging_metrics.metrics_socket_file = /var/tmp/metrics_collector.sock {{(pid=108300) log_opt_values /opt/stack/data/venv/lib/python3.12/site-packages/oslo_config/cfg.py:3006}}
May 18 18:33:36.074906 np0000174506 nova-scheduler[108300]: DEBUG cotyledon.oslo_config_glue [-] oslo_messaging_metrics.metrics_thread_stop_timeout = 10 {{(pid=108300) log_opt_values /opt/stack/data/venv/lib/python3.12/site-packages/oslo_config/cfg.py:3006}}
May 18 18:33:36.074906 np0000174506 nova-scheduler[108300]: DEBUG cotyledon.oslo_config_glue [-] profiler.connection_string = messaging:// {{(pid=108300) log_opt_values /opt/stack/data/venv/lib/python3.12/site-packages/oslo_config/cfg.py:3006}}
May 18 18:33:36.074906 np0000174506 nova-scheduler[108300]: DEBUG cotyledon.oslo_config_glue [-] profiler.enabled = False {{(pid=108300) log_opt_values /opt/stack/data/venv/lib/python3.12/site-packages/oslo_config/cfg.py:3006}}
May 18 18:33:36.074906 np0000174506 nova-scheduler[108300]: DEBUG cotyledon.oslo_config_glue [-] profiler.es_doc_type = notification {{(pid=108300) log_opt_values /opt/stack/data/venv/lib/python3.12/site-packages/oslo_config/cfg.py:3006}}
May 18 18:33:36.074906 np0000174506 nova-scheduler[108300]: DEBUG cotyledon.oslo_config_glue [-] profiler.es_scroll_size = 10000 {{(pid=108300) log_opt_values /opt/stack/data/venv/lib/python3.12/site-packages/oslo_config/cfg.py:3006}}
May 18 18:33:36.074906 np0000174506 nova-scheduler[108300]: DEBUG cotyledon.oslo_config_glue [-] profiler.es_scroll_time = 2m {{(pid=108300) log_opt_values /opt/stack/data/venv/lib/python3.12/site-packages/oslo_config/cfg.py:3006}}
May 18 18:33:36.075584 np0000174506 nova-scheduler[108300]: DEBUG cotyledon.oslo_config_glue [-] profiler.filter_error_trace = False {{(pid=108300) log_opt_values /opt/stack/data/venv/lib/python3.12/site-packages/oslo_config/cfg.py:3006}}
May 18 18:33:36.075584 np0000174506 nova-scheduler[108300]: DEBUG cotyledon.oslo_config_glue [-] profiler.hmac_keys = **** {{(pid=108300) log_opt_values /opt/stack/data/venv/lib/python3.12/site-packages/oslo_config/cfg.py:3006}}
May 18 18:33:36.075584 np0000174506 nova-scheduler[108300]: DEBUG cotyledon.oslo_config_glue [-] profiler.sentinel_service_name = mymaster {{(pid=108300) log_opt_values /opt/stack/data/venv/lib/python3.12/site-packages/oslo_config/cfg.py:3006}}
May 18 18:33:36.075584 np0000174506 nova-scheduler[108300]: DEBUG cotyledon.oslo_config_glue [-] profiler.socket_timeout = 0.1 {{(pid=108300) log_opt_values /opt/stack/data/venv/lib/python3.12/site-packages/oslo_config/cfg.py:3006}}
May 18 18:33:36.075584 np0000174506 nova-scheduler[108300]: DEBUG cotyledon.oslo_config_glue [-] profiler.trace_requests = False {{(pid=108300) log_opt_values /opt/stack/data/venv/lib/python3.12/site-packages/oslo_config/cfg.py:3006}}
May 18 18:33:36.075584 np0000174506 nova-scheduler[108300]: DEBUG cotyledon.oslo_config_glue [-] profiler.trace_sqlalchemy = False {{(pid=108300) log_opt_values /opt/stack/data/venv/lib/python3.12/site-packages/oslo_config/cfg.py:3006}}
May 18 18:33:36.075584 np0000174506 nova-scheduler[108300]: DEBUG cotyledon.oslo_config_glue [-] profiler_jaeger.process_tags = {} {{(pid=108300) log_opt_values /opt/stack/data/venv/lib/python3.12/site-packages/oslo_config/cfg.py:3006}}
May 18 18:33:36.075584 np0000174506 nova-scheduler[108300]: DEBUG cotyledon.oslo_config_glue [-] profiler_jaeger.service_name_prefix = None {{(pid=108300) log_opt_values /opt/stack/data/venv/lib/python3.12/site-packages/oslo_config/cfg.py:3006}}
May 18 18:33:36.075584 np0000174506 nova-scheduler[108300]: DEBUG cotyledon.oslo_config_glue [-] profiler_otlp.service_name_prefix = None {{(pid=108300) log_opt_values /opt/stack/data/venv/lib/python3.12/site-packages/oslo_config/cfg.py:3006}}
May 18 18:33:36.075812 np0000174506 nova-scheduler[108300]: DEBUG cotyledon.oslo_config_glue [-] oslo_messaging_rabbit.amqp_auto_delete = False {{(pid=108300) log_opt_values /opt/stack/data/venv/lib/python3.12/site-packages/oslo_config/cfg.py:3006}}
May 18 18:33:36.075812 np0000174506 nova-scheduler[108300]: DEBUG cotyledon.oslo_config_glue [-] oslo_messaging_rabbit.amqp_durable_queues = False {{(pid=108300) log_opt_values /opt/stack/data/venv/lib/python3.12/site-packages/oslo_config/cfg.py:3006}}
May 18 18:33:36.075812 np0000174506 nova-scheduler[108300]: DEBUG cotyledon.oslo_config_glue [-] oslo_messaging_rabbit.conn_pool_min_size = 2 {{(pid=108300) log_opt_values /opt/stack/data/venv/lib/python3.12/site-packages/oslo_config/cfg.py:3006}}
May 18 18:33:36.075812 np0000174506 nova-scheduler[108300]: DEBUG cotyledon.oslo_config_glue [-] oslo_messaging_rabbit.conn_pool_ttl = 1200 {{(pid=108300) log_opt_values /opt/stack/data/venv/lib/python3.12/site-packages/oslo_config/cfg.py:3006}}
May 18 18:33:36.075812 np0000174506 nova-scheduler[108300]: DEBUG cotyledon.oslo_config_glue [-] oslo_messaging_rabbit.direct_mandatory_flag = True {{(pid=108300) log_opt_values /opt/stack/data/venv/lib/python3.12/site-packages/oslo_config/cfg.py:3006}}
May 18 18:33:36.075812 np0000174506 nova-scheduler[108300]: DEBUG cotyledon.oslo_config_glue [-] oslo_messaging_rabbit.enable_cancel_on_failover = False {{(pid=108300) log_opt_values /opt/stack/data/venv/lib/python3.12/site-packages/oslo_config/cfg.py:3006}}
May 18 18:33:36.075812 np0000174506 nova-scheduler[108300]: DEBUG cotyledon.oslo_config_glue [-] oslo_messaging_rabbit.heartbeat_in_pthread = False {{(pid=108300) log_opt_values /opt/stack/data/venv/lib/python3.12/site-packages/oslo_config/cfg.py:3006}}
May 18 18:33:36.075812 np0000174506 nova-scheduler[108300]: DEBUG cotyledon.oslo_config_glue [-] oslo_messaging_rabbit.heartbeat_rate = 3 {{(pid=108300) log_opt_values /opt/stack/data/venv/lib/python3.12/site-packages/oslo_config/cfg.py:3006}}
May 18 18:33:36.075812 np0000174506 nova-scheduler[108300]: DEBUG cotyledon.oslo_config_glue [-] oslo_messaging_rabbit.heartbeat_timeout_threshold = 60 {{(pid=108300) log_opt_values /opt/stack/data/venv/lib/python3.12/site-packages/oslo_config/cfg.py:3006}}
May 18 18:33:36.076085 np0000174506 nova-scheduler[108300]: DEBUG cotyledon.oslo_config_glue [-] oslo_messaging_rabbit.hostname = np0000174506 {{(pid=108300) log_opt_values /opt/stack/data/venv/lib/python3.12/site-packages/oslo_config/cfg.py:3006}}
May 18 18:33:36.076085 np0000174506 nova-scheduler[108300]: DEBUG cotyledon.oslo_config_glue [-] oslo_messaging_rabbit.kombu_compression = None {{(pid=108300) log_opt_values /opt/stack/data/venv/lib/python3.12/site-packages/oslo_config/cfg.py:3006}}
May 18 18:33:36.076085 np0000174506 nova-scheduler[108300]: DEBUG cotyledon.oslo_config_glue [-] oslo_messaging_rabbit.kombu_failover_strategy = round-robin {{(pid=108300) log_opt_values /opt/stack/data/venv/lib/python3.12/site-packages/oslo_config/cfg.py:3006}}
May 18 18:33:36.076085 np0000174506 nova-scheduler[108300]: DEBUG cotyledon.oslo_config_glue [-] oslo_messaging_rabbit.kombu_missing_consumer_retry_timeout = 60 {{(pid=108300) log_opt_values /opt/stack/data/venv/lib/python3.12/site-packages/oslo_config/cfg.py:3006}}
May 18 18:33:36.076085 np0000174506 nova-scheduler[108300]: DEBUG cotyledon.oslo_config_glue [-] oslo_messaging_rabbit.kombu_reconnect_delay = 1.0 {{(pid=108300) log_opt_values /opt/stack/data/venv/lib/python3.12/site-packages/oslo_config/cfg.py:3006}}
May 18 18:33:36.076085 np0000174506 nova-scheduler[108300]: DEBUG cotyledon.oslo_config_glue [-] oslo_messaging_rabbit.kombu_reconnect_splay = 0.0 {{(pid=108300) log_opt_values /opt/stack/data/venv/lib/python3.12/site-packages/oslo_config/cfg.py:3006}}
May 18 18:33:36.076085 np0000174506 nova-scheduler[108300]: DEBUG cotyledon.oslo_config_glue [-] oslo_messaging_rabbit.processname = nova-scheduler {{(pid=108300) log_opt_values /opt/stack/data/venv/lib/python3.12/site-packages/oslo_config/cfg.py:3006}}
May 18 18:33:36.076085 np0000174506 nova-scheduler[108300]: DEBUG cotyledon.oslo_config_glue [-] oslo_messaging_rabbit.rabbit_ha_queues = False {{(pid=108300) log_opt_values /opt/stack/data/venv/lib/python3.12/site-packages/oslo_config/cfg.py:3006}}
May 18 18:33:36.076085 np0000174506 nova-scheduler[108300]: DEBUG cotyledon.oslo_config_glue [-] oslo_messaging_rabbit.rabbit_interval_max = 30 {{(pid=108300) log_opt_values /opt/stack/data/venv/lib/python3.12/site-packages/oslo_config/cfg.py:3006}}
May 18 18:33:36.076296 np0000174506 nova-scheduler[108300]: DEBUG cotyledon.oslo_config_glue [-] oslo_messaging_rabbit.rabbit_login_method = AMQPLAIN {{(pid=108300) log_opt_values /opt/stack/data/venv/lib/python3.12/site-packages/oslo_config/cfg.py:3006}}
May 18 18:33:36.076296 np0000174506 nova-scheduler[108300]: DEBUG cotyledon.oslo_config_glue [-] oslo_messaging_rabbit.rabbit_qos_prefetch_count = 0 {{(pid=108300) log_opt_values /opt/stack/data/venv/lib/python3.12/site-packages/oslo_config/cfg.py:3006}}
May 18 18:33:36.076296 np0000174506 nova-scheduler[108300]: DEBUG cotyledon.oslo_config_glue [-] oslo_messaging_rabbit.rabbit_quorum_delivery_limit = 0 {{(pid=108300) log_opt_values /opt/stack/data/venv/lib/python3.12/site-packages/oslo_config/cfg.py:3006}}
May 18 18:33:36.076296 np0000174506 nova-scheduler[108300]: DEBUG cotyledon.oslo_config_glue [-] oslo_messaging_rabbit.rabbit_quorum_max_memory_bytes = 0 {{(pid=108300) log_opt_values /opt/stack/data/venv/lib/python3.12/site-packages/oslo_config/cfg.py:3006}}
May 18 18:33:36.076296 np0000174506 nova-scheduler[108300]: DEBUG cotyledon.oslo_config_glue [-] oslo_messaging_rabbit.rabbit_quorum_max_memory_length = 0 {{(pid=108300) log_opt_values /opt/stack/data/venv/lib/python3.12/site-packages/oslo_config/cfg.py:3006}}
May 18 18:33:36.076296 np0000174506 nova-scheduler[108300]: DEBUG cotyledon.oslo_config_glue [-] oslo_messaging_rabbit.rabbit_quorum_queue = False {{(pid=108300) log_opt_values /opt/stack/data/venv/lib/python3.12/site-packages/oslo_config/cfg.py:3006}}
May 18 18:33:36.076296 np0000174506 nova-scheduler[108300]: DEBUG cotyledon.oslo_config_glue [-] oslo_messaging_rabbit.rabbit_retry_backoff = 2 {{(pid=108300) log_opt_values /opt/stack/data/venv/lib/python3.12/site-packages/oslo_config/cfg.py:3006}}
May 18 18:33:36.076296 np0000174506 nova-scheduler[108300]: DEBUG cotyledon.oslo_config_glue [-] oslo_messaging_rabbit.rabbit_retry_interval = 1 {{(pid=108300) log_opt_values /opt/stack/data/venv/lib/python3.12/site-packages/oslo_config/cfg.py:3006}}
May 18 18:33:36.076496 np0000174506 nova-scheduler[108300]: DEBUG cotyledon.oslo_config_glue [-] oslo_messaging_rabbit.rabbit_stream_fanout = False {{(pid=108300) log_opt_values /opt/stack/data/venv/lib/python3.12/site-packages/oslo_config/cfg.py:3006}}
May 18 18:33:36.076496 np0000174506 nova-scheduler[108300]: DEBUG cotyledon.oslo_config_glue [-] oslo_messaging_rabbit.rabbit_transient_queues_ttl = 1800 {{(pid=108300) log_opt_values /opt/stack/data/venv/lib/python3.12/site-packages/oslo_config/cfg.py:3006}}
May 18 18:33:36.076496 np0000174506 nova-scheduler[108300]: DEBUG cotyledon.oslo_config_glue [-] oslo_messaging_rabbit.rabbit_transient_quorum_queue = False {{(pid=108300) log_opt_values /opt/stack/data/venv/lib/python3.12/site-packages/oslo_config/cfg.py:3006}}
May 18 18:33:36.076496 np0000174506 nova-scheduler[108300]: DEBUG cotyledon.oslo_config_glue [-] oslo_messaging_rabbit.rpc_conn_pool_size = 30 {{(pid=108300) log_opt_values /opt/stack/data/venv/lib/python3.12/site-packages/oslo_config/cfg.py:3006}}
May 18 18:33:36.076496 np0000174506 nova-scheduler[108300]: DEBUG cotyledon.oslo_config_glue [-] oslo_messaging_rabbit.ssl = False {{(pid=108300) log_opt_values /opt/stack/data/venv/lib/python3.12/site-packages/oslo_config/cfg.py:3006}}
May 18 18:33:36.076496 np0000174506 nova-scheduler[108300]: DEBUG cotyledon.oslo_config_glue [-] oslo_messaging_rabbit.ssl_ca_file = {{(pid=108300) log_opt_values /opt/stack/data/venv/lib/python3.12/site-packages/oslo_config/cfg.py:3006}}
May 18 18:33:36.076496 np0000174506 nova-scheduler[108300]: DEBUG cotyledon.oslo_config_glue [-] oslo_messaging_rabbit.ssl_cert_file = {{(pid=108300) log_opt_values /opt/stack/data/venv/lib/python3.12/site-packages/oslo_config/cfg.py:3006}}
May 18 18:33:36.076496 np0000174506 nova-scheduler[108300]: DEBUG cotyledon.oslo_config_glue [-] oslo_messaging_rabbit.ssl_enforce_fips_mode = False {{(pid=108300) log_opt_values /opt/stack/data/venv/lib/python3.12/site-packages/oslo_config/cfg.py:3006}}
May 18 18:33:36.076496 np0000174506 nova-scheduler[108300]: DEBUG cotyledon.oslo_config_glue [-] oslo_messaging_rabbit.ssl_key_file = {{(pid=108300) log_opt_values /opt/stack/data/venv/lib/python3.12/site-packages/oslo_config/cfg.py:3006}}
May 18 18:33:36.076717 np0000174506 nova-scheduler[108300]: DEBUG cotyledon.oslo_config_glue [-] oslo_messaging_rabbit.ssl_version = {{(pid=108300) log_opt_values /opt/stack/data/venv/lib/python3.12/site-packages/oslo_config/cfg.py:3006}}
May 18 18:33:36.076717 np0000174506 nova-scheduler[108300]: DEBUG cotyledon.oslo_config_glue [-] oslo_messaging_rabbit.use_queue_manager = False {{(pid=108300) log_opt_values /opt/stack/data/venv/lib/python3.12/site-packages/oslo_config/cfg.py:3006}}
May 18 18:33:36.076717 np0000174506 nova-scheduler[108300]: DEBUG cotyledon.oslo_config_glue [-] oslo_messaging_notifications.driver = ['messagingv2'] {{(pid=108300) log_opt_values /opt/stack/data/venv/lib/python3.12/site-packages/oslo_config/cfg.py:3006}}
May 18 18:33:36.076717 np0000174506 nova-scheduler[108300]: DEBUG cotyledon.oslo_config_glue [-] oslo_messaging_notifications.retry = -1 {{(pid=108300) log_opt_values /opt/stack/data/venv/lib/python3.12/site-packages/oslo_config/cfg.py:3006}}
May 18 18:33:36.076717 np0000174506 nova-scheduler[108300]: DEBUG cotyledon.oslo_config_glue [-] oslo_messaging_notifications.topics = ['notifications'] {{(pid=108300) log_opt_values /opt/stack/data/venv/lib/python3.12/site-packages/oslo_config/cfg.py:3006}}
May 18 18:33:36.076717 np0000174506 nova-scheduler[108300]: DEBUG cotyledon.oslo_config_glue [-] oslo_messaging_notifications.transport_url = **** {{(pid=108300) log_opt_values /opt/stack/data/venv/lib/python3.12/site-packages/oslo_config/cfg.py:3006}}
May 18 18:33:36.076717 np0000174506 nova-scheduler[108300]: DEBUG cotyledon.oslo_config_glue [-] oslo_limit.auth_section = None {{(pid=108300) log_opt_values /opt/stack/data/venv/lib/python3.12/site-packages/oslo_config/cfg.py:3006}}
May 18 18:33:36.076717 np0000174506 nova-scheduler[108300]: DEBUG cotyledon.oslo_config_glue [-] oslo_limit.auth_type = None {{(pid=108300) log_opt_values /opt/stack/data/venv/lib/python3.12/site-packages/oslo_config/cfg.py:3006}}
May 18 18:33:36.076717 np0000174506 nova-scheduler[108300]: DEBUG cotyledon.oslo_config_glue [-] oslo_limit.cafile = None {{(pid=108300) log_opt_values /opt/stack/data/venv/lib/python3.12/site-packages/oslo_config/cfg.py:3006}}
May 18 18:33:36.077136 np0000174506 nova-scheduler[108300]: DEBUG cotyledon.oslo_config_glue [-] oslo_limit.certfile = None {{(pid=108300) log_opt_values /opt/stack/data/venv/lib/python3.12/site-packages/oslo_config/cfg.py:3006}}
May 18 18:33:36.077136 np0000174506 nova-scheduler[108300]: DEBUG cotyledon.oslo_config_glue [-] oslo_limit.collect_timing = False {{(pid=108300) log_opt_values /opt/stack/data/venv/lib/python3.12/site-packages/oslo_config/cfg.py:3006}}
May 18 18:33:36.077136 np0000174506 nova-scheduler[108300]: DEBUG cotyledon.oslo_config_glue [-] oslo_limit.connect_retries = None {{(pid=108300) log_opt_values /opt/stack/data/venv/lib/python3.12/site-packages/oslo_config/cfg.py:3006}}
May 18 18:33:36.077136 np0000174506 nova-scheduler[108300]: DEBUG cotyledon.oslo_config_glue [-] oslo_limit.connect_retry_delay = None {{(pid=108300) log_opt_values /opt/stack/data/venv/lib/python3.12/site-packages/oslo_config/cfg.py:3006}}
May 18 18:33:36.077136 np0000174506 nova-scheduler[108300]: DEBUG cotyledon.oslo_config_glue [-] oslo_limit.endpoint_id = None {{(pid=108300) log_opt_values /opt/stack/data/venv/lib/python3.12/site-packages/oslo_config/cfg.py:3006}}
May 18 18:33:36.077136 np0000174506 nova-scheduler[108300]: DEBUG cotyledon.oslo_config_glue [-] oslo_limit.endpoint_interface = public {{(pid=108300) log_opt_values /opt/stack/data/venv/lib/python3.12/site-packages/oslo_config/cfg.py:3006}}
May 18 18:33:36.077136 np0000174506 nova-scheduler[108300]: DEBUG cotyledon.oslo_config_glue [-] oslo_limit.endpoint_override = None {{(pid=108300) log_opt_values /opt/stack/data/venv/lib/python3.12/site-packages/oslo_config/cfg.py:3006}}
May 18 18:33:36.077136 np0000174506 nova-scheduler[108300]: DEBUG cotyledon.oslo_config_glue [-] oslo_limit.endpoint_region_name = None {{(pid=108300) log_opt_values /opt/stack/data/venv/lib/python3.12/site-packages/oslo_config/cfg.py:3006}}
May 18 18:33:36.077136 np0000174506 nova-scheduler[108300]: DEBUG cotyledon.oslo_config_glue [-] oslo_limit.endpoint_service_name = None {{(pid=108300) log_opt_values /opt/stack/data/venv/lib/python3.12/site-packages/oslo_config/cfg.py:3006}}
May 18 18:33:36.077340 np0000174506 nova-scheduler[108300]: DEBUG cotyledon.oslo_config_glue [-] oslo_limit.endpoint_service_type = None {{(pid=108300) log_opt_values /opt/stack/data/venv/lib/python3.12/site-packages/oslo_config/cfg.py:3006}}
May 18 18:33:36.077340 np0000174506 nova-scheduler[108300]: DEBUG cotyledon.oslo_config_glue [-] oslo_limit.insecure = False {{(pid=108300) log_opt_values /opt/stack/data/venv/lib/python3.12/site-packages/oslo_config/cfg.py:3006}}
May 18 18:33:36.077340 np0000174506 nova-scheduler[108300]: DEBUG cotyledon.oslo_config_glue [-] oslo_limit.keyfile = None {{(pid=108300) log_opt_values /opt/stack/data/venv/lib/python3.12/site-packages/oslo_config/cfg.py:3006}}
May 18 18:33:36.077340 np0000174506 nova-scheduler[108300]: DEBUG cotyledon.oslo_config_glue [-] oslo_limit.max_version = None {{(pid=108300) log_opt_values /opt/stack/data/venv/lib/python3.12/site-packages/oslo_config/cfg.py:3006}}
May 18 18:33:36.077340 np0000174506 nova-scheduler[108300]: DEBUG cotyledon.oslo_config_glue [-] oslo_limit.min_version = None {{(pid=108300) log_opt_values /opt/stack/data/venv/lib/python3.12/site-packages/oslo_config/cfg.py:3006}}
May 18 18:33:36.077340 np0000174506 nova-scheduler[108300]: DEBUG cotyledon.oslo_config_glue [-] oslo_limit.region_name = None {{(pid=108300) log_opt_values /opt/stack/data/venv/lib/python3.12/site-packages/oslo_config/cfg.py:3006}}
May 18 18:33:36.077340 np0000174506 nova-scheduler[108300]: DEBUG cotyledon.oslo_config_glue [-] oslo_limit.retriable_status_codes = None {{(pid=108300) log_opt_values /opt/stack/data/venv/lib/python3.12/site-packages/oslo_config/cfg.py:3006}}
May 18 18:33:36.077340 np0000174506 nova-scheduler[108300]: DEBUG cotyledon.oslo_config_glue [-] oslo_limit.service_name = None {{(pid=108300) log_opt_values /opt/stack/data/venv/lib/python3.12/site-packages/oslo_config/cfg.py:3006}}
May 18 18:33:36.077340 np0000174506 nova-scheduler[108300]: DEBUG cotyledon.oslo_config_glue [-] oslo_limit.service_type = None {{(pid=108300) log_opt_values /opt/stack/data/venv/lib/python3.12/site-packages/oslo_config/cfg.py:3006}}
May 18 18:33:36.077544 np0000174506 nova-scheduler[108300]: DEBUG cotyledon.oslo_config_glue [-] oslo_limit.split_loggers = False {{(pid=108300) log_opt_values /opt/stack/data/venv/lib/python3.12/site-packages/oslo_config/cfg.py:3006}}
May 18 18:33:36.077544 np0000174506 nova-scheduler[108300]: DEBUG cotyledon.oslo_config_glue [-] oslo_limit.status_code_retries = None {{(pid=108300) log_opt_values /opt/stack/data/venv/lib/python3.12/site-packages/oslo_config/cfg.py:3006}}
May 18 18:33:36.077544 np0000174506 nova-scheduler[108300]: DEBUG cotyledon.oslo_config_glue [-] oslo_limit.status_code_retry_delay = None {{(pid=108300) log_opt_values /opt/stack/data/venv/lib/python3.12/site-packages/oslo_config/cfg.py:3006}}
May 18 18:33:36.077544 np0000174506 nova-scheduler[108300]: DEBUG cotyledon.oslo_config_glue [-] oslo_limit.timeout = None {{(pid=108300) log_opt_values /opt/stack/data/venv/lib/python3.12/site-packages/oslo_config/cfg.py:3006}}
May 18 18:33:36.077544 np0000174506 nova-scheduler[108300]: DEBUG cotyledon.oslo_config_glue [-] oslo_limit.valid_interfaces = None {{(pid=108300) log_opt_values /opt/stack/data/venv/lib/python3.12/site-packages/oslo_config/cfg.py:3006}}
May 18 18:33:36.077544 np0000174506 nova-scheduler[108300]: DEBUG cotyledon.oslo_config_glue [-] oslo_limit.version = None {{(pid=108300) log_opt_values /opt/stack/data/venv/lib/python3.12/site-packages/oslo_config/cfg.py:3006}}
May 18 18:33:36.077544 np0000174506 nova-scheduler[108300]: DEBUG cotyledon.oslo_config_glue [-] oslo_reports.file_event_handler = None {{(pid=108300) log_opt_values /opt/stack/data/venv/lib/python3.12/site-packages/oslo_config/cfg.py:3006}}
May 18 18:33:36.077544 np0000174506 nova-scheduler[108300]: DEBUG cotyledon.oslo_config_glue [-] oslo_reports.file_event_handler_interval = 1 {{(pid=108300) log_opt_values /opt/stack/data/venv/lib/python3.12/site-packages/oslo_config/cfg.py:3006}}
May 18 18:33:36.077544 np0000174506 nova-scheduler[108300]: DEBUG cotyledon.oslo_config_glue [-] oslo_reports.log_dir = None {{(pid=108300) log_opt_values /opt/stack/data/venv/lib/python3.12/site-packages/oslo_config/cfg.py:3006}}
May 18 18:33:36.078244 np0000174506 nova-scheduler[108300]: DEBUG cotyledon.oslo_config_glue [-] ******************************************************************************** {{(pid=108300) log_opt_values /opt/stack/data/venv/lib/python3.12/site-packages/oslo_config/cfg.py:3013}}
May 18 18:33:36.078244 np0000174506 nova-scheduler[108300]: DEBUG cotyledon._service_worker [-] Run service ServiceWrapper(3) [108300] {{(pid=108300) wait_forever /opt/stack/data/venv/lib/python3.12/site-packages/cotyledon/_service_worker.py:218}}
May 18 18:33:36.078244 np0000174506 nova-scheduler[108300]: INFO nova.service [-] Starting scheduler node (version 33.1.0)
May 18 18:33:36.078588 np0000174506 nova-scheduler[108284]: DEBUG dbcounter [-] [108284] Writer thread running {{(pid=108284) stat_writer /opt/stack/data/venv/lib/python3.12/site-packages/dbcounter.py:102}}
May 18 18:33:36.078623 np0000174506 nova-scheduler[108291]: DEBUG oslo_db.sqlalchemy.engines [None req-955ca366-ab96-4fbe-8b2c-9085b6900ead None None] MySQL server mode set to STRICT_TRANS_TABLES,STRICT_ALL_TABLES,NO_ZERO_IN_DATE,NO_ZERO_DATE,ERROR_FOR_DIVISION_BY_ZERO,TRADITIONAL,NO_ENGINE_SUBSTITUTION {{(pid=108291) _check_effective_sql_mode /opt/stack/data/venv/lib/python3.12/site-packages/oslo_db/sqlalchemy/engines.py:325}}
May 18 18:33:36.078657 np0000174506 nova-scheduler[108300]: INFO dbcounter [None req-973e1948-395c-4afd-bd2f-d1d3bba2e40f None None] Registered counter for database nova_cell0
May 18 18:33:36.078688 np0000174506 nova-scheduler[108277]: DEBUG dbcounter [-] [108277] Writer thread running {{(pid=108277) stat_writer /opt/stack/data/venv/lib/python3.12/site-packages/dbcounter.py:102}}
May 18 18:33:36.082370 np0000174506 nova-scheduler[108291]: DEBUG dbcounter [-] [108291] Writer thread running {{(pid=108291) stat_writer /opt/stack/data/venv/lib/python3.12/site-packages/dbcounter.py:102}}
May 18 18:33:36.083826 np0000174506 nova-scheduler[108284]: DEBUG nova.service [None req-bae08473-5858-4b3b-bfc1-790248a7b84e None None] Creating RPC server for service: nova-scheduler on topic: scheduler {{(pid=108284) start /opt/stack/nova/nova/service.py:195}}
May 18 18:33:36.086491 np0000174506 nova-scheduler[108291]: DEBUG nova.service [None req-955ca366-ab96-4fbe-8b2c-9085b6900ead None None] Creating RPC server for service: nova-scheduler on topic: scheduler {{(pid=108291) start /opt/stack/nova/nova/service.py:195}}
May 18 18:33:36.090859 np0000174506 nova-scheduler[108300]: DEBUG oslo_db.sqlalchemy.engines [None req-973e1948-395c-4afd-bd2f-d1d3bba2e40f None None] MySQL server mode set to STRICT_TRANS_TABLES,STRICT_ALL_TABLES,NO_ZERO_IN_DATE,NO_ZERO_DATE,ERROR_FOR_DIVISION_BY_ZERO,TRADITIONAL,NO_ENGINE_SUBSTITUTION {{(pid=108300) _check_effective_sql_mode /opt/stack/data/venv/lib/python3.12/site-packages/oslo_db/sqlalchemy/engines.py:325}}
May 18 18:33:36.097516 np0000174506 nova-scheduler[108277]: DEBUG nova.service [None req-749e8897-9dc2-42a5-b94a-682765abc434 None None] Creating RPC server for service: nova-scheduler on topic: scheduler {{(pid=108277) start /opt/stack/nova/nova/service.py:195}}
May 18 18:33:36.118292 np0000174506 nova-scheduler[108300]: DEBUG dbcounter [-] [108300] Writer thread running {{(pid=108300) stat_writer /opt/stack/data/venv/lib/python3.12/site-packages/dbcounter.py:102}}
May 18 18:33:36.118435 np0000174506 nova-scheduler[108284]: DEBUG nova.service [None req-bae08473-5858-4b3b-bfc1-790248a7b84e None None] Join ServiceGroup membership for this service scheduler {{(pid=108284) start /opt/stack/nova/nova/service.py:221}}
May 18 18:33:36.118435 np0000174506 nova-scheduler[108284]: DEBUG nova.servicegroup.drivers.db [None req-bae08473-5858-4b3b-bfc1-790248a7b84e None None] DB_Driver: join new ServiceGroup member np0000174506 to the scheduler group, service = {{(pid=108284) join /opt/stack/nova/nova/servicegroup/drivers/db.py:44}}
May 18 18:33:36.121765 np0000174506 nova-scheduler[108300]: DEBUG nova.service [None req-973e1948-395c-4afd-bd2f-d1d3bba2e40f None None] Creating RPC server for service: nova-scheduler on topic: scheduler {{(pid=108300) start /opt/stack/nova/nova/service.py:195}}
May 18 18:33:36.124678 np0000174506 nova-scheduler[108291]: DEBUG nova.service [None req-955ca366-ab96-4fbe-8b2c-9085b6900ead None None] Join ServiceGroup membership for this service scheduler {{(pid=108291) start /opt/stack/nova/nova/service.py:221}}
May 18 18:33:36.124945 np0000174506 nova-scheduler[108291]: DEBUG nova.servicegroup.drivers.db [None req-955ca366-ab96-4fbe-8b2c-9085b6900ead None None] DB_Driver: join new ServiceGroup member np0000174506 to the scheduler group, service = {{(pid=108291) join /opt/stack/nova/nova/servicegroup/drivers/db.py:44}}
May 18 18:33:36.125027 np0000174506 nova-scheduler[108277]: DEBUG nova.service [None req-749e8897-9dc2-42a5-b94a-682765abc434 None None] Join ServiceGroup membership for this service scheduler {{(pid=108277) start /opt/stack/nova/nova/service.py:221}}
May 18 18:33:36.125287 np0000174506 nova-scheduler[108277]: DEBUG nova.servicegroup.drivers.db [None req-749e8897-9dc2-42a5-b94a-682765abc434 None None] DB_Driver: join new ServiceGroup member np0000174506 to the scheduler group, service = {{(pid=108277) join /opt/stack/nova/nova/servicegroup/drivers/db.py:44}}
May 18 18:33:36.148428 np0000174506 nova-scheduler[108300]: DEBUG nova.service [None req-973e1948-395c-4afd-bd2f-d1d3bba2e40f None None] Join ServiceGroup membership for this service scheduler {{(pid=108300) start /opt/stack/nova/nova/service.py:221}}
May 18 18:33:36.148866 np0000174506 nova-scheduler[108300]: DEBUG nova.servicegroup.drivers.db [None req-973e1948-395c-4afd-bd2f-d1d3bba2e40f None None] DB_Driver: join new ServiceGroup member np0000174506 to the scheduler group, service = {{(pid=108300) join /opt/stack/nova/nova/servicegroup/drivers/db.py:44}}
May 18 18:33:41.139428 np0000174506 nova-scheduler[108284]: DEBUG oslo.service.backend._threading.loopingcall [-] Fixed interval looping call 'nova.servicegroup.drivers.db.DbDriver._report_state' sleeping for 119.98 seconds {{(pid=108284) _run_loop /opt/stack/data/venv/lib/python3.12/site-packages/oslo_service/backend/_threading/loopingcall.py:125}}
May 18 18:33:41.141391 np0000174506 nova-scheduler[108277]: DEBUG oslo.service.backend._threading.loopingcall [-] Fixed interval looping call 'nova.servicegroup.drivers.db.DbDriver._report_state' sleeping for 119.99 seconds {{(pid=108277) _run_loop /opt/stack/data/venv/lib/python3.12/site-packages/oslo_service/backend/_threading/loopingcall.py:125}}
May 18 18:33:41.145433 np0000174506 nova-scheduler[108291]: DEBUG oslo.service.backend._threading.loopingcall [-] Fixed interval looping call 'nova.servicegroup.drivers.db.DbDriver._report_state' sleeping for 119.98 seconds {{(pid=108291) _run_loop /opt/stack/data/venv/lib/python3.12/site-packages/oslo_service/backend/_threading/loopingcall.py:125}}
May 18 18:33:41.159698 np0000174506 nova-scheduler[108300]: DEBUG oslo.service.backend._threading.loopingcall [-] Fixed interval looping call 'nova.servicegroup.drivers.db.DbDriver._report_state' sleeping for 119.99 seconds {{(pid=108300) _run_loop /opt/stack/data/venv/lib/python3.12/site-packages/oslo_service/backend/_threading/loopingcall.py:125}}
May 18 18:33:44.670589 np0000174506 nova-scheduler[107592]: DEBUG dbcounter [-] [107592] Writing DB stats nova_api:SELECT=3 {{(pid=107592) stat_writer /opt/stack/data/venv/lib/python3.12/site-packages/dbcounter.py:115}}
May 18 18:33:44.787660 np0000174506 nova-scheduler[107592]: DEBUG dbcounter [-] [107592] Writing DB stats nova_cell0:SELECT=1 {{(pid=107592) stat_writer /opt/stack/data/venv/lib/python3.12/site-packages/dbcounter.py:115}}
May 18 18:33:44.793681 np0000174506 nova-scheduler[107592]: DEBUG dbcounter [-] [107592] Writing DB stats nova_cell1:SELECT=1 {{(pid=107592) stat_writer /opt/stack/data/venv/lib/python3.12/site-packages/dbcounter.py:115}}
May 18 18:33:51.130429 np0000174506 nova-scheduler[108277]: DEBUG oslo.service.backend._threading.loopingcall [None req-cf3320ba-13ba-4ccb-9802-d132c357ba10 None None] Dynamic interval looping call 'nova.service.Service.periodic_tasks' sleeping for 60.00 seconds {{(pid=108277) _run_loop /opt/stack/data/venv/lib/python3.12/site-packages/oslo_service/backend/_threading/loopingcall.py:125}}
May 18 18:33:51.133344 np0000174506 nova-scheduler[108284]: DEBUG dbcounter [-] [108284] Writing DB stats nova_cell0:SELECT=4,nova_cell0:INSERT=1,nova_cell0:UPDATE=1 {{(pid=108284) stat_writer /opt/stack/data/venv/lib/python3.12/site-packages/dbcounter.py:115}}
May 18 18:33:51.139637 np0000174506 nova-scheduler[108277]: DEBUG dbcounter [-] [108277] Writing DB stats nova_cell0:SELECT=4,nova_cell0:INSERT=1,nova_cell0:UPDATE=1 {{(pid=108277) stat_writer /opt/stack/data/venv/lib/python3.12/site-packages/dbcounter.py:115}}
May 18 18:33:51.143680 np0000174506 nova-scheduler[108291]: DEBUG dbcounter [-] [108291] Writing DB stats nova_cell0:SELECT=3,nova_cell0:UPDATE=1 {{(pid=108291) stat_writer /opt/stack/data/venv/lib/python3.12/site-packages/dbcounter.py:115}}
May 18 18:33:51.157174 np0000174506 nova-scheduler[108300]: DEBUG dbcounter [-] [108300] Writing DB stats nova_cell0:SELECT=3 {{(pid=108300) stat_writer /opt/stack/data/venv/lib/python3.12/site-packages/dbcounter.py:115}}
May 18 18:34:06.121582 np0000174506 nova-scheduler[108284]: DEBUG oslo.service.backend._threading.loopingcall [None req-48cb4228-5eac-4528-b6f7-93be25c2099d None None] Dynamic interval looping call 'nova.service.Service.periodic_tasks' sleeping for 60.00 seconds {{(pid=108284) _run_loop /opt/stack/data/venv/lib/python3.12/site-packages/oslo_service/backend/_threading/loopingcall.py:125}}
May 18 18:34:08.152134 np0000174506 nova-scheduler[108300]: DEBUG oslo.service.backend._threading.loopingcall [None req-cd5998c4-3fea-4da5-89db-681c9e38c93b None None] Dynamic interval looping call 'nova.service.Service.periodic_tasks' sleeping for 60.00 seconds {{(pid=108300) _run_loop /opt/stack/data/venv/lib/python3.12/site-packages/oslo_service/backend/_threading/loopingcall.py:125}}
May 18 18:34:22.128432 np0000174506 nova-scheduler[108291]: DEBUG oslo.service.backend._threading.loopingcall [None req-156c22c3-d190-4017-b687-a5b72b5f7fca None None] Dynamic interval looping call 'nova.service.Service.periodic_tasks' sleeping for 60.00 seconds {{(pid=108291) _run_loop /opt/stack/data/venv/lib/python3.12/site-packages/oslo_service/backend/_threading/loopingcall.py:125}}
May 18 18:34:51.132145 np0000174506 nova-scheduler[108277]: DEBUG oslo.service.backend._threading.loopingcall [None req-cf3320ba-13ba-4ccb-9802-d132c357ba10 None None] Dynamic interval looping call 'nova.service.Service.periodic_tasks' sleeping for 60.00 seconds {{(pid=108277) _run_loop /opt/stack/data/venv/lib/python3.12/site-packages/oslo_service/backend/_threading/loopingcall.py:125}}
May 18 18:35:06.122695 np0000174506 nova-scheduler[108284]: DEBUG oslo.service.backend._threading.loopingcall [None req-48cb4228-5eac-4528-b6f7-93be25c2099d None None] Dynamic interval looping call 'nova.service.Service.periodic_tasks' sleeping for 60.00 seconds {{(pid=108284) _run_loop /opt/stack/data/venv/lib/python3.12/site-packages/oslo_service/backend/_threading/loopingcall.py:125}}
May 18 18:35:08.153220 np0000174506 nova-scheduler[108300]: DEBUG oslo.service.backend._threading.loopingcall [None req-cd5998c4-3fea-4da5-89db-681c9e38c93b None None] Dynamic interval looping call 'nova.service.Service.periodic_tasks' sleeping for 60.00 seconds {{(pid=108300) _run_loop /opt/stack/data/venv/lib/python3.12/site-packages/oslo_service/backend/_threading/loopingcall.py:125}}
May 18 18:35:22.129669 np0000174506 nova-scheduler[108291]: DEBUG oslo.service.backend._threading.loopingcall [None req-156c22c3-d190-4017-b687-a5b72b5f7fca None None] Dynamic interval looping call 'nova.service.Service.periodic_tasks' sleeping for 60.00 seconds {{(pid=108291) _run_loop /opt/stack/data/venv/lib/python3.12/site-packages/oslo_service/backend/_threading/loopingcall.py:125}}
May 18 18:35:41.133732 np0000174506 nova-scheduler[108284]: DEBUG oslo.service.backend._threading.loopingcall [-] Fixed interval looping call 'nova.servicegroup.drivers.db.DbDriver._report_state' sleeping for 119.99 seconds {{(pid=108284) _run_loop /opt/stack/data/venv/lib/python3.12/site-packages/oslo_service/backend/_threading/loopingcall.py:125}}
May 18 18:35:41.134528 np0000174506 nova-scheduler[108291]: DEBUG oslo.service.backend._threading.loopingcall [-] Fixed interval looping call 'nova.servicegroup.drivers.db.DbDriver._report_state' sleeping for 119.99 seconds {{(pid=108291) _run_loop /opt/stack/data/venv/lib/python3.12/site-packages/oslo_service/backend/_threading/loopingcall.py:125}}
May 18 18:35:41.137684 np0000174506 nova-scheduler[108277]: DEBUG oslo.service.backend._threading.loopingcall [-] Fixed interval looping call 'nova.servicegroup.drivers.db.DbDriver._report_state' sleeping for 119.99 seconds {{(pid=108277) _run_loop /opt/stack/data/venv/lib/python3.12/site-packages/oslo_service/backend/_threading/loopingcall.py:125}}
May 18 18:35:41.157331 np0000174506 nova-scheduler[108300]: DEBUG oslo.service.backend._threading.loopingcall [-] Fixed interval looping call 'nova.servicegroup.drivers.db.DbDriver._report_state' sleeping for 119.99 seconds {{(pid=108300) _run_loop /opt/stack/data/venv/lib/python3.12/site-packages/oslo_service/backend/_threading/loopingcall.py:125}}
May 18 18:35:51.127887 np0000174506 nova-scheduler[108284]: DEBUG dbcounter [-] [108284] Writing DB stats nova_cell0:SELECT=1,nova_cell0:UPDATE=1 {{(pid=108284) stat_writer /opt/stack/data/venv/lib/python3.12/site-packages/dbcounter.py:115}}
May 18 18:35:51.131458 np0000174506 nova-scheduler[108291]: DEBUG dbcounter [-] [108291] Writing DB stats nova_cell0:SELECT=1,nova_cell0:UPDATE=1 {{(pid=108291) stat_writer /opt/stack/data/venv/lib/python3.12/site-packages/dbcounter.py:115}}
May 18 18:35:51.133047 np0000174506 nova-scheduler[108277]: DEBUG oslo.service.backend._threading.loopingcall [None req-cf3320ba-13ba-4ccb-9802-d132c357ba10 None None] Dynamic interval looping call 'nova.service.Service.periodic_tasks' sleeping for 60.00 seconds {{(pid=108277) _run_loop /opt/stack/data/venv/lib/python3.12/site-packages/oslo_service/backend/_threading/loopingcall.py:125}}
May 18 18:35:51.135310 np0000174506 nova-scheduler[108277]: DEBUG dbcounter [-] [108277] Writing DB stats nova_cell0:SELECT=1 {{(pid=108277) stat_writer /opt/stack/data/venv/lib/python3.12/site-packages/dbcounter.py:115}}
May 18 18:35:51.154186 np0000174506 nova-scheduler[108300]: DEBUG dbcounter [-] [108300] Writing DB stats nova_cell0:SELECT=1 {{(pid=108300) stat_writer /opt/stack/data/venv/lib/python3.12/site-packages/dbcounter.py:115}}
May 18 18:36:06.123760 np0000174506 nova-scheduler[108284]: DEBUG oslo.service.backend._threading.loopingcall [None req-48cb4228-5eac-4528-b6f7-93be25c2099d None None] Dynamic interval looping call 'nova.service.Service.periodic_tasks' sleeping for 60.00 seconds {{(pid=108284) _run_loop /opt/stack/data/venv/lib/python3.12/site-packages/oslo_service/backend/_threading/loopingcall.py:125}}
May 18 18:36:08.154146 np0000174506 nova-scheduler[108300]: DEBUG oslo.service.backend._threading.loopingcall [None req-cd5998c4-3fea-4da5-89db-681c9e38c93b None None] Dynamic interval looping call 'nova.service.Service.periodic_tasks' sleeping for 60.00 seconds {{(pid=108300) _run_loop /opt/stack/data/venv/lib/python3.12/site-packages/oslo_service/backend/_threading/loopingcall.py:125}}
May 18 18:36:22.130629 np0000174506 nova-scheduler[108291]: DEBUG oslo.service.backend._threading.loopingcall [None req-156c22c3-d190-4017-b687-a5b72b5f7fca None None] Dynamic interval looping call 'nova.service.Service.periodic_tasks' sleeping for 60.00 seconds {{(pid=108291) _run_loop /opt/stack/data/venv/lib/python3.12/site-packages/oslo_service/backend/_threading/loopingcall.py:125}}
May 18 18:36:51.134187 np0000174506 nova-scheduler[108277]: DEBUG oslo.service.backend._threading.loopingcall [None req-cf3320ba-13ba-4ccb-9802-d132c357ba10 None None] Dynamic interval looping call 'nova.service.Service.periodic_tasks' sleeping for 60.00 seconds {{(pid=108277) _run_loop /opt/stack/data/venv/lib/python3.12/site-packages/oslo_service/backend/_threading/loopingcall.py:125}}
May 18 18:37:06.125239 np0000174506 nova-scheduler[108284]: DEBUG oslo.service.backend._threading.loopingcall [None req-48cb4228-5eac-4528-b6f7-93be25c2099d None None] Dynamic interval looping call 'nova.service.Service.periodic_tasks' sleeping for 60.00 seconds {{(pid=108284) _run_loop /opt/stack/data/venv/lib/python3.12/site-packages/oslo_service/backend/_threading/loopingcall.py:125}}
May 18 18:37:08.155257 np0000174506 nova-scheduler[108300]: DEBUG oslo.service.backend._threading.loopingcall [None req-cd5998c4-3fea-4da5-89db-681c9e38c93b None None] Dynamic interval looping call 'nova.service.Service.periodic_tasks' sleeping for 60.00 seconds {{(pid=108300) _run_loop /opt/stack/data/venv/lib/python3.12/site-packages/oslo_service/backend/_threading/loopingcall.py:125}}
May 18 18:37:22.131971 np0000174506 nova-scheduler[108291]: DEBUG oslo.service.backend._threading.loopingcall [None req-156c22c3-d190-4017-b687-a5b72b5f7fca None None] Dynamic interval looping call 'nova.service.Service.periodic_tasks' sleeping for 60.00 seconds {{(pid=108291) _run_loop /opt/stack/data/venv/lib/python3.12/site-packages/oslo_service/backend/_threading/loopingcall.py:125}}
May 18 18:37:41.136658 np0000174506 nova-scheduler[108284]: DEBUG oslo.service.backend._threading.loopingcall [-] Fixed interval looping call 'nova.servicegroup.drivers.db.DbDriver._report_state' sleeping for 119.99 seconds {{(pid=108284) _run_loop /opt/stack/data/venv/lib/python3.12/site-packages/oslo_service/backend/_threading/loopingcall.py:125}}
May 18 18:37:41.138372 np0000174506 nova-scheduler[108291]: DEBUG oslo.service.backend._threading.loopingcall [-] Fixed interval looping call 'nova.servicegroup.drivers.db.DbDriver._report_state' sleeping for 119.99 seconds {{(pid=108291) _run_loop /opt/stack/data/venv/lib/python3.12/site-packages/oslo_service/backend/_threading/loopingcall.py:125}}
May 18 18:37:41.138651 np0000174506 nova-scheduler[108277]: DEBUG oslo.service.backend._threading.loopingcall [-] Fixed interval looping call 'nova.servicegroup.drivers.db.DbDriver._report_state' sleeping for 119.99 seconds {{(pid=108277) _run_loop /opt/stack/data/venv/lib/python3.12/site-packages/oslo_service/backend/_threading/loopingcall.py:125}}
May 18 18:37:41.154668 np0000174506 nova-scheduler[108300]: DEBUG oslo.service.backend._threading.loopingcall [-] Fixed interval looping call 'nova.servicegroup.drivers.db.DbDriver._report_state' sleeping for 119.99 seconds {{(pid=108300) _run_loop /opt/stack/data/venv/lib/python3.12/site-packages/oslo_service/backend/_threading/loopingcall.py:125}}
May 18 18:37:51.131103 np0000174506 nova-scheduler[108284]: DEBUG dbcounter [-] [108284] Writing DB stats nova_cell0:SELECT=1,nova_cell0:UPDATE=1 {{(pid=108284) stat_writer /opt/stack/data/venv/lib/python3.12/site-packages/dbcounter.py:115}}
May 18 18:37:51.131804 np0000174506 nova-scheduler[108291]: DEBUG dbcounter [-] [108291] Writing DB stats nova_cell0:SELECT=1,nova_cell0:UPDATE=1 {{(pid=108291) stat_writer /opt/stack/data/venv/lib/python3.12/site-packages/dbcounter.py:115}}
May 18 18:37:51.133147 np0000174506 nova-scheduler[108277]: DEBUG dbcounter [-] [108277] Writing DB stats nova_cell0:SELECT=1,nova_cell0:UPDATE=1 {{(pid=108277) stat_writer /opt/stack/data/venv/lib/python3.12/site-packages/dbcounter.py:115}}
May 18 18:37:51.135182 np0000174506 nova-scheduler[108277]: DEBUG oslo.service.backend._threading.loopingcall [None req-cf3320ba-13ba-4ccb-9802-d132c357ba10 None None] Dynamic interval looping call 'nova.service.Service.periodic_tasks' sleeping for 60.00 seconds {{(pid=108277) _run_loop /opt/stack/data/venv/lib/python3.12/site-packages/oslo_service/backend/_threading/loopingcall.py:125}}
May 18 18:37:51.150941 np0000174506 nova-scheduler[108300]: DEBUG dbcounter [-] [108300] Writing DB stats nova_cell0:SELECT=1 {{(pid=108300) stat_writer /opt/stack/data/venv/lib/python3.12/site-packages/dbcounter.py:115}}
