2026-05-25 02:00:27.357 7 INFO neutron.services.segments.plugin [-] Segment f9609d13-e258-4c66-bbd2-cb2ee70bc34c resource provider not found; error: Placement Client Error (4xx): {"errors": [{"status": 404, "title": "Not Found", "detail": "The resource could not be found.\n\n No resource provider with uuid f9609d13-e258-4c66-bbd2-cb2ee70bc34c found for delete ", "request_id": "req-dd641705-5a64-4cd9-92af-90e92d8f55cf"}]}
2026-05-25 02:00:27.374 7 INFO neutron.services.segments.plugin [-] Segment 4b20bccd-4cc2-47c2-84f4-5f2fdc2ffcf4 resource provider aggregate not found
2026-05-25 02:00:27.380 7 INFO neutron.services.segments.plugin [-] Segment 4b20bccd-4cc2-47c2-84f4-5f2fdc2ffcf4 resource provider aggregate not found
2026-05-25 02:00:27.400 7 INFO neutron.services.segments.plugin [-] Segment 4b20bccd-4cc2-47c2-84f4-5f2fdc2ffcf4 resource provider not found; error: Placement Client Error (4xx): {"errors": [{"status": 404, "title": "Not Found", "detail": "The resource could not be found.\n\n No resource provider with uuid 4b20bccd-4cc2-47c2-84f4-5f2fdc2ffcf4 found for delete ", "request_id": "req-04ace703-9da3-4c69-92c4-bcd81e54e168"}]}
2026-05-25 02:00:27.403 7 INFO neutron.services.segments.plugin [-] Segment 4b20bccd-4cc2-47c2-84f4-5f2fdc2ffcf4 resource provider not found; error: Placement Client Error (4xx): {"errors": [{"status": 404, "title": "Not Found", "detail": "The resource could not be found.\n\n No resource provider with uuid 4b20bccd-4cc2-47c2-84f4-5f2fdc2ffcf4 found for delete ", "request_id": "req-3c072eaa-49ab-4c73-8100-4a8c45d99c24"}]} [pid: 8|app: 0|req: 1253/2508] 10.0.0.7 () {32 vars in 620 bytes} [Mon May 25 02:00:28 2026] GET / => generated 151 bytes in 3 msecs (HTTP/1.1 200) 3 headers in 91 bytes (1 switches on core 0) [pid: 8|app: 0|req: 1254/2509] 10.0.0.7 () {32 vars in 630 bytes} [Mon May 25 02:00:28 2026] GET /v2.0/ => generated 632 bytes in 120 msecs (HTTP/1.1 200) 4 headers in 157 bytes (1 switches on core 0)
2026-05-25 02:00:28.309 8 INFO neutron.services.segments.plugin [-] Segment b68d06ea-387b-42a8-916e-46baabe33d90 resource provider aggregate not found
2026-05-25 02:00:28.320 8 INFO neutron.services.segments.plugin [-] Segment b68d06ea-387b-42a8-916e-46baabe33d90 resource provider aggregate not found
2026-05-25 02:00:28.325 8 INFO neutron.services.segments.plugin [-] Segment b68d06ea-387b-42a8-916e-46baabe33d90 resource provider not found; error: Placement Client Error (4xx): {"errors": [{"status": 404, "title": "Not Found", "detail": "The resource could not be found.\n\n No resource provider with uuid b68d06ea-387b-42a8-916e-46baabe33d90 found for delete ", "request_id": "req-9a42683c-a58b-4858-9ad9-cabc3c1e360f"}]}
2026-05-25 02:00:28.336 8 INFO neutron.services.segments.plugin [-] Segment b68d06ea-387b-42a8-916e-46baabe33d90 resource provider not found; error: Placement Client Error (4xx): {"errors": [{"status": 404, "title": "Not Found", "detail": "The resource could not be found.\n\n No resource provider with uuid b68d06ea-387b-42a8-916e-46baabe33d90 found for delete ", "request_id": "req-aa69e2dc-0963-40a5-b7a9-06562a7d1451"}]}
2026-05-25 02:00:28.337 7 INFO neutron.db.ovn_revision_numbers_db [None req-0787649f-9687-4385-bb0c-b163f9f31638 64ec77263b354abf81e717698381e17c 21161f8ccd244dafb56465a854be96b9 - - default default] Successfully bumped revision number for resource 662e0f98-1c42-4685-8754-1d46295d6516 (type: security_groups) to 1
2026-05-25 02:00:28.350 7 INFO neutron.db.ovn_revision_numbers_db [None req-0787649f-9687-4385-bb0c-b163f9f31638 64ec77263b354abf81e717698381e17c 21161f8ccd244dafb56465a854be96b9 - - default default] Successfully bumped revision number for resource 41a60095-1fff-404d-ae1f-000edd2c43f4 (type: security_group_rules) to 0
2026-05-25 02:00:28.362 7 INFO neutron.db.ovn_revision_numbers_db [None req-0787649f-9687-4385-bb0c-b163f9f31638 64ec77263b354abf81e717698381e17c 21161f8ccd244dafb56465a854be96b9 - - default default] Successfully bumped revision number for resource 9a752a67-dbab-42b1-9c2d-f635694a17d1 (type: security_group_rules) to 0
2026-05-25 02:00:28.372 7 INFO neutron.db.ovn_revision_numbers_db [None req-0787649f-9687-4385-bb0c-b163f9f31638 64ec77263b354abf81e717698381e17c 21161f8ccd244dafb56465a854be96b9 - - default default] Successfully bumped revision number for resource b6a5e753-010e-49d4-a35f-ab569896d030 (type: security_group_rules) to 0
2026-05-25 02:00:28.384 7 INFO neutron.db.ovn_revision_numbers_db [None req-0787649f-9687-4385-bb0c-b163f9f31638 64ec77263b354abf81e717698381e17c 21161f8ccd244dafb56465a854be96b9 - - default default] Successfully bumped revision number for resource bca3587c-cd82-4021-8a20-87d06ef7c36e (type: security_group_rules) to 0 [pid: 7|app: 0|req: 1256/2510] 10.0.0.7 () {32 vars in 771 bytes} [Mon May 25 02:00:28 2026] GET /v2.0/security-groups?tenant_id=10373523def4432796a33763411781b1&name=default => generated 2925 bytes in 320 msecs (HTTP/1.1 200) 4 headers in 158 bytes (1 switches on core 0) [pid: 8|app: 0|req: 1255/2511] 10.0.0.7 () {32 vars in 737 bytes} [Mon May 25 02:00:28 2026] DELETE /v2.0/security-groups/662e0f98-1c42-4685-8754-1d46295d6516 => generated 0 bytes in 251 msecs (HTTP/1.1 204) 2 headers in 112 bytes (1 switches on core 0)
2026-05-25 02:00:28.941 8 INFO neutron.db.ovn_revision_numbers_db [None req-cbe942a0-f11a-4b45-b8a4-b0493e40b166 64ec77263b354abf81e717698381e17c 21161f8ccd244dafb56465a854be96b9 - - default default] Successfully bumped revision number for resource 0bbde5f9-efb5-4683-b80d-d2a412aa8b7c (type: security_groups) to 1
2026-05-25 02:00:28.957 8 INFO neutron.db.ovn_revision_numbers_db [None req-cbe942a0-f11a-4b45-b8a4-b0493e40b166 64ec77263b354abf81e717698381e17c 21161f8ccd244dafb56465a854be96b9 - - default default] Successfully bumped revision number for resource 18ed03f5-b029-4fe4-8044-a2640c019460 (type: security_group_rules) to 0
2026-05-25 02:00:28.971 8 INFO neutron.db.ovn_revision_numbers_db [None req-cbe942a0-f11a-4b45-b8a4-b0493e40b166 64ec77263b354abf81e717698381e17c 21161f8ccd244dafb56465a854be96b9 - - default default] Successfully bumped revision number for resource 2d914662-6364-458e-a1b9-dca93bdf020f (type: security_group_rules) to 0
2026-05-25 02:00:28.983 8 INFO neutron.db.ovn_revision_numbers_db [None req-cbe942a0-f11a-4b45-b8a4-b0493e40b166 64ec77263b354abf81e717698381e17c 21161f8ccd244dafb56465a854be96b9 - - default default] Successfully bumped revision number for resource 5144dbcf-0fdc-4a4f-92ad-7daad0e92341 (type: security_group_rules) to 0
2026-05-25 02:00:28.994 8 INFO neutron.db.ovn_revision_numbers_db [None req-cbe942a0-f11a-4b45-b8a4-b0493e40b166 64ec77263b354abf81e717698381e17c 21161f8ccd244dafb56465a854be96b9 - - default default] Successfully bumped revision number for resource ed590d13-cbb2-48ec-95f8-6da3b8ef22d1 (type: security_group_rules) to 0 [pid: 8|app: 0|req: 1256/2512] 10.0.0.7 () {32 vars in 771 bytes} [Mon May 25 02:00:28 2026] GET /v2.0/security-groups?tenant_id=61d1475df4244168970f001e2cfcc160&name=default => generated 2925 bytes in 219 msecs (HTTP/1.1 200) 4 headers in 158 bytes (1 switches on core 0)
2026-05-25 02:00:29.113 7 INFO neutron.db.ovn_revision_numbers_db [None req-500483f9-22da-461b-a8fb-b14d54ba13a3 64ec77263b354abf81e717698381e17c 21161f8ccd244dafb56465a854be96b9 - - default default] Successfully bumped revision number for resource 021d4951-49ce-463a-90f3-5c7d94590736 (type: security_groups) to 1
2026-05-25 02:00:29.126 7 INFO neutron.db.ovn_revision_numbers_db [None req-500483f9-22da-461b-a8fb-b14d54ba13a3 64ec77263b354abf81e717698381e17c 21161f8ccd244dafb56465a854be96b9 - - default default] Successfully bumped revision number for resource 1fed9085-21e0-4edc-b8cc-c42a4ca7fef2 (type: security_group_rules) to 0
2026-05-25 02:00:29.141 7 INFO neutron.db.ovn_revision_numbers_db [None req-500483f9-22da-461b-a8fb-b14d54ba13a3 64ec77263b354abf81e717698381e17c 21161f8ccd244dafb56465a854be96b9 - - default default] Successfully bumped revision number for resource 70f017b2-c121-4932-97bd-775fd458f8e8 (type: security_group_rules) to 0
2026-05-25 02:00:29.153 7 INFO neutron.db.ovn_revision_numbers_db [None req-500483f9-22da-461b-a8fb-b14d54ba13a3 64ec77263b354abf81e717698381e17c 21161f8ccd244dafb56465a854be96b9 - - default default] Successfully bumped revision number for resource d375904b-8b51-4856-b2b9-d27300820a54 (type: security_group_rules) to 0
2026-05-25 02:00:29.161 7 INFO neutron.db.ovn_revision_numbers_db [None req-500483f9-22da-461b-a8fb-b14d54ba13a3 64ec77263b354abf81e717698381e17c 21161f8ccd244dafb56465a854be96b9 - - default default] Successfully bumped revision number for resource fe7a79c3-118b-4d19-aa2c-56c6db4994e0 (type: security_group_rules) to 0 [pid: 7|app: 0|req: 1257/2513] 10.0.0.7 () {32 vars in 771 bytes} [Mon May 25 02:00:28 2026] GET /v2.0/security-groups?tenant_id=0bb0be51a06e4f01b8ee0b85cf4e766a&name=default => generated 2925 bytes in 450 msecs (HTTP/1.1 200) 4 headers in 158 bytes (1 switches on core 0) [pid: 8|app: 0|req: 1257/2514] 10.0.0.7 () {32 vars in 737 bytes} [Mon May 25 02:00:29 2026] DELETE /v2.0/security-groups/0bbde5f9-efb5-4683-b80d-d2a412aa8b7c => generated 0 bytes in 205 msecs (HTTP/1.1 204) 2 headers in 112 bytes (1 switches on core 0) [pid: 8|app: 0|req: 1258/2515] 10.0.0.7 () {32 vars in 771 bytes} [Mon May 25 02:00:29 2026] GET /v2.0/security-groups?tenant_id=ed3e7d226011494ca651cf2b6f5d3711&name=default => generated 2925 bytes in 30 msecs (HTTP/1.1 200) 4 headers in 158 bytes (1 switches on core 0) [pid: 7|app: 0|req: 1258/2516] 10.0.0.7 () {32 vars in 737 bytes} [Mon May 25 02:00:29 2026] DELETE /v2.0/security-groups/021d4951-49ce-463a-90f3-5c7d94590736 => generated 0 bytes in 215 msecs (HTTP/1.1 204) 2 headers in 112 bytes (1 switches on core 0)
2026-05-25 02:00:29.657 8 INFO neutron.db.ovn_revision_numbers_db [None req-2db6f875-cb01-441a-ab93-82b1f489658d f91ed3b82e5c4c8bb7f6ac397348e649 a9e4bfb7c93e4f8a933e7fe3e7ebda9c - - default default] Successfully bumped revision number for resource b6c0683b-6c09-4f76-9aad-e4b7e194d7ac (type: security_groups) to 1
2026-05-25 02:00:29.669 8 INFO neutron.db.ovn_revision_numbers_db [None req-2db6f875-cb01-441a-ab93-82b1f489658d f91ed3b82e5c4c8bb7f6ac397348e649 a9e4bfb7c93e4f8a933e7fe3e7ebda9c - - default default] Successfully bumped revision number for resource 669ddf80-eb74-463e-bf1b-7e25dbf9c696 (type: security_group_rules) to 0 [pid: 7|app: 0|req: 1259/2517] 10.0.0.7 () {32 vars in 737 bytes} [Mon May 25 02:00:29 2026] DELETE /v2.0/security-groups/f88fe540-6a72-4697-970a-096759ccd349 => generated 0 bytes in 256 msecs (HTTP/1.1 204) 2 headers in 112 bytes (1 switches on core 0)
2026-05-25 02:00:29.680 8 INFO neutron.db.ovn_revision_numbers_db [None req-2db6f875-cb01-441a-ab93-82b1f489658d f91ed3b82e5c4c8bb7f6ac397348e649 a9e4bfb7c93e4f8a933e7fe3e7ebda9c - - default default] Successfully bumped revision number for resource c5cf0a57-8ce6-4f69-a6da-d781b5de67c0 (type: security_group_rules) to 0
2026-05-25 02:00:29.692 8 INFO neutron.db.ovn_revision_numbers_db [None req-2db6f875-cb01-441a-ab93-82b1f489658d f91ed3b82e5c4c8bb7f6ac397348e649 a9e4bfb7c93e4f8a933e7fe3e7ebda9c - - default default] Successfully bumped revision number for resource d9c6efa6-aec2-42f6-98c8-c4ebb76a3f71 (type: security_group_rules) to 0
2026-05-25 02:00:29.702 8 INFO neutron.db.ovn_revision_numbers_db [None req-2db6f875-cb01-441a-ab93-82b1f489658d f91ed3b82e5c4c8bb7f6ac397348e649 a9e4bfb7c93e4f8a933e7fe3e7ebda9c - - default default] Successfully bumped revision number for resource f775ac84-68ce-4f3a-847b-3ffb1b93e338 (type: security_group_rules) to 0
2026-05-25 02:00:29.791 8 INFO neutron.db.segments_db [None req-2db6f875-cb01-441a-ab93-82b1f489658d f91ed3b82e5c4c8bb7f6ac397348e649 a9e4bfb7c93e4f8a933e7fe3e7ebda9c - - default default] Added segment 84eb984c-c119-4c22-9408-b72c02ef9c8c of type geneve for network 90294a3b-2397-4166-962f-5e5ea8cbe47b
2026-05-25 02:00:29.905 8 INFO neutron.db.ovn_revision_numbers_db [None req-2db6f875-cb01-441a-ab93-82b1f489658d f91ed3b82e5c4c8bb7f6ac397348e649 a9e4bfb7c93e4f8a933e7fe3e7ebda9c - - default default] Successfully bumped revision number for resource 90294a3b-2397-4166-962f-5e5ea8cbe47b (type: networks) to 1
2026-05-25 02:00:30.052 8 WARNING neutron.scheduler.dhcp_agent_scheduler [None req-2db6f875-cb01-441a-ab93-82b1f489658d f91ed3b82e5c4c8bb7f6ac397348e649 a9e4bfb7c93e4f8a933e7fe3e7ebda9c - - default default] No more DHCP agents
2026-05-25 02:00:30.053 8 WARNING neutron.api.rpc.agentnotifiers.dhcp_rpc_agent_api [None req-2db6f875-cb01-441a-ab93-82b1f489658d f91ed3b82e5c4c8bb7f6ac397348e649 a9e4bfb7c93e4f8a933e7fe3e7ebda9c - - default default] Unable to schedule network 90294a3b-2397-4166-962f-5e5ea8cbe47b: no agents available; will retry on subsequent port and subnet creation events.
2026-05-25 02:00:30.101 8 INFO neutron.plugins.ml2.drivers.ovn.mech_driver.mech_driver [None req-8af01a3a-58ff-4d03-9f51-12c2ee2a03b6 - - - - - -] OVN reports status down for port: 8ee0db41-a5f7-467b-b725-7edb0e2a34c7
2026-05-25 02:00:30.155 8 INFO neutron.db.ovn_revision_numbers_db [None req-2db6f875-cb01-441a-ab93-82b1f489658d f91ed3b82e5c4c8bb7f6ac397348e649 a9e4bfb7c93e4f8a933e7fe3e7ebda9c - - default default] Successfully bumped revision number for resource 8ee0db41-a5f7-467b-b725-7edb0e2a34c7 (type: ports) to 1 [pid: 8|app: 0|req: 1259/2518] 10.0.0.7 () {34 vars in 667 bytes} [Mon May 25 02:00:29 2026] POST /v2.0/networks => generated 665 bytes in 802 msecs (HTTP/1.1 201) 4 headers in 162 bytes (1 switches on core 0)
2026-05-25 02:00:30.404 7 WARNING neutron.scheduler.dhcp_agent_scheduler [None req-092907c7-4323-4ad7-ae14-cf1842d10c2c f91ed3b82e5c4c8bb7f6ac397348e649 a9e4bfb7c93e4f8a933e7fe3e7ebda9c - - default default] No more DHCP agents
2026-05-25 02:00:30.405 7 WARNING neutron.api.rpc.agentnotifiers.dhcp_rpc_agent_api [None req-092907c7-4323-4ad7-ae14-cf1842d10c2c f91ed3b82e5c4c8bb7f6ac397348e649 a9e4bfb7c93e4f8a933e7fe3e7ebda9c - - default default] Unable to schedule network 90294a3b-2397-4166-962f-5e5ea8cbe47b: no agents available; will retry on subsequent port and subnet creation events.
2026-05-25 02:00:30.920 7 INFO neutron.db.ovn_revision_numbers_db [None req-ee56fb52-fbef-48f5-8413-2694655af055 - - - - - -] Successfully bumped revision number for resource 8ee0db41-a5f7-467b-b725-7edb0e2a34c7 (type: ports) to 2
2026-05-25 02:00:30.957 7 INFO neutron.db.ovn_revision_numbers_db [None req-ee56fb52-fbef-48f5-8413-2694655af055 - - - - - -] Successfully bumped revision number for resource 52857c8d-ae87-4d38-91b8-5a5c2d8ae205 (type: subnets) to 0 [pid: 7|app: 0|req: 1260/2519] 10.0.0.7 () {34 vars in 666 bytes} [Mon May 25 02:00:30 2026] POST /v2.0/subnets => generated 626 bytes in 789 msecs (HTTP/1.1 201) 4 headers in 162 bytes (1 switches on core 0)
2026-05-25 02:00:31.408 8 WARNING neutron.scheduler.dhcp_agent_scheduler [None req-da7814fe-d578-4fbc-8c90-20ff5ff282c7 f91ed3b82e5c4c8bb7f6ac397348e649 a9e4bfb7c93e4f8a933e7fe3e7ebda9c - - default default] No more DHCP agents
2026-05-25 02:00:31.410 8 WARNING neutron.api.rpc.agentnotifiers.dhcp_rpc_agent_api [None req-da7814fe-d578-4fbc-8c90-20ff5ff282c7 f91ed3b82e5c4c8bb7f6ac397348e649 a9e4bfb7c93e4f8a933e7fe3e7ebda9c - - default default] Unable to schedule network 8cf2577f-b85c-4638-bb04-b238ae721dbd: no agents available; will retry on subsequent port and subnet creation events.
2026-05-25 02:00:31.529 7 INFO neutron.plugins.ml2.drivers.ovn.mech_driver.mech_driver [None req-5f333e90-8fbf-48ec-842b-3d9330ebfc32 - - - - - -] OVN reports status down for port: eb06bc7e-432e-4e62-b945-93380fe557b5
2026-05-25 02:00:31.541 8 INFO neutron.db.ovn_revision_numbers_db [None req-da7814fe-d578-4fbc-8c90-20ff5ff282c7 f91ed3b82e5c4c8bb7f6ac397348e649 a9e4bfb7c93e4f8a933e7fe3e7ebda9c - - default default] Successfully bumped revision number for resource eb06bc7e-432e-4e62-b945-93380fe557b5 (type: ports) to 1
2026-05-25 02:00:32.196 8 INFO neutron.plugins.ml2.drivers.ovn.mech_driver.ovsdb.commands [None req-7d4a54a9-6bc1-4ab5-8f62-aa454332bdf3 - - - - - -] Schedule LRP lrp-eb06bc7e-432e-4e62-b945-93380fe557b5 on gateway 8ed15042-9ff5-4ec1-be8f-d6880e8c5fb7 with priority 1
2026-05-25 02:00:32.237 7 INFO neutron.plugins.ml2.drivers.ovn.mech_driver.mech_driver [None req-5f333e90-8fbf-48ec-842b-3d9330ebfc32 - - - - - -] OVN reports status up for port: eb06bc7e-432e-4e62-b945-93380fe557b5
2026-05-25 02:00:32.249 7 INFO neutron.plugins.ml2.plugin [None req-5f333e90-8fbf-48ec-842b-3d9330ebfc32 - - - - - -] Attempt 1 to provision port eb06bc7e-432e-4e62-b945-93380fe557b5
2026-05-25 02:00:32.268 8 INFO neutron.db.ovn_revision_numbers_db [None req-da7814fe-d578-4fbc-8c90-20ff5ff282c7 f91ed3b82e5c4c8bb7f6ac397348e649 a9e4bfb7c93e4f8a933e7fe3e7ebda9c - - default default] Successfully bumped revision number for resource eb06bc7e-432e-4e62-b945-93380fe557b5 (type: router_ports) to 1
2026-05-25 02:00:32.347 8 INFO neutron.db.ovn_revision_numbers_db [None req-da7814fe-d578-4fbc-8c90-20ff5ff282c7 f91ed3b82e5c4c8bb7f6ac397348e649 a9e4bfb7c93e4f8a933e7fe3e7ebda9c - - default default] Successfully bumped revision number for resource c963133a-6027-448d-a957-4f4350187667 (type: routers) to 2 [pid: 8|app: 0|req: 1260/2520] 10.0.0.7 () {34 vars in 666 bytes} [Mon May 25 02:00:30 2026] POST /v2.0/routers => generated 935 bytes in 1381 msecs (HTTP/1.1 201) 4 headers in 162 bytes (1 switches on core 0)
2026-05-25 02:00:32.892 7 WARNING neutron.scheduler.dhcp_agent_scheduler [None req-c4ab0a0e-ffd0-47fb-be82-796fd8d79205 f91ed3b82e5c4c8bb7f6ac397348e649 a9e4bfb7c93e4f8a933e7fe3e7ebda9c - - default default] No more DHCP agents
2026-05-25 02:00:32.896 7 WARNING neutron.api.rpc.agentnotifiers.dhcp_rpc_agent_api [None req-c4ab0a0e-ffd0-47fb-be82-796fd8d79205 f91ed3b82e5c4c8bb7f6ac397348e649 a9e4bfb7c93e4f8a933e7fe3e7ebda9c - - default default] Unable to schedule network 90294a3b-2397-4166-962f-5e5ea8cbe47b: no agents available; will retry on subsequent port and subnet creation events.
2026-05-25 02:00:33.056 7 INFO neutron.db.ovn_revision_numbers_db [None req-c4ab0a0e-ffd0-47fb-be82-796fd8d79205 f91ed3b82e5c4c8bb7f6ac397348e649 a9e4bfb7c93e4f8a933e7fe3e7ebda9c - - default default] Successfully bumped revision number for resource d0cb47e0-733e-4225-824c-dcdb49a2a101 (type: ports) to 1
2026-05-25 02:00:33.195 8 INFO neutron.db.ovn_revision_numbers_db [None req-1eb06bde-8381-4855-8d90-b341738d5b64 1de82e2e766d48ebbc9ed32e9a3aa018 164ea70ed1bd44d786182da120d523f7 - - default default] Successfully bumped revision number for resource f6f174eb-8a47-4632-93d5-b06fad597c66 (type: security_groups) to 1
2026-05-25 02:00:33.209 8 INFO neutron.db.ovn_revision_numbers_db [None req-1eb06bde-8381-4855-8d90-b341738d5b64 1de82e2e766d48ebbc9ed32e9a3aa018 164ea70ed1bd44d786182da120d523f7 - - default default] Successfully bumped revision number for resource 5f7f4ba2-3843-418d-999f-b857a8962d2c (type: security_group_rules) to 0
2026-05-25 02:00:33.221 8 INFO neutron.db.ovn_revision_numbers_db [None req-1eb06bde-8381-4855-8d90-b341738d5b64 1de82e2e766d48ebbc9ed32e9a3aa018 164ea70ed1bd44d786182da120d523f7 - - default default] Successfully bumped revision number for resource 85daae5b-2654-4420-9360-ce9576ee9a86 (type: security_group_rules) to 0
2026-05-25 02:00:33.231 8 INFO neutron.db.ovn_revision_numbers_db [None req-1eb06bde-8381-4855-8d90-b341738d5b64 1de82e2e766d48ebbc9ed32e9a3aa018 164ea70ed1bd44d786182da120d523f7 - - default default] Successfully bumped revision number for resource 98891a39-2a37-4f7a-af6e-211ad0ccc4f8 (type: security_group_rules) to 0
2026-05-25 02:00:33.242 8 INFO neutron.db.ovn_revision_numbers_db [None req-1eb06bde-8381-4855-8d90-b341738d5b64 1de82e2e766d48ebbc9ed32e9a3aa018 164ea70ed1bd44d786182da120d523f7 - - default default] Successfully bumped revision number for resource 9f3bd685-451f-44e0-bd4b-943c9bde90a3 (type: security_group_rules) to 0
2026-05-25 02:00:33.319 8 INFO neutron.db.segments_db [None req-1eb06bde-8381-4855-8d90-b341738d5b64 1de82e2e766d48ebbc9ed32e9a3aa018 164ea70ed1bd44d786182da120d523f7 - - default default] Added segment 707bb10d-7219-49ba-bc54-2ca72edae5df of type geneve for network 7e3dfdcc-a8d1-47ab-9624-30d851ebe254
2026-05-25 02:00:33.424 8 INFO neutron.db.ovn_revision_numbers_db [None req-1eb06bde-8381-4855-8d90-b341738d5b64 1de82e2e766d48ebbc9ed32e9a3aa018 164ea70ed1bd44d786182da120d523f7 - - default default] Successfully bumped revision number for resource 7e3dfdcc-a8d1-47ab-9624-30d851ebe254 (type: networks) to 1
2026-05-25 02:00:33.579 8 WARNING neutron.scheduler.dhcp_agent_scheduler [None req-1eb06bde-8381-4855-8d90-b341738d5b64 1de82e2e766d48ebbc9ed32e9a3aa018 164ea70ed1bd44d786182da120d523f7 - - default default] No more DHCP agents
2026-05-25 02:00:33.581 8 WARNING neutron.api.rpc.agentnotifiers.dhcp_rpc_agent_api [None req-1eb06bde-8381-4855-8d90-b341738d5b64 1de82e2e766d48ebbc9ed32e9a3aa018 164ea70ed1bd44d786182da120d523f7 - - default default] Unable to schedule network 7e3dfdcc-a8d1-47ab-9624-30d851ebe254: no agents available; will retry on subsequent port and subnet creation events.
2026-05-25 02:00:33.659 8 INFO neutron.db.ovn_revision_numbers_db [None req-1eb06bde-8381-4855-8d90-b341738d5b64 1de82e2e766d48ebbc9ed32e9a3aa018 164ea70ed1bd44d786182da120d523f7 - - default default] Successfully bumped revision number for resource 9d75017a-e97d-4cbf-8dd0-bb7dc904b8c9 (type: ports) to 1 [pid: 8|app: 0|req: 1261/2521] 10.0.0.7 () {34 vars in 667 bytes} [Mon May 25 02:00:32 2026] POST /v2.0/networks => generated 670 bytes in 732 msecs (HTTP/1.1 201) 4 headers in 162 bytes (1 switches on core 0)
2026-05-25 02:00:33.804 7 WARNING neutron.scheduler.dhcp_agent_scheduler [None req-c4ab0a0e-ffd0-47fb-be82-796fd8d79205 f91ed3b82e5c4c8bb7f6ac397348e649 a9e4bfb7c93e4f8a933e7fe3e7ebda9c - - default default] No more DHCP agents
2026-05-25 02:00:33.805 7 WARNING neutron.api.rpc.agentnotifiers.dhcp_rpc_agent_api [None req-c4ab0a0e-ffd0-47fb-be82-796fd8d79205 f91ed3b82e5c4c8bb7f6ac397348e649 a9e4bfb7c93e4f8a933e7fe3e7ebda9c - - default default] Unable to schedule network 90294a3b-2397-4166-962f-5e5ea8cbe47b: no agents available; will retry on subsequent port and subnet creation events.
2026-05-25 02:00:33.884 8 INFO neutron.db.ovn_revision_numbers_db [None req-f074fb71-a02f-4374-8fc5-b286b938f24a 64ec77263b354abf81e717698381e17c 21161f8ccd244dafb56465a854be96b9 - - default default] Successfully bumped revision number for resource d20c9fc2-adb5-4e48-a4de-349de03fc1f0 (type: security_groups) to 1
2026-05-25 02:00:33.895 8 INFO neutron.db.ovn_revision_numbers_db [None req-f074fb71-a02f-4374-8fc5-b286b938f24a 64ec77263b354abf81e717698381e17c 21161f8ccd244dafb56465a854be96b9 - - default default] Successfully bumped revision number for resource 3ccc6d2b-db11-402a-85ee-45cfe748d5d4 (type: security_group_rules) to 0
2026-05-25 02:00:33.906 8 INFO neutron.db.ovn_revision_numbers_db [None req-f074fb71-a02f-4374-8fc5-b286b938f24a 64ec77263b354abf81e717698381e17c 21161f8ccd244dafb56465a854be96b9 - - default default] Successfully bumped revision number for resource 44ac2a1b-d13c-47ba-b54d-7b944fe0665e (type: security_group_rules) to 0
2026-05-25 02:00:33.919 8 INFO neutron.db.ovn_revision_numbers_db [None req-f074fb71-a02f-4374-8fc5-b286b938f24a 64ec77263b354abf81e717698381e17c 21161f8ccd244dafb56465a854be96b9 - - default default] Successfully bumped revision number for resource 8a77a1d6-454d-4790-9248-8c6857a72f03 (type: security_group_rules) to 0
2026-05-25 02:00:33.931 8 INFO neutron.db.ovn_revision_numbers_db [None req-f074fb71-a02f-4374-8fc5-b286b938f24a 64ec77263b354abf81e717698381e17c 21161f8ccd244dafb56465a854be96b9 - - default default] Successfully bumped revision number for resource b1407e63-2ee8-4b07-9846-9a948a310203 (type: security_group_rules) to 0 [pid: 8|app: 0|req: 1262/2522] 10.0.0.7 () {32 vars in 771 bytes} [Mon May 25 02:00:33 2026] GET /v2.0/security-groups?tenant_id=1fcf50b4f8434a18ab5891697e6b4d0d&name=default => generated 2929 bytes in 290 msecs (HTTP/1.1 200) 4 headers in 158 bytes (1 switches on core 0) [pid: 8|app: 0|req: 1263/2523] 10.0.0.7 () {34 vars in 750 bytes} [Mon May 25 02:00:33 2026] PUT /v2.0/networks/7e3dfdcc-a8d1-47ab-9624-30d851ebe254/tags => generated 25 bytes in 55 msecs (HTTP/1.1 200) 4 headers in 156 bytes (1 switches on core 0)
2026-05-25 02:00:34.233 7 INFO neutron.db.ovn_revision_numbers_db [None req-c4ab0a0e-ffd0-47fb-be82-796fd8d79205 f91ed3b82e5c4c8bb7f6ac397348e649 a9e4bfb7c93e4f8a933e7fe3e7ebda9c - - default default] Successfully bumped revision number for resource d0cb47e0-733e-4225-824c-dcdb49a2a101 (type: router_ports) to 1 [pid: 7|app: 0|req: 1261/2524] 10.0.0.7 () {34 vars in 780 bytes} [Mon May 25 02:00:32 2026] PUT /v2.0/routers/c963133a-6027-448d-a957-4f4350187667/add_router_interface => generated 309 bytes in 1868 msecs (HTTP/1.1 200) 4 headers in 157 bytes (1 switches on core 0) [pid: 7|app: 0|req: 1262/2525] 10.0.0.7 () {32 vars in 730 bytes} [Mon May 25 02:00:34 2026] GET /v2.0/networks/7e3dfdcc-a8d1-47ab-9624-30d851ebe254/tags => generated 25 bytes in 67 msecs (HTTP/1.1 200) 4 headers in 156 bytes (1 switches on core 0) [pid: 8|app: 0|req: 1264/2526] 10.0.0.7 () {32 vars in 737 bytes} [Mon May 25 02:00:34 2026] DELETE /v2.0/security-groups/d20c9fc2-adb5-4e48-a4de-349de03fc1f0 => generated 0 bytes in 292 msecs (HTTP/1.1 204) 2 headers in 112 bytes (1 switches on core 0) [pid: 8|app: 0|req: 1265/2527] 10.0.0.7 () {34 vars in 761 bytes} [Mon May 25 02:00:34 2026] PUT /v2.0/networks/7e3dfdcc-a8d1-47ab-9624-30d851ebe254/tags/green => generated 4 bytes in 96 msecs (HTTP/1.1 201) 4 headers in 160 bytes (1 switches on core 0) [pid: 8|app: 0|req: 1266/2528] 10.0.0.7 () {32 vars in 730 bytes} [Mon May 25 02:00:34 2026] GET /v2.0/networks/7e3dfdcc-a8d1-47ab-9624-30d851ebe254/tags => generated 34 bytes in 41 msecs (HTTP/1.1 200) 4 headers in 156 bytes (1 switches on core 0) [pid: 8|app: 0|req: 1267/2529] 10.0.0.7 () {34 vars in 757 bytes} [Mon May 25 02:00:34 2026] PUT /v2.0/networks/7e3dfdcc-a8d1-47ab-9624-30d851ebe254/tags/red => generated 4 bytes in 61 msecs (HTTP/1.1 201) 4 headers in 160 bytes (1 switches on core 0) [pid: 8|app: 0|req: 1268/2530] 10.0.0.7 () {32 vars in 730 bytes} [Mon May 25 02:00:34 2026] GET /v2.0/networks/7e3dfdcc-a8d1-47ab-9624-30d851ebe254/tags => generated 34 bytes in 40 msecs (HTTP/1.1 200) 4 headers in 156 bytes (1 switches on core 0) [pid: 8|app: 0|req: 1269/2531] 10.0.0.7 () {34 vars in 779 bytes} [Mon May 25 02:00:34 2026] PUT /v2.0/networks/7e3dfdcc-a8d1-47ab-9624-30d851ebe254/tags/black.or.white => generated 4 bytes in 90 msecs (HTTP/1.1 201) 4 headers in 160 bytes (1 switches on core 0) [pid: 8|app: 0|req: 1270/2532] 10.0.0.7 () {32 vars in 730 bytes} [Mon May 25 02:00:34 2026] GET /v2.0/networks/7e3dfdcc-a8d1-47ab-9624-30d851ebe254/tags => generated 52 bytes in 46 msecs (HTTP/1.1 200) 4 headers in 156 bytes (1 switches on core 0) [pid: 8|app: 0|req: 1271/2533] 10.0.0.7 () {34 vars in 750 bytes} [Mon May 25 02:00:34 2026] PUT /v2.0/networks/7e3dfdcc-a8d1-47ab-9624-30d851ebe254/tags => generated 37 bytes in 61 msecs (HTTP/1.1 200) 4 headers in 156 bytes (1 switches on core 0) [pid: 8|app: 0|req: 1272/2534] 10.0.0.7 () {32 vars in 730 bytes} [Mon May 25 02:00:34 2026] GET /v2.0/networks/7e3dfdcc-a8d1-47ab-9624-30d851ebe254/tags => generated 37 bytes in 55 msecs (HTTP/1.1 200) 4 headers in 156 bytes (1 switches on core 0) [pid: 8|app: 0|req: 1273/2535] 10.0.0.7 () {32 vars in 738 bytes} [Mon May 25 02:00:34 2026] GET /v2.0/networks/7e3dfdcc-a8d1-47ab-9624-30d851ebe254/tags/red => generated 0 bytes in 55 msecs (HTTP/1.1 204) 2 headers in 112 bytes (1 switches on core 0)
2026-05-25 02:00:34.956 8 INFO neutron.api.v2.resource [None req-146c457f-ca72-4cf5-8de4-6b52e9cdd84b 1de82e2e766d48ebbc9ed32e9a3aa018 164ea70ed1bd44d786182da120d523f7 - - default default] show failed (client error): The resource could not be found. [pid: 8|app: 0|req: 1274/2536] 10.0.0.7 () {32 vars in 742 bytes} [Mon May 25 02:00:34 2026] GET /v2.0/networks/7e3dfdcc-a8d1-47ab-9624-30d851ebe254/tags/green => generated 99 bytes in 44 msecs (HTTP/1.1 404) 4 headers in 163 bytes (1 switches on core 0)
2026-05-25 02:00:34.992 7 WARNING neutron.scheduler.dhcp_agent_scheduler [None req-f1045f56-f5b8-4211-81de-f40332afdb67 - - - - - -] No more DHCP agents
2026-05-25 02:00:34.993 7 WARNING neutron.api.rpc.agentnotifiers.dhcp_rpc_agent_api [None req-f1045f56-f5b8-4211-81de-f40332afdb67 - - - - - -] Unable to schedule network 8cf2577f-b85c-4638-bb04-b238ae721dbd: no agents available; will retry on subsequent port and subnet creation events. [pid: 8|app: 0|req: 1275/2537] 10.0.0.7 () {32 vars in 741 bytes} [Mon May 25 02:00:34 2026] DELETE /v2.0/networks/7e3dfdcc-a8d1-47ab-9624-30d851ebe254/tags/red => generated 0 bytes in 68 msecs (HTTP/1.1 204) 2 headers in 112 bytes (1 switches on core 0) [pid: 8|app: 0|req: 1276/2538] 10.0.0.7 () {32 vars in 730 bytes} [Mon May 25 02:00:35 2026] GET /v2.0/networks/7e3dfdcc-a8d1-47ab-9624-30d851ebe254/tags => generated 30 bytes in 51 msecs (HTTP/1.1 200) 4 headers in 156 bytes (1 switches on core 0)
2026-05-25 02:00:35.164 7 INFO neutron.db.ovn_revision_numbers_db [None req-f1045f56-f5b8-4211-81de-f40332afdb67 - - - - - -] Successfully bumped revision number for resource fa5b0e7b-f66b-4e12-9e8f-d30301a985a0 (type: ports) to 1
2026-05-25 02:00:35.168 8 INFO neutron.api.v2.resource [None req-0bd789c2-d86d-4149-8078-cde372ee4261 1de82e2e766d48ebbc9ed32e9a3aa018 164ea70ed1bd44d786182da120d523f7 - - default default] delete failed (client error): The resource could not be found. [pid: 8|app: 0|req: 1277/2539] 10.0.0.7 () {32 vars in 745 bytes} [Mon May 25 02:00:35 2026] DELETE /v2.0/networks/7e3dfdcc-a8d1-47ab-9624-30d851ebe254/tags/green => generated 99 bytes in 76 msecs (HTTP/1.1 404) 4 headers in 163 bytes (1 switches on core 0) [pid: 8|app: 0|req: 1278/2540] 10.0.0.7 () {32 vars in 733 bytes} [Mon May 25 02:00:35 2026] DELETE /v2.0/networks/7e3dfdcc-a8d1-47ab-9624-30d851ebe254/tags => generated 0 bytes in 55 msecs (HTTP/1.1 204) 2 headers in 112 bytes (1 switches on core 0) [pid: 8|app: 0|req: 1279/2541] 10.0.0.7 () {32 vars in 730 bytes} [Mon May 25 02:00:35 2026] GET /v2.0/networks/7e3dfdcc-a8d1-47ab-9624-30d851ebe254/tags => generated 12 bytes in 43 msecs (HTTP/1.1 200) 4 headers in 156 bytes (1 switches on core 0)
2026-05-25 02:00:35.429 8 INFO neutron_taas.services.taas.taas_plugin [None req-711e4218-463d-4042-8d74-c6667bb96188 1de82e2e766d48ebbc9ed32e9a3aa018 164ea70ed1bd44d786182da120d523f7 - - default default] TaaS: Handle Delete Port: 9d75017a-e97d-4cbf-8dd0-bb7dc904b8c9
2026-05-25 02:00:35.433 8 INFO neutron_taas.services.taas.tap_mirror_plugin [None req-711e4218-463d-4042-8d74-c6667bb96188 1de82e2e766d48ebbc9ed32e9a3aa018 164ea70ed1bd44d786182da120d523f7 - - default default] Tap Mirror: Handle Delete Port: 9d75017a-e97d-4cbf-8dd0-bb7dc904b8c9
2026-05-25 02:00:35.434 7 INFO neutron.db.ovn_revision_numbers_db [None req-f1045f56-f5b8-4211-81de-f40332afdb67 - - - - - -] Successfully bumped revision number for resource fa5b0e7b-f66b-4e12-9e8f-d30301a985a0 (type: ports) to 3
2026-05-25 02:00:35.494 7 INFO neutron.db.segments_db [None req-f1045f56-f5b8-4211-81de-f40332afdb67 - - - - - -] Added segment 3f951698-ca3a-4d64-b42e-e90b838d53fa of type geneve for network 8667532c-a87b-4787-ae25-e889b3b56890
2026-05-25 02:00:35.617 8 INFO neutron.services.segments.plugin [-] Segment 707bb10d-7219-49ba-bc54-2ca72edae5df resource provider aggregate not found
2026-05-25 02:00:35.622 8 INFO neutron.services.segments.plugin [-] Segment 707bb10d-7219-49ba-bc54-2ca72edae5df resource provider aggregate not found
2026-05-25 02:00:35.638 8 INFO neutron.services.segments.plugin [-] Segment 707bb10d-7219-49ba-bc54-2ca72edae5df resource provider not found; error: Placement Client Error (4xx): {"errors": [{"status": 404, "title": "Not Found", "detail": "The resource could not be found.\n\n No resource provider with uuid 707bb10d-7219-49ba-bc54-2ca72edae5df found for delete ", "request_id": "req-f60ceb44-e8a3-406a-b7b7-613bf7143229"}]}
2026-05-25 02:00:35.638 7 INFO neutron.db.ovn_revision_numbers_db [None req-df020371-16b0-483a-9e65-8bda7901e7ca - - - - - -] Successfully bumped revision number for resource 8667532c-a87b-4787-ae25-e889b3b56890 (type: networks) to 1
2026-05-25 02:00:35.643 8 INFO neutron.services.segments.plugin [-] Segment 707bb10d-7219-49ba-bc54-2ca72edae5df resource provider not found; error: Placement Client Error (4xx): {"errors": [{"status": 404, "title": "Not Found", "detail": "The resource could not be found.\n\n No resource provider with uuid 707bb10d-7219-49ba-bc54-2ca72edae5df found for delete ", "request_id": "req-3349f356-d4b8-42fe-bff4-939de33b35c8"}]} [pid: 8|app: 0|req: 1280/2542] 10.0.0.7 () {32 vars in 723 bytes} [Mon May 25 02:00:35 2026] DELETE /v2.0/networks/7e3dfdcc-a8d1-47ab-9624-30d851ebe254 => generated 0 bytes in 395 msecs (HTTP/1.1 204) 3 headers in 131 bytes (1 switches on core 0)
2026-05-25 02:00:35.797 7 WARNING neutron.scheduler.dhcp_agent_scheduler [None req-df020371-16b0-483a-9e65-8bda7901e7ca - - - - - -] No more DHCP agents
2026-05-25 02:00:35.798 7 WARNING neutron.api.rpc.agentnotifiers.dhcp_rpc_agent_api [None req-df020371-16b0-483a-9e65-8bda7901e7ca - - - - - -] Unable to schedule network 8667532c-a87b-4787-ae25-e889b3b56890: no agents available; will retry on subsequent port and subnet creation events.
2026-05-25 02:00:35.864 8 INFO neutron.plugins.ml2.drivers.ovn.mech_driver.mech_driver [None req-8af01a3a-58ff-4d03-9f51-12c2ee2a03b6 - - - - - -] OVN reports status down for port: ffe6fdc7-c138-4800-8596-7099aa96729a
2026-05-25 02:00:35.881 7 INFO neutron.db.ovn_revision_numbers_db [None req-df020371-16b0-483a-9e65-8bda7901e7ca - - - - - -] Successfully bumped revision number for resource ffe6fdc7-c138-4800-8596-7099aa96729a (type: ports) to 1
2026-05-25 02:00:36.015 7 WARNING neutron.scheduler.dhcp_agent_scheduler [None req-df020371-16b0-483a-9e65-8bda7901e7ca - - - - - -] No more DHCP agents
2026-05-25 02:00:36.017 7 WARNING neutron.api.rpc.agentnotifiers.dhcp_rpc_agent_api [None req-df020371-16b0-483a-9e65-8bda7901e7ca - - - - - -] Unable to schedule network 8667532c-a87b-4787-ae25-e889b3b56890: no agents available; will retry on subsequent port and subnet creation events.
2026-05-25 02:00:36.040 7 INFO neutron.db.ovn_revision_numbers_db [None req-df020371-16b0-483a-9e65-8bda7901e7ca - - - - - -] Successfully bumped revision number for resource ad6e29d4-bf7e-4a64-a76e-677771dc33d6 (type: subnets) to 0
2026-05-25 02:00:36.299 8 INFO neutron.db.ovn_revision_numbers_db [None req-f7b43176-d7ee-4f5a-8f69-0c27cf27df11 64ec77263b354abf81e717698381e17c 21161f8ccd244dafb56465a854be96b9 - - default default] Successfully bumped revision number for resource 0321071b-63eb-43f0-9e55-a5ec0369051a (type: security_groups) to 1
2026-05-25 02:00:36.314 8 INFO neutron.db.ovn_revision_numbers_db [None req-f7b43176-d7ee-4f5a-8f69-0c27cf27df11 64ec77263b354abf81e717698381e17c 21161f8ccd244dafb56465a854be96b9 - - default default] Successfully bumped revision number for resource 1eb27a64-b248-46b0-b348-f5fe594b144a (type: security_group_rules) to 0
2026-05-25 02:00:36.327 8 INFO neutron.db.ovn_revision_numbers_db [None req-f7b43176-d7ee-4f5a-8f69-0c27cf27df11 64ec77263b354abf81e717698381e17c 21161f8ccd244dafb56465a854be96b9 - - default default] Successfully bumped revision number for resource 3d32924f-e954-4ac2-b92c-4c1e34fd88f8 (type: security_group_rules) to 0
2026-05-25 02:00:36.340 8 INFO neutron.db.ovn_revision_numbers_db [None req-f7b43176-d7ee-4f5a-8f69-0c27cf27df11 64ec77263b354abf81e717698381e17c 21161f8ccd244dafb56465a854be96b9 - - default default] Successfully bumped revision number for resource 40f34356-f220-4818-aaa6-75fdcd4cb0ce (type: security_group_rules) to 0
2026-05-25 02:00:36.370 8 INFO neutron.db.ovn_revision_numbers_db [None req-f7b43176-d7ee-4f5a-8f69-0c27cf27df11 64ec77263b354abf81e717698381e17c 21161f8ccd244dafb56465a854be96b9 - - default default] Successfully bumped revision number for resource d9a96d3c-2a89-448b-bef9-3ab34c8ef957 (type: security_group_rules) to 0
2026-05-25 02:00:36.454 8 INFO neutron.db.segments_db [None req-f7b43176-d7ee-4f5a-8f69-0c27cf27df11 64ec77263b354abf81e717698381e17c 21161f8ccd244dafb56465a854be96b9 - - default default] Added segment e754627c-a036-449a-b9e6-cd2e5ba6af82 of type geneve for network b60dd1b0-eff0-4694-9312-78706c48bdf7
2026-05-25 02:00:36.458 7 WARNING neutron.scheduler.dhcp_agent_scheduler [None req-df020371-16b0-483a-9e65-8bda7901e7ca - - - - - -] No more DHCP agents
2026-05-25 02:00:36.459 7 WARNING neutron.api.rpc.agentnotifiers.dhcp_rpc_agent_api [None req-df020371-16b0-483a-9e65-8bda7901e7ca - - - - - -] Unable to schedule network 8667532c-a87b-4787-ae25-e889b3b56890: no agents available; will retry on subsequent port and subnet creation events.
2026-05-25 02:00:36.595 8 INFO neutron.db.ovn_revision_numbers_db [None req-f7b43176-d7ee-4f5a-8f69-0c27cf27df11 64ec77263b354abf81e717698381e17c 21161f8ccd244dafb56465a854be96b9 - - default default] Successfully bumped revision number for resource b60dd1b0-eff0-4694-9312-78706c48bdf7 (type: networks) to 1
2026-05-25 02:00:36.647 7 INFO neutron.db.ovn_revision_numbers_db [None req-df020371-16b0-483a-9e65-8bda7901e7ca - - - - - -] Successfully bumped revision number for resource 15da865c-1f74-495f-95c5-0ad47aec153d (type: ports) to 1
2026-05-25 02:00:36.766 8 WARNING neutron.scheduler.dhcp_agent_scheduler [None req-f7b43176-d7ee-4f5a-8f69-0c27cf27df11 64ec77263b354abf81e717698381e17c 21161f8ccd244dafb56465a854be96b9 - - default default] No more DHCP agents
2026-05-25 02:00:36.767 8 WARNING neutron.api.rpc.agentnotifiers.dhcp_rpc_agent_api [None req-f7b43176-d7ee-4f5a-8f69-0c27cf27df11 64ec77263b354abf81e717698381e17c 21161f8ccd244dafb56465a854be96b9 - - default default] Unable to schedule network b60dd1b0-eff0-4694-9312-78706c48bdf7: no agents available; will retry on subsequent port and subnet creation events.
2026-05-25 02:00:36.833 8 INFO neutron.db.ovn_revision_numbers_db [None req-f7b43176-d7ee-4f5a-8f69-0c27cf27df11 64ec77263b354abf81e717698381e17c 21161f8ccd244dafb56465a854be96b9 - - default default] Successfully bumped revision number for resource a2d071f3-20ef-4956-a8ac-59bca491733d (type: ports) to 1 [pid: 8|app: 0|req: 1283/2545] 10.0.0.7 () {34 vars in 668 bytes} [Mon May 25 02:00:35 2026] POST /v2.0/networks => generated 781 bytes in 921 msecs (HTTP/1.1 201) 4 headers in 162 bytes (1 switches on core 0) [pid: 8|app: 0|req: 1284/2546] 10.0.0.7 () {32 vars in 771 bytes} [Mon May 25 02:00:36 2026] GET /v2.0/security-groups?tenant_id=164ea70ed1bd44d786182da120d523f7&name=default => generated 2929 bytes in 119 msecs (HTTP/1.1 200) 4 headers in 158 bytes (1 switches on core 0)
2026-05-25 02:00:37.090 8 WARNING neutron.scheduler.dhcp_agent_scheduler [None req-ce3893ca-4535-458d-8452-c9981f83f189 64ec77263b354abf81e717698381e17c 21161f8ccd244dafb56465a854be96b9 - - default default] No more DHCP agents
2026-05-25 02:00:37.091 8 WARNING neutron.api.rpc.agentnotifiers.dhcp_rpc_agent_api [None req-ce3893ca-4535-458d-8452-c9981f83f189 64ec77263b354abf81e717698381e17c 21161f8ccd244dafb56465a854be96b9 - - default default] Unable to schedule network b60dd1b0-eff0-4694-9312-78706c48bdf7: no agents available; will retry on subsequent port and subnet creation events.
2026-05-25 02:00:37.328 7 WARNING neutron.scheduler.dhcp_agent_scheduler [None req-df020371-16b0-483a-9e65-8bda7901e7ca - - - - - -] No more DHCP agents
2026-05-25 02:00:37.330 7 WARNING neutron.api.rpc.agentnotifiers.dhcp_rpc_agent_api [None req-df020371-16b0-483a-9e65-8bda7901e7ca - - - - - -] Unable to schedule network 8667532c-a87b-4787-ae25-e889b3b56890: no agents available; will retry on subsequent port and subnet creation events.
2026-05-25 02:00:37.520 8 INFO neutron.db.ovn_revision_numbers_db [None req-2d8b8472-81fb-49c1-ae94-8ffbaa170ccc - - - - - -] Successfully bumped revision number for resource a2d071f3-20ef-4956-a8ac-59bca491733d (type: ports) to 2
2026-05-25 02:00:37.547 8 INFO neutron.db.ovn_revision_numbers_db [None req-2d8b8472-81fb-49c1-ae94-8ffbaa170ccc - - - - - -] Successfully bumped revision number for resource 3eb9f0cb-d8b2-498d-891e-440bb0a54edd (type: subnets) to 0 [pid: 8|app: 0|req: 1285/2547] 10.0.0.7 () {34 vars in 666 bytes} [Mon May 25 02:00:36 2026] POST /v2.0/subnets => generated 687 bytes in 588 msecs (HTTP/1.1 201) 4 headers in 162 bytes (1 switches on core 0)
2026-05-25 02:00:37.640 7 WARNING neutron.plugins.ml2.drivers.ovn.mech_driver.ovsdb.ovn_client [None req-5f333e90-8fbf-48ec-842b-3d9330ebfc32 - - - - - -] No hosting information found for port eb06bc7e-432e-4e62-b945-93380fe557b5: RuntimeError: No hosting information found for port eb06bc7e-432e-4e62-b945-93380fe557b5
2026-05-25 02:00:37.643 7 INFO neutron.plugins.ml2.drivers.ovn.mech_driver.mech_driver [None req-5f333e90-8fbf-48ec-842b-3d9330ebfc32 - - - - - -] OVN reports status down for port: d0cb47e0-733e-4225-824c-dcdb49a2a101 [pid: 8|app: 0|req: 1286/2548] 10.0.0.7 () {32 vars in 737 bytes} [Mon May 25 02:00:37 2026] DELETE /v2.0/security-groups/f6f174eb-8a47-4632-93d5-b06fad597c66 => generated 0 bytes in 265 msecs (HTTP/1.1 204) 2 headers in 112 bytes (1 switches on core 0)
2026-05-25 02:00:37.867 7 WARNING neutron.plugins.ml2.drivers.ovn.mech_driver.ovsdb.ovn_client [None req-5f333e90-8fbf-48ec-842b-3d9330ebfc32 - - - - - -] Logical_Switch_Port d0cb47e0-733e-4225-824c-dcdb49a2a101 host information not removed, the port state is up
2026-05-25 02:00:37.869 7 INFO neutron.plugins.ml2.drivers.ovn.mech_driver.mech_driver [None req-5f333e90-8fbf-48ec-842b-3d9330ebfc32 - - - - - -] OVN reports status down for port: 9d75017a-e97d-4cbf-8dd0-bb7dc904b8c9
2026-05-25 02:00:37.916 7 INFO neutron.plugins.ml2.drivers.ovn.mech_driver.mech_driver [None req-5f333e90-8fbf-48ec-842b-3d9330ebfc32 - - - - - -] OVN reports status up for port: d0cb47e0-733e-4225-824c-dcdb49a2a101
2026-05-25 02:00:37.938 7 INFO neutron.plugins.ml2.plugin [None req-5f333e90-8fbf-48ec-842b-3d9330ebfc32 - - - - - -] Attempt 1 to provision port d0cb47e0-733e-4225-824c-dcdb49a2a101
2026-05-25 02:00:37.953 7 INFO neutron.db.ovn_revision_numbers_db [None req-df020371-16b0-483a-9e65-8bda7901e7ca - - - - - -] Successfully bumped revision number for resource 15da865c-1f74-495f-95c5-0ad47aec153d (type: router_ports) to 1
2026-05-25 02:00:38.308 7 WARNING neutron.scheduler.dhcp_agent_scheduler [None req-df020371-16b0-483a-9e65-8bda7901e7ca - - - - - -] No more DHCP agents
2026-05-25 02:00:38.311 7 WARNING neutron.api.rpc.agentnotifiers.dhcp_rpc_agent_api [None req-df020371-16b0-483a-9e65-8bda7901e7ca - - - - - -] Unable to schedule network 8667532c-a87b-4787-ae25-e889b3b56890: no agents available; will retry on subsequent port and subnet creation events.
2026-05-25 02:00:38.596 7 INFO neutron.db.ovn_revision_numbers_db [None req-df020371-16b0-483a-9e65-8bda7901e7ca - - - - - -] Successfully bumped revision number for resource 4a64928a-48ee-489a-aa06-52d746891620 (type: ports) to 1
2026-05-25 02:00:38.687 7 INFO neutron.db.ovn_revision_numbers_db [None req-5f333e90-8fbf-48ec-842b-3d9330ebfc32 - - - - - -] Successfully bumped revision number for resource d0cb47e0-733e-4225-824c-dcdb49a2a101 (type: ports) to 2
2026-05-25 02:00:38.955 7 INFO neutron.db.ovn_revision_numbers_db [None req-df020371-16b0-483a-9e65-8bda7901e7ca - - - - - -] Successfully bumped revision number for resource 4a64928a-48ee-489a-aa06-52d746891620 (type: ports) to 3
2026-05-25 02:00:39.197 8 WARNING neutron.scheduler.dhcp_agent_scheduler [None req-3384d525-8bf1-420a-b09c-fbf114982bb3 64ec77263b354abf81e717698381e17c 21161f8ccd244dafb56465a854be96b9 - - default default] No more DHCP agents
2026-05-25 02:00:39.199 8 WARNING neutron.api.rpc.agentnotifiers.dhcp_rpc_agent_api [None req-3384d525-8bf1-420a-b09c-fbf114982bb3 64ec77263b354abf81e717698381e17c 21161f8ccd244dafb56465a854be96b9 - - default default] Unable to schedule network 8cf2577f-b85c-4638-bb04-b238ae721dbd: no agents available; will retry on subsequent port and subnet creation events.
2026-05-25 02:00:39.335 8 INFO neutron.db.ovn_revision_numbers_db [None req-3384d525-8bf1-420a-b09c-fbf114982bb3 64ec77263b354abf81e717698381e17c 21161f8ccd244dafb56465a854be96b9 - - default default] Successfully bumped revision number for resource 6577db60-2d66-456b-899e-3dee174bda2f (type: ports) to 1 [pid: 7|app: 0|req: 1263/2549] 10.0.0.7 () {34 vars in 682 bytes} [Mon May 25 02:00:34 2026] POST /v2.0/vpn/vpnservices => generated 457 bytes in 5456 msecs (HTTP/1.1 201) 4 headers in 162 bytes (1 switches on core 0)
2026-05-25 02:00:39.891 8 INFO neutron.plugins.ml2.drivers.ovn.mech_driver.ovsdb.commands [None req-7d4a54a9-6bc1-4ab5-8f62-aa454332bdf3 - - - - - -] Schedule LRP lrp-6577db60-2d66-456b-899e-3dee174bda2f on gateway 8ed15042-9ff5-4ec1-be8f-d6880e8c5fb7 with priority 1
2026-05-25 02:00:39.899 7 INFO neutron.db.ovn_revision_numbers_db [None req-6f60419f-cf50-4229-a644-9ebfa4551cc2 64ec77263b354abf81e717698381e17c 21161f8ccd244dafb56465a854be96b9 - - default default] Successfully bumped revision number for resource f07b1954-d95c-4713-9739-aada6827b7ea (type: security_groups) to 1
2026-05-25 02:00:39.942 7 INFO neutron.db.ovn_revision_numbers_db [None req-6f60419f-cf50-4229-a644-9ebfa4551cc2 64ec77263b354abf81e717698381e17c 21161f8ccd244dafb56465a854be96b9 - - default default] Successfully bumped revision number for resource 23d8dd3f-4e4b-43f4-ab1c-458336babf01 (type: security_group_rules) to 0
2026-05-25 02:00:39.965 7 INFO neutron.db.ovn_revision_numbers_db [None req-6f60419f-cf50-4229-a644-9ebfa4551cc2 64ec77263b354abf81e717698381e17c 21161f8ccd244dafb56465a854be96b9 - - default default] Successfully bumped revision number for resource 4b3e3bad-c61b-4553-bbc2-ae4315ddb679 (type: security_group_rules) to 0
2026-05-25 02:00:39.975 8 INFO neutron.plugins.ml2.drivers.ovn.mech_driver.ovsdb.ovsdb_monitor [None req-3d894d26-8302-4c2e-af22-76711e121c5f - - - - - -] Router 6b07e788-e6e1-47d7-a0e9-1d7d2603ea6d is bound to host instance
2026-05-25 02:00:39.978 7 INFO neutron.db.ovn_revision_numbers_db [None req-6f60419f-cf50-4229-a644-9ebfa4551cc2 64ec77263b354abf81e717698381e17c 21161f8ccd244dafb56465a854be96b9 - - default default] Successfully bumped revision number for resource 7433210f-c660-4036-8b2d-5ca7ffa560fe (type: security_group_rules) to 0
2026-05-25 02:00:39.999 7 INFO neutron.db.ovn_revision_numbers_db [None req-6f60419f-cf50-4229-a644-9ebfa4551cc2 64ec77263b354abf81e717698381e17c 21161f8ccd244dafb56465a854be96b9 - - default default] Successfully bumped revision number for resource 7a5a40e4-d075-47bc-a015-bbf80e0e1dd7 (type: security_group_rules) to 0
2026-05-25 02:00:40.006 8 INFO neutron.db.ovn_revision_numbers_db [None req-3384d525-8bf1-420a-b09c-fbf114982bb3 64ec77263b354abf81e717698381e17c 21161f8ccd244dafb56465a854be96b9 - - default default] Successfully bumped revision number for resource 6577db60-2d66-456b-899e-3dee174bda2f (type: router_ports) to 1 [pid: 7|app: 0|req: 1264/2550] 10.0.0.7 () {32 vars in 771 bytes} [Mon May 25 02:00:39 2026] GET /v2.0/security-groups?tenant_id=713b79ae939742cfa8c8beba4aad83b0&name=default => generated 2929 bytes in 270 msecs (HTTP/1.1 200) 4 headers in 158 bytes (1 switches on core 0)
2026-05-25 02:00:40.113 8 INFO neutron.db.ovn_revision_numbers_db [None req-3384d525-8bf1-420a-b09c-fbf114982bb3 64ec77263b354abf81e717698381e17c 21161f8ccd244dafb56465a854be96b9 - - default default] Successfully bumped revision number for resource 6b07e788-e6e1-47d7-a0e9-1d7d2603ea6d (type: routers) to 2 [pid: 8|app: 0|req: 1287/2551] 10.0.0.7 () {34 vars in 666 bytes} [Mon May 25 02:00:37 2026] POST /v2.0/routers => generated 965 bytes in 2308 msecs (HTTP/1.1 201) 4 headers in 162 bytes (1 switches on core 0) [pid: 7|app: 0|req: 1265/2552] 10.0.0.7 () {34 vars in 682 bytes} [Mon May 25 02:00:40 2026] POST /v2.0/vpn/vpnservices => generated 423 bytes in 414 msecs (HTTP/1.1 201) 4 headers in 162 bytes (1 switches on core 0) [pid: 8|app: 0|req: 1288/2553] 10.0.0.7 () {32 vars in 737 bytes} [Mon May 25 02:00:40 2026] DELETE /v2.0/security-groups/f07b1954-d95c-4713-9739-aada6827b7ea => generated 0 bytes in 367 msecs (HTTP/1.1 204) 2 headers in 112 bytes (1 switches on core 0) [pid: 8|app: 0|req: 1289/2554] 10.0.0.7 () {34 vars in 681 bytes} [Mon May 25 02:00:40 2026] POST /v2.0/vpn/ikepolicies => generated 402 bytes in 77 msecs (HTTP/1.1 201) 4 headers in 162 bytes (1 switches on core 0) [pid: 8|app: 0|req: 1290/2555] 10.0.0.7 () {34 vars in 685 bytes} [Mon May 25 02:00:40 2026] POST /v2.0/vpn/ipsecpolicies => generated 412 bytes in 72 msecs (HTTP/1.1 201) 4 headers in 162 bytes (1 switches on core 0) [pid: 8|app: 0|req: 1291/2556] 10.0.0.7 () {34 vars in 690 bytes} [Mon May 25 02:00:40 2026] POST /v2.0/vpn/endpoint-groups => generated 329 bytes in 138 msecs (HTTP/1.1 201) 4 headers in 162 bytes (1 switches on core 0) [pid: 8|app: 0|req: 1292/2557] 10.0.0.7 () {34 vars in 690 bytes} [Mon May 25 02:00:40 2026] POST /v2.0/vpn/endpoint-groups => generated 319 bytes in 89 msecs (HTTP/1.1 201) 4 headers in 162 bytes (1 switches on core 0)
2026-05-25 02:00:40.961 7 WARNING neutron.scheduler.dhcp_agent_scheduler [None req-ed21f848-9531-4574-b0f3-5890fba2b7c0 64ec77263b354abf81e717698381e17c 21161f8ccd244dafb56465a854be96b9 - - default default] No more DHCP agents
2026-05-25 02:00:40.963 7 WARNING neutron.api.rpc.agentnotifiers.dhcp_rpc_agent_api [None req-ed21f848-9531-4574-b0f3-5890fba2b7c0 64ec77263b354abf81e717698381e17c 21161f8ccd244dafb56465a854be96b9 - - default default] Unable to schedule network b60dd1b0-eff0-4694-9312-78706c48bdf7: no agents available; will retry on subsequent port and subnet creation events.
