2026-05-25 02:00:41.096 7 INFO neutron.db.ovn_revision_numbers_db [None req-ed21f848-9531-4574-b0f3-5890fba2b7c0 64ec77263b354abf81e717698381e17c 21161f8ccd244dafb56465a854be96b9 - - default default] Successfully bumped revision number for resource dbcb4fe1-ecfd-48a8-83c6-a183297dce3c (type: ports) to 1
2026-05-25 02:00:41.120 8 INFO neutron.plugins.ml2.drivers.ovn.mech_driver.mech_driver [None req-8af01a3a-58ff-4d03-9f51-12c2ee2a03b6 - - - - - -] OVN reports status down for port: dbcb4fe1-ecfd-48a8-83c6-a183297dce3c
2026-05-25 02:00:41.650 8 INFO neutron.db.ovn_revision_numbers_db [None req-ce6622f4-bf17-4ca3-a902-cda0ef1694f4 - - - - - -] Successfully bumped revision number for resource 6577db60-2d66-456b-899e-3dee174bda2f (type: ports) to 4
2026-05-25 02:00:41.715 8 INFO neutron.plugins.ml2.drivers.ovn.mech_driver.mech_driver [None req-8af01a3a-58ff-4d03-9f51-12c2ee2a03b6 - - - - - -] OVN reports status up for port: dbcb4fe1-ecfd-48a8-83c6-a183297dce3c
2026-05-25 02:00:41.769 8 INFO neutron.plugins.ml2.plugin [None req-8af01a3a-58ff-4d03-9f51-12c2ee2a03b6 - - - - - -] Attempt 1 to provision port dbcb4fe1-ecfd-48a8-83c6-a183297dce3c
2026-05-25 02:00:41.794 7 WARNING neutron.scheduler.dhcp_agent_scheduler [None req-ed21f848-9531-4574-b0f3-5890fba2b7c0 64ec77263b354abf81e717698381e17c 21161f8ccd244dafb56465a854be96b9 - - default default] No more DHCP agents
2026-05-25 02:00:41.795 7 WARNING neutron.api.rpc.agentnotifiers.dhcp_rpc_agent_api [None req-ed21f848-9531-4574-b0f3-5890fba2b7c0 64ec77263b354abf81e717698381e17c 21161f8ccd244dafb56465a854be96b9 - - default default] Unable to schedule network b60dd1b0-eff0-4694-9312-78706c48bdf7: no agents available; will retry on subsequent port and subnet creation events.
2026-05-25 02:00:42.203 7 INFO neutron.db.ovn_revision_numbers_db [None req-ed21f848-9531-4574-b0f3-5890fba2b7c0 64ec77263b354abf81e717698381e17c 21161f8ccd244dafb56465a854be96b9 - - default default] Successfully bumped revision number for resource dbcb4fe1-ecfd-48a8-83c6-a183297dce3c (type: router_ports) to 1 [pid: 7|app: 0|req: 1266/2558] 10.0.0.7 () {34 vars in 780 bytes} [Mon May 25 02:00:40 2026] PUT /v2.0/routers/6b07e788-e6e1-47d7-a0e9-1d7d2603ea6d/add_router_interface => generated 309 bytes in 1763 msecs (HTTP/1.1 200) 4 headers in 157 bytes (1 switches on core 0)
2026-05-25 02:00:42.918 8 INFO neutron.db.ovn_revision_numbers_db [None req-ce6622f4-bf17-4ca3-a902-cda0ef1694f4 - - - - - -] Successfully bumped revision number for resource 6577db60-2d66-456b-899e-3dee174bda2f (type: ports) to 5
2026-05-25 02:00:43.134 8 INFO neutron.db.ovn_revision_numbers_db [None req-8af01a3a-58ff-4d03-9f51-12c2ee2a03b6 - - - - - -] Successfully bumped revision number for resource dbcb4fe1-ecfd-48a8-83c6-a183297dce3c (type: ports) to 2
2026-05-25 02:00:43.215 8 INFO neutron.db.ovn_revision_numbers_db [None req-dcdc8e97-e00b-42f1-aaea-5310d8216f46 f91ed3b82e5c4c8bb7f6ac397348e649 a9e4bfb7c93e4f8a933e7fe3e7ebda9c - - default default] Successfully bumped revision number for resource c963133a-6027-448d-a957-4f4350187667 (type: routers) to 5
2026-05-25 02:00:43.220 7 WARNING neutron.plugins.ml2.drivers.ovn.mech_driver.ovsdb.ovn_client [None req-91ae1e50-cb5a-496e-9ad7-5dc50fa1d332 - - - - - -] No hosting information found for port d0cb47e0-733e-4225-824c-dcdb49a2a101: RuntimeError: No hosting information found for port d0cb47e0-733e-4225-824c-dcdb49a2a101 [pid: 8|app: 0|req: 1293/2559] 10.0.0.7 () {34 vars in 704 bytes} [Mon May 25 02:00:40 2026] POST /v2.0/vpn/ipsec-site-connections => generated 803 bytes in 2371 msecs (HTTP/1.1 201) 4 headers in 162 bytes (1 switches on core 0) [pid: 7|app: 0|req: 1267/2560] 10.0.0.7 () {34 vars in 690 bytes} [Mon May 25 02:00:43 2026] POST /v2.0/vpn/endpoint-groups => generated 289 bytes in 91 msecs (HTTP/1.1 201) 4 headers in 162 bytes (1 switches on core 0)
2026-05-25 02:00:43.372 7 INFO neutron.db.ovn_revision_numbers_db [None req-91ae1e50-cb5a-496e-9ad7-5dc50fa1d332 - - - - - -] Successfully bumped revision number for resource d0cb47e0-733e-4225-824c-dcdb49a2a101 (type: router_ports) to 2
2026-05-25 02:00:43.374 7 INFO neutron.plugins.ml2.drivers.ovn.mech_driver.mech_driver [None req-91ae1e50-cb5a-496e-9ad7-5dc50fa1d332 - - - - - -] OVN reports status down for port: fa5b0e7b-f66b-4e12-9e8f-d30301a985a0 [pid: 8|app: 0|req: 1294/2561] 10.0.0.7 () {32 vars in 745 bytes} [Mon May 25 02:00:43 2026] DELETE /v2.0/vpn/endpoint-groups/7f772ce6-e33e-4922-8715-a93a1a8c0014 => generated 0 bytes in 35 msecs (HTTP/1.1 204) 2 headers in 112 bytes (1 switches on core 0) [pid: 7|app: 0|req: 1268/2562] 10.0.0.7 () {32 vars in 668 bytes} [Mon May 25 02:00:43 2026] GET /v2.0/vpn/endpoint-groups => generated 633 bytes in 23 msecs (HTTP/1.1 200) 4 headers in 157 bytes (1 switches on core 0)
2026-05-25 02:00:43.450 7 INFO neutron.plugins.ml2.drivers.ovn.mech_driver.mech_driver [None req-91ae1e50-cb5a-496e-9ad7-5dc50fa1d332 - - - - - -] OVN reports status down for port: 15da865c-1f74-495f-95c5-0ad47aec153d [pid: 8|app: 0|req: 1295/2563] 10.0.0.7 () {32 vars in 668 bytes} [Mon May 25 02:00:43 2026] GET /v2.0/vpn/endpoint-groups => generated 633 bytes in 13 msecs (HTTP/1.1 200) 4 headers in 157 bytes (1 switches on core 0)
2026-05-25 02:00:43.533 7 WARNING neutron.plugins.ml2.drivers.ovn.mech_driver.ovsdb.ovn_client [None req-91ae1e50-cb5a-496e-9ad7-5dc50fa1d332 - - - - - -] Logical_Switch_Port 15da865c-1f74-495f-95c5-0ad47aec153d host information not removed, the port state is up
2026-05-25 02:00:43.534 7 INFO neutron.plugins.ml2.drivers.ovn.mech_driver.mech_driver [None req-91ae1e50-cb5a-496e-9ad7-5dc50fa1d332 - - - - - -] OVN reports status down for port: a2d071f3-20ef-4956-a8ac-59bca491733d
2026-05-25 02:00:43.593 7 INFO neutron.plugins.ml2.drivers.ovn.mech_driver.mech_driver [None req-91ae1e50-cb5a-496e-9ad7-5dc50fa1d332 - - - - - -] OVN reports status up for port: 15da865c-1f74-495f-95c5-0ad47aec153d
2026-05-25 02:00:43.602 7 INFO neutron.plugins.ml2.plugin [None req-91ae1e50-cb5a-496e-9ad7-5dc50fa1d332 - - - - - -] Attempt 1 to provision port 15da865c-1f74-495f-95c5-0ad47aec153d [pid: 8|app: 0|req: 1296/2564] 10.0.0.7 () {34 vars in 682 bytes} [Mon May 25 02:00:43 2026] POST /v2.0/vpn/ikepolicies => generated 402 bytes in 88 msecs (HTTP/1.1 201) 4 headers in 162 bytes (1 switches on core 0)
2026-05-25 02:00:43.933 7 INFO neutron.db.ovn_revision_numbers_db [None req-8abae36f-1a3a-4d2a-97e5-c3a10b259388 f1533b2f24d24c9396371e5ba37dfd82 b753e4ed870b4a2b9bd1efc98b2ba26a - - default default] Successfully bumped revision number for resource da1d2ceb-ebbd-4aa9-be3b-832447ec1e70 (type: security_groups) to 1 [pid: 8|app: 0|req: 1297/2565] 10.0.0.7 () {32 vars in 660 bytes} [Mon May 25 02:00:43 2026] GET /v2.0/vpn/ikepolicies => generated 795 bytes in 13 msecs (HTTP/1.1 200) 4 headers in 157 bytes (1 switches on core 0)
2026-05-25 02:00:43.956 7 INFO neutron.db.ovn_revision_numbers_db [None req-8abae36f-1a3a-4d2a-97e5-c3a10b259388 f1533b2f24d24c9396371e5ba37dfd82 b753e4ed870b4a2b9bd1efc98b2ba26a - - default default] Successfully bumped revision number for resource 4b530d60-871a-4d4d-bef5-2302f3122885 (type: security_group_rules) to 0 [pid: 8|app: 0|req: 1298/2566] 10.0.0.7 () {32 vars in 737 bytes} [Mon May 25 02:00:43 2026] DELETE /v2.0/vpn/ikepolicies/6acf7e09-005e-4fd4-b4e8-f3aa7bd3fded => generated 0 bytes in 30 msecs (HTTP/1.1 204) 2 headers in 112 bytes (1 switches on core 0)
2026-05-25 02:00:43.983 7 INFO neutron.db.ovn_revision_numbers_db [None req-8abae36f-1a3a-4d2a-97e5-c3a10b259388 f1533b2f24d24c9396371e5ba37dfd82 b753e4ed870b4a2b9bd1efc98b2ba26a - - default default] Successfully bumped revision number for resource 8c3b22c1-3c63-4315-a912-e96e267348a9 (type: security_group_rules) to 0
2026-05-25 02:00:44.012 7 INFO neutron.db.ovn_revision_numbers_db [None req-8abae36f-1a3a-4d2a-97e5-c3a10b259388 f1533b2f24d24c9396371e5ba37dfd82 b753e4ed870b4a2b9bd1efc98b2ba26a - - default default] Successfully bumped revision number for resource 8f32d35c-a7cb-4e5e-97d1-d18a07bd9ea3 (type: security_group_rules) to 0 [pid: 8|app: 0|req: 1299/2567] 10.0.0.7 () {34 vars in 686 bytes} [Mon May 25 02:00:43 2026] POST /v2.0/vpn/ipsecpolicies => generated 411 bytes in 33 msecs (HTTP/1.1 201) 4 headers in 162 bytes (1 switches on core 0) [pid: 8|app: 0|req: 1300/2568] 10.0.0.7 () {32 vars in 664 bytes} [Mon May 25 02:00:44 2026] GET /v2.0/vpn/ipsecpolicies => generated 812 bytes in 10 msecs (HTTP/1.1 200) 4 headers in 157 bytes (1 switches on core 0)
2026-05-25 02:00:44.035 7 INFO neutron.db.ovn_revision_numbers_db [None req-8abae36f-1a3a-4d2a-97e5-c3a10b259388 f1533b2f24d24c9396371e5ba37dfd82 b753e4ed870b4a2b9bd1efc98b2ba26a - - default default] Successfully bumped revision number for resource fa82ba92-8612-4f8b-ad48-2d30b8c121ce (type: security_group_rules) to 0 [pid: 8|app: 0|req: 1301/2569] 10.0.0.7 () {32 vars in 741 bytes} [Mon May 25 02:00:44 2026] DELETE /v2.0/vpn/ipsecpolicies/142d82db-131a-47c3-a99c-bd2ec2e16c23 => generated 0 bytes in 28 msecs (HTTP/1.1 204) 2 headers in 112 bytes (1 switches on core 0)
2026-05-25 02:00:44.161 8 INFO neutron.db.segments_db [None req-305a8a53-ef92-410b-b405-178d896fcd02 f91ed3b82e5c4c8bb7f6ac397348e649 a9e4bfb7c93e4f8a933e7fe3e7ebda9c - - default default] Added segment aebcb48c-d86a-4970-b1bf-1bba52311024 of type geneve for network 6b2a6ea7-1f7d-49b8-af3d-2ae6851947f8
2026-05-25 02:00:44.172 7 INFO neutron.db.segments_db [None req-8abae36f-1a3a-4d2a-97e5-c3a10b259388 f1533b2f24d24c9396371e5ba37dfd82 b753e4ed870b4a2b9bd1efc98b2ba26a - - default default] Added segment 45cf300c-f899-4fab-badb-606a802bdda8 of type geneve for network 375f3549-06fd-4844-934a-b36a416e85be
2026-05-25 02:00:44.240 7 INFO neutron.db.ovn_revision_numbers_db [None req-91ae1e50-cb5a-496e-9ad7-5dc50fa1d332 - - - - - -] Successfully bumped revision number for resource 15da865c-1f74-495f-95c5-0ad47aec153d (type: ports) to 2
2026-05-25 02:00:44.298 8 INFO neutron.db.ovn_revision_numbers_db [None req-305a8a53-ef92-410b-b405-178d896fcd02 f91ed3b82e5c4c8bb7f6ac397348e649 a9e4bfb7c93e4f8a933e7fe3e7ebda9c - - default default] Successfully bumped revision number for resource 6b2a6ea7-1f7d-49b8-af3d-2ae6851947f8 (type: networks) to 1
2026-05-25 02:00:44.374 7 INFO neutron.db.ovn_revision_numbers_db [None req-8abae36f-1a3a-4d2a-97e5-c3a10b259388 f1533b2f24d24c9396371e5ba37dfd82 b753e4ed870b4a2b9bd1efc98b2ba26a - - default default] Successfully bumped revision number for resource 375f3549-06fd-4844-934a-b36a416e85be (type: networks) to 1
2026-05-25 02:00:44.466 8 WARNING neutron.scheduler.dhcp_agent_scheduler [None req-305a8a53-ef92-410b-b405-178d896fcd02 f91ed3b82e5c4c8bb7f6ac397348e649 a9e4bfb7c93e4f8a933e7fe3e7ebda9c - - default default] No more DHCP agents
2026-05-25 02:00:44.467 8 WARNING neutron.api.rpc.agentnotifiers.dhcp_rpc_agent_api [None req-305a8a53-ef92-410b-b405-178d896fcd02 f91ed3b82e5c4c8bb7f6ac397348e649 a9e4bfb7c93e4f8a933e7fe3e7ebda9c - - default default] Unable to schedule network 6b2a6ea7-1f7d-49b8-af3d-2ae6851947f8: no agents available; will retry on subsequent port and subnet creation events.
2026-05-25 02:00:44.566 8 INFO neutron.db.ovn_revision_numbers_db [None req-305a8a53-ef92-410b-b405-178d896fcd02 f91ed3b82e5c4c8bb7f6ac397348e649 a9e4bfb7c93e4f8a933e7fe3e7ebda9c - - default default] Successfully bumped revision number for resource 8de4f549-173c-4bf6-b39c-a483c4b48183 (type: ports) to 1 [pid: 8|app: 0|req: 1302/2570] 10.0.0.7 () {34 vars in 667 bytes} [Mon May 25 02:00:44 2026] POST /v2.0/networks => generated 670 bytes in 521 msecs (HTTP/1.1 201) 4 headers in 162 bytes (1 switches on core 0)
2026-05-25 02:00:44.602 7 WARNING neutron.scheduler.dhcp_agent_scheduler [None req-8abae36f-1a3a-4d2a-97e5-c3a10b259388 f1533b2f24d24c9396371e5ba37dfd82 b753e4ed870b4a2b9bd1efc98b2ba26a - - default default] No more DHCP agents
2026-05-25 02:00:44.603 7 WARNING neutron.api.rpc.agentnotifiers.dhcp_rpc_agent_api [None req-8abae36f-1a3a-4d2a-97e5-c3a10b259388 f1533b2f24d24c9396371e5ba37dfd82 b753e4ed870b4a2b9bd1efc98b2ba26a - - default default] Unable to schedule network 375f3549-06fd-4844-934a-b36a416e85be: no agents available; will retry on subsequent port and subnet creation events.
2026-05-25 02:00:44.726 7 INFO neutron.db.ovn_revision_numbers_db [None req-8abae36f-1a3a-4d2a-97e5-c3a10b259388 f1533b2f24d24c9396371e5ba37dfd82 b753e4ed870b4a2b9bd1efc98b2ba26a - - default default] Successfully bumped revision number for resource e2bc725a-961b-41fc-bff4-53b82a44ef45 (type: ports) to 1 [pid: 7|app: 0|req: 1269/2571] 10.0.0.7 () {34 vars in 667 bytes} [Mon May 25 02:00:43 2026] POST /v2.0/networks => generated 670 bytes in 1201 msecs (HTTP/1.1 201) 4 headers in 162 bytes (1 switches on core 0)
2026-05-25 02:00:44.794 8 WARNING neutron.scheduler.dhcp_agent_scheduler [None req-775b4fec-8d77-44bc-958a-ef16e40f0021 f91ed3b82e5c4c8bb7f6ac397348e649 a9e4bfb7c93e4f8a933e7fe3e7ebda9c - - default default] No more DHCP agents
2026-05-25 02:00:44.795 8 WARNING neutron.api.rpc.agentnotifiers.dhcp_rpc_agent_api [None req-775b4fec-8d77-44bc-958a-ef16e40f0021 f91ed3b82e5c4c8bb7f6ac397348e649 a9e4bfb7c93e4f8a933e7fe3e7ebda9c - - default default] Unable to schedule network 6b2a6ea7-1f7d-49b8-af3d-2ae6851947f8: no agents available; will retry on subsequent port and subnet creation events.
2026-05-25 02:00:44.978 7 WARNING neutron.scheduler.dhcp_agent_scheduler [None req-9244fc0b-3694-4b57-a925-05abd039fb00 f1533b2f24d24c9396371e5ba37dfd82 b753e4ed870b4a2b9bd1efc98b2ba26a - - default default] No more DHCP agents
2026-05-25 02:00:44.980 7 WARNING neutron.api.rpc.agentnotifiers.dhcp_rpc_agent_api [None req-9244fc0b-3694-4b57-a925-05abd039fb00 f1533b2f24d24c9396371e5ba37dfd82 b753e4ed870b4a2b9bd1efc98b2ba26a - - default default] Unable to schedule network 375f3549-06fd-4844-934a-b36a416e85be: no agents available; will retry on subsequent port and subnet creation events.
2026-05-25 02:00:45.093 7 INFO neutron.db.ovn_revision_numbers_db [None req-9244fc0b-3694-4b57-a925-05abd039fb00 f1533b2f24d24c9396371e5ba37dfd82 b753e4ed870b4a2b9bd1efc98b2ba26a - - default default] Successfully bumped revision number for resource 44704682-3a17-4c80-b122-70ff90cc3cc3 (type: ports) to 1 [pid: 7|app: 0|req: 1270/2572] 10.0.0.7 () {34 vars in 661 bytes} [Mon May 25 02:00:44 2026] POST /v2.0/ports => generated 743 bytes in 394 msecs (HTTP/1.1 201) 4 headers in 162 bytes (1 switches on core 0) /var/lib/openstack/lib/python3.12/site-packages/pycadf/identifier.py:70: UserWarning: Invalid uuid: neutron. To ensure interoperability, identifiers should be a valid uuid. warnings.warn(('Invalid uuid: %s. To ensure interoperability, '
2026-05-25 02:00:45.255 8 INFO neutron.db.ovn_revision_numbers_db [None req-177c2159-85e2-4b77-8e9a-28c33563e906 - - - - - -] Successfully bumped revision number for resource 8de4f549-173c-4bf6-b39c-a483c4b48183 (type: ports) to 2
2026-05-25 02:00:45.283 8 INFO neutron.db.ovn_revision_numbers_db [None req-177c2159-85e2-4b77-8e9a-28c33563e906 - - - - - -] Successfully bumped revision number for resource a9a421ea-a67b-43ff-809b-6111a3ed9b6d (type: subnets) to 0 [pid: 8|app: 0|req: 1303/2573] 10.0.0.7 () {34 vars in 666 bytes} [Mon May 25 02:00:44 2026] POST /v2.0/subnets => generated 629 bytes in 699 msecs (HTTP/1.1 201) 4 headers in 162 bytes (1 switches on core 0) [pid: 7|app: 0|req: 1271/2574] 10.0.0.7 () {34 vars in 663 bytes} [Mon May 25 02:00:45 2026] POST /v2.0/trunks => generated 409 bytes in 244 msecs (HTTP/1.1 201) 4 headers in 162 bytes (1 switches on core 0) [pid: 7|app: 0|req: 1272/2575] 10.0.0.7 () {34 vars in 746 bytes} [Mon May 25 02:00:45 2026] PUT /v2.0/trunks/0b4ec14b-ffdc-4e45-a16d-df5947e5589d/tags => generated 25 bytes in 41 msecs (HTTP/1.1 200) 4 headers in 156 bytes (1 switches on core 0) [pid: 7|app: 0|req: 1273/2576] 10.0.0.7 () {32 vars in 726 bytes} [Mon May 25 02:00:45 2026] GET /v2.0/trunks/0b4ec14b-ffdc-4e45-a16d-df5947e5589d/tags => generated 25 bytes in 22 msecs (HTTP/1.1 200) 4 headers in 156 bytes (1 switches on core 0) [pid: 7|app: 0|req: 1274/2577] 10.0.0.7 () {34 vars in 757 bytes} [Mon May 25 02:00:45 2026] PUT /v2.0/trunks/0b4ec14b-ffdc-4e45-a16d-df5947e5589d/tags/green => generated 4 bytes in 37 msecs (HTTP/1.1 201) 4 headers in 160 bytes (1 switches on core 0) [pid: 7|app: 0|req: 1275/2578] 10.0.0.7 () {32 vars in 726 bytes} [Mon May 25 02:00:45 2026] GET /v2.0/trunks/0b4ec14b-ffdc-4e45-a16d-df5947e5589d/tags => generated 34 bytes in 17 msecs (HTTP/1.1 200) 4 headers in 156 bytes (1 switches on core 0) [pid: 7|app: 0|req: 1276/2579] 10.0.0.7 () {34 vars in 753 bytes} [Mon May 25 02:00:45 2026] PUT /v2.0/trunks/0b4ec14b-ffdc-4e45-a16d-df5947e5589d/tags/red => generated 4 bytes in 24 msecs (HTTP/1.1 201) 4 headers in 160 bytes (1 switches on core 0) [pid: 7|app: 0|req: 1277/2580] 10.0.0.7 () {32 vars in 726 bytes} [Mon May 25 02:00:45 2026] GET /v2.0/trunks/0b4ec14b-ffdc-4e45-a16d-df5947e5589d/tags => generated 34 bytes in 19 msecs (HTTP/1.1 200) 4 headers in 156 bytes (1 switches on core 0) [pid: 7|app: 0|req: 1278/2581] 10.0.0.7 () {34 vars in 775 bytes} [Mon May 25 02:00:45 2026] PUT /v2.0/trunks/0b4ec14b-ffdc-4e45-a16d-df5947e5589d/tags/black.or.white => generated 4 bytes in 38 msecs (HTTP/1.1 201) 4 headers in 160 bytes (1 switches on core 0) [pid: 7|app: 0|req: 1279/2582] 10.0.0.7 () {32 vars in 726 bytes} [Mon May 25 02:00:45 2026] GET /v2.0/trunks/0b4ec14b-ffdc-4e45-a16d-df5947e5589d/tags => generated 52 bytes in 24 msecs (HTTP/1.1 200) 4 headers in 156 bytes (1 switches on core 0) [pid: 7|app: 0|req: 1280/2583] 10.0.0.7 () {34 vars in 746 bytes} [Mon May 25 02:00:45 2026] PUT /v2.0/trunks/0b4ec14b-ffdc-4e45-a16d-df5947e5589d/tags => generated 37 bytes in 39 msecs (HTTP/1.1 200) 4 headers in 156 bytes (1 switches on core 0)
2026-05-25 02:00:45.713 8 WARNING neutron.scheduler.dhcp_agent_scheduler [None req-a81d82b2-0ef1-4df3-b9b9-2e8df97d06b4 f91ed3b82e5c4c8bb7f6ac397348e649 a9e4bfb7c93e4f8a933e7fe3e7ebda9c - - default default] No more DHCP agents
2026-05-25 02:00:45.714 8 WARNING neutron.api.rpc.agentnotifiers.dhcp_rpc_agent_api [None req-a81d82b2-0ef1-4df3-b9b9-2e8df97d06b4 f91ed3b82e5c4c8bb7f6ac397348e649 a9e4bfb7c93e4f8a933e7fe3e7ebda9c - - default default] Unable to schedule network 8cf2577f-b85c-4638-bb04-b238ae721dbd: no agents available; will retry on subsequent port and subnet creation events. [pid: 7|app: 0|req: 1281/2584] 10.0.0.7 () {32 vars in 726 bytes} [Mon May 25 02:00:45 2026] GET /v2.0/trunks/0b4ec14b-ffdc-4e45-a16d-df5947e5589d/tags => generated 37 bytes in 23 msecs (HTTP/1.1 200) 4 headers in 156 bytes (1 switches on core 0) [pid: 7|app: 0|req: 1282/2585] 10.0.0.7 () {32 vars in 734 bytes} [Mon May 25 02:00:45 2026] GET /v2.0/trunks/0b4ec14b-ffdc-4e45-a16d-df5947e5589d/tags/red => generated 0 bytes in 22 msecs (HTTP/1.1 204) 2 headers in 112 bytes (1 switches on core 0)
2026-05-25 02:00:45.788 7 INFO neutron.api.v2.resource [None req-62224a2f-1d47-44f0-8f21-c3c0fd78690f f1533b2f24d24c9396371e5ba37dfd82 b753e4ed870b4a2b9bd1efc98b2ba26a - - default default] show failed (client error): The resource could not be found. [pid: 7|app: 0|req: 1283/2586] 10.0.0.7 () {32 vars in 738 bytes} [Mon May 25 02:00:45 2026] GET /v2.0/trunks/0b4ec14b-ffdc-4e45-a16d-df5947e5589d/tags/green => generated 99 bytes in 26 msecs (HTTP/1.1 404) 4 headers in 163 bytes (1 switches on core 0)
2026-05-25 02:00:45.840 8 INFO neutron.db.ovn_revision_numbers_db [None req-a81d82b2-0ef1-4df3-b9b9-2e8df97d06b4 f91ed3b82e5c4c8bb7f6ac397348e649 a9e4bfb7c93e4f8a933e7fe3e7ebda9c - - default default] Successfully bumped revision number for resource a531f98b-264e-4d99-853e-a2bb8371b61e (type: ports) to 1 [pid: 7|app: 0|req: 1284/2587] 10.0.0.7 () {32 vars in 737 bytes} [Mon May 25 02:00:45 2026] DELETE /v2.0/trunks/0b4ec14b-ffdc-4e45-a16d-df5947e5589d/tags/red => generated 0 bytes in 88 msecs (HTTP/1.1 204) 2 headers in 112 bytes (1 switches on core 0) [pid: 7|app: 0|req: 1285/2588] 10.0.0.7 () {32 vars in 726 bytes} [Mon May 25 02:00:45 2026] GET /v2.0/trunks/0b4ec14b-ffdc-4e45-a16d-df5947e5589d/tags => generated 30 bytes in 20 msecs (HTTP/1.1 200) 4 headers in 156 bytes (1 switches on core 0)
2026-05-25 02:00:45.944 7 INFO neutron.api.v2.resource [None req-0a4f6c96-c2b1-4f0d-a1fd-4e4384926068 f1533b2f24d24c9396371e5ba37dfd82 b753e4ed870b4a2b9bd1efc98b2ba26a - - default default] delete failed (client error): The resource could not be found. [pid: 7|app: 0|req: 1286/2589] 10.0.0.7 () {32 vars in 741 bytes} [Mon May 25 02:00:45 2026] DELETE /v2.0/trunks/0b4ec14b-ffdc-4e45-a16d-df5947e5589d/tags/green => generated 99 bytes in 30 msecs (HTTP/1.1 404) 4 headers in 163 bytes (1 switches on core 0) [pid: 7|app: 0|req: 1287/2590] 10.0.0.7 () {32 vars in 729 bytes} [Mon May 25 02:00:45 2026] DELETE /v2.0/trunks/0b4ec14b-ffdc-4e45-a16d-df5947e5589d/tags => generated 0 bytes in 36 msecs (HTTP/1.1 204) 2 headers in 112 bytes (1 switches on core 0) [pid: 7|app: 0|req: 1288/2591] 10.0.0.7 () {32 vars in 726 bytes} [Mon May 25 02:00:45 2026] GET /v2.0/trunks/0b4ec14b-ffdc-4e45-a16d-df5947e5589d/tags => generated 12 bytes in 19 msecs (HTTP/1.1 200) 4 headers in 156 bytes (1 switches on core 0) [pid: 7|app: 0|req: 1289/2592] 10.0.0.7 () {32 vars in 716 bytes} [Mon May 25 02:00:46 2026] GET /v2.0/trunks/0b4ec14b-ffdc-4e45-a16d-df5947e5589d => generated 409 bytes in 14 msecs (HTTP/1.1 200) 4 headers in 157 bytes (1 switches on core 0) [pid: 7|app: 0|req: 1290/2593] 10.0.0.7 () {32 vars in 714 bytes} [Mon May 25 02:00:46 2026] GET /v2.0/ports/44704682-3a17-4c80-b122-70ff90cc3cc3 => generated 826 bytes in 97 msecs (HTTP/1.1 200) 4 headers in 157 bytes (1 switches on core 0) [pid: 7|app: 0|req: 1291/2594] 10.0.0.7 () {32 vars in 719 bytes} [Mon May 25 02:00:46 2026] DELETE /v2.0/trunks/0b4ec14b-ffdc-4e45-a16d-df5947e5589d => generated 0 bytes in 71 msecs (HTTP/1.1 204) 2 headers in 112 bytes (1 switches on core 0)
2026-05-25 02:00:46.357 7 INFO neutron_taas.services.taas.taas_plugin [None req-1ebf389b-72dc-482c-bab2-a0081ed91f7e f1533b2f24d24c9396371e5ba37dfd82 b753e4ed870b4a2b9bd1efc98b2ba26a - - default default] TaaS: Handle Delete Port: 44704682-3a17-4c80-b122-70ff90cc3cc3
2026-05-25 02:00:46.360 7 INFO neutron_taas.services.taas.tap_mirror_plugin [None req-1ebf389b-72dc-482c-bab2-a0081ed91f7e f1533b2f24d24c9396371e5ba37dfd82 b753e4ed870b4a2b9bd1efc98b2ba26a - - default default] Tap Mirror: Handle Delete Port: 44704682-3a17-4c80-b122-70ff90cc3cc3
2026-05-25 02:00:46.491 8 INFO neutron.plugins.ml2.drivers.ovn.mech_driver.ovsdb.commands [None req-7d4a54a9-6bc1-4ab5-8f62-aa454332bdf3 - - - - - -] Schedule LRP lrp-a531f98b-264e-4d99-853e-a2bb8371b61e on gateway 8ed15042-9ff5-4ec1-be8f-d6880e8c5fb7 with priority 1
2026-05-25 02:00:46.548 8 INFO neutron.db.ovn_revision_numbers_db [None req-a81d82b2-0ef1-4df3-b9b9-2e8df97d06b4 f91ed3b82e5c4c8bb7f6ac397348e649 a9e4bfb7c93e4f8a933e7fe3e7ebda9c - - default default] Successfully bumped revision number for resource a531f98b-264e-4d99-853e-a2bb8371b61e (type: router_ports) to 1 [pid: 7|app: 0|req: 1292/2595] 10.0.0.7 () {32 vars in 717 bytes} [Mon May 25 02:00:46 2026] DELETE /v2.0/ports/44704682-3a17-4c80-b122-70ff90cc3cc3 => generated 0 bytes in 345 msecs (HTTP/1.1 204) 3 headers in 131 bytes (1 switches on core 0)
2026-05-25 02:00:46.632 8 INFO neutron.db.ovn_revision_numbers_db [None req-a81d82b2-0ef1-4df3-b9b9-2e8df97d06b4 f91ed3b82e5c4c8bb7f6ac397348e649 a9e4bfb7c93e4f8a933e7fe3e7ebda9c - - default default] Successfully bumped revision number for resource 15016d8b-24e7-4756-9a00-68108a1b99a1 (type: routers) to 2 [pid: 8|app: 0|req: 1304/2596] 10.0.0.7 () {34 vars in 666 bytes} [Mon May 25 02:00:45 2026] POST /v2.0/routers => generated 937 bytes in 1347 msecs (HTTP/1.1 201) 4 headers in 162 bytes (1 switches on core 0)
2026-05-25 02:00:46.688 7 INFO neutron_taas.services.taas.taas_plugin [None req-3bd19fdc-3b0f-42e5-84fd-96557b6586b8 f1533b2f24d24c9396371e5ba37dfd82 b753e4ed870b4a2b9bd1efc98b2ba26a - - default default] TaaS: Handle Delete Port: e2bc725a-961b-41fc-bff4-53b82a44ef45
2026-05-25 02:00:46.691 7 INFO neutron_taas.services.taas.tap_mirror_plugin [None req-3bd19fdc-3b0f-42e5-84fd-96557b6586b8 f1533b2f24d24c9396371e5ba37dfd82 b753e4ed870b4a2b9bd1efc98b2ba26a - - default default] Tap Mirror: Handle Delete Port: e2bc725a-961b-41fc-bff4-53b82a44ef45 [pid: 8|app: 0|req: 1305/2597] 10.0.0.253 () {34 vars in 981 bytes} [Mon May 25 02:00:46 2026] GET /v2.0/networks?id=b60dd1b0-eff0-4694-9312-78706c48bdf7 => generated 710 bytes in 52 msecs (HTTP/1.1 200) 4 headers in 157 bytes (1 switches on core 0)
2026-05-25 02:00:46.887 7 INFO neutron.services.segments.plugin [-] Segment 45cf300c-f899-4fab-badb-606a802bdda8 resource provider aggregate not found
2026-05-25 02:00:46.893 7 INFO neutron.services.segments.plugin [-] Segment 45cf300c-f899-4fab-badb-606a802bdda8 resource provider aggregate not found
2026-05-25 02:00:46.912 7 INFO neutron.services.segments.plugin [-] Segment 45cf300c-f899-4fab-badb-606a802bdda8 resource provider not found; error: Placement Client Error (4xx): {"errors": [{"status": 404, "title": "Not Found", "detail": "The resource could not be found.\n\n No resource provider with uuid 45cf300c-f899-4fab-badb-606a802bdda8 found for delete ", "request_id": "req-c204eeed-b8cc-49ec-ab7e-746a5b8cac6f"}]}
2026-05-25 02:00:46.913 7 INFO neutron.services.segments.plugin [-] Segment 45cf300c-f899-4fab-badb-606a802bdda8 resource provider not found; error: Placement Client Error (4xx): {"errors": [{"status": 404, "title": "Not Found", "detail": "The resource could not be found.\n\n No resource provider with uuid 45cf300c-f899-4fab-badb-606a802bdda8 found for delete ", "request_id": "req-a4a87081-2401-453f-ac91-2c4a2bc468fc"}]} [pid: 7|app: 0|req: 1293/2598] 10.0.0.7 () {32 vars in 723 bytes} [Mon May 25 02:00:46 2026] DELETE /v2.0/networks/375f3549-06fd-4844-934a-b36a416e85be => generated 0 bytes in 364 msecs (HTTP/1.1 204) 3 headers in 131 bytes (1 switches on core 0) [pid: 7|app: 0|req: 1294/2599] 10.0.0.253 () {34 vars in 964 bytes} [Mon May 25 02:00:46 2026] GET /v2.0/quotas/01b2ea45a31f45fba0b735bc02b1d009 => generated 292 bytes in 8 msecs (HTTP/1.1 200) 4 headers in 157 bytes (1 switches on core 0) [pid: 7|app: 0|req: 1295/2600] 10.0.0.253 () {34 vars in 1001 bytes} [Mon May 25 02:00:46 2026] GET /v2.0/ports?tenant_id=01b2ea45a31f45fba0b735bc02b1d009&fields=id => generated 103 bytes in 93 msecs (HTTP/1.1 200) 4 headers in 157 bytes (1 switches on core 0) [pid: 7|app: 0|req: 1296/2601] 10.0.0.253 () {34 vars in 1007 bytes} [Mon May 25 02:00:47 2026] GET /v2.0/networks/b60dd1b0-eff0-4694-9312-78706c48bdf7?fields=segments => generated 14 bytes in 39 msecs (HTTP/1.1 200) 4 headers in 156 bytes (1 switches on core 0) [pid: 7|app: 0|req: 1297/2602] 10.0.0.253 () {34 vars in 1107 bytes} [Mon May 25 02:00:47 2026] GET /v2.0/networks/b60dd1b0-eff0-4694-9312-78706c48bdf7?fields=provider%3Aphysical_network&fields=provider%3Anetwork_type => generated 79 bytes in 38 msecs (HTTP/1.1 200) 4 headers in 156 bytes (1 switches on core 0)
2026-05-25 02:00:47.237 8 WARNING neutron.scheduler.dhcp_agent_scheduler [None req-0d7aea0d-df4a-420e-a591-2c75770d1b3e f91ed3b82e5c4c8bb7f6ac397348e649 a9e4bfb7c93e4f8a933e7fe3e7ebda9c - - default default] No more DHCP agents
2026-05-25 02:00:47.245 8 WARNING neutron.api.rpc.agentnotifiers.dhcp_rpc_agent_api [None req-0d7aea0d-df4a-420e-a591-2c75770d1b3e f91ed3b82e5c4c8bb7f6ac397348e649 a9e4bfb7c93e4f8a933e7fe3e7ebda9c - - default default] Unable to schedule network 6b2a6ea7-1f7d-49b8-af3d-2ae6851947f8: no agents available; will retry on subsequent port and subnet creation events. [pid: 7|app: 0|req: 1298/2603] 10.0.0.253 () {34 vars in 989 bytes} [Mon May 25 02:00:47 2026] GET /v2.0/ports?device_id=d9276f80-a0f7-4760-8de6-3e8d02ba6172 => generated 12 bytes in 21 msecs (HTTP/1.1 200) 4 headers in 156 bytes (1 switches on core 0)
2026-05-25 02:00:47.388 8 INFO neutron.db.ovn_revision_numbers_db [None req-0d7aea0d-df4a-420e-a591-2c75770d1b3e f91ed3b82e5c4c8bb7f6ac397348e649 a9e4bfb7c93e4f8a933e7fe3e7ebda9c - - default default] Successfully bumped revision number for resource e9861371-5ea1-40d2-b97c-44a4a1e003a5 (type: ports) to 1
2026-05-25 02:00:47.626 8 WARNING neutron.plugins.ml2.drivers.ovn.mech_driver.ovsdb.ovn_client [None req-00d845f7-1aa2-45d2-87d5-88dc3612cab7 - - - - - -] No hosting information found for port dbcb4fe1-ecfd-48a8-83c6-a183297dce3c: RuntimeError: No hosting information found for port dbcb4fe1-ecfd-48a8-83c6-a183297dce3c [pid: 7|app: 0|req: 1299/2604] 10.0.0.7 () {32 vars in 771 bytes} [Mon May 25 02:00:47 2026] GET /v2.0/security-groups?tenant_id=b753e4ed870b4a2b9bd1efc98b2ba26a&name=default => generated 2929 bytes in 129 msecs (HTTP/1.1 200) 4 headers in 158 bytes (1 switches on core 0)
2026-05-25 02:00:47.887 8 INFO neutron.db.ovn_revision_numbers_db [None req-00d845f7-1aa2-45d2-87d5-88dc3612cab7 - - - - - -] Successfully bumped revision number for resource dbcb4fe1-ecfd-48a8-83c6-a183297dce3c (type: router_ports) to 2
2026-05-25 02:00:48.014 8 INFO neutron.plugins.ml2.drivers.ovn.mech_driver.mech_driver [None req-00d845f7-1aa2-45d2-87d5-88dc3612cab7 - - - - - -] OVN reports status down for port: 8de4f549-173c-4bf6-b39c-a483c4b48183 [pid: 7|app: 0|req: 1300/2605] 10.0.0.7 () {32 vars in 737 bytes} [Mon May 25 02:00:47 2026] DELETE /v2.0/security-groups/da1d2ceb-ebbd-4aa9-be3b-832447ec1e70 => generated 0 bytes in 259 msecs (HTTP/1.1 204) 2 headers in 112 bytes (1 switches on core 0)
2026-05-25 02:00:48.391 7 INFO neutron.db.ovn_revision_numbers_db [None req-95f573c8-00e4-456e-a0f3-7eba74ed89d3 64ec77263b354abf81e717698381e17c 21161f8ccd244dafb56465a854be96b9 - - default default] Successfully bumped revision number for resource aaaa617f-b94f-45b0-87ff-aedca7aa548e (type: security_groups) to 1
2026-05-25 02:00:48.404 7 INFO neutron.db.ovn_revision_numbers_db [None req-95f573c8-00e4-456e-a0f3-7eba74ed89d3 64ec77263b354abf81e717698381e17c 21161f8ccd244dafb56465a854be96b9 - - default default] Successfully bumped revision number for resource 4936a8bb-1153-4a7d-b2be-342ebe047e50 (type: security_group_rules) to 0
2026-05-25 02:00:48.413 7 INFO neutron.db.ovn_revision_numbers_db [None req-95f573c8-00e4-456e-a0f3-7eba74ed89d3 64ec77263b354abf81e717698381e17c 21161f8ccd244dafb56465a854be96b9 - - default default] Successfully bumped revision number for resource 6f0bc630-005c-47c1-bf25-ece5d1969870 (type: security_group_rules) to 0
2026-05-25 02:00:48.431 7 INFO neutron.db.ovn_revision_numbers_db [None req-95f573c8-00e4-456e-a0f3-7eba74ed89d3 64ec77263b354abf81e717698381e17c 21161f8ccd244dafb56465a854be96b9 - - default default] Successfully bumped revision number for resource dcc02b37-7260-4367-beb1-df7c549f1f6e (type: security_group_rules) to 0
2026-05-25 02:00:48.447 7 INFO neutron.db.ovn_revision_numbers_db [None req-95f573c8-00e4-456e-a0f3-7eba74ed89d3 64ec77263b354abf81e717698381e17c 21161f8ccd244dafb56465a854be96b9 - - default default] Successfully bumped revision number for resource f580bf4b-0808-4f4b-b0aa-949260c3054f (type: security_group_rules) to 0 [pid: 7|app: 0|req: 1301/2606] 10.0.0.7 () {32 vars in 771 bytes} [Mon May 25 02:00:48 2026] GET /v2.0/security-groups?tenant_id=da7e4d84876b43d2989c5dfad4f510b8&name=default => generated 2929 bytes in 310 msecs (HTTP/1.1 200) 4 headers in 158 bytes (1 switches on core 0) [pid: 7|app: 0|req: 1302/2607] 10.0.0.253 () {34 vars in 989 bytes} [Mon May 25 02:00:48 2026] GET /v2.0/ports?device_id=d9276f80-a0f7-4760-8de6-3e8d02ba6172 => generated 12 bytes in 22 msecs (HTTP/1.1 200) 4 headers in 156 bytes (1 switches on core 0)
2026-05-25 02:00:48.607 8 WARNING neutron.scheduler.dhcp_agent_scheduler [None req-0d7aea0d-df4a-420e-a591-2c75770d1b3e f91ed3b82e5c4c8bb7f6ac397348e649 a9e4bfb7c93e4f8a933e7fe3e7ebda9c - - default default] No more DHCP agents
2026-05-25 02:00:48.609 8 WARNING neutron.api.rpc.agentnotifiers.dhcp_rpc_agent_api [None req-0d7aea0d-df4a-420e-a591-2c75770d1b3e f91ed3b82e5c4c8bb7f6ac397348e649 a9e4bfb7c93e4f8a933e7fe3e7ebda9c - - default default] Unable to schedule network 6b2a6ea7-1f7d-49b8-af3d-2ae6851947f8: no agents available; will retry on subsequent port and subnet creation events. [pid: 7|app: 0|req: 1303/2608] 10.0.0.7 () {32 vars in 737 bytes} [Mon May 25 02:00:48 2026] DELETE /v2.0/security-groups/aaaa617f-b94f-45b0-87ff-aedca7aa548e => generated 0 bytes in 267 msecs (HTTP/1.1 204) 2 headers in 112 bytes (1 switches on core 0)
2026-05-25 02:00:49.002 8 INFO neutron.db.ovn_revision_numbers_db [None req-0d7aea0d-df4a-420e-a591-2c75770d1b3e f91ed3b82e5c4c8bb7f6ac397348e649 a9e4bfb7c93e4f8a933e7fe3e7ebda9c - - default default] Successfully bumped revision number for resource e9861371-5ea1-40d2-b97c-44a4a1e003a5 (type: router_ports) to 1 [pid: 8|app: 0|req: 1306/2609] 10.0.0.7 () {34 vars in 780 bytes} [Mon May 25 02:00:46 2026] PUT /v2.0/routers/15016d8b-24e7-4756-9a00-68108a1b99a1/add_router_interface => generated 309 bytes in 2309 msecs (HTTP/1.1 200) 4 headers in 157 bytes (1 switches on core 0) [pid: 8|app: 0|req: 1307/2610] 10.0.0.253 () {34 vars in 989 bytes} [Mon May 25 02:00:49 2026] GET /v2.0/ports?device_id=d9276f80-a0f7-4760-8de6-3e8d02ba6172 => generated 12 bytes in 25 msecs (HTTP/1.1 200) 4 headers in 156 bytes (1 switches on core 0)
2026-05-25 02:00:49.698 7 WARNING neutron.scheduler.dhcp_agent_scheduler [None req-a44b3d7b-692e-4d84-aea4-12ab620287f8 - - - - - -] No more DHCP agents
2026-05-25 02:00:49.700 7 WARNING neutron.api.rpc.agentnotifiers.dhcp_rpc_agent_api [None req-a44b3d7b-692e-4d84-aea4-12ab620287f8 - - - - - -] Unable to schedule network 8cf2577f-b85c-4638-bb04-b238ae721dbd: no agents available; will retry on subsequent port and subnet creation events.
2026-05-25 02:00:49.857 7 INFO neutron.db.ovn_revision_numbers_db [None req-a44b3d7b-692e-4d84-aea4-12ab620287f8 - - - - - -] Successfully bumped revision number for resource f51ae6f4-2491-4b3c-8328-a9e756b90b44 (type: ports) to 1
2026-05-25 02:00:50.122 7 WARNING neutron.plugins.ml2.drivers.ovn.mech_driver.ovsdb.ovn_client [None req-142e4302-a66d-4bc0-a6e0-042def5bf67c - - - - - -] No hosting information found for port 15da865c-1f74-495f-95c5-0ad47aec153d: RuntimeError: No hosting information found for port 15da865c-1f74-495f-95c5-0ad47aec153d
2026-05-25 02:00:50.154 7 INFO neutron.db.ovn_revision_numbers_db [None req-a44b3d7b-692e-4d84-aea4-12ab620287f8 - - - - - -] Successfully bumped revision number for resource f51ae6f4-2491-4b3c-8328-a9e756b90b44 (type: ports) to 3
2026-05-25 02:00:50.242 7 INFO neutron.db.ovn_revision_numbers_db [None req-142e4302-a66d-4bc0-a6e0-042def5bf67c - - - - - -] Successfully bumped revision number for resource 15da865c-1f74-495f-95c5-0ad47aec153d (type: router_ports) to 2
2026-05-25 02:00:50.243 7 INFO neutron.plugins.ml2.drivers.ovn.mech_driver.mech_driver [None req-142e4302-a66d-4bc0-a6e0-042def5bf67c - - - - - -] OVN reports status down for port: 4a64928a-48ee-489a-aa06-52d746891620
2026-05-25 02:00:50.264 7 INFO neutron.db.segments_db [None req-a44b3d7b-692e-4d84-aea4-12ab620287f8 - - - - - -] Added segment 5dcbb725-1f1c-433b-92d6-68717e6f45ee of type geneve for network 15457109-e060-4284-b18d-aa29fa1e06f1
2026-05-25 02:00:50.335 7 WARNING neutron.plugins.ml2.drivers.ovn.mech_driver.ovsdb.ovn_client [None req-142e4302-a66d-4bc0-a6e0-042def5bf67c - - - - - -] Logical_Switch_Port 4a64928a-48ee-489a-aa06-52d746891620 host information not removed, the port state is up
2026-05-25 02:00:50.419 7 INFO neutron.plugins.ml2.drivers.ovn.mech_driver.mech_driver [None req-142e4302-a66d-4bc0-a6e0-042def5bf67c - - - - - -] OVN reports status down for port: 6577db60-2d66-456b-899e-3dee174bda2f
2026-05-25 02:00:50.460 7 INFO neutron.db.ovn_revision_numbers_db [None req-cadea1e1-85fa-4d42-8c80-ab3ea0d80339 - - - - - -] Successfully bumped revision number for resource 15457109-e060-4284-b18d-aa29fa1e06f1 (type: networks) to 1 [pid: 8|app: 0|req: 1308/2611] 10.0.0.253 () {34 vars in 989 bytes} [Mon May 25 02:00:50 2026] GET /v2.0/ports?device_id=d9276f80-a0f7-4760-8de6-3e8d02ba6172 => generated 12 bytes in 18 msecs (HTTP/1.1 200) 4 headers in 156 bytes (1 switches on core 0)
2026-05-25 02:00:50.760 7 WARNING neutron.scheduler.dhcp_agent_scheduler [None req-cadea1e1-85fa-4d42-8c80-ab3ea0d80339 - - - - - -] No more DHCP agents
2026-05-25 02:00:50.767 7 WARNING neutron.api.rpc.agentnotifiers.dhcp_rpc_agent_api [None req-cadea1e1-85fa-4d42-8c80-ab3ea0d80339 - - - - - -] Unable to schedule network 15457109-e060-4284-b18d-aa29fa1e06f1: no agents available; will retry on subsequent port and subnet creation events.
2026-05-25 02:00:50.984 7 INFO neutron.db.ovn_revision_numbers_db [None req-cadea1e1-85fa-4d42-8c80-ab3ea0d80339 - - - - - -] Successfully bumped revision number for resource 09d2fc80-e706-425d-a789-0ab1626c2b46 (type: ports) to 1
2026-05-25 02:00:51.097 7 INFO neutron.db.ovn_revision_numbers_db [None req-142e4302-a66d-4bc0-a6e0-042def5bf67c - - - - - -] Successfully bumped revision number for resource 6577db60-2d66-456b-899e-3dee174bda2f (type: ports) to 6
2026-05-25 02:00:51.257 7 WARNING neutron.scheduler.dhcp_agent_scheduler [None req-cadea1e1-85fa-4d42-8c80-ab3ea0d80339 - - - - - -] No more DHCP agents
2026-05-25 02:00:51.258 7 WARNING neutron.plugins.ml2.drivers.ovn.mech_driver.ovsdb.ovn_client [None req-4ad33370-86ad-4f35-a1a6-9c27993f23f6 - - - - - -] Logical_Switch_Port 6577db60-2d66-456b-899e-3dee174bda2f host information not removed, the port state is up
2026-05-25 02:00:51.259 7 INFO neutron.plugins.ml2.drivers.ovn.mech_driver.mech_driver [None req-4ad33370-86ad-4f35-a1a6-9c27993f23f6 - - - - - -] OVN reports status up for port: 6577db60-2d66-456b-899e-3dee174bda2f
2026-05-25 02:00:51.260 7 WARNING neutron.api.rpc.agentnotifiers.dhcp_rpc_agent_api [None req-cadea1e1-85fa-4d42-8c80-ab3ea0d80339 - - - - - -] Unable to schedule network 15457109-e060-4284-b18d-aa29fa1e06f1: no agents available; will retry on subsequent port and subnet creation events.
2026-05-25 02:00:51.286 7 INFO neutron.plugins.ml2.plugin [None req-4ad33370-86ad-4f35-a1a6-9c27993f23f6 - - - - - -] Attempt 1 to provision port 6577db60-2d66-456b-899e-3dee174bda2f
2026-05-25 02:00:51.288 7 INFO neutron.db.ovn_revision_numbers_db [None req-cadea1e1-85fa-4d42-8c80-ab3ea0d80339 - - - - - -] Successfully bumped revision number for resource eadf13d4-bcf0-40b2-a0db-f87c7771f3e5 (type: subnets) to 0 [pid: 8|app: 0|req: 1311/2614] 199.204.45.162 () {34 vars in 985 bytes} [Mon May 25 02:00:51 2026] GET /v2.0/networks?id=b60dd1b0-eff0-4694-9312-78706c48bdf7 => generated 710 bytes in 57 msecs (HTTP/1.1 200) 4 headers in 157 bytes (1 switches on core 0)
2026-05-25 02:00:51.916 7 INFO neutron.db.ovn_revision_numbers_db [None req-4ad33370-86ad-4f35-a1a6-9c27993f23f6 - - - - - -] Successfully bumped revision number for resource 6577db60-2d66-456b-899e-3dee174bda2f (type: ports) to 7
2026-05-25 02:00:51.918 8 WARNING neutron.scheduler.dhcp_agent_scheduler [req-2a462052-b697-4950-9858-b366526b8610 req-27700cfb-6110-4a1a-a9ab-28666e9fd096 706fadc8438c41fb946581abcb0d7b2e 01b2ea45a31f45fba0b735bc02b1d009 - - default default] No more DHCP agents
2026-05-25 02:00:51.920 8 WARNING neutron.api.rpc.agentnotifiers.dhcp_rpc_agent_api [req-2a462052-b697-4950-9858-b366526b8610 req-27700cfb-6110-4a1a-a9ab-28666e9fd096 706fadc8438c41fb946581abcb0d7b2e 01b2ea45a31f45fba0b735bc02b1d009 - - default default] Unable to schedule network b60dd1b0-eff0-4694-9312-78706c48bdf7: no agents available; will retry on subsequent port and subnet creation events.
2026-05-25 02:00:51.979 7 WARNING neutron.scheduler.dhcp_agent_scheduler [None req-cadea1e1-85fa-4d42-8c80-ab3ea0d80339 - - - - - -] No more DHCP agents
2026-05-25 02:00:51.981 7 WARNING neutron.api.rpc.agentnotifiers.dhcp_rpc_agent_api [None req-cadea1e1-85fa-4d42-8c80-ab3ea0d80339 - - - - - -] Unable to schedule network 15457109-e060-4284-b18d-aa29fa1e06f1: no agents available; will retry on subsequent port and subnet creation events.
2026-05-25 02:00:52.061 8 INFO neutron.db.ovn_revision_numbers_db [req-2a462052-b697-4950-9858-b366526b8610 req-27700cfb-6110-4a1a-a9ab-28666e9fd096 706fadc8438c41fb946581abcb0d7b2e 01b2ea45a31f45fba0b735bc02b1d009 - - default default] Successfully bumped revision number for resource 2d29cf76-9141-4679-ab5f-aa056fbbbb2b (type: ports) to 1 [pid: 8|app: 0|req: 1312/2615] 199.204.45.162 () {38 vars in 954 bytes} [Mon May 25 02:00:51 2026] POST /v2.0/ports => generated 954 bytes in 479 msecs (HTTP/1.1 201) 4 headers in 162 bytes (1 switches on core 0) /var/lib/openstack/lib/python3.12/site-packages/pycadf/identifier.py:70: UserWarning: Invalid uuid: neutron. To ensure interoperability, identifiers should be a valid uuid. warnings.warn(('Invalid uuid: %s. To ensure interoperability, ' [pid: 8|app: 0|req: 1313/2616] 10.0.0.253 () {34 vars in 989 bytes} [Mon May 25 02:00:52 2026] GET /v2.0/ports?device_id=d9276f80-a0f7-4760-8de6-3e8d02ba6172 => generated 957 bytes in 40 msecs (HTTP/1.1 200) 4 headers in 157 bytes (1 switches on core 0)
2026-05-25 02:00:52.189 8 INFO neutron.plugins.ml2.drivers.ovn.mech_driver.mech_driver [None req-00d845f7-1aa2-45d2-87d5-88dc3612cab7 - - - - - -] OVN reports status down for port: 1d2e1cb9-b0a3-41ea-823b-735d65541882
2026-05-25 02:00:52.199 7 INFO neutron.plugins.ml2.drivers.ovn.mech_driver.mech_driver [None req-7b3d29f1-7ed0-4123-bf24-58ce56572c65 - - - - - -] OVN reports status down for port: e2bc725a-961b-41fc-bff4-53b82a44ef45
2026-05-25 02:00:52.211 7 INFO neutron.plugins.ml2.drivers.ovn.mech_driver.mech_driver [None req-7b3d29f1-7ed0-4123-bf24-58ce56572c65 - - - - - -] OVN reports status down for port: 44704682-3a17-4c80-b122-70ff90cc3cc3
2026-05-25 02:00:52.226 7 INFO neutron.plugins.ml2.drivers.ovn.mech_driver.mech_driver [None req-7b3d29f1-7ed0-4123-bf24-58ce56572c65 - - - - - -] OVN reports status down for port: a531f98b-264e-4d99-853e-a2bb8371b61e
2026-05-25 02:00:52.233 7 INFO neutron.db.ovn_revision_numbers_db [None req-cadea1e1-85fa-4d42-8c80-ab3ea0d80339 - - - - - -] Successfully bumped revision number for resource 1d2e1cb9-b0a3-41ea-823b-735d65541882 (type: ports) to 1
2026-05-25 02:00:52.298 7 WARNING neutron.plugins.ml2.drivers.ovn.mech_driver.ovsdb.ovn_client [None req-7b3d29f1-7ed0-4123-bf24-58ce56572c65 - - - - - -] Logical_Switch_Port a531f98b-264e-4d99-853e-a2bb8371b61e host information not removed, the port state is up
2026-05-25 02:00:52.299 7 INFO neutron.plugins.ml2.drivers.ovn.mech_driver.mech_driver [None req-7b3d29f1-7ed0-4123-bf24-58ce56572c65 - - - - - -] OVN reports status up for port: a531f98b-264e-4d99-853e-a2bb8371b61e
2026-05-25 02:00:52.318 7 INFO neutron.plugins.ml2.plugin [None req-7b3d29f1-7ed0-4123-bf24-58ce56572c65 - - - - - -] Attempt 1 to provision port a531f98b-264e-4d99-853e-a2bb8371b61e
2026-05-25 02:00:52.474 8 INFO neutron.db.ovn_revision_numbers_db [None req-11524de6-1848-45fa-9669-39676aa3b0fc 73df78485edb456cb344b5483d1171f8 b90582b73f3f420fa9dc2e37f12477c2 - - default default] Successfully bumped revision number for resource 5cfe80e1-89bf-4b6a-aa5a-4dce608b176d (type: security_groups) to 1
2026-05-25 02:00:52.485 8 INFO neutron.db.ovn_revision_numbers_db [None req-11524de6-1848-45fa-9669-39676aa3b0fc 73df78485edb456cb344b5483d1171f8 b90582b73f3f420fa9dc2e37f12477c2 - - default default] Successfully bumped revision number for resource 09dd5cef-fddd-43b4-9f0e-e0b7462b2f0d (type: security_group_rules) to 0
2026-05-25 02:00:52.496 8 INFO neutron.db.ovn_revision_numbers_db [None req-11524de6-1848-45fa-9669-39676aa3b0fc 73df78485edb456cb344b5483d1171f8 b90582b73f3f420fa9dc2e37f12477c2 - - default default] Successfully bumped revision number for resource 3b0b308e-bfb2-482b-aee9-124d6b2c20cb (type: security_group_rules) to 0
2026-05-25 02:00:52.508 8 INFO neutron.db.ovn_revision_numbers_db [None req-11524de6-1848-45fa-9669-39676aa3b0fc 73df78485edb456cb344b5483d1171f8 b90582b73f3f420fa9dc2e37f12477c2 - - default default] Successfully bumped revision number for resource 6fe8c2a0-d862-4168-8b4f-10bd819e8527 (type: security_group_rules) to 0
2026-05-25 02:00:52.520 8 INFO neutron.db.ovn_revision_numbers_db [None req-11524de6-1848-45fa-9669-39676aa3b0fc 73df78485edb456cb344b5483d1171f8 b90582b73f3f420fa9dc2e37f12477c2 - - default default] Successfully bumped revision number for resource 9a081add-6f0e-4cbc-b3f0-d004a33833f9 (type: security_group_rules) to 0
2026-05-25 02:00:52.582 8 INFO neutron.db.segments_db [None req-11524de6-1848-45fa-9669-39676aa3b0fc 73df78485edb456cb344b5483d1171f8 b90582b73f3f420fa9dc2e37f12477c2 - - default default] Added segment 6acd5649-acff-48ee-aa31-9dd7a6592425 of type geneve for network 4a72da40-30d8-42be-9423-580d1fe5bdc0
2026-05-25 02:00:52.694 8 INFO neutron.db.ovn_revision_numbers_db [None req-11524de6-1848-45fa-9669-39676aa3b0fc 73df78485edb456cb344b5483d1171f8 b90582b73f3f420fa9dc2e37f12477c2 - - default default] Successfully bumped revision number for resource 4a72da40-30d8-42be-9423-580d1fe5bdc0 (type: networks) to 1
2026-05-25 02:00:52.871 8 INFO neutron.plugins.ml2.drivers.ovn.mech_driver.mech_driver [None req-00d845f7-1aa2-45d2-87d5-88dc3612cab7 - - - - - -] OVN reports status up for port: 1d2e1cb9-b0a3-41ea-823b-735d65541882
2026-05-25 02:00:52.893 8 INFO neutron.plugins.ml2.plugin [None req-00d845f7-1aa2-45d2-87d5-88dc3612cab7 - - - - - -] Attempt 1 to provision port 1d2e1cb9-b0a3-41ea-823b-735d65541882
2026-05-25 02:00:52.926 8 WARNING neutron.scheduler.dhcp_agent_scheduler [None req-11524de6-1848-45fa-9669-39676aa3b0fc 73df78485edb456cb344b5483d1171f8 b90582b73f3f420fa9dc2e37f12477c2 - - default default] No more DHCP agents
2026-05-25 02:00:52.929 8 WARNING neutron.api.rpc.agentnotifiers.dhcp_rpc_agent_api [None req-11524de6-1848-45fa-9669-39676aa3b0fc 73df78485edb456cb344b5483d1171f8 b90582b73f3f420fa9dc2e37f12477c2 - - default default] Unable to schedule network 4a72da40-30d8-42be-9423-580d1fe5bdc0: no agents available; will retry on subsequent port and subnet creation events.
2026-05-25 02:00:52.940 7 WARNING neutron.scheduler.dhcp_agent_scheduler [None req-cadea1e1-85fa-4d42-8c80-ab3ea0d80339 - - - - - -] No more DHCP agents
2026-05-25 02:00:52.941 7 WARNING neutron.api.rpc.agentnotifiers.dhcp_rpc_agent_api [None req-cadea1e1-85fa-4d42-8c80-ab3ea0d80339 - - - - - -] Unable to schedule network 15457109-e060-4284-b18d-aa29fa1e06f1: no agents available; will retry on subsequent port and subnet creation events.
2026-05-25 02:00:53.154 8 INFO neutron.db.ovn_revision_numbers_db [None req-11524de6-1848-45fa-9669-39676aa3b0fc 73df78485edb456cb344b5483d1171f8 b90582b73f3f420fa9dc2e37f12477c2 - - default default] Successfully bumped revision number for resource 6bc2a346-c9a0-4845-8be1-f5f76fb48f72 (type: ports) to 1 [pid: 8|app: 0|req: 1314/2617] 10.0.0.7 () {34 vars in 667 bytes} [Mon May 25 02:00:52 2026] POST /v2.0/networks => generated 669 bytes in 1047 msecs (HTTP/1.1 201) 4 headers in 162 bytes (1 switches on core 0)
2026-05-25 02:00:53.422 7 INFO neutron.db.ovn_revision_numbers_db [None req-cadea1e1-85fa-4d42-8c80-ab3ea0d80339 - - - - - -] Successfully bumped revision number for resource 1d2e1cb9-b0a3-41ea-823b-735d65541882 (type: router_ports) to 1
2026-05-25 02:00:53.637 7 WARNING neutron.scheduler.dhcp_agent_scheduler [None req-cadea1e1-85fa-4d42-8c80-ab3ea0d80339 - - - - - -] No more DHCP agents
2026-05-25 02:00:53.638 7 WARNING neutron.api.rpc.agentnotifiers.dhcp_rpc_agent_api [None req-cadea1e1-85fa-4d42-8c80-ab3ea0d80339 - - - - - -] Unable to schedule network 15457109-e060-4284-b18d-aa29fa1e06f1: no agents available; will retry on subsequent port and subnet creation events.
2026-05-25 02:00:53.775 7 INFO neutron.db.ovn_revision_numbers_db [None req-cadea1e1-85fa-4d42-8c80-ab3ea0d80339 - - - - - -] Successfully bumped revision number for resource 15fcfb45-e093-430d-8124-93b2505c3b2d (type: ports) to 1
2026-05-25 02:00:53.803 8 INFO neutron.db.ovn_revision_numbers_db [None req-00d845f7-1aa2-45d2-87d5-88dc3612cab7 - - - - - -] Successfully bumped revision number for resource 1d2e1cb9-b0a3-41ea-823b-735d65541882 (type: ports) to 2
2026-05-25 02:00:54.009 8 INFO neutron.db.ovn_revision_numbers_db [req-2a462052-b697-4950-9858-b366526b8610 req-4a28277d-ffa1-4350-8629-1f610016aec7 4886e5c0655d43af829596580b9f3b2f 63df6f440156461b93a50798b45e25d8 - - 26c625d17db04d308362348eb6750eab 26c625d17db04d308362348eb6750eab] Successfully bumped revision number for resource 2d29cf76-9141-4679-ab5f-aa056fbbbb2b (type: ports) to 2
2026-05-25 02:00:54.063 7 INFO neutron.db.ovn_revision_numbers_db [None req-cadea1e1-85fa-4d42-8c80-ab3ea0d80339 - - - - - -] Successfully bumped revision number for resource 15fcfb45-e093-430d-8124-93b2505c3b2d (type: ports) to 3
2026-05-25 02:00:54.264 8 INFO neutron.db.ovn_revision_numbers_db [req-2a462052-b697-4950-9858-b366526b8610 req-4a28277d-ffa1-4350-8629-1f610016aec7 4886e5c0655d43af829596580b9f3b2f 63df6f440156461b93a50798b45e25d8 - - 26c625d17db04d308362348eb6750eab 26c625d17db04d308362348eb6750eab] Successfully bumped revision number for resource 2d29cf76-9141-4679-ab5f-aa056fbbbb2b (type: ports) to 4 [pid: 8|app: 0|req: 1315/2618] 199.204.45.162 () {38 vars in 1027 bytes} [Mon May 25 02:00:53 2026] PUT /v2.0/ports/2d29cf76-9141-4679-ab5f-aa056fbbbb2b => generated 1204 bytes in 1087 msecs (HTTP/1.1 200) 4 headers in 158 bytes (1 switches on core 0) [pid: 7|app: 0|req: 1304/2619] 10.0.0.7 () {34 vars in 682 bytes} [Mon May 25 02:00:49 2026] POST /v2.0/vpn/vpnservices => generated 457 bytes in 5280 msecs (HTTP/1.1 201) 4 headers in 162 bytes (1 switches on core 0) /var/lib/openstack/lib/python3.12/site-packages/pycadf/identifier.py:70: UserWarning: Invalid uuid: neutron. To ensure interoperability, identifiers should be a valid uuid. warnings.warn(('Invalid uuid: %s. To ensure interoperability, '
