2026-05-25 02:01:04.462 7 INFO neutron.db.ovn_revision_numbers_db [None req-403f63f7-932a-432c-a25b-8b752e236e11 - - - - - -] Successfully bumped revision number for resource 2d29cf76-9141-4679-ab5f-aa056fbbbb2b (type: ports) to 5 /var/lib/openstack/lib/python3.12/site-packages/pycadf/identifier.py:70: UserWarning: Invalid uuid: neutron. To ensure interoperability, identifiers should be a valid uuid. warnings.warn(('Invalid uuid: %s. To ensure interoperability, ' [pid: 7|app: 0|req: 1366/2723] 10.0.0.253 () {34 vars in 989 bytes} [Mon May 25 02:01:04 2026] GET /v2.0/ports?device_id=d9276f80-a0f7-4760-8de6-3e8d02ba6172 => generated 971 bytes in 69 msecs (HTTP/1.1 200) 4 headers in 157 bytes (1 switches on core 0) [pid: 7|app: 0|req: 1367/2724] 10.0.0.253 () {34 vars in 1039 bytes} [Mon May 25 02:01:04 2026] GET /v2.0/security-groups?id=0321071b-63eb-43f0-9e55-a5ec0369051a&fields=id&fields=name => generated 88 bytes in 29 msecs (HTTP/1.1 200) 4 headers in 156 bytes (1 switches on core 0)
2026-05-25 02:01:04.701 8 INFO neutron.plugins.ml2.drivers.ovn.mech_driver.ovsdb.commands [None req-7d4a54a9-6bc1-4ab5-8f62-aa454332bdf3 - - - - - -] Schedule LRP lrp-34813107-6871-40af-89af-9a832b197c9e on gateway 8ed15042-9ff5-4ec1-be8f-d6880e8c5fb7 with priority 1
2026-05-25 02:01:04.743 8 INFO neutron.plugins.ml2.drivers.ovn.mech_driver.mech_driver [None req-3c10fc37-722a-4a10-b319-5ebc042cb97c - - - - - -] OVN reports status up for port: 34813107-6871-40af-89af-9a832b197c9e
2026-05-25 02:01:04.771 8 INFO neutron.plugins.ml2.plugin [None req-3c10fc37-722a-4a10-b319-5ebc042cb97c - - - - - -] Attempt 1 to provision port 34813107-6871-40af-89af-9a832b197c9e
2026-05-25 02:01:04.794 8 INFO neutron.db.ovn_revision_numbers_db [None req-174701af-df7c-43e4-89fc-cb17d7ff2a8b f91ed3b82e5c4c8bb7f6ac397348e649 a9e4bfb7c93e4f8a933e7fe3e7ebda9c - - default default] Successfully bumped revision number for resource 34813107-6871-40af-89af-9a832b197c9e (type: router_ports) to 1
2026-05-25 02:01:04.908 8 INFO neutron.db.ovn_revision_numbers_db [None req-174701af-df7c-43e4-89fc-cb17d7ff2a8b f91ed3b82e5c4c8bb7f6ac397348e649 a9e4bfb7c93e4f8a933e7fe3e7ebda9c - - default default] Successfully bumped revision number for resource eec4c68c-f67a-4d38-8f83-037c97059543 (type: routers) to 2 [pid: 8|app: 0|req: 1358/2725] 10.0.0.7 () {34 vars in 666 bytes} [Mon May 25 02:01:03 2026] POST /v2.0/routers => generated 937 bytes in 1484 msecs (HTTP/1.1 201) 4 headers in 162 bytes (1 switches on core 0)
2026-05-25 02:01:05.400 7 WARNING neutron.scheduler.dhcp_agent_scheduler [None req-5ea9bbca-0f62-4bf1-b427-87bb8dff2931 f91ed3b82e5c4c8bb7f6ac397348e649 a9e4bfb7c93e4f8a933e7fe3e7ebda9c - - default default] No more DHCP agents
2026-05-25 02:01:05.402 7 WARNING neutron.api.rpc.agentnotifiers.dhcp_rpc_agent_api [None req-5ea9bbca-0f62-4bf1-b427-87bb8dff2931 f91ed3b82e5c4c8bb7f6ac397348e649 a9e4bfb7c93e4f8a933e7fe3e7ebda9c - - default default] Unable to schedule network 0fd10b6b-9b5c-438b-a5cc-1928ed6a4cb3: no agents available; will retry on subsequent port and subnet creation events.
2026-05-25 02:01:05.503 7 INFO neutron.plugins.ml2.drivers.ovn.mech_driver.mech_driver [None req-8ebc11ee-83e5-4919-8902-febb88a285f5 - - - - - -] OVN reports status down for port: 066c1a8e-a8b6-49a2-be91-1d67177fd6e9
2026-05-25 02:01:05.559 7 INFO neutron.db.ovn_revision_numbers_db [None req-5ea9bbca-0f62-4bf1-b427-87bb8dff2931 f91ed3b82e5c4c8bb7f6ac397348e649 a9e4bfb7c93e4f8a933e7fe3e7ebda9c - - default default] Successfully bumped revision number for resource 066c1a8e-a8b6-49a2-be91-1d67177fd6e9 (type: ports) to 1 [pid: 8|app: 0|req: 1359/2726] 10.0.0.253 () {34 vars in 989 bytes} [Mon May 25 02:01:05 2026] GET /v2.0/ports?device_id=d9276f80-a0f7-4760-8de6-3e8d02ba6172 => generated 971 bytes in 39 msecs (HTTP/1.1 200) 4 headers in 157 bytes (1 switches on core 0) [pid: 8|app: 0|req: 1360/2727] 10.0.0.253 () {34 vars in 1039 bytes} [Mon May 25 02:01:05 2026] GET /v2.0/security-groups?id=0321071b-63eb-43f0-9e55-a5ec0369051a&fields=id&fields=name => generated 88 bytes in 28 msecs (HTTP/1.1 200) 4 headers in 156 bytes (1 switches on core 0)
2026-05-25 02:01:06.229 7 INFO neutron.notifiers.nova [-] Nova event matching ['req-8bbe2713-e224-4a73-a92a-682bb533017c'] response: {'server_uuid': 'd9276f80-a0f7-4760-8de6-3e8d02ba6172', 'name': 'network-vif-plugged', 'status': 'completed', 'tag': '2d29cf76-9141-4679-ab5f-aa056fbbbb2b', 'code': 200}
2026-05-25 02:01:06.229 7 INFO neutron.notifiers.nova [-] Nova event matching ['req-8bbe2713-e224-4a73-a92a-682bb533017c'] response: {'server_uuid': 'd9276f80-a0f7-4760-8de6-3e8d02ba6172', 'name': 'network-vif-plugged', 'status': 'completed', 'tag': '2d29cf76-9141-4679-ab5f-aa056fbbbb2b', 'code': 200}
2026-05-25 02:01:06.280 7 INFO neutron.plugins.ml2.drivers.ovn.mech_driver.mech_driver [None req-8ebc11ee-83e5-4919-8902-febb88a285f5 - - - - - -] OVN reports status up for port: 066c1a8e-a8b6-49a2-be91-1d67177fd6e9
2026-05-25 02:01:06.306 7 INFO neutron.plugins.ml2.plugin [None req-8ebc11ee-83e5-4919-8902-febb88a285f5 - - - - - -] Attempt 1 to provision port 066c1a8e-a8b6-49a2-be91-1d67177fd6e9
2026-05-25 02:01:06.429 7 WARNING neutron.scheduler.dhcp_agent_scheduler [None req-5ea9bbca-0f62-4bf1-b427-87bb8dff2931 f91ed3b82e5c4c8bb7f6ac397348e649 a9e4bfb7c93e4f8a933e7fe3e7ebda9c - - default default] No more DHCP agents
2026-05-25 02:01:06.431 7 WARNING neutron.api.rpc.agentnotifiers.dhcp_rpc_agent_api [None req-5ea9bbca-0f62-4bf1-b427-87bb8dff2931 f91ed3b82e5c4c8bb7f6ac397348e649 a9e4bfb7c93e4f8a933e7fe3e7ebda9c - - default default] Unable to schedule network 0fd10b6b-9b5c-438b-a5cc-1928ed6a4cb3: no agents available; will retry on subsequent port and subnet creation events. [pid: 8|app: 0|req: 1363/2730] 10.0.0.253 () {34 vars in 989 bytes} [Mon May 25 02:01:06 2026] GET /v2.0/ports?device_id=d9276f80-a0f7-4760-8de6-3e8d02ba6172 => generated 971 bytes in 42 msecs (HTTP/1.1 200) 4 headers in 157 bytes (1 switches on core 0) [pid: 8|app: 0|req: 1364/2731] 10.0.0.253 () {34 vars in 1039 bytes} [Mon May 25 02:01:06 2026] GET /v2.0/security-groups?id=0321071b-63eb-43f0-9e55-a5ec0369051a&fields=id&fields=name => generated 88 bytes in 35 msecs (HTTP/1.1 200) 4 headers in 156 bytes (1 switches on core 0)
2026-05-25 02:01:06.968 7 INFO neutron.db.ovn_revision_numbers_db [None req-8ebc11ee-83e5-4919-8902-febb88a285f5 - - - - - -] Successfully bumped revision number for resource 066c1a8e-a8b6-49a2-be91-1d67177fd6e9 (type: ports) to 2
2026-05-25 02:01:07.135 7 INFO neutron.db.ovn_revision_numbers_db [None req-5ea9bbca-0f62-4bf1-b427-87bb8dff2931 f91ed3b82e5c4c8bb7f6ac397348e649 a9e4bfb7c93e4f8a933e7fe3e7ebda9c - - default default] Successfully bumped revision number for resource 066c1a8e-a8b6-49a2-be91-1d67177fd6e9 (type: router_ports) to 1 [pid: 7|app: 0|req: 1368/2732] 10.0.0.7 () {34 vars in 780 bytes} [Mon May 25 02:01:04 2026] PUT /v2.0/routers/eec4c68c-f67a-4d38-8f83-037c97059543/add_router_interface => generated 309 bytes in 2209 msecs (HTTP/1.1 200) 4 headers in 157 bytes (1 switches on core 0)
2026-05-25 02:01:07.688 7 INFO neutron.db.ovn_revision_numbers_db [None req-2bc63976-17e7-4c1a-ba26-0b285eb25d1e 3dae488ac13b4a1e88183d46d34043f7 8fc6363604004f6c9f50baee84423a8d - - default default] Successfully bumped revision number for resource 9e97b7e0-dc31-4f4b-8000-58698a673def (type: security_groups) to 1
2026-05-25 02:01:07.716 7 INFO neutron.db.ovn_revision_numbers_db [None req-2bc63976-17e7-4c1a-ba26-0b285eb25d1e 3dae488ac13b4a1e88183d46d34043f7 8fc6363604004f6c9f50baee84423a8d - - default default] Successfully bumped revision number for resource 496a23bb-a5a3-477c-b3d2-1be4731f106f (type: security_group_rules) to 0
2026-05-25 02:01:07.735 7 INFO neutron.db.ovn_revision_numbers_db [None req-2bc63976-17e7-4c1a-ba26-0b285eb25d1e 3dae488ac13b4a1e88183d46d34043f7 8fc6363604004f6c9f50baee84423a8d - - default default] Successfully bumped revision number for resource 5f7a5be9-26aa-4899-91cc-ee56850396f9 (type: security_group_rules) to 0
2026-05-25 02:01:07.748 7 INFO neutron.db.ovn_revision_numbers_db [None req-2bc63976-17e7-4c1a-ba26-0b285eb25d1e 3dae488ac13b4a1e88183d46d34043f7 8fc6363604004f6c9f50baee84423a8d - - default default] Successfully bumped revision number for resource 86d8bd4a-b5c5-4165-8789-9f0a302cd4d2 (type: security_group_rules) to 0
2026-05-25 02:01:07.749 8 WARNING neutron.scheduler.dhcp_agent_scheduler [None req-091d6269-5d39-442b-867e-3765088669e6 - - - - - -] No more DHCP agents
2026-05-25 02:01:07.750 8 WARNING neutron.api.rpc.agentnotifiers.dhcp_rpc_agent_api [None req-091d6269-5d39-442b-867e-3765088669e6 - - - - - -] Unable to schedule network 8cf2577f-b85c-4638-bb04-b238ae721dbd: no agents available; will retry on subsequent port and subnet creation events.
2026-05-25 02:01:07.760 7 INFO neutron.db.ovn_revision_numbers_db [None req-2bc63976-17e7-4c1a-ba26-0b285eb25d1e 3dae488ac13b4a1e88183d46d34043f7 8fc6363604004f6c9f50baee84423a8d - - default default] Successfully bumped revision number for resource c0596122-ee51-4776-884b-714995c73d7d (type: security_group_rules) to 0
2026-05-25 02:01:07.841 7 INFO neutron.db.segments_db [None req-2bc63976-17e7-4c1a-ba26-0b285eb25d1e 3dae488ac13b4a1e88183d46d34043f7 8fc6363604004f6c9f50baee84423a8d - - default default] Added segment afab7e36-1a30-4607-8db0-f8e205d81a8a of type geneve for network 0f1c4fda-3df7-4c84-8d94-4685ca7850be
2026-05-25 02:01:07.938 8 INFO neutron.db.ovn_revision_numbers_db [None req-091d6269-5d39-442b-867e-3765088669e6 - - - - - -] Successfully bumped revision number for resource f6eccf26-5202-4c71-ba5d-0d8d254568a3 (type: ports) to 1
2026-05-25 02:01:07.997 7 INFO neutron.db.ovn_revision_numbers_db [None req-2bc63976-17e7-4c1a-ba26-0b285eb25d1e 3dae488ac13b4a1e88183d46d34043f7 8fc6363604004f6c9f50baee84423a8d - - default default] Successfully bumped revision number for resource 0f1c4fda-3df7-4c84-8d94-4685ca7850be (type: networks) to 1
2026-05-25 02:01:08.203 7 WARNING neutron.scheduler.dhcp_agent_scheduler [None req-2bc63976-17e7-4c1a-ba26-0b285eb25d1e 3dae488ac13b4a1e88183d46d34043f7 8fc6363604004f6c9f50baee84423a8d - - default default] No more DHCP agents
2026-05-25 02:01:08.204 7 WARNING neutron.api.rpc.agentnotifiers.dhcp_rpc_agent_api [None req-2bc63976-17e7-4c1a-ba26-0b285eb25d1e 3dae488ac13b4a1e88183d46d34043f7 8fc6363604004f6c9f50baee84423a8d - - default default] Unable to schedule network 0f1c4fda-3df7-4c84-8d94-4685ca7850be: no agents available; will retry on subsequent port and subnet creation events.
2026-05-25 02:01:08.215 8 INFO neutron.db.ovn_revision_numbers_db [None req-091d6269-5d39-442b-867e-3765088669e6 - - - - - -] Successfully bumped revision number for resource f6eccf26-5202-4c71-ba5d-0d8d254568a3 (type: ports) to 3
2026-05-25 02:01:08.282 8 INFO neutron.db.segments_db [None req-091d6269-5d39-442b-867e-3765088669e6 - - - - - -] Added segment 8ced194b-13f8-4249-bc82-c890e22a8ccd of type geneve for network ee4566d2-08e0-4bac-a78c-4f2884bef036
2026-05-25 02:01:08.307 7 INFO neutron.db.ovn_revision_numbers_db [None req-2bc63976-17e7-4c1a-ba26-0b285eb25d1e 3dae488ac13b4a1e88183d46d34043f7 8fc6363604004f6c9f50baee84423a8d - - default default] Successfully bumped revision number for resource 1ad657da-9f7a-489c-8065-5dfeacf7ed76 (type: ports) to 1 [pid: 7|app: 0|req: 1369/2733] 10.0.0.7 () {34 vars in 667 bytes} [Mon May 25 02:01:07 2026] POST /v2.0/networks => generated 678 bytes in 989 msecs (HTTP/1.1 201) 4 headers in 162 bytes (1 switches on core 0)
2026-05-25 02:01:08.402 8 INFO neutron.db.ovn_revision_numbers_db [None req-95ee06c6-2499-451d-a647-1695553c21d0 - - - - - -] Successfully bumped revision number for resource ee4566d2-08e0-4bac-a78c-4f2884bef036 (type: networks) to 1 [pid: 7|app: 0|req: 1370/2734] 10.0.0.253 () {34 vars in 989 bytes} [Mon May 25 02:01:08 2026] GET /v2.0/ports?device_id=d9276f80-a0f7-4760-8de6-3e8d02ba6172 => generated 971 bytes in 87 msecs (HTTP/1.1 200) 4 headers in 157 bytes (1 switches on core 0)
2026-05-25 02:01:08.557 8 WARNING neutron.scheduler.dhcp_agent_scheduler [None req-95ee06c6-2499-451d-a647-1695553c21d0 - - - - - -] No more DHCP agents
2026-05-25 02:01:08.559 8 WARNING neutron.api.rpc.agentnotifiers.dhcp_rpc_agent_api [None req-95ee06c6-2499-451d-a647-1695553c21d0 - - - - - -] Unable to schedule network ee4566d2-08e0-4bac-a78c-4f2884bef036: no agents available; will retry on subsequent port and subnet creation events.
2026-05-25 02:01:08.627 7 WARNING neutron.scheduler.dhcp_agent_scheduler [None req-fce946b6-2534-41e7-b393-422132f4ff25 3dae488ac13b4a1e88183d46d34043f7 8fc6363604004f6c9f50baee84423a8d - - default default] No more DHCP agents
2026-05-25 02:01:08.629 7 WARNING neutron.api.rpc.agentnotifiers.dhcp_rpc_agent_api [None req-fce946b6-2534-41e7-b393-422132f4ff25 3dae488ac13b4a1e88183d46d34043f7 8fc6363604004f6c9f50baee84423a8d - - default default] Unable to schedule network 0f1c4fda-3df7-4c84-8d94-4685ca7850be: no agents available; will retry on subsequent port and subnet creation events.
2026-05-25 02:01:08.648 8 INFO neutron.db.ovn_revision_numbers_db [None req-95ee06c6-2499-451d-a647-1695553c21d0 - - - - - -] Successfully bumped revision number for resource 683871ef-1f8f-466f-85a7-4ba4cb633893 (type: ports) to 1
2026-05-25 02:01:08.773 8 WARNING neutron.scheduler.dhcp_agent_scheduler [None req-95ee06c6-2499-451d-a647-1695553c21d0 - - - - - -] No more DHCP agents
2026-05-25 02:01:08.775 8 WARNING neutron.api.rpc.agentnotifiers.dhcp_rpc_agent_api [None req-95ee06c6-2499-451d-a647-1695553c21d0 - - - - - -] Unable to schedule network ee4566d2-08e0-4bac-a78c-4f2884bef036: no agents available; will retry on subsequent port and subnet creation events.
2026-05-25 02:01:08.800 8 INFO neutron.db.ovn_revision_numbers_db [None req-95ee06c6-2499-451d-a647-1695553c21d0 - - - - - -] Successfully bumped revision number for resource ee45cc35-c96d-45bb-8b5e-41a67f6ed1a2 (type: subnets) to 0
2026-05-25 02:01:09.089 7 INFO neutron.db.ovn_revision_numbers_db [None req-75dedce4-91e7-4c7e-a370-10689b0b83d1 - - - - - -] Successfully bumped revision number for resource 1ad657da-9f7a-489c-8065-5dfeacf7ed76 (type: ports) to 2
2026-05-25 02:01:09.118 7 INFO neutron.db.ovn_revision_numbers_db [None req-75dedce4-91e7-4c7e-a370-10689b0b83d1 - - - - - -] Successfully bumped revision number for resource 07b299d1-61f5-4d24-b6d7-96ef444a6b98 (type: subnets) to 0 [pid: 7|app: 0|req: 1371/2735] 10.0.0.7 () {34 vars in 666 bytes} [Mon May 25 02:01:08 2026] POST /v2.0/subnets => generated 657 bytes in 714 msecs (HTTP/1.1 201) 4 headers in 162 bytes (1 switches on core 0) [pid: 7|app: 0|req: 1372/2736] 10.0.0.253 () {34 vars in 1039 bytes} [Mon May 25 02:01:09 2026] GET /v2.0/security-groups?id=0321071b-63eb-43f0-9e55-a5ec0369051a&fields=id&fields=name => generated 88 bytes in 34 msecs (HTTP/1.1 200) 4 headers in 156 bytes (1 switches on core 0)
2026-05-25 02:01:09.174 8 WARNING neutron.scheduler.dhcp_agent_scheduler [None req-95ee06c6-2499-451d-a647-1695553c21d0 - - - - - -] No more DHCP agents
2026-05-25 02:01:09.175 8 WARNING neutron.api.rpc.agentnotifiers.dhcp_rpc_agent_api [None req-95ee06c6-2499-451d-a647-1695553c21d0 - - - - - -] Unable to schedule network ee4566d2-08e0-4bac-a78c-4f2884bef036: no agents available; will retry on subsequent port and subnet creation events. [pid: 7|app: 0|req: 1373/2737] 10.0.0.7 () {32 vars in 719 bytes} [Mon May 25 02:01:09 2026] GET /v2.0/subnetpools?name=shared-default-subnetpool-v6 => generated 19 bytes in 38 msecs (HTTP/1.1 200) 4 headers in 156 bytes (1 switches on core 0)
2026-05-25 02:01:09.334 8 INFO neutron.db.ovn_revision_numbers_db [None req-95ee06c6-2499-451d-a647-1695553c21d0 - - - - - -] Successfully bumped revision number for resource 715fe9f9-deea-4638-9ed4-1c9cb5e1cf95 (type: ports) to 1
2026-05-25 02:01:09.436 8 WARNING neutron.plugins.ml2.drivers.ovn.mech_driver.ovsdb.ovn_client [None req-3c10fc37-722a-4a10-b319-5ebc042cb97c - - - - - -] No hosting information found for port 34813107-6871-40af-89af-9a832b197c9e: RuntimeError: No hosting information found for port 34813107-6871-40af-89af-9a832b197c9e
2026-05-25 02:01:09.436 8 INFO neutron.plugins.ml2.drivers.ovn.mech_driver.mech_driver [None req-3c10fc37-722a-4a10-b319-5ebc042cb97c - - - - - -] OVN reports status down for port: f6eccf26-5202-4c71-ba5d-0d8d254568a3
2026-05-25 02:01:09.442 7 WARNING neutron.scheduler.dhcp_agent_scheduler [None req-a454c1e6-28f3-4506-b31f-e1d27e5d371a 3dae488ac13b4a1e88183d46d34043f7 8fc6363604004f6c9f50baee84423a8d - - default default] No more DHCP agents
2026-05-25 02:01:09.443 7 WARNING neutron.api.rpc.agentnotifiers.dhcp_rpc_agent_api [None req-a454c1e6-28f3-4506-b31f-e1d27e5d371a 3dae488ac13b4a1e88183d46d34043f7 8fc6363604004f6c9f50baee84423a8d - - default default] Unable to schedule network 0f1c4fda-3df7-4c84-8d94-4685ca7850be: no agents available; will retry on subsequent port and subnet creation events.
2026-05-25 02:01:09.475 7 INFO neutron.db.ovn_revision_numbers_db [None req-a454c1e6-28f3-4506-b31f-e1d27e5d371a 3dae488ac13b4a1e88183d46d34043f7 8fc6363604004f6c9f50baee84423a8d - - default default] Successfully bumped revision number for resource 4b881f75-77fc-48f4-a733-319d28fa912b (type: subnets) to 0 [pid: 7|app: 0|req: 1374/2738] 10.0.0.7 () {34 vars in 666 bytes} [Mon May 25 02:01:09 2026] POST /v2.0/subnets => generated 732 bytes in 295 msecs (HTTP/1.1 201) 4 headers in 162 bytes (1 switches on core 0)
2026-05-25 02:01:09.512 8 INFO neutron.plugins.ml2.drivers.ovn.mech_driver.mech_driver [None req-3c10fc37-722a-4a10-b319-5ebc042cb97c - - - - - -] OVN reports status down for port: 683871ef-1f8f-466f-85a7-4ba4cb633893
2026-05-25 02:01:09.600 7 INFO neutron.db.segments_db [None req-2df60bd1-deed-4bd5-b2ce-8b908d5a2dc3 3dae488ac13b4a1e88183d46d34043f7 8fc6363604004f6c9f50baee84423a8d - - default default] Added segment a69e2a0e-8fd3-4e65-b7d8-540366df2859 of type geneve for network babd5efa-adcf-4ba7-bdd8-c7e8566c2a03
2026-05-25 02:01:09.725 7 INFO neutron.db.ovn_revision_numbers_db [None req-2df60bd1-deed-4bd5-b2ce-8b908d5a2dc3 3dae488ac13b4a1e88183d46d34043f7 8fc6363604004f6c9f50baee84423a8d - - default default] Successfully bumped revision number for resource babd5efa-adcf-4ba7-bdd8-c7e8566c2a03 (type: networks) to 1
2026-05-25 02:01:09.915 7 WARNING neutron.scheduler.dhcp_agent_scheduler [None req-2df60bd1-deed-4bd5-b2ce-8b908d5a2dc3 3dae488ac13b4a1e88183d46d34043f7 8fc6363604004f6c9f50baee84423a8d - - default default] No more DHCP agents
2026-05-25 02:01:09.916 7 WARNING neutron.api.rpc.agentnotifiers.dhcp_rpc_agent_api [None req-2df60bd1-deed-4bd5-b2ce-8b908d5a2dc3 3dae488ac13b4a1e88183d46d34043f7 8fc6363604004f6c9f50baee84423a8d - - default default] Unable to schedule network babd5efa-adcf-4ba7-bdd8-c7e8566c2a03: no agents available; will retry on subsequent port and subnet creation events.
2026-05-25 02:01:09.975 8 INFO neutron.plugins.ml2.drivers.ovn.mech_driver.mech_driver [None req-3c10fc37-722a-4a10-b319-5ebc042cb97c - - - - - -] OVN reports status down for port: d559bab1-17b1-407d-adb3-e1fcb73c1bf2
2026-05-25 02:01:10.006 7 INFO neutron.db.ovn_revision_numbers_db [None req-2df60bd1-deed-4bd5-b2ce-8b908d5a2dc3 3dae488ac13b4a1e88183d46d34043f7 8fc6363604004f6c9f50baee84423a8d - - default default] Successfully bumped revision number for resource d559bab1-17b1-407d-adb3-e1fcb73c1bf2 (type: ports) to 1 [pid: 7|app: 0|req: 1375/2739] 10.0.0.7 () {34 vars in 667 bytes} [Mon May 25 02:01:09 2026] POST /v2.0/networks => generated 676 bytes in 520 msecs (HTTP/1.1 201) 4 headers in 162 bytes (1 switches on core 0)
2026-05-25 02:01:10.190 8 WARNING neutron.scheduler.dhcp_agent_scheduler [None req-95ee06c6-2499-451d-a647-1695553c21d0 - - - - - -] No more DHCP agents
2026-05-25 02:01:10.191 8 WARNING neutron.api.rpc.agentnotifiers.dhcp_rpc_agent_api [None req-95ee06c6-2499-451d-a647-1695553c21d0 - - - - - -] Unable to schedule network ee4566d2-08e0-4bac-a78c-4f2884bef036: no agents available; will retry on subsequent port and subnet creation events.
2026-05-25 02:01:10.232 7 WARNING neutron.scheduler.dhcp_agent_scheduler [None req-96a8c6f0-637f-47f5-8c10-a7a962d99012 3dae488ac13b4a1e88183d46d34043f7 8fc6363604004f6c9f50baee84423a8d - - default default] No more DHCP agents
2026-05-25 02:01:10.233 7 WARNING neutron.api.rpc.agentnotifiers.dhcp_rpc_agent_api [None req-96a8c6f0-637f-47f5-8c10-a7a962d99012 3dae488ac13b4a1e88183d46d34043f7 8fc6363604004f6c9f50baee84423a8d - - default default] Unable to schedule network babd5efa-adcf-4ba7-bdd8-c7e8566c2a03: no agents available; will retry on subsequent port and subnet creation events.
2026-05-25 02:01:10.639 7 INFO neutron.db.ovn_revision_numbers_db [None req-dc0840bd-a5cc-4ccc-898e-c6aa513e2fc7 - - - - - -] Successfully bumped revision number for resource d559bab1-17b1-407d-adb3-e1fcb73c1bf2 (type: ports) to 2
2026-05-25 02:01:10.692 8 INFO neutron.db.ovn_revision_numbers_db [None req-95ee06c6-2499-451d-a647-1695553c21d0 - - - - - -] Successfully bumped revision number for resource 715fe9f9-deea-4638-9ed4-1c9cb5e1cf95 (type: router_ports) to 1
2026-05-25 02:01:10.695 7 INFO neutron.db.ovn_revision_numbers_db [None req-dc0840bd-a5cc-4ccc-898e-c6aa513e2fc7 - - - - - -] Successfully bumped revision number for resource 81a09cb4-c106-4e37-b068-f52b9566d1fd (type: subnets) to 0 [pid: 7|app: 0|req: 1376/2740] 10.0.0.7 () {34 vars in 666 bytes} [Mon May 25 02:01:10 2026] POST /v2.0/subnets => generated 655 bytes in 690 msecs (HTTP/1.1 201) 4 headers in 162 bytes (1 switches on core 0) [pid: 7|app: 0|req: 1377/2741] 10.0.0.253 () {34 vars in 989 bytes} [Mon May 25 02:01:10 2026] GET /v2.0/ports?device_id=d9276f80-a0f7-4760-8de6-3e8d02ba6172 => generated 971 bytes in 55 msecs (HTTP/1.1 200) 4 headers in 157 bytes (1 switches on core 0)
2026-05-25 02:01:10.923 8 WARNING neutron.scheduler.dhcp_agent_scheduler [None req-95ee06c6-2499-451d-a647-1695553c21d0 - - - - - -] No more DHCP agents
2026-05-25 02:01:10.924 8 WARNING neutron.api.rpc.agentnotifiers.dhcp_rpc_agent_api [None req-95ee06c6-2499-451d-a647-1695553c21d0 - - - - - -] Unable to schedule network ee4566d2-08e0-4bac-a78c-4f2884bef036: no agents available; will retry on subsequent port and subnet creation events.
2026-05-25 02:01:11.002 7 WARNING neutron.scheduler.dhcp_agent_scheduler [None req-aa51a541-189d-4336-a698-aa76f41f5879 3dae488ac13b4a1e88183d46d34043f7 8fc6363604004f6c9f50baee84423a8d - - default default] No more DHCP agents
2026-05-25 02:01:11.003 7 WARNING neutron.api.rpc.agentnotifiers.dhcp_rpc_agent_api [None req-aa51a541-189d-4336-a698-aa76f41f5879 3dae488ac13b4a1e88183d46d34043f7 8fc6363604004f6c9f50baee84423a8d - - default default] Unable to schedule network babd5efa-adcf-4ba7-bdd8-c7e8566c2a03: no agents available; will retry on subsequent port and subnet creation events.
2026-05-25 02:01:11.038 7 INFO neutron.db.ovn_revision_numbers_db [None req-aa51a541-189d-4336-a698-aa76f41f5879 3dae488ac13b4a1e88183d46d34043f7 8fc6363604004f6c9f50baee84423a8d - - default default] Successfully bumped revision number for resource 17b4f457-0061-45bb-88ae-ca19f280a58d (type: subnets) to 0 [pid: 7|app: 0|req: 1378/2742] 10.0.0.7 () {34 vars in 666 bytes} [Mon May 25 02:01:10 2026] POST /v2.0/subnets => generated 726 bytes in 284 msecs (HTTP/1.1 201) 4 headers in 162 bytes (1 switches on core 0)
2026-05-25 02:01:11.077 8 INFO neutron.db.ovn_revision_numbers_db [None req-95ee06c6-2499-451d-a647-1695553c21d0 - - - - - -] Successfully bumped revision number for resource 75895401-dc07-459d-85be-c4d4bf296719 (type: ports) to 1 [pid: 7|app: 0|req: 1379/2743] 10.0.0.253 () {34 vars in 1039 bytes} [Mon May 25 02:01:11 2026] GET /v2.0/security-groups?id=0321071b-63eb-43f0-9e55-a5ec0369051a&fields=id&fields=name => generated 88 bytes in 25 msecs (HTTP/1.1 200) 4 headers in 156 bytes (1 switches on core 0)
2026-05-25 02:01:11.165 7 INFO neutron.db.segments_db [None req-af0c5bbc-e7ba-4370-a8fa-02a982510c3e 3dae488ac13b4a1e88183d46d34043f7 8fc6363604004f6c9f50baee84423a8d - - default default] Added segment ae18dada-dc76-40b2-8930-33f79db89ee1 of type geneve for network bd483ff9-3c3f-47c7-aa6a-716d125ff1b8
2026-05-25 02:01:11.264 7 INFO neutron.db.ovn_revision_numbers_db [None req-af0c5bbc-e7ba-4370-a8fa-02a982510c3e 3dae488ac13b4a1e88183d46d34043f7 8fc6363604004f6c9f50baee84423a8d - - default default] Successfully bumped revision number for resource bd483ff9-3c3f-47c7-aa6a-716d125ff1b8 (type: networks) to 1
2026-05-25 02:01:11.314 8 INFO neutron.db.ovn_revision_numbers_db [None req-95ee06c6-2499-451d-a647-1695553c21d0 - - - - - -] Successfully bumped revision number for resource 75895401-dc07-459d-85be-c4d4bf296719 (type: ports) to 3
2026-05-25 02:01:11.464 7 WARNING neutron.scheduler.dhcp_agent_scheduler [None req-af0c5bbc-e7ba-4370-a8fa-02a982510c3e 3dae488ac13b4a1e88183d46d34043f7 8fc6363604004f6c9f50baee84423a8d - - default default] No more DHCP agents
2026-05-25 02:01:11.466 7 WARNING neutron.api.rpc.agentnotifiers.dhcp_rpc_agent_api [None req-af0c5bbc-e7ba-4370-a8fa-02a982510c3e 3dae488ac13b4a1e88183d46d34043f7 8fc6363604004f6c9f50baee84423a8d - - default default] Unable to schedule network bd483ff9-3c3f-47c7-aa6a-716d125ff1b8: no agents available; will retry on subsequent port and subnet creation events.
2026-05-25 02:01:11.542 8 INFO neutron.plugins.ml2.drivers.ovn.mech_driver.mech_driver [None req-3c10fc37-722a-4a10-b319-5ebc042cb97c - - - - - -] OVN reports status down for port: cdb79409-febf-435c-9a37-e3902a57db8d
2026-05-25 02:01:11.556 7 INFO neutron.db.ovn_revision_numbers_db [None req-af0c5bbc-e7ba-4370-a8fa-02a982510c3e 3dae488ac13b4a1e88183d46d34043f7 8fc6363604004f6c9f50baee84423a8d - - default default] Successfully bumped revision number for resource cdb79409-febf-435c-9a37-e3902a57db8d (type: ports) to 1 [pid: 8|app: 0|req: 1365/2744] 10.0.0.7 () {34 vars in 682 bytes} [Mon May 25 02:01:07 2026] POST /v2.0/vpn/vpnservices => generated 458 bytes in 4423 msecs (HTTP/1.1 201) 4 headers in 162 bytes (1 switches on core 0) [pid: 7|app: 0|req: 1380/2745] 10.0.0.7 () {34 vars in 667 bytes} [Mon May 25 02:01:11 2026] POST /v2.0/networks => generated 676 bytes in 506 msecs (HTTP/1.1 201) 4 headers in 162 bytes (1 switches on core 0) [pid: 8|app: 0|req: 1366/2746] 10.0.0.7 () {32 vars in 660 bytes} [Mon May 25 02:01:11 2026] GET /v2.0/vpn/vpnservices => generated 1305 bytes in 30 msecs (HTTP/1.1 200) 4 headers in 158 bytes (1 switches on core 0)
2026-05-25 02:01:11.774 7 WARNING neutron.scheduler.dhcp_agent_scheduler [None req-ad64a2b3-0e50-4ae6-a86d-43a03a1ce085 3dae488ac13b4a1e88183d46d34043f7 8fc6363604004f6c9f50baee84423a8d - - default default] No more DHCP agents
2026-05-25 02:01:11.775 7 WARNING neutron.api.rpc.agentnotifiers.dhcp_rpc_agent_api [None req-ad64a2b3-0e50-4ae6-a86d-43a03a1ce085 3dae488ac13b4a1e88183d46d34043f7 8fc6363604004f6c9f50baee84423a8d - - default default] Unable to schedule network bd483ff9-3c3f-47c7-aa6a-716d125ff1b8: no agents available; will retry on subsequent port and subnet creation events.
2026-05-25 02:01:11.894 8 INFO neutron_taas.services.taas.taas_plugin [None req-8f1dcdfc-5ae4-4264-880d-de1f308d0137 f91ed3b82e5c4c8bb7f6ac397348e649 a9e4bfb7c93e4f8a933e7fe3e7ebda9c - - default default] TaaS: Handle Delete Port: f6eccf26-5202-4c71-ba5d-0d8d254568a3
2026-05-25 02:01:11.897 8 INFO neutron_taas.services.taas.tap_mirror_plugin [None req-8f1dcdfc-5ae4-4264-880d-de1f308d0137 f91ed3b82e5c4c8bb7f6ac397348e649 a9e4bfb7c93e4f8a933e7fe3e7ebda9c - - default default] Tap Mirror: Handle Delete Port: f6eccf26-5202-4c71-ba5d-0d8d254568a3
2026-05-25 02:01:12.118 8 INFO neutron_taas.services.taas.taas_plugin [None req-b0f10cb1-f698-45ce-bbf1-2ac33dfe0ea9 - - - - - -] TaaS: Handle Delete Port: 75895401-dc07-459d-85be-c4d4bf296719
2026-05-25 02:01:12.120 8 INFO neutron_taas.services.taas.tap_mirror_plugin [None req-b0f10cb1-f698-45ce-bbf1-2ac33dfe0ea9 - - - - - -] Tap Mirror: Handle Delete Port: 75895401-dc07-459d-85be-c4d4bf296719
2026-05-25 02:01:12.209 7 INFO neutron.db.ovn_revision_numbers_db [None req-82622006-9345-4b55-9640-03f93c1c2c5e - - - - - -] Successfully bumped revision number for resource cdb79409-febf-435c-9a37-e3902a57db8d (type: ports) to 2
2026-05-25 02:01:12.245 7 INFO neutron.db.ovn_revision_numbers_db [None req-82622006-9345-4b55-9640-03f93c1c2c5e - - - - - -] Successfully bumped revision number for resource 00536791-4df4-4d47-bb0e-3f459a03b7cf (type: subnets) to 0 [pid: 7|app: 0|req: 1381/2747] 10.0.0.7 () {34 vars in 666 bytes} [Mon May 25 02:01:11 2026] POST /v2.0/subnets => generated 656 bytes in 659 msecs (HTTP/1.1 201) 4 headers in 162 bytes (1 switches on core 0) [pid: 7|app: 0|req: 1382/2748] 10.0.0.253 () {34 vars in 989 bytes} [Mon May 25 02:01:12 2026] GET /v2.0/ports?device_id=d9276f80-a0f7-4760-8de6-3e8d02ba6172 => generated 971 bytes in 49 msecs (HTTP/1.1 200) 4 headers in 157 bytes (1 switches on core 0)
2026-05-25 02:01:12.472 8 INFO neutron_taas.services.taas.taas_plugin [None req-449618a9-7447-440b-8aa2-d6ab7af02da4 - - - - - -] TaaS: Handle Delete Port: 715fe9f9-deea-4638-9ed4-1c9cb5e1cf95
2026-05-25 02:01:12.474 8 INFO neutron_taas.services.taas.tap_mirror_plugin [None req-449618a9-7447-440b-8aa2-d6ab7af02da4 - - - - - -] Tap Mirror: Handle Delete Port: 715fe9f9-deea-4638-9ed4-1c9cb5e1cf95
2026-05-25 02:01:13.218 7 WARNING neutron.plugins.ml2.drivers.ovn.mech_driver.ovsdb.ovn_client [None req-2cfa8abe-70c1-4715-b99a-bf4051d76f72 - - - - - -] No hosting information found for port 066c1a8e-a8b6-49a2-be91-1d67177fd6e9: RuntimeError: No hosting information found for port 066c1a8e-a8b6-49a2-be91-1d67177fd6e9
2026-05-25 02:01:13.251 8 INFO neutron_taas.services.taas.taas_plugin [None req-449618a9-7447-440b-8aa2-d6ab7af02da4 - - - - - -] TaaS: Handle Delete Port: 683871ef-1f8f-466f-85a7-4ba4cb633893
2026-05-25 02:01:13.254 8 INFO neutron_taas.services.taas.tap_mirror_plugin [None req-449618a9-7447-440b-8aa2-d6ab7af02da4 - - - - - -] Tap Mirror: Handle Delete Port: 683871ef-1f8f-466f-85a7-4ba4cb633893
2026-05-25 02:01:13.328 7 WARNING neutron.scheduler.dhcp_agent_scheduler [None req-8da37378-4d27-44a0-80f2-66e2c5b461de 3dae488ac13b4a1e88183d46d34043f7 8fc6363604004f6c9f50baee84423a8d - - default default] No more DHCP agents
2026-05-25 02:01:13.331 7 WARNING neutron.api.rpc.agentnotifiers.dhcp_rpc_agent_api [None req-8da37378-4d27-44a0-80f2-66e2c5b461de 3dae488ac13b4a1e88183d46d34043f7 8fc6363604004f6c9f50baee84423a8d - - default default] Unable to schedule network bd483ff9-3c3f-47c7-aa6a-716d125ff1b8: no agents available; will retry on subsequent port and subnet creation events.
2026-05-25 02:01:13.358 7 INFO neutron.db.ovn_revision_numbers_db [None req-2cfa8abe-70c1-4715-b99a-bf4051d76f72 - - - - - -] Successfully bumped revision number for resource 066c1a8e-a8b6-49a2-be91-1d67177fd6e9 (type: router_ports) to 2
2026-05-25 02:01:13.358 7 INFO neutron.plugins.ml2.drivers.ovn.mech_driver.mech_driver [None req-2cfa8abe-70c1-4715-b99a-bf4051d76f72 - - - - - -] OVN reports status down for port: 1ad657da-9f7a-489c-8065-5dfeacf7ed76
2026-05-25 02:01:13.395 7 INFO neutron.db.ovn_revision_numbers_db [None req-8da37378-4d27-44a0-80f2-66e2c5b461de 3dae488ac13b4a1e88183d46d34043f7 8fc6363604004f6c9f50baee84423a8d - - default default] Successfully bumped revision number for resource 8d1c3fe8-b53e-4423-9dc2-fc87d453fb9e (type: subnets) to 0 [pid: 7|app: 0|req: 1383/2749] 10.0.0.7 () {34 vars in 666 bytes} [Mon May 25 02:01:12 2026] POST /v2.0/subnets => generated 730 bytes in 1107 msecs (HTTP/1.1 201) 4 headers in 162 bytes (1 switches on core 0)
2026-05-25 02:01:13.431 8 INFO neutron.services.segments.plugin [-] Segment 8ced194b-13f8-4249-bc82-c890e22a8ccd resource provider aggregate not found
2026-05-25 02:01:13.437 8 INFO neutron.services.segments.plugin [-] Segment 8ced194b-13f8-4249-bc82-c890e22a8ccd resource provider aggregate not found
2026-05-25 02:01:13.454 8 INFO neutron.services.segments.plugin [-] Segment 8ced194b-13f8-4249-bc82-c890e22a8ccd resource provider not found; error: Placement Client Error (4xx): {"errors": [{"status": 404, "title": "Not Found", "detail": "The resource could not be found.\n\n No resource provider with uuid 8ced194b-13f8-4249-bc82-c890e22a8ccd found for delete ", "request_id": "req-55d29def-a55e-4501-80ed-e2ae8d40bbe5"}]}
2026-05-25 02:01:13.462 8 INFO neutron.services.segments.plugin [-] Segment 8ced194b-13f8-4249-bc82-c890e22a8ccd resource provider not found; error: Placement Client Error (4xx): {"errors": [{"status": 404, "title": "Not Found", "detail": "The resource could not be found.\n\n No resource provider with uuid 8ced194b-13f8-4249-bc82-c890e22a8ccd found for delete ", "request_id": "req-b2ac45a6-57cc-4159-8450-5488eff78591"}]}
2026-05-25 02:01:13.473 7 INFO neutron.plugins.ml2.drivers.ovn.mech_driver.mech_driver [None req-2cfa8abe-70c1-4715-b99a-bf4051d76f72 - - - - - -] OVN reports status down for port: 715fe9f9-deea-4638-9ed4-1c9cb5e1cf95 [pid: 8|app: 0|req: 1367/2750] 10.0.0.7 () {32 vars in 737 bytes} [Mon May 25 02:01:11 2026] DELETE /v2.0/vpn/vpnservices/5339dd51-4321-4f5d-8373-2028a32a11a6 => generated 0 bytes in 1865 msecs (HTTP/1.1 204) 2 headers in 112 bytes (1 switches on core 0)
2026-05-25 02:01:13.492 7 INFO neutron.plugins.ml2.drivers.ovn.mech_driver.mech_driver [None req-2cfa8abe-70c1-4715-b99a-bf4051d76f72 - - - - - -] OVN reports status up for port: 715fe9f9-deea-4638-9ed4-1c9cb5e1cf95 [pid: 7|app: 0|req: 1384/2751] 10.0.0.253 () {34 vars in 1039 bytes} [Mon May 25 02:01:13 2026] GET /v2.0/security-groups?id=0321071b-63eb-43f0-9e55-a5ec0369051a&fields=id&fields=name => generated 88 bytes in 77 msecs (HTTP/1.1 200) 4 headers in 156 bytes (1 switches on core 0) /var/lib/openstack/lib/python3.12/site-packages/pycadf/identifier.py:70: UserWarning: Invalid uuid: neutron. To ensure interoperability, identifiers should be a valid uuid. warnings.warn(('Invalid uuid: %s. To ensure interoperability, '
2026-05-25 02:01:13.541 7 INFO neutron.plugins.ml2.drivers.ovn.mech_driver.mech_driver [None req-2cfa8abe-70c1-4715-b99a-bf4051d76f72 - - - - - -] OVN reports status down for port: 75895401-dc07-459d-85be-c4d4bf296719
2026-05-25 02:01:13.558 7 INFO neutron.plugins.ml2.drivers.ovn.mech_driver.mech_driver [None req-2cfa8abe-70c1-4715-b99a-bf4051d76f72 - - - - - -] OVN reports status down for port: 2d29cf76-9141-4679-ab5f-aa056fbbbb2b [pid: 8|app: 0|req: 1368/2752] 10.0.0.219 () {28 vars in 584 bytes} [Mon May 25 02:01:13 2026] GET /v2.0/networks => generated 8654 bytes in 133 msecs (HTTP/1.1 200) 4 headers in 158 bytes (1 switches on core 0) [pid: 7|app: 0|req: 1385/2753] 199.204.45.162 () {34 vars in 993 bytes} [Mon May 25 02:01:13 2026] GET /v2.0/ports?device_id=d9276f80-a0f7-4760-8de6-3e8d02ba6172 => generated 971 bytes in 127 msecs (HTTP/1.1 200) 4 headers in 157 bytes (1 switches on core 0) [pid: 7|app: 0|req: 1386/2754] 10.0.0.7 () {32 vars in 660 bytes} [Mon May 25 02:01:13 2026] GET /v2.0/vpn/vpnservices => generated 861 bytes in 23 msecs (HTTP/1.1 200) 4 headers in 157 bytes (1 switches on core 0)
2026-05-25 02:01:13.807 7 INFO neutron.notifiers.nova [-] Nova event matching ['req-fcdf5302-354a-40c1-afb9-4c89affa1312'] response: {'server_uuid': 'd9276f80-a0f7-4760-8de6-3e8d02ba6172', 'name': 'network-vif-unplugged', 'status': 'completed', 'tag': '2d29cf76-9141-4679-ab5f-aa056fbbbb2b', 'code': 200} [pid: 7|app: 0|req: 1387/2755] 10.0.0.219 () {28 vars in 578 bytes} [Mon May 25 02:01:13 2026] GET /v2.0/ports => generated 26248 bytes in 340 msecs (HTTP/1.1 200) 4 headers in 159 bytes (1 switches on core 0)
2026-05-25 02:01:14.013 8 WARNING neutron.scheduler.dhcp_agent_scheduler [None req-ee000493-6247-4d60-9c02-514dae896af2 3dae488ac13b4a1e88183d46d34043f7 8fc6363604004f6c9f50baee84423a8d - - default default] No more DHCP agents
2026-05-25 02:01:14.015 8 WARNING neutron.api.rpc.agentnotifiers.dhcp_rpc_agent_api [None req-ee000493-6247-4d60-9c02-514dae896af2 3dae488ac13b4a1e88183d46d34043f7 8fc6363604004f6c9f50baee84423a8d - - default default] Unable to schedule network 8cf2577f-b85c-4638-bb04-b238ae721dbd: no agents available; will retry on subsequent port and subnet creation events.
2026-05-25 02:01:14.021 7 INFO neutron.db.ovn_revision_numbers_db [None req-2cfa8abe-70c1-4715-b99a-bf4051d76f72 - - - - - -] Successfully bumped revision number for resource 2d29cf76-9141-4679-ab5f-aa056fbbbb2b (type: ports) to 6
2026-05-25 02:01:14.146 8 INFO neutron.db.ovn_revision_numbers_db [None req-ee000493-6247-4d60-9c02-514dae896af2 3dae488ac13b4a1e88183d46d34043f7 8fc6363604004f6c9f50baee84423a8d - - default default] Successfully bumped revision number for resource 9aff5b6d-0ac2-4cb3-8df4-83c7f3c9ca4f (type: ports) to 1
2026-05-25 02:01:14.168 7 INFO neutron.plugins.ml2.drivers.ovn.mech_driver.mech_driver [None req-2c5bae85-a6db-49c9-a54f-07f35adc90d4 - - - - - -] OVN reports status down for port: 9aff5b6d-0ac2-4cb3-8df4-83c7f3c9ca4f
2026-05-25 02:01:14.227 7 INFO neutron_taas.services.taas.taas_plugin [req-de4749b5-47e9-4de7-984f-cc1ac7189e47 req-e10ff067-ad53-4d38-ad0c-79d5ff47451f 706fadc8438c41fb946581abcb0d7b2e 01b2ea45a31f45fba0b735bc02b1d009 - - default default] TaaS: Handle Delete Port: 2d29cf76-9141-4679-ab5f-aa056fbbbb2b
2026-05-25 02:01:14.233 7 INFO neutron_taas.services.taas.tap_mirror_plugin [req-de4749b5-47e9-4de7-984f-cc1ac7189e47 req-e10ff067-ad53-4d38-ad0c-79d5ff47451f 706fadc8438c41fb946581abcb0d7b2e 01b2ea45a31f45fba0b735bc02b1d009 - - default default] Tap Mirror: Handle Delete Port: 2d29cf76-9141-4679-ab5f-aa056fbbbb2b [pid: 7|app: 0|req: 1388/2756] 199.204.45.162 () {36 vars in 996 bytes} [Mon May 25 02:01:13 2026] DELETE /v2.0/ports/2d29cf76-9141-4679-ab5f-aa056fbbbb2b => generated 0 bytes in 419 msecs (HTTP/1.1 204) 3 headers in 131 bytes (1 switches on core 0) /var/lib/openstack/lib/python3.12/site-packages/pycadf/identifier.py:70: UserWarning: Invalid uuid: neutron. To ensure interoperability, identifiers should be a valid uuid. warnings.warn(('Invalid uuid: %s. To ensure interoperability, '
2026-05-25 02:01:14.472 7 INFO neutron.api.v2.resource [None req-eb6d7dfc-4af9-4788-ba30-8cc67db3a0e6 f91ed3b82e5c4c8bb7f6ac397348e649 a9e4bfb7c93e4f8a933e7fe3e7ebda9c - - default default] create failed (client error): The server could not comply with the request since it is either malformed or otherwise incorrect. [pid: 7|app: 0|req: 1389/2757] 10.0.0.7 () {34 vars in 704 bytes} [Mon May 25 02:01:14 2026] POST /v2.0/vpn/ipsec-site-connections => generated 127 bytes in 64 msecs (HTTP/1.1 400) 4 headers in 166 bytes (1 switches on core 0) [pid: 7|app: 0|req: 1390/2758] 10.0.0.219 () {28 vars in 598 bytes} [Mon May 25 02:01:14 2026] GET /v2.0/security-groups => generated 26124 bytes in 41 msecs (HTTP/1.1 200) 4 headers in 159 bytes (1 switches on core 0)
2026-05-25 02:01:14.572 7 INFO neutron.api.v2.resource [None req-ee8f1b59-4fe4-4362-8f8d-9c12cfb2cc5b f91ed3b82e5c4c8bb7f6ac397348e649 a9e4bfb7c93e4f8a933e7fe3e7ebda9c - - default default] create failed (client error): The server could not comply with the request since it is either malformed or otherwise incorrect. [pid: 7|app: 0|req: 1391/2759] 10.0.0.7 () {34 vars in 704 bytes} [Mon May 25 02:01:14 2026] POST /v2.0/vpn/ipsec-site-connections => generated 136 bytes in 58 msecs (HTTP/1.1 400) 4 headers in 166 bytes (1 switches on core 0) [pid: 7|app: 0|req: 1392/2760] 10.0.0.219 () {28 vars in 582 bytes} [Mon May 25 02:01:14 2026] GET /v2.0/subnets => generated 8791 bytes in 54 msecs (HTTP/1.1 200) 4 headers in 158 bytes (1 switches on core 0) [pid: 7|app: 0|req: 1393/2761] 10.0.0.253 () {34 vars in 989 bytes} [Mon May 25 02:01:14 2026] GET /v2.0/ports?device_id=d9276f80-a0f7-4760-8de6-3e8d02ba6172 => generated 12 bytes in 17 msecs (HTTP/1.1 200) 4 headers in 156 bytes (1 switches on core 0)
2026-05-25 02:01:14.651 7 WARNING neutron.api.v2.base [None req-a3a048b5-36d1-404b-8b37-5e0f21a52613 f91ed3b82e5c4c8bb7f6ac397348e649 a9e4bfb7c93e4f8a933e7fe3e7ebda9c - - default default] An exception happened while processing the request body. The exception message is [Invalid input for dpd. Reason: '59' is not a dictionary.].: webob.exc.HTTPBadRequest: Invalid input for dpd. Reason: '59' is not a dictionary.
2026-05-25 02:01:14.651 7 INFO neutron.api.v2.resource [None req-a3a048b5-36d1-404b-8b37-5e0f21a52613 f91ed3b82e5c4c8bb7f6ac397348e649 a9e4bfb7c93e4f8a933e7fe3e7ebda9c - - default default] create failed (client error): Invalid input for dpd. Reason: '59' is not a dictionary. [pid: 7|app: 0|req: 1394/2762] 10.0.0.7 () {34 vars in 704 bytes} [Mon May 25 02:01:14 2026] POST /v2.0/vpn/ipsec-site-connections => generated 129 bytes in 5 msecs (HTTP/1.1 400) 4 headers in 166 bytes (1 switches on core 0) [pid: 7|app: 0|req: 1395/2763] 10.0.0.219 () {28 vars in 618 bytes} [Mon May 25 02:01:14 2026] GET /v2.0/network-ip-availabilities => generated 5331 bytes in 19 msecs (HTTP/1.1 200) 4 headers in 158 bytes (1 switches on core 0)
2026-05-25 02:01:14.708 8 INFO neutron.plugins.ml2.drivers.ovn.mech_driver.ovsdb.commands [None req-7d4a54a9-6bc1-4ab5-8f62-aa454332bdf3 - - - - - -] Schedule LRP lrp-9aff5b6d-0ac2-4cb3-8df4-83c7f3c9ca4f on gateway 8ed15042-9ff5-4ec1-be8f-d6880e8c5fb7 with priority 1 [pid: 7|app: 0|req: 1396/2764] 10.0.0.7 () {34 vars in 690 bytes} [Mon May 25 02:01:14 2026] POST /v2.0/vpn/endpoint-groups => generated 294 bytes in 55 msecs (HTTP/1.1 201) 4 headers in 162 bytes (1 switches on core 0)
2026-05-25 02:01:14.755 7 INFO neutron.plugins.ml2.drivers.ovn.mech_driver.ovsdb.ovsdb_monitor [None req-492be7f4-8f5c-43b0-8b3c-5c0cbd3d80bf - - - - - -] Router 87b7975c-f3be-481a-8e90-faab8af63266 is bound to host instance
2026-05-25 02:01:14.778 8 INFO neutron.db.ovn_revision_numbers_db [None req-ee000493-6247-4d60-9c02-514dae896af2 3dae488ac13b4a1e88183d46d34043f7 8fc6363604004f6c9f50baee84423a8d - - default default] Successfully bumped revision number for resource 9aff5b6d-0ac2-4cb3-8df4-83c7f3c9ca4f (type: router_ports) to 1
2026-05-25 02:01:14.840 8 INFO neutron.db.ovn_revision_numbers_db [None req-ee000493-6247-4d60-9c02-514dae896af2 3dae488ac13b4a1e88183d46d34043f7 8fc6363604004f6c9f50baee84423a8d - - default default] Successfully bumped revision number for resource 87b7975c-f3be-481a-8e90-faab8af63266 (type: routers) to 2 [pid: 8|app: 0|req: 1369/2765] 10.0.0.7 () {34 vars in 666 bytes} [Mon May 25 02:01:13 2026] POST /v2.0/routers => generated 944 bytes in 1237 msecs (HTTP/1.1 201) 4 headers in 162 bytes (1 switches on core 0)
2026-05-25 02:01:14.872 7 INFO neutron.plugins.ml2.drivers.ovn.mech_driver.mech_driver [None req-2c5bae85-a6db-49c9-a54f-07f35adc90d4 - - - - - -] OVN reports status up for port: 9aff5b6d-0ac2-4cb3-8df4-83c7f3c9ca4f
2026-05-25 02:01:14.895 8 INFO neutron.api.v2.resource [None req-c3a836b1-22d8-4e53-888d-21a9593488ba f91ed3b82e5c4c8bb7f6ac397348e649 a9e4bfb7c93e4f8a933e7fe3e7ebda9c - - default default] create failed (client error): The server could not comply with the request since it is either malformed or otherwise incorrect. [pid: 8|app: 0|req: 1370/2766] 10.0.0.7 () {34 vars in 704 bytes} [Mon May 25 02:01:14 2026] POST /v2.0/vpn/ipsec-site-connections => generated 149 bytes in 39 msecs (HTTP/1.1 400) 4 headers in 166 bytes (1 switches on core 0)
2026-05-25 02:01:14.902 7 INFO neutron.plugins.ml2.plugin [None req-2c5bae85-a6db-49c9-a54f-07f35adc90d4 - - - - - -] Attempt 1 to provision port 9aff5b6d-0ac2-4cb3-8df4-83c7f3c9ca4f [pid: 7|app: 0|req: 1397/2767] 10.0.0.219 () {28 vars in 582 bytes} [Mon May 25 02:01:14 2026] GET /v2.0/subnets => generated 8791 bytes in 215 msecs (HTTP/1.1 200) 4 headers in 158 bytes (1 switches on core 0) [pid: 7|app: 0|req: 1398/2768] 10.0.0.7 () {32 vars in 668 bytes} [Mon May 25 02:01:14 2026] GET /v2.0/vpn/endpoint-groups => generated 909 bytes in 43 msecs (HTTP/1.1 200) 4 headers in 157 bytes (1 switches on core 0) [pid: 7|app: 0|req: 1399/2769] 10.0.0.219 () {28 vars in 590 bytes} [Mon May 25 02:01:14 2026] GET /v2.0/subnetpools => generated 19 bytes in 53 msecs (HTTP/1.1 200) 4 headers in 156 bytes (1 switches on core 0) [pid: 7|app: 0|req: 1400/2770] 10.0.0.7 () {32 vars in 745 bytes} [Mon May 25 02:01:15 2026] DELETE /v2.0/vpn/endpoint-groups/6735829a-a3ad-4ab2-a14c-1afe59b84fa1 => generated 0 bytes in 80 msecs (HTTP/1.1 204) 2 headers in 112 bytes (1 switches on core 0) [pid: 7|app: 0|req: 1401/2771] 10.0.0.219 () {28 vars in 590 bytes} [Mon May 25 02:01:15 2026] GET /v2.0/floatingips => generated 19 bytes in 56 msecs (HTTP/1.1 200) 4 headers in 156 bytes (1 switches on core 0) [pid: 7|app: 0|req: 1402/2772] 10.0.0.7 () {32 vars in 668 bytes} [Mon May 25 02:01:15 2026] GET /v2.0/vpn/endpoint-groups => generated 633 bytes in 33 msecs (HTTP/1.1 200) 4 headers in 157 bytes (1 switches on core 0) [pid: 7|app: 0|req: 1403/2773] 10.0.0.219 () {28 vars in 580 bytes} [Mon May 25 02:01:15 2026] GET /v2.0/agents => generated 1214 bytes in 24 msecs (HTTP/1.1 200) 4 headers in 158 bytes (1 switches on core 0) [pid: 7|app: 0|req: 1404/2774] 10.0.0.7 () {34 vars in 690 bytes} [Mon May 25 02:01:15 2026] POST /v2.0/vpn/endpoint-groups => generated 302 bytes in 114 msecs (HTTP/1.1 201) 4 headers in 162 bytes (1 switches on core 0)
2026-05-25 02:01:15.363 8 WARNING neutron.scheduler.dhcp_agent_scheduler [None req-517aac8c-aef2-4a5c-81ec-ded8d6acd6f5 3dae488ac13b4a1e88183d46d34043f7 8fc6363604004f6c9f50baee84423a8d - - default default] No more DHCP agents
2026-05-25 02:01:15.364 8 WARNING neutron.api.rpc.agentnotifiers.dhcp_rpc_agent_api [None req-517aac8c-aef2-4a5c-81ec-ded8d6acd6f5 3dae488ac13b4a1e88183d46d34043f7 8fc6363604004f6c9f50baee84423a8d - - default default] Unable to schedule network 0f1c4fda-3df7-4c84-8d94-4685ca7850be: no agents available; will retry on subsequent port and subnet creation events.
2026-05-25 02:01:15.485 8 INFO neutron.db.ovn_revision_numbers_db [None req-517aac8c-aef2-4a5c-81ec-ded8d6acd6f5 3dae488ac13b4a1e88183d46d34043f7 8fc6363604004f6c9f50baee84423a8d - - default default] Successfully bumped revision number for resource 01f16de2-bed1-43e1-8bdc-9d65698f7360 (type: ports) to 1 [pid: 7|app: 0|req: 1405/2775] 10.0.0.219 () {28 vars in 582 bytes} [Mon May 25 02:01:15 2026] GET /v2.0/routers => generated 4871 bytes in 195 msecs (HTTP/1.1 200) 4 headers in 158 bytes (1 switches on core 0)
2026-05-25 02:01:15.626 7 INFO neutron.api.v2.resource [None req-67995d59-9ea0-426f-8ff6-99338a0bfb44 f91ed3b82e5c4c8bb7f6ac397348e649 a9e4bfb7c93e4f8a933e7fe3e7ebda9c - - default default] create failed (client error): The server could not comply with the request since it is either malformed or otherwise incorrect. [pid: 7|app: 0|req: 1406/2776] 10.0.0.7 () {34 vars in 704 bytes} [Mon May 25 02:01:15 2026] POST /v2.0/vpn/ipsec-site-connections => generated 148 bytes in 83 msecs (HTTP/1.1 400) 4 headers in 166 bytes (1 switches on core 0) [pid: 7|app: 0|req: 1407/2777] 10.0.0.219 () {28 vars in 623 bytes} [Mon May 25 02:01:15 2026] GET /v2.0/agents?binary=ovn-controller => generated 416 bytes in 22 msecs (HTTP/1.1 200) 4 headers in 157 bytes (1 switches on core 0) [pid: 7|app: 0|req: 1408/2778] 10.0.0.7 () {32 vars in 668 bytes} [Mon May 25 02:01:15 2026] GET /v2.0/vpn/endpoint-groups => generated 917 bytes in 26 msecs (HTTP/1.1 200) 4 headers in 157 bytes (1 switches on core 0) [pid: 7|app: 0|req: 1409/2779] 10.0.0.7 () {32 vars in 745 bytes} [Mon May 25 02:01:15 2026] DELETE /v2.0/vpn/endpoint-groups/8ba0d2e6-dc1a-40a3-a732-481d0e19dbc9 => generated 0 bytes in 48 msecs (HTTP/1.1 204) 2 headers in 112 bytes (1 switches on core 0)
2026-05-25 02:01:15.846 7 INFO neutron.notifiers.nova [-] Nova event matching ['req-9eaec5d7-49b3-445b-b08f-1e99a1ca6d35'] response: {'server_uuid': 'd9276f80-a0f7-4760-8de6-3e8d02ba6172', 'name': 'network-vif-unplugged', 'status': 'completed', 'tag': '2d29cf76-9141-4679-ab5f-aa056fbbbb2b', 'code': 200}
2026-05-25 02:01:15.847 7 INFO neutron.notifiers.nova [-] Nova event matching ['req-9eaec5d7-49b3-445b-b08f-1e99a1ca6d35'] response: {'server_uuid': 'd9276f80-a0f7-4760-8de6-3e8d02ba6172', 'name': 'network-vif-deleted', 'tag': '2d29cf76-9141-4679-ab5f-aa056fbbbb2b', 'status': 'completed', 'code': 200} [pid: 7|app: 0|req: 1410/2780] 10.0.0.253 () {34 vars in 989 bytes} [Mon May 25 02:01:15 2026] GET /v2.0/ports?device_id=d9276f80-a0f7-4760-8de6-3e8d02ba6172 => generated 12 bytes in 137 msecs (HTTP/1.1 200) 4 headers in 156 bytes (1 switches on core 0) [pid: 7|app: 0|req: 1411/2781] 10.0.0.7 () {32 vars in 668 bytes} [Mon May 25 02:01:15 2026] GET /v2.0/vpn/endpoint-groups => generated 633 bytes in 18 msecs (HTTP/1.1 200) 4 headers in 157 bytes (1 switches on core 0)
2026-05-25 02:01:15.903 7 WARNING neutron.api.v2.base [None req-1727bdec-185e-4550-b21a-9c18a18b05e0 f91ed3b82e5c4c8bb7f6ac397348e649 a9e4bfb7c93e4f8a933e7fe3e7ebda9c - - default default] An exception happened while processing the request body. The exception message is [Invalid input for peer_cidrs. Reason: '1.0.0.0/33' is not a valid IP subnet.].: webob.exc.HTTPBadRequest: Invalid input for peer_cidrs. Reason: '1.0.0.0/33' is not a valid IP subnet.
2026-05-25 02:01:15.904 7 INFO neutron.api.v2.resource [None req-1727bdec-185e-4550-b21a-9c18a18b05e0 f91ed3b82e5c4c8bb7f6ac397348e649 a9e4bfb7c93e4f8a933e7fe3e7ebda9c - - default default] create failed (client error): Invalid input for peer_cidrs. Reason: '1.0.0.0/33' is not a valid IP subnet. [pid: 7|app: 0|req: 1412/2782] 10.0.0.7 () {34 vars in 704 bytes} [Mon May 25 02:01:15 2026] POST /v2.0/vpn/ipsec-site-connections => generated 149 bytes in 10 msecs (HTTP/1.1 400) 4 headers in 166 bytes (1 switches on core 0)
2026-05-25 02:01:16.042 7 INFO neutron.db.segments_db [None req-b29a042b-a27b-4dd5-9ba8-4c0a714516fa f91ed3b82e5c4c8bb7f6ac397348e649 a9e4bfb7c93e4f8a933e7fe3e7ebda9c - - default default] Added segment c2e3ef5c-3632-4584-b8d1-4dd3c2404f0c of type geneve for network 068873ca-f55a-4290-8a85-cd238976d52c
