2026-05-25 01:58:46.820 7 INFO neutron.db.ovn_revision_numbers_db [None req-8f20b8c3-7351-4cec-948a-29c03ea9feb6 408e345d5b094688bdc590b8b54a7c08 8a2d1202343b48e883ce9268e30b3df8 - - default default] Successfully bumped revision number for resource 98fb02dc-1b80-488d-b115-a7ebfb84b232 (type: security_group_rules) to 0 [pid: 7|app: 0|req: 907/1756] 10.0.0.7 () {34 vars in 692 bytes} [Mon May 25 01:58:46 2026] POST /v2.0/security-group-rules => generated 597 bytes in 169 msecs (HTTP/1.1 201) 4 headers in 162 bytes (1 switches on core 0) [pid: 7|app: 0|req: 908/1757] 199.204.45.162 () {34 vars in 1057 bytes} [Mon May 25 01:58:46 2026] GET /v2.0/floatingips?fixed_ip_address=10.100.0.4&port_id=bd8b3884-8530-44c3-b32a-bb1b51df75c9 => generated 19 bytes in 19 msecs (HTTP/1.1 200) 4 headers in 156 bytes (1 switches on core 0)
2026-05-25 01:58:47.032 8 INFO neutron.db.ovn_revision_numbers_db [None req-f37078ac-3f83-4bbf-8df5-5117d38873a0 bf5ecaea647f4187a4f3933f4f13f053 a1d8fe9799f248e0a89b4af1c20a39e2 - - default default] Successfully bumped revision number for resource 26dc2ef4-37b1-4e1d-a885-4b168fcac500 (type: security_groups) to 1
2026-05-25 01:58:47.043 8 INFO neutron.db.ovn_revision_numbers_db [None req-f37078ac-3f83-4bbf-8df5-5117d38873a0 bf5ecaea647f4187a4f3933f4f13f053 a1d8fe9799f248e0a89b4af1c20a39e2 - - default default] Successfully bumped revision number for resource 001bcdc6-be87-4572-9ff1-768eec898b67 (type: security_group_rules) to 0
2026-05-25 01:58:47.055 8 INFO neutron.db.ovn_revision_numbers_db [None req-f37078ac-3f83-4bbf-8df5-5117d38873a0 bf5ecaea647f4187a4f3933f4f13f053 a1d8fe9799f248e0a89b4af1c20a39e2 - - default default] Successfully bumped revision number for resource 161da81d-472d-4e26-a29d-cb3d200fe6b8 (type: security_group_rules) to 0
2026-05-25 01:58:47.066 8 INFO neutron.db.ovn_revision_numbers_db [None req-f37078ac-3f83-4bbf-8df5-5117d38873a0 bf5ecaea647f4187a4f3933f4f13f053 a1d8fe9799f248e0a89b4af1c20a39e2 - - default default] Successfully bumped revision number for resource 2a9c20f5-cd7a-43b9-8fa7-37c5baf08a3f (type: security_group_rules) to 0
2026-05-25 01:58:47.079 8 INFO neutron.db.ovn_revision_numbers_db [None req-f37078ac-3f83-4bbf-8df5-5117d38873a0 bf5ecaea647f4187a4f3933f4f13f053 a1d8fe9799f248e0a89b4af1c20a39e2 - - default default] Successfully bumped revision number for resource 93f15c76-62b1-4640-8d71-a79dcd1c6fdb (type: security_group_rules) to 0
2026-05-25 01:58:47.171 8 INFO neutron.db.segments_db [None req-f37078ac-3f83-4bbf-8df5-5117d38873a0 bf5ecaea647f4187a4f3933f4f13f053 a1d8fe9799f248e0a89b4af1c20a39e2 - - default default] Added segment e01af22f-a340-415e-a28d-97392fbb5fe8 of type geneve for network 349d9715-c1ba-4074-9bb9-3c37680bd7f2
2026-05-25 01:58:47.299 8 INFO neutron.db.ovn_revision_numbers_db [None req-f37078ac-3f83-4bbf-8df5-5117d38873a0 bf5ecaea647f4187a4f3933f4f13f053 a1d8fe9799f248e0a89b4af1c20a39e2 - - default default] Successfully bumped revision number for resource 349d9715-c1ba-4074-9bb9-3c37680bd7f2 (type: networks) to 1
2026-05-25 01:58:47.326 7 WARNING neutron.scheduler.dhcp_agent_scheduler [None req-c083fa03-b771-472d-ad4f-5e3d63d65ed0 64ec77263b354abf81e717698381e17c 21161f8ccd244dafb56465a854be96b9 - - default default] No more DHCP agents
2026-05-25 01:58:47.327 7 WARNING neutron.api.rpc.agentnotifiers.dhcp_rpc_agent_api [None req-c083fa03-b771-472d-ad4f-5e3d63d65ed0 64ec77263b354abf81e717698381e17c 21161f8ccd244dafb56465a854be96b9 - - default default] Unable to schedule network 8cf2577f-b85c-4638-bb04-b238ae721dbd: no agents available; will retry on subsequent port and subnet creation events.
2026-05-25 01:58:47.447 8 INFO neutron.plugins.ml2.drivers.ovn.mech_driver.mech_driver [None req-f22e74e5-2a03-4c3c-95b9-d437eec939a3 - - - - - -] OVN reports status down for port: 60eca886-3e5c-441c-aa61-edbef6c20a71
2026-05-25 01:58:47.456 7 INFO neutron.db.ovn_revision_numbers_db [None req-c083fa03-b771-472d-ad4f-5e3d63d65ed0 64ec77263b354abf81e717698381e17c 21161f8ccd244dafb56465a854be96b9 - - default default] Successfully bumped revision number for resource 60eca886-3e5c-441c-aa61-edbef6c20a71 (type: ports) to 1
2026-05-25 01:58:47.541 8 WARNING neutron.scheduler.dhcp_agent_scheduler [None req-f37078ac-3f83-4bbf-8df5-5117d38873a0 bf5ecaea647f4187a4f3933f4f13f053 a1d8fe9799f248e0a89b4af1c20a39e2 - - default default] No more DHCP agents
2026-05-25 01:58:47.545 8 WARNING neutron.api.rpc.agentnotifiers.dhcp_rpc_agent_api [None req-f37078ac-3f83-4bbf-8df5-5117d38873a0 bf5ecaea647f4187a4f3933f4f13f053 a1d8fe9799f248e0a89b4af1c20a39e2 - - default default] Unable to schedule network 349d9715-c1ba-4074-9bb9-3c37680bd7f2: no agents available; will retry on subsequent port and subnet creation events.
2026-05-25 01:58:47.612 8 INFO neutron.plugins.ml2.drivers.ovn.mech_driver.mech_driver [None req-f22e74e5-2a03-4c3c-95b9-d437eec939a3 - - - - - -] OVN reports status down for port: 8a5b5984-797c-45f0-b9fc-f1d3835cd35b
2026-05-25 01:58:47.685 8 INFO neutron.db.ovn_revision_numbers_db [None req-f37078ac-3f83-4bbf-8df5-5117d38873a0 bf5ecaea647f4187a4f3933f4f13f053 a1d8fe9799f248e0a89b4af1c20a39e2 - - default default] Successfully bumped revision number for resource 8a5b5984-797c-45f0-b9fc-f1d3835cd35b (type: ports) to 1 [pid: 8|app: 0|req: 850/1758] 10.0.0.7 () {34 vars in 667 bytes} [Mon May 25 01:58:46 2026] POST /v2.0/networks => generated 670 bytes in 935 msecs (HTTP/1.1 201) 4 headers in 162 bytes (1 switches on core 0)
2026-05-25 01:58:47.874 8 INFO neutron.db.ovn_revision_numbers_db [None req-df58f3cd-e005-4351-a84d-7cf85e7f8564 408e345d5b094688bdc590b8b54a7c08 8a2d1202343b48e883ce9268e30b3df8 - - default default] Successfully bumped revision number for resource d452a6d0-334a-46c2-8232-a33ecf1a33d1 (type: security_group_rules) to 0 [pid: 8|app: 0|req: 851/1759] 10.0.0.7 () {34 vars in 692 bytes} [Mon May 25 01:58:47 2026] POST /v2.0/security-group-rules => generated 596 bytes in 177 msecs (HTTP/1.1 201) 4 headers in 162 bytes (1 switches on core 0) [pid: 8|app: 0|req: 852/1760] 199.204.45.162 () {34 vars in 983 bytes} [Mon May 25 01:58:47 2026] GET /v2.0/subnets?id=2317aacd-43c1-4e66-a697-f969d40631ec => generated 678 bytes in 28 msecs (HTTP/1.1 200) 4 headers in 157 bytes (1 switches on core 0)
2026-05-25 01:58:48.050 8 INFO neutron.db.ovn_revision_numbers_db [None req-06440181-bcac-4b84-89db-153b2691f547 d3e262837109448fb4c2737e6c17b241 8c4a1cacb92742f0b35901286cbfd582 - - default default] Successfully bumped revision number for resource fabe963b-0584-4ece-adf1-91a03a35efa0 (type: security_groups) to 1
2026-05-25 01:58:48.065 8 INFO neutron.db.ovn_revision_numbers_db [None req-06440181-bcac-4b84-89db-153b2691f547 d3e262837109448fb4c2737e6c17b241 8c4a1cacb92742f0b35901286cbfd582 - - default default] Successfully bumped revision number for resource 07505c5a-f217-4f21-923e-e2d59d048320 (type: security_group_rules) to 0
2026-05-25 01:58:48.077 8 INFO neutron.db.ovn_revision_numbers_db [None req-06440181-bcac-4b84-89db-153b2691f547 d3e262837109448fb4c2737e6c17b241 8c4a1cacb92742f0b35901286cbfd582 - - default default] Successfully bumped revision number for resource a6a600f2-7f2c-46f0-ad1c-92ad99ead688 (type: security_group_rules) to 0 [pid: 8|app: 0|req: 853/1761] 10.0.0.7 () {34 vars in 682 bytes} [Mon May 25 01:58:47 2026] POST /v2.0/security-groups => generated 1661 bytes in 182 msecs (HTTP/1.1 201) 4 headers in 163 bytes (1 switches on core 0)
2026-05-25 01:58:48.123 7 INFO neutron.plugins.ml2.drivers.ovn.mech_driver.ovsdb.commands [None req-8f3e287a-ff9d-4c63-b0c8-892660da512a - - - - - -] Schedule LRP lrp-60eca886-3e5c-441c-aa61-edbef6c20a71 on gateway 8ed15042-9ff5-4ec1-be8f-d6880e8c5fb7 with priority 1
2026-05-25 01:58:48.161 7 INFO neutron.plugins.ml2.drivers.ovn.mech_driver.ovsdb.ovsdb_monitor [None req-e40ab9df-3e69-45ab-8ee3-ef493f1ac24e - - - - - -] Router 7e18e56d-34e2-4241-82fb-15cbc73992a6 is bound to host instance
2026-05-25 01:58:48.196 8 INFO neutron.plugins.ml2.drivers.ovn.mech_driver.mech_driver [None req-f22e74e5-2a03-4c3c-95b9-d437eec939a3 - - - - - -] OVN reports status up for port: 60eca886-3e5c-441c-aa61-edbef6c20a71
2026-05-25 01:58:48.224 8 INFO neutron.plugins.ml2.plugin [None req-f22e74e5-2a03-4c3c-95b9-d437eec939a3 - - - - - -] Attempt 1 to provision port 60eca886-3e5c-441c-aa61-edbef6c20a71
2026-05-25 01:58:48.231 7 INFO neutron.db.ovn_revision_numbers_db [None req-c083fa03-b771-472d-ad4f-5e3d63d65ed0 64ec77263b354abf81e717698381e17c 21161f8ccd244dafb56465a854be96b9 - - default default] Successfully bumped revision number for resource 60eca886-3e5c-441c-aa61-edbef6c20a71 (type: router_ports) to 1
2026-05-25 01:58:48.375 7 INFO neutron.db.ovn_revision_numbers_db [None req-c083fa03-b771-472d-ad4f-5e3d63d65ed0 64ec77263b354abf81e717698381e17c 21161f8ccd244dafb56465a854be96b9 - - default default] Successfully bumped revision number for resource 7e18e56d-34e2-4241-82fb-15cbc73992a6 (type: routers) to 2 [pid: 7|app: 0|req: 909/1762] 10.0.0.7 () {34 vars in 666 bytes} [Mon May 25 01:58:46 2026] POST /v2.0/routers => generated 966 bytes in 1545 msecs (HTTP/1.1 201) 4 headers in 162 bytes (1 switches on core 0)
2026-05-25 01:58:48.438 8 WARNING neutron.scheduler.dhcp_agent_scheduler [None req-136bce87-9615-4115-9d5b-82c0a92d39b4 bf5ecaea647f4187a4f3933f4f13f053 a1d8fe9799f248e0a89b4af1c20a39e2 - - default default] No more DHCP agents
2026-05-25 01:58:48.439 8 WARNING neutron.api.rpc.agentnotifiers.dhcp_rpc_agent_api [None req-136bce87-9615-4115-9d5b-82c0a92d39b4 bf5ecaea647f4187a4f3933f4f13f053 a1d8fe9799f248e0a89b4af1c20a39e2 - - default default] Unable to schedule network 349d9715-c1ba-4074-9bb9-3c37680bd7f2: no agents available; will retry on subsequent port and subnet creation events.
2026-05-25 01:58:48.610 7 INFO neutron.db.ovn_revision_numbers_db [None req-f500b46f-3505-4364-8561-f1aff3475cfb 408e345d5b094688bdc590b8b54a7c08 8a2d1202343b48e883ce9268e30b3df8 - - default default] Successfully bumped revision number for resource d40c5c5f-49b4-4a64-b421-0183415f962c (type: security_group_rules) to 0 [pid: 7|app: 0|req: 910/1763] 10.0.0.7 () {34 vars in 692 bytes} [Mon May 25 01:58:48 2026] POST /v2.0/security-group-rules => generated 602 bytes in 235 msecs (HTTP/1.1 201) 4 headers in 162 bytes (1 switches on core 0) [pid: 7|app: 0|req: 911/1764] 199.204.45.162 () {34 vars in 1051 bytes} [Mon May 25 01:58:48 2026] GET /v2.0/ports?network_id=96d5395f-8bbf-404d-afd0-8597645dbdc0&device_owner=network%3Adhcp => generated 12 bytes in 24 msecs (HTTP/1.1 200) 4 headers in 156 bytes (1 switches on core 0)
2026-05-25 01:58:48.826 8 INFO neutron.db.ovn_revision_numbers_db [None req-c90e7ed3-b799-47a0-99ef-9e0e9f731c51 - - - - - -] Successfully bumped revision number for resource 8a5b5984-797c-45f0-b9fc-f1d3835cd35b (type: ports) to 2
2026-05-25 01:58:48.858 8 INFO neutron.db.ovn_revision_numbers_db [None req-c90e7ed3-b799-47a0-99ef-9e0e9f731c51 - - - - - -] Successfully bumped revision number for resource 4c255518-2411-4e25-ba0b-8d90b1ba32e3 (type: subnets) to 0 [pid: 8|app: 0|req: 854/1765] 10.0.0.7 () {34 vars in 666 bytes} [Mon May 25 01:58:48 2026] POST /v2.0/subnets => generated 626 bytes in 766 msecs (HTTP/1.1 201) 4 headers in 162 bytes (1 switches on core 0)
2026-05-25 01:58:48.943 7 INFO neutron.db.ovn_revision_numbers_db [None req-e4afdac6-ed73-4e2f-94b9-b48e3d3b93c5 d3e262837109448fb4c2737e6c17b241 8c4a1cacb92742f0b35901286cbfd582 - - default default] Successfully bumped revision number for resource 1ad342b9-7b33-4cb9-8032-a1009f4a6e1a (type: security_group_rules) to 0 [pid: 7|app: 0|req: 912/1766] 10.0.0.7 () {34 vars in 692 bytes} [Mon May 25 01:58:48 2026] POST /v2.0/security-group-rules => generated 597 bytes in 339 msecs (HTTP/1.1 201) 4 headers in 162 bytes (1 switches on core 0)
2026-05-25 01:58:49.328 7 INFO neutron.db.ovn_revision_numbers_db [None req-131e2bc0-a9e1-4675-8199-a225c1212e0f 408e345d5b094688bdc590b8b54a7c08 8a2d1202343b48e883ce9268e30b3df8 - - default default] Successfully bumped revision number for resource 36d390cc-764c-484c-b87d-a2399efa986c (type: security_group_rules) to 0 [pid: 7|app: 0|req: 913/1767] 10.0.0.7 () {34 vars in 692 bytes} [Mon May 25 01:58:49 2026] POST /v2.0/security-group-rules => generated 601 bytes in 391 msecs (HTTP/1.1 201) 4 headers in 162 bytes (1 switches on core 0) [pid: 7|app: 0|req: 914/1768] 199.204.45.162 () {34 vars in 1011 bytes} [Mon May 25 01:58:49 2026] GET /v2.0/networks/96d5395f-8bbf-404d-afd0-8597645dbdc0?fields=segments => generated 14 bytes in 98 msecs (HTTP/1.1 200) 4 headers in 156 bytes (1 switches on core 0)
2026-05-25 01:58:49.533 7 INFO neutron.db.ovn_revision_numbers_db [None req-5571624f-9730-4dc9-b9ac-2c19ff673b45 - - - - - -] Successfully bumped revision number for resource 60eca886-3e5c-441c-aa61-edbef6c20a71 (type: ports) to 4
2026-05-25 01:58:49.644 7 INFO neutron.db.segments_db [None req-f5d985cb-1a0e-4676-bc36-b7e15a00885a bf5ecaea647f4187a4f3933f4f13f053 a1d8fe9799f248e0a89b4af1c20a39e2 - - default default] Added segment 08e81cec-dbe3-404e-9aff-c9c6ff58087b of type geneve for network fc06d69e-8c7b-4af5-81fb-ea09f543e305
2026-05-25 01:58:49.763 8 WARNING neutron.scheduler.dhcp_agent_scheduler [None req-5144d83e-09a3-4d95-8841-cd00d1db75c5 64ec77263b354abf81e717698381e17c 21161f8ccd244dafb56465a854be96b9 - - default default] No more DHCP agents
2026-05-25 01:58:49.764 8 WARNING neutron.api.rpc.agentnotifiers.dhcp_rpc_agent_api [None req-5144d83e-09a3-4d95-8841-cd00d1db75c5 64ec77263b354abf81e717698381e17c 21161f8ccd244dafb56465a854be96b9 - - default default] Unable to schedule network 537f1771-2e90-411d-a423-4ce2af3d3d47: no agents available; will retry on subsequent port and subnet creation events.
2026-05-25 01:58:49.842 7 INFO neutron.db.ovn_revision_numbers_db [None req-f5d985cb-1a0e-4676-bc36-b7e15a00885a bf5ecaea647f4187a4f3933f4f13f053 a1d8fe9799f248e0a89b4af1c20a39e2 - - default default] Successfully bumped revision number for resource fc06d69e-8c7b-4af5-81fb-ea09f543e305 (type: networks) to 1
2026-05-25 01:58:49.891 8 INFO neutron.db.ovn_revision_numbers_db [None req-5144d83e-09a3-4d95-8841-cd00d1db75c5 64ec77263b354abf81e717698381e17c 21161f8ccd244dafb56465a854be96b9 - - default default] Successfully bumped revision number for resource df2daefe-fa5b-4488-9ea5-cdae92cd9bd6 (type: ports) to 1
2026-05-25 01:58:50.184 7 INFO neutron.db.ovn_revision_numbers_db [None req-5571624f-9730-4dc9-b9ac-2c19ff673b45 - - - - - -] Successfully bumped revision number for resource 60eca886-3e5c-441c-aa61-edbef6c20a71 (type: ports) to 5
2026-05-25 01:58:50.213 7 WARNING neutron.scheduler.dhcp_agent_scheduler [None req-f5d985cb-1a0e-4676-bc36-b7e15a00885a bf5ecaea647f4187a4f3933f4f13f053 a1d8fe9799f248e0a89b4af1c20a39e2 - - default default] No more DHCP agents
2026-05-25 01:58:50.214 7 WARNING neutron.api.rpc.agentnotifiers.dhcp_rpc_agent_api [None req-f5d985cb-1a0e-4676-bc36-b7e15a00885a bf5ecaea647f4187a4f3933f4f13f053 a1d8fe9799f248e0a89b4af1c20a39e2 - - default default] Unable to schedule network fc06d69e-8c7b-4af5-81fb-ea09f543e305: no agents available; will retry on subsequent port and subnet creation events.
2026-05-25 01:58:50.371 7 INFO neutron.db.ovn_revision_numbers_db [None req-f5d985cb-1a0e-4676-bc36-b7e15a00885a bf5ecaea647f4187a4f3933f4f13f053 a1d8fe9799f248e0a89b4af1c20a39e2 - - default default] Successfully bumped revision number for resource f073f5b7-ff40-4803-af98-e2894eb8b02f (type: ports) to 1 [pid: 7|app: 0|req: 915/1769] 10.0.0.7 () {34 vars in 667 bytes} [Mon May 25 01:58:49 2026] POST /v2.0/networks => generated 669 bytes in 891 msecs (HTTP/1.1 201) 4 headers in 162 bytes (1 switches on core 0)
2026-05-25 01:58:50.537 8 WARNING neutron.scheduler.dhcp_agent_scheduler [None req-5144d83e-09a3-4d95-8841-cd00d1db75c5 64ec77263b354abf81e717698381e17c 21161f8ccd244dafb56465a854be96b9 - - default default] No more DHCP agents
2026-05-25 01:58:50.538 8 WARNING neutron.api.rpc.agentnotifiers.dhcp_rpc_agent_api [None req-5144d83e-09a3-4d95-8841-cd00d1db75c5 64ec77263b354abf81e717698381e17c 21161f8ccd244dafb56465a854be96b9 - - default default] Unable to schedule network 537f1771-2e90-411d-a423-4ce2af3d3d47: no agents available; will retry on subsequent port and subnet creation events.
2026-05-25 01:58:50.547 7 INFO neutron.db.ovn_revision_numbers_db [None req-29056ff5-be9f-4cbe-ba97-61bd6fa0dcac d3e262837109448fb4c2737e6c17b241 8c4a1cacb92742f0b35901286cbfd582 - - default default] Successfully bumped revision number for resource 0514bae3-2586-4017-8e02-bf078aaa0b24 (type: security_group_rules) to 0 [pid: 7|app: 0|req: 916/1770] 10.0.0.7 () {34 vars in 692 bytes} [Mon May 25 01:58:50 2026] POST /v2.0/security-group-rules => generated 602 bytes in 180 msecs (HTTP/1.1 201) 4 headers in 162 bytes (1 switches on core 0)
2026-05-25 01:58:50.617 7 INFO neutron.db.securitygroups_db [None req-a86aa2b1-d785-45c4-8ac3-0719165a2289 408e345d5b094688bdc590b8b54a7c08 8a2d1202343b48e883ce9268e30b3df8 - - default default] Project 8a2d1202343b48e883ce9268e30b3df8 added a security group rule with legacy IPv6 ICMP protocol name icmp, ipv6-icmp should be used instead. It was automatically converted.
2026-05-25 01:58:50.750 7 INFO neutron.db.ovn_revision_numbers_db [None req-a86aa2b1-d785-45c4-8ac3-0719165a2289 408e345d5b094688bdc590b8b54a7c08 8a2d1202343b48e883ce9268e30b3df8 - - default default] Successfully bumped revision number for resource bd194ac2-b6bb-4c7e-8065-2a6f64635a7a (type: security_group_rules) to 0 [pid: 7|app: 0|req: 917/1771] 10.0.0.7 () {34 vars in 692 bytes} [Mon May 25 01:58:50 2026] POST /v2.0/security-group-rules => generated 607 bytes in 210 msecs (HTTP/1.1 201) 4 headers in 162 bytes (1 switches on core 0) [pid: 7|app: 0|req: 918/1772] 199.204.45.162 () {34 vars in 1111 bytes} [Mon May 25 01:58:50 2026] GET /v2.0/networks/96d5395f-8bbf-404d-afd0-8597645dbdc0?fields=provider%3Aphysical_network&fields=provider%3Anetwork_type => generated 79 bytes in 31 msecs (HTTP/1.1 200) 4 headers in 156 bytes (1 switches on core 0)
2026-05-25 01:58:51.009 8 INFO neutron.db.ovn_revision_numbers_db [None req-5144d83e-09a3-4d95-8841-cd00d1db75c5 64ec77263b354abf81e717698381e17c 21161f8ccd244dafb56465a854be96b9 - - default default] Successfully bumped revision number for resource df2daefe-fa5b-4488-9ea5-cdae92cd9bd6 (type: router_ports) to 1 [pid: 8|app: 0|req: 855/1773] 10.0.0.7 () {34 vars in 780 bytes} [Mon May 25 01:58:48 2026] PUT /v2.0/routers/7e18e56d-34e2-4241-82fb-15cbc73992a6/add_router_interface => generated 309 bytes in 2131 msecs (HTTP/1.1 200) 4 headers in 157 bytes (1 switches on core 0)
2026-05-25 01:58:51.097 7 WARNING neutron.scheduler.dhcp_agent_scheduler [None req-5aa15a66-4375-4573-9c20-535bce05df34 bf5ecaea647f4187a4f3933f4f13f053 a1d8fe9799f248e0a89b4af1c20a39e2 - - default default] No more DHCP agents
2026-05-25 01:58:51.098 7 WARNING neutron.api.rpc.agentnotifiers.dhcp_rpc_agent_api [None req-5aa15a66-4375-4573-9c20-535bce05df34 bf5ecaea647f4187a4f3933f4f13f053 a1d8fe9799f248e0a89b4af1c20a39e2 - - default default] Unable to schedule network fc06d69e-8c7b-4af5-81fb-ea09f543e305: no agents available; will retry on subsequent port and subnet creation events.
2026-05-25 01:58:51.239 8 WARNING neutron.scheduler.dhcp_agent_scheduler [None req-10bba5a9-d129-43ff-a560-9a55e2222b73 d3e262837109448fb4c2737e6c17b241 8c4a1cacb92742f0b35901286cbfd582 - - default default] No more DHCP agents
2026-05-25 01:58:51.240 8 WARNING neutron.api.rpc.agentnotifiers.dhcp_rpc_agent_api [None req-10bba5a9-d129-43ff-a560-9a55e2222b73 d3e262837109448fb4c2737e6c17b241 8c4a1cacb92742f0b35901286cbfd582 - - default default] Unable to schedule network 8cf2577f-b85c-4638-bb04-b238ae721dbd: no agents available; will retry on subsequent port and subnet creation events.
2026-05-25 01:58:51.490 7 INFO neutron.db.ovn_revision_numbers_db [None req-ed59942e-c85d-42e1-b013-b5d4a024b47d - - - - - -] Successfully bumped revision number for resource f073f5b7-ff40-4803-af98-e2894eb8b02f (type: ports) to 2
2026-05-25 01:58:51.518 7 INFO neutron.db.ovn_revision_numbers_db [None req-ed59942e-c85d-42e1-b013-b5d4a024b47d - - - - - -] Successfully bumped revision number for resource 5c35075d-58eb-4603-a5d0-5354f5de3b14 (type: subnets) to 0 [pid: 8|app: 0|req: 856/1774] 10.0.0.7 () {34 vars in 673 bytes} [Mon May 25 01:58:51 2026] POST /v2.0/floatingips => generated 552 bytes in 516 msecs (HTTP/1.1 201) 4 headers in 162 bytes (1 switches on core 0) [pid: 7|app: 0|req: 919/1775] 10.0.0.7 () {34 vars in 666 bytes} [Mon May 25 01:58:50 2026] POST /v2.0/subnets => generated 629 bytes in 715 msecs (HTTP/1.1 201) 4 headers in 162 bytes (1 switches on core 0)
2026-05-25 01:58:51.570 8 INFO neutron.db.securitygroups_db [None req-1314cf23-94cc-4c40-b2b4-cb63bea33500 408e345d5b094688bdc590b8b54a7c08 8a2d1202343b48e883ce9268e30b3df8 - - default default] Project 8a2d1202343b48e883ce9268e30b3df8 added a security group rule with legacy IPv6 ICMP protocol name icmp, ipv6-icmp should be used instead. It was automatically converted.
2026-05-25 01:58:51.633 7 INFO neutron.db.segments_db [None req-a781d65c-5b76-493f-897a-310464be7f45 bf5ecaea647f4187a4f3933f4f13f053 a1d8fe9799f248e0a89b4af1c20a39e2 - - default default] Added segment 3c4ee9aa-1f85-4e95-8b2c-1618d91b0c77 of type geneve for network 295d16bf-b674-4960-adaa-b4db985c829e
2026-05-25 01:58:51.673 8 INFO neutron.db.ovn_revision_numbers_db [None req-1314cf23-94cc-4c40-b2b4-cb63bea33500 408e345d5b094688bdc590b8b54a7c08 8a2d1202343b48e883ce9268e30b3df8 - - default default] Successfully bumped revision number for resource bfdd63de-0d18-40c9-920b-b4177c744963 (type: security_group_rules) to 0 [pid: 8|app: 0|req: 857/1778] 10.0.0.7 () {34 vars in 692 bytes} [Mon May 25 01:58:51 2026] POST /v2.0/security-group-rules => generated 606 bytes in 173 msecs (HTTP/1.1 201) 4 headers in 162 bytes (1 switches on core 0)
2026-05-25 01:58:51.762 7 INFO neutron.db.ovn_revision_numbers_db [None req-a781d65c-5b76-493f-897a-310464be7f45 bf5ecaea647f4187a4f3933f4f13f053 a1d8fe9799f248e0a89b4af1c20a39e2 - - default default] Successfully bumped revision number for resource 295d16bf-b674-4960-adaa-b4db985c829e (type: networks) to 1
2026-05-25 01:58:51.845 7 WARNING neutron.plugins.ml2.drivers.ovn.mech_driver.ovsdb.ovn_client [None req-51e0a411-4c50-4239-b7f9-313ebfb049a4 - - - - - -] No hosting information found for port dd79ce01-c6b1-4e9b-8369-a60ecafa3bd7: RuntimeError: No hosting information found for port dd79ce01-c6b1-4e9b-8369-a60ecafa3bd7
2026-05-25 01:58:52.002 7 INFO neutron.db.ovn_revision_numbers_db [None req-51e0a411-4c50-4239-b7f9-313ebfb049a4 - - - - - -] Successfully bumped revision number for resource dd79ce01-c6b1-4e9b-8369-a60ecafa3bd7 (type: router_ports) to 2
2026-05-25 01:58:52.005 7 INFO neutron.plugins.ml2.drivers.ovn.mech_driver.mech_driver [None req-51e0a411-4c50-4239-b7f9-313ebfb049a4 - - - - - -] OVN reports status down for port: df2daefe-fa5b-4488-9ea5-cdae92cd9bd6 [pid: 8|app: 0|req: 858/1779] 10.0.0.253 () {34 vars in 1099 bytes} [Mon May 25 01:58:51 2026] GET /v2.0/security-groups?name=tempest-securitygroup--2109967266&fields=id&tenant_id=8c4a1cacb92742f0b35901286cbfd582 => generated 69 bytes in 35 msecs (HTTP/1.1 200) 4 headers in 156 bytes (1 switches on core 0)
2026-05-25 01:58:52.026 7 WARNING neutron.scheduler.dhcp_agent_scheduler [None req-a781d65c-5b76-493f-897a-310464be7f45 bf5ecaea647f4187a4f3933f4f13f053 a1d8fe9799f248e0a89b4af1c20a39e2 - - default default] No more DHCP agents
2026-05-25 01:58:52.031 7 WARNING neutron.api.rpc.agentnotifiers.dhcp_rpc_agent_api [None req-a781d65c-5b76-493f-897a-310464be7f45 bf5ecaea647f4187a4f3933f4f13f053 a1d8fe9799f248e0a89b4af1c20a39e2 - - default default] Unable to schedule network 295d16bf-b674-4960-adaa-b4db985c829e: no agents available; will retry on subsequent port and subnet creation events. [pid: 8|app: 0|req: 859/1780] 10.0.0.253 () {34 vars in 981 bytes} [Mon May 25 01:58:52 2026] GET /v2.0/networks?id=36bfc74c-0ff6-458f-a4b8-2a0ca4dcd3d8 => generated 714 bytes in 48 msecs (HTTP/1.1 200) 4 headers in 157 bytes (1 switches on core 0)
2026-05-25 01:58:52.100 8 INFO neutron.plugins.ml2.drivers.ovn.mech_driver.mech_driver [None req-f22e74e5-2a03-4c3c-95b9-d437eec939a3 - - - - - -] OVN reports status down for port: f83117fb-859d-4cd3-af7a-e47b5957d480
2026-05-25 01:58:52.114 7 WARNING neutron.plugins.ml2.drivers.ovn.mech_driver.ovsdb.ovn_client [None req-51e0a411-4c50-4239-b7f9-313ebfb049a4 - - - - - -] Logical_Switch_Port df2daefe-fa5b-4488-9ea5-cdae92cd9bd6 host information not removed, the port state is up
2026-05-25 01:58:52.115 7 INFO neutron.plugins.ml2.drivers.ovn.mech_driver.mech_driver [None req-51e0a411-4c50-4239-b7f9-313ebfb049a4 - - - - - -] OVN reports status down for port: f073f5b7-ff40-4803-af98-e2894eb8b02f
2026-05-25 01:58:52.169 7 INFO neutron.db.ovn_revision_numbers_db [None req-a781d65c-5b76-493f-897a-310464be7f45 bf5ecaea647f4187a4f3933f4f13f053 a1d8fe9799f248e0a89b4af1c20a39e2 - - default default] Successfully bumped revision number for resource f83117fb-859d-4cd3-af7a-e47b5957d480 (type: ports) to 1 [pid: 7|app: 0|req: 922/1781] 10.0.0.7 () {34 vars in 667 bytes} [Mon May 25 01:58:51 2026] POST /v2.0/networks => generated 670 bytes in 674 msecs (HTTP/1.1 201) 4 headers in 162 bytes (1 switches on core 0)
2026-05-25 01:58:52.225 7 INFO neutron.plugins.ml2.drivers.ovn.mech_driver.mech_driver [None req-51e0a411-4c50-4239-b7f9-313ebfb049a4 - - - - - -] OVN reports status up for port: df2daefe-fa5b-4488-9ea5-cdae92cd9bd6
2026-05-25 01:58:52.242 7 INFO neutron.plugins.ml2.plugin [None req-51e0a411-4c50-4239-b7f9-313ebfb049a4 - - - - - -] Attempt 1 to provision port df2daefe-fa5b-4488-9ea5-cdae92cd9bd6 [pid: 8|app: 0|req: 860/1782] 10.0.0.7 () {32 vars in 646 bytes} [Mon May 25 01:58:52 2026] GET /v2.0/networks => generated 1374 bytes in 246 msecs (HTTP/1.1 200) 4 headers in 158 bytes (1 switches on core 0) [pid: 8|app: 0|req: 861/1783] 10.0.0.253 () {34 vars in 964 bytes} [Mon May 25 01:58:52 2026] GET /v2.0/quotas/8c4a1cacb92742f0b35901286cbfd582 => generated 292 bytes in 8 msecs (HTTP/1.1 200) 4 headers in 157 bytes (1 switches on core 0)
2026-05-25 01:58:52.455 7 INFO neutron.db.ovn_revision_numbers_db [None req-28433d8b-5e06-42a2-9284-567e4853985d 64ec77263b354abf81e717698381e17c 21161f8ccd244dafb56465a854be96b9 - - default default] Successfully bumped revision number for resource 570ea8b7-daff-4085-b1df-11d1609e122d (type: security_groups) to 1
2026-05-25 01:58:52.475 7 INFO neutron.db.ovn_revision_numbers_db [None req-28433d8b-5e06-42a2-9284-567e4853985d 64ec77263b354abf81e717698381e17c 21161f8ccd244dafb56465a854be96b9 - - default default] Successfully bumped revision number for resource 46c0a4cf-7806-4e33-b085-1e313c0177e1 (type: security_group_rules) to 0
2026-05-25 01:58:52.493 7 INFO neutron.db.ovn_revision_numbers_db [None req-28433d8b-5e06-42a2-9284-567e4853985d 64ec77263b354abf81e717698381e17c 21161f8ccd244dafb56465a854be96b9 - - default default] Successfully bumped revision number for resource d3834072-736e-49a8-8673-7ab401f6b091 (type: security_group_rules) to 0
2026-05-25 01:58:52.513 7 INFO neutron.db.ovn_revision_numbers_db [None req-28433d8b-5e06-42a2-9284-567e4853985d 64ec77263b354abf81e717698381e17c 21161f8ccd244dafb56465a854be96b9 - - default default] Successfully bumped revision number for resource dd22d121-52aa-45b0-baae-4b49dc27a68f (type: security_group_rules) to 0
2026-05-25 01:58:52.532 7 INFO neutron.db.ovn_revision_numbers_db [None req-28433d8b-5e06-42a2-9284-567e4853985d 64ec77263b354abf81e717698381e17c 21161f8ccd244dafb56465a854be96b9 - - default default] Successfully bumped revision number for resource f7d5e5b3-db84-4d6f-b9c9-0880260f1a54 (type: security_group_rules) to 0
2026-05-25 01:58:52.535 8 WARNING neutron.scheduler.dhcp_agent_scheduler [None req-8cb2b3d2-3550-4d0c-828a-e28242600497 bf5ecaea647f4187a4f3933f4f13f053 a1d8fe9799f248e0a89b4af1c20a39e2 - - default default] No more DHCP agents
2026-05-25 01:58:52.536 8 WARNING neutron.api.rpc.agentnotifiers.dhcp_rpc_agent_api [None req-8cb2b3d2-3550-4d0c-828a-e28242600497 bf5ecaea647f4187a4f3933f4f13f053 a1d8fe9799f248e0a89b4af1c20a39e2 - - default default] Unable to schedule network 295d16bf-b674-4960-adaa-b4db985c829e: no agents available; will retry on subsequent port and subnet creation events.
2026-05-25 01:58:52.637 7 INFO neutron.db.segments_db [None req-28433d8b-5e06-42a2-9284-567e4853985d 64ec77263b354abf81e717698381e17c 21161f8ccd244dafb56465a854be96b9 - - default default] Added segment add90dff-62de-4f8c-a9c1-1fd9efdfbb53 of type geneve for network 73c42838-62ff-4e0a-a090-4bea5a3f09cb
2026-05-25 01:58:52.816 7 INFO neutron.db.ovn_revision_numbers_db [None req-51e0a411-4c50-4239-b7f9-313ebfb049a4 - - - - - -] Successfully bumped revision number for resource df2daefe-fa5b-4488-9ea5-cdae92cd9bd6 (type: ports) to 2
2026-05-25 01:58:52.887 7 INFO neutron.db.ovn_revision_numbers_db [None req-28433d8b-5e06-42a2-9284-567e4853985d 64ec77263b354abf81e717698381e17c 21161f8ccd244dafb56465a854be96b9 - - default default] Successfully bumped revision number for resource 73c42838-62ff-4e0a-a090-4bea5a3f09cb (type: networks) to 1
2026-05-25 01:58:53.005 8 INFO neutron.db.ovn_revision_numbers_db [None req-c6afb97c-956e-441a-88bc-b42cbafb4a83 - - - - - -] Successfully bumped revision number for resource f83117fb-859d-4cd3-af7a-e47b5957d480 (type: ports) to 2
2026-05-25 01:58:53.039 8 INFO neutron.db.ovn_revision_numbers_db [None req-c6afb97c-956e-441a-88bc-b42cbafb4a83 - - - - - -] Successfully bumped revision number for resource 2b81b8a1-6642-43a5-a07e-3987c9f77f81 (type: subnets) to 0 [pid: 8|app: 0|req: 862/1784] 10.0.0.7 () {34 vars in 666 bytes} [Mon May 25 01:58:52 2026] POST /v2.0/subnets => generated 629 bytes in 720 msecs (HTTP/1.1 201) 4 headers in 162 bytes (1 switches on core 0)
2026-05-25 01:58:53.092 7 WARNING neutron.scheduler.dhcp_agent_scheduler [None req-28433d8b-5e06-42a2-9284-567e4853985d 64ec77263b354abf81e717698381e17c 21161f8ccd244dafb56465a854be96b9 - - default default] No more DHCP agents
2026-05-25 01:58:53.093 7 WARNING neutron.api.rpc.agentnotifiers.dhcp_rpc_agent_api [None req-28433d8b-5e06-42a2-9284-567e4853985d 64ec77263b354abf81e717698381e17c 21161f8ccd244dafb56465a854be96b9 - - default default] Unable to schedule network 73c42838-62ff-4e0a-a090-4bea5a3f09cb: no agents available; will retry on subsequent port and subnet creation events. [pid: 8|app: 0|req: 863/1785] 10.0.0.253 () {34 vars in 1001 bytes} [Mon May 25 01:58:53 2026] GET /v2.0/ports?tenant_id=8c4a1cacb92742f0b35901286cbfd582&fields=id => generated 103 bytes in 67 msecs (HTTP/1.1 200) 4 headers in 157 bytes (1 switches on core 0) [pid: 8|app: 0|req: 864/1786] 10.0.0.253 () {34 vars in 1097 bytes} [Mon May 25 01:58:53 2026] GET /v2.0/security-groups?name=tempest-secgroup-smoke-691831741&fields=id&tenant_id=8a2d1202343b48e883ce9268e30b3df8 => generated 69 bytes in 49 msecs (HTTP/1.1 200) 4 headers in 156 bytes (1 switches on core 0)
2026-05-25 01:58:53.186 7 INFO neutron.db.ovn_revision_numbers_db [None req-28433d8b-5e06-42a2-9284-567e4853985d 64ec77263b354abf81e717698381e17c 21161f8ccd244dafb56465a854be96b9 - - default default] Successfully bumped revision number for resource 5a474e29-704f-4de9-b479-627ad6c5fa64 (type: ports) to 1 [pid: 7|app: 0|req: 923/1787] 10.0.0.7 () {34 vars in 668 bytes} [Mon May 25 01:58:52 2026] POST /v2.0/networks => generated 782 bytes in 994 msecs (HTTP/1.1 201) 4 headers in 162 bytes (1 switches on core 0) [pid: 7|app: 0|req: 924/1788] 10.0.0.253 () {34 vars in 1007 bytes} [Mon May 25 01:58:53 2026] GET /v2.0/networks/36bfc74c-0ff6-458f-a4b8-2a0ca4dcd3d8?fields=segments => generated 14 bytes in 38 msecs (HTTP/1.1 200) 4 headers in 156 bytes (1 switches on core 0)
2026-05-25 01:58:53.255 8 INFO neutron.db.segments_db [None req-36bd1631-da4d-4531-abce-6da4b665c454 bf5ecaea647f4187a4f3933f4f13f053 a1d8fe9799f248e0a89b4af1c20a39e2 - - default default] Added segment b78842e7-0054-41f8-9a4e-06581ab8e1f8 of type geneve for network fe847863-0889-4cba-bbb9-16a75b8e143e [pid: 7|app: 0|req: 925/1789] 10.0.0.253 () {34 vars in 981 bytes} [Mon May 25 01:58:53 2026] GET /v2.0/networks?id=96d5395f-8bbf-404d-afd0-8597645dbdc0 => generated 699 bytes in 42 msecs (HTTP/1.1 200) 4 headers in 157 bytes (1 switches on core 0)
2026-05-25 01:58:53.385 8 INFO neutron.db.ovn_revision_numbers_db [None req-36bd1631-da4d-4531-abce-6da4b665c454 bf5ecaea647f4187a4f3933f4f13f053 a1d8fe9799f248e0a89b4af1c20a39e2 - - default default] Successfully bumped revision number for resource fe847863-0889-4cba-bbb9-16a75b8e143e (type: networks) to 1
2026-05-25 01:58:53.443 7 WARNING neutron.scheduler.dhcp_agent_scheduler [None req-280478a1-ffdb-4c5d-99d8-0e2cf0a333f8 64ec77263b354abf81e717698381e17c 21161f8ccd244dafb56465a854be96b9 - - default default] No more DHCP agents
2026-05-25 01:58:53.444 7 WARNING neutron.api.rpc.agentnotifiers.dhcp_rpc_agent_api [None req-280478a1-ffdb-4c5d-99d8-0e2cf0a333f8 64ec77263b354abf81e717698381e17c 21161f8ccd244dafb56465a854be96b9 - - default default] Unable to schedule network 73c42838-62ff-4e0a-a090-4bea5a3f09cb: no agents available; will retry on subsequent port and subnet creation events.
2026-05-25 01:58:53.562 8 WARNING neutron.scheduler.dhcp_agent_scheduler [None req-36bd1631-da4d-4531-abce-6da4b665c454 bf5ecaea647f4187a4f3933f4f13f053 a1d8fe9799f248e0a89b4af1c20a39e2 - - default default] No more DHCP agents
2026-05-25 01:58:53.563 8 WARNING neutron.api.rpc.agentnotifiers.dhcp_rpc_agent_api [None req-36bd1631-da4d-4531-abce-6da4b665c454 bf5ecaea647f4187a4f3933f4f13f053 a1d8fe9799f248e0a89b4af1c20a39e2 - - default default] Unable to schedule network fe847863-0889-4cba-bbb9-16a75b8e143e: no agents available; will retry on subsequent port and subnet creation events.
2026-05-25 01:58:53.624 8 INFO neutron.plugins.ml2.drivers.ovn.mech_driver.mech_driver [None req-f22e74e5-2a03-4c3c-95b9-d437eec939a3 - - - - - -] OVN reports status down for port: b3f2b126-c36d-4853-bfdf-464ef74d77f8
2026-05-25 01:58:53.684 8 INFO neutron.db.ovn_revision_numbers_db [None req-36bd1631-da4d-4531-abce-6da4b665c454 bf5ecaea647f4187a4f3933f4f13f053 a1d8fe9799f248e0a89b4af1c20a39e2 - - default default] Successfully bumped revision number for resource b3f2b126-c36d-4853-bfdf-464ef74d77f8 (type: ports) to 1 [pid: 8|app: 0|req: 865/1790] 10.0.0.7 () {34 vars in 667 bytes} [Mon May 25 01:58:53 2026] POST /v2.0/networks => generated 670 bytes in 564 msecs (HTTP/1.1 201) 4 headers in 162 bytes (1 switches on core 0) [pid: 8|app: 0|req: 866/1791] 10.0.0.253 () {34 vars in 1107 bytes} [Mon May 25 01:58:53 2026] GET /v2.0/networks/36bfc74c-0ff6-458f-a4b8-2a0ca4dcd3d8?fields=provider%3Aphysical_network&fields=provider%3Anetwork_type => generated 79 bytes in 40 msecs (HTTP/1.1 200) 4 headers in 156 bytes (1 switches on core 0) [pid: 8|app: 0|req: 867/1792] 10.0.0.253 () {34 vars in 964 bytes} [Mon May 25 01:58:53 2026] GET /v2.0/quotas/8a2d1202343b48e883ce9268e30b3df8 => generated 292 bytes in 15 msecs (HTTP/1.1 200) 4 headers in 157 bytes (1 switches on core 0)
2026-05-25 01:58:53.930 7 INFO neutron.db.ovn_revision_numbers_db [None req-af499250-d56a-43c3-8364-3defe8d9c7c6 - - - - - -] Successfully bumped revision number for resource 5a474e29-704f-4de9-b479-627ad6c5fa64 (type: ports) to 2
2026-05-25 01:58:53.966 7 INFO neutron.db.ovn_revision_numbers_db [None req-af499250-d56a-43c3-8364-3defe8d9c7c6 - - - - - -] Successfully bumped revision number for resource 21985bb0-cfff-4c76-acf5-d8dcfb2bf03d (type: subnets) to 0
2026-05-25 01:58:53.968 8 WARNING neutron.scheduler.dhcp_agent_scheduler [None req-dcb2df90-8a8b-4429-8ac8-791187cee7d7 bf5ecaea647f4187a4f3933f4f13f053 a1d8fe9799f248e0a89b4af1c20a39e2 - - default default] No more DHCP agents
2026-05-25 01:58:53.969 8 WARNING neutron.api.rpc.agentnotifiers.dhcp_rpc_agent_api [None req-dcb2df90-8a8b-4429-8ac8-791187cee7d7 bf5ecaea647f4187a4f3933f4f13f053 a1d8fe9799f248e0a89b4af1c20a39e2 - - default default] Unable to schedule network fe847863-0889-4cba-bbb9-16a75b8e143e: no agents available; will retry on subsequent port and subnet creation events. [pid: 7|app: 0|req: 926/1793] 10.0.0.7 () {34 vars in 666 bytes} [Mon May 25 01:58:53 2026] POST /v2.0/subnets => generated 688 bytes in 692 msecs (HTTP/1.1 201) 4 headers in 162 bytes (1 switches on core 0) [pid: 7|app: 0|req: 927/1794] 10.0.0.253 () {34 vars in 1001 bytes} [Mon May 25 01:58:53 2026] GET /v2.0/ports?tenant_id=8a2d1202343b48e883ce9268e30b3df8&fields=id => generated 149 bytes in 72 msecs (HTTP/1.1 200) 4 headers in 157 bytes (1 switches on core 0) [pid: 7|app: 0|req: 928/1795] 10.0.0.253 () {34 vars in 989 bytes} [Mon May 25 01:58:54 2026] GET /v2.0/ports?device_id=655f434b-aaba-4c6f-8158-8a8fef5c6a80 => generated 12 bytes in 15 msecs (HTTP/1.1 200) 4 headers in 156 bytes (1 switches on core 0)
2026-05-25 01:58:54.401 8 INFO neutron.db.ovn_revision_numbers_db [None req-c56e7714-0b91-4a05-83a8-31b7dbb41470 - - - - - -] Successfully bumped revision number for resource b3f2b126-c36d-4853-bfdf-464ef74d77f8 (type: ports) to 2
2026-05-25 01:58:54.432 8 INFO neutron.db.ovn_revision_numbers_db [None req-c56e7714-0b91-4a05-83a8-31b7dbb41470 - - - - - -] Successfully bumped revision number for resource acb64ab2-640a-46d7-b75d-43fd4e668bde (type: subnets) to 0 [pid: 8|app: 0|req: 868/1796] 10.0.0.7 () {34 vars in 666 bytes} [Mon May 25 01:58:53 2026] POST /v2.0/subnets => generated 629 bytes in 655 msecs (HTTP/1.1 201) 4 headers in 162 bytes (1 switches on core 0)
2026-05-25 01:58:54.482 7 WARNING neutron.scheduler.dhcp_agent_scheduler [None req-62ede178-6ebe-454e-b485-2f305fc68c19 64ec77263b354abf81e717698381e17c 21161f8ccd244dafb56465a854be96b9 - - default default] No more DHCP agents
2026-05-25 01:58:54.483 7 WARNING neutron.api.rpc.agentnotifiers.dhcp_rpc_agent_api [None req-62ede178-6ebe-454e-b485-2f305fc68c19 64ec77263b354abf81e717698381e17c 21161f8ccd244dafb56465a854be96b9 - - default default] Unable to schedule network 8cf2577f-b85c-4638-bb04-b238ae721dbd: no agents available; will retry on subsequent port and subnet creation events. [pid: 8|app: 0|req: 869/1797] 10.0.0.253 () {34 vars in 1007 bytes} [Mon May 25 01:58:54 2026] GET /v2.0/networks/96d5395f-8bbf-404d-afd0-8597645dbdc0?fields=segments => generated 14 bytes in 36 msecs (HTTP/1.1 200) 4 headers in 156 bytes (1 switches on core 0)
2026-05-25 01:58:54.563 8 INFO neutron.db.segments_db [None req-90fd59b2-28a8-43e6-9cff-be78e8a72a8a bf5ecaea647f4187a4f3933f4f13f053 a1d8fe9799f248e0a89b4af1c20a39e2 - - default default] Added segment 685432d5-1342-4cd3-a1ce-4256483fc4f4 of type geneve for network 02d8ffdc-6153-43ef-b9a7-fdb5b7433b64
2026-05-25 01:58:54.653 7 INFO neutron.db.ovn_revision_numbers_db [None req-62ede178-6ebe-454e-b485-2f305fc68c19 64ec77263b354abf81e717698381e17c 21161f8ccd244dafb56465a854be96b9 - - default default] Successfully bumped revision number for resource 0f8e28a8-2e40-4559-959c-16339ec58556 (type: ports) to 1
2026-05-25 01:58:54.689 8 INFO neutron.db.ovn_revision_numbers_db [None req-90fd59b2-28a8-43e6-9cff-be78e8a72a8a bf5ecaea647f4187a4f3933f4f13f053 a1d8fe9799f248e0a89b4af1c20a39e2 - - default default] Successfully bumped revision number for resource 02d8ffdc-6153-43ef-b9a7-fdb5b7433b64 (type: networks) to 1
2026-05-25 01:58:54.850 8 WARNING neutron.scheduler.dhcp_agent_scheduler [None req-90fd59b2-28a8-43e6-9cff-be78e8a72a8a bf5ecaea647f4187a4f3933f4f13f053 a1d8fe9799f248e0a89b4af1c20a39e2 - - default default] No more DHCP agents
2026-05-25 01:58:54.851 8 WARNING neutron.api.rpc.agentnotifiers.dhcp_rpc_agent_api [None req-90fd59b2-28a8-43e6-9cff-be78e8a72a8a bf5ecaea647f4187a4f3933f4f13f053 a1d8fe9799f248e0a89b4af1c20a39e2 - - default default] Unable to schedule network 02d8ffdc-6153-43ef-b9a7-fdb5b7433b64: no agents available; will retry on subsequent port and subnet creation events.
2026-05-25 01:58:54.921 8 INFO neutron.db.ovn_revision_numbers_db [None req-90fd59b2-28a8-43e6-9cff-be78e8a72a8a bf5ecaea647f4187a4f3933f4f13f053 a1d8fe9799f248e0a89b4af1c20a39e2 - - default default] Successfully bumped revision number for resource a1cb996a-e9d5-47cf-9a85-cdb6ca2e04c1 (type: ports) to 1 [pid: 8|app: 0|req: 870/1798] 10.0.0.7 () {34 vars in 667 bytes} [Mon May 25 01:58:54 2026] POST /v2.0/networks => generated 669 bytes in 458 msecs (HTTP/1.1 201) 4 headers in 162 bytes (1 switches on core 0) [pid: 8|app: 0|req: 871/1799] 10.0.0.253 () {34 vars in 1107 bytes} [Mon May 25 01:58:54 2026] GET /v2.0/networks/96d5395f-8bbf-404d-afd0-8597645dbdc0?fields=provider%3Aphysical_network&fields=provider%3Anetwork_type => generated 79 bytes in 41 msecs (HTTP/1.1 200) 4 headers in 156 bytes (1 switches on core 0)
2026-05-25 01:58:55.167 8 WARNING neutron.scheduler.dhcp_agent_scheduler [None req-a1a63f94-81b6-4481-bda0-2f7825c6caff bf5ecaea647f4187a4f3933f4f13f053 a1d8fe9799f248e0a89b4af1c20a39e2 - - default default] No more DHCP agents
2026-05-25 01:58:55.168 8 WARNING neutron.api.rpc.agentnotifiers.dhcp_rpc_agent_api [None req-a1a63f94-81b6-4481-bda0-2f7825c6caff bf5ecaea647f4187a4f3933f4f13f053 a1d8fe9799f248e0a89b4af1c20a39e2 - - default default] Unable to schedule network 02d8ffdc-6153-43ef-b9a7-fdb5b7433b64: no agents available; will retry on subsequent port and subnet creation events.
2026-05-25 01:58:55.266 7 INFO neutron.plugins.ml2.drivers.ovn.mech_driver.ovsdb.commands [None req-8f3e287a-ff9d-4c63-b0c8-892660da512a - - - - - -] Schedule LRP lrp-0f8e28a8-2e40-4559-959c-16339ec58556 on gateway 8ed15042-9ff5-4ec1-be8f-d6880e8c5fb7 with priority 1
2026-05-25 01:58:55.320 7 INFO neutron.plugins.ml2.drivers.ovn.mech_driver.ovsdb.ovsdb_monitor [None req-5571624f-9730-4dc9-b9ac-2c19ff673b45 - - - - - -] Router 25512e9a-6f90-4344-a916-52bab3b92e36 is bound to host instance
2026-05-25 01:58:55.635 8 INFO neutron.db.ovn_revision_numbers_db [None req-c81946bc-5900-4d4c-bc28-51113de588b8 - - - - - -] Successfully bumped revision number for resource a1cb996a-e9d5-47cf-9a85-cdb6ca2e04c1 (type: ports) to 2
2026-05-25 01:58:55.661 8 INFO neutron.db.ovn_revision_numbers_db [None req-c81946bc-5900-4d4c-bc28-51113de588b8 - - - - - -] Successfully bumped revision number for resource 867a2f8c-971f-4665-b3db-eb87ec243ac1 (type: subnets) to 0 [pid: 8|app: 0|req: 872/1800] 10.0.0.7 () {34 vars in 666 bytes} [Mon May 25 01:58:54 2026] POST /v2.0/subnets => generated 629 bytes in 698 msecs (HTTP/1.1 201) 4 headers in 162 bytes (1 switches on core 0) [pid: 8|app: 0|req: 873/1801] 10.0.0.253 () {34 vars in 989 bytes} [Mon May 25 01:58:55 2026] GET /v2.0/ports?device_id=43856b3b-49ee-4d4f-9f37-96f0a1a5cfb9 => generated 12 bytes in 18 msecs (HTTP/1.1 200) 4 headers in 156 bytes (1 switches on core 0) [pid: 8|app: 0|req: 874/1802] 10.0.0.253 () {34 vars in 989 bytes} [Mon May 25 01:58:55 2026] GET /v2.0/ports?device_id=655f434b-aaba-4c6f-8158-8a8fef5c6a80 => generated 12 bytes in 16 msecs (HTTP/1.1 200) 4 headers in 156 bytes (1 switches on core 0) [pid: 8|app: 0|req: 875/1803] 10.0.0.7 () {34 vars in 748 bytes} [Mon May 25 01:58:55 2026] PUT /v2.0/subnets/4c255518-2411-4e25-ba0b-8d90b1ba32e3/tags => generated 17 bytes in 58 msecs (HTTP/1.1 200) 4 headers in 156 bytes (1 switches on core 0) [pid: 8|app: 0|req: 876/1804] 10.0.0.7 () {34 vars in 748 bytes} [Mon May 25 01:58:55 2026] PUT /v2.0/subnets/5c35075d-58eb-4603-a5d0-5354f5de3b14/tags => generated 25 bytes in 62 msecs (HTTP/1.1 200) 4 headers in 156 bytes (1 switches on core 0) [pid: 8|app: 0|req: 877/1805] 10.0.0.7 () {34 vars in 748 bytes} [Mon May 25 01:58:55 2026] PUT /v2.0/subnets/2b81b8a1-6642-43a5-a07e-3987c9f77f81/tags => generated 34 bytes in 52 msecs (HTTP/1.1 200) 4 headers in 156 bytes (1 switches on core 0)
2026-05-25 01:58:55.912 7 INFO neutron.db.ovn_revision_numbers_db [None req-62ede178-6ebe-454e-b485-2f305fc68c19 64ec77263b354abf81e717698381e17c 21161f8ccd244dafb56465a854be96b9 - - default default] Successfully bumped revision number for resource 0f8e28a8-2e40-4559-959c-16339ec58556 (type: router_ports) to 1 [pid: 8|app: 0|req: 878/1806] 10.0.0.7 () {34 vars in 748 bytes} [Mon May 25 01:58:55 2026] PUT /v2.0/subnets/acb64ab2-640a-46d7-b75d-43fd4e668bde/tags => generated 19 bytes in 43 msecs (HTTP/1.1 200) 4 headers in 156 bytes (1 switches on core 0) [pid: 8|app: 0|req: 879/1807] 10.0.0.7 () {32 vars in 661 bytes} [Mon May 25 01:58:55 2026] GET /v2.0/subnets?tags=red => generated 1904 bytes in 41 msecs (HTTP/1.1 200) 4 headers in 158 bytes (1 switches on core 0)
2026-05-25 01:58:56.017 7 INFO neutron.db.ovn_revision_numbers_db [None req-62ede178-6ebe-454e-b485-2f305fc68c19 64ec77263b354abf81e717698381e17c 21161f8ccd244dafb56465a854be96b9 - - default default] Successfully bumped revision number for resource 25512e9a-6f90-4344-a916-52bab3b92e36 (type: routers) to 2 [pid: 8|app: 0|req: 880/1808] 10.0.0.7 () {32 vars in 675 bytes} [Mon May 25 01:58:55 2026] GET /v2.0/subnets?tags=red%2Cblue => generated 1283 bytes in 42 msecs (HTTP/1.1 200) 4 headers in 158 bytes (1 switches on core 0) [pid: 7|app: 0|req: 929/1809] 10.0.0.7 () {34 vars in 666 bytes} [Mon May 25 01:58:54 2026] POST /v2.0/routers => generated 966 bytes in 1974 msecs (HTTP/1.1 201) 4 headers in 162 bytes (1 switches on core 0) [pid: 8|app: 0|req: 881/1810] 10.0.0.7 () {32 vars in 671 bytes} [Mon May 25 01:58:56 2026] GET /v2.0/subnets?tags-any=blue => generated 1283 bytes in 45 msecs (HTTP/1.1 200) 4 headers in 158 bytes (1 switches on core 0) [pid: 8|app: 0|req: 882/1811] 10.0.0.7 () {32 vars in 683 bytes} [Mon May 25 01:58:56 2026] GET /v2.0/subnets?tags-any=red%2Cblue => generated 1904 bytes in 33 msecs (HTTP/1.1 200) 4 headers in 158 bytes (1 switches on core 0) [pid: 8|app: 0|req: 883/1812] 10.0.0.7 () {32 vars in 669 bytes} [Mon May 25 01:58:56 2026] GET /v2.0/subnets?not-tags=red => generated 1894 bytes in 44 msecs (HTTP/1.1 200) 4 headers in 158 bytes (1 switches on core 0) [pid: 8|app: 0|req: 884/1813] 10.0.0.7 () {32 vars in 683 bytes} [Mon May 25 01:58:56 2026] GET /v2.0/subnets?not-tags=red%2Cblue => generated 2515 bytes in 52 msecs (HTTP/1.1 200) 4 headers in 158 bytes (1 switches on core 0) [pid: 8|app: 0|req: 885/1814] 10.0.0.7 () {32 vars in 679 bytes} [Mon May 25 01:58:56 2026] GET /v2.0/subnets?not-tags-any=blue => generated 2515 bytes in 67 msecs (HTTP/1.1 200) 4 headers in 158 bytes (1 switches on core 0) [pid: 8|app: 0|req: 886/1815] 10.0.0.7 () {32 vars in 691 bytes} [Mon May 25 01:58:56 2026] GET /v2.0/subnets?not-tags-any=red%2Cblue => generated 1894 bytes in 55 msecs (HTTP/1.1 200) 4 headers in 158 bytes (1 switches on core 0) [pid: 8|app: 0|req: 887/1816] 10.0.0.7 () {32 vars in 721 bytes} [Mon May 25 01:58:56 2026] DELETE /v2.0/subnets/4c255518-2411-4e25-ba0b-8d90b1ba32e3 => generated 0 bytes in 239 msecs (HTTP/1.1 204) 3 headers in 131 bytes (1 switches on core 0) [pid: 8|app: 0|req: 888/1817] 10.0.0.7 () {32 vars in 721 bytes} [Mon May 25 01:58:56 2026] DELETE /v2.0/subnets/5c35075d-58eb-4603-a5d0-5354f5de3b14 => generated 0 bytes in 211 msecs (HTTP/1.1 204) 3 headers in 131 bytes (1 switches on core 0) [pid: 8|app: 0|req: 889/1818] 10.0.0.253 () {34 vars in 989 bytes} [Mon May 25 01:58:56 2026] GET /v2.0/ports?device_id=43856b3b-49ee-4d4f-9f37-96f0a1a5cfb9 => generated 12 bytes in 21 msecs (HTTP/1.1 200) 4 headers in 156 bytes (1 switches on core 0) [pid: 8|app: 0|req: 890/1819] 10.0.0.253 () {34 vars in 989 bytes} [Mon May 25 01:58:56 2026] GET /v2.0/ports?device_id=655f434b-aaba-4c6f-8158-8a8fef5c6a80 => generated 12 bytes in 18 msecs (HTTP/1.1 200) 4 headers in 156 bytes (1 switches on core 0)
2026-05-25 01:58:56.990 7 WARNING neutron.scheduler.dhcp_agent_scheduler [None req-8fcc3897-b2da-43e1-9f54-e6dd27f7d51f 64ec77263b354abf81e717698381e17c 21161f8ccd244dafb56465a854be96b9 - - default default] No more DHCP agents
2026-05-25 01:58:56.995 7 WARNING neutron.api.rpc.agentnotifiers.dhcp_rpc_agent_api [None req-8fcc3897-b2da-43e1-9f54-e6dd27f7d51f 64ec77263b354abf81e717698381e17c 21161f8ccd244dafb56465a854be96b9 - - default default] Unable to schedule network 73c42838-62ff-4e0a-a090-4bea5a3f09cb: no agents available; will retry on subsequent port and subnet creation events. [pid: 8|app: 0|req: 891/1820] 10.0.0.7 () {32 vars in 721 bytes} [Mon May 25 01:58:56 2026] DELETE /v2.0/subnets/2b81b8a1-6642-43a5-a07e-3987c9f77f81 => generated 0 bytes in 213 msecs (HTTP/1.1 204) 3 headers in 131 bytes (1 switches on core 0)
2026-05-25 01:58:57.234 8 INFO neutron.plugins.ml2.drivers.ovn.mech_driver.mech_driver [None req-f22e74e5-2a03-4c3c-95b9-d437eec939a3 - - - - - -] OVN reports status down for port: bc1037cf-e8c6-41f0-a37f-410e557dc1d8
2026-05-25 01:58:57.282 7 INFO neutron.db.ovn_revision_numbers_db [None req-8fcc3897-b2da-43e1-9f54-e6dd27f7d51f 64ec77263b354abf81e717698381e17c 21161f8ccd244dafb56465a854be96b9 - - default default] Successfully bumped revision number for resource bc1037cf-e8c6-41f0-a37f-410e557dc1d8 (type: ports) to 1 [pid: 8|app: 0|req: 892/1821] 10.0.0.7 () {32 vars in 721 bytes} [Mon May 25 01:58:57 2026] DELETE /v2.0/subnets/acb64ab2-640a-46d7-b75d-43fd4e668bde => generated 0 bytes in 261 msecs (HTTP/1.1 204) 3 headers in 131 bytes (1 switches on core 0)
2026-05-25 01:58:57.524 7 WARNING neutron.plugins.ml2.drivers.ovn.mech_driver.ovsdb.ovn_client [None req-7fd7e8c3-bfae-4195-a09b-f579a9a16156 - - - - - -] No hosting information found for port df2daefe-fa5b-4488-9ea5-cdae92cd9bd6: RuntimeError: No hosting information found for port df2daefe-fa5b-4488-9ea5-cdae92cd9bd6 [pid: 8|app: 0|req: 893/1822] 10.0.0.7 () {32 vars in 721 bytes} [Mon May 25 01:58:57 2026] DELETE /v2.0/subnets/867a2f8c-971f-4665-b3db-eb87ec243ac1 => generated 0 bytes in 187 msecs (HTTP/1.1 204) 3 headers in 131 bytes (1 switches on core 0)
2026-05-25 01:58:57.599 7 INFO neutron.db.ovn_revision_numbers_db [None req-492be7f4-8f5c-43b0-8b3c-5c0cbd3d80bf - - - - - -] Successfully bumped revision number for resource 0f8e28a8-2e40-4559-959c-16339ec58556 (type: ports) to 4
