2026-05-12 06:54:10.200 10 INFO neutron.wsgi [None req-fcba7417-a04f-490b-b7cd-309bedee144f fa699555e6b94bae9ca1660f8db6e316 c337b17863124e8eb99cc60bdc349716 - - default default] 10.0.0.253 "DELETE /v2.0/subnets/4d7a6ea9-a3b8-4ffb-87b2-ee44126096b9 HTTP/1.1" status: 204 len: 168 time: 0.2409620
2026-05-12 06:54:10.220 9 INFO neutron.wsgi [None req-ba56adbf-fede-445f-80ad-24036f01d8c1 d089cde1277e48ef96bb32779d25c206 1573c6c6e2184271b06c121a8f737110 - - default default] 10.0.0.253 "GET /v2.0/subnetpools?not-tags=red%2Cblue HTTP/1.1" status: 200 len: 1730 time: 0.0338519
2026-05-12 06:54:10.252 9 INFO neutron.wsgi [None req-803a5a32-d078-428e-990f-1270c34b2fce d089cde1277e48ef96bb32779d25c206 1573c6c6e2184271b06c121a8f737110 - - default default] 10.0.0.253 "GET /v2.0/subnetpools?not-tags-any=blue HTTP/1.1" status: 200 len: 1730 time: 0.0256417
2026-05-12 06:54:10.276 9 INFO neutron.wsgi [None req-8dbe9a50-cb46-4cb2-a393-f53df9605cd6 d089cde1277e48ef96bb32779d25c206 1573c6c6e2184271b06c121a8f737110 - - default default] 10.0.0.253 "GET /v2.0/subnetpools?not-tags-any=red%2Cblue HTTP/1.1" status: 200 len: 1223 time: 0.0185559
2026-05-12 06:54:10.386 10 INFO neutron.wsgi [None req-c7ca1cd7-7026-40d4-843d-138a5377d7a9 d089cde1277e48ef96bb32779d25c206 1573c6c6e2184271b06c121a8f737110 - - default default] 10.0.0.253 "DELETE /v2.0/subnetpools/3b3a0df2-b15e-4174-b6e2-116fb065224f HTTP/1.1" status: 204 len: 168 time: 0.1011078
2026-05-12 06:54:10.459 9 INFO neutron.wsgi [None req-beac9f5b-ecd2-4673-8a2a-e85ea71ae465 d089cde1277e48ef96bb32779d25c206 1573c6c6e2184271b06c121a8f737110 - - default default] 10.0.0.253 "DELETE /v2.0/subnetpools/365b9be9-11c7-49b7-a6c2-9bb0a3256da5 HTTP/1.1" status: 204 len: 168 time: 0.0676906
2026-05-12 06:54:10.539 10 INFO neutron.wsgi [None req-8c0bf7cc-809d-4b44-a2aa-f0a784f9f2c9 990bf70198e944a0840b7be539088648 b4ac6bafd593455e96c5c97ef2646451 - - default default] 10.0.0.253 "PUT /v2.0/routers/227f579e-59f8-4641-8d71-db8937dfcf64/remove_router_interface HTTP/1.1" status: 200 len: 503 time: 0.8999529
2026-05-12 06:54:10.578 10 INFO neutron.wsgi [None req-74332693-2e9d-4e24-9ed5-596c12ea8404 d089cde1277e48ef96bb32779d25c206 1573c6c6e2184271b06c121a8f737110 - - default default] 10.0.0.253 "DELETE /v2.0/subnetpools/7db4f7bb-f241-417a-bf97-7ca15a82380f HTTP/1.1" status: 204 len: 168 time: 0.1131463
2026-05-12 06:54:10.624 9 INFO neutron.api.v2.resource [None req-d2344ae7-8f08-4135-a8bb-cb91c7d5ed6d 990bf70198e944a0840b7be539088648 b4ac6bafd593455e96c5c97ef2646451 - - default default] remove_router_interface failed (client error): The resource could not be found.
2026-05-12 06:54:10.625 9 INFO neutron.wsgi [None req-d2344ae7-8f08-4135-a8bb-cb91c7d5ed6d 990bf70198e944a0840b7be539088648 b4ac6bafd593455e96c5c97ef2646451 - - default default] 10.0.0.253 "PUT /v2.0/routers/227f579e-59f8-4641-8d71-db8937dfcf64/remove_router_interface HTTP/1.1" status: 404 len: 398 time: 0.0791075 /var/lib/openstack/lib/python3.10/site-packages/pycadf/identifier.py:71: UserWarning: Invalid uuid: neutron. To ensure interoperability, identifiers should be a valid uuid. warnings.warn(('Invalid uuid: %s. To ensure interoperability, '
2026-05-12 06:54:10.657 9 WARNING neutron.scheduler.dhcp_agent_scheduler [None req-eaec9286-3f4d-4c53-b059-df358ac953b4 019149a9a30e40a7b64628fab7aa8595 df08dbf08bb540d3837b5032eb653c4a - - default default] No more DHCP agents
2026-05-12 06:54:10.662 9 WARNING neutron.api.rpc.agentnotifiers.dhcp_rpc_agent_api [None req-eaec9286-3f4d-4c53-b059-df358ac953b4 019149a9a30e40a7b64628fab7aa8595 df08dbf08bb540d3837b5032eb653c4a - - default default] Unable to schedule network ff91ceb7-486c-406f-8024-41dd8c78d6eb: no agents available; will retry on subsequent port and subnet creation events.
2026-05-12 06:54:10.663 10 INFO neutron.wsgi [None req-02aca916-a69e-4a56-ab0f-ebebabd0d546 990bf70198e944a0840b7be539088648 b4ac6bafd593455e96c5c97ef2646451 - - default default] 10.0.0.253 "GET /v2.0/ports?device_id=227f579e-59f8-4641-8d71-db8937dfcf64 HTTP/1.1" status: 200 len: 205 time: 0.0304327
2026-05-12 06:54:10.690 9 INFO neutron.wsgi [None req-3367916c-68ad-48c3-bbfc-50facf93dda7 d089cde1277e48ef96bb32779d25c206 1573c6c6e2184271b06c121a8f737110 - - default default] 10.0.0.253 "DELETE /v2.0/subnetpools/e83223b7-7cf4-4b89-8bb2-9f60e6c7b009 HTTP/1.1" status: 204 len: 168 time: 0.1030188
2026-05-12 06:54:10.769 10 INFO neutron.services.segments.plugin [-] Segment 87426ec8-f19b-45c4-b171-88cf5afa1401 resource provider aggregate not found
2026-05-12 06:54:10.774 10 INFO neutron.services.segments.plugin [-] Segment 87426ec8-f19b-45c4-b171-88cf5afa1401 resource provider aggregate not found
2026-05-12 06:54:10.812 10 INFO neutron.services.segments.plugin [-] Segment 87426ec8-f19b-45c4-b171-88cf5afa1401 resource provider not found; error: Placement Client Error (4xx): {"errors": [{"status": 404, "title": "Not Found", "detail": "The resource could not be found.\n\n No resource provider with uuid 87426ec8-f19b-45c4-b171-88cf5afa1401 found for delete ", "request_id": "req-2c177c3c-89fa-4753-b038-24a91c594376"}]}
2026-05-12 06:54:10.813 10 INFO neutron.services.segments.plugin [-] Segment 87426ec8-f19b-45c4-b171-88cf5afa1401 resource provider not found; error: Placement Client Error (4xx): {"errors": [{"status": 404, "title": "Not Found", "detail": "The resource could not be found.\n\n No resource provider with uuid 87426ec8-f19b-45c4-b171-88cf5afa1401 found for delete ", "request_id": "req-cb171b06-a5e0-4659-8e42-cc5f1908fb58"}]}
2026-05-12 06:54:10.887 10 INFO neutron.wsgi [None req-c6e84361-676a-471f-88c7-282da25df406 d089cde1277e48ef96bb32779d25c206 1573c6c6e2184271b06c121a8f737110 - - default default] 10.0.0.253 "DELETE /v2.0/subnetpools/3f57fefe-79a4-45c4-ab70-393a6301238d HTTP/1.1" status: 204 len: 168 time: 0.1912558
2026-05-12 06:54:10.895 10 INFO neutron.wsgi [None req-85ff5410-d432-49c6-8af6-1c35e6b17044 fa699555e6b94bae9ca1660f8db6e316 c337b17863124e8eb99cc60bdc349716 - - default default] 10.0.0.253 "DELETE /v2.0/networks/3ede64bd-ef3a-4aeb-974c-b3e88a3fed81 HTTP/1.1" status: 204 len: 168 time: 0.6876042
2026-05-12 06:54:10.914 10 WARNING neutron_lib.context [None req-62f03aed-1957-43ef-b9fc-694b747e4257 fa699555e6b94bae9ca1660f8db6e316 c337b17863124e8eb99cc60bdc349716 - - default default] Method 'is_advsvc' is deprecated since 2023.2 release (neutron-lib 3.8.0) and will be removed once support for the old RBAC API policies will be removed from Neutron. Please use method 'is_service_role' instead.
2026-05-12 06:54:11.154 9 INFO neutron.db.ovn_revision_numbers_db [None req-eaec9286-3f4d-4c53-b059-df358ac953b4 019149a9a30e40a7b64628fab7aa8595 df08dbf08bb540d3837b5032eb653c4a - - default default] Successfully bumped revision number for resource 45923e6f-ba4e-49d8-ae5e-59564e0e77ef (type: ports) to 2
2026-05-12 06:54:11.187 9 INFO neutron.db.ovn_revision_numbers_db [None req-eaec9286-3f4d-4c53-b059-df358ac953b4 019149a9a30e40a7b64628fab7aa8595 df08dbf08bb540d3837b5032eb653c4a - - default default] Successfully bumped revision number for resource 942291fc-30a8-47cf-95f1-3d7ab21d40d0 (type: subnets) to 0
2026-05-12 06:54:11.221 9 WARNING neutron.scheduler.dhcp_agent_scheduler [None req-eaec9286-3f4d-4c53-b059-df358ac953b4 019149a9a30e40a7b64628fab7aa8595 df08dbf08bb540d3837b5032eb653c4a - - default default] No more DHCP agents
2026-05-12 06:54:11.223 9 WARNING neutron.api.rpc.agentnotifiers.dhcp_rpc_agent_api [None req-eaec9286-3f4d-4c53-b059-df358ac953b4 019149a9a30e40a7b64628fab7aa8595 df08dbf08bb540d3837b5032eb653c4a - - default default] Unable to schedule network ec501e68-db32-44af-ad42-cab5d8544093: no agents available; will retry on subsequent port and subnet creation events.
2026-05-12 06:54:11.329 10 INFO neutron.wsgi [None req-f32bf3e1-96d9-4187-9aeb-f361624d7dcf 990bf70198e944a0840b7be539088648 b4ac6bafd593455e96c5c97ef2646451 - - default default] 10.0.0.253 "DELETE /v2.0/routers/227f579e-59f8-4641-8d71-db8937dfcf64 HTTP/1.1" status: 204 len: 168 time: 0.6574583
2026-05-12 06:54:11.781 10 WARNING neutron.scheduler.dhcp_agent_scheduler [None req-62f03aed-1957-43ef-b9fc-694b747e4257 fa699555e6b94bae9ca1660f8db6e316 c337b17863124e8eb99cc60bdc349716 - - default default] No more DHCP agents
2026-05-12 06:54:11.783 10 WARNING neutron.api.rpc.agentnotifiers.dhcp_rpc_agent_api [None req-62f03aed-1957-43ef-b9fc-694b747e4257 fa699555e6b94bae9ca1660f8db6e316 c337b17863124e8eb99cc60bdc349716 - - default default] Unable to schedule network cae6cf3d-5b03-4c98-a63d-f11840a293f2: no agents available; will retry on subsequent port and subnet creation events.
2026-05-12 06:54:11.859 9 INFO neutron.wsgi [None req-7be1151e-1e2f-4534-937d-ce9ae9bc76b9 990bf70198e944a0840b7be539088648 b4ac6bafd593455e96c5c97ef2646451 - - default default] 10.0.0.253 "DELETE /v2.0/subnets/83bc030e-ec17-463a-a2b2-80efe609e8df HTTP/1.1" status: 204 len: 168 time: 0.5231376
2026-05-12 06:54:11.978 10 INFO neutron.db.ovn_revision_numbers_db [None req-62f03aed-1957-43ef-b9fc-694b747e4257 fa699555e6b94bae9ca1660f8db6e316 c337b17863124e8eb99cc60bdc349716 - - default default] Successfully bumped revision number for resource fac6d5d0-a57c-43a5-b60f-23f5e09bb8f4 (type: ports) to 1
2026-05-12 06:54:12.045 9 INFO neutron.db.ovn_revision_numbers_db [None req-eaec9286-3f4d-4c53-b059-df358ac953b4 019149a9a30e40a7b64628fab7aa8595 df08dbf08bb540d3837b5032eb653c4a - - default default] Successfully bumped revision number for resource ae2f3b10-b9b3-4b13-8dfe-1bce1c341770 (type: ports) to 2
2026-05-12 06:54:12.076 9 INFO neutron.db.ovn_revision_numbers_db [None req-eaec9286-3f4d-4c53-b059-df358ac953b4 019149a9a30e40a7b64628fab7aa8595 df08dbf08bb540d3837b5032eb653c4a - - default default] Successfully bumped revision number for resource 16ed501a-a664-48ac-82e9-89372a753cbe (type: subnets) to 0
2026-05-12 06:54:12.093 9 INFO neutron.wsgi [None req-eaec9286-3f4d-4c53-b059-df358ac953b4 019149a9a30e40a7b64628fab7aa8595 df08dbf08bb540d3837b5032eb653c4a - - default default] 10.0.0.253 "POST /v2.0/subnets HTTP/1.1" status: 201 len: 1426 time: 1.9570935
2026-05-12 06:54:12.134 9 INFO neutron.wsgi [None req-0ff6a05b-d926-4332-a530-fc8e0c478050 019149a9a30e40a7b64628fab7aa8595 df08dbf08bb540d3837b5032eb653c4a - - default default] 10.0.0.253 "GET /v2.0/subnets HTTP/1.1" status: 200 len: 2034 time: 0.0355213
2026-05-12 06:54:12.274 10 INFO neutron.db.ovn_revision_numbers_db [None req-7491df74-6dda-4ac2-85cf-37f089577329 b21ba0208f24448fa7d1a3f68b4b6200 a41f40722aaa4c3bbf8603632511e87c - - default default] Successfully bumped revision number for resource 64c8f927-19fd-4842-affb-5825e472e865 (type: security_groups) to 1
2026-05-12 06:54:12.347 9 INFO neutron.wsgi [None req-0ecd7027-4a41-4dae-a176-aac0d91aed1c 019149a9a30e40a7b64628fab7aa8595 df08dbf08bb540d3837b5032eb653c4a - - default default] 10.0.0.253 "DELETE /v2.0/subnets/942291fc-30a8-47cf-95f1-3d7ab21d40d0 HTTP/1.1" status: 204 len: 168 time: 0.2083771
2026-05-12 06:54:12.494 10 INFO neutron.db.ovn_revision_numbers_db [None req-7491df74-6dda-4ac2-85cf-37f089577329 b21ba0208f24448fa7d1a3f68b4b6200 a41f40722aaa4c3bbf8603632511e87c - - default default] Successfully bumped revision number for resource 32f45446-719b-45fc-af40-59efa532710f (type: security_group_rules) to 0
2026-05-12 06:54:12.531 10 INFO neutron.db.ovn_revision_numbers_db [None req-7491df74-6dda-4ac2-85cf-37f089577329 b21ba0208f24448fa7d1a3f68b4b6200 a41f40722aaa4c3bbf8603632511e87c - - default default] Successfully bumped revision number for resource 9d61aff7-05be-4561-b22e-3f2765eb612d (type: security_group_rules) to 0
2026-05-12 06:54:12.546 9 INFO neutron.wsgi [None req-52b619cb-00d1-44ed-acea-5612b8419929 019149a9a30e40a7b64628fab7aa8595 df08dbf08bb540d3837b5032eb653c4a - - default default] 10.0.0.253 "DELETE /v2.0/subnets/16ed501a-a664-48ac-82e9-89372a753cbe HTTP/1.1" status: 204 len: 168 time: 0.1931860
2026-05-12 06:54:12.564 10 INFO neutron.db.ovn_revision_numbers_db [None req-7491df74-6dda-4ac2-85cf-37f089577329 b21ba0208f24448fa7d1a3f68b4b6200 a41f40722aaa4c3bbf8603632511e87c - - default default] Successfully bumped revision number for resource bad30327-7561-4dfb-a545-5f99358fd45d (type: security_group_rules) to 0
2026-05-12 06:54:12.585 9 INFO neutron.wsgi [None req-979c2ade-1d32-4100-8729-99ff89c270a8 019149a9a30e40a7b64628fab7aa8595 df08dbf08bb540d3837b5032eb653c4a - - default default] 10.0.0.253 "GET /v2.0/subnets HTTP/1.1" status: 200 len: 820 time: 0.0338168
2026-05-12 06:54:12.593 10 INFO neutron.db.ovn_revision_numbers_db [None req-7491df74-6dda-4ac2-85cf-37f089577329 b21ba0208f24448fa7d1a3f68b4b6200 a41f40722aaa4c3bbf8603632511e87c - - default default] Successfully bumped revision number for resource d4c52613-5da5-4ab5-b327-73fa87bf5f2b (type: security_group_rules) to 0
2026-05-12 06:54:12.625 10 INFO neutron.wsgi [None req-7491df74-6dda-4ac2-85cf-37f089577329 b21ba0208f24448fa7d1a3f68b4b6200 a41f40722aaa4c3bbf8603632511e87c - - default default] 10.0.0.253 "GET /v2.0/security-groups?tenant_id=3bf3cf24277d442fb2e2ae3b8f2e7490&name=default HTTP/1.1" status: 200 len: 3120 time: 0.8229039
2026-05-12 06:54:12.675 10 INFO neutron.wsgi [None req-1f4e7adf-97d8-43db-af45-d78880b60c6c 990bf70198e944a0840b7be539088648 b4ac6bafd593455e96c5c97ef2646451 - - default default] 10.0.0.253 "DELETE /v2.0/networks/bde1d376-652f-48e0-8b73-65dd11c68405 HTTP/1.1" status: 204 len: 168 time: 0.8068948
2026-05-12 06:54:12.687 10 WARNING neutron_lib.context [None req-6b6b3d93-435d-4124-a251-81a662590004 990bf70198e944a0840b7be539088648 b4ac6bafd593455e96c5c97ef2646451 - - default default] Method 'is_advsvc' is deprecated since 2023.2 release (neutron-lib 3.8.0) and will be removed once support for the old RBAC API policies will be removed from Neutron. Please use method 'is_service_role' instead.
2026-05-12 06:54:12.847 10 INFO neutron.services.segments.plugin [-] Segment bbe17bef-28ca-42e3-93c7-859538a1b72e resource provider aggregate not found
2026-05-12 06:54:12.854 10 INFO neutron.services.segments.plugin [-] Segment bbe17bef-28ca-42e3-93c7-859538a1b72e resource provider aggregate not found
2026-05-12 06:54:12.858 10 INFO neutron.db.segments_db [None req-6b6b3d93-435d-4124-a251-81a662590004 990bf70198e944a0840b7be539088648 b4ac6bafd593455e96c5c97ef2646451 - - default default] Added segment 4e2abe1a-23df-4b82-ae27-57b53506c64f of type geneve for network 06636e4d-1290-4e82-ae3c-97e43e19e8f9
2026-05-12 06:54:12.869 10 INFO neutron.services.segments.plugin [-] Segment bbe17bef-28ca-42e3-93c7-859538a1b72e resource provider not found; error: Placement Client Error (4xx): {"errors": [{"status": 404, "title": "Not Found", "detail": "The resource could not be found.\n\n No resource provider with uuid bbe17bef-28ca-42e3-93c7-859538a1b72e found for delete ", "request_id": "req-265edc4e-9dde-411d-a3be-f8feeac1a6ed"}]}
2026-05-12 06:54:12.881 10 INFO neutron.services.segments.plugin [-] Segment bbe17bef-28ca-42e3-93c7-859538a1b72e resource provider not found; error: Placement Client Error (4xx): {"errors": [{"status": 404, "title": "Not Found", "detail": "The resource could not be found.\n\n No resource provider with uuid bbe17bef-28ca-42e3-93c7-859538a1b72e found for delete ", "request_id": "req-43343b99-cce1-4067-99a9-a51be3906215"}]}
2026-05-12 06:54:12.950 9 INFO neutron.services.segments.plugin [-] Segment f7cf40d4-63dc-4db2-ae28-25bf060512c2 resource provider aggregate not found
2026-05-12 06:54:12.954 9 INFO neutron.services.segments.plugin [-] Segment f7cf40d4-63dc-4db2-ae28-25bf060512c2 resource provider aggregate not found
2026-05-12 06:54:12.967 9 INFO neutron.services.segments.plugin [-] Segment f7cf40d4-63dc-4db2-ae28-25bf060512c2 resource provider not found; error: Placement Client Error (4xx): {"errors": [{"status": 404, "title": "Not Found", "detail": "The resource could not be found.\n\n No resource provider with uuid f7cf40d4-63dc-4db2-ae28-25bf060512c2 found for delete ", "request_id": "req-86068ea4-3a77-44cc-ba34-d92980efe8be"}]}
2026-05-12 06:54:12.969 9 INFO neutron.services.segments.plugin [-] Segment f7cf40d4-63dc-4db2-ae28-25bf060512c2 resource provider not found; error: Placement Client Error (4xx): {"errors": [{"status": 404, "title": "Not Found", "detail": "The resource could not be found.\n\n No resource provider with uuid f7cf40d4-63dc-4db2-ae28-25bf060512c2 found for delete ", "request_id": "req-8220ccae-ea29-48a4-ae5d-efafd0172de2"}]}
2026-05-12 06:54:12.981 9 INFO neutron.wsgi [None req-f82a0923-f569-4ca0-b48a-34b4b8b6ee61 019149a9a30e40a7b64628fab7aa8595 df08dbf08bb540d3837b5032eb653c4a - - default default] 10.0.0.253 "DELETE /v2.0/networks/ec501e68-db32-44af-ad42-cab5d8544093 HTTP/1.1" status: 204 len: 168 time: 0.3892362
2026-05-12 06:54:13.069 10 INFO neutron.wsgi [None req-2e96f5c1-5d20-464e-9eb1-71fcceb4a2db b21ba0208f24448fa7d1a3f68b4b6200 a41f40722aaa4c3bbf8603632511e87c - - default default] 10.0.0.253 "DELETE /v2.0/security-groups/64c8f927-19fd-4842-affb-5825e472e865 HTTP/1.1" status: 204 len: 168 time: 0.4352529
2026-05-12 06:54:13.082 10 INFO neutron.db.ovn_revision_numbers_db [None req-6b6b3d93-435d-4124-a251-81a662590004 990bf70198e944a0840b7be539088648 b4ac6bafd593455e96c5c97ef2646451 - - default default] Successfully bumped revision number for resource 06636e4d-1290-4e82-ae3c-97e43e19e8f9 (type: networks) to 1
2026-05-12 06:54:13.157 10 INFO neutron.plugins.ml2.drivers.ovn.mech_driver.ovsdb.commands [None req-1fe11daa-e95c-47da-8200-9d464095bbda - - - - - -] Schedule LRP lrp-fac6d5d0-a57c-43a5-b60f-23f5e09bb8f4 on gateway 8244b4d6-fbca-4960-bd20-955c4abd879b with priority 1
2026-05-12 06:54:13.219 10 INFO neutron.db.ovn_revision_numbers_db [None req-62f03aed-1957-43ef-b9fc-694b747e4257 fa699555e6b94bae9ca1660f8db6e316 c337b17863124e8eb99cc60bdc349716 - - default default] Successfully bumped revision number for resource fac6d5d0-a57c-43a5-b60f-23f5e09bb8f4 (type: router_ports) to 1
2026-05-12 06:54:13.302 10 WARNING neutron.scheduler.dhcp_agent_scheduler [None req-6b6b3d93-435d-4124-a251-81a662590004 990bf70198e944a0840b7be539088648 b4ac6bafd593455e96c5c97ef2646451 - - default default] No more DHCP agents
2026-05-12 06:54:13.304 10 WARNING neutron.api.rpc.agentnotifiers.dhcp_rpc_agent_api [None req-6b6b3d93-435d-4124-a251-81a662590004 990bf70198e944a0840b7be539088648 b4ac6bafd593455e96c5c97ef2646451 - - default default] Unable to schedule network 06636e4d-1290-4e82-ae3c-97e43e19e8f9: no agents available; will retry on subsequent port and subnet creation events.
2026-05-12 06:54:13.317 10 INFO neutron.db.ovn_revision_numbers_db [None req-62f03aed-1957-43ef-b9fc-694b747e4257 fa699555e6b94bae9ca1660f8db6e316 c337b17863124e8eb99cc60bdc349716 - - default default] Successfully bumped revision number for resource 4c44a974-7d13-41c5-b32f-b53461425d6f (type: routers) to 2
2026-05-12 06:54:13.319 9 INFO neutron.db.ovn_revision_numbers_db [None req-82f63af9-e4ef-40c5-898a-9b3e9dc1ce81 b21ba0208f24448fa7d1a3f68b4b6200 a41f40722aaa4c3bbf8603632511e87c - - default default] Successfully bumped revision number for resource ecb54e86-0569-4281-9fa2-08db7c13628e (type: security_groups) to 1
2026-05-12 06:54:13.342 10 INFO neutron.wsgi [None req-62f03aed-1957-43ef-b9fc-694b747e4257 fa699555e6b94bae9ca1660f8db6e316 c337b17863124e8eb99cc60bdc349716 - - default default] 10.0.0.253 "POST /v2.0/routers HTTP/1.1" status: 201 len: 1151 time: 2.4400787
2026-05-12 06:54:13.343 9 INFO neutron.db.ovn_revision_numbers_db [None req-82f63af9-e4ef-40c5-898a-9b3e9dc1ce81 b21ba0208f24448fa7d1a3f68b4b6200 a41f40722aaa4c3bbf8603632511e87c - - default default] Successfully bumped revision number for resource 0ab79f27-0e11-4e9f-b7d1-987729bb1a50 (type: security_group_rules) to 0
2026-05-12 06:54:13.362 9 INFO neutron.db.ovn_revision_numbers_db [None req-82f63af9-e4ef-40c5-898a-9b3e9dc1ce81 b21ba0208f24448fa7d1a3f68b4b6200 a41f40722aaa4c3bbf8603632511e87c - - default default] Successfully bumped revision number for resource 0e1e96cd-78b2-4639-8099-b37a7c89ea66 (type: security_group_rules) to 0
2026-05-12 06:54:13.381 9 INFO neutron.db.ovn_revision_numbers_db [None req-82f63af9-e4ef-40c5-898a-9b3e9dc1ce81 b21ba0208f24448fa7d1a3f68b4b6200 a41f40722aaa4c3bbf8603632511e87c - - default default] Successfully bumped revision number for resource 9dd0db6f-4ddb-4f9d-abd5-ce5de4e9f4c4 (type: security_group_rules) to 0
2026-05-12 06:54:13.403 9 INFO neutron.db.ovn_revision_numbers_db [None req-82f63af9-e4ef-40c5-898a-9b3e9dc1ce81 b21ba0208f24448fa7d1a3f68b4b6200 a41f40722aaa4c3bbf8603632511e87c - - default default] Successfully bumped revision number for resource b668cbcb-5460-484e-880c-940e63fcbc5e (type: security_group_rules) to 0
2026-05-12 06:54:13.415 10 INFO neutron.db.ovn_revision_numbers_db [None req-6b6b3d93-435d-4124-a251-81a662590004 990bf70198e944a0840b7be539088648 b4ac6bafd593455e96c5c97ef2646451 - - default default] Successfully bumped revision number for resource 01c558bb-085c-460b-860d-c4e5673e07f1 (type: ports) to 1
2026-05-12 06:54:13.424 9 INFO neutron.wsgi [None req-82f63af9-e4ef-40c5-898a-9b3e9dc1ce81 b21ba0208f24448fa7d1a3f68b4b6200 a41f40722aaa4c3bbf8603632511e87c - - default default] 10.0.0.253 "GET /v2.0/security-groups?tenant_id=e4fcf396b6924238908e178e31d59c86&name=default HTTP/1.1" status: 200 len: 3120 time: 0.2563863
2026-05-12 06:54:13.439 10 INFO neutron.wsgi [None req-3749f068-8ccb-45c5-999e-c175d6c413bb fa699555e6b94bae9ca1660f8db6e316 c337b17863124e8eb99cc60bdc349716 - - default default] 10.0.0.253 "GET /v2.0/routers/4c44a974-7d13-41c5-b32f-b53461425d6f HTTP/1.1" status: 200 len: 1152 time: 0.0912976
2026-05-12 06:54:13.442 10 INFO neutron.wsgi [None req-6b6b3d93-435d-4124-a251-81a662590004 990bf70198e944a0840b7be539088648 b4ac6bafd593455e96c5c97ef2646451 - - default default] 10.0.0.253 "POST /v2.0/networks HTTP/1.1" status: 201 len: 829 time: 0.7588055
2026-05-12 06:54:13.443 9 INFO neutron.wsgi [None req-48fc0900-aca2-4bc0-8151-94d1e9d4c04d 019149a9a30e40a7b64628fab7aa8595 df08dbf08bb540d3837b5032eb653c4a - - default default] 10.0.0.253 "DELETE /v2.0/networks/ff91ceb7-486c-406f-8024-41dd8c78d6eb HTTP/1.1" status: 204 len: 168 time: 0.4556394
2026-05-12 06:54:13.460 10 WARNING neutron_lib.context [None req-eca1aaa5-fea8-4162-882a-c7f5a4d019d8 990bf70198e944a0840b7be539088648 b4ac6bafd593455e96c5c97ef2646451 - - default default] Method 'is_advsvc' is deprecated since 2023.2 release (neutron-lib 3.8.0) and will be removed once support for the old RBAC API policies will be removed from Neutron. Please use method 'is_service_role' instead.
2026-05-12 06:54:13.812 10 INFO neutron.wsgi [None req-659cb602-5074-4495-aec1-8548c0baaae9 fa699555e6b94bae9ca1660f8db6e316 c337b17863124e8eb99cc60bdc349716 - - default default] 10.0.0.253 "GET /v2.0/routers HTTP/1.1" status: 200 len: 1155 time: 0.3677275
2026-05-12 06:54:13.881 9 INFO neutron.wsgi [None req-dbfa9296-512a-45ae-8c23-e9e89bdb2b56 019149a9a30e40a7b64628fab7aa8595 df08dbf08bb540d3837b5032eb653c4a - - default default] 10.0.0.253 "DELETE /v2.0/networks/cd268111-d4b0-479e-a017-607ba81f63e8 HTTP/1.1" status: 204 len: 168 time: 0.4328346
2026-05-12 06:54:13.926 9 WARNING neutron.plugins.ml2.drivers.ovn.mech_driver.ovsdb.ovn_client [None req-75e7a955-8b25-4a8d-8b56-85627a188632 - - - - - -] No port found with ID d5104c56-c0c8-4725-a5f3-9d3d3941da34: RuntimeError: No port found with ID d5104c56-c0c8-4725-a5f3-9d3d3941da34
2026-05-12 06:54:13.927 9 INFO neutron.plugins.ml2.drivers.ovn.mech_driver.mech_driver [None req-75e7a955-8b25-4a8d-8b56-85627a188632 - - - - - -] OVN reports status up for port: 3c27b2e4-9856-49b3-b6f9-880dae77d884
2026-05-12 06:54:13.961 9 INFO neutron.plugins.ml2.drivers.ovn.mech_driver.mech_driver [None req-75e7a955-8b25-4a8d-8b56-85627a188632 - - - - - -] OVN reports status up for port: fac6d5d0-a57c-43a5-b60f-23f5e09bb8f4
2026-05-12 06:54:13.972 9 INFO neutron.plugins.ml2.plugin [None req-75e7a955-8b25-4a8d-8b56-85627a188632 - - - - - -] Attempt 1 to provision port fac6d5d0-a57c-43a5-b60f-23f5e09bb8f4
2026-05-12 06:54:14.003 10 WARNING neutron.scheduler.dhcp_agent_scheduler [None req-eca1aaa5-fea8-4162-882a-c7f5a4d019d8 990bf70198e944a0840b7be539088648 b4ac6bafd593455e96c5c97ef2646451 - - default default] No more DHCP agents
2026-05-12 06:54:14.005 10 WARNING neutron.api.rpc.agentnotifiers.dhcp_rpc_agent_api [None req-eca1aaa5-fea8-4162-882a-c7f5a4d019d8 990bf70198e944a0840b7be539088648 b4ac6bafd593455e96c5c97ef2646451 - - default default] Unable to schedule network 06636e4d-1290-4e82-ae3c-97e43e19e8f9: no agents available; will retry on subsequent port and subnet creation events.
2026-05-12 06:54:14.037 10 INFO neutron.wsgi [None req-2bda278f-5d9f-492e-8438-34abbd4ceb50 b21ba0208f24448fa7d1a3f68b4b6200 a41f40722aaa4c3bbf8603632511e87c - - default default] 10.0.0.253 "DELETE /v2.0/security-groups/ecb54e86-0569-4281-9fa2-08db7c13628e HTTP/1.1" status: 204 len: 168 time: 0.6053543
2026-05-12 06:54:14.373 10 INFO neutron.db.ovn_revision_numbers_db [None req-97c76df8-32c6-4854-b835-458e18ba39dc b21ba0208f24448fa7d1a3f68b4b6200 a41f40722aaa4c3bbf8603632511e87c - - default default] Successfully bumped revision number for resource 8b5a17f7-61c4-4a87-9426-9ef280383065 (type: security_groups) to 1
2026-05-12 06:54:14.396 10 INFO neutron.db.ovn_revision_numbers_db [None req-97c76df8-32c6-4854-b835-458e18ba39dc b21ba0208f24448fa7d1a3f68b4b6200 a41f40722aaa4c3bbf8603632511e87c - - default default] Successfully bumped revision number for resource 2ee2d612-318d-4dab-8476-54b18f2322a3 (type: security_group_rules) to 0
2026-05-12 06:54:14.420 10 INFO neutron.db.ovn_revision_numbers_db [None req-97c76df8-32c6-4854-b835-458e18ba39dc b21ba0208f24448fa7d1a3f68b4b6200 a41f40722aaa4c3bbf8603632511e87c - - default default] Successfully bumped revision number for resource 38052507-e812-4299-9cdf-19bcb95dff82 (type: security_group_rules) to 0
2026-05-12 06:54:14.440 10 INFO neutron.db.ovn_revision_numbers_db [None req-97c76df8-32c6-4854-b835-458e18ba39dc b21ba0208f24448fa7d1a3f68b4b6200 a41f40722aaa4c3bbf8603632511e87c - - default default] Successfully bumped revision number for resource 5200f414-fa64-4daa-bc0e-38b0aa1d4434 (type: security_group_rules) to 0
2026-05-12 06:54:14.458 10 INFO neutron.db.ovn_revision_numbers_db [None req-97c76df8-32c6-4854-b835-458e18ba39dc b21ba0208f24448fa7d1a3f68b4b6200 a41f40722aaa4c3bbf8603632511e87c - - default default] Successfully bumped revision number for resource cd5b95ab-8b84-4213-a594-4521b7426849 (type: security_group_rules) to 0
2026-05-12 06:54:14.492 10 INFO neutron.wsgi [None req-97c76df8-32c6-4854-b835-458e18ba39dc b21ba0208f24448fa7d1a3f68b4b6200 a41f40722aaa4c3bbf8603632511e87c - - default default] 10.0.0.253 "GET /v2.0/security-groups?tenant_id=1573c6c6e2184271b06c121a8f737110&name=default HTTP/1.1" status: 200 len: 3120 time: 0.2986574
2026-05-12 06:54:14.522 9 INFO neutron.wsgi [None req-a3816f61-9174-4708-bd1b-6d756d785183 019149a9a30e40a7b64628fab7aa8595 df08dbf08bb540d3837b5032eb653c4a - - default default] 10.0.0.253 "DELETE /v2.0/networks/98fc0975-3747-4958-ac6f-c4c5de4f4ede HTTP/1.1" status: 204 len: 168 time: 0.6351686
2026-05-12 06:54:14.540 10 INFO neutron.db.ovn_revision_numbers_db [None req-eca1aaa5-fea8-4162-882a-c7f5a4d019d8 990bf70198e944a0840b7be539088648 b4ac6bafd593455e96c5c97ef2646451 - - default default] Successfully bumped revision number for resource 01c558bb-085c-460b-860d-c4e5673e07f1 (type: ports) to 2
2026-05-12 06:54:14.551 9 INFO neutron.db.ovn_revision_numbers_db [None req-eecb112d-35b4-410f-8aff-bdd099d3adf1 fa699555e6b94bae9ca1660f8db6e316 c337b17863124e8eb99cc60bdc349716 - - default default] Successfully bumped revision number for resource 4c44a974-7d13-41c5-b32f-b53461425d6f (type: routers) to 3
2026-05-12 06:54:14.558 9 INFO neutron.wsgi [None req-eecb112d-35b4-410f-8aff-bdd099d3adf1 fa699555e6b94bae9ca1660f8db6e316 c337b17863124e8eb99cc60bdc349716 - - default default] 10.0.0.253 "PUT /v2.0/routers/4c44a974-7d13-41c5-b32f-b53461425d6f HTTP/1.1" status: 200 len: 1159 time: 0.7394981
2026-05-12 06:54:14.599 10 INFO neutron.db.ovn_revision_numbers_db [None req-eca1aaa5-fea8-4162-882a-c7f5a4d019d8 990bf70198e944a0840b7be539088648 b4ac6bafd593455e96c5c97ef2646451 - - default default] Successfully bumped revision number for resource a768af93-71c4-4be2-974b-0b9fcf6488d1 (type: subnets) to 0
2026-05-12 06:54:14.625 10 INFO neutron.wsgi [None req-eca1aaa5-fea8-4162-882a-c7f5a4d019d8 990bf70198e944a0840b7be539088648 b4ac6bafd593455e96c5c97ef2646451 - - default default] 10.0.0.253 "POST /v2.0/subnets HTTP/1.1" status: 201 len: 801 time: 1.1750114
2026-05-12 06:54:14.637 10 WARNING neutron_lib.context [None req-3de7b466-60be-41cb-9577-53f81c9b38d0 990bf70198e944a0840b7be539088648 b4ac6bafd593455e96c5c97ef2646451 - - default default] Method 'is_advsvc' is deprecated since 2023.2 release (neutron-lib 3.8.0) and will be removed once support for the old RBAC API policies will be removed from Neutron. Please use method 'is_service_role' instead.
2026-05-12 06:54:14.659 10 INFO neutron.wsgi [None req-f7f21f41-4f73-47ec-a8af-84101a392a67 fa699555e6b94bae9ca1660f8db6e316 c337b17863124e8eb99cc60bdc349716 - - default default] 10.0.0.253 "GET /v2.0/routers/4c44a974-7d13-41c5-b32f-b53461425d6f HTTP/1.1" status: 200 len: 1159 time: 0.0928438
2026-05-12 06:54:14.686 10 INFO neutron.wsgi [None req-f14b3bed-c70b-4739-a7c9-71de176d73e7 fa699555e6b94bae9ca1660f8db6e316 c337b17863124e8eb99cc60bdc349716 - - default default] 10.0.0.253 "GET /v2.0/ports?device_id=4c44a974-7d13-41c5-b32f-b53461425d6f HTTP/1.1" status: 200 len: 205 time: 0.0210888
2026-05-12 06:54:14.763 9 INFO neutron.wsgi [None req-fecc6cd8-5667-4966-93b4-2494728b84d9 b21ba0208f24448fa7d1a3f68b4b6200 a41f40722aaa4c3bbf8603632511e87c - - default default] 10.0.0.253 "DELETE /v2.0/security-groups/8b5a17f7-61c4-4a87-9426-9ef280383065 HTTP/1.1" status: 204 len: 168 time: 0.2635584
2026-05-12 06:54:14.792 10 INFO neutron.db.ovn_revision_numbers_db [None req-3de7b466-60be-41cb-9577-53f81c9b38d0 990bf70198e944a0840b7be539088648 b4ac6bafd593455e96c5c97ef2646451 - - default default] Successfully bumped revision number for resource 7a168ac4-f312-47e3-a155-c2ad69bf1ab4 (type: routers) to 1
2026-05-12 06:54:14.820 10 INFO neutron.wsgi [None req-3de7b466-60be-41cb-9577-53f81c9b38d0 990bf70198e944a0840b7be539088648 b4ac6bafd593455e96c5c97ef2646451 - - default default] 10.0.0.253 "POST /v2.0/routers HTTP/1.1" status: 201 len: 799 time: 0.1892102
2026-05-12 06:54:14.993 9 INFO neutron.services.segments.plugin [-] Segment 38696d23-2b48-451c-8096-91517d3d26fa resource provider aggregate not found
2026-05-12 06:54:14.997 9 INFO neutron.services.segments.plugin [-] Segment 38696d23-2b48-451c-8096-91517d3d26fa resource provider aggregate not found
2026-05-12 06:54:15.007 9 INFO neutron.services.segments.plugin [-] Segment 38696d23-2b48-451c-8096-91517d3d26fa resource provider not found; error: Placement Client Error (4xx): {"errors": [{"status": 404, "title": "Not Found", "detail": "The resource could not be found.\n\n No resource provider with uuid 38696d23-2b48-451c-8096-91517d3d26fa found for delete ", "request_id": "req-bd7b3cd1-7ee1-4fdd-bfa1-ba469091cf91"}]}
2026-05-12 06:54:15.013 9 INFO neutron.services.segments.plugin [-] Segment 38696d23-2b48-451c-8096-91517d3d26fa resource provider not found; error: Placement Client Error (4xx): {"errors": [{"status": 404, "title": "Not Found", "detail": "The resource could not be found.\n\n No resource provider with uuid 38696d23-2b48-451c-8096-91517d3d26fa found for delete ", "request_id": "req-3ace6ba5-b13e-4cda-815a-4dc02ff8230a"}]}
2026-05-12 06:54:15.020 9 INFO neutron.services.segments.plugin [-] Segment 7cf07f18-13bf-4e50-8d81-b06bf405cd29 resource provider aggregate not found
2026-05-12 06:54:15.040 9 INFO neutron.services.segments.plugin [-] Segment 7cf07f18-13bf-4e50-8d81-b06bf405cd29 resource provider aggregate not found
2026-05-12 06:54:15.048 9 INFO neutron.services.segments.plugin [-] Segment 7cf07f18-13bf-4e50-8d81-b06bf405cd29 resource provider not found; error: Placement Client Error (4xx): {"errors": [{"status": 404, "title": "Not Found", "detail": "The resource could not be found.\n\n No resource provider with uuid 7cf07f18-13bf-4e50-8d81-b06bf405cd29 found for delete ", "request_id": "req-59eed5f4-f4c4-4245-af1c-10f2bf339cb0"}]}
2026-05-12 06:54:15.059 9 INFO neutron.services.segments.plugin [-] Segment a3a464d1-538e-47f0-9783-53056275492c resource provider aggregate not found
2026-05-12 06:54:15.064 9 INFO neutron.services.segments.plugin [-] Segment 7cf07f18-13bf-4e50-8d81-b06bf405cd29 resource provider not found; error: Placement Client Error (4xx): {"errors": [{"status": 404, "title": "Not Found", "detail": "The resource could not be found.\n\n No resource provider with uuid 7cf07f18-13bf-4e50-8d81-b06bf405cd29 found for delete ", "request_id": "req-8a64eb07-2c14-440d-a28f-aa2c09235a83"}]}
2026-05-12 06:54:15.073 9 INFO neutron.services.segments.plugin [-] Segment a3a464d1-538e-47f0-9783-53056275492c resource provider not found; error: Placement Client Error (4xx): {"errors": [{"status": 404, "title": "Not Found", "detail": "The resource could not be found.\n\n No resource provider with uuid a3a464d1-538e-47f0-9783-53056275492c found for delete ", "request_id": "req-0ade0034-1ce3-41e5-a695-9a02910afb0f"}]}
2026-05-12 06:54:15.080 9 INFO neutron.services.segments.plugin [-] Segment a3a464d1-538e-47f0-9783-53056275492c resource provider aggregate not found
2026-05-12 06:54:15.096 9 INFO neutron.services.segments.plugin [-] Segment a3a464d1-538e-47f0-9783-53056275492c resource provider not found; error: Placement Client Error (4xx): {"errors": [{"status": 404, "title": "Not Found", "detail": "The resource could not be found.\n\n No resource provider with uuid a3a464d1-538e-47f0-9783-53056275492c found for delete ", "request_id": "req-d5d70223-34fd-418d-abac-73ac2c5c20de"}]}
2026-05-12 06:54:15.112 9 INFO neutron.wsgi [-] 10.0.0.190 "GET / HTTP/1.1" status: 200 len: 247 time: 0.0026217
2026-05-12 06:54:15.115 9 INFO neutron.wsgi [-] 10.0.0.190 "GET / HTTP/1.1" status: 200 len: 247 time: 0.0019062
2026-05-12 06:54:15.355 10 WARNING neutron.scheduler.dhcp_agent_scheduler [None req-266fe3dc-2a20-4e21-93e8-1c4d25dbb841 990bf70198e944a0840b7be539088648 b4ac6bafd593455e96c5c97ef2646451 - - default default] No more DHCP agents
2026-05-12 06:54:15.358 10 WARNING neutron.api.rpc.agentnotifiers.dhcp_rpc_agent_api [None req-266fe3dc-2a20-4e21-93e8-1c4d25dbb841 990bf70198e944a0840b7be539088648 b4ac6bafd593455e96c5c97ef2646451 - - default default] Unable to schedule network 06636e4d-1290-4e82-ae3c-97e43e19e8f9: no agents available; will retry on subsequent port and subnet creation events.
2026-05-12 06:54:15.362 9 INFO neutron.wsgi [None req-ee229063-14b9-4cab-a8d0-b97aa62de2c3 b21ba0208f24448fa7d1a3f68b4b6200 a41f40722aaa4c3bbf8603632511e87c - - default default] 10.0.0.253 "GET /v2.0/security-groups?tenant_id=df08dbf08bb540d3837b5032eb653c4a&name=default HTTP/1.1" status: 200 len: 3120 time: 0.2204380
2026-05-12 06:54:15.581 9 INFO neutron.wsgi [None req-13494f6a-9c5b-416a-940d-d91b2e72380e b21ba0208f24448fa7d1a3f68b4b6200 a41f40722aaa4c3bbf8603632511e87c - - default default] 10.0.0.253 "DELETE /v2.0/security-groups/7b12f7b7-287b-4451-a70a-fd2f197f1ef7 HTTP/1.1" status: 204 len: 168 time: 0.2131515
2026-05-12 06:54:15.890 10 INFO neutron.db.ovn_revision_numbers_db [None req-266fe3dc-2a20-4e21-93e8-1c4d25dbb841 990bf70198e944a0840b7be539088648 b4ac6bafd593455e96c5c97ef2646451 - - default default] Successfully bumped revision number for resource 917fef99-3d57-468d-a0bf-0ec1d54e1e41 (type: ports) to 1
2026-05-12 06:54:16.035 10 INFO neutron.wsgi [None req-1b131f58-c27e-4b81-9a94-8bd65dd1ebba fa699555e6b94bae9ca1660f8db6e316 c337b17863124e8eb99cc60bdc349716 - - default default] 10.0.0.253 "DELETE /v2.0/routers/4c44a974-7d13-41c5-b32f-b53461425d6f HTTP/1.1" status: 204 len: 168 time: 1.3430300
2026-05-12 06:54:16.073 9 INFO neutron.wsgi [None req-43efdac1-a3b1-4838-a8e4-35ffc8e73d1e fa699555e6b94bae9ca1660f8db6e316 c337b17863124e8eb99cc60bdc349716 - - default default] 10.0.0.253 "GET /v2.0/ports?device_id=4c44a974-7d13-41c5-b32f-b53461425d6f HTTP/1.1" status: 200 len: 205 time: 0.0289946
2026-05-12 06:54:16.104 9 INFO neutron.api.v2.resource [None req-60e3bc88-de8c-4937-aaca-b612d227c946 fa699555e6b94bae9ca1660f8db6e316 c337b17863124e8eb99cc60bdc349716 - - default default] delete failed (client error): The resource could not be found.
2026-05-12 06:54:16.105 9 INFO neutron.wsgi [None req-60e3bc88-de8c-4937-aaca-b612d227c946 fa699555e6b94bae9ca1660f8db6e316 c337b17863124e8eb99cc60bdc349716 - - default default] 10.0.0.253 "DELETE /v2.0/routers/4c44a974-7d13-41c5-b32f-b53461425d6f HTTP/1.1" status: 404 len: 336 time: 0.0270996
2026-05-12 06:54:16.134 9 INFO neutron.wsgi [None req-d2ada5b2-72ca-41fa-89fb-2d67d8927cc2 fa699555e6b94bae9ca1660f8db6e316 c337b17863124e8eb99cc60bdc349716 - - default default] 10.0.0.253 "GET /v2.0/ports?device_id=88700a32-8705-478d-a326-d5513f209ff2 HTTP/1.1" status: 200 len: 205 time: 0.0236239
2026-05-12 06:54:16.168 9 INFO neutron.api.v2.resource [None req-0fb7fb3d-48af-4d97-a8d2-fc9eccef55c7 fa699555e6b94bae9ca1660f8db6e316 c337b17863124e8eb99cc60bdc349716 - - default default] delete failed (client error): The resource could not be found.
2026-05-12 06:54:16.169 9 INFO neutron.wsgi [None req-0fb7fb3d-48af-4d97-a8d2-fc9eccef55c7 fa699555e6b94bae9ca1660f8db6e316 c337b17863124e8eb99cc60bdc349716 - - default default] 10.0.0.253 "DELETE /v2.0/routers/88700a32-8705-478d-a326-d5513f209ff2 HTTP/1.1" status: 404 len: 336 time: 0.0310347
2026-05-12 06:54:16.191 9 INFO neutron.pecan_wsgi.hooks.translation [None req-b43912f5-22e1-4aab-9658-428c50a3120b fa699555e6b94bae9ca1660f8db6e316 c337b17863124e8eb99cc60bdc349716 - - default default] DELETE failed (client error): The resource could not be found.
2026-05-12 06:54:16.194 9 INFO neutron.wsgi [None req-b43912f5-22e1-4aab-9658-428c50a3120b fa699555e6b94bae9ca1660f8db6e316 c337b17863124e8eb99cc60bdc349716 - - default default] 10.0.0.253 "DELETE /v2.0/subnets/4d7a6ea9-a3b8-4ffb-87b2-ee44126096b9 HTTP/1.1" status: 404 len: 337 time: 0.0195439
2026-05-12 06:54:16.219 9 INFO neutron.wsgi [None req-e3e4d7a5-be30-4a99-99d3-b99fbf7a1a4c fa699555e6b94bae9ca1660f8db6e316 c337b17863124e8eb99cc60bdc349716 - - default default] 10.0.0.253 "GET /v2.0/ports?device_id=3011f862-8252-450c-b997-229a6d9e0428 HTTP/1.1" status: 200 len: 205 time: 0.0194612
2026-05-12 06:54:16.245 9 INFO neutron.api.v2.resource [None req-a5ed3455-5544-4c2b-94db-69aaa7f1f4f2 fa699555e6b94bae9ca1660f8db6e316 c337b17863124e8eb99cc60bdc349716 - - default default] delete failed (client error): The resource could not be found.
2026-05-12 06:54:16.246 9 INFO neutron.wsgi [None req-a5ed3455-5544-4c2b-94db-69aaa7f1f4f2 fa699555e6b94bae9ca1660f8db6e316 c337b17863124e8eb99cc60bdc349716 - - default default] 10.0.0.253 "DELETE /v2.0/routers/3011f862-8252-450c-b997-229a6d9e0428 HTTP/1.1" status: 404 len: 336 time: 0.0233161
2026-05-12 06:54:16.282 9 INFO neutron.pecan_wsgi.hooks.translation [None req-07377154-0254-45ec-bcac-442d0a31a6fb fa699555e6b94bae9ca1660f8db6e316 c337b17863124e8eb99cc60bdc349716 - - default default] DELETE failed (client error): The resource could not be found.
2026-05-12 06:54:16.285 9 INFO neutron.wsgi [None req-07377154-0254-45ec-bcac-442d0a31a6fb fa699555e6b94bae9ca1660f8db6e316 c337b17863124e8eb99cc60bdc349716 - - default default] 10.0.0.253 "DELETE /v2.0/subnets/bcb7100b-bffb-4691-a8bf-755a0a8cd3bc HTTP/1.1" status: 404 len: 337 time: 0.0344253
2026-05-12 06:54:16.317 9 INFO neutron.wsgi [None req-f652f940-c3c2-4e14-9f1d-7ed37d64c803 fa699555e6b94bae9ca1660f8db6e316 c337b17863124e8eb99cc60bdc349716 - - default default] 10.0.0.253 "GET /v2.0/ports?device_id=08a3a485-fe3e-41b7-bc4b-8bd00a21195a HTTP/1.1" status: 200 len: 205 time: 0.0273552
2026-05-12 06:54:16.349 9 INFO neutron.api.v2.resource [None req-51de5b6d-e6e9-4bb7-a2a4-01a57a6c610b fa699555e6b94bae9ca1660f8db6e316 c337b17863124e8eb99cc60bdc349716 - - default default] delete failed (client error): The resource could not be found.
2026-05-12 06:54:16.350 9 INFO neutron.wsgi [None req-51de5b6d-e6e9-4bb7-a2a4-01a57a6c610b fa699555e6b94bae9ca1660f8db6e316 c337b17863124e8eb99cc60bdc349716 - - default default] 10.0.0.253 "DELETE /v2.0/routers/08a3a485-fe3e-41b7-bc4b-8bd00a21195a HTTP/1.1" status: 404 len: 336 time: 0.0257795
2026-05-12 06:54:16.378 9 INFO neutron.pecan_wsgi.hooks.translation [None req-6a740362-3081-418e-bc59-819b22a77068 fa699555e6b94bae9ca1660f8db6e316 c337b17863124e8eb99cc60bdc349716 - - default default] DELETE failed (client error): The resource could not be found.
2026-05-12 06:54:16.381 9 INFO neutron.wsgi [None req-6a740362-3081-418e-bc59-819b22a77068 fa699555e6b94bae9ca1660f8db6e316 c337b17863124e8eb99cc60bdc349716 - - default default] 10.0.0.253 "DELETE /v2.0/subnets/b98992d1-daa9-4b75-8423-06218af7c3c7 HTTP/1.1" status: 404 len: 337 time: 0.0215364
2026-05-12 06:54:16.401 9 INFO neutron.pecan_wsgi.hooks.translation [None req-8adecacb-d1dc-4f24-bfa6-394fb4917d6a fa699555e6b94bae9ca1660f8db6e316 c337b17863124e8eb99cc60bdc349716 - - default default] DELETE failed (client error): The resource could not be found.
2026-05-12 06:54:16.404 9 INFO neutron.wsgi [None req-8adecacb-d1dc-4f24-bfa6-394fb4917d6a fa699555e6b94bae9ca1660f8db6e316 c337b17863124e8eb99cc60bdc349716 - - default default] 10.0.0.253 "DELETE /v2.0/subnets/4a5c26dd-745d-407d-abe8-d87766324af3 HTTP/1.1" status: 404 len: 337 time: 0.0197670
2026-05-12 06:54:16.419 10 ERROR ovsdbapp.backend.ovs_idl.command [None req-266fe3dc-2a20-4e21-93e8-1c4d25dbb841 990bf70198e944a0840b7be539088648 b4ac6bafd593455e96c5c97ef2646451 - - default default] Error executing command (DbGetCommand): ovsdbapp.backend.ovs_idl.idlutils.RowNotFound: Cannot find Logical_Router_Port with name=lrp-917fef99-3d57-468d-a0bf-0ec1d54e1e41
2026-05-12 06:54:16.419 10 ERROR ovsdbapp.backend.ovs_idl.command
Traceback (most recent call last):
2026-05-12 06:54:16.419 10 ERROR ovsdbapp.backend.ovs_idl.command
File "/var/lib/openstack/lib/python3.10/site-packages/ovsdbapp/backend/ovs_idl/command.py", line 47, in execute
2026-05-12 06:54:16.419 10 ERROR ovsdbapp.backend.ovs_idl.command self.run_idl(None)
2026-05-12 06:54:16.419 10 ERROR ovsdbapp.backend.ovs_idl.command
File "/var/lib/openstack/lib/python3.10/site-packages/ovsdbapp/backend/ovs_idl/command.py", line 235, in run_idl
2026-05-12 06:54:16.419 10 ERROR ovsdbapp.backend.ovs_idl.command record = self.api.lookup(self.table, self.record)
2026-05-12 06:54:16.419 10 ERROR ovsdbapp.backend.ovs_idl.command
File "/var/lib/openstack/lib/python3.10/site-packages/ovsdbapp/backend/ovs_idl/__init__.py", line 184, in lookup
2026-05-12 06:54:16.419 10 ERROR ovsdbapp.backend.ovs_idl.command return self._lookup(table, record)
2026-05-12 06:54:16.419 10 ERROR ovsdbapp.backend.ovs_idl.command
File "/var/lib/openstack/lib/python3.10/site-packages/ovsdbapp/backend/ovs_idl/__init__.py", line 235, in _lookup
2026-05-12 06:54:16.419 10 ERROR ovsdbapp.backend.ovs_idl.command row = idlutils.row_by_value(self, rl.table, rl.column, record)
2026-05-12 06:54:16.419 10 ERROR ovsdbapp.backend.ovs_idl.command
File "/var/lib/openstack/lib/python3.10/site-packages/ovsdbapp/backend/ovs_idl/idlutils.py", line 114, in row_by_value
2026-05-12 06:54:16.419 10 ERROR ovsdbapp.backend.ovs_idl.command raise RowNotFound(table=table, col=column, match=match)
2026-05-12 06:54:16.419 10 ERROR ovsdbapp.backend.ovs_idl.command ovsdbapp.backend.ovs_idl.idlutils.RowNotFound: Cannot find Logical_Router_Port with name=lrp-917fef99-3d57-468d-a0bf-0ec1d54e1e41
2026-05-12 06:54:16.419 10 ERROR ovsdbapp.backend.ovs_idl.command 
2026-05-12 06:54:16.420 10 ERROR neutron_lib.callbacks.manager [None req-266fe3dc-2a20-4e21-93e8-1c4d25dbb841 990bf70198e944a0840b7be539088648 b4ac6bafd593455e96c5c97ef2646451 - - default default] Error during notification for neutron.services.ovn_l3.plugin.OVNL3RouterPlugin._port_update-8752271719151 port, after_update: ovsdbapp.backend.ovs_idl.idlutils.RowNotFound: Cannot find Logical_Router_Port with name=lrp-917fef99-3d57-468d-a0bf-0ec1d54e1e41
2026-05-12 06:54:16.420 10 ERROR neutron_lib.callbacks.manager
Traceback (most recent call last):
2026-05-12 06:54:16.420 10 ERROR neutron_lib.callbacks.manager
File "/var/lib/openstack/lib/python3.10/site-packages/neutron_lib/callbacks/manager.py", line 189, in _notify_loop
2026-05-12 06:54:16.420 10 ERROR neutron_lib.callbacks.manager callback.method(resource, event, trigger, payload=payload)
2026-05-12 06:54:16.420 10 ERROR neutron_lib.callbacks.manager
File "/var/lib/openstack/lib/python3.10/site-packages/neutron/services/ovn_l3/plugin.py", line 391, in _port_update
2026-05-12 06:54:16.420 10 ERROR neutron_lib.callbacks.manager l3plugin._ovn_client.update_router_port(context,
2026-05-12 06:54:16.420 10 ERROR neutron_lib.callbacks.manager
File "/var/lib/openstack/lib/python3.10/site-packages/neutron/plugins/ml2/drivers/ovn/mech_driver/ovsdb/ovn_client.py", line 1878, in update_router_port
2026-05-12 06:54:16.420 10 ERROR neutron_lib.callbacks.manager self._update_lrouter_port(context, port, if_exists=if_exists,
2026-05-12 06:54:16.420 10 ERROR neutron_lib.callbacks.manager
File "/var/lib/openstack/lib/python3.10/site-packages/neutron/plugins/ml2/drivers/ovn/mech_driver/ovsdb/ovn_client.py", line 1855, in _update_lrouter_port
2026-05-12 06:54:16.420 10 ERROR neutron_lib.callbacks.manager external_ids = self._nb_idl.db_get(
2026-05-12 06:54:16.420 10 ERROR neutron_lib.callbacks.manager
File "/var/lib/openstack/lib/python3.10/site-packages/ovsdbapp/backend/ovs_idl/command.py", line 47, in execute
2026-05-12 06:54:16.420 10 ERROR neutron_lib.callbacks.manager self.run_idl(None)
2026-05-12 06:54:16.420 10 ERROR neutron_lib.callbacks.manager
File "/var/lib/openstack/lib/python3.10/site-packages/ovsdbapp/backend/ovs_idl/command.py", line 235, in run_idl
2026-05-12 06:54:16.420 10 ERROR neutron_lib.callbacks.manager record = self.api.lookup(self.table, self.record)
2026-05-12 06:54:16.420 10 ERROR neutron_lib.callbacks.manager
File "/var/lib/openstack/lib/python3.10/site-packages/ovsdbapp/backend/ovs_idl/__init__.py", line 184, in lookup
2026-05-12 06:54:16.420 10 ERROR neutron_lib.callbacks.manager return self._lookup(table, record)
2026-05-12 06:54:16.420 10 ERROR neutron_lib.callbacks.manager
File "/var/lib/openstack/lib/python3.10/site-packages/ovsdbapp/backend/ovs_idl/__init__.py", line 235, in _lookup
2026-05-12 06:54:16.420 10 ERROR neutron_lib.callbacks.manager row = idlutils.row_by_value(self, rl.table, rl.column, record)
2026-05-12 06:54:16.420 10 ERROR neutron_lib.callbacks.manager
File "/var/lib/openstack/lib/python3.10/site-packages/ovsdbapp/backend/ovs_idl/idlutils.py", line 114, in row_by_value
2026-05-12 06:54:16.420 10 ERROR neutron_lib.callbacks.manager raise RowNotFound(table=table, col=column, match=match)
2026-05-12 06:54:16.420 10 ERROR neutron_lib.callbacks.manager ovsdbapp.backend.ovs_idl.idlutils.RowNotFound: Cannot find Logical_Router_Port with name=lrp-917fef99-3d57-468d-a0bf-0ec1d54e1e41
2026-05-12 06:54:16.420 10 ERROR neutron_lib.callbacks.manager 
2026-05-12 06:54:16.633 10 INFO neutron.db.ovn_revision_numbers_db [None req-266fe3dc-2a20-4e21-93e8-1c4d25dbb841 990bf70198e944a0840b7be539088648 b4ac6bafd593455e96c5c97ef2646451 - - default default] Successfully bumped revision number for resource 917fef99-3d57-468d-a0bf-0ec1d54e1e41 (type: ports) to 1
2026-05-12 06:54:16.697 10 WARNING neutron.scheduler.dhcp_agent_scheduler [None req-266fe3dc-2a20-4e21-93e8-1c4d25dbb841 990bf70198e944a0840b7be539088648 b4ac6bafd593455e96c5c97ef2646451 - - default default] No more DHCP agents
2026-05-12 06:54:16.698 10 WARNING neutron.api.rpc.agentnotifiers.dhcp_rpc_agent_api [None req-266fe3dc-2a20-4e21-93e8-1c4d25dbb841 990bf70198e944a0840b7be539088648 b4ac6bafd593455e96c5c97ef2646451 - - default default] Unable to schedule network 06636e4d-1290-4e82-ae3c-97e43e19e8f9: no agents available; will retry on subsequent port and subnet creation events.
2026-05-12 06:54:16.883 10 INFO neutron.db.ovn_revision_numbers_db [None req-266fe3dc-2a20-4e21-93e8-1c4d25dbb841 990bf70198e944a0840b7be539088648 b4ac6bafd593455e96c5c97ef2646451 - - default default] Successfully bumped revision number for resource 917fef99-3d57-468d-a0bf-0ec1d54e1e41 (type: router_ports) to 1
2026-05-12 06:54:16.890 10 INFO neutron.wsgi [None req-266fe3dc-2a20-4e21-93e8-1c4d25dbb841 990bf70198e944a0840b7be539088648 b4ac6bafd593455e96c5c97ef2646451 - - default default] 10.0.0.253 "PUT /v2.0/routers/7a168ac4-f312-47e3-a155-c2ad69bf1ab4/add_router_interface HTTP/1.1" status: 200 len: 503 time: 2.0647757
2026-05-12 06:54:16.932 10 INFO neutron.wsgi [None req-e0c4493f-6ef1-42ce-bb60-069dbca20c6a 990bf70198e944a0840b7be539088648 b4ac6bafd593455e96c5c97ef2646451 - - default default] 10.0.0.253 "GET /v2.0/ports/917fef99-3d57-468d-a0bf-0ec1d54e1e41 HTTP/1.1" status: 200 len: 1135 time: 0.0368078
2026-05-12 06:54:16.976 10 INFO neutron.wsgi [None req-60d1571b-4386-46d6-91a7-5ddf0ab9e098 990bf70198e944a0840b7be539088648 b4ac6bafd593455e96c5c97ef2646451 - - default default] 10.0.0.253 "GET /v2.0/ports/917fef99-3d57-468d-a0bf-0ec1d54e1e41 HTTP/1.1" status: 200 len: 1135 time: 0.0389616
2026-05-12 06:54:16.996 9 INFO neutron.wsgi [None req-9d9dfbae-a1df-4a0c-b8fa-78851a16b628 b21ba0208f24448fa7d1a3f68b4b6200 a41f40722aaa4c3bbf8603632511e87c - - default default] 10.0.0.253 "GET /v2.0/security-groups?tenant_id=c337b17863124e8eb99cc60bdc349716&name=default HTTP/1.1" status: 200 len: 3120 time: 0.1592946
2026-05-12 06:54:17.219 9 INFO neutron.wsgi [None req-6221b7aa-8b60-425e-a84a-c58cdd6ada5a b21ba0208f24448fa7d1a3f68b4b6200 a41f40722aaa4c3bbf8603632511e87c - - default default] 10.0.0.253 "DELETE /v2.0/security-groups/093180fb-61d6-4abe-b2bd-3768ec490021 HTTP/1.1" status: 204 len: 168 time: 0.2187932
