2026-05-12 06:52:29.186 10 INFO neutron.wsgi [req-c8e03f69-17a7-4d09-a4f4-67e6077dc124 req-7627a879-3333-4ce2-a554-bab3b6beb88b 84fc91d90eae4e3fb2e4af171f78c4a7 9e23c9bfb1a84f9391655cf35aca3724 - - default default] 199.204.45.235 "POST /v2.0/ports HTTP/1.1" status: 201 len: 1162 time: 0.6108167 /var/lib/openstack/lib/python3.10/site-packages/pycadf/identifier.py:71: UserWarning: Invalid uuid: neutron. To ensure interoperability, identifiers should be a valid uuid. warnings.warn(('Invalid uuid: %s. To ensure interoperability, '
2026-05-12 06:52:29.587 10 INFO neutron.db.ovn_revision_numbers_db [req-c8e03f69-17a7-4d09-a4f4-67e6077dc124 req-2627addc-94c6-4ee4-8ed9-723cd37cda53 30164aa1ac0d458195ef529a82fe903d 1c9d341739b346fb9397045d27ec30e1 - - a7e71ca817e243b38e6fff875d8e0087 a7e71ca817e243b38e6fff875d8e0087] Successfully bumped revision number for resource 12a7964f-27f6-4e6a-833a-fe0c4901ad64 (type: ports) to 2
2026-05-12 06:52:29.747 9 INFO neutron.wsgi [None req-dd07fd8e-627d-4feb-adb3-6d8039bac11d b21ba0208f24448fa7d1a3f68b4b6200 a41f40722aaa4c3bbf8603632511e87c - - default default] 10.0.0.253 "DELETE /v2.0/security-groups/7e7334cf-7981-45c8-8de6-8fdd05ed9c54 HTTP/1.1" status: 204 len: 168 time: 0.6727037 /var/lib/openstack/lib/python3.10/site-packages/pycadf/identifier.py:71: UserWarning: Invalid uuid: neutron. To ensure interoperability, identifiers should be a valid uuid. warnings.warn(('Invalid uuid: %s. To ensure interoperability, '
2026-05-12 06:52:29.837 9 INFO neutron.db.ovn_revision_numbers_db [None req-3acc812d-76ca-42e1-95d9-028c605dfdd1 - - - - - -] Successfully bumped revision number for resource 30769578-32f3-4b99-93f8-c825441b202c (type: router_ports) to 3
2026-05-12 06:52:29.862 10 INFO neutron.db.ovn_revision_numbers_db [req-c8e03f69-17a7-4d09-a4f4-67e6077dc124 req-2627addc-94c6-4ee4-8ed9-723cd37cda53 30164aa1ac0d458195ef529a82fe903d 1c9d341739b346fb9397045d27ec30e1 - - a7e71ca817e243b38e6fff875d8e0087 a7e71ca817e243b38e6fff875d8e0087] Successfully bumped revision number for resource 12a7964f-27f6-4e6a-833a-fe0c4901ad64 (type: ports) to 2
2026-05-12 06:52:29.891 10 INFO neutron.wsgi [req-c8e03f69-17a7-4d09-a4f4-67e6077dc124 req-2627addc-94c6-4ee4-8ed9-723cd37cda53 30164aa1ac0d458195ef529a82fe903d 1c9d341739b346fb9397045d27ec30e1 - - a7e71ca817e243b38e6fff875d8e0087 a7e71ca817e243b38e6fff875d8e0087] 199.204.45.235 "PUT /v2.0/ports/12a7964f-27f6-4e6a-833a-fe0c4901ad64 HTTP/1.1" status: 200 len: 1380 time: 0.6957214
2026-05-12 06:52:29.914 10 INFO neutron.wsgi [req-33760434-51b4-46b9-9ca2-ce38ba2d4f78 req-e6b6a844-5d6d-41c6-a306-6ba500a351c7 819355b92ea949478dd037ca485cf3d6 a1c5a86d5c804eefb065eaa36d71e66e - - default default] 10.0.0.169 "GET /v2.0/ports?device_id=895eac23-2c41-43ba-8c9e-347bbc77c0e2 HTTP/1.1" status: 200 len: 1174 time: 0.1116462
2026-05-12 06:52:29.937 9 INFO neutron.wsgi [req-e16b036f-797b-4bfa-85f1-83d0d59d0917 req-29cbf9ed-b186-41b7-8149-a0c2957e9301 84fc91d90eae4e3fb2e4af171f78c4a7 9e23c9bfb1a84f9391655cf35aca3724 - - default default] 10.0.0.169 "GET /v2.0/ports?device_id=397dbf06-4abc-4291-884c-0acc87f88cbb HTTP/1.1" status: 200 len: 1172 time: 0.1574454
2026-05-12 06:52:29.952 10 INFO neutron.notifiers.nova [-] Nova event matching ['req-002b6f85-dba0-4927-aec9-e5e378b948c0'] response: {'name': 'network-changed', 'server_uuid': '397dbf06-4abc-4291-884c-0acc87f88cbb', 'tag': '12a7964f-27f6-4e6a-833a-fe0c4901ad64', 'status': 'completed', 'code': 200}
2026-05-12 06:52:29.983 10 INFO neutron.wsgi [req-c8e03f69-17a7-4d09-a4f4-67e6077dc124 req-20d67ec0-305d-41bb-8eab-7f5f99ccb8c8 30164aa1ac0d458195ef529a82fe903d 1c9d341739b346fb9397045d27ec30e1 - - a7e71ca817e243b38e6fff875d8e0087 a7e71ca817e243b38e6fff875d8e0087] 199.204.45.235 "GET /v2.0/ports?tenant_id=9e23c9bfb1a84f9391655cf35aca3724&device_id=397dbf06-4abc-4291-884c-0acc87f88cbb HTTP/1.1" status: 200 len: 1411 time: 0.0491617
2026-05-12 06:52:30.021 10 INFO neutron.wsgi [req-c8e03f69-17a7-4d09-a4f4-67e6077dc124 req-9c4feeec-7732-49a7-ac30-e789d43742e8 30164aa1ac0d458195ef529a82fe903d 1c9d341739b346fb9397045d27ec30e1 - - a7e71ca817e243b38e6fff875d8e0087 a7e71ca817e243b38e6fff875d8e0087] 199.204.45.235 "GET /v2.0/floatingips?fixed_ip_address=10.100.0.10&port_id=12a7964f-27f6-4e6a-833a-fe0c4901ad64 HTTP/1.1" status: 200 len: 217 time: 0.0287318
2026-05-12 06:52:30.029 9 INFO neutron.wsgi [req-e16b036f-797b-4bfa-85f1-83d0d59d0917 req-7176629a-d84f-4b42-a9e1-fddfdacb47db 84fc91d90eae4e3fb2e4af171f78c4a7 9e23c9bfb1a84f9391655cf35aca3724 - - default default] 10.0.0.169 "GET /v2.0/security-groups?id=28631f94-d184-4d42-890b-fa5e776e2d13&fields=id&fields=name HTTP/1.1" status: 200 len: 313 time: 0.0828083
2026-05-12 06:52:30.050 10 INFO neutron.wsgi [req-89b50845-3ea8-48c3-bb68-782862e50df7 req-6409a4e4-cc75-471b-8782-907bab857749 819355b92ea949478dd037ca485cf3d6 a1c5a86d5c804eefb065eaa36d71e66e - - default default] 10.0.0.169 "GET /v2.0/ports/500c1479-09c4-4fa6-89b3-d7d70e733a10 HTTP/1.1" status: 200 len: 1171 time: 0.0648208
2026-05-12 06:52:30.066 10 INFO neutron.wsgi [req-c8e03f69-17a7-4d09-a4f4-67e6077dc124 req-ea230634-7465-4ebe-81a7-306004ea13c4 30164aa1ac0d458195ef529a82fe903d 1c9d341739b346fb9397045d27ec30e1 - - a7e71ca817e243b38e6fff875d8e0087 a7e71ca817e243b38e6fff875d8e0087] 199.204.45.235 "GET /v2.0/subnets?id=b72ea4fc-8e9c-43e6-9583-ee848227d518 HTTP/1.1" status: 200 len: 873 time: 0.0373938
2026-05-12 06:52:30.111 10 INFO neutron.wsgi [-] 10.0.0.190 "GET / HTTP/1.1" status: 200 len: 247 time: 0.0014961
2026-05-12 06:52:30.113 10 INFO neutron.wsgi [-] 10.0.0.190 "GET / HTTP/1.1" status: 200 len: 247 time: 0.0010304
2026-05-12 06:52:30.122 10 INFO neutron.wsgi [req-c8e03f69-17a7-4d09-a4f4-67e6077dc124 req-3c475052-4573-4365-8ea5-51109308d93c 30164aa1ac0d458195ef529a82fe903d 1c9d341739b346fb9397045d27ec30e1 - - a7e71ca817e243b38e6fff875d8e0087 a7e71ca817e243b38e6fff875d8e0087] 199.204.45.235 "GET /v2.0/ports?network_id=18a37589-dcb1-4991-8655-5a067c4ff142&device_owner=network%3Adhcp HTTP/1.1" status: 200 len: 210 time: 0.0252273
2026-05-12 06:52:30.168 9 ERROR ovsdbapp.backend.ovs_idl.command [None req-c8b46dc2-53d7-4be8-9ede-2b4464fe39c1 b21ba0208f24448fa7d1a3f68b4b6200 a41f40722aaa4c3bbf8603632511e87c - - default default] Error executing command (DbGetCommand): ovsdbapp.backend.ovs_idl.idlutils.RowNotFound: Cannot find Logical_Router_Port with name=lrp-72abed17-c1ba-40c7-8753-e865d337d583
2026-05-12 06:52:30.168 9 ERROR ovsdbapp.backend.ovs_idl.command
Traceback (most recent call last):
2026-05-12 06:52:30.168 9 ERROR ovsdbapp.backend.ovs_idl.command
File "/var/lib/openstack/lib/python3.10/site-packages/ovsdbapp/backend/ovs_idl/command.py", line 47, in execute
2026-05-12 06:52:30.168 9 ERROR ovsdbapp.backend.ovs_idl.command self.run_idl(None)
2026-05-12 06:52:30.168 9 ERROR ovsdbapp.backend.ovs_idl.command
File "/var/lib/openstack/lib/python3.10/site-packages/ovsdbapp/backend/ovs_idl/command.py", line 235, in run_idl
2026-05-12 06:52:30.168 9 ERROR ovsdbapp.backend.ovs_idl.command record = self.api.lookup(self.table, self.record)
2026-05-12 06:52:30.168 9 ERROR ovsdbapp.backend.ovs_idl.command
File "/var/lib/openstack/lib/python3.10/site-packages/ovsdbapp/backend/ovs_idl/__init__.py", line 184, in lookup
2026-05-12 06:52:30.168 9 ERROR ovsdbapp.backend.ovs_idl.command return self._lookup(table, record)
2026-05-12 06:52:30.168 9 ERROR ovsdbapp.backend.ovs_idl.command
File "/var/lib/openstack/lib/python3.10/site-packages/ovsdbapp/backend/ovs_idl/__init__.py", line 235, in _lookup
2026-05-12 06:52:30.168 9 ERROR ovsdbapp.backend.ovs_idl.command row = idlutils.row_by_value(self, rl.table, rl.column, record)
2026-05-12 06:52:30.168 9 ERROR ovsdbapp.backend.ovs_idl.command
File "/var/lib/openstack/lib/python3.10/site-packages/ovsdbapp/backend/ovs_idl/idlutils.py", line 114, in row_by_value
2026-05-12 06:52:30.168 9 ERROR ovsdbapp.backend.ovs_idl.command raise RowNotFound(table=table, col=column, match=match)
2026-05-12 06:52:30.168 9 ERROR ovsdbapp.backend.ovs_idl.command ovsdbapp.backend.ovs_idl.idlutils.RowNotFound: Cannot find Logical_Router_Port with name=lrp-72abed17-c1ba-40c7-8753-e865d337d583
2026-05-12 06:52:30.168 9 ERROR ovsdbapp.backend.ovs_idl.command 
2026-05-12 06:52:30.169 9 ERROR neutron_lib.callbacks.manager [None req-c8b46dc2-53d7-4be8-9ede-2b4464fe39c1 b21ba0208f24448fa7d1a3f68b4b6200 a41f40722aaa4c3bbf8603632511e87c - - default default] Error during notification for neutron.services.ovn_l3.plugin.OVNL3RouterPlugin._port_update-8752271719151 port, after_update: ovsdbapp.backend.ovs_idl.idlutils.RowNotFound: Cannot find Logical_Router_Port with name=lrp-72abed17-c1ba-40c7-8753-e865d337d583
2026-05-12 06:52:30.169 9 ERROR neutron_lib.callbacks.manager
Traceback (most recent call last):
2026-05-12 06:52:30.169 9 ERROR neutron_lib.callbacks.manager
File "/var/lib/openstack/lib/python3.10/site-packages/neutron_lib/callbacks/manager.py", line 189, in _notify_loop
2026-05-12 06:52:30.169 9 ERROR neutron_lib.callbacks.manager callback.method(resource, event, trigger, payload=payload)
2026-05-12 06:52:30.169 9 ERROR neutron_lib.callbacks.manager
File "/var/lib/openstack/lib/python3.10/site-packages/neutron/services/ovn_l3/plugin.py", line 391, in _port_update
2026-05-12 06:52:30.169 9 ERROR neutron_lib.callbacks.manager l3plugin._ovn_client.update_router_port(context,
2026-05-12 06:52:30.169 9 ERROR neutron_lib.callbacks.manager
File "/var/lib/openstack/lib/python3.10/site-packages/neutron/plugins/ml2/drivers/ovn/mech_driver/ovsdb/ovn_client.py", line 1878, in update_router_port
2026-05-12 06:52:30.169 9 ERROR neutron_lib.callbacks.manager self._update_lrouter_port(context, port, if_exists=if_exists,
2026-05-12 06:52:30.169 9 ERROR neutron_lib.callbacks.manager
File "/var/lib/openstack/lib/python3.10/site-packages/neutron/plugins/ml2/drivers/ovn/mech_driver/ovsdb/ovn_client.py", line 1855, in _update_lrouter_port
2026-05-12 06:52:30.169 9 ERROR neutron_lib.callbacks.manager external_ids = self._nb_idl.db_get(
2026-05-12 06:52:30.169 9 ERROR neutron_lib.callbacks.manager
File "/var/lib/openstack/lib/python3.10/site-packages/ovsdbapp/backend/ovs_idl/command.py", line 47, in execute
2026-05-12 06:52:30.169 9 ERROR neutron_lib.callbacks.manager self.run_idl(None)
2026-05-12 06:52:30.169 9 ERROR neutron_lib.callbacks.manager
File "/var/lib/openstack/lib/python3.10/site-packages/ovsdbapp/backend/ovs_idl/command.py", line 235, in run_idl
2026-05-12 06:52:30.169 9 ERROR neutron_lib.callbacks.manager record = self.api.lookup(self.table, self.record)
2026-05-12 06:52:30.169 9 ERROR neutron_lib.callbacks.manager
File "/var/lib/openstack/lib/python3.10/site-packages/ovsdbapp/backend/ovs_idl/__init__.py", line 184, in lookup
2026-05-12 06:52:30.169 9 ERROR neutron_lib.callbacks.manager return self._lookup(table, record)
2026-05-12 06:52:30.169 9 ERROR neutron_lib.callbacks.manager
File "/var/lib/openstack/lib/python3.10/site-packages/ovsdbapp/backend/ovs_idl/__init__.py", line 235, in _lookup
2026-05-12 06:52:30.169 9 ERROR neutron_lib.callbacks.manager row = idlutils.row_by_value(self, rl.table, rl.column, record)
2026-05-12 06:52:30.169 9 ERROR neutron_lib.callbacks.manager
File "/var/lib/openstack/lib/python3.10/site-packages/ovsdbapp/backend/ovs_idl/idlutils.py", line 114, in row_by_value
2026-05-12 06:52:30.169 9 ERROR neutron_lib.callbacks.manager raise RowNotFound(table=table, col=column, match=match)
2026-05-12 06:52:30.169 9 ERROR neutron_lib.callbacks.manager ovsdbapp.backend.ovs_idl.idlutils.RowNotFound: Cannot find Logical_Router_Port with name=lrp-72abed17-c1ba-40c7-8753-e865d337d583
2026-05-12 06:52:30.169 9 ERROR neutron_lib.callbacks.manager 
2026-05-12 06:52:30.202 10 INFO neutron.wsgi [req-c8e03f69-17a7-4d09-a4f4-67e6077dc124 req-14629302-b62b-41f5-ac76-ebb7f1096e01 30164aa1ac0d458195ef529a82fe903d 1c9d341739b346fb9397045d27ec30e1 - - a7e71ca817e243b38e6fff875d8e0087 a7e71ca817e243b38e6fff875d8e0087] 199.204.45.235 "GET /v2.0/networks/18a37589-dcb1-4991-8655-5a067c4ff142?fields=segments HTTP/1.1" status: 200 len: 212 time: 0.0719676
2026-05-12 06:52:30.275 9 INFO neutron.wsgi [req-20d753b6-6f24-4fe2-8e0a-262bc8aed305 req-53b610c0-ccf1-4af7-8933-c09b251b93ac 819355b92ea949478dd037ca485cf3d6 a1c5a86d5c804eefb065eaa36d71e66e - - default default] 199.204.45.235 "GET /v2.0/subnets?network_id=ebc3a367-a4e1-43e6-a3c7-50ebe5e04f64 HTTP/1.1" status: 200 len: 858 time: 0.0600281
2026-05-12 06:52:30.277 9 INFO neutron.db.ovn_revision_numbers_db [None req-3acc812d-76ca-42e1-95d9-028c605dfdd1 - - - - - -] Successfully bumped revision number for resource 30769578-32f3-4b99-93f8-c825441b202c (type: ports) to 2
2026-05-12 06:52:30.282 10 INFO neutron.wsgi [req-c8e03f69-17a7-4d09-a4f4-67e6077dc124 req-bc887126-2f28-4e5d-9289-774d6250183e 30164aa1ac0d458195ef529a82fe903d 1c9d341739b346fb9397045d27ec30e1 - - a7e71ca817e243b38e6fff875d8e0087 a7e71ca817e243b38e6fff875d8e0087] 199.204.45.235 "GET /v2.0/networks/18a37589-dcb1-4991-8655-5a067c4ff142?fields=provider%3Aphysical_network&fields=provider%3Anetwork_type HTTP/1.1" status: 200 len: 277 time: 0.0718725
2026-05-12 06:52:30.380 10 INFO neutron.wsgi [req-e4314bce-7ad3-487b-a9c3-5e553e2f98f1 req-2f9031c1-bd65-40bf-883a-0d6a09e25b75 30164aa1ac0d458195ef529a82fe903d 1c9d341739b346fb9397045d27ec30e1 - - a7e71ca817e243b38e6fff875d8e0087 a7e71ca817e243b38e6fff875d8e0087] 199.204.45.235 "GET /v2.0/ports?tenant_id=9e23c9bfb1a84f9391655cf35aca3724&device_id=397dbf06-4abc-4291-884c-0acc87f88cbb HTTP/1.1" status: 200 len: 1411 time: 0.0481374
2026-05-12 06:52:30.456 10 INFO neutron.wsgi [req-e4314bce-7ad3-487b-a9c3-5e553e2f98f1 req-46cf1ec2-ad4a-4aa3-b8f9-1f3b47798199 30164aa1ac0d458195ef529a82fe903d 1c9d341739b346fb9397045d27ec30e1 - - a7e71ca817e243b38e6fff875d8e0087 a7e71ca817e243b38e6fff875d8e0087] 199.204.45.235 "GET /v2.0/networks?id=18a37589-dcb1-4991-8655-5a067c4ff142 HTTP/1.1" status: 200 len: 978 time: 0.0693827
2026-05-12 06:52:30.475 9 INFO neutron.wsgi [req-20d753b6-6f24-4fe2-8e0a-262bc8aed305 req-17b8b13e-5c22-4714-9226-01d2089d7b5e 819355b92ea949478dd037ca485cf3d6 a1c5a86d5c804eefb065eaa36d71e66e - - default default] 199.204.45.235 "GET /v2.0/ports?device_id=895eac23-2c41-43ba-8c9e-347bbc77c0e2&device_owner=compute%3Anova&network_id=ebc3a367-a4e1-43e6-a3c7-50ebe5e04f64 HTTP/1.1" status: 200 len: 1174 time: 0.1927843
2026-05-12 06:52:30.496 10 INFO neutron.wsgi [req-e4314bce-7ad3-487b-a9c3-5e553e2f98f1 req-34720343-a4e1-45fe-a466-bde37c0aa133 30164aa1ac0d458195ef529a82fe903d 1c9d341739b346fb9397045d27ec30e1 - - a7e71ca817e243b38e6fff875d8e0087 a7e71ca817e243b38e6fff875d8e0087] 199.204.45.235 "GET /v2.0/floatingips?fixed_ip_address=10.100.0.10&port_id=12a7964f-27f6-4e6a-833a-fe0c4901ad64 HTTP/1.1" status: 200 len: 217 time: 0.0315328
2026-05-12 06:52:30.536 10 INFO neutron.wsgi [req-e4314bce-7ad3-487b-a9c3-5e553e2f98f1 req-1b414689-c0aa-4d09-8caa-f5a3ebe14d9c 30164aa1ac0d458195ef529a82fe903d 1c9d341739b346fb9397045d27ec30e1 - - a7e71ca817e243b38e6fff875d8e0087 a7e71ca817e243b38e6fff875d8e0087] 199.204.45.235 "GET /v2.0/subnets?id=b72ea4fc-8e9c-43e6-9583-ee848227d518 HTTP/1.1" status: 200 len: 873 time: 0.0291655
2026-05-12 06:52:30.563 9 INFO neutron.db.ovn_revision_numbers_db [None req-c8b46dc2-53d7-4be8-9ede-2b4464fe39c1 b21ba0208f24448fa7d1a3f68b4b6200 a41f40722aaa4c3bbf8603632511e87c - - default default] Successfully bumped revision number for resource 72abed17-c1ba-40c7-8753-e865d337d583 (type: ports) to 1
2026-05-12 06:52:30.577 10 INFO neutron.wsgi [req-e4314bce-7ad3-487b-a9c3-5e553e2f98f1 req-c0fa47da-f7dc-4f69-9aaf-469c42de71a8 30164aa1ac0d458195ef529a82fe903d 1c9d341739b346fb9397045d27ec30e1 - - a7e71ca817e243b38e6fff875d8e0087 a7e71ca817e243b38e6fff875d8e0087] 199.204.45.235 "GET /v2.0/ports?network_id=18a37589-dcb1-4991-8655-5a067c4ff142&device_owner=network%3Adhcp HTTP/1.1" status: 200 len: 210 time: 0.0338268
2026-05-12 06:52:30.655 9 WARNING neutron.scheduler.dhcp_agent_scheduler [None req-c8b46dc2-53d7-4be8-9ede-2b4464fe39c1 b21ba0208f24448fa7d1a3f68b4b6200 a41f40722aaa4c3bbf8603632511e87c - - default default] No more DHCP agents
2026-05-12 06:52:30.657 9 WARNING neutron.api.rpc.agentnotifiers.dhcp_rpc_agent_api [None req-c8b46dc2-53d7-4be8-9ede-2b4464fe39c1 b21ba0208f24448fa7d1a3f68b4b6200 a41f40722aaa4c3bbf8603632511e87c - - default default] Unable to schedule network c0348f15-fc38-4205-ab64-c1beb99675dd: no agents available; will retry on subsequent port and subnet creation events.
2026-05-12 06:52:30.662 10 INFO neutron.wsgi [req-e4314bce-7ad3-487b-a9c3-5e553e2f98f1 req-4a5b0fca-2d28-4084-a7fa-c4e5bcf71e28 30164aa1ac0d458195ef529a82fe903d 1c9d341739b346fb9397045d27ec30e1 - - a7e71ca817e243b38e6fff875d8e0087 a7e71ca817e243b38e6fff875d8e0087] 199.204.45.235 "GET /v2.0/networks/18a37589-dcb1-4991-8655-5a067c4ff142?fields=segments HTTP/1.1" status: 200 len: 212 time: 0.0778785
2026-05-12 06:52:30.726 10 INFO neutron.wsgi [req-e4314bce-7ad3-487b-a9c3-5e553e2f98f1 req-e7027864-1763-458a-a14d-7a34cf0bc518 30164aa1ac0d458195ef529a82fe903d 1c9d341739b346fb9397045d27ec30e1 - - a7e71ca817e243b38e6fff875d8e0087 a7e71ca817e243b38e6fff875d8e0087] 199.204.45.235 "GET /v2.0/networks/18a37589-dcb1-4991-8655-5a067c4ff142?fields=provider%3Aphysical_network&fields=provider%3Anetwork_type HTTP/1.1" status: 200 len: 277 time: 0.0576344
2026-05-12 06:52:30.971 10 INFO neutron.plugins.ml2.drivers.ovn.mech_driver.mech_driver [None req-13540f74-58b1-48e3-9916-68cb788c84d1 - - - - - -] OVN reports status up for port: 72abed17-c1ba-40c7-8753-e865d337d583
2026-05-12 06:52:30.979 10 INFO neutron.plugins.ml2.plugin [None req-13540f74-58b1-48e3-9916-68cb788c84d1 - - - - - -] Attempt 1 to provision port 72abed17-c1ba-40c7-8753-e865d337d583
2026-05-12 06:52:31.174 10 INFO neutron.wsgi [req-9dbc1f61-72b7-4844-aa0a-fdd7010740d1 req-3c157e47-acb2-4453-9f4d-b9052f89c50b 84fc91d90eae4e3fb2e4af171f78c4a7 9e23c9bfb1a84f9391655cf35aca3724 - - default default] 10.0.0.169 "GET /v2.0/ports?device_id=397dbf06-4abc-4291-884c-0acc87f88cbb HTTP/1.1" status: 200 len: 1172 time: 0.0677929
2026-05-12 06:52:31.187 9 INFO neutron.plugins.ml2.drivers.ovn.mech_driver.mech_driver [None req-75e7a955-8b25-4a8d-8b56-85627a188632 - - - - - -] OVN reports status up for port: 12a7964f-27f6-4e6a-833a-fe0c4901ad64
2026-05-12 06:52:31.222 9 INFO neutron.db.ovn_revision_numbers_db [None req-3acc812d-76ca-42e1-95d9-028c605dfdd1 - - - - - -] Successfully bumped revision number for resource 30769578-32f3-4b99-93f8-c825441b202c (type: ports) to 4
2026-05-12 06:52:31.227 9 INFO neutron.plugins.ml2.plugin [None req-75e7a955-8b25-4a8d-8b56-85627a188632 - - - - - -] Attempt 1 to provision port 12a7964f-27f6-4e6a-833a-fe0c4901ad64
2026-05-12 06:52:31.247 10 INFO neutron.wsgi [req-9dbc1f61-72b7-4844-aa0a-fdd7010740d1 req-d75ce04b-3f49-4290-8c7a-6730f11049d8 84fc91d90eae4e3fb2e4af171f78c4a7 9e23c9bfb1a84f9391655cf35aca3724 - - default default] 10.0.0.169 "GET /v2.0/security-groups?id=28631f94-d184-4d42-890b-fa5e776e2d13&fields=id&fields=name HTTP/1.1" status: 200 len: 313 time: 0.0552661
2026-05-12 06:52:31.590 10 INFO neutron.db.ovn_revision_numbers_db [None req-13540f74-58b1-48e3-9916-68cb788c84d1 - - - - - -] Successfully bumped revision number for resource 72abed17-c1ba-40c7-8753-e865d337d583 (type: ports) to 2
2026-05-12 06:52:31.622 9 INFO neutron.notifiers.nova [-] Nova event matching ['req-8602d183-af7e-4b20-840d-b76eed3fb6c0'] response: {'server_uuid': '397dbf06-4abc-4291-884c-0acc87f88cbb', 'name': 'network-vif-plugged', 'status': 'completed', 'tag': '12a7964f-27f6-4e6a-833a-fe0c4901ad64', 'code': 200}
2026-05-12 06:52:31.814 9 INFO neutron.db.ovn_revision_numbers_db [req-20d753b6-6f24-4fe2-8e0a-262bc8aed305 req-de152211-a6ea-4527-aae3-31c1b8a9d837 819355b92ea949478dd037ca485cf3d6 a1c5a86d5c804eefb065eaa36d71e66e - - default default] Successfully bumped revision number for resource 500c1479-09c4-4fa6-89b3-d7d70e733a10 (type: ports) to 5
2026-05-12 06:52:31.851 9 INFO neutron.wsgi [req-20d753b6-6f24-4fe2-8e0a-262bc8aed305 req-de152211-a6ea-4527-aae3-31c1b8a9d837 819355b92ea949478dd037ca485cf3d6 a1c5a86d5c804eefb065eaa36d71e66e - - default default] 199.204.45.235 "PUT /v2.0/ports/500c1479-09c4-4fa6-89b3-d7d70e733a10 HTTP/1.1" status: 200 len: 1353 time: 1.3683980
2026-05-12 06:52:31.941 10 ERROR ovsdbapp.backend.ovs_idl.command [None req-13540f74-58b1-48e3-9916-68cb788c84d1 - - - - - -] Error executing command (DbGetCommand): ovsdbapp.backend.ovs_idl.idlutils.RowNotFound: Cannot find Logical_Router_Port with name=lrp-72abed17-c1ba-40c7-8753-e865d337d583
2026-05-12 06:52:31.941 10 ERROR ovsdbapp.backend.ovs_idl.command
Traceback (most recent call last):
2026-05-12 06:52:31.941 10 ERROR ovsdbapp.backend.ovs_idl.command
File "/var/lib/openstack/lib/python3.10/site-packages/ovsdbapp/backend/ovs_idl/command.py", line 47, in execute
2026-05-12 06:52:31.941 10 ERROR ovsdbapp.backend.ovs_idl.command self.run_idl(None)
2026-05-12 06:52:31.941 10 ERROR ovsdbapp.backend.ovs_idl.command
File "/var/lib/openstack/lib/python3.10/site-packages/ovsdbapp/backend/ovs_idl/command.py", line 235, in run_idl
2026-05-12 06:52:31.941 10 ERROR ovsdbapp.backend.ovs_idl.command record = self.api.lookup(self.table, self.record)
2026-05-12 06:52:31.941 10 ERROR ovsdbapp.backend.ovs_idl.command
File "/var/lib/openstack/lib/python3.10/site-packages/ovsdbapp/backend/ovs_idl/__init__.py", line 184, in lookup
2026-05-12 06:52:31.941 10 ERROR ovsdbapp.backend.ovs_idl.command return self._lookup(table, record)
2026-05-12 06:52:31.941 10 ERROR ovsdbapp.backend.ovs_idl.command
File "/var/lib/openstack/lib/python3.10/site-packages/ovsdbapp/backend/ovs_idl/__init__.py", line 235, in _lookup
2026-05-12 06:52:31.941 10 ERROR ovsdbapp.backend.ovs_idl.command row = idlutils.row_by_value(self, rl.table, rl.column, record)
2026-05-12 06:52:31.941 10 ERROR ovsdbapp.backend.ovs_idl.command
File "/var/lib/openstack/lib/python3.10/site-packages/ovsdbapp/backend/ovs_idl/idlutils.py", line 114, in row_by_value
2026-05-12 06:52:31.941 10 ERROR ovsdbapp.backend.ovs_idl.command raise RowNotFound(table=table, col=column, match=match)
2026-05-12 06:52:31.941 10 ERROR ovsdbapp.backend.ovs_idl.command ovsdbapp.backend.ovs_idl.idlutils.RowNotFound: Cannot find Logical_Router_Port with name=lrp-72abed17-c1ba-40c7-8753-e865d337d583
2026-05-12 06:52:31.941 10 ERROR ovsdbapp.backend.ovs_idl.command 
2026-05-12 06:52:31.942 10 ERROR neutron_lib.callbacks.manager [None req-13540f74-58b1-48e3-9916-68cb788c84d1 - - - - - -] Error during notification for neutron.services.ovn_l3.plugin.OVNL3RouterPlugin._port_update-8752271719151 port, after_update: ovsdbapp.backend.ovs_idl.idlutils.RowNotFound: Cannot find Logical_Router_Port with name=lrp-72abed17-c1ba-40c7-8753-e865d337d583
2026-05-12 06:52:31.942 10 ERROR neutron_lib.callbacks.manager
Traceback (most recent call last):
2026-05-12 06:52:31.942 10 ERROR neutron_lib.callbacks.manager
File "/var/lib/openstack/lib/python3.10/site-packages/neutron_lib/callbacks/manager.py", line 189, in _notify_loop
2026-05-12 06:52:31.942 10 ERROR neutron_lib.callbacks.manager callback.method(resource, event, trigger, payload=payload)
2026-05-12 06:52:31.942 10 ERROR neutron_lib.callbacks.manager
File "/var/lib/openstack/lib/python3.10/site-packages/neutron/services/ovn_l3/plugin.py", line 391, in _port_update
2026-05-12 06:52:31.942 10 ERROR neutron_lib.callbacks.manager l3plugin._ovn_client.update_router_port(context,
2026-05-12 06:52:31.942 10 ERROR neutron_lib.callbacks.manager
File "/var/lib/openstack/lib/python3.10/site-packages/neutron/plugins/ml2/drivers/ovn/mech_driver/ovsdb/ovn_client.py", line 1878, in update_router_port
2026-05-12 06:52:31.942 10 ERROR neutron_lib.callbacks.manager self._update_lrouter_port(context, port, if_exists=if_exists,
2026-05-12 06:52:31.942 10 ERROR neutron_lib.callbacks.manager
File "/var/lib/openstack/lib/python3.10/site-packages/neutron/plugins/ml2/drivers/ovn/mech_driver/ovsdb/ovn_client.py", line 1855, in _update_lrouter_port
2026-05-12 06:52:31.942 10 ERROR neutron_lib.callbacks.manager external_ids = self._nb_idl.db_get(
2026-05-12 06:52:31.942 10 ERROR neutron_lib.callbacks.manager
File "/var/lib/openstack/lib/python3.10/site-packages/ovsdbapp/backend/ovs_idl/command.py", line 47, in execute
2026-05-12 06:52:31.942 10 ERROR neutron_lib.callbacks.manager self.run_idl(None)
2026-05-12 06:52:31.942 10 ERROR neutron_lib.callbacks.manager
File "/var/lib/openstack/lib/python3.10/site-packages/ovsdbapp/backend/ovs_idl/command.py", line 235, in run_idl
2026-05-12 06:52:31.942 10 ERROR neutron_lib.callbacks.manager record = self.api.lookup(self.table, self.record)
2026-05-12 06:52:31.942 10 ERROR neutron_lib.callbacks.manager
File "/var/lib/openstack/lib/python3.10/site-packages/ovsdbapp/backend/ovs_idl/__init__.py", line 184, in lookup
2026-05-12 06:52:31.942 10 ERROR neutron_lib.callbacks.manager return self._lookup(table, record)
2026-05-12 06:52:31.942 10 ERROR neutron_lib.callbacks.manager
File "/var/lib/openstack/lib/python3.10/site-packages/ovsdbapp/backend/ovs_idl/__init__.py", line 235, in _lookup
2026-05-12 06:52:31.942 10 ERROR neutron_lib.callbacks.manager row = idlutils.row_by_value(self, rl.table, rl.column, record)
2026-05-12 06:52:31.942 10 ERROR neutron_lib.callbacks.manager
File "/var/lib/openstack/lib/python3.10/site-packages/ovsdbapp/backend/ovs_idl/idlutils.py", line 114, in row_by_value
2026-05-12 06:52:31.942 10 ERROR neutron_lib.callbacks.manager raise RowNotFound(table=table, col=column, match=match)
2026-05-12 06:52:31.942 10 ERROR neutron_lib.callbacks.manager ovsdbapp.backend.ovs_idl.idlutils.RowNotFound: Cannot find Logical_Router_Port with name=lrp-72abed17-c1ba-40c7-8753-e865d337d583
2026-05-12 06:52:31.942 10 ERROR neutron_lib.callbacks.manager  /var/lib/openstack/lib/python3.10/site-packages/pycadf/identifier.py:71: UserWarning: Invalid uuid: neutron. To ensure interoperability, identifiers should be a valid uuid. warnings.warn(('Invalid uuid: %s. To ensure interoperability, '
2026-05-12 06:52:32.105 9 WARNING neutron_lib.context [None req-d7ae4bb0-15a3-4e8b-aea7-efe680692d0d f2bdc4e2d72b41659aa66d52ed005f8e 9069b46645da4748aabbb349bcc80f84 - - default default] Method 'is_advsvc' is deprecated since 2023.2 release (neutron-lib 3.8.0) and will be removed once support for the old RBAC API policies will be removed from Neutron. Please use method 'is_service_role' instead.
2026-05-12 06:52:32.106 9 WARNING neutron_lib.context [None req-d7ae4bb0-15a3-4e8b-aea7-efe680692d0d f2bdc4e2d72b41659aa66d52ed005f8e 9069b46645da4748aabbb349bcc80f84 - - default default] Method 'is_advsvc' is deprecated since 2023.2 release (neutron-lib 3.8.0) and will be removed once support for the old RBAC API policies will be removed from Neutron. Please use method 'is_service_role' instead.
2026-05-12 06:52:32.135 9 INFO neutron.db.ovn_revision_numbers_db [None req-3acc812d-76ca-42e1-95d9-028c605dfdd1 - - - - - -] Successfully bumped revision number for resource 30769578-32f3-4b99-93f8-c825441b202c (type: router_ports) to 4
2026-05-12 06:52:32.177 9 INFO neutron.wsgi [req-20d753b6-6f24-4fe2-8e0a-262bc8aed305 req-e9c70c08-0a55-4fef-91fa-3cc1565406cc 30164aa1ac0d458195ef529a82fe903d 1c9d341739b346fb9397045d27ec30e1 - - a7e71ca817e243b38e6fff875d8e0087 a7e71ca817e243b38e6fff875d8e0087] 199.204.45.235 "GET /v2.0/ports?tenant_id=a1c5a86d5c804eefb065eaa36d71e66e&device_id=895eac23-2c41-43ba-8c9e-347bbc77c0e2 HTTP/1.1" status: 200 len: 1594 time: 0.0785420
2026-05-12 06:52:32.277 9 INFO neutron.db.ovn_revision_numbers_db [None req-75e7a955-8b25-4a8d-8b56-85627a188632 - - - - - -] Successfully bumped revision number for resource 12a7964f-27f6-4e6a-833a-fe0c4901ad64 (type: ports) to 4
2026-05-12 06:52:32.363 9 INFO neutron.wsgi [req-20d753b6-6f24-4fe2-8e0a-262bc8aed305 req-d1bf8b35-77b2-4a74-b54f-f1bb5a4db726 30164aa1ac0d458195ef529a82fe903d 1c9d341739b346fb9397045d27ec30e1 - - a7e71ca817e243b38e6fff875d8e0087 a7e71ca817e243b38e6fff875d8e0087] 199.204.45.235 "GET /v2.0/networks?id=ebc3a367-a4e1-43e6-a3c7-50ebe5e04f64 HTTP/1.1" status: 200 len: 980 time: 0.1697848
2026-05-12 06:52:32.418 9 INFO neutron.wsgi [req-20d753b6-6f24-4fe2-8e0a-262bc8aed305 req-bf64b4cc-b886-4826-8535-a5189eff6a93 30164aa1ac0d458195ef529a82fe903d 1c9d341739b346fb9397045d27ec30e1 - - a7e71ca817e243b38e6fff875d8e0087 a7e71ca817e243b38e6fff875d8e0087] 199.204.45.235 "GET /v2.0/floatingips?fixed_ip_address=10.100.0.12&port_id=500c1479-09c4-4fa6-89b3-d7d70e733a10 HTTP/1.1" status: 200 len: 217 time: 0.0427463 /var/lib/openstack/lib/python3.10/site-packages/pycadf/identifier.py:71: UserWarning: Invalid uuid: neutron. To ensure interoperability, identifiers should be a valid uuid. warnings.warn(('Invalid uuid: %s. To ensure interoperability, '
2026-05-12 06:52:32.499 9 INFO neutron.wsgi [req-94e29cf4-b69f-42d5-b330-c5dd45995f5e req-bff4c7de-cb6e-4104-80fb-09fe33ace944 84fc91d90eae4e3fb2e4af171f78c4a7 9e23c9bfb1a84f9391655cf35aca3724 - - default default] 10.0.0.169 "GET /v2.0/ports?device_id=397dbf06-4abc-4291-884c-0acc87f88cbb HTTP/1.1" status: 200 len: 1174 time: 0.1748507
2026-05-12 06:52:32.541 9 INFO neutron.wsgi [req-20d753b6-6f24-4fe2-8e0a-262bc8aed305 req-582d31a6-d72a-4840-bce7-d7f48282b438 30164aa1ac0d458195ef529a82fe903d 1c9d341739b346fb9397045d27ec30e1 - - a7e71ca817e243b38e6fff875d8e0087 a7e71ca817e243b38e6fff875d8e0087] 199.204.45.235 "GET /v2.0/floatingips?fixed_ip_address=10.100.0.14&port_id=500c1479-09c4-4fa6-89b3-d7d70e733a10 HTTP/1.1" status: 200 len: 1060 time: 0.1026170
2026-05-12 06:52:32.590 9 INFO neutron.db.ovn_revision_numbers_db [None req-d7ae4bb0-15a3-4e8b-aea7-efe680692d0d f2bdc4e2d72b41659aa66d52ed005f8e 9069b46645da4748aabbb349bcc80f84 - - default default] Successfully bumped revision number for resource 97feb8b3-89a8-418b-9300-d37c81198e39 (type: security_groups) to 1
2026-05-12 06:52:32.601 9 INFO neutron.wsgi [req-20d753b6-6f24-4fe2-8e0a-262bc8aed305 req-f323bdf1-1e09-4f53-8dc1-2d7b89918f23 30164aa1ac0d458195ef529a82fe903d 1c9d341739b346fb9397045d27ec30e1 - - a7e71ca817e243b38e6fff875d8e0087 a7e71ca817e243b38e6fff875d8e0087] 199.204.45.235 "GET /v2.0/subnets?id=9ae425c7-4852-43e5-819d-9a54f1de4b20 HTTP/1.1" status: 200 len: 876 time: 0.0513015
2026-05-12 06:52:32.611 9 INFO neutron.wsgi [req-94e29cf4-b69f-42d5-b330-c5dd45995f5e req-666ca5f2-d6f1-4319-ac1e-3555f1433c5c 84fc91d90eae4e3fb2e4af171f78c4a7 9e23c9bfb1a84f9391655cf35aca3724 - - default default] 10.0.0.169 "GET /v2.0/security-groups?id=28631f94-d184-4d42-890b-fa5e776e2d13&fields=id&fields=name HTTP/1.1" status: 200 len: 313 time: 0.1001797
2026-05-12 06:52:32.627 9 INFO neutron.db.ovn_revision_numbers_db [None req-d7ae4bb0-15a3-4e8b-aea7-efe680692d0d f2bdc4e2d72b41659aa66d52ed005f8e 9069b46645da4748aabbb349bcc80f84 - - default default] Successfully bumped revision number for resource 4a8d35c4-f5e4-4173-85a7-bab71b751de8 (type: security_group_rules) to 0
2026-05-12 06:52:32.639 9 INFO neutron.wsgi [req-20d753b6-6f24-4fe2-8e0a-262bc8aed305 req-32633e7f-a55e-422b-b690-879d97a2edaf 30164aa1ac0d458195ef529a82fe903d 1c9d341739b346fb9397045d27ec30e1 - - a7e71ca817e243b38e6fff875d8e0087 a7e71ca817e243b38e6fff875d8e0087] 199.204.45.235 "GET /v2.0/ports?network_id=ebc3a367-a4e1-43e6-a3c7-50ebe5e04f64&device_owner=network%3Adhcp HTTP/1.1" status: 200 len: 210 time: 0.0252597
2026-05-12 06:52:32.666 9 INFO neutron.db.ovn_revision_numbers_db [None req-d7ae4bb0-15a3-4e8b-aea7-efe680692d0d f2bdc4e2d72b41659aa66d52ed005f8e 9069b46645da4748aabbb349bcc80f84 - - default default] Successfully bumped revision number for resource 71f81416-bae4-488a-a011-d6e68f098316 (type: security_group_rules) to 0
2026-05-12 06:52:32.694 9 INFO neutron.db.ovn_revision_numbers_db [None req-d7ae4bb0-15a3-4e8b-aea7-efe680692d0d f2bdc4e2d72b41659aa66d52ed005f8e 9069b46645da4748aabbb349bcc80f84 - - default default] Successfully bumped revision number for resource b64f0381-5751-444e-b59e-f2ab5c5fdcf3 (type: security_group_rules) to 0
2026-05-12 06:52:32.717 9 INFO neutron.db.ovn_revision_numbers_db [None req-d7ae4bb0-15a3-4e8b-aea7-efe680692d0d f2bdc4e2d72b41659aa66d52ed005f8e 9069b46645da4748aabbb349bcc80f84 - - default default] Successfully bumped revision number for resource e0ec70ed-b0f3-48b5-ad10-0e4809e1e3f5 (type: security_group_rules) to 0
2026-05-12 06:52:32.741 9 INFO neutron.db.ovn_revision_numbers_db [None req-c8b46dc2-53d7-4be8-9ede-2b4464fe39c1 b21ba0208f24448fa7d1a3f68b4b6200 a41f40722aaa4c3bbf8603632511e87c - - default default] Successfully bumped revision number for resource 72abed17-c1ba-40c7-8753-e865d337d583 (type: router_ports) to 1
2026-05-12 06:52:32.748 9 INFO neutron.wsgi [None req-c8b46dc2-53d7-4be8-9ede-2b4464fe39c1 b21ba0208f24448fa7d1a3f68b4b6200 a41f40722aaa4c3bbf8603632511e87c - - default default] 10.0.0.253 "PUT /v2.0/routers/4d1cb146-b87d-4a30-b986-d7feba66c298/add_router_interface HTTP/1.1" status: 200 len: 503 time: 4.6885195
2026-05-12 06:52:32.762 9 INFO neutron.wsgi [req-20d753b6-6f24-4fe2-8e0a-262bc8aed305 req-fe454a28-d3f2-4508-a001-05962d95890b 30164aa1ac0d458195ef529a82fe903d 1c9d341739b346fb9397045d27ec30e1 - - a7e71ca817e243b38e6fff875d8e0087 a7e71ca817e243b38e6fff875d8e0087] 199.204.45.235 "GET /v2.0/networks/ebc3a367-a4e1-43e6-a3c7-50ebe5e04f64?fields=segments HTTP/1.1" status: 200 len: 212 time: 0.1174133
2026-05-12 06:52:32.767 10 INFO neutron.wsgi [req-74a9cb62-f08d-43d4-b016-4b23cdabafc9 req-667486c0-7734-49b5-adb0-191754b96481 84fc91d90eae4e3fb2e4af171f78c4a7 9e23c9bfb1a84f9391655cf35aca3724 - - default default] 10.0.0.169 "GET /v2.0/ports?device_id=397dbf06-4abc-4291-884c-0acc87f88cbb HTTP/1.1" status: 200 len: 1174 time: 0.0910108
2026-05-12 06:52:32.808 9 INFO neutron.db.segments_db [None req-d7ae4bb0-15a3-4e8b-aea7-efe680692d0d f2bdc4e2d72b41659aa66d52ed005f8e 9069b46645da4748aabbb349bcc80f84 - - default default] Added segment 0764455d-d27d-42f0-9901-a2be0e008156 of type geneve for network 5cbd138e-bdda-4369-a58d-cb64bc2455fe
2026-05-12 06:52:32.839 9 INFO neutron.wsgi [req-20d753b6-6f24-4fe2-8e0a-262bc8aed305 req-06974584-b72f-4435-951e-798cf57a0c79 30164aa1ac0d458195ef529a82fe903d 1c9d341739b346fb9397045d27ec30e1 - - a7e71ca817e243b38e6fff875d8e0087 a7e71ca817e243b38e6fff875d8e0087] 199.204.45.235 "GET /v2.0/networks/ebc3a367-a4e1-43e6-a3c7-50ebe5e04f64?fields=provider%3Aphysical_network&fields=provider%3Anetwork_type HTTP/1.1" status: 200 len: 277 time: 0.0684772
2026-05-12 06:52:32.960 9 INFO neutron.db.segments_db [None req-d7ae4bb0-15a3-4e8b-aea7-efe680692d0d f2bdc4e2d72b41659aa66d52ed005f8e 9069b46645da4748aabbb349bcc80f84 - - default default] Added segment 9856caa5-467c-48be-a2b4-fc80590af7d9 of type geneve for network f67cfb34-c47b-4428-8da3-c89bdc9eab00
2026-05-12 06:52:33.109 9 INFO neutron.db.ovn_revision_numbers_db [None req-d7ae4bb0-15a3-4e8b-aea7-efe680692d0d f2bdc4e2d72b41659aa66d52ed005f8e 9069b46645da4748aabbb349bcc80f84 - - default default] Successfully bumped revision number for resource 5cbd138e-bdda-4369-a58d-cb64bc2455fe (type: networks) to 1
2026-05-12 06:52:33.316 9 WARNING neutron.scheduler.dhcp_agent_scheduler [None req-d7ae4bb0-15a3-4e8b-aea7-efe680692d0d f2bdc4e2d72b41659aa66d52ed005f8e 9069b46645da4748aabbb349bcc80f84 - - default default] No more DHCP agents
2026-05-12 06:52:33.318 9 WARNING neutron.api.rpc.agentnotifiers.dhcp_rpc_agent_api [None req-d7ae4bb0-15a3-4e8b-aea7-efe680692d0d f2bdc4e2d72b41659aa66d52ed005f8e 9069b46645da4748aabbb349bcc80f84 - - default default] Unable to schedule network 5cbd138e-bdda-4369-a58d-cb64bc2455fe: no agents available; will retry on subsequent port and subnet creation events.
2026-05-12 06:52:33.414 9 WARNING neutron_lib.context [None req-289de76f-8a30-40f4-90af-c77f923f5c75 4af778c84e4d4b7ba768cb66216990d1 2f1fb4c732d7452c8a00709c380369c3 - - default default] Method 'is_advsvc' is deprecated since 2023.2 release (neutron-lib 3.8.0) and will be removed once support for the old RBAC API policies will be removed from Neutron. Please use method 'is_service_role' instead.
2026-05-12 06:52:33.421 9 INFO neutron.db.ovn_revision_numbers_db [None req-d7ae4bb0-15a3-4e8b-aea7-efe680692d0d f2bdc4e2d72b41659aa66d52ed005f8e 9069b46645da4748aabbb349bcc80f84 - - default default] Successfully bumped revision number for resource 3af27415-9f2e-48f2-9748-e76b1120d255 (type: ports) to 1
2026-05-12 06:52:33.442 10 INFO neutron.wsgi [req-66e190ee-f203-4d69-906b-f1304cb9cc8c req-5461111b-f0ad-4da6-b012-3b6a7546663d 819355b92ea949478dd037ca485cf3d6 a1c5a86d5c804eefb065eaa36d71e66e - - default default] 10.0.0.169 "GET /v2.0/ports?device_id=895eac23-2c41-43ba-8c9e-347bbc77c0e2 HTTP/1.1" status: 200 len: 1356 time: 0.0658886
2026-05-12 06:52:33.460 10 INFO neutron.db.ovn_revision_numbers_db [None req-67d5d515-bf3a-492c-9f05-3bce73c7d04b 84fc91d90eae4e3fb2e4af171f78c4a7 9e23c9bfb1a84f9391655cf35aca3724 - - default default] Successfully bumped revision number for resource bc5e9015-447c-4c87-aa8e-e25540b41399 (type: floatingips) to 1
2026-05-12 06:52:33.521 10 INFO neutron.wsgi [req-66e190ee-f203-4d69-906b-f1304cb9cc8c req-a8eb7eea-a358-4501-ba1f-38aaf8835b2a 819355b92ea949478dd037ca485cf3d6 a1c5a86d5c804eefb065eaa36d71e66e - - default default] 10.0.0.169 "GET /v2.0/security-groups?id=b86e5fe7-d1fd-49c6-8378-749a4c8aac22&fields=id&fields=name HTTP/1.1" status: 200 len: 313 time: 0.0714133
2026-05-12 06:52:33.537 9 INFO neutron.db.ovn_revision_numbers_db [None req-d7ae4bb0-15a3-4e8b-aea7-efe680692d0d f2bdc4e2d72b41659aa66d52ed005f8e 9069b46645da4748aabbb349bcc80f84 - - default default] Successfully bumped revision number for resource f67cfb34-c47b-4428-8da3-c89bdc9eab00 (type: networks) to 1
2026-05-12 06:52:33.596 9 INFO neutron.db.ovn_revision_numbers_db [None req-289de76f-8a30-40f4-90af-c77f923f5c75 4af778c84e4d4b7ba768cb66216990d1 2f1fb4c732d7452c8a00709c380369c3 - - default default] Successfully bumped revision number for resource 5a915108-5c65-4bbf-a624-b7953dd8b733 (type: security_groups) to 1
2026-05-12 06:52:33.600 10 INFO neutron.db.ovn_revision_numbers_db [None req-67d5d515-bf3a-492c-9f05-3bce73c7d04b 84fc91d90eae4e3fb2e4af171f78c4a7 9e23c9bfb1a84f9391655cf35aca3724 - - default default] Successfully bumped revision number for resource bc5e9015-447c-4c87-aa8e-e25540b41399 (type: floatingips) to 2
2026-05-12 06:52:33.601 10 INFO neutron.db.l3_db [None req-67d5d515-bf3a-492c-9f05-3bce73c7d04b 84fc91d90eae4e3fb2e4af171f78c4a7 9e23c9bfb1a84f9391655cf35aca3724 - - default default] Floating IP bc5e9015-447c-4c87-aa8e-e25540b41399 associated. External IP: 10.96.250.217, port: 12a7964f-27f6-4e6a-833a-fe0c4901ad64.
2026-05-12 06:52:33.613 9 INFO neutron.db.ovn_revision_numbers_db [None req-289de76f-8a30-40f4-90af-c77f923f5c75 4af778c84e4d4b7ba768cb66216990d1 2f1fb4c732d7452c8a00709c380369c3 - - default default] Successfully bumped revision number for resource 363737cc-e769-4037-8015-5c46ab609f1d (type: security_group_rules) to 0
2026-05-12 06:52:33.639 10 INFO neutron.wsgi [None req-67d5d515-bf3a-492c-9f05-3bce73c7d04b 84fc91d90eae4e3fb2e4af171f78c4a7 9e23c9bfb1a84f9391655cf35aca3724 - - default default] 10.0.0.253 "PUT /v2.0/floatingips/bc5e9015-447c-4c87-aa8e-e25540b41399 HTTP/1.1" status: 200 len: 1050 time: 0.8512073
2026-05-12 06:52:33.673 9 INFO neutron.db.ovn_revision_numbers_db [None req-289de76f-8a30-40f4-90af-c77f923f5c75 4af778c84e4d4b7ba768cb66216990d1 2f1fb4c732d7452c8a00709c380369c3 - - default default] Successfully bumped revision number for resource d271ef61-727b-4714-8631-c1dddb2fd011 (type: security_group_rules) to 0
2026-05-12 06:52:33.677 9 INFO neutron.notifiers.nova [-] Nova event matching ['req-156402fd-bdd2-4750-ac5d-8b0116fd5c18'] response: {'name': 'network-changed', 'server_uuid': '895eac23-2c41-43ba-8c9e-347bbc77c0e2', 'tag': '500c1479-09c4-4fa6-89b3-d7d70e733a10', 'status': 'completed', 'code': 200}
2026-05-12 06:52:33.677 9 INFO neutron.notifiers.nova [-] Nova event matching ['req-156402fd-bdd2-4750-ac5d-8b0116fd5c18'] response: {'server_uuid': '397dbf06-4abc-4291-884c-0acc87f88cbb', 'name': 'network-vif-plugged', 'status': 'completed', 'tag': '12a7964f-27f6-4e6a-833a-fe0c4901ad64', 'code': 200}
2026-05-12 06:52:33.704 10 INFO neutron.notifiers.nova [-] Nova event matching ['req-9c2eebb0-3c8f-4b34-a1a1-f99002412576'] response: {'name': 'network-changed', 'server_uuid': '397dbf06-4abc-4291-884c-0acc87f88cbb', 'tag': '12a7964f-27f6-4e6a-833a-fe0c4901ad64', 'status': 'completed', 'code': 200}
2026-05-12 06:52:33.712 9 INFO neutron.wsgi [req-b13bb3a6-390b-4598-a0c8-843e05dd5eb6 req-645a11fc-2b6f-4b7b-bc84-49b2570024ab 819355b92ea949478dd037ca485cf3d6 a1c5a86d5c804eefb065eaa36d71e66e - - default default] 199.204.45.235 "GET /v2.0/ports?device_id=895eac23-2c41-43ba-8c9e-347bbc77c0e2&device_owner=compute%3Anova&fixed_ips=ip_address%3D10.100.0.12 HTTP/1.1" status: 200 len: 1356 time: 0.0815048
2026-05-12 06:52:33.717 9 INFO neutron.wsgi [None req-289de76f-8a30-40f4-90af-c77f923f5c75 4af778c84e4d4b7ba768cb66216990d1 2f1fb4c732d7452c8a00709c380369c3 - - default default] 10.0.0.253 "POST /v2.0/security-groups HTTP/1.1" status: 201 len: 1860 time: 0.3072073
2026-05-12 06:52:33.742 9 WARNING neutron_lib.context [None req-2231697e-1cfd-436c-9a30-8ce583a8c7c7 4af778c84e4d4b7ba768cb66216990d1 2f1fb4c732d7452c8a00709c380369c3 - - default default] Method 'is_advsvc' is deprecated since 2023.2 release (neutron-lib 3.8.0) and will be removed once support for the old RBAC API policies will be removed from Neutron. Please use method 'is_service_role' instead.
2026-05-12 06:52:33.748 10 INFO neutron.wsgi [req-876d618e-6e59-45fe-b2d4-c3a57fa9b764 req-9bac5e40-616d-4c0e-baa0-4d8970b127c1 84fc91d90eae4e3fb2e4af171f78c4a7 9e23c9bfb1a84f9391655cf35aca3724 - - default default] 10.0.0.169 "GET /v2.0/ports?device_id=397dbf06-4abc-4291-884c-0acc87f88cbb HTTP/1.1" status: 200 len: 1174 time: 0.0561590
2026-05-12 06:52:33.778 10 INFO neutron.wsgi [req-2d64686e-bc65-48e5-ab7b-3cbcf3184b5a req-9264d1a2-4ec2-47c4-8905-1bd49d12ebae 30164aa1ac0d458195ef529a82fe903d 1c9d341739b346fb9397045d27ec30e1 - - a7e71ca817e243b38e6fff875d8e0087 a7e71ca817e243b38e6fff875d8e0087] 199.204.45.235 "GET /v2.0/ports?tenant_id=9e23c9bfb1a84f9391655cf35aca3724&device_id=397dbf06-4abc-4291-884c-0acc87f88cbb HTTP/1.1" status: 200 len: 1413 time: 0.0556319
2026-05-12 06:52:33.807 10 INFO neutron.wsgi [req-876d618e-6e59-45fe-b2d4-c3a57fa9b764 req-5fd329eb-e074-4cc9-8518-94396aacabba 84fc91d90eae4e3fb2e4af171f78c4a7 9e23c9bfb1a84f9391655cf35aca3724 - - default default] 10.0.0.169 "GET /v2.0/security-groups?id=28631f94-d184-4d42-890b-fa5e776e2d13&fields=id&fields=name HTTP/1.1" status: 200 len: 313 time: 0.0481215
2026-05-12 06:52:33.841 9 WARNING neutron.scheduler.dhcp_agent_scheduler [None req-d7ae4bb0-15a3-4e8b-aea7-efe680692d0d f2bdc4e2d72b41659aa66d52ed005f8e 9069b46645da4748aabbb349bcc80f84 - - default default] No more DHCP agents
2026-05-12 06:52:33.843 9 WARNING neutron.api.rpc.agentnotifiers.dhcp_rpc_agent_api [None req-d7ae4bb0-15a3-4e8b-aea7-efe680692d0d f2bdc4e2d72b41659aa66d52ed005f8e 9069b46645da4748aabbb349bcc80f84 - - default default] Unable to schedule network f67cfb34-c47b-4428-8da3-c89bdc9eab00: no agents available; will retry on subsequent port and subnet creation events.
2026-05-12 06:52:33.849 10 INFO neutron.wsgi [req-2d64686e-bc65-48e5-ab7b-3cbcf3184b5a req-bd16049b-5708-4619-a677-82cba38aafc6 30164aa1ac0d458195ef529a82fe903d 1c9d341739b346fb9397045d27ec30e1 - - a7e71ca817e243b38e6fff875d8e0087 a7e71ca817e243b38e6fff875d8e0087] 199.204.45.235 "GET /v2.0/networks?id=18a37589-dcb1-4991-8655-5a067c4ff142 HTTP/1.1" status: 200 len: 978 time: 0.0627654
2026-05-12 06:52:33.907 10 INFO neutron.wsgi [req-2d64686e-bc65-48e5-ab7b-3cbcf3184b5a req-8dfa07c6-859c-484e-92ce-7bd0e7dc5d02 30164aa1ac0d458195ef529a82fe903d 1c9d341739b346fb9397045d27ec30e1 - - a7e71ca817e243b38e6fff875d8e0087 a7e71ca817e243b38e6fff875d8e0087] 199.204.45.235 "GET /v2.0/floatingips?fixed_ip_address=10.100.0.10&port_id=12a7964f-27f6-4e6a-833a-fe0c4901ad64 HTTP/1.1" status: 200 len: 1060 time: 0.0485950
2026-05-12 06:52:33.954 10 INFO neutron.wsgi [req-2d64686e-bc65-48e5-ab7b-3cbcf3184b5a req-745547df-2bc0-4939-b94c-a0c0430069bc 30164aa1ac0d458195ef529a82fe903d 1c9d341739b346fb9397045d27ec30e1 - - a7e71ca817e243b38e6fff875d8e0087 a7e71ca817e243b38e6fff875d8e0087] 199.204.45.235 "GET /v2.0/subnets?id=b72ea4fc-8e9c-43e6-9583-ee848227d518 HTTP/1.1" status: 200 len: 873 time: 0.0422807
2026-05-12 06:52:33.979 10 INFO neutron.wsgi [req-2d64686e-bc65-48e5-ab7b-3cbcf3184b5a req-b601590b-3ac6-4aa1-a85e-5f66045a6676 30164aa1ac0d458195ef529a82fe903d 1c9d341739b346fb9397045d27ec30e1 - - a7e71ca817e243b38e6fff875d8e0087 a7e71ca817e243b38e6fff875d8e0087] 199.204.45.235 "GET /v2.0/ports?network_id=18a37589-dcb1-4991-8655-5a067c4ff142&device_owner=network%3Adhcp HTTP/1.1" status: 200 len: 210 time: 0.0182812
2026-05-12 06:52:33.979 9 INFO neutron.db.ovn_revision_numbers_db [None req-d7ae4bb0-15a3-4e8b-aea7-efe680692d0d f2bdc4e2d72b41659aa66d52ed005f8e 9069b46645da4748aabbb349bcc80f84 - - default default] Successfully bumped revision number for resource 246980d0-e064-4b47-bdc3-f4c35c9f4dce (type: ports) to 1
2026-05-12 06:52:33.981 9 INFO neutron.db.ovn_revision_numbers_db [None req-2231697e-1cfd-436c-9a30-8ce583a8c7c7 4af778c84e4d4b7ba768cb66216990d1 2f1fb4c732d7452c8a00709c380369c3 - - default default] Successfully bumped revision number for resource 707eb4fa-ad82-44c0-b878-d41ab25f7cb8 (type: security_group_rules) to 0
2026-05-12 06:52:34.024 9 INFO neutron.wsgi [None req-2231697e-1cfd-436c-9a30-8ce583a8c7c7 4af778c84e4d4b7ba768cb66216990d1 2f1fb4c732d7452c8a00709c380369c3 - - default default] 10.0.0.253 "POST /v2.0/security-group-rules HTTP/1.1" status: 201 len: 796 time: 0.2956045
2026-05-12 06:52:34.027 9 INFO neutron.wsgi [None req-d7ae4bb0-15a3-4e8b-aea7-efe680692d0d f2bdc4e2d72b41659aa66d52ed005f8e 9069b46645da4748aabbb349bcc80f84 - - default default] 10.0.0.253 "POST /v2.0/networks HTTP/1.1" status: 201 len: 1445 time: 2.3151755
2026-05-12 06:52:34.036 9 WARNING neutron_lib.context [None req-8de4d208-1f38-4e86-964c-5da29fd2a54a 4af778c84e4d4b7ba768cb66216990d1 2f1fb4c732d7452c8a00709c380369c3 - - default default] Method 'is_advsvc' is deprecated since 2023.2 release (neutron-lib 3.8.0) and will be removed once support for the old RBAC API policies will be removed from Neutron. Please use method 'is_service_role' instead.
2026-05-12 06:52:34.049 10 INFO neutron.wsgi [req-2d64686e-bc65-48e5-ab7b-3cbcf3184b5a req-9bac40bc-51fc-4006-b1ae-12f3df8ab3ac 30164aa1ac0d458195ef529a82fe903d 1c9d341739b346fb9397045d27ec30e1 - - a7e71ca817e243b38e6fff875d8e0087 a7e71ca817e243b38e6fff875d8e0087] 199.204.45.235 "GET /v2.0/networks/18a37589-dcb1-4991-8655-5a067c4ff142?fields=segments HTTP/1.1" status: 200 len: 212 time: 0.0624700
2026-05-12 06:52:34.127 10 INFO neutron.wsgi [req-2d64686e-bc65-48e5-ab7b-3cbcf3184b5a req-ccbcfa9e-15d7-4ee0-bb3a-0c95670dc040 30164aa1ac0d458195ef529a82fe903d 1c9d341739b346fb9397045d27ec30e1 - - a7e71ca817e243b38e6fff875d8e0087 a7e71ca817e243b38e6fff875d8e0087] 199.204.45.235 "GET /v2.0/networks/18a37589-dcb1-4991-8655-5a067c4ff142?fields=provider%3Aphysical_network&fields=provider%3Anetwork_type HTTP/1.1" status: 200 len: 277 time: 0.0701814
2026-05-12 06:52:34.173 9 INFO neutron.plugins.ml2.drivers.ovn.mech_driver.mech_driver [None req-75e7a955-8b25-4a8d-8b56-85627a188632 - - - - - -] OVN reports status down for port: 12a7964f-27f6-4e6a-833a-fe0c4901ad64
2026-05-12 06:52:34.187 9 INFO neutron.wsgi [None req-ed4bd306-ee1a-41e0-b793-d92a8d9ce646 f2bdc4e2d72b41659aa66d52ed005f8e 9069b46645da4748aabbb349bcc80f84 - - default default] 10.0.0.253 "GET /v2.0/networks HTTP/1.1" status: 200 len: 2051 time: 0.1555984
2026-05-12 06:52:34.222 9 INFO neutron.wsgi [req-1bfb489d-7850-405a-9fb6-d535f0859d9d req-9dd115b4-bc72-4954-ad79-5d754645b466 84fc91d90eae4e3fb2e4af171f78c4a7 9e23c9bfb1a84f9391655cf35aca3724 - - default default] 10.0.0.169 "GET /v2.0/ports?device_id=397dbf06-4abc-4291-884c-0acc87f88cbb HTTP/1.1" status: 200 len: 1174 time: 0.0753038
2026-05-12 06:52:34.482 10 INFO neutron.wsgi [req-e1171f37-b3e1-4ff1-a738-7804c39f2b9c req-4ba51927-5d42-4274-9d07-0d9f5dec7f4d 84fc91d90eae4e3fb2e4af171f78c4a7 9e23c9bfb1a84f9391655cf35aca3724 - - default default] 199.204.45.235 "GET /v2.0/ports?device_id=397dbf06-4abc-4291-884c-0acc87f88cbb HTTP/1.1" status: 200 len: 1174 time: 0.0359018
2026-05-12 06:52:34.521 9 INFO neutron.wsgi [req-1bfb489d-7850-405a-9fb6-d535f0859d9d req-b75851ea-cc6e-4023-be60-51580349199c 84fc91d90eae4e3fb2e4af171f78c4a7 9e23c9bfb1a84f9391655cf35aca3724 - - default default] 10.0.0.169 "GET /v2.0/security-groups?id=28631f94-d184-4d42-890b-fa5e776e2d13&fields=id&fields=name HTTP/1.1" status: 200 len: 313 time: 0.2846932
2026-05-12 06:52:34.578 9 INFO neutron.db.ovn_revision_numbers_db [None req-8de4d208-1f38-4e86-964c-5da29fd2a54a 4af778c84e4d4b7ba768cb66216990d1 2f1fb4c732d7452c8a00709c380369c3 - - default default] Successfully bumped revision number for resource cd112ceb-cb4e-46df-9d7a-ec93cfcd356b (type: security_group_rules) to 0
2026-05-12 06:52:34.626 9 INFO neutron.wsgi [None req-8de4d208-1f38-4e86-964c-5da29fd2a54a 4af778c84e4d4b7ba768cb66216990d1 2f1fb4c732d7452c8a00709c380369c3 - - default default] 10.0.0.253 "POST /v2.0/security-group-rules HTTP/1.1" status: 201 len: 801 time: 0.5951004
2026-05-12 06:52:34.648 9 WARNING neutron_lib.context [None req-2051b366-54aa-41a9-8b7a-41d33b15e1f5 4af778c84e4d4b7ba768cb66216990d1 2f1fb4c732d7452c8a00709c380369c3 - - default default] Method 'is_advsvc' is deprecated since 2023.2 release (neutron-lib 3.8.0) and will be removed once support for the old RBAC API policies will be removed from Neutron. Please use method 'is_service_role' instead.
