2026-05-12 06:54:43.141 9 INFO neutron.wsgi [None req-f399cad0-f3e1-4ba8-b20a-04953eea2b11 b21ba0208f24448fa7d1a3f68b4b6200 a41f40722aaa4c3bbf8603632511e87c - - default default] 10.0.0.253 "GET /v2.0/security-groups?tenant_id=2eb01077c84147d2b725d049e0681318&name=default HTTP/1.1" status: 200 len: 3120 time: 0.3368156
2026-05-12 06:54:43.629 10 WARNING neutron.scheduler.dhcp_agent_scheduler [None req-8b840735-fb2b-4fd9-a485-26352c8781b9 b21ba0208f24448fa7d1a3f68b4b6200 a41f40722aaa4c3bbf8603632511e87c - - default default] No more DHCP agents
2026-05-12 06:54:43.631 10 WARNING neutron.api.rpc.agentnotifiers.dhcp_rpc_agent_api [None req-8b840735-fb2b-4fd9-a485-26352c8781b9 b21ba0208f24448fa7d1a3f68b4b6200 a41f40722aaa4c3bbf8603632511e87c - - default default] Unable to schedule network 28f00a12-2029-44e6-b59f-c67192797185: no agents available; will retry on subsequent port and subnet creation events.
2026-05-12 06:54:43.665 9 INFO neutron.wsgi [None req-0f694ead-bcfd-436b-b94c-23cf4098a860 b21ba0208f24448fa7d1a3f68b4b6200 a41f40722aaa4c3bbf8603632511e87c - - default default] 10.0.0.253 "DELETE /v2.0/security-groups/dbced0b5-e2cc-4816-bbaa-7afb519e77a2 HTTP/1.1" status: 204 len: 168 time: 0.5047729
2026-05-12 06:54:43.789 10 INFO neutron.db.ovn_revision_numbers_db [None req-8b840735-fb2b-4fd9-a485-26352c8781b9 b21ba0208f24448fa7d1a3f68b4b6200 a41f40722aaa4c3bbf8603632511e87c - - default default] Successfully bumped revision number for resource 5b042e74-d877-4b9b-a94c-92efd9bd7ddc (type: ports) to 1
2026-05-12 06:54:44.204 9 INFO neutron.plugins.ml2.drivers.ovn.mech_driver.ovsdb.commands [None req-5e694769-69e2-42df-a50b-8cee46c4d25c - - - - - -] Schedule LRP lrp-42906c69-8331-4aa7-ad74-01dace09165b on gateway 8244b4d6-fbca-4960-bd20-955c4abd879b with priority 1
2026-05-12 06:54:44.236 9 INFO neutron.db.ovn_revision_numbers_db [None req-3e499df6-37c0-49d7-86d3-c7338f01d763 b21ba0208f24448fa7d1a3f68b4b6200 a41f40722aaa4c3bbf8603632511e87c - - default default] Successfully bumped revision number for resource 038654b7-1472-4131-b181-292679cd9bc1 (type: security_groups) to 1
2026-05-12 06:54:44.245 10 INFO neutron.plugins.ml2.drivers.ovn.mech_driver.ovsdb.ovsdb_monitor [None req-07140821-9265-4e6d-b631-cffb41179c21 - - - - - -] Router 5ba31a9d-2432-4694-b70f-4f6e8c05e2ce is bound to host instance
2026-05-12 06:54:44.277 9 INFO neutron.db.ovn_revision_numbers_db [None req-3e499df6-37c0-49d7-86d3-c7338f01d763 b21ba0208f24448fa7d1a3f68b4b6200 a41f40722aaa4c3bbf8603632511e87c - - default default] Successfully bumped revision number for resource 4887b12f-e2fb-46ce-a9f6-40705a4ae030 (type: security_group_rules) to 0
2026-05-12 06:54:44.299 9 INFO neutron.db.ovn_revision_numbers_db [None req-bac00184-9204-4d16-9228-8369649cdc2c b21ba0208f24448fa7d1a3f68b4b6200 a41f40722aaa4c3bbf8603632511e87c - - default default] Successfully bumped revision number for resource 42906c69-8331-4aa7-ad74-01dace09165b (type: router_ports) to 1
2026-05-12 06:54:44.318 9 INFO neutron.db.ovn_revision_numbers_db [None req-3e499df6-37c0-49d7-86d3-c7338f01d763 b21ba0208f24448fa7d1a3f68b4b6200 a41f40722aaa4c3bbf8603632511e87c - - default default] Successfully bumped revision number for resource a3198f5e-5bc4-463e-8f54-da41fa13ab27 (type: security_group_rules) to 0
2026-05-12 06:54:44.354 9 INFO neutron.db.ovn_revision_numbers_db [None req-3e499df6-37c0-49d7-86d3-c7338f01d763 b21ba0208f24448fa7d1a3f68b4b6200 a41f40722aaa4c3bbf8603632511e87c - - default default] Successfully bumped revision number for resource cdd34833-86b6-4c43-b29e-d7af0f2cf2af (type: security_group_rules) to 0
2026-05-12 06:54:44.372 10 ERROR ovsdbapp.backend.ovs_idl.command [None req-8b840735-fb2b-4fd9-a485-26352c8781b9 b21ba0208f24448fa7d1a3f68b4b6200 a41f40722aaa4c3bbf8603632511e87c - - default default] Error executing command (DbGetCommand): ovsdbapp.backend.ovs_idl.idlutils.RowNotFound: Cannot find Logical_Router_Port with name=lrp-5b042e74-d877-4b9b-a94c-92efd9bd7ddc
2026-05-12 06:54:44.372 10 ERROR ovsdbapp.backend.ovs_idl.command
Traceback (most recent call last):
2026-05-12 06:54:44.372 10 ERROR ovsdbapp.backend.ovs_idl.command
File "/var/lib/openstack/lib/python3.10/site-packages/ovsdbapp/backend/ovs_idl/command.py", line 47, in execute
2026-05-12 06:54:44.372 10 ERROR ovsdbapp.backend.ovs_idl.command self.run_idl(None)
2026-05-12 06:54:44.372 10 ERROR ovsdbapp.backend.ovs_idl.command
File "/var/lib/openstack/lib/python3.10/site-packages/ovsdbapp/backend/ovs_idl/command.py", line 235, in run_idl
2026-05-12 06:54:44.372 10 ERROR ovsdbapp.backend.ovs_idl.command record = self.api.lookup(self.table, self.record)
2026-05-12 06:54:44.372 10 ERROR ovsdbapp.backend.ovs_idl.command
File "/var/lib/openstack/lib/python3.10/site-packages/ovsdbapp/backend/ovs_idl/__init__.py", line 184, in lookup
2026-05-12 06:54:44.372 10 ERROR ovsdbapp.backend.ovs_idl.command return self._lookup(table, record)
2026-05-12 06:54:44.372 10 ERROR ovsdbapp.backend.ovs_idl.command
File "/var/lib/openstack/lib/python3.10/site-packages/ovsdbapp/backend/ovs_idl/__init__.py", line 235, in _lookup
2026-05-12 06:54:44.372 10 ERROR ovsdbapp.backend.ovs_idl.command row = idlutils.row_by_value(self, rl.table, rl.column, record)
2026-05-12 06:54:44.372 10 ERROR ovsdbapp.backend.ovs_idl.command
File "/var/lib/openstack/lib/python3.10/site-packages/ovsdbapp/backend/ovs_idl/idlutils.py", line 114, in row_by_value
2026-05-12 06:54:44.372 10 ERROR ovsdbapp.backend.ovs_idl.command raise RowNotFound(table=table, col=column, match=match)
2026-05-12 06:54:44.372 10 ERROR ovsdbapp.backend.ovs_idl.command ovsdbapp.backend.ovs_idl.idlutils.RowNotFound: Cannot find Logical_Router_Port with name=lrp-5b042e74-d877-4b9b-a94c-92efd9bd7ddc
2026-05-12 06:54:44.372 10 ERROR ovsdbapp.backend.ovs_idl.command 
2026-05-12 06:54:44.372 10 ERROR neutron_lib.callbacks.manager [None req-8b840735-fb2b-4fd9-a485-26352c8781b9 b21ba0208f24448fa7d1a3f68b4b6200 a41f40722aaa4c3bbf8603632511e87c - - default default] Error during notification for neutron.services.ovn_l3.plugin.OVNL3RouterPlugin._port_update-8752271719151 port, after_update: ovsdbapp.backend.ovs_idl.idlutils.RowNotFound: Cannot find Logical_Router_Port with name=lrp-5b042e74-d877-4b9b-a94c-92efd9bd7ddc
2026-05-12 06:54:44.372 10 ERROR neutron_lib.callbacks.manager
Traceback (most recent call last):
2026-05-12 06:54:44.372 10 ERROR neutron_lib.callbacks.manager
File "/var/lib/openstack/lib/python3.10/site-packages/neutron_lib/callbacks/manager.py", line 189, in _notify_loop
2026-05-12 06:54:44.372 10 ERROR neutron_lib.callbacks.manager callback.method(resource, event, trigger, payload=payload)
2026-05-12 06:54:44.372 10 ERROR neutron_lib.callbacks.manager
File "/var/lib/openstack/lib/python3.10/site-packages/neutron/services/ovn_l3/plugin.py", line 391, in _port_update
2026-05-12 06:54:44.372 10 ERROR neutron_lib.callbacks.manager l3plugin._ovn_client.update_router_port(context,
2026-05-12 06:54:44.372 10 ERROR neutron_lib.callbacks.manager
File "/var/lib/openstack/lib/python3.10/site-packages/neutron/plugins/ml2/drivers/ovn/mech_driver/ovsdb/ovn_client.py", line 1878, in update_router_port
2026-05-12 06:54:44.372 10 ERROR neutron_lib.callbacks.manager self._update_lrouter_port(context, port, if_exists=if_exists,
2026-05-12 06:54:44.372 10 ERROR neutron_lib.callbacks.manager
File "/var/lib/openstack/lib/python3.10/site-packages/neutron/plugins/ml2/drivers/ovn/mech_driver/ovsdb/ovn_client.py", line 1855, in _update_lrouter_port
2026-05-12 06:54:44.372 10 ERROR neutron_lib.callbacks.manager external_ids = self._nb_idl.db_get(
2026-05-12 06:54:44.372 10 ERROR neutron_lib.callbacks.manager
File "/var/lib/openstack/lib/python3.10/site-packages/ovsdbapp/backend/ovs_idl/command.py", line 47, in execute
2026-05-12 06:54:44.372 10 ERROR neutron_lib.callbacks.manager self.run_idl(None)
2026-05-12 06:54:44.372 10 ERROR neutron_lib.callbacks.manager
File "/var/lib/openstack/lib/python3.10/site-packages/ovsdbapp/backend/ovs_idl/command.py", line 235, in run_idl
2026-05-12 06:54:44.372 10 ERROR neutron_lib.callbacks.manager record = self.api.lookup(self.table, self.record)
2026-05-12 06:54:44.372 10 ERROR neutron_lib.callbacks.manager
File "/var/lib/openstack/lib/python3.10/site-packages/ovsdbapp/backend/ovs_idl/__init__.py", line 184, in lookup
2026-05-12 06:54:44.372 10 ERROR neutron_lib.callbacks.manager return self._lookup(table, record)
2026-05-12 06:54:44.372 10 ERROR neutron_lib.callbacks.manager
File "/var/lib/openstack/lib/python3.10/site-packages/ovsdbapp/backend/ovs_idl/__init__.py", line 235, in _lookup
2026-05-12 06:54:44.372 10 ERROR neutron_lib.callbacks.manager row = idlutils.row_by_value(self, rl.table, rl.column, record)
2026-05-12 06:54:44.372 10 ERROR neutron_lib.callbacks.manager
File "/var/lib/openstack/lib/python3.10/site-packages/ovsdbapp/backend/ovs_idl/idlutils.py", line 114, in row_by_value
2026-05-12 06:54:44.372 10 ERROR neutron_lib.callbacks.manager raise RowNotFound(table=table, col=column, match=match)
2026-05-12 06:54:44.372 10 ERROR neutron_lib.callbacks.manager ovsdbapp.backend.ovs_idl.idlutils.RowNotFound: Cannot find Logical_Router_Port with name=lrp-5b042e74-d877-4b9b-a94c-92efd9bd7ddc
2026-05-12 06:54:44.372 10 ERROR neutron_lib.callbacks.manager 
2026-05-12 06:54:44.383 9 INFO neutron.db.ovn_revision_numbers_db [None req-3e499df6-37c0-49d7-86d3-c7338f01d763 b21ba0208f24448fa7d1a3f68b4b6200 a41f40722aaa4c3bbf8603632511e87c - - default default] Successfully bumped revision number for resource e1d01ab8-88d8-4511-bfb2-a54947cc3d45 (type: security_group_rules) to 0
2026-05-12 06:54:44.401 9 INFO neutron.db.ovn_revision_numbers_db [None req-3acc812d-76ca-42e1-95d9-028c605dfdd1 - - - - - -] Successfully bumped revision number for resource 18fdc0d2-b76f-43e9-9af2-97bdcb9e6d0c (type: ports) to 1
2026-05-12 06:54:44.412 9 INFO neutron.wsgi [None req-3e499df6-37c0-49d7-86d3-c7338f01d763 b21ba0208f24448fa7d1a3f68b4b6200 a41f40722aaa4c3bbf8603632511e87c - - default default] 10.0.0.253 "GET /v2.0/security-groups?tenant_id=c13bbe2c3a7e4a5280fdb2b40b8666ee&name=default HTTP/1.1" status: 200 len: 3120 time: 0.6417155
2026-05-12 06:54:44.416 9 INFO neutron.db.ovn_revision_numbers_db [None req-bac00184-9204-4d16-9228-8369649cdc2c b21ba0208f24448fa7d1a3f68b4b6200 a41f40722aaa4c3bbf8603632511e87c - - default default] Successfully bumped revision number for resource 5ba31a9d-2432-4694-b70f-4f6e8c05e2ce (type: routers) to 2
2026-05-12 06:54:44.448 9 INFO neutron.wsgi [None req-bac00184-9204-4d16-9228-8369649cdc2c b21ba0208f24448fa7d1a3f68b4b6200 a41f40722aaa4c3bbf8603632511e87c - - default default] 10.0.0.253 "POST /v2.0/routers HTTP/1.1" status: 201 len: 1165 time: 2.4986718
2026-05-12 06:54:44.724 10 INFO neutron.db.ovn_revision_numbers_db [None req-8b840735-fb2b-4fd9-a485-26352c8781b9 b21ba0208f24448fa7d1a3f68b4b6200 a41f40722aaa4c3bbf8603632511e87c - - default default] Successfully bumped revision number for resource 5b042e74-d877-4b9b-a94c-92efd9bd7ddc (type: ports) to 1
2026-05-12 06:54:44.812 10 WARNING neutron.scheduler.dhcp_agent_scheduler [None req-8b840735-fb2b-4fd9-a485-26352c8781b9 b21ba0208f24448fa7d1a3f68b4b6200 a41f40722aaa4c3bbf8603632511e87c - - default default] No more DHCP agents
2026-05-12 06:54:44.825 10 WARNING neutron.api.rpc.agentnotifiers.dhcp_rpc_agent_api [None req-8b840735-fb2b-4fd9-a485-26352c8781b9 b21ba0208f24448fa7d1a3f68b4b6200 a41f40722aaa4c3bbf8603632511e87c - - default default] Unable to schedule network 28f00a12-2029-44e6-b59f-c67192797185: no agents available; will retry on subsequent port and subnet creation events.
2026-05-12 06:54:44.892 9 INFO neutron.wsgi [None req-57c60a35-81d1-4a0a-9dce-cbc1a6dfa4c5 b21ba0208f24448fa7d1a3f68b4b6200 a41f40722aaa4c3bbf8603632511e87c - - default default] 10.0.0.253 "DELETE /v2.0/security-groups/038654b7-1472-4131-b181-292679cd9bc1 HTTP/1.1" status: 204 len: 168 time: 0.4729438
2026-05-12 06:54:45.051 9 INFO neutron.db.ovn_revision_numbers_db [None req-3acc812d-76ca-42e1-95d9-028c605dfdd1 - - - - - -] Successfully bumped revision number for resource 18fdc0d2-b76f-43e9-9af2-97bdcb9e6d0c (type: router_ports) to 3
2026-05-12 06:54:45.117 9 INFO neutron.wsgi [-] 10.0.0.190 "GET / HTTP/1.1" status: 200 len: 247 time: 0.0013144
2026-05-12 06:54:45.118 9 INFO neutron.wsgi [-] 10.0.0.190 "GET / HTTP/1.1" status: 200 len: 247 time: 0.0008585
2026-05-12 06:54:45.186 9 WARNING neutron.scheduler.dhcp_agent_scheduler [None req-d2c0e271-0412-4243-8076-b4c0d07f7ab2 b21ba0208f24448fa7d1a3f68b4b6200 a41f40722aaa4c3bbf8603632511e87c - - default default] No more DHCP agents
2026-05-12 06:54:45.190 9 WARNING neutron.api.rpc.agentnotifiers.dhcp_rpc_agent_api [None req-d2c0e271-0412-4243-8076-b4c0d07f7ab2 b21ba0208f24448fa7d1a3f68b4b6200 a41f40722aaa4c3bbf8603632511e87c - - default default] Unable to schedule network 7752aafb-5b99-4ea1-b69f-722415993f35: no agents available; will retry on subsequent port and subnet creation events.
2026-05-12 06:54:45.455 10 INFO neutron.db.ovn_revision_numbers_db [None req-07140821-9265-4e6d-b631-cffb41179c21 - - - - - -] Successfully bumped revision number for resource 42906c69-8331-4aa7-ad74-01dace09165b (type: ports) to 1
2026-05-12 06:54:45.595 9 INFO neutron.plugins.ml2.drivers.ovn.mech_driver.mech_driver [None req-75e7a955-8b25-4a8d-8b56-85627a188632 - - - - - -] OVN reports status up for port: 42906c69-8331-4aa7-ad74-01dace09165b
2026-05-12 06:54:45.604 9 INFO neutron.db.ovn_revision_numbers_db [None req-3acc812d-76ca-42e1-95d9-028c605dfdd1 - - - - - -] Successfully bumped revision number for resource 18fdc0d2-b76f-43e9-9af2-97bdcb9e6d0c (type: ports) to 2
2026-05-12 06:54:45.660 9 INFO neutron.db.ovn_revision_numbers_db [None req-d2c0e271-0412-4243-8076-b4c0d07f7ab2 b21ba0208f24448fa7d1a3f68b4b6200 a41f40722aaa4c3bbf8603632511e87c - - default default] Successfully bumped revision number for resource 42d2159a-5502-4848-b824-c1dadf8b1a73 (type: ports) to 1
2026-05-12 06:54:45.722 9 INFO neutron.plugins.ml2.plugin [None req-75e7a955-8b25-4a8d-8b56-85627a188632 - - - - - -] Attempt 1 to provision port 42906c69-8331-4aa7-ad74-01dace09165b
2026-05-12 06:54:45.824 10 INFO neutron.db.ovn_revision_numbers_db [None req-8b840735-fb2b-4fd9-a485-26352c8781b9 b21ba0208f24448fa7d1a3f68b4b6200 a41f40722aaa4c3bbf8603632511e87c - - default default] Successfully bumped revision number for resource 5b042e74-d877-4b9b-a94c-92efd9bd7ddc (type: router_ports) to 1
2026-05-12 06:54:45.840 10 INFO neutron.wsgi [None req-8b840735-fb2b-4fd9-a485-26352c8781b9 b21ba0208f24448fa7d1a3f68b4b6200 a41f40722aaa4c3bbf8603632511e87c - - default default] 10.0.0.253 "PUT /v2.0/routers/ecf142b7-2a3c-4168-ab91-f65ebe617e98/add_router_interface HTTP/1.1" status: 200 len: 503 time: 2.9437253
2026-05-12 06:54:45.941 10 INFO neutron.db.ovn_revision_numbers_db [None req-07140821-9265-4e6d-b631-cffb41179c21 - - - - - -] Successfully bumped revision number for resource 42906c69-8331-4aa7-ad74-01dace09165b (type: router_ports) to 3
2026-05-12 06:54:46.158 10 INFO neutron.db.ovn_revision_numbers_db [None req-07140821-9265-4e6d-b631-cffb41179c21 - - - - - -] Successfully bumped revision number for resource 42906c69-8331-4aa7-ad74-01dace09165b (type: ports) to 2
2026-05-12 06:54:46.313 9 INFO neutron.db.ovn_revision_numbers_db [None req-3acc812d-76ca-42e1-95d9-028c605dfdd1 - - - - - -] Successfully bumped revision number for resource 18fdc0d2-b76f-43e9-9af2-97bdcb9e6d0c (type: ports) to 4
2026-05-12 06:54:46.718 9 INFO neutron.db.ovn_revision_numbers_db [None req-75e7a955-8b25-4a8d-8b56-85627a188632 - - - - - -] Successfully bumped revision number for resource 42906c69-8331-4aa7-ad74-01dace09165b (type: ports) to 4
2026-05-12 06:54:46.955 9 ERROR ovsdbapp.backend.ovs_idl.command [None req-d2c0e271-0412-4243-8076-b4c0d07f7ab2 b21ba0208f24448fa7d1a3f68b4b6200 a41f40722aaa4c3bbf8603632511e87c - - default default] Error executing command (DbGetCommand): ovsdbapp.backend.ovs_idl.idlutils.RowNotFound: Cannot find Logical_Router_Port with name=lrp-42d2159a-5502-4848-b824-c1dadf8b1a73
2026-05-12 06:54:46.955 9 ERROR ovsdbapp.backend.ovs_idl.command
Traceback (most recent call last):
2026-05-12 06:54:46.955 9 ERROR ovsdbapp.backend.ovs_idl.command
File "/var/lib/openstack/lib/python3.10/site-packages/ovsdbapp/backend/ovs_idl/command.py", line 47, in execute
2026-05-12 06:54:46.955 9 ERROR ovsdbapp.backend.ovs_idl.command self.run_idl(None)
2026-05-12 06:54:46.955 9 ERROR ovsdbapp.backend.ovs_idl.command
File "/var/lib/openstack/lib/python3.10/site-packages/ovsdbapp/backend/ovs_idl/command.py", line 235, in run_idl
2026-05-12 06:54:46.955 9 ERROR ovsdbapp.backend.ovs_idl.command record = self.api.lookup(self.table, self.record)
2026-05-12 06:54:46.955 9 ERROR ovsdbapp.backend.ovs_idl.command
File "/var/lib/openstack/lib/python3.10/site-packages/ovsdbapp/backend/ovs_idl/__init__.py", line 184, in lookup
2026-05-12 06:54:46.955 9 ERROR ovsdbapp.backend.ovs_idl.command return self._lookup(table, record)
2026-05-12 06:54:46.955 9 ERROR ovsdbapp.backend.ovs_idl.command
File "/var/lib/openstack/lib/python3.10/site-packages/ovsdbapp/backend/ovs_idl/__init__.py", line 235, in _lookup
2026-05-12 06:54:46.955 9 ERROR ovsdbapp.backend.ovs_idl.command row = idlutils.row_by_value(self, rl.table, rl.column, record)
2026-05-12 06:54:46.955 9 ERROR ovsdbapp.backend.ovs_idl.command
File "/var/lib/openstack/lib/python3.10/site-packages/ovsdbapp/backend/ovs_idl/idlutils.py", line 114, in row_by_value
2026-05-12 06:54:46.955 9 ERROR ovsdbapp.backend.ovs_idl.command raise RowNotFound(table=table, col=column, match=match)
2026-05-12 06:54:46.955 9 ERROR ovsdbapp.backend.ovs_idl.command ovsdbapp.backend.ovs_idl.idlutils.RowNotFound: Cannot find Logical_Router_Port with name=lrp-42d2159a-5502-4848-b824-c1dadf8b1a73
2026-05-12 06:54:46.955 9 ERROR ovsdbapp.backend.ovs_idl.command 
2026-05-12 06:54:46.956 9 ERROR neutron_lib.callbacks.manager [None req-d2c0e271-0412-4243-8076-b4c0d07f7ab2 b21ba0208f24448fa7d1a3f68b4b6200 a41f40722aaa4c3bbf8603632511e87c - - default default] Error during notification for neutron.services.ovn_l3.plugin.OVNL3RouterPlugin._port_update-8752271719151 port, after_update: ovsdbapp.backend.ovs_idl.idlutils.RowNotFound: Cannot find Logical_Router_Port with name=lrp-42d2159a-5502-4848-b824-c1dadf8b1a73
2026-05-12 06:54:46.956 9 ERROR neutron_lib.callbacks.manager
Traceback (most recent call last):
2026-05-12 06:54:46.956 9 ERROR neutron_lib.callbacks.manager
File "/var/lib/openstack/lib/python3.10/site-packages/neutron_lib/callbacks/manager.py", line 189, in _notify_loop
2026-05-12 06:54:46.956 9 ERROR neutron_lib.callbacks.manager callback.method(resource, event, trigger, payload=payload)
2026-05-12 06:54:46.956 9 ERROR neutron_lib.callbacks.manager
File "/var/lib/openstack/lib/python3.10/site-packages/neutron/services/ovn_l3/plugin.py", line 391, in _port_update
2026-05-12 06:54:46.956 9 ERROR neutron_lib.callbacks.manager l3plugin._ovn_client.update_router_port(context,
2026-05-12 06:54:46.956 9 ERROR neutron_lib.callbacks.manager
File "/var/lib/openstack/lib/python3.10/site-packages/neutron/plugins/ml2/drivers/ovn/mech_driver/ovsdb/ovn_client.py", line 1878, in update_router_port
2026-05-12 06:54:46.956 9 ERROR neutron_lib.callbacks.manager self._update_lrouter_port(context, port, if_exists=if_exists,
2026-05-12 06:54:46.956 9 ERROR neutron_lib.callbacks.manager
File "/var/lib/openstack/lib/python3.10/site-packages/neutron/plugins/ml2/drivers/ovn/mech_driver/ovsdb/ovn_client.py", line 1855, in _update_lrouter_port
2026-05-12 06:54:46.956 9 ERROR neutron_lib.callbacks.manager external_ids = self._nb_idl.db_get(
2026-05-12 06:54:46.956 9 ERROR neutron_lib.callbacks.manager
File "/var/lib/openstack/lib/python3.10/site-packages/ovsdbapp/backend/ovs_idl/command.py", line 47, in execute
2026-05-12 06:54:46.956 9 ERROR neutron_lib.callbacks.manager self.run_idl(None)
2026-05-12 06:54:46.956 9 ERROR neutron_lib.callbacks.manager
File "/var/lib/openstack/lib/python3.10/site-packages/ovsdbapp/backend/ovs_idl/command.py", line 235, in run_idl
2026-05-12 06:54:46.956 9 ERROR neutron_lib.callbacks.manager record = self.api.lookup(self.table, self.record)
2026-05-12 06:54:46.956 9 ERROR neutron_lib.callbacks.manager
File "/var/lib/openstack/lib/python3.10/site-packages/ovsdbapp/backend/ovs_idl/__init__.py", line 184, in lookup
2026-05-12 06:54:46.956 9 ERROR neutron_lib.callbacks.manager return self._lookup(table, record)
2026-05-12 06:54:46.956 9 ERROR neutron_lib.callbacks.manager
File "/var/lib/openstack/lib/python3.10/site-packages/ovsdbapp/backend/ovs_idl/__init__.py", line 235, in _lookup
2026-05-12 06:54:46.956 9 ERROR neutron_lib.callbacks.manager row = idlutils.row_by_value(self, rl.table, rl.column, record)
2026-05-12 06:54:46.956 9 ERROR neutron_lib.callbacks.manager
File "/var/lib/openstack/lib/python3.10/site-packages/ovsdbapp/backend/ovs_idl/idlutils.py", line 114, in row_by_value
2026-05-12 06:54:46.956 9 ERROR neutron_lib.callbacks.manager raise RowNotFound(table=table, col=column, match=match)
2026-05-12 06:54:46.956 9 ERROR neutron_lib.callbacks.manager ovsdbapp.backend.ovs_idl.idlutils.RowNotFound: Cannot find Logical_Router_Port with name=lrp-42d2159a-5502-4848-b824-c1dadf8b1a73
2026-05-12 06:54:46.956 9 ERROR neutron_lib.callbacks.manager 
2026-05-12 06:54:47.032 9 INFO neutron.db.ovn_revision_numbers_db [None req-3acc812d-76ca-42e1-95d9-028c605dfdd1 - - - - - -] Successfully bumped revision number for resource 18fdc0d2-b76f-43e9-9af2-97bdcb9e6d0c (type: router_ports) to 4
2026-05-12 06:54:47.095 10 INFO neutron.db.ovn_revision_numbers_db [None req-092850c3-3538-4b6b-b385-6075d8b22b0f b21ba0208f24448fa7d1a3f68b4b6200 a41f40722aaa4c3bbf8603632511e87c - - default default] Successfully bumped revision number for resource 2436b2ce-fbe5-4b93-a187-dd116456a7bf (type: security_groups) to 1
2026-05-12 06:54:47.108 10 INFO neutron.db.ovn_revision_numbers_db [None req-092850c3-3538-4b6b-b385-6075d8b22b0f b21ba0208f24448fa7d1a3f68b4b6200 a41f40722aaa4c3bbf8603632511e87c - - default default] Successfully bumped revision number for resource 295da284-eed2-481f-b7fb-27923dbe550e (type: security_group_rules) to 0
2026-05-12 06:54:47.133 10 INFO neutron.db.ovn_revision_numbers_db [None req-092850c3-3538-4b6b-b385-6075d8b22b0f b21ba0208f24448fa7d1a3f68b4b6200 a41f40722aaa4c3bbf8603632511e87c - - default default] Successfully bumped revision number for resource 2dc3ac02-2077-46fa-bcbb-1b8639793bb1 (type: security_group_rules) to 0
2026-05-12 06:54:47.157 10 INFO neutron.db.ovn_revision_numbers_db [None req-092850c3-3538-4b6b-b385-6075d8b22b0f b21ba0208f24448fa7d1a3f68b4b6200 a41f40722aaa4c3bbf8603632511e87c - - default default] Successfully bumped revision number for resource 3439302e-b37b-4989-aa92-10aebd6b374a (type: security_group_rules) to 0
2026-05-12 06:54:47.172 10 INFO neutron.db.ovn_revision_numbers_db [None req-092850c3-3538-4b6b-b385-6075d8b22b0f b21ba0208f24448fa7d1a3f68b4b6200 a41f40722aaa4c3bbf8603632511e87c - - default default] Successfully bumped revision number for resource 9deb7659-c000-4e0b-b62d-645f19b2bc8a (type: security_group_rules) to 0
2026-05-12 06:54:47.191 9 INFO neutron.db.ovn_revision_numbers_db [None req-75e7a955-8b25-4a8d-8b56-85627a188632 - - - - - -] Successfully bumped revision number for resource 42906c69-8331-4aa7-ad74-01dace09165b (type: router_ports) to 4
2026-05-12 06:54:47.236 10 INFO neutron.db.segments_db [None req-092850c3-3538-4b6b-b385-6075d8b22b0f b21ba0208f24448fa7d1a3f68b4b6200 a41f40722aaa4c3bbf8603632511e87c - - default default] Added segment 98c5849f-0688-42d1-a04a-bef0b16da843 of type geneve for network f002dffa-d0d0-4697-9b0c-db4272c8da7f
2026-05-12 06:54:47.238 9 INFO neutron.db.ovn_revision_numbers_db [None req-d2c0e271-0412-4243-8076-b4c0d07f7ab2 b21ba0208f24448fa7d1a3f68b4b6200 a41f40722aaa4c3bbf8603632511e87c - - default default] Successfully bumped revision number for resource 42d2159a-5502-4848-b824-c1dadf8b1a73 (type: ports) to 1
2026-05-12 06:54:47.274 9 INFO neutron.plugins.ml2.drivers.ovn.mech_driver.mech_driver [None req-75e7a955-8b25-4a8d-8b56-85627a188632 - - - - - -] OVN reports status up for port: 5b042e74-d877-4b9b-a94c-92efd9bd7ddc
2026-05-12 06:54:47.283 9 INFO neutron.plugins.ml2.plugin [None req-75e7a955-8b25-4a8d-8b56-85627a188632 - - - - - -] Attempt 1 to provision port 5b042e74-d877-4b9b-a94c-92efd9bd7ddc
2026-05-12 06:54:47.312 9 WARNING neutron.scheduler.dhcp_agent_scheduler [None req-d2c0e271-0412-4243-8076-b4c0d07f7ab2 b21ba0208f24448fa7d1a3f68b4b6200 a41f40722aaa4c3bbf8603632511e87c - - default default] No more DHCP agents
2026-05-12 06:54:47.313 9 WARNING neutron.api.rpc.agentnotifiers.dhcp_rpc_agent_api [None req-d2c0e271-0412-4243-8076-b4c0d07f7ab2 b21ba0208f24448fa7d1a3f68b4b6200 a41f40722aaa4c3bbf8603632511e87c - - default default] Unable to schedule network 7752aafb-5b99-4ea1-b69f-722415993f35: no agents available; will retry on subsequent port and subnet creation events.
2026-05-12 06:54:47.385 10 INFO neutron.db.ovn_revision_numbers_db [None req-092850c3-3538-4b6b-b385-6075d8b22b0f b21ba0208f24448fa7d1a3f68b4b6200 a41f40722aaa4c3bbf8603632511e87c - - default default] Successfully bumped revision number for resource f002dffa-d0d0-4697-9b0c-db4272c8da7f (type: networks) to 1
2026-05-12 06:54:47.592 10 WARNING neutron.scheduler.dhcp_agent_scheduler [None req-092850c3-3538-4b6b-b385-6075d8b22b0f b21ba0208f24448fa7d1a3f68b4b6200 a41f40722aaa4c3bbf8603632511e87c - - default default] No more DHCP agents
2026-05-12 06:54:47.594 10 WARNING neutron.api.rpc.agentnotifiers.dhcp_rpc_agent_api [None req-092850c3-3538-4b6b-b385-6075d8b22b0f b21ba0208f24448fa7d1a3f68b4b6200 a41f40722aaa4c3bbf8603632511e87c - - default default] Unable to schedule network f002dffa-d0d0-4697-9b0c-db4272c8da7f: no agents available; will retry on subsequent port and subnet creation events.
2026-05-12 06:54:47.711 10 INFO neutron.db.ovn_revision_numbers_db [None req-092850c3-3538-4b6b-b385-6075d8b22b0f b21ba0208f24448fa7d1a3f68b4b6200 a41f40722aaa4c3bbf8603632511e87c - - default default] Successfully bumped revision number for resource b584948d-b417-44c1-86ef-c56e349fdd33 (type: ports) to 1
2026-05-12 06:54:47.739 10 INFO neutron.wsgi [None req-092850c3-3538-4b6b-b385-6075d8b22b0f b21ba0208f24448fa7d1a3f68b4b6200 a41f40722aaa4c3bbf8603632511e87c - - default default] 10.0.0.253 "POST /v2.0/networks HTTP/1.1" status: 201 len: 943 time: 0.7939970
2026-05-12 06:54:47.905 10 WARNING neutron.scheduler.dhcp_agent_scheduler [None req-1a375552-6ae1-4f6e-8f31-9c7f6569a6f1 b21ba0208f24448fa7d1a3f68b4b6200 a41f40722aaa4c3bbf8603632511e87c - - default default] No more DHCP agents
2026-05-12 06:54:47.907 10 WARNING neutron.api.rpc.agentnotifiers.dhcp_rpc_agent_api [None req-1a375552-6ae1-4f6e-8f31-9c7f6569a6f1 b21ba0208f24448fa7d1a3f68b4b6200 a41f40722aaa4c3bbf8603632511e87c - - default default] Unable to schedule network f002dffa-d0d0-4697-9b0c-db4272c8da7f: no agents available; will retry on subsequent port and subnet creation events.
2026-05-12 06:54:48.050 9 INFO neutron.db.ovn_revision_numbers_db [None req-75e7a955-8b25-4a8d-8b56-85627a188632 - - - - - -] Successfully bumped revision number for resource 5b042e74-d877-4b9b-a94c-92efd9bd7ddc (type: ports) to 2
2026-05-12 06:54:48.230 9 INFO neutron.db.ovn_revision_numbers_db [None req-75e7a955-8b25-4a8d-8b56-85627a188632 - - - - - -] Successfully bumped revision number for resource 5b042e74-d877-4b9b-a94c-92efd9bd7ddc (type: router_ports) to 2
2026-05-12 06:54:48.271 9 INFO neutron.db.ovn_revision_numbers_db [None req-d2c0e271-0412-4243-8076-b4c0d07f7ab2 b21ba0208f24448fa7d1a3f68b4b6200 a41f40722aaa4c3bbf8603632511e87c - - default default] Successfully bumped revision number for resource 42d2159a-5502-4848-b824-c1dadf8b1a73 (type: router_ports) to 1
2026-05-12 06:54:48.283 9 INFO neutron.wsgi [None req-d2c0e271-0412-4243-8076-b4c0d07f7ab2 b21ba0208f24448fa7d1a3f68b4b6200 a41f40722aaa4c3bbf8603632511e87c - - default default] 10.0.0.253 "PUT /v2.0/routers/5ba31a9d-2432-4694-b70f-4f6e8c05e2ce/add_router_interface HTTP/1.1" status: 200 len: 503 time: 3.8296018
2026-05-12 06:54:48.415 10 INFO neutron.db.ovn_revision_numbers_db [None req-1a375552-6ae1-4f6e-8f31-9c7f6569a6f1 b21ba0208f24448fa7d1a3f68b4b6200 a41f40722aaa4c3bbf8603632511e87c - - default default] Successfully bumped revision number for resource b584948d-b417-44c1-86ef-c56e349fdd33 (type: ports) to 2
2026-05-12 06:54:48.460 10 INFO neutron.db.ovn_revision_numbers_db [None req-1a375552-6ae1-4f6e-8f31-9c7f6569a6f1 b21ba0208f24448fa7d1a3f68b4b6200 a41f40722aaa4c3bbf8603632511e87c - - default default] Successfully bumped revision number for resource 194e27c8-045e-4890-be8c-b55f03501f8c (type: subnets) to 0
2026-05-12 06:54:48.483 10 INFO neutron.wsgi [None req-1a375552-6ae1-4f6e-8f31-9c7f6569a6f1 b21ba0208f24448fa7d1a3f68b4b6200 a41f40722aaa4c3bbf8603632511e87c - - default default] 10.0.0.253 "POST /v2.0/subnets HTTP/1.1" status: 201 len: 863 time: 0.7391808
2026-05-12 06:54:48.511 9 WARNING neutron_lib.context [None req-85447a7a-d1fb-472b-938f-5e3425e41d81 fd686895749e4f5ea375769bbff2f59a b262061ded1d4d44bfa3a7d0f97c8193 - - default default] Method 'is_advsvc' is deprecated since 2023.2 release (neutron-lib 3.8.0) and will be removed once support for the old RBAC API policies will be removed from Neutron. Please use method 'is_service_role' instead.
2026-05-12 06:54:48.659 9 INFO neutron.db.ovn_revision_numbers_db [None req-85447a7a-d1fb-472b-938f-5e3425e41d81 fd686895749e4f5ea375769bbff2f59a b262061ded1d4d44bfa3a7d0f97c8193 - - default default] Successfully bumped revision number for resource ccb126b4-2cbc-43b0-97f2-d904a15c8940 (type: security_groups) to 1
2026-05-12 06:54:48.676 9 INFO neutron.db.ovn_revision_numbers_db [None req-85447a7a-d1fb-472b-938f-5e3425e41d81 fd686895749e4f5ea375769bbff2f59a b262061ded1d4d44bfa3a7d0f97c8193 - - default default] Successfully bumped revision number for resource 53ce4c33-a7f7-45bc-a45c-70572817136d (type: security_group_rules) to 0
2026-05-12 06:54:48.689 9 INFO neutron.db.ovn_revision_numbers_db [None req-85447a7a-d1fb-472b-938f-5e3425e41d81 fd686895749e4f5ea375769bbff2f59a b262061ded1d4d44bfa3a7d0f97c8193 - - default default] Successfully bumped revision number for resource b9d180aa-77c0-44bb-864c-076b9d55d881 (type: security_group_rules) to 0
2026-05-12 06:54:48.707 9 INFO neutron.db.ovn_revision_numbers_db [None req-85447a7a-d1fb-472b-938f-5e3425e41d81 fd686895749e4f5ea375769bbff2f59a b262061ded1d4d44bfa3a7d0f97c8193 - - default default] Successfully bumped revision number for resource bbb4d8b5-0cfd-4f88-95f7-67686ff43b1d (type: security_group_rules) to 0
2026-05-12 06:54:48.726 9 INFO neutron.db.ovn_revision_numbers_db [None req-85447a7a-d1fb-472b-938f-5e3425e41d81 fd686895749e4f5ea375769bbff2f59a b262061ded1d4d44bfa3a7d0f97c8193 - - default default] Successfully bumped revision number for resource f02cd91a-e64d-4a71-a8a2-79fa506e929c (type: security_group_rules) to 0
2026-05-12 06:54:48.793 9 INFO neutron.db.segments_db [None req-85447a7a-d1fb-472b-938f-5e3425e41d81 fd686895749e4f5ea375769bbff2f59a b262061ded1d4d44bfa3a7d0f97c8193 - - default default] Added segment 8af71232-85a7-46aa-82fd-ba450cf08409 of type geneve for network d8b5c10f-f299-4b1f-8c41-6a8bf85d0e74
2026-05-12 06:54:48.947 9 INFO neutron.db.ovn_revision_numbers_db [None req-85447a7a-d1fb-472b-938f-5e3425e41d81 fd686895749e4f5ea375769bbff2f59a b262061ded1d4d44bfa3a7d0f97c8193 - - default default] Successfully bumped revision number for resource d8b5c10f-f299-4b1f-8c41-6a8bf85d0e74 (type: networks) to 1
2026-05-12 06:54:49.176 9 WARNING neutron.scheduler.dhcp_agent_scheduler [None req-85447a7a-d1fb-472b-938f-5e3425e41d81 fd686895749e4f5ea375769bbff2f59a b262061ded1d4d44bfa3a7d0f97c8193 - - default default] No more DHCP agents
2026-05-12 06:54:49.177 9 WARNING neutron.api.rpc.agentnotifiers.dhcp_rpc_agent_api [None req-85447a7a-d1fb-472b-938f-5e3425e41d81 fd686895749e4f5ea375769bbff2f59a b262061ded1d4d44bfa3a7d0f97c8193 - - default default] Unable to schedule network d8b5c10f-f299-4b1f-8c41-6a8bf85d0e74: no agents available; will retry on subsequent port and subnet creation events.
2026-05-12 06:54:49.233 10 WARNING neutron.scheduler.dhcp_agent_scheduler [None req-b7f00159-aa1b-43c7-a9e2-97c49df2934e b21ba0208f24448fa7d1a3f68b4b6200 a41f40722aaa4c3bbf8603632511e87c - - default default] No more DHCP agents
2026-05-12 06:54:49.240 10 WARNING neutron.api.rpc.agentnotifiers.dhcp_rpc_agent_api [None req-b7f00159-aa1b-43c7-a9e2-97c49df2934e b21ba0208f24448fa7d1a3f68b4b6200 a41f40722aaa4c3bbf8603632511e87c - - default default] Unable to schedule network cae6cf3d-5b03-4c98-a63d-f11840a293f2: no agents available; will retry on subsequent port and subnet creation events.
2026-05-12 06:54:49.273 9 INFO neutron.db.ovn_revision_numbers_db [None req-85447a7a-d1fb-472b-938f-5e3425e41d81 fd686895749e4f5ea375769bbff2f59a b262061ded1d4d44bfa3a7d0f97c8193 - - default default] Successfully bumped revision number for resource 290db317-80f7-4bd6-a51c-daeb2fb7e22d (type: ports) to 1
2026-05-12 06:54:49.295 9 INFO neutron.wsgi [None req-85447a7a-d1fb-472b-938f-5e3425e41d81 fd686895749e4f5ea375769bbff2f59a b262061ded1d4d44bfa3a7d0f97c8193 - - default default] 10.0.0.253 "POST /v2.0/networks HTTP/1.1" status: 201 len: 831 time: 0.8996840
2026-05-12 06:54:49.308 9 WARNING neutron_lib.context [None req-40259987-4a07-44db-8dcc-20cf20b05fde fd686895749e4f5ea375769bbff2f59a b262061ded1d4d44bfa3a7d0f97c8193 - - default default] Method 'is_advsvc' is deprecated since 2023.2 release (neutron-lib 3.8.0) and will be removed once support for the old RBAC API policies will be removed from Neutron. Please use method 'is_service_role' instead.
2026-05-12 06:54:49.420 10 INFO neutron.db.ovn_revision_numbers_db [None req-b7f00159-aa1b-43c7-a9e2-97c49df2934e b21ba0208f24448fa7d1a3f68b4b6200 a41f40722aaa4c3bbf8603632511e87c - - default default] Successfully bumped revision number for resource 432a9da1-dd3a-4200-be54-bed49197ddc8 (type: ports) to 1
2026-05-12 06:54:49.540 9 WARNING neutron.scheduler.dhcp_agent_scheduler [None req-40259987-4a07-44db-8dcc-20cf20b05fde fd686895749e4f5ea375769bbff2f59a b262061ded1d4d44bfa3a7d0f97c8193 - - default default] No more DHCP agents
2026-05-12 06:54:49.543 9 WARNING neutron.api.rpc.agentnotifiers.dhcp_rpc_agent_api [None req-40259987-4a07-44db-8dcc-20cf20b05fde fd686895749e4f5ea375769bbff2f59a b262061ded1d4d44bfa3a7d0f97c8193 - - default default] Unable to schedule network d8b5c10f-f299-4b1f-8c41-6a8bf85d0e74: no agents available; will retry on subsequent port and subnet creation events.
2026-05-12 06:54:49.622 9 INFO neutron.db.ovn_revision_numbers_db [None req-40259987-4a07-44db-8dcc-20cf20b05fde fd686895749e4f5ea375769bbff2f59a b262061ded1d4d44bfa3a7d0f97c8193 - - default default] Successfully bumped revision number for resource dae6adf5-d74c-4a1a-86ee-5a7c3c85f745 (type: ports) to 1
2026-05-12 06:54:49.647 9 INFO neutron.wsgi [None req-40259987-4a07-44db-8dcc-20cf20b05fde fd686895749e4f5ea375769bbff2f59a b262061ded1d4d44bfa3a7d0f97c8193 - - default default] 10.0.0.253 "POST /v2.0/ports HTTP/1.1" status: 201 len: 942 time: 0.3467324 /var/lib/openstack/lib/python3.10/site-packages/pycadf/identifier.py:71: UserWarning: Invalid uuid: neutron. To ensure interoperability, identifiers should be a valid uuid. warnings.warn(('Invalid uuid: %s. To ensure interoperability, '
2026-05-12 06:54:49.709 9 INFO neutron.wsgi [None req-4469e7f4-cf86-4b1a-938e-ea83bb6b22b5 fd686895749e4f5ea375769bbff2f59a b262061ded1d4d44bfa3a7d0f97c8193 - - default default] 10.0.0.253 "PUT /v2.0/ports/dae6adf5-d74c-4a1a-86ee-5a7c3c85f745/tags HTTP/1.1" status: 200 len: 218 time: 0.0539846
2026-05-12 06:54:49.752 9 INFO neutron.wsgi [None req-e602a7cc-eb86-4caa-9bdd-671224c9370e fd686895749e4f5ea375769bbff2f59a b262061ded1d4d44bfa3a7d0f97c8193 - - default default] 10.0.0.253 "GET /v2.0/ports/dae6adf5-d74c-4a1a-86ee-5a7c3c85f745/tags HTTP/1.1" status: 200 len: 218 time: 0.0354366
2026-05-12 06:54:49.802 9 INFO neutron.wsgi [None req-228c3f9a-25fd-4819-b1a3-1b9c138820fb fd686895749e4f5ea375769bbff2f59a b262061ded1d4d44bfa3a7d0f97c8193 - - default default] 10.0.0.253 "PUT /v2.0/ports/dae6adf5-d74c-4a1a-86ee-5a7c3c85f745/tags/green HTTP/1.1" status: 201 len: 201 time: 0.0454118
2026-05-12 06:54:49.847 9 INFO neutron.wsgi [None req-b21b9696-7ff9-4ab8-9427-c53b92eef5c6 fd686895749e4f5ea375769bbff2f59a b262061ded1d4d44bfa3a7d0f97c8193 - - default default] 10.0.0.253 "GET /v2.0/ports/dae6adf5-d74c-4a1a-86ee-5a7c3c85f745/tags HTTP/1.1" status: 200 len: 227 time: 0.0391777
2026-05-12 06:54:49.903 10 INFO neutron.wsgi [None req-66a89a55-3d57-44ac-a0f7-34f19061a4ae fd686895749e4f5ea375769bbff2f59a b262061ded1d4d44bfa3a7d0f97c8193 - - default default] 10.0.0.253 "PUT /v2.0/ports/dae6adf5-d74c-4a1a-86ee-5a7c3c85f745/tags/red HTTP/1.1" status: 201 len: 201 time: 0.0501151
2026-05-12 06:54:49.953 9 INFO neutron.wsgi [None req-e94ae2a0-cf81-4954-9599-9c2942338c16 fd686895749e4f5ea375769bbff2f59a b262061ded1d4d44bfa3a7d0f97c8193 - - default default] 10.0.0.253 "GET /v2.0/ports/dae6adf5-d74c-4a1a-86ee-5a7c3c85f745/tags HTTP/1.1" status: 200 len: 227 time: 0.0456233
2026-05-12 06:54:50.013 9 INFO neutron.wsgi [None req-0b86c22a-23f8-4332-ba69-a6baaa3226e2 fd686895749e4f5ea375769bbff2f59a b262061ded1d4d44bfa3a7d0f97c8193 - - default default] 10.0.0.253 "PUT /v2.0/ports/dae6adf5-d74c-4a1a-86ee-5a7c3c85f745/tags/black.or.white HTTP/1.1" status: 201 len: 201 time: 0.0536044
2026-05-12 06:54:50.060 10 INFO neutron.wsgi [None req-2831a5f2-9d33-472e-874d-7c16239d37c3 fd686895749e4f5ea375769bbff2f59a b262061ded1d4d44bfa3a7d0f97c8193 - - default default] 10.0.0.253 "GET /v2.0/ports/dae6adf5-d74c-4a1a-86ee-5a7c3c85f745/tags HTTP/1.1" status: 200 len: 245 time: 0.0415430
2026-05-12 06:54:50.072 10 INFO neutron.plugins.ml2.drivers.ovn.mech_driver.ovsdb.commands [None req-1fe11daa-e95c-47da-8200-9d464095bbda - - - - - -] Schedule LRP lrp-432a9da1-dd3a-4200-be54-bed49197ddc8 on gateway 8244b4d6-fbca-4960-bd20-955c4abd879b with priority 1
2026-05-12 06:54:50.101 10 INFO neutron.plugins.ml2.drivers.ovn.mech_driver.mech_driver [None req-13540f74-58b1-48e3-9916-68cb788c84d1 - - - - - -] OVN reports status up for port: 432a9da1-dd3a-4200-be54-bed49197ddc8
2026-05-12 06:54:50.104 9 INFO neutron.plugins.ml2.drivers.ovn.mech_driver.ovsdb.ovsdb_monitor [None req-3acc812d-76ca-42e1-95d9-028c605dfdd1 - - - - - -] Router ca2e2d51-e06b-451c-81d8-e02ef616d881 is bound to host instance
2026-05-12 06:54:50.122 10 INFO neutron.plugins.ml2.plugin [None req-13540f74-58b1-48e3-9916-68cb788c84d1 - - - - - -] Attempt 1 to provision port 432a9da1-dd3a-4200-be54-bed49197ddc8
2026-05-12 06:54:50.152 10 INFO neutron.db.ovn_revision_numbers_db [None req-b7f00159-aa1b-43c7-a9e2-97c49df2934e b21ba0208f24448fa7d1a3f68b4b6200 a41f40722aaa4c3bbf8603632511e87c - - default default] Successfully bumped revision number for resource 432a9da1-dd3a-4200-be54-bed49197ddc8 (type: router_ports) to 1
2026-05-12 06:54:50.156 10 INFO neutron.wsgi [None req-86f86c03-4878-4f9e-9306-207e458b86f1 fd686895749e4f5ea375769bbff2f59a b262061ded1d4d44bfa3a7d0f97c8193 - - default default] 10.0.0.253 "PUT /v2.0/ports/dae6adf5-d74c-4a1a-86ee-5a7c3c85f745/tags HTTP/1.1" status: 200 len: 230 time: 0.0912006
2026-05-12 06:54:50.220 9 INFO neutron.wsgi [None req-91980bc6-e4d0-4200-81f0-94d48df3f627 fd686895749e4f5ea375769bbff2f59a b262061ded1d4d44bfa3a7d0f97c8193 - - default default] 10.0.0.253 "GET /v2.0/ports/dae6adf5-d74c-4a1a-86ee-5a7c3c85f745/tags HTTP/1.1" status: 200 len: 230 time: 0.0565276
2026-05-12 06:54:50.233 10 INFO neutron.db.ovn_revision_numbers_db [None req-b7f00159-aa1b-43c7-a9e2-97c49df2934e b21ba0208f24448fa7d1a3f68b4b6200 a41f40722aaa4c3bbf8603632511e87c - - default default] Successfully bumped revision number for resource ca2e2d51-e06b-451c-81d8-e02ef616d881 (type: routers) to 2
2026-05-12 06:54:50.256 10 INFO neutron.wsgi [None req-b7f00159-aa1b-43c7-a9e2-97c49df2934e b21ba0208f24448fa7d1a3f68b4b6200 a41f40722aaa4c3bbf8603632511e87c - - default default] 10.0.0.253 "POST /v2.0/routers HTTP/1.1" status: 201 len: 1165 time: 1.7677302
2026-05-12 06:54:50.272 10 INFO neutron.wsgi [None req-a9ae0ef3-9d8d-48c3-bf81-707a1673462c fd686895749e4f5ea375769bbff2f59a b262061ded1d4d44bfa3a7d0f97c8193 - - default default] 10.0.0.253 "GET /v2.0/ports/dae6adf5-d74c-4a1a-86ee-5a7c3c85f745/tags/red HTTP/1.1" status: 204 len: 168 time: 0.0447762
2026-05-12 06:54:50.326 9 INFO neutron.api.v2.resource [None req-0bd9306c-71b2-404c-a051-5769a74415d7 fd686895749e4f5ea375769bbff2f59a b262061ded1d4d44bfa3a7d0f97c8193 - - default default] show failed (client error): The resource could not be found.
2026-05-12 06:54:50.328 9 INFO neutron.wsgi [None req-0bd9306c-71b2-404c-a051-5769a74415d7 fd686895749e4f5ea375769bbff2f59a b262061ded1d4d44bfa3a7d0f97c8193 - - default default] 10.0.0.253 "GET /v2.0/ports/dae6adf5-d74c-4a1a-86ee-5a7c3c85f745/tags/green HTTP/1.1" status: 404 len: 299 time: 0.0493333
2026-05-12 06:54:50.412 9 INFO neutron.wsgi [None req-f58f897a-3b47-40f1-9702-a515187124c3 fd686895749e4f5ea375769bbff2f59a b262061ded1d4d44bfa3a7d0f97c8193 - - default default] 10.0.0.253 "DELETE /v2.0/ports/dae6adf5-d74c-4a1a-86ee-5a7c3c85f745/tags/red HTTP/1.1" status: 204 len: 168 time: 0.0772469
2026-05-12 06:54:50.489 9 INFO neutron.wsgi [None req-da7d15a3-ea3b-4c88-8159-348a22deceac fd686895749e4f5ea375769bbff2f59a b262061ded1d4d44bfa3a7d0f97c8193 - - default default] 10.0.0.253 "GET /v2.0/ports/dae6adf5-d74c-4a1a-86ee-5a7c3c85f745/tags HTTP/1.1" status: 200 len: 223 time: 0.0712292
2026-05-12 06:54:50.543 10 INFO neutron.api.v2.resource [None req-2407d2f4-2f8c-49cd-b590-b6a20b4cc1d2 fd686895749e4f5ea375769bbff2f59a b262061ded1d4d44bfa3a7d0f97c8193 - - default default] delete failed (client error): The resource could not be found.
2026-05-12 06:54:50.544 10 INFO neutron.wsgi [None req-2407d2f4-2f8c-49cd-b590-b6a20b4cc1d2 fd686895749e4f5ea375769bbff2f59a b262061ded1d4d44bfa3a7d0f97c8193 - - default default] 10.0.0.253 "DELETE /v2.0/ports/dae6adf5-d74c-4a1a-86ee-5a7c3c85f745/tags/green HTTP/1.1" status: 404 len: 299 time: 0.0484934
2026-05-12 06:54:50.624 10 INFO neutron.wsgi [None req-d8610c0e-e57f-424e-8f54-6394c48056a8 fd686895749e4f5ea375769bbff2f59a b262061ded1d4d44bfa3a7d0f97c8193 - - default default] 10.0.0.253 "DELETE /v2.0/ports/dae6adf5-d74c-4a1a-86ee-5a7c3c85f745/tags HTTP/1.1" status: 204 len: 168 time: 0.0748122
2026-05-12 06:54:50.635 9 INFO neutron.wsgi [req-c3e74864-3cce-4541-a209-c13353717442 req-a2b55a9d-06ae-48c4-8faa-fabd6f0696e9 dcd12a266a194d20b6d5f2b500d38b72 cfddfb71f5714f1da8a822edddac18d3 - - default default] 10.0.0.169 "GET /v2.0/networks?id=7752aafb-5b99-4ea1-b69f-722415993f35 HTTP/1.1" status: 200 len: 872 time: 0.1680655
2026-05-12 06:54:50.662 9 INFO neutron.wsgi [req-c3e74864-3cce-4541-a209-c13353717442 req-e2ddf765-a92d-4936-8e6f-f188e8befd2d dcd12a266a194d20b6d5f2b500d38b72 cfddfb71f5714f1da8a822edddac18d3 - - default default] 10.0.0.169 "GET /v2.0/quotas/cfddfb71f5714f1da8a822edddac18d3 HTTP/1.1" status: 200 len: 491 time: 0.0202873
2026-05-12 06:54:50.687 10 INFO neutron.wsgi [None req-55c58874-eaed-4c27-b042-f33f73977e87 fd686895749e4f5ea375769bbff2f59a b262061ded1d4d44bfa3a7d0f97c8193 - - default default] 10.0.0.253 "GET /v2.0/ports/dae6adf5-d74c-4a1a-86ee-5a7c3c85f745/tags HTTP/1.1" status: 200 len: 205 time: 0.0551865
2026-05-12 06:54:50.815 9 INFO neutron.wsgi [req-c3e74864-3cce-4541-a209-c13353717442 req-a82333c4-a501-4019-b7b8-c3add53c6607 dcd12a266a194d20b6d5f2b500d38b72 cfddfb71f5714f1da8a822edddac18d3 - - default default] 10.0.0.169 "GET /v2.0/ports?tenant_id=cfddfb71f5714f1da8a822edddac18d3&fields=id HTTP/1.1" status: 200 len: 302 time: 0.1378999
2026-05-12 06:54:50.830 10 WARNING neutron.scheduler.dhcp_agent_scheduler [None req-2b5a6926-48d0-43ee-8a07-26164c2451f4 b21ba0208f24448fa7d1a3f68b4b6200 a41f40722aaa4c3bbf8603632511e87c - - default default] No more DHCP agents
2026-05-12 06:54:50.833 10 WARNING neutron.api.rpc.agentnotifiers.dhcp_rpc_agent_api [None req-2b5a6926-48d0-43ee-8a07-26164c2451f4 b21ba0208f24448fa7d1a3f68b4b6200 a41f40722aaa4c3bbf8603632511e87c - - default default] Unable to schedule network f002dffa-d0d0-4697-9b0c-db4272c8da7f: no agents available; will retry on subsequent port and subnet creation events.
2026-05-12 06:54:50.900 9 INFO neutron.wsgi [req-c3e74864-3cce-4541-a209-c13353717442 req-3d3d29c0-2de2-443f-a4b2-f0269b3f4f7e 30164aa1ac0d458195ef529a82fe903d 1c9d341739b346fb9397045d27ec30e1 - - a7e71ca817e243b38e6fff875d8e0087 a7e71ca817e243b38e6fff875d8e0087] 10.0.0.169 "GET /v2.0/networks/7752aafb-5b99-4ea1-b69f-722415993f35?fields=segments HTTP/1.1" status: 200 len: 212 time: 0.0735500
2026-05-12 06:54:50.991 9 INFO neutron.wsgi [req-c3e74864-3cce-4541-a209-c13353717442 req-28e4608b-9d4f-4837-a3c9-52efc3db0937 30164aa1ac0d458195ef529a82fe903d 1c9d341739b346fb9397045d27ec30e1 - - a7e71ca817e243b38e6fff875d8e0087 a7e71ca817e243b38e6fff875d8e0087] 10.0.0.169 "GET /v2.0/networks/7752aafb-5b99-4ea1-b69f-722415993f35?fields=provider%3Aphysical_network&fields=provider%3Anetwork_type HTTP/1.1" status: 200 len: 277 time: 0.0804081
2026-05-12 06:54:51.043 10 INFO neutron.db.ovn_revision_numbers_db [None req-2b5a6926-48d0-43ee-8a07-26164c2451f4 b21ba0208f24448fa7d1a3f68b4b6200 a41f40722aaa4c3bbf8603632511e87c - - default default] Successfully bumped revision number for resource 08e81255-4fce-4515-a947-03981099e83e (type: ports) to 1
2026-05-12 06:54:51.059 9 INFO neutron.db.ovn_revision_numbers_db [None req-3acc812d-76ca-42e1-95d9-028c605dfdd1 - - - - - -] Successfully bumped revision number for resource 432a9da1-dd3a-4200-be54-bed49197ddc8 (type: ports) to 1
2026-05-12 06:54:51.146 10 INFO neutron.wsgi [None req-39a872be-305a-4f15-b54f-02113dfa7ba9 fd686895749e4f5ea375769bbff2f59a b262061ded1d4d44bfa3a7d0f97c8193 - - default default] 10.0.0.253 "DELETE /v2.0/ports/dae6adf5-d74c-4a1a-86ee-5a7c3c85f745 HTTP/1.1" status: 204 len: 168 time: 0.4515831
2026-05-12 06:54:51.161 10 INFO neutron.wsgi [req-c7e86729-95c8-4eb1-9301-5d798727ecb1 req-bd13e620-a22d-4983-9291-d25df00e5fd6 dcd12a266a194d20b6d5f2b500d38b72 cfddfb71f5714f1da8a822edddac18d3 - - default default] 10.0.0.169 "GET /v2.0/ports?device_id=608fbb12-567d-4cf0-9354-4e8459b41fed HTTP/1.1" status: 200 len: 210 time: 0.0271749
2026-05-12 06:54:51.742 9 INFO neutron.db.ovn_revision_numbers_db [None req-3acc812d-76ca-42e1-95d9-028c605dfdd1 - - - - - -] Successfully bumped revision number for resource 432a9da1-dd3a-4200-be54-bed49197ddc8 (type: router_ports) to 3
2026-05-12 06:54:51.911 10 INFO neutron.services.segments.plugin [-] Segment 8af71232-85a7-46aa-82fd-ba450cf08409 resource provider aggregate not found
2026-05-12 06:54:51.915 10 INFO neutron.services.segments.plugin [-] Segment 8af71232-85a7-46aa-82fd-ba450cf08409 resource provider aggregate not found
2026-05-12 06:54:51.929 10 INFO neutron.services.segments.plugin [-] Segment 8af71232-85a7-46aa-82fd-ba450cf08409 resource provider not found; error: Placement Client Error (4xx): {"errors": [{"status": 404, "title": "Not Found", "detail": "The resource could not be found.\n\n No resource provider with uuid 8af71232-85a7-46aa-82fd-ba450cf08409 found for delete ", "request_id": "req-6ad00f22-5ef0-4976-ae10-e995f6f93cdf"}]}
2026-05-12 06:54:51.933 10 INFO neutron.services.segments.plugin [-] Segment 8af71232-85a7-46aa-82fd-ba450cf08409 resource provider not found; error: Placement Client Error (4xx): {"errors": [{"status": 404, "title": "Not Found", "detail": "The resource could not be found.\n\n No resource provider with uuid 8af71232-85a7-46aa-82fd-ba450cf08409 found for delete ", "request_id": "req-dec1f078-5337-4a84-809c-a52921d76ee1"}]}
2026-05-12 06:54:51.956 9 INFO neutron.wsgi [req-c3e74864-3cce-4541-a209-c13353717442 req-5465eefd-19e9-40d3-a4fd-81d23ed30cdb dcd12a266a194d20b6d5f2b500d38b72 cfddfb71f5714f1da8a822edddac18d3 - - default default] 199.204.45.235 "GET /v2.0/networks?id=7752aafb-5b99-4ea1-b69f-722415993f35 HTTP/1.1" status: 200 len: 872 time: 0.0960798
2026-05-12 06:54:51.961 10 INFO neutron.wsgi [None req-efd55e19-cbc8-41ae-a3b5-8a4a2fa48fb5 fd686895749e4f5ea375769bbff2f59a b262061ded1d4d44bfa3a7d0f97c8193 - - default default] 10.0.0.253 "DELETE /v2.0/networks/d8b5c10f-f299-4b1f-8c41-6a8bf85d0e74 HTTP/1.1" status: 204 len: 168 time: 0.8078046
2026-05-12 06:54:51.967 9 WARNING neutron_lib.context [req-c3e74864-3cce-4541-a209-c13353717442 req-c6cf6729-2db2-4123-8401-710ba43d08e7 dcd12a266a194d20b6d5f2b500d38b72 cfddfb71f5714f1da8a822edddac18d3 - - default default] Method 'is_advsvc' is deprecated since 2023.2 release (neutron-lib 3.8.0) and will be removed once support for the old RBAC API policies will be removed from Neutron. Please use method 'is_service_role' instead.
2026-05-12 06:54:51.969 10 ERROR ovsdbapp.backend.ovs_idl.command [None req-2b5a6926-48d0-43ee-8a07-26164c2451f4 b21ba0208f24448fa7d1a3f68b4b6200 a41f40722aaa4c3bbf8603632511e87c - - default default] Error executing command (DbGetCommand): ovsdbapp.backend.ovs_idl.idlutils.RowNotFound: Cannot find Logical_Router_Port with name=lrp-08e81255-4fce-4515-a947-03981099e83e
2026-05-12 06:54:51.969 10 ERROR ovsdbapp.backend.ovs_idl.command
Traceback (most recent call last):
2026-05-12 06:54:51.969 10 ERROR ovsdbapp.backend.ovs_idl.command
File "/var/lib/openstack/lib/python3.10/site-packages/ovsdbapp/backend/ovs_idl/command.py", line 47, in execute
2026-05-12 06:54:51.969 10 ERROR ovsdbapp.backend.ovs_idl.command self.run_idl(None)
2026-05-12 06:54:51.969 10 ERROR ovsdbapp.backend.ovs_idl.command
File "/var/lib/openstack/lib/python3.10/site-packages/ovsdbapp/backend/ovs_idl/command.py", line 235, in run_idl
2026-05-12 06:54:51.969 10 ERROR ovsdbapp.backend.ovs_idl.command record = self.api.lookup(self.table, self.record)
2026-05-12 06:54:51.969 10 ERROR ovsdbapp.backend.ovs_idl.command
