2026-05-12 06:53:02.730 9 ERROR ovsdbapp.backend.ovs_idl.command ovsdbapp.backend.ovs_idl.idlutils.RowNotFound: Cannot find Logical_Switch_Port with name=b3734802-8f6f-4691-8a66-744734d9704a
2026-05-12 06:53:02.730 9 ERROR ovsdbapp.backend.ovs_idl.command 
2026-05-12 06:53:02.731 9 ERROR ovsdbapp.event [None req-75e7a955-8b25-4a8d-8b56-85627a188632 - - - - - -] Unexpected exception in notify_loop: ovsdbapp.backend.ovs_idl.idlutils.RowNotFound: Cannot find Logical_Switch_Port with name=b3734802-8f6f-4691-8a66-744734d9704a
2026-05-12 06:53:02.731 9 ERROR ovsdbapp.event
Traceback (most recent call last):
2026-05-12 06:53:02.731 9 ERROR ovsdbapp.event
File "/var/lib/openstack/lib/python3.10/site-packages/ovsdbapp/event.py", line 177, in notify_loop
2026-05-12 06:53:02.731 9 ERROR ovsdbapp.event match.run(event, row, updates)
2026-05-12 06:53:02.731 9 ERROR ovsdbapp.event
File "/var/lib/openstack/lib/python3.10/site-packages/neutron/plugins/ml2/drivers/ovn/mech_driver/ovsdb/ovsdb_monitor.py", line 539, in run
2026-05-12 06:53:02.731 9 ERROR ovsdbapp.event self.driver.set_port_status_down(row.name)
2026-05-12 06:53:02.731 9 ERROR ovsdbapp.event
File "/var/lib/openstack/lib/python3.10/site-packages/neutron/plugins/ml2/drivers/ovn/mech_driver/mech_driver.py", line 1324, in set_port_status_down
2026-05-12 06:53:02.731 9 ERROR ovsdbapp.event self._ovn_client.update_lsp_host_info(
2026-05-12 06:53:02.731 9 ERROR ovsdbapp.event
File "/var/lib/openstack/lib/python3.10/site-packages/neutron/plugins/ml2/drivers/ovn/mech_driver/ovsdb/ovn_client.py", line 307, in update_lsp_host_info
2026-05-12 06:53:02.731 9 ERROR ovsdbapp.event port_up = self._nb_idl.lsp_get_up(db_port.id).execute(
2026-05-12 06:53:02.731 9 ERROR ovsdbapp.event
File "/var/lib/openstack/lib/python3.10/site-packages/ovsdbapp/backend/ovs_idl/command.py", line 47, in execute
2026-05-12 06:53:02.731 9 ERROR ovsdbapp.event self.run_idl(None)
2026-05-12 06:53:02.731 9 ERROR ovsdbapp.event
File "/var/lib/openstack/lib/python3.10/site-packages/ovsdbapp/schema/ovn_northbound/commands.py", line 679, in run_idl
2026-05-12 06:53:02.731 9 ERROR ovsdbapp.event lsp = self.api.lookup('Logical_Switch_Port', self.port)
2026-05-12 06:53:02.731 9 ERROR ovsdbapp.event
File "/var/lib/openstack/lib/python3.10/site-packages/ovsdbapp/backend/ovs_idl/__init__.py", line 184, in lookup
2026-05-12 06:53:02.731 9 ERROR ovsdbapp.event return self._lookup(table, record)
2026-05-12 06:53:02.731 9 ERROR ovsdbapp.event
File "/var/lib/openstack/lib/python3.10/site-packages/ovsdbapp/backend/ovs_idl/__init__.py", line 235, in _lookup
2026-05-12 06:53:02.731 9 ERROR ovsdbapp.event row = idlutils.row_by_value(self, rl.table, rl.column, record)
2026-05-12 06:53:02.731 9 ERROR ovsdbapp.event
File "/var/lib/openstack/lib/python3.10/site-packages/ovsdbapp/backend/ovs_idl/idlutils.py", line 114, in row_by_value
2026-05-12 06:53:02.731 9 ERROR ovsdbapp.event raise RowNotFound(table=table, col=column, match=match)
2026-05-12 06:53:02.731 9 ERROR ovsdbapp.event ovsdbapp.backend.ovs_idl.idlutils.RowNotFound: Cannot find Logical_Switch_Port with name=b3734802-8f6f-4691-8a66-744734d9704a
2026-05-12 06:53:02.731 9 ERROR ovsdbapp.event 
2026-05-12 06:53:02.782 9 INFO neutron.notifiers.nova [-] Nova event matching ['req-13e7b5b8-b76c-4dad-99f7-6ae03396c57d'] response: {'server_uuid': '5a18df8e-8ded-4f67-aa55-4a47b9b068ae', 'name': 'network-vif-plugged', 'status': 'completed', 'tag': 'b3734802-8f6f-4691-8a66-744734d9704a', 'code': 200}
2026-05-12 06:53:02.782 9 INFO neutron.notifiers.nova [-] Nova event matching ['req-13e7b5b8-b76c-4dad-99f7-6ae03396c57d'] response: {'server_uuid': 'ff0d0fe9-b2ef-452d-82e2-9fe677a69cbb', 'name': 'network-vif-unplugged', 'status': 'completed', 'tag': '31a8cac9-431d-41a7-b44a-88e1d6190759', 'code': 200}
2026-05-12 06:53:02.782 9 INFO neutron.notifiers.nova [-] Nova event matching ['req-13e7b5b8-b76c-4dad-99f7-6ae03396c57d'] response: {'server_uuid': 'ff0d0fe9-b2ef-452d-82e2-9fe677a69cbb', 'name': 'network-vif-unplugged', 'status': 'completed', 'tag': '31a8cac9-431d-41a7-b44a-88e1d6190759', 'code': 200}
2026-05-12 06:53:02.782 9 INFO neutron.notifiers.nova [-] Nova event matching ['req-13e7b5b8-b76c-4dad-99f7-6ae03396c57d'] response: {'server_uuid': 'ff0d0fe9-b2ef-452d-82e2-9fe677a69cbb', 'name': 'network-vif-plugged', 'status': 'completed', 'tag': '31a8cac9-431d-41a7-b44a-88e1d6190759', 'code': 200}
2026-05-12 06:53:02.783 9 INFO neutron.notifiers.nova [-] Nova event matching ['req-13e7b5b8-b76c-4dad-99f7-6ae03396c57d'] response: {'server_uuid': 'ff0d0fe9-b2ef-452d-82e2-9fe677a69cbb', 'name': 'network-vif-plugged', 'status': 'completed', 'tag': '31a8cac9-431d-41a7-b44a-88e1d6190759', 'code': 200}
2026-05-12 06:53:02.783 9 INFO neutron.notifiers.nova [-] Nova event matching ['req-13e7b5b8-b76c-4dad-99f7-6ae03396c57d'] response: {'server_uuid': '5a18df8e-8ded-4f67-aa55-4a47b9b068ae', 'name': 'network-vif-unplugged', 'status': 'completed', 'tag': 'b3734802-8f6f-4691-8a66-744734d9704a', 'code': 200}
2026-05-12 06:53:02.783 9 INFO neutron.notifiers.nova [-] Nova event matching ['req-13e7b5b8-b76c-4dad-99f7-6ae03396c57d'] response: {'server_uuid': '5a18df8e-8ded-4f67-aa55-4a47b9b068ae', 'name': 'network-vif-deleted', 'tag': 'b3734802-8f6f-4691-8a66-744734d9704a', 'status': 'completed', 'code': 200}
2026-05-12 06:53:02.783 9 INFO neutron.notifiers.nova [-] Nova event matching ['req-13e7b5b8-b76c-4dad-99f7-6ae03396c57d'] response: {'server_uuid': '5a18df8e-8ded-4f67-aa55-4a47b9b068ae', 'name': 'network-vif-unplugged', 'status': 'completed', 'tag': 'b3734802-8f6f-4691-8a66-744734d9704a', 'code': 200}
2026-05-12 06:53:02.932 9 INFO neutron.wsgi [req-a429dafe-75a4-417f-8f7b-4c22d4f90678 req-8ccf015c-46b9-48ce-b65b-ee57f931aa70 25c49102921045f39d6a07df15462235 d82dfd5be93540ff86770926285ba28a - - default default] 10.0.0.169 "GET /v2.0/ports?device_id=5a18df8e-8ded-4f67-aa55-4a47b9b068ae HTTP/1.1" status: 200 len: 210 time: 0.0450470
2026-05-12 06:53:03.343 10 INFO neutron.db.ovn_revision_numbers_db [None req-778718e4-f49b-4053-b778-6a110a8a9509 c785666f3446458c8c636b9ce18e504d c075a29f85e844029e49b60477be61cc - - default default] Successfully bumped revision number for resource cf410f8f-383e-4f4b-9014-eab51d30fb81 (type: floatingips) to 1
2026-05-12 06:53:03.492 10 INFO neutron.db.ovn_revision_numbers_db [None req-778718e4-f49b-4053-b778-6a110a8a9509 c785666f3446458c8c636b9ce18e504d c075a29f85e844029e49b60477be61cc - - default default] Successfully bumped revision number for resource cf410f8f-383e-4f4b-9014-eab51d30fb81 (type: floatingips) to 2
2026-05-12 06:53:03.493 10 INFO neutron.db.l3_db [None req-778718e4-f49b-4053-b778-6a110a8a9509 c785666f3446458c8c636b9ce18e504d c075a29f85e844029e49b60477be61cc - - default default] Floating IP cf410f8f-383e-4f4b-9014-eab51d30fb81 associated. External IP: 10.96.250.218, port: 8dc23171-1799-4839-95c3-c2b3651a1f58.
2026-05-12 06:53:03.525 10 INFO neutron.wsgi [None req-778718e4-f49b-4053-b778-6a110a8a9509 c785666f3446458c8c636b9ce18e504d c075a29f85e844029e49b60477be61cc - - default default] 10.0.0.253 "PUT /v2.0/floatingips/cf410f8f-383e-4f4b-9014-eab51d30fb81 HTTP/1.1" status: 200 len: 1049 time: 1.1881702 /var/lib/openstack/lib/python3.10/site-packages/pycadf/identifier.py:71: UserWarning: Invalid uuid: neutron. To ensure interoperability, identifiers should be a valid uuid. warnings.warn(('Invalid uuid: %s. To ensure interoperability, '
2026-05-12 06:53:03.584 10 INFO neutron.notifiers.nova [-] Nova event matching ['req-187c08ce-19aa-4981-a92a-961788e9d7fb'] response: {'name': 'network-changed', 'server_uuid': '18cac0a8-2474-4ac2-aab6-f77ab173cebc', 'tag': '8dc23171-1799-4839-95c3-c2b3651a1f58', 'status': 'completed', 'code': 200}
2026-05-12 06:53:03.632 10 INFO neutron.wsgi [req-79e67229-bb09-4678-b681-9b40af12ed89 req-2e9ae7b3-0733-45d1-a9f2-05855022605e c785666f3446458c8c636b9ce18e504d c075a29f85e844029e49b60477be61cc - - default default] 10.0.0.169 "GET /v2.0/ports?device_id=18cac0a8-2474-4ac2-aab6-f77ab173cebc HTTP/1.1" status: 200 len: 1170 time: 0.0598288
2026-05-12 06:53:03.666 9 INFO neutron.wsgi [req-28298dcd-9445-4215-a001-223d54499d98 req-668a1eb8-45fb-4c26-afa1-900917357311 30164aa1ac0d458195ef529a82fe903d 1c9d341739b346fb9397045d27ec30e1 - - a7e71ca817e243b38e6fff875d8e0087 a7e71ca817e243b38e6fff875d8e0087] 199.204.45.235 "GET /v2.0/ports?tenant_id=c075a29f85e844029e49b60477be61cc&device_id=18cac0a8-2474-4ac2-aab6-f77ab173cebc HTTP/1.1" status: 200 len: 1409 time: 0.0573087
2026-05-12 06:53:03.680 10 INFO neutron.wsgi [req-79e67229-bb09-4678-b681-9b40af12ed89 req-8b5fb62a-822b-4b07-9a71-0212ba8b6a1c c785666f3446458c8c636b9ce18e504d c075a29f85e844029e49b60477be61cc - - default default] 10.0.0.169 "GET /v2.0/security-groups?id=eb78501c-15c5-467c-8ba0-44213006c401&fields=id&fields=name HTTP/1.1" status: 200 len: 313 time: 0.0371044
2026-05-12 06:53:03.758 9 INFO neutron.wsgi [req-28298dcd-9445-4215-a001-223d54499d98 req-388afb77-b4c6-4ef1-90d5-438eb2dc7935 30164aa1ac0d458195ef529a82fe903d 1c9d341739b346fb9397045d27ec30e1 - - a7e71ca817e243b38e6fff875d8e0087 a7e71ca817e243b38e6fff875d8e0087] 199.204.45.235 "GET /v2.0/networks?id=29a114ab-f552-4848-b38e-97bc8cc9f245 HTTP/1.1" status: 200 len: 973 time: 0.0840597
2026-05-12 06:53:03.832 9 INFO neutron.wsgi [req-28298dcd-9445-4215-a001-223d54499d98 req-f344a62a-c0b9-40f2-9e9c-7fbcb39f0e6b 30164aa1ac0d458195ef529a82fe903d 1c9d341739b346fb9397045d27ec30e1 - - a7e71ca817e243b38e6fff875d8e0087 a7e71ca817e243b38e6fff875d8e0087] 199.204.45.235 "GET /v2.0/floatingips?fixed_ip_address=10.100.0.3&port_id=8dc23171-1799-4839-95c3-c2b3651a1f58 HTTP/1.1" status: 200 len: 1059 time: 0.0691674
2026-05-12 06:53:03.869 9 INFO neutron.wsgi [req-28298dcd-9445-4215-a001-223d54499d98 req-2b544565-a801-4c54-bc63-3b54fa88a8c0 30164aa1ac0d458195ef529a82fe903d 1c9d341739b346fb9397045d27ec30e1 - - a7e71ca817e243b38e6fff875d8e0087 a7e71ca817e243b38e6fff875d8e0087] 199.204.45.235 "GET /v2.0/subnets?id=f85b5397-2cd7-4e3e-a972-abb06bd217dc HTTP/1.1" status: 200 len: 868 time: 0.0362005
2026-05-12 06:53:03.897 9 INFO neutron.wsgi [req-28298dcd-9445-4215-a001-223d54499d98 req-654d5669-3adc-4fbc-ac10-8ce90238f2ea 30164aa1ac0d458195ef529a82fe903d 1c9d341739b346fb9397045d27ec30e1 - - a7e71ca817e243b38e6fff875d8e0087 a7e71ca817e243b38e6fff875d8e0087] 199.204.45.235 "GET /v2.0/ports?network_id=29a114ab-f552-4848-b38e-97bc8cc9f245&device_owner=network%3Adhcp HTTP/1.1" status: 200 len: 210 time: 0.0223091
2026-05-12 06:53:03.971 9 INFO neutron.wsgi [req-28298dcd-9445-4215-a001-223d54499d98 req-46643358-bd10-450c-b85f-a8a9f7b5adba 30164aa1ac0d458195ef529a82fe903d 1c9d341739b346fb9397045d27ec30e1 - - a7e71ca817e243b38e6fff875d8e0087 a7e71ca817e243b38e6fff875d8e0087] 199.204.45.235 "GET /v2.0/networks/29a114ab-f552-4848-b38e-97bc8cc9f245?fields=segments HTTP/1.1" status: 200 len: 212 time: 0.0661147
2026-05-12 06:53:03.976 9 INFO neutron.plugins.ml2.drivers.ovn.mech_driver.mech_driver [None req-75e7a955-8b25-4a8d-8b56-85627a188632 - - - - - -] OVN reports status down for port: 8dc23171-1799-4839-95c3-c2b3651a1f58
2026-05-12 06:53:04.061 9 INFO neutron.wsgi [req-ebc27f37-543e-413d-a206-9b76e20486ba req-3c07c95a-4de8-41b2-b8b1-d32d315ea394 c785666f3446458c8c636b9ce18e504d c075a29f85e844029e49b60477be61cc - - default default] 10.0.0.169 "GET /v2.0/ports?device_id=18cac0a8-2474-4ac2-aab6-f77ab173cebc HTTP/1.1" status: 200 len: 1170 time: 0.0617349
2026-05-12 06:53:04.108 9 INFO neutron.wsgi [req-28298dcd-9445-4215-a001-223d54499d98 req-a21bc075-caae-4e50-857d-28de9e3b39ae 30164aa1ac0d458195ef529a82fe903d 1c9d341739b346fb9397045d27ec30e1 - - a7e71ca817e243b38e6fff875d8e0087 a7e71ca817e243b38e6fff875d8e0087] 199.204.45.235 "GET /v2.0/networks/29a114ab-f552-4848-b38e-97bc8cc9f245?fields=provider%3Aphysical_network&fields=provider%3Anetwork_type HTTP/1.1" status: 200 len: 277 time: 0.1175995
2026-05-12 06:53:04.139 9 INFO neutron.wsgi [req-ebc27f37-543e-413d-a206-9b76e20486ba req-6f103da5-1176-4eef-8c8b-f33722355dfc c785666f3446458c8c636b9ce18e504d c075a29f85e844029e49b60477be61cc - - default default] 10.0.0.169 "GET /v2.0/security-groups?id=eb78501c-15c5-467c-8ba0-44213006c401&fields=id&fields=name HTTP/1.1" status: 200 len: 313 time: 0.0668459
2026-05-12 06:53:04.297 10 WARNING neutron_lib.context [None req-fa3dd587-2c61-48c5-b298-edee96a37231 f460d054de0344c0a0d7940196f878cf c7bd0a8c51f64dbea1d3a4aba82388af - - default default] Method 'is_advsvc' is deprecated since 2023.2 release (neutron-lib 3.8.0) and will be removed once support for the old RBAC API policies will be removed from Neutron. Please use method 'is_service_role' instead.
2026-05-12 06:53:04.349 9 INFO neutron.db.ovn_revision_numbers_db [None req-75e7a955-8b25-4a8d-8b56-85627a188632 - - - - - -] Successfully bumped revision number for resource 8dc23171-1799-4839-95c3-c2b3651a1f58 (type: ports) to 5
2026-05-12 06:53:04.362 9 INFO neutron.wsgi [req-8593804c-17dc-423a-90c0-2faad3981cf6 req-ef444ccd-dd4d-491a-ae10-e30e51c77f68 c785666f3446458c8c636b9ce18e504d c075a29f85e844029e49b60477be61cc - - default default] 199.204.45.235 "GET /v2.0/ports?device_id=18cac0a8-2474-4ac2-aab6-f77ab173cebc HTTP/1.1" status: 200 len: 1168 time: 0.0481396
2026-05-12 06:53:04.493 10 INFO neutron.db.ovn_revision_numbers_db [None req-fa3dd587-2c61-48c5-b298-edee96a37231 f460d054de0344c0a0d7940196f878cf c7bd0a8c51f64dbea1d3a4aba82388af - - default default] Successfully bumped revision number for resource 44a49b83-d367-42a8-808d-80e9d0e09c0b (type: security_groups) to 1
2026-05-12 06:53:04.510 10 INFO neutron.db.ovn_revision_numbers_db [None req-fa3dd587-2c61-48c5-b298-edee96a37231 f460d054de0344c0a0d7940196f878cf c7bd0a8c51f64dbea1d3a4aba82388af - - default default] Successfully bumped revision number for resource 4b5d00fc-454c-45ce-8d44-f37fb8987504 (type: security_group_rules) to 0
2026-05-12 06:53:04.544 10 INFO neutron.db.ovn_revision_numbers_db [None req-fa3dd587-2c61-48c5-b298-edee96a37231 f460d054de0344c0a0d7940196f878cf c7bd0a8c51f64dbea1d3a4aba82388af - - default default] Successfully bumped revision number for resource 88377b98-1ee2-4631-9622-e44bdf72fced (type: security_group_rules) to 0
2026-05-12 06:53:04.572 10 INFO neutron.db.ovn_revision_numbers_db [None req-fa3dd587-2c61-48c5-b298-edee96a37231 f460d054de0344c0a0d7940196f878cf c7bd0a8c51f64dbea1d3a4aba82388af - - default default] Successfully bumped revision number for resource e1dfefba-dfbf-47df-aea0-df0a447a4db7 (type: security_group_rules) to 0
2026-05-12 06:53:04.589 10 INFO neutron.db.ovn_revision_numbers_db [None req-fa3dd587-2c61-48c5-b298-edee96a37231 f460d054de0344c0a0d7940196f878cf c7bd0a8c51f64dbea1d3a4aba82388af - - default default] Successfully bumped revision number for resource ec2451cb-76c5-4bdd-a1c6-375d4edf12c2 (type: security_group_rules) to 0
2026-05-12 06:53:04.656 10 INFO neutron.db.segments_db [None req-fa3dd587-2c61-48c5-b298-edee96a37231 f460d054de0344c0a0d7940196f878cf c7bd0a8c51f64dbea1d3a4aba82388af - - default default] Added segment 09ecfc4e-0d30-48cc-8423-4492fd43628d of type geneve for network d4918a45-f121-45b6-ba04-bd0d3b7ec8a6
2026-05-12 06:53:04.747 9 INFO neutron.db.l3_db [req-8593804c-17dc-423a-90c0-2faad3981cf6 req-6cf6c7a3-c46b-4079-8cb5-c65b819bc632 c785666f3446458c8c636b9ce18e504d c075a29f85e844029e49b60477be61cc - - default default] Floating IP cf410f8f-383e-4f4b-9014-eab51d30fb81 disassociated. External IP: 10.96.250.218, port: 8dc23171-1799-4839-95c3-c2b3651a1f58.
2026-05-12 06:53:04.827 9 INFO neutron.notifiers.nova [-] Nova event matching ['req-502c4acf-0751-49f4-a5fb-a9e813f2bfe8'] response: {'server_uuid': '18cac0a8-2474-4ac2-aab6-f77ab173cebc', 'name': 'network-vif-unplugged', 'status': 'completed', 'tag': '8dc23171-1799-4839-95c3-c2b3651a1f58', 'code': 200}
2026-05-12 06:53:04.827 9 INFO neutron.notifiers.nova [-] Nova event matching ['req-502c4acf-0751-49f4-a5fb-a9e813f2bfe8'] response: {'server_uuid': '18cac0a8-2474-4ac2-aab6-f77ab173cebc', 'name': 'network-vif-unplugged', 'status': 'completed', 'tag': '8dc23171-1799-4839-95c3-c2b3651a1f58', 'code': 200}
2026-05-12 06:53:04.878 9 INFO neutron.wsgi [req-8593804c-17dc-423a-90c0-2faad3981cf6 req-6cf6c7a3-c46b-4079-8cb5-c65b819bc632 c785666f3446458c8c636b9ce18e504d c075a29f85e844029e49b60477be61cc - - default default] 199.204.45.235 "DELETE /v2.0/ports/8dc23171-1799-4839-95c3-c2b3651a1f58 HTTP/1.1" status: 204 len: 173 time: 0.5117576
2026-05-12 06:53:04.885 10 INFO neutron.db.ovn_revision_numbers_db [None req-fa3dd587-2c61-48c5-b298-edee96a37231 f460d054de0344c0a0d7940196f878cf c7bd0a8c51f64dbea1d3a4aba82388af - - default default] Successfully bumped revision number for resource d4918a45-f121-45b6-ba04-bd0d3b7ec8a6 (type: networks) to 1 /var/lib/openstack/lib/python3.10/site-packages/pycadf/identifier.py:71: UserWarning: Invalid uuid: neutron. To ensure interoperability, identifiers should be a valid uuid. warnings.warn(('Invalid uuid: %s. To ensure interoperability, '
2026-05-12 06:53:05.260 9 INFO neutron.wsgi [req-95ca463d-a034-49fa-b8c7-b7d92f1c3603 req-e2a6520b-1463-4130-9fb6-a88885fea678 c785666f3446458c8c636b9ce18e504d c075a29f85e844029e49b60477be61cc - - default default] 10.0.0.169 "GET /v2.0/ports?device_id=18cac0a8-2474-4ac2-aab6-f77ab173cebc HTTP/1.1" status: 200 len: 210 time: 0.0234463
2026-05-12 06:53:05.559 10 WARNING neutron.scheduler.dhcp_agent_scheduler [None req-fa3dd587-2c61-48c5-b298-edee96a37231 f460d054de0344c0a0d7940196f878cf c7bd0a8c51f64dbea1d3a4aba82388af - - default default] No more DHCP agents
2026-05-12 06:53:05.564 10 WARNING neutron.api.rpc.agentnotifiers.dhcp_rpc_agent_api [None req-fa3dd587-2c61-48c5-b298-edee96a37231 f460d054de0344c0a0d7940196f878cf c7bd0a8c51f64dbea1d3a4aba82388af - - default default] Unable to schedule network d4918a45-f121-45b6-ba04-bd0d3b7ec8a6: no agents available; will retry on subsequent port and subnet creation events.
2026-05-12 06:53:05.686 10 INFO neutron.db.ovn_revision_numbers_db [None req-fa3dd587-2c61-48c5-b298-edee96a37231 f460d054de0344c0a0d7940196f878cf c7bd0a8c51f64dbea1d3a4aba82388af - - default default] Successfully bumped revision number for resource e2d2bf2a-3657-48b6-a7b0-94ee08ab8a03 (type: ports) to 1
2026-05-12 06:53:05.720 10 INFO neutron.wsgi [None req-fa3dd587-2c61-48c5-b298-edee96a37231 f460d054de0344c0a0d7940196f878cf c7bd0a8c51f64dbea1d3a4aba82388af - - default default] 10.0.0.253 "POST /v2.0/networks HTTP/1.1" status: 201 len: 844 time: 1.6344755
2026-05-12 06:53:05.733 9 WARNING neutron_lib.context [None req-8da1732d-ce6c-468b-a4d1-b694300e9f72 f460d054de0344c0a0d7940196f878cf c7bd0a8c51f64dbea1d3a4aba82388af - - default default] Method 'is_advsvc' is deprecated since 2023.2 release (neutron-lib 3.8.0) and will be removed once support for the old RBAC API policies will be removed from Neutron. Please use method 'is_service_role' instead.
2026-05-12 06:53:06.019 9 WARNING neutron.scheduler.dhcp_agent_scheduler [None req-8da1732d-ce6c-468b-a4d1-b694300e9f72 f460d054de0344c0a0d7940196f878cf c7bd0a8c51f64dbea1d3a4aba82388af - - default default] No more DHCP agents
2026-05-12 06:53:06.022 9 WARNING neutron.api.rpc.agentnotifiers.dhcp_rpc_agent_api [None req-8da1732d-ce6c-468b-a4d1-b694300e9f72 f460d054de0344c0a0d7940196f878cf c7bd0a8c51f64dbea1d3a4aba82388af - - default default] Unable to schedule network d4918a45-f121-45b6-ba04-bd0d3b7ec8a6: no agents available; will retry on subsequent port and subnet creation events.
2026-05-12 06:53:06.120 9 INFO neutron.db.ovn_revision_numbers_db [None req-8da1732d-ce6c-468b-a4d1-b694300e9f72 f460d054de0344c0a0d7940196f878cf c7bd0a8c51f64dbea1d3a4aba82388af - - default default] Successfully bumped revision number for resource 28e2f2b3-36ed-4146-bb55-6562579137d7 (type: ports) to 1
2026-05-12 06:53:06.130 10 INFO neutron.wsgi [None req-e85c1a61-10de-46e6-8a3e-997dc44ae045 b21ba0208f24448fa7d1a3f68b4b6200 a41f40722aaa4c3bbf8603632511e87c - - default default] 10.0.0.253 "PUT /v2.0/routers/1e42c2a4-afcb-45ad-9a9e-bc544bb64982/remove_router_interface HTTP/1.1" status: 200 len: 503 time: 2.1207271 /var/lib/openstack/lib/python3.10/site-packages/pycadf/identifier.py:71: UserWarning: Invalid uuid: neutron. To ensure interoperability, identifiers should be a valid uuid. warnings.warn(('Invalid uuid: %s. To ensure interoperability, '
2026-05-12 06:53:06.164 9 INFO neutron.wsgi [None req-8da1732d-ce6c-468b-a4d1-b694300e9f72 f460d054de0344c0a0d7940196f878cf c7bd0a8c51f64dbea1d3a4aba82388af - - default default] 10.0.0.253 "POST /v2.0/ports HTTP/1.1" status: 201 len: 974 time: 0.4382105
2026-05-12 06:53:06.175 9 WARNING neutron_lib.context [None req-c9e5d1d0-55bf-4ca0-b0c4-7ebce2bfd0d1 f460d054de0344c0a0d7940196f878cf c7bd0a8c51f64dbea1d3a4aba82388af - - default default] Method 'is_advsvc' is deprecated since 2023.2 release (neutron-lib 3.8.0) and will be removed once support for the old RBAC API policies will be removed from Neutron. Please use method 'is_service_role' instead.
2026-05-12 06:53:06.295 9 INFO neutron.db.segments_db [None req-c9e5d1d0-55bf-4ca0-b0c4-7ebce2bfd0d1 f460d054de0344c0a0d7940196f878cf c7bd0a8c51f64dbea1d3a4aba82388af - - default default] Added segment ea3d0a12-a8ab-42f6-9759-54c69c81eb02 of type geneve for network 4b58356a-353b-42a5-a1c9-3396f0240923 /var/lib/openstack/lib/python3.10/site-packages/pycadf/identifier.py:71: UserWarning: Invalid uuid: neutron. To ensure interoperability, identifiers should be a valid uuid. warnings.warn(('Invalid uuid: %s. To ensure interoperability, '
2026-05-12 06:53:06.552 10 INFO neutron.wsgi [None req-d3212a98-75a8-45f2-8ca9-71cffc87810e c785666f3446458c8c636b9ce18e504d c075a29f85e844029e49b60477be61cc - - default default] 10.0.0.253 "DELETE /v2.0/security-groups/eb78501c-15c5-467c-8ba0-44213006c401 HTTP/1.1" status: 204 len: 168 time: 0.1905267
2026-05-12 06:53:06.577 10 INFO neutron.api.v2.resource [None req-337aa244-2951-48ae-9b53-64695f570121 c785666f3446458c8c636b9ce18e504d c075a29f85e844029e49b60477be61cc - - default default] show failed (client error): The resource could not be found.
2026-05-12 06:53:06.578 10 INFO neutron.wsgi [None req-337aa244-2951-48ae-9b53-64695f570121 c785666f3446458c8c636b9ce18e504d c075a29f85e844029e49b60477be61cc - - default default] 10.0.0.253 "GET /v2.0/security-groups/eb78501c-15c5-467c-8ba0-44213006c401 HTTP/1.1" status: 404 len: 347 time: 0.0149002
2026-05-12 06:53:06.742 9 INFO neutron.db.ovn_revision_numbers_db [None req-c9e5d1d0-55bf-4ca0-b0c4-7ebce2bfd0d1 f460d054de0344c0a0d7940196f878cf c7bd0a8c51f64dbea1d3a4aba82388af - - default default] Successfully bumped revision number for resource 4b58356a-353b-42a5-a1c9-3396f0240923 (type: networks) to 1
2026-05-12 06:53:06.874 9 INFO neutron.notifiers.nova [-] Nova event matching ['req-7281a3ed-9469-48c0-bcad-186eaee49027'] response: {'server_uuid': '18cac0a8-2474-4ac2-aab6-f77ab173cebc', 'name': 'network-vif-deleted', 'tag': '8dc23171-1799-4839-95c3-c2b3651a1f58', 'status': 'completed', 'code': 200}
2026-05-12 06:53:06.963 9 WARNING neutron.scheduler.dhcp_agent_scheduler [None req-c9e5d1d0-55bf-4ca0-b0c4-7ebce2bfd0d1 f460d054de0344c0a0d7940196f878cf c7bd0a8c51f64dbea1d3a4aba82388af - - default default] No more DHCP agents
2026-05-12 06:53:06.967 9 WARNING neutron.api.rpc.agentnotifiers.dhcp_rpc_agent_api [None req-c9e5d1d0-55bf-4ca0-b0c4-7ebce2bfd0d1 f460d054de0344c0a0d7940196f878cf c7bd0a8c51f64dbea1d3a4aba82388af - - default default] Unable to schedule network 4b58356a-353b-42a5-a1c9-3396f0240923: no agents available; will retry on subsequent port and subnet creation events.
2026-05-12 06:53:06.986 10 INFO neutron.wsgi [None req-e30e5a75-f752-449c-8446-ca2401ec8cef c785666f3446458c8c636b9ce18e504d c075a29f85e844029e49b60477be61cc - - default default] 10.0.0.253 "DELETE /v2.0/floatingips/cf410f8f-383e-4f4b-9014-eab51d30fb81 HTTP/1.1" status: 204 len: 168 time: 0.4031167
2026-05-12 06:53:07.075 9 INFO neutron.db.ovn_revision_numbers_db [None req-c9e5d1d0-55bf-4ca0-b0c4-7ebce2bfd0d1 f460d054de0344c0a0d7940196f878cf c7bd0a8c51f64dbea1d3a4aba82388af - - default default] Successfully bumped revision number for resource eabf743c-74ad-47a8-a163-4156c9e73188 (type: ports) to 1
2026-05-12 06:53:07.121 9 INFO neutron.wsgi [None req-c9e5d1d0-55bf-4ca0-b0c4-7ebce2bfd0d1 f460d054de0344c0a0d7940196f878cf c7bd0a8c51f64dbea1d3a4aba82388af - - default default] 10.0.0.253 "POST /v2.0/networks HTTP/1.1" status: 201 len: 830 time: 0.9509182
2026-05-12 06:53:07.138 9 WARNING neutron_lib.context [None req-10baf899-fe56-454b-91bd-4ed5e35d806d f460d054de0344c0a0d7940196f878cf c7bd0a8c51f64dbea1d3a4aba82388af - - default default] Method 'is_advsvc' is deprecated since 2023.2 release (neutron-lib 3.8.0) and will be removed once support for the old RBAC API policies will be removed from Neutron. Please use method 'is_service_role' instead.
2026-05-12 06:53:07.440 9 INFO neutron.wsgi [None req-ea0ed1cb-84b5-46ac-9c7a-aa7f92ffb820 b21ba0208f24448fa7d1a3f68b4b6200 a41f40722aaa4c3bbf8603632511e87c - - default default] 10.0.0.253 "DELETE /v2.0/routers/1e42c2a4-afcb-45ad-9a9e-bc544bb64982 HTTP/1.1" status: 204 len: 168 time: 1.3017907
2026-05-12 06:53:07.468 9 WARNING neutron.scheduler.dhcp_agent_scheduler [None req-10baf899-fe56-454b-91bd-4ed5e35d806d f460d054de0344c0a0d7940196f878cf c7bd0a8c51f64dbea1d3a4aba82388af - - default default] No more DHCP agents
2026-05-12 06:53:07.471 9 WARNING neutron.api.rpc.agentnotifiers.dhcp_rpc_agent_api [None req-10baf899-fe56-454b-91bd-4ed5e35d806d f460d054de0344c0a0d7940196f878cf c7bd0a8c51f64dbea1d3a4aba82388af - - default default] Unable to schedule network 4b58356a-353b-42a5-a1c9-3396f0240923: no agents available; will retry on subsequent port and subnet creation events.
2026-05-12 06:53:07.766 10 INFO neutron.wsgi [None req-19fce511-1f9d-4f67-8ebc-83435ff97231 b21ba0208f24448fa7d1a3f68b4b6200 a41f40722aaa4c3bbf8603632511e87c - - default default] 10.0.0.253 "DELETE /v2.0/subnets/a2c80db0-69a4-492f-a25d-708e340bcd86 HTTP/1.1" status: 204 len: 168 time: 0.3192117
2026-05-12 06:53:08.020 9 INFO neutron.db.ovn_revision_numbers_db [None req-10baf899-fe56-454b-91bd-4ed5e35d806d f460d054de0344c0a0d7940196f878cf c7bd0a8c51f64dbea1d3a4aba82388af - - default default] Successfully bumped revision number for resource eabf743c-74ad-47a8-a163-4156c9e73188 (type: ports) to 2
2026-05-12 06:53:08.063 9 INFO neutron.db.ovn_revision_numbers_db [None req-10baf899-fe56-454b-91bd-4ed5e35d806d f460d054de0344c0a0d7940196f878cf c7bd0a8c51f64dbea1d3a4aba82388af - - default default] Successfully bumped revision number for resource 1e21ee00-2543-42f2-912b-aaad7bdb7f48 (type: subnets) to 0
2026-05-12 06:53:08.088 9 INFO neutron.wsgi [None req-10baf899-fe56-454b-91bd-4ed5e35d806d f460d054de0344c0a0d7940196f878cf c7bd0a8c51f64dbea1d3a4aba82388af - - default default] 10.0.0.253 "POST /v2.0/subnets HTTP/1.1" status: 201 len: 801 time: 0.9616094
2026-05-12 06:53:08.103 10 WARNING neutron_lib.context [None req-3fcf02cc-b796-4de4-a81f-6c722547d042 f460d054de0344c0a0d7940196f878cf c7bd0a8c51f64dbea1d3a4aba82388af - - default default] Method 'is_advsvc' is deprecated since 2023.2 release (neutron-lib 3.8.0) and will be removed once support for the old RBAC API policies will be removed from Neutron. Please use method 'is_service_role' instead.
2026-05-12 06:53:08.205 9 INFO neutron.services.segments.plugin [-] Segment 13773f5d-8838-4cb7-9f8f-cab7bdfe5d2a resource provider aggregate not found
2026-05-12 06:53:08.211 9 INFO neutron.services.segments.plugin [-] Segment 13773f5d-8838-4cb7-9f8f-cab7bdfe5d2a resource provider aggregate not found
2026-05-12 06:53:08.227 9 INFO neutron.services.segments.plugin [-] Segment 13773f5d-8838-4cb7-9f8f-cab7bdfe5d2a resource provider not found; error: Placement Client Error (4xx): {"errors": [{"status": 404, "title": "Not Found", "detail": "The resource could not be found.\n\n No resource provider with uuid 13773f5d-8838-4cb7-9f8f-cab7bdfe5d2a found for delete ", "request_id": "req-41810e01-da2c-4ad9-bde9-087e2c22d5a9"}]}
2026-05-12 06:53:08.231 9 INFO neutron.services.segments.plugin [-] Segment 13773f5d-8838-4cb7-9f8f-cab7bdfe5d2a resource provider not found; error: Placement Client Error (4xx): {"errors": [{"status": 404, "title": "Not Found", "detail": "The resource could not be found.\n\n No resource provider with uuid 13773f5d-8838-4cb7-9f8f-cab7bdfe5d2a found for delete ", "request_id": "req-10091608-f970-49c3-b124-97cd24157d73"}]}
2026-05-12 06:53:08.245 9 INFO neutron.wsgi [None req-5e971811-3238-45b3-a0f1-801a57d7172a b21ba0208f24448fa7d1a3f68b4b6200 a41f40722aaa4c3bbf8603632511e87c - - default default] 10.0.0.253 "DELETE /v2.0/networks/bd794318-8205-495b-8ca3-0bd71e33f64f HTTP/1.1" status: 204 len: 168 time: 0.4700086 /var/lib/openstack/lib/python3.10/site-packages/pycadf/identifier.py:71: UserWarning: Invalid uuid: neutron. To ensure interoperability, identifiers should be a valid uuid. warnings.warn(('Invalid uuid: %s. To ensure interoperability, '
2026-05-12 06:53:08.393 10 INFO neutron.wsgi [None req-a470adb2-087e-4508-be61-a590fe069422 b21ba0208f24448fa7d1a3f68b4b6200 a41f40722aaa4c3bbf8603632511e87c - - default default] 10.0.0.253 "PUT /v2.0/routers/eaa51a22-32eb-45c9-8d41-6a12213f08aa/remove_router_interface HTTP/1.1" status: 200 len: 503 time: 1.4018326
2026-05-12 06:53:08.433 10 INFO neutron.wsgi [None req-326e272e-0d98-4e1f-b1a0-94089f9c5dc7 b21ba0208f24448fa7d1a3f68b4b6200 a41f40722aaa4c3bbf8603632511e87c - - default default] 10.0.0.253 "GET /v2.0/security-groups?tenant_id=d82dfd5be93540ff86770926285ba28a&name=default HTTP/1.1" status: 200 len: 3120 time: 0.0626342
2026-05-12 06:53:08.528 10 WARNING neutron.scheduler.dhcp_agent_scheduler [None req-3fcf02cc-b796-4de4-a81f-6c722547d042 f460d054de0344c0a0d7940196f878cf c7bd0a8c51f64dbea1d3a4aba82388af - - default default] No more DHCP agents
2026-05-12 06:53:08.529 10 WARNING neutron.api.rpc.agentnotifiers.dhcp_rpc_agent_api [None req-3fcf02cc-b796-4de4-a81f-6c722547d042 f460d054de0344c0a0d7940196f878cf c7bd0a8c51f64dbea1d3a4aba82388af - - default default] Unable to schedule network 4b58356a-353b-42a5-a1c9-3396f0240923: no agents available; will retry on subsequent port and subnet creation events.
2026-05-12 06:53:08.780 9 INFO neutron.wsgi [None req-7dc302f5-bcda-48c5-85de-e1a023e4f5e7 b21ba0208f24448fa7d1a3f68b4b6200 a41f40722aaa4c3bbf8603632511e87c - - default default] 10.0.0.253 "DELETE /v2.0/security-groups/3f39a77e-d398-41c5-9ef4-fa318229468f HTTP/1.1" status: 204 len: 168 time: 0.3400347
2026-05-12 06:53:08.989 10 INFO neutron.db.ovn_revision_numbers_db [None req-3fcf02cc-b796-4de4-a81f-6c722547d042 f460d054de0344c0a0d7940196f878cf c7bd0a8c51f64dbea1d3a4aba82388af - - default default] Successfully bumped revision number for resource adca65f3-8fac-4f08-a27c-158f7c49b4b1 (type: ports) to 1
2026-05-12 06:53:09.017 10 INFO neutron.wsgi [None req-3fcf02cc-b796-4de4-a81f-6c722547d042 f460d054de0344c0a0d7940196f878cf c7bd0a8c51f64dbea1d3a4aba82388af - - default default] 10.0.0.253 "POST /v2.0/ports HTTP/1.1" status: 201 len: 1151 time: 0.9214332 /var/lib/openstack/lib/python3.10/site-packages/pycadf/identifier.py:71: UserWarning: Invalid uuid: neutron. To ensure interoperability, identifiers should be a valid uuid. warnings.warn(('Invalid uuid: %s. To ensure interoperability, '
2026-05-12 06:53:09.306 9 INFO neutron.wsgi [None req-a757d7f6-ccfe-4721-8e9f-afb01cfe1298 b21ba0208f24448fa7d1a3f68b4b6200 a41f40722aaa4c3bbf8603632511e87c - - default default] 10.0.0.253 "DELETE /v2.0/routers/eaa51a22-32eb-45c9-8d41-6a12213f08aa HTTP/1.1" status: 204 len: 168 time: 0.9056902
2026-05-12 06:53:09.503 10 INFO neutron.wsgi [None req-572db8cb-dca7-4895-9f0b-7cca90a6ccc3 f460d054de0344c0a0d7940196f878cf c7bd0a8c51f64dbea1d3a4aba82388af - - default default] 10.0.0.253 "DELETE /v2.0/ports/adca65f3-8fac-4f08-a27c-158f7c49b4b1 HTTP/1.1" status: 204 len: 168 time: 0.4795489
2026-05-12 06:53:09.536 9 INFO neutron.pecan_wsgi.hooks.translation [None req-38edd6dd-7224-4008-b30d-2c60be0cc7e8 f460d054de0344c0a0d7940196f878cf c7bd0a8c51f64dbea1d3a4aba82388af - - default default] DELETE failed (client error): The resource could not be found.
2026-05-12 06:53:09.542 9 INFO neutron.wsgi [None req-38edd6dd-7224-4008-b30d-2c60be0cc7e8 f460d054de0344c0a0d7940196f878cf c7bd0a8c51f64dbea1d3a4aba82388af - - default default] 10.0.0.253 "DELETE /v2.0/ports/adca65f3-8fac-4f08-a27c-158f7c49b4b1 HTTP/1.1" status: 404 len: 333 time: 0.0307684
2026-05-12 06:53:09.591 10 INFO neutron.wsgi [None req-122b1dea-1326-41ef-b12b-28724feba3e1 b21ba0208f24448fa7d1a3f68b4b6200 a41f40722aaa4c3bbf8603632511e87c - - default default] 10.0.0.253 "DELETE /v2.0/subnets/f85b5397-2cd7-4e3e-a972-abb06bd217dc HTTP/1.1" status: 204 len: 168 time: 0.2797995
2026-05-12 06:53:09.592 10 INFO neutron.pecan_wsgi.hooks.translation [None req-2f4a38af-6c50-4c2c-bc12-529a55da3c8e f460d054de0344c0a0d7940196f878cf c7bd0a8c51f64dbea1d3a4aba82388af - - default default] GET failed (client error): The resource could not be found.
2026-05-12 06:53:09.593 10 INFO neutron.wsgi [None req-2f4a38af-6c50-4c2c-bc12-529a55da3c8e f460d054de0344c0a0d7940196f878cf c7bd0a8c51f64dbea1d3a4aba82388af - - default default] 10.0.0.253 "GET /v2.0/ports/adca65f3-8fac-4f08-a27c-158f7c49b4b1 HTTP/1.1" status: 404 len: 333 time: 0.0328422
2026-05-12 06:53:09.956 10 INFO neutron.services.segments.plugin [-] Segment 857e6878-cea7-4ac0-8742-4bf079835f68 resource provider aggregate not found
2026-05-12 06:53:09.961 10 INFO neutron.services.segments.plugin [-] Segment 857e6878-cea7-4ac0-8742-4bf079835f68 resource provider aggregate not found
2026-05-12 06:53:09.978 10 INFO neutron.services.segments.plugin [-] Segment 857e6878-cea7-4ac0-8742-4bf079835f68 resource provider not found; error: Placement Client Error (4xx): {"errors": [{"status": 404, "title": "Not Found", "detail": "The resource could not be found.\n\n No resource provider with uuid 857e6878-cea7-4ac0-8742-4bf079835f68 found for delete ", "request_id": "req-e0b1c049-f506-44d5-b65e-5df1ccab73a1"}]}
2026-05-12 06:53:09.980 10 INFO neutron.services.segments.plugin [-] Segment 857e6878-cea7-4ac0-8742-4bf079835f68 resource provider not found; error: Placement Client Error (4xx): {"errors": [{"status": 404, "title": "Not Found", "detail": "The resource could not be found.\n\n No resource provider with uuid 857e6878-cea7-4ac0-8742-4bf079835f68 found for delete ", "request_id": "req-4f39511b-5ae5-4123-a66e-2041513f5eda"}]}
2026-05-12 06:53:09.986 10 INFO neutron.wsgi [None req-ba4db9e5-3705-4c1d-8f0b-91917795a378 b21ba0208f24448fa7d1a3f68b4b6200 a41f40722aaa4c3bbf8603632511e87c - - default default] 10.0.0.253 "DELETE /v2.0/networks/29a114ab-f552-4848-b38e-97bc8cc9f245 HTTP/1.1" status: 204 len: 168 time: 0.3905332
2026-05-12 06:53:10.132 10 INFO neutron.wsgi [None req-45314ae9-85ae-4823-a471-d2a419572f34 b21ba0208f24448fa7d1a3f68b4b6200 a41f40722aaa4c3bbf8603632511e87c - - default default] 10.0.0.253 "GET /v2.0/security-groups?tenant_id=c075a29f85e844029e49b60477be61cc&name=default HTTP/1.1" status: 200 len: 3120 time: 0.0397940
2026-05-12 06:53:10.174 9 INFO neutron.wsgi [None req-5db73929-772f-4de0-be8d-26dac554414d f460d054de0344c0a0d7940196f878cf c7bd0a8c51f64dbea1d3a4aba82388af - - default default] 10.0.0.253 "DELETE /v2.0/subnets/1e21ee00-2543-42f2-912b-aaad7bdb7f48 HTTP/1.1" status: 204 len: 168 time: 0.5760717
2026-05-12 06:53:10.355 10 INFO neutron.wsgi [None req-e621df8f-e32a-413f-baae-6ab34c52b2b3 b21ba0208f24448fa7d1a3f68b4b6200 a41f40722aaa4c3bbf8603632511e87c - - default default] 10.0.0.253 "DELETE /v2.0/security-groups/43306712-35e4-458d-a904-2e6dd02be511 HTTP/1.1" status: 204 len: 168 time: 0.2174277
2026-05-12 06:53:10.558 9 INFO neutron.services.segments.plugin [-] Segment ea3d0a12-a8ab-42f6-9759-54c69c81eb02 resource provider aggregate not found
2026-05-12 06:53:10.561 9 INFO neutron.services.segments.plugin [-] Segment ea3d0a12-a8ab-42f6-9759-54c69c81eb02 resource provider aggregate not found
2026-05-12 06:53:10.574 9 INFO neutron.services.segments.plugin [-] Segment ea3d0a12-a8ab-42f6-9759-54c69c81eb02 resource provider not found; error: Placement Client Error (4xx): {"errors": [{"status": 404, "title": "Not Found", "detail": "The resource could not be found.\n\n No resource provider with uuid ea3d0a12-a8ab-42f6-9759-54c69c81eb02 found for delete ", "request_id": "req-3de722f8-1149-418d-bdad-7b283f7a8481"}]}
2026-05-12 06:53:10.578 9 INFO neutron.services.segments.plugin [-] Segment ea3d0a12-a8ab-42f6-9759-54c69c81eb02 resource provider not found; error: Placement Client Error (4xx): {"errors": [{"status": 404, "title": "Not Found", "detail": "The resource could not be found.\n\n No resource provider with uuid ea3d0a12-a8ab-42f6-9759-54c69c81eb02 found for delete ", "request_id": "req-68a44f6d-3b59-4740-9aeb-9fffcd99b8be"}]}
2026-05-12 06:53:10.602 9 INFO neutron.wsgi [None req-df36a1b9-37a2-42d4-884a-34d42c84e4ab f460d054de0344c0a0d7940196f878cf c7bd0a8c51f64dbea1d3a4aba82388af - - default default] 10.0.0.253 "DELETE /v2.0/networks/4b58356a-353b-42a5-a1c9-3396f0240923 HTTP/1.1" status: 204 len: 168 time: 0.4222722
2026-05-12 06:53:10.613 10 WARNING neutron_lib.context [None req-158dc630-8243-4f54-a280-3b1a10f6fdf5 f460d054de0344c0a0d7940196f878cf c7bd0a8c51f64dbea1d3a4aba82388af - - default default] Method 'is_advsvc' is deprecated since 2023.2 release (neutron-lib 3.8.0) and will be removed once support for the old RBAC API policies will be removed from Neutron. Please use method 'is_service_role' instead.
2026-05-12 06:53:10.695 10 INFO neutron.db.segments_db [None req-158dc630-8243-4f54-a280-3b1a10f6fdf5 f460d054de0344c0a0d7940196f878cf c7bd0a8c51f64dbea1d3a4aba82388af - - default default] Added segment 7bcd7e85-161b-403f-abf8-41eb185a4d4f of type geneve for network 01d70ec9-b71f-402c-b927-60fff0854efc
2026-05-12 06:53:10.861 10 INFO neutron.db.ovn_revision_numbers_db [None req-158dc630-8243-4f54-a280-3b1a10f6fdf5 f460d054de0344c0a0d7940196f878cf c7bd0a8c51f64dbea1d3a4aba82388af - - default default] Successfully bumped revision number for resource 01d70ec9-b71f-402c-b927-60fff0854efc (type: networks) to 1
2026-05-12 06:53:11.063 10 WARNING neutron.scheduler.dhcp_agent_scheduler [None req-158dc630-8243-4f54-a280-3b1a10f6fdf5 f460d054de0344c0a0d7940196f878cf c7bd0a8c51f64dbea1d3a4aba82388af - - default default] No more DHCP agents
2026-05-12 06:53:11.065 10 WARNING neutron.api.rpc.agentnotifiers.dhcp_rpc_agent_api [None req-158dc630-8243-4f54-a280-3b1a10f6fdf5 f460d054de0344c0a0d7940196f878cf c7bd0a8c51f64dbea1d3a4aba82388af - - default default] Unable to schedule network 01d70ec9-b71f-402c-b927-60fff0854efc: no agents available; will retry on subsequent port and subnet creation events.
2026-05-12 06:53:11.163 10 INFO neutron.db.ovn_revision_numbers_db [None req-158dc630-8243-4f54-a280-3b1a10f6fdf5 f460d054de0344c0a0d7940196f878cf c7bd0a8c51f64dbea1d3a4aba82388af - - default default] Successfully bumped revision number for resource 072de11f-2b1b-4eae-a319-9655b036e2eb (type: ports) to 1
2026-05-12 06:53:11.190 10 INFO neutron.wsgi [None req-158dc630-8243-4f54-a280-3b1a10f6fdf5 f460d054de0344c0a0d7940196f878cf c7bd0a8c51f64dbea1d3a4aba82388af - - default default] 10.0.0.253 "POST /v2.0/networks HTTP/1.1" status: 201 len: 831 time: 0.5819881
2026-05-12 06:53:11.199 10 WARNING neutron_lib.context [None req-d9bd4daa-3fb3-42e5-9a7a-df106b5947da f460d054de0344c0a0d7940196f878cf c7bd0a8c51f64dbea1d3a4aba82388af - - default default] Method 'is_advsvc' is deprecated since 2023.2 release (neutron-lib 3.8.0) and will be removed once support for the old RBAC API policies will be removed from Neutron. Please use method 'is_service_role' instead.
2026-05-12 06:53:11.440 10 WARNING neutron.scheduler.dhcp_agent_scheduler [None req-d9bd4daa-3fb3-42e5-9a7a-df106b5947da f460d054de0344c0a0d7940196f878cf c7bd0a8c51f64dbea1d3a4aba82388af - - default default] No more DHCP agents
2026-05-12 06:53:11.465 10 WARNING neutron.api.rpc.agentnotifiers.dhcp_rpc_agent_api [None req-d9bd4daa-3fb3-42e5-9a7a-df106b5947da f460d054de0344c0a0d7940196f878cf c7bd0a8c51f64dbea1d3a4aba82388af - - default default] Unable to schedule network 01d70ec9-b71f-402c-b927-60fff0854efc: no agents available; will retry on subsequent port and subnet creation events.
2026-05-12 06:53:12.017 10 INFO neutron.db.ovn_revision_numbers_db [None req-d9bd4daa-3fb3-42e5-9a7a-df106b5947da f460d054de0344c0a0d7940196f878cf c7bd0a8c51f64dbea1d3a4aba82388af - - default default] Successfully bumped revision number for resource 072de11f-2b1b-4eae-a319-9655b036e2eb (type: ports) to 2
2026-05-12 06:53:12.048 10 INFO neutron.db.ovn_revision_numbers_db [None req-d9bd4daa-3fb3-42e5-9a7a-df106b5947da f460d054de0344c0a0d7940196f878cf c7bd0a8c51f64dbea1d3a4aba82388af - - default default] Successfully bumped revision number for resource 168c66fa-6064-4913-8979-3179bd57edf1 (type: subnets) to 0
2026-05-12 06:53:12.066 10 INFO neutron.wsgi [None req-d9bd4daa-3fb3-42e5-9a7a-df106b5947da f460d054de0344c0a0d7940196f878cf c7bd0a8c51f64dbea1d3a4aba82388af - - default default] 10.0.0.253 "POST /v2.0/subnets HTTP/1.1" status: 201 len: 801 time: 0.8716621
2026-05-12 06:53:12.076 10 WARNING neutron_lib.context [None req-1f30651d-a4b3-4fca-b2d3-d0e693b5da76 f460d054de0344c0a0d7940196f878cf c7bd0a8c51f64dbea1d3a4aba82388af - - default default] Method 'is_advsvc' is deprecated since 2023.2 release (neutron-lib 3.8.0) and will be removed once support for the old RBAC API policies will be removed from Neutron. Please use method 'is_service_role' instead.
2026-05-12 06:53:12.405 10 WARNING neutron.scheduler.dhcp_agent_scheduler [None req-1f30651d-a4b3-4fca-b2d3-d0e693b5da76 f460d054de0344c0a0d7940196f878cf c7bd0a8c51f64dbea1d3a4aba82388af - - default default] No more DHCP agents
2026-05-12 06:53:12.407 10 WARNING neutron.api.rpc.agentnotifiers.dhcp_rpc_agent_api [None req-1f30651d-a4b3-4fca-b2d3-d0e693b5da76 f460d054de0344c0a0d7940196f878cf c7bd0a8c51f64dbea1d3a4aba82388af - - default default] Unable to schedule network 01d70ec9-b71f-402c-b927-60fff0854efc: no agents available; will retry on subsequent port and subnet creation events.
2026-05-12 06:53:12.592 10 INFO neutron.db.ovn_revision_numbers_db [None req-1f30651d-a4b3-4fca-b2d3-d0e693b5da76 f460d054de0344c0a0d7940196f878cf c7bd0a8c51f64dbea1d3a4aba82388af - - default default] Successfully bumped revision number for resource 19653aae-7274-49a3-b2a4-23f48499f177 (type: ports) to 1
2026-05-12 06:53:12.618 10 INFO neutron.wsgi [None req-1f30651d-a4b3-4fca-b2d3-d0e693b5da76 f460d054de0344c0a0d7940196f878cf c7bd0a8c51f64dbea1d3a4aba82388af - - default default] 10.0.0.253 "POST /v2.0/ports HTTP/1.1" status: 201 len: 1115 time: 0.5468175
2026-05-12 06:53:12.958 10 INFO neutron.wsgi [None req-0c9f9484-7668-49fc-973d-44ac50b0e2e6 f460d054de0344c0a0d7940196f878cf c7bd0a8c51f64dbea1d3a4aba82388af - - default default] 10.0.0.253 "DELETE /v2.0/ports/19653aae-7274-49a3-b2a4-23f48499f177 HTTP/1.1" status: 204 len: 168 time: 0.3339877
2026-05-12 06:53:12.981 10 INFO neutron.pecan_wsgi.hooks.translation [None req-8663ebd0-48af-4b36-ab21-bd135fc5d2ce f460d054de0344c0a0d7940196f878cf c7bd0a8c51f64dbea1d3a4aba82388af - - default default] GET failed (client error): The resource could not be found.
2026-05-12 06:53:12.983 10 INFO neutron.wsgi [None req-8663ebd0-48af-4b36-ab21-bd135fc5d2ce f460d054de0344c0a0d7940196f878cf c7bd0a8c51f64dbea1d3a4aba82388af - - default default] 10.0.0.253 "GET /v2.0/ports/19653aae-7274-49a3-b2a4-23f48499f177 HTTP/1.1" status: 404 len: 333 time: 0.0200405
2026-05-12 06:53:13.206 10 INFO neutron.wsgi [None req-f6f520e7-c793-47b5-bc8f-599c049eea5e f460d054de0344c0a0d7940196f878cf c7bd0a8c51f64dbea1d3a4aba82388af - - default default] 10.0.0.253 "DELETE /v2.0/subnets/168c66fa-6064-4913-8979-3179bd57edf1 HTTP/1.1" status: 204 len: 168 time: 0.2162867
2026-05-12 06:53:13.608 10 INFO neutron.services.segments.plugin [-] Segment 7bcd7e85-161b-403f-abf8-41eb185a4d4f resource provider aggregate not found
2026-05-12 06:53:13.614 10 INFO neutron.services.segments.plugin [-] Segment 7bcd7e85-161b-403f-abf8-41eb185a4d4f resource provider aggregate not found
2026-05-12 06:53:13.628 10 INFO neutron.services.segments.plugin [-] Segment 7bcd7e85-161b-403f-abf8-41eb185a4d4f resource provider not found; error: Placement Client Error (4xx): {"errors": [{"status": 404, "title": "Not Found", "detail": "The resource could not be found.\n\n No resource provider with uuid 7bcd7e85-161b-403f-abf8-41eb185a4d4f found for delete ", "request_id": "req-ad63f963-a7b2-4606-a453-755a51da4909"}]}
2026-05-12 06:53:13.636 10 INFO neutron.services.segments.plugin [-] Segment 7bcd7e85-161b-403f-abf8-41eb185a4d4f resource provider not found; error: Placement Client Error (4xx): {"errors": [{"status": 404, "title": "Not Found", "detail": "The resource could not be found.\n\n No resource provider with uuid 7bcd7e85-161b-403f-abf8-41eb185a4d4f found for delete ", "request_id": "req-11c05482-1306-4699-a40f-97b2e9250b50"}]}
2026-05-12 06:53:13.658 10 INFO neutron.wsgi [None req-de94503d-53a5-4304-b6e3-56d14609e034 f460d054de0344c0a0d7940196f878cf c7bd0a8c51f64dbea1d3a4aba82388af - - default default] 10.0.0.253 "DELETE /v2.0/networks/01d70ec9-b71f-402c-b927-60fff0854efc HTTP/1.1" status: 204 len: 168 time: 0.4476545
2026-05-12 06:53:13.670 10 WARNING neutron_lib.context [None req-0b261560-0cc5-4419-831b-601a9afee435 f460d054de0344c0a0d7940196f878cf c7bd0a8c51f64dbea1d3a4aba82388af - - default default] Method 'is_advsvc' is deprecated since 2023.2 release (neutron-lib 3.8.0) and will be removed once support for the old RBAC API policies will be removed from Neutron. Please use method 'is_service_role' instead.
2026-05-12 06:53:13.925 10 WARNING neutron.scheduler.dhcp_agent_scheduler [None req-0b261560-0cc5-4419-831b-601a9afee435 f460d054de0344c0a0d7940196f878cf c7bd0a8c51f64dbea1d3a4aba82388af - - default default] No more DHCP agents
2026-05-12 06:53:13.926 10 WARNING neutron.api.rpc.agentnotifiers.dhcp_rpc_agent_api [None req-0b261560-0cc5-4419-831b-601a9afee435 f460d054de0344c0a0d7940196f878cf c7bd0a8c51f64dbea1d3a4aba82388af - - default default] Unable to schedule network d4918a45-f121-45b6-ba04-bd0d3b7ec8a6: no agents available; will retry on subsequent port and subnet creation events.
2026-05-12 06:53:14.008 10 INFO neutron.db.ovn_revision_numbers_db [None req-0b261560-0cc5-4419-831b-601a9afee435 f460d054de0344c0a0d7940196f878cf c7bd0a8c51f64dbea1d3a4aba82388af - - default default] Successfully bumped revision number for resource 534dd203-a3f7-4ef3-beea-0d206a1caefb (type: ports) to 1
2026-05-12 06:53:14.033 10 INFO neutron.wsgi [None req-0b261560-0cc5-4419-831b-601a9afee435 f460d054de0344c0a0d7940196f878cf c7bd0a8c51f64dbea1d3a4aba82388af - - default default] 10.0.0.253 "POST /v2.0/ports HTTP/1.1" status: 201 len: 973 time: 0.3670757
2026-05-12 06:53:14.279 10 INFO neutron.plugins.ml2.drivers.ovn.mech_driver.mech_driver [None req-13540f74-58b1-48e3-9916-68cb788c84d1 - - - - - -] OVN reports status down for port: 534dd203-a3f7-4ef3-beea-0d206a1caefb
2026-05-12 06:53:14.302 9 INFO neutron.db.ovn_revision_numbers_db [None req-f87b72f5-59e7-4a89-b690-7b379c3bac7b f460d054de0344c0a0d7940196f878cf c7bd0a8c51f64dbea1d3a4aba82388af - - default default] Successfully bumped revision number for resource 534dd203-a3f7-4ef3-beea-0d206a1caefb (type: ports) to 2
2026-05-12 06:53:14.314 9 INFO neutron.wsgi [None req-f87b72f5-59e7-4a89-b690-7b379c3bac7b f460d054de0344c0a0d7940196f878cf c7bd0a8c51f64dbea1d3a4aba82388af - - default default] 10.0.0.253 "PUT /v2.0/ports/534dd203-a3f7-4ef3-beea-0d206a1caefb HTTP/1.1" status: 200 len: 946 time: 0.2746882 /var/lib/openstack/lib/python3.10/site-packages/pycadf/identifier.py:71: UserWarning: Invalid uuid: neutron. To ensure interoperability, identifiers should be a valid uuid. warnings.warn(('Invalid uuid: %s. To ensure interoperability, '
2026-05-12 06:53:14.657 9 INFO neutron.wsgi [None req-6907ad46-d120-44ca-9339-c9f6a7c07d39 f460d054de0344c0a0d7940196f878cf c7bd0a8c51f64dbea1d3a4aba82388af - - default default] 10.0.0.253 "DELETE /v2.0/ports/534dd203-a3f7-4ef3-beea-0d206a1caefb HTTP/1.1" status: 204 len: 168 time: 0.3364573 /var/lib/openstack/lib/python3.10/site-packages/pycadf/identifier.py:71: UserWarning: Invalid uuid: neutron. To ensure interoperability, identifiers should be a valid uuid. warnings.warn(('Invalid uuid: %s. To ensure interoperability, '
2026-05-12 06:53:14.706 9 INFO neutron.wsgi [None req-58b3db3e-7e2f-43f0-9338-a56c9a6c9d5a f460d054de0344c0a0d7940196f878cf c7bd0a8c51f64dbea1d3a4aba82388af - - default default] 10.0.0.253 "GET /v2.0/ports HTTP/1.1" status: 200 len: 1729 time: 0.0449045
2026-05-12 06:53:14.726 9 INFO neutron.pecan_wsgi.hooks.translation [None req-68cc23ca-8b0b-4b0d-8e7f-bc8e3ceec0a4 f460d054de0344c0a0d7940196f878cf c7bd0a8c51f64dbea1d3a4aba82388af - - default default] GET failed (client error): The resource could not be found.
2026-05-12 06:53:14.727 9 INFO neutron.wsgi [None req-68cc23ca-8b0b-4b0d-8e7f-bc8e3ceec0a4 f460d054de0344c0a0d7940196f878cf c7bd0a8c51f64dbea1d3a4aba82388af - - default default] 10.0.0.253 "GET /v2.0/ports/534dd203-a3f7-4ef3-beea-0d206a1caefb HTTP/1.1" status: 404 len: 333 time: 0.0159686
2026-05-12 06:53:14.780 9 INFO neutron.wsgi [None req-0fbb54d1-4e71-402e-a3bd-182be615db30 f460d054de0344c0a0d7940196f878cf c7bd0a8c51f64dbea1d3a4aba82388af - - default default] 10.0.0.253 "GET /v2.0/ports HTTP/1.1" status: 200 len: 1729 time: 0.0466413
2026-05-12 06:53:14.827 10 INFO neutron.db.ovn_revision_numbers_db [None req-46bbc528-ae35-4a1c-be3d-b0876064353f b21ba0208f24448fa7d1a3f68b4b6200 a41f40722aaa4c3bbf8603632511e87c - - default default] Successfully bumped revision number for resource f93e4192-ab94-4d0b-91d3-39bd160bea35 (type: security_groups) to 1
