2026-05-12 06:53:14.828 9 INFO neutron.wsgi [None req-4f878e70-f7e2-4deb-83b3-3392747abc1d f460d054de0344c0a0d7940196f878cf c7bd0a8c51f64dbea1d3a4aba82388af - - default default] 10.0.0.253 "GET /v2.0/ports/28e2f2b3-36ed-4146-bb55-6562579137d7 HTTP/1.1" status: 200 len: 969 time: 0.0401492
2026-05-12 06:53:14.839 10 INFO neutron.db.ovn_revision_numbers_db [None req-46bbc528-ae35-4a1c-be3d-b0876064353f b21ba0208f24448fa7d1a3f68b4b6200 a41f40722aaa4c3bbf8603632511e87c - - default default] Successfully bumped revision number for resource 5008fce2-c48f-41fb-b9a4-e461fb566dfc (type: security_group_rules) to 0
2026-05-12 06:53:14.852 9 INFO neutron.pecan_wsgi.hooks.translation [None req-be567d61-8a4a-4ae0-947e-6b16cb5acfa1 f460d054de0344c0a0d7940196f878cf c7bd0a8c51f64dbea1d3a4aba82388af - - default default] DELETE failed (client error): The resource could not be found.
2026-05-12 06:53:14.854 9 INFO neutron.wsgi [None req-be567d61-8a4a-4ae0-947e-6b16cb5acfa1 f460d054de0344c0a0d7940196f878cf c7bd0a8c51f64dbea1d3a4aba82388af - - default default] 10.0.0.253 "DELETE /v2.0/ports/19653aae-7274-49a3-b2a4-23f48499f177 HTTP/1.1" status: 404 len: 333 time: 0.0190923
2026-05-12 06:53:14.858 10 INFO neutron.db.ovn_revision_numbers_db [None req-46bbc528-ae35-4a1c-be3d-b0876064353f b21ba0208f24448fa7d1a3f68b4b6200 a41f40722aaa4c3bbf8603632511e87c - - default default] Successfully bumped revision number for resource 8a1d3c36-1950-44ff-8b13-7ea38da01590 (type: security_group_rules) to 0
2026-05-12 06:53:14.874 10 INFO neutron.db.ovn_revision_numbers_db [None req-46bbc528-ae35-4a1c-be3d-b0876064353f b21ba0208f24448fa7d1a3f68b4b6200 a41f40722aaa4c3bbf8603632511e87c - - default default] Successfully bumped revision number for resource 9a510d1b-6c62-4425-86e6-17e26fe957e5 (type: security_group_rules) to 0
2026-05-12 06:53:14.876 9 INFO neutron.pecan_wsgi.hooks.translation [None req-91bad094-a69a-4466-a2e3-56a86ee200a3 f460d054de0344c0a0d7940196f878cf c7bd0a8c51f64dbea1d3a4aba82388af - - default default] DELETE failed (client error): The resource could not be found.
2026-05-12 06:53:14.879 9 INFO neutron.wsgi [None req-91bad094-a69a-4466-a2e3-56a86ee200a3 f460d054de0344c0a0d7940196f878cf c7bd0a8c51f64dbea1d3a4aba82388af - - default default] 10.0.0.253 "DELETE /v2.0/subnets/168c66fa-6064-4913-8979-3179bd57edf1 HTTP/1.1" status: 404 len: 337 time: 0.0194075
2026-05-12 06:53:14.887 10 INFO neutron.db.ovn_revision_numbers_db [None req-46bbc528-ae35-4a1c-be3d-b0876064353f b21ba0208f24448fa7d1a3f68b4b6200 a41f40722aaa4c3bbf8603632511e87c - - default default] Successfully bumped revision number for resource f7e18305-c269-4fdf-8bf4-12d6112adba9 (type: security_group_rules) to 0
2026-05-12 06:53:14.900 9 INFO neutron.pecan_wsgi.hooks.translation [None req-e04066ef-6efe-4ace-9b1a-a4554c423e6c f460d054de0344c0a0d7940196f878cf c7bd0a8c51f64dbea1d3a4aba82388af - - default default] DELETE failed (client error): The resource could not be found.
2026-05-12 06:53:14.903 9 INFO neutron.wsgi [None req-e04066ef-6efe-4ace-9b1a-a4554c423e6c f460d054de0344c0a0d7940196f878cf c7bd0a8c51f64dbea1d3a4aba82388af - - default default] 10.0.0.253 "DELETE /v2.0/subnets/1e21ee00-2543-42f2-912b-aaad7bdb7f48 HTTP/1.1" status: 404 len: 337 time: 0.0204234
2026-05-12 06:53:14.908 10 INFO neutron.wsgi [None req-46bbc528-ae35-4a1c-be3d-b0876064353f b21ba0208f24448fa7d1a3f68b4b6200 a41f40722aaa4c3bbf8603632511e87c - - default default] 10.0.0.253 "GET /v2.0/security-groups?tenant_id=d342650877a24a8da1f8494d3fec37f5&name=default HTTP/1.1" status: 200 len: 3120 time: 0.4841857
2026-05-12 06:53:15.011 9 INFO neutron.wsgi [req-47c98f73-ad38-4308-9206-194d60ebc57b req-6cc948a7-5ef5-4aaa-874e-83920b36af63 30164aa1ac0d458195ef529a82fe903d 1c9d341739b346fb9397045d27ec30e1 - - a7e71ca817e243b38e6fff875d8e0087 a7e71ca817e243b38e6fff875d8e0087] 10.0.0.163 "GET /v2.0/ports?device_id=ff0d0fe9-b2ef-452d-82e2-9fe677a69cbb HTTP/1.1" status: 200 len: 1409 time: 0.0504098
2026-05-12 06:53:15.079 9 INFO neutron.wsgi [req-47c98f73-ad38-4308-9206-194d60ebc57b req-f147eb6b-d4f0-471a-9836-e5de3f7024ab 30164aa1ac0d458195ef529a82fe903d 1c9d341739b346fb9397045d27ec30e1 - - a7e71ca817e243b38e6fff875d8e0087 a7e71ca817e243b38e6fff875d8e0087] 10.0.0.163 "GET /v2.0/security-groups?id=5a915108-5c65-4bbf-a624-b7953dd8b733&fields=id&fields=name HTTP/1.1" status: 200 len: 313 time: 0.0615945
2026-05-12 06:53:15.110 9 INFO neutron.wsgi [-] 10.0.0.190 "GET / HTTP/1.1" status: 200 len: 247 time: 0.0018284
2026-05-12 06:53:15.112 9 INFO neutron.wsgi [-] 10.0.0.190 "GET / HTTP/1.1" status: 200 len: 247 time: 0.0012002
2026-05-12 06:53:15.136 10 INFO neutron.wsgi [None req-febc76b5-cd8e-44f3-a93d-1dd301541c6b b21ba0208f24448fa7d1a3f68b4b6200 a41f40722aaa4c3bbf8603632511e87c - - default default] 10.0.0.253 "DELETE /v2.0/security-groups/f93e4192-ab94-4d0b-91d3-39bd160bea35 HTTP/1.1" status: 204 len: 168 time: 0.2221305
2026-05-12 06:53:15.197 9 INFO neutron.wsgi [None req-000b71ed-25be-4459-a467-7e3c488051e4 f460d054de0344c0a0d7940196f878cf c7bd0a8c51f64dbea1d3a4aba82388af - - default default] 10.0.0.253 "DELETE /v2.0/ports/28e2f2b3-36ed-4146-bb55-6562579137d7 HTTP/1.1" status: 204 len: 168 time: 0.2900062
2026-05-12 06:53:15.444 9 INFO neutron.db.ovn_revision_numbers_db [None req-d314277a-666b-4697-b205-e98f316d18af b21ba0208f24448fa7d1a3f68b4b6200 a41f40722aaa4c3bbf8603632511e87c - - default default] Successfully bumped revision number for resource ddf9320f-0cd7-4f93-85e9-6ccfccdeca93 (type: security_groups) to 1
2026-05-12 06:53:15.462 9 INFO neutron.db.ovn_revision_numbers_db [None req-d314277a-666b-4697-b205-e98f316d18af b21ba0208f24448fa7d1a3f68b4b6200 a41f40722aaa4c3bbf8603632511e87c - - default default] Successfully bumped revision number for resource 4b573d49-4201-49fb-b491-97d08c36f494 (type: security_group_rules) to 0
2026-05-12 06:53:15.476 9 INFO neutron.db.ovn_revision_numbers_db [None req-d314277a-666b-4697-b205-e98f316d18af b21ba0208f24448fa7d1a3f68b4b6200 a41f40722aaa4c3bbf8603632511e87c - - default default] Successfully bumped revision number for resource 61b9ffd2-57be-47af-a840-3e205cdd1724 (type: security_group_rules) to 0
2026-05-12 06:53:15.492 9 INFO neutron.db.ovn_revision_numbers_db [None req-d314277a-666b-4697-b205-e98f316d18af b21ba0208f24448fa7d1a3f68b4b6200 a41f40722aaa4c3bbf8603632511e87c - - default default] Successfully bumped revision number for resource 8efdf0da-40e9-417c-9eec-f4b8b8fa605c (type: security_group_rules) to 0
2026-05-12 06:53:15.509 9 INFO neutron.db.ovn_revision_numbers_db [None req-d314277a-666b-4697-b205-e98f316d18af b21ba0208f24448fa7d1a3f68b4b6200 a41f40722aaa4c3bbf8603632511e87c - - default default] Successfully bumped revision number for resource ed018862-7b94-4c12-8fb0-a78cb10a3a5b (type: security_group_rules) to 0
2026-05-12 06:53:15.532 9 INFO neutron.wsgi [None req-d314277a-666b-4697-b205-e98f316d18af b21ba0208f24448fa7d1a3f68b4b6200 a41f40722aaa4c3bbf8603632511e87c - - default default] 10.0.0.253 "GET /v2.0/security-groups?tenant_id=370fc3083f354109b40c0c63a2e2cea3&name=default HTTP/1.1" status: 200 len: 3120 time: 0.2191451
2026-05-12 06:53:15.661 9 INFO neutron.db.ovn_revision_numbers_db [None req-0db06fad-812b-479b-9358-2cced4e21254 b21ba0208f24448fa7d1a3f68b4b6200 a41f40722aaa4c3bbf8603632511e87c - - default default] Successfully bumped revision number for resource 85028134-f43f-4a15-806f-92c0fdaf01e0 (type: security_groups) to 1
2026-05-12 06:53:15.670 10 INFO neutron.services.segments.plugin [-] Segment 09ecfc4e-0d30-48cc-8423-4492fd43628d resource provider aggregate not found
2026-05-12 06:53:15.679 10 INFO neutron.services.segments.plugin [-] Segment 09ecfc4e-0d30-48cc-8423-4492fd43628d resource provider aggregate not found
2026-05-12 06:53:15.680 9 INFO neutron.db.ovn_revision_numbers_db [None req-0db06fad-812b-479b-9358-2cced4e21254 b21ba0208f24448fa7d1a3f68b4b6200 a41f40722aaa4c3bbf8603632511e87c - - default default] Successfully bumped revision number for resource 30e55a54-f632-4d56-a6a6-493bf03a5d07 (type: security_group_rules) to 0
2026-05-12 06:53:15.698 9 INFO neutron.db.ovn_revision_numbers_db [None req-0db06fad-812b-479b-9358-2cced4e21254 b21ba0208f24448fa7d1a3f68b4b6200 a41f40722aaa4c3bbf8603632511e87c - - default default] Successfully bumped revision number for resource b6b612cb-fd0a-4616-8530-82d410078883 (type: security_group_rules) to 0
2026-05-12 06:53:15.701 10 INFO neutron.wsgi [None req-dd3332fd-06c6-4066-bf4c-46675a8db3bd f460d054de0344c0a0d7940196f878cf c7bd0a8c51f64dbea1d3a4aba82388af - - default default] 10.0.0.253 "DELETE /v2.0/networks/d4918a45-f121-45b6-ba04-bd0d3b7ec8a6 HTTP/1.1" status: 204 len: 168 time: 0.4942372
2026-05-12 06:53:15.705 10 INFO neutron.services.segments.plugin [-] Segment 09ecfc4e-0d30-48cc-8423-4492fd43628d resource provider not found; error: Placement Client Error (4xx): {"errors": [{"status": 404, "title": "Not Found", "detail": "The resource could not be found.\n\n No resource provider with uuid 09ecfc4e-0d30-48cc-8423-4492fd43628d found for delete ", "request_id": "req-11fdc6bc-4b03-4c37-8eca-ed2224942bf6"}]}
2026-05-12 06:53:15.714 10 INFO neutron.services.segments.plugin [-] Segment 09ecfc4e-0d30-48cc-8423-4492fd43628d resource provider not found; error: Placement Client Error (4xx): {"errors": [{"status": 404, "title": "Not Found", "detail": "The resource could not be found.\n\n No resource provider with uuid 09ecfc4e-0d30-48cc-8423-4492fd43628d found for delete ", "request_id": "req-cd4e9c7d-8190-40b7-b69d-18aff0a5e04b"}]}
2026-05-12 06:53:15.717 9 INFO neutron.db.ovn_revision_numbers_db [None req-0db06fad-812b-479b-9358-2cced4e21254 b21ba0208f24448fa7d1a3f68b4b6200 a41f40722aaa4c3bbf8603632511e87c - - default default] Successfully bumped revision number for resource c5e90b05-4fbf-4578-a6e7-0b7c0c1f1131 (type: security_group_rules) to 0
2026-05-12 06:53:15.729 9 INFO neutron.db.ovn_revision_numbers_db [None req-0db06fad-812b-479b-9358-2cced4e21254 b21ba0208f24448fa7d1a3f68b4b6200 a41f40722aaa4c3bbf8603632511e87c - - default default] Successfully bumped revision number for resource dc0b1d62-15ab-4c25-a869-bf69b9a949cf (type: security_group_rules) to 0
2026-05-12 06:53:15.758 9 INFO neutron.wsgi [None req-0db06fad-812b-479b-9358-2cced4e21254 b21ba0208f24448fa7d1a3f68b4b6200 a41f40722aaa4c3bbf8603632511e87c - - default default] 10.0.0.253 "GET /v2.0/security-groups?tenant_id=81e66a59d9764ae88fdd5e67ea707c9e&name=default HTTP/1.1" status: 200 len: 3120 time: 0.4782526
2026-05-12 06:53:15.867 10 INFO neutron.wsgi [None req-deab74da-dc14-4cdd-996a-bc3fb547f12f b21ba0208f24448fa7d1a3f68b4b6200 a41f40722aaa4c3bbf8603632511e87c - - default default] 10.0.0.253 "DELETE /v2.0/security-groups/ddf9320f-0cd7-4f93-85e9-6ccfccdeca93 HTTP/1.1" status: 204 len: 168 time: 0.3295298
2026-05-12 06:53:15.969 9 INFO neutron.wsgi [None req-6040d3c4-4009-44aa-bf27-2cb68a312708 b21ba0208f24448fa7d1a3f68b4b6200 a41f40722aaa4c3bbf8603632511e87c - - default default] 10.0.0.253 "DELETE /v2.0/security-groups/85028134-f43f-4a15-806f-92c0fdaf01e0 HTTP/1.1" status: 204 len: 168 time: 0.2049503
2026-05-12 06:53:16.252 9 INFO neutron.db.ovn_revision_numbers_db [None req-e1b75020-8d07-41fb-bda4-a769761ebe86 b21ba0208f24448fa7d1a3f68b4b6200 a41f40722aaa4c3bbf8603632511e87c - - default default] Successfully bumped revision number for resource ab08ee32-3341-4a72-933b-d38217aa08bf (type: security_groups) to 1
2026-05-12 06:53:16.265 9 INFO neutron.db.ovn_revision_numbers_db [None req-e1b75020-8d07-41fb-bda4-a769761ebe86 b21ba0208f24448fa7d1a3f68b4b6200 a41f40722aaa4c3bbf8603632511e87c - - default default] Successfully bumped revision number for resource 100e0c0d-46ee-4bd7-8552-27ec7f5f4389 (type: security_group_rules) to 0
2026-05-12 06:53:16.278 9 INFO neutron.db.ovn_revision_numbers_db [None req-e1b75020-8d07-41fb-bda4-a769761ebe86 b21ba0208f24448fa7d1a3f68b4b6200 a41f40722aaa4c3bbf8603632511e87c - - default default] Successfully bumped revision number for resource 3b24e474-f02f-4c1c-b587-a5d40cd4816f (type: security_group_rules) to 0
2026-05-12 06:53:16.295 9 INFO neutron.db.ovn_revision_numbers_db [None req-e1b75020-8d07-41fb-bda4-a769761ebe86 b21ba0208f24448fa7d1a3f68b4b6200 a41f40722aaa4c3bbf8603632511e87c - - default default] Successfully bumped revision number for resource 5300aff2-d089-484b-b534-0b521254b06e (type: security_group_rules) to 0
2026-05-12 06:53:16.308 9 INFO neutron.db.ovn_revision_numbers_db [None req-e1b75020-8d07-41fb-bda4-a769761ebe86 b21ba0208f24448fa7d1a3f68b4b6200 a41f40722aaa4c3bbf8603632511e87c - - default default] Successfully bumped revision number for resource 63ad5626-f7ea-4a30-8b9d-77a55858f63d (type: security_group_rules) to 0
2026-05-12 06:53:16.329 9 INFO neutron.wsgi [None req-e1b75020-8d07-41fb-bda4-a769761ebe86 b21ba0208f24448fa7d1a3f68b4b6200 a41f40722aaa4c3bbf8603632511e87c - - default default] 10.0.0.253 "GET /v2.0/security-groups?tenant_id=1943d03c30bf470f9dbdc1b08bfc402d&name=default HTTP/1.1" status: 200 len: 3120 time: 0.2103183
2026-05-12 06:53:16.420 10 INFO neutron.wsgi [None req-09a9de40-4146-4535-b6eb-d56c92753755 b21ba0208f24448fa7d1a3f68b4b6200 a41f40722aaa4c3bbf8603632511e87c - - default default] 10.0.0.253 "GET /v2.0/security-groups?tenant_id=c7bd0a8c51f64dbea1d3a4aba82388af&name=default HTTP/1.1" status: 200 len: 3120 time: 0.2273629
2026-05-12 06:53:16.599 10 INFO neutron.wsgi [None req-24056804-b603-4644-8c27-39559d627ebb b21ba0208f24448fa7d1a3f68b4b6200 a41f40722aaa4c3bbf8603632511e87c - - default default] 10.0.0.253 "DELETE /v2.0/security-groups/ab08ee32-3341-4a72-933b-d38217aa08bf HTTP/1.1" status: 204 len: 168 time: 0.2633622
2026-05-12 06:53:16.690 9 INFO neutron.wsgi [None req-ad80c4e4-b544-4211-9999-b25f2defeef4 b21ba0208f24448fa7d1a3f68b4b6200 a41f40722aaa4c3bbf8603632511e87c - - default default] 10.0.0.253 "DELETE /v2.0/security-groups/44a49b83-d367-42a8-808d-80e9d0e09c0b HTTP/1.1" status: 204 len: 168 time: 0.2639034
2026-05-12 06:53:18.103 9 INFO neutron.wsgi [req-dd69c7a7-4a3b-4288-bace-a4398c6e575f req-287c8065-42e7-4998-ba6e-1122b9263b4d 4af778c84e4d4b7ba768cb66216990d1 2f1fb4c732d7452c8a00709c380369c3 - - default default] 10.0.0.169 "GET /v2.0/ports?device_id=ff0d0fe9-b2ef-452d-82e2-9fe677a69cbb HTTP/1.1" status: 200 len: 1170 time: 0.1047020
2026-05-12 06:53:18.161 9 INFO neutron.wsgi [req-dd69c7a7-4a3b-4288-bace-a4398c6e575f req-2640295e-a0cc-47aa-a994-996542851aa2 4af778c84e4d4b7ba768cb66216990d1 2f1fb4c732d7452c8a00709c380369c3 - - default default] 10.0.0.169 "GET /v2.0/security-groups?id=5a915108-5c65-4bbf-a624-b7953dd8b733&fields=id&fields=name HTTP/1.1" status: 200 len: 313 time: 0.0492494
2026-05-12 06:53:18.380 9 INFO neutron.wsgi [req-4f2a133b-4c89-45e2-b28b-e69e51f7fa71 req-7b90336e-88b1-42d8-a101-f6e6abbad315 4af778c84e4d4b7ba768cb66216990d1 2f1fb4c732d7452c8a00709c380369c3 - - default default] 10.0.0.169 "GET /v2.0/ports?device_id=ff0d0fe9-b2ef-452d-82e2-9fe677a69cbb HTTP/1.1" status: 200 len: 1170 time: 0.0594151
2026-05-12 06:53:18.390 9 INFO neutron.plugins.ml2.drivers.ovn.mech_driver.mech_driver [None req-75e7a955-8b25-4a8d-8b56-85627a188632 - - - - - -] OVN reports status down for port: 31a8cac9-431d-41a7-b44a-88e1d6190759
2026-05-12 06:53:18.448 9 INFO neutron.wsgi [req-4f2a133b-4c89-45e2-b28b-e69e51f7fa71 req-2fb22b36-93fe-421a-a5dc-faa58b14ea1b 4af778c84e4d4b7ba768cb66216990d1 2f1fb4c732d7452c8a00709c380369c3 - - default default] 10.0.0.169 "GET /v2.0/security-groups?id=5a915108-5c65-4bbf-a624-b7953dd8b733&fields=id&fields=name HTTP/1.1" status: 200 len: 313 time: 0.0592496
2026-05-12 06:53:18.557 9 INFO neutron.notifiers.nova [-] Nova event matching ['req-5c4e3b73-142b-40c3-8f24-19c331c253d5'] response: {'server_uuid': 'ff0d0fe9-b2ef-452d-82e2-9fe677a69cbb', 'name': 'network-vif-unplugged', 'status': 'completed', 'tag': '31a8cac9-431d-41a7-b44a-88e1d6190759', 'code': 200}
2026-05-12 06:53:18.654 10 WARNING neutron_lib.context [None req-d2cce464-f131-4406-90c9-f7f1ae3280ac 9109fe9f75d6439aafc56dd6ca31f292 91de93c83c694a4a9aa38705655a7f58 - - default default] Method 'is_advsvc' is deprecated since 2023.2 release (neutron-lib 3.8.0) and will be removed once support for the old RBAC API policies will be removed from Neutron. Please use method 'is_service_role' instead.
2026-05-12 06:53:18.688 9 INFO neutron.wsgi [req-27058a76-6a26-4cb0-aef3-c95d47fe8c43 req-92f75e40-2d0d-4973-b398-d58f46bcd04d 4af778c84e4d4b7ba768cb66216990d1 2f1fb4c732d7452c8a00709c380369c3 - - default default] 199.204.45.235 "GET /v2.0/ports?device_id=ff0d0fe9-b2ef-452d-82e2-9fe677a69cbb HTTP/1.1" status: 200 len: 1168 time: 0.0407987
2026-05-12 06:53:18.743 9 INFO neutron.db.ovn_revision_numbers_db [None req-75e7a955-8b25-4a8d-8b56-85627a188632 - - - - - -] Successfully bumped revision number for resource 31a8cac9-431d-41a7-b44a-88e1d6190759 (type: ports) to 7
2026-05-12 06:53:18.822 10 INFO neutron.db.ovn_revision_numbers_db [None req-d2cce464-f131-4406-90c9-f7f1ae3280ac 9109fe9f75d6439aafc56dd6ca31f292 91de93c83c694a4a9aa38705655a7f58 - - default default] Successfully bumped revision number for resource 894cb968-2760-442b-b6cd-37af1084c99c (type: security_groups) to 1
2026-05-12 06:53:18.840 10 INFO neutron.db.ovn_revision_numbers_db [None req-d2cce464-f131-4406-90c9-f7f1ae3280ac 9109fe9f75d6439aafc56dd6ca31f292 91de93c83c694a4a9aa38705655a7f58 - - default default] Successfully bumped revision number for resource 397319a0-debb-4e98-a5b1-b61c38487d5e (type: security_group_rules) to 0
2026-05-12 06:53:18.853 10 INFO neutron.db.ovn_revision_numbers_db [None req-d2cce464-f131-4406-90c9-f7f1ae3280ac 9109fe9f75d6439aafc56dd6ca31f292 91de93c83c694a4a9aa38705655a7f58 - - default default] Successfully bumped revision number for resource 6b8a7645-2e92-41b3-b21d-167cd4e69643 (type: security_group_rules) to 0
2026-05-12 06:53:18.869 10 INFO neutron.db.ovn_revision_numbers_db [None req-d2cce464-f131-4406-90c9-f7f1ae3280ac 9109fe9f75d6439aafc56dd6ca31f292 91de93c83c694a4a9aa38705655a7f58 - - default default] Successfully bumped revision number for resource 8899c481-0fcd-4003-9ecc-24ed20d9abc3 (type: security_group_rules) to 0
2026-05-12 06:53:18.882 10 INFO neutron.db.ovn_revision_numbers_db [None req-d2cce464-f131-4406-90c9-f7f1ae3280ac 9109fe9f75d6439aafc56dd6ca31f292 91de93c83c694a4a9aa38705655a7f58 - - default default] Successfully bumped revision number for resource d1c3f1fd-8bd6-488f-9af4-555d08d01f1b (type: security_group_rules) to 0
2026-05-12 06:53:18.975 10 INFO neutron.db.ovn_revision_numbers_db [None req-d2cce464-f131-4406-90c9-f7f1ae3280ac 9109fe9f75d6439aafc56dd6ca31f292 91de93c83c694a4a9aa38705655a7f58 - - default default] Successfully bumped revision number for resource fdf4532a-529e-4183-a89b-6d286f783cab (type: security_groups) to 1
2026-05-12 06:53:18.989 10 INFO neutron.db.ovn_revision_numbers_db [None req-d2cce464-f131-4406-90c9-f7f1ae3280ac 9109fe9f75d6439aafc56dd6ca31f292 91de93c83c694a4a9aa38705655a7f58 - - default default] Successfully bumped revision number for resource 86f39b5e-db94-4865-b512-36d0b4ea3223 (type: security_group_rules) to 0
2026-05-12 06:53:19.007 10 INFO neutron.db.ovn_revision_numbers_db [None req-d2cce464-f131-4406-90c9-f7f1ae3280ac 9109fe9f75d6439aafc56dd6ca31f292 91de93c83c694a4a9aa38705655a7f58 - - default default] Successfully bumped revision number for resource fca3f725-12c3-40b3-97ee-739061e98661 (type: security_group_rules) to 0
2026-05-12 06:53:19.056 9 INFO neutron.db.l3_db [req-27058a76-6a26-4cb0-aef3-c95d47fe8c43 req-934a076a-71fb-4600-9b03-e85cb4972dd2 4af778c84e4d4b7ba768cb66216990d1 2f1fb4c732d7452c8a00709c380369c3 - - default default] Floating IP a5d8245b-15e9-4795-9e42-d56d4ef13665 disassociated. External IP: 10.96.250.207, port: 31a8cac9-431d-41a7-b44a-88e1d6190759.
2026-05-12 06:53:19.068 10 INFO neutron.wsgi [None req-d2cce464-f131-4406-90c9-f7f1ae3280ac 9109fe9f75d6439aafc56dd6ca31f292 91de93c83c694a4a9aa38705655a7f58 - - default default] 10.0.0.253 "POST /v2.0/security-groups HTTP/1.1" status: 201 len: 1823 time: 0.5366397 /var/lib/openstack/lib/python3.10/site-packages/pycadf/identifier.py:71: UserWarning: Invalid uuid: neutron. To ensure interoperability, identifiers should be a valid uuid. warnings.warn(('Invalid uuid: %s. To ensure interoperability, '
2026-05-12 06:53:19.128 10 INFO neutron.wsgi [None req-20939b31-ef7e-4257-8e6c-bd7d950264c3 9109fe9f75d6439aafc56dd6ca31f292 91de93c83c694a4a9aa38705655a7f58 - - default default] 10.0.0.253 "GET /v2.0/security-groups HTTP/1.1" status: 200 len: 4723 time: 0.0554655
2026-05-12 06:53:19.215 9 INFO neutron.wsgi [req-27058a76-6a26-4cb0-aef3-c95d47fe8c43 req-934a076a-71fb-4600-9b03-e85cb4972dd2 4af778c84e4d4b7ba768cb66216990d1 2f1fb4c732d7452c8a00709c380369c3 - - default default] 199.204.45.235 "DELETE /v2.0/ports/31a8cac9-431d-41a7-b44a-88e1d6190759 HTTP/1.1" status: 204 len: 173 time: 0.5166714
2026-05-12 06:53:19.237 10 INFO neutron.db.ovn_revision_numbers_db [None req-e316916b-fc60-4cb0-a980-a54f48d7ebe3 9109fe9f75d6439aafc56dd6ca31f292 91de93c83c694a4a9aa38705655a7f58 - - default default] Successfully bumped revision number for resource fdf4532a-529e-4183-a89b-6d286f783cab (type: security_groups) to 2
2026-05-12 06:53:19.242 10 INFO neutron.wsgi [None req-e316916b-fc60-4cb0-a980-a54f48d7ebe3 9109fe9f75d6439aafc56dd6ca31f292 91de93c83c694a4a9aa38705655a7f58 - - default default] 10.0.0.253 "PUT /v2.0/security-groups/fdf4532a-529e-4183-a89b-6d286f783cab HTTP/1.1" status: 200 len: 1858 time: 0.1090317 /var/lib/openstack/lib/python3.10/site-packages/pycadf/identifier.py:71: UserWarning: Invalid uuid: neutron. To ensure interoperability, identifiers should be a valid uuid. warnings.warn(('Invalid uuid: %s. To ensure interoperability, '
2026-05-12 06:53:19.303 9 INFO neutron.wsgi [None req-8ea87bac-4c80-4b88-9b6f-a34f580a1732 9109fe9f75d6439aafc56dd6ca31f292 91de93c83c694a4a9aa38705655a7f58 - - default default] 10.0.0.253 "GET /v2.0/security-groups/fdf4532a-529e-4183-a89b-6d286f783cab HTTP/1.1" status: 200 len: 1858 time: 0.0492632
2026-05-12 06:53:19.445 9 INFO neutron.wsgi [None req-e93340e5-5c42-40f8-9690-088506b98e84 9109fe9f75d6439aafc56dd6ca31f292 91de93c83c694a4a9aa38705655a7f58 - - default default] 10.0.0.253 "DELETE /v2.0/security-groups/fdf4532a-529e-4183-a89b-6d286f783cab HTTP/1.1" status: 204 len: 168 time: 0.1259415
2026-05-12 06:53:19.507 9 INFO neutron.wsgi [None req-4cefc64b-e3d8-4969-98ec-b1b2a05b6c56 9109fe9f75d6439aafc56dd6ca31f292 91de93c83c694a4a9aa38705655a7f58 - - default default] 10.0.0.253 "GET /v2.0/security-groups HTTP/1.1" status: 200 len: 3120 time: 0.0565515
2026-05-12 06:53:19.536 9 INFO neutron.wsgi [req-cb22f2b6-c753-4ff1-ab2f-2199b7e6d6fa req-bb8be796-a99b-482a-8b9d-15379fce7df0 4af778c84e4d4b7ba768cb66216990d1 2f1fb4c732d7452c8a00709c380369c3 - - default default] 10.0.0.169 "GET /v2.0/ports?device_id=ff0d0fe9-b2ef-452d-82e2-9fe677a69cbb HTTP/1.1" status: 200 len: 210 time: 0.0258751
2026-05-12 06:53:19.537 9 INFO neutron.api.v2.resource [None req-c21d609e-a3c6-4d7d-ab13-a1dae5092928 9109fe9f75d6439aafc56dd6ca31f292 91de93c83c694a4a9aa38705655a7f58 - - default default] delete failed (client error): The resource could not be found.
2026-05-12 06:53:19.538 9 INFO neutron.wsgi [None req-c21d609e-a3c6-4d7d-ab13-a1dae5092928 9109fe9f75d6439aafc56dd6ca31f292 91de93c83c694a4a9aa38705655a7f58 - - default default] 10.0.0.253 "DELETE /v2.0/security-groups/fdf4532a-529e-4183-a89b-6d286f783cab HTTP/1.1" status: 404 len: 347 time: 0.0258398
2026-05-12 06:53:19.549 9 WARNING neutron_lib.context [None req-54f26e17-34e9-4c48-bc7d-9ea05525f157 9109fe9f75d6439aafc56dd6ca31f292 91de93c83c694a4a9aa38705655a7f58 - - default default] Method 'is_advsvc' is deprecated since 2023.2 release (neutron-lib 3.8.0) and will be removed once support for the old RBAC API policies will be removed from Neutron. Please use method 'is_service_role' instead.
2026-05-12 06:53:19.670 9 INFO neutron.db.ovn_revision_numbers_db [None req-54f26e17-34e9-4c48-bc7d-9ea05525f157 9109fe9f75d6439aafc56dd6ca31f292 91de93c83c694a4a9aa38705655a7f58 - - default default] Successfully bumped revision number for resource 3de10e8b-6dde-4a06-9d18-0e6d016a7dbc (type: security_groups) to 1
2026-05-12 06:53:19.685 9 INFO neutron.db.ovn_revision_numbers_db [None req-54f26e17-34e9-4c48-bc7d-9ea05525f157 9109fe9f75d6439aafc56dd6ca31f292 91de93c83c694a4a9aa38705655a7f58 - - default default] Successfully bumped revision number for resource 1dfdb235-a9cb-4fdf-af71-19e5173d15e5 (type: security_group_rules) to 0
2026-05-12 06:53:19.701 9 INFO neutron.db.ovn_revision_numbers_db [None req-54f26e17-34e9-4c48-bc7d-9ea05525f157 9109fe9f75d6439aafc56dd6ca31f292 91de93c83c694a4a9aa38705655a7f58 - - default default] Successfully bumped revision number for resource 67ab64da-b7ca-471b-b05c-7f9f052b87a0 (type: security_group_rules) to 0
2026-05-12 06:53:19.724 9 INFO neutron.wsgi [None req-54f26e17-34e9-4c48-bc7d-9ea05525f157 9109fe9f75d6439aafc56dd6ca31f292 91de93c83c694a4a9aa38705655a7f58 - - default default] 10.0.0.253 "POST /v2.0/security-groups HTTP/1.1" status: 201 len: 1824 time: 0.1799591
2026-05-12 06:53:19.735 9 WARNING neutron_lib.context [None req-1c1f3da3-c6d0-4bcc-be79-8106d3cfaa31 9109fe9f75d6439aafc56dd6ca31f292 91de93c83c694a4a9aa38705655a7f58 - - default default] Method 'is_advsvc' is deprecated since 2023.2 release (neutron-lib 3.8.0) and will be removed once support for the old RBAC API policies will be removed from Neutron. Please use method 'is_service_role' instead.
2026-05-12 06:53:19.864 9 INFO neutron.db.ovn_revision_numbers_db [None req-1c1f3da3-c6d0-4bcc-be79-8106d3cfaa31 9109fe9f75d6439aafc56dd6ca31f292 91de93c83c694a4a9aa38705655a7f58 - - default default] Successfully bumped revision number for resource eae73df8-8ce5-4a70-96f7-4276c4aa63c6 (type: security_group_rules) to 0
2026-05-12 06:53:19.891 9 INFO neutron.wsgi [None req-1c1f3da3-c6d0-4bcc-be79-8106d3cfaa31 9109fe9f75d6439aafc56dd6ca31f292 91de93c83c694a4a9aa38705655a7f58 - - default default] 10.0.0.253 "POST /v2.0/security-group-rules HTTP/1.1" status: 201 len: 800 time: 0.1609039
2026-05-12 06:53:19.912 9 INFO neutron.wsgi [None req-b5c06e23-42e0-4e13-938d-c07fa43c1eee 9109fe9f75d6439aafc56dd6ca31f292 91de93c83c694a4a9aa38705655a7f58 - - default default] 10.0.0.253 "GET /v2.0/security-group-rules/eae73df8-8ce5-4a70-96f7-4276c4aa63c6 HTTP/1.1" status: 200 len: 795 time: 0.0164156
2026-05-12 06:53:20.002 9 INFO neutron.wsgi [None req-6bb7e868-4626-42d5-b139-b56245d58dc6 9109fe9f75d6439aafc56dd6ca31f292 91de93c83c694a4a9aa38705655a7f58 - - default default] 10.0.0.253 "GET /v2.0/security-group-rules HTTP/1.1" status: 200 len: 4333 time: 0.0858989
2026-05-12 06:53:20.017 10 INFO neutron.db.ovn_revision_numbers_db [None req-8d154a42-0db9-4a22-9ee3-b98b8009ff16 b21ba0208f24448fa7d1a3f68b4b6200 a41f40722aaa4c3bbf8603632511e87c - - default default] Successfully bumped revision number for resource 6e123547-b780-438c-9df8-f8aa925f15b4 (type: security_groups) to 1
2026-05-12 06:53:20.031 10 INFO neutron.db.ovn_revision_numbers_db [None req-8d154a42-0db9-4a22-9ee3-b98b8009ff16 b21ba0208f24448fa7d1a3f68b4b6200 a41f40722aaa4c3bbf8603632511e87c - - default default] Successfully bumped revision number for resource 12d3cb93-0777-4307-bf78-3b60b0463682 (type: security_group_rules) to 0
2026-05-12 06:53:20.044 10 INFO neutron.db.ovn_revision_numbers_db [None req-8d154a42-0db9-4a22-9ee3-b98b8009ff16 b21ba0208f24448fa7d1a3f68b4b6200 a41f40722aaa4c3bbf8603632511e87c - - default default] Successfully bumped revision number for resource 3c11bdf1-886e-4dd3-8683-3f78cd4328bb (type: security_group_rules) to 0
2026-05-12 06:53:20.058 10 INFO neutron.db.ovn_revision_numbers_db [None req-8d154a42-0db9-4a22-9ee3-b98b8009ff16 b21ba0208f24448fa7d1a3f68b4b6200 a41f40722aaa4c3bbf8603632511e87c - - default default] Successfully bumped revision number for resource 5190c862-356e-4b38-b830-d09ab0352b13 (type: security_group_rules) to 0
2026-05-12 06:53:20.071 10 INFO neutron.db.ovn_revision_numbers_db [None req-8d154a42-0db9-4a22-9ee3-b98b8009ff16 b21ba0208f24448fa7d1a3f68b4b6200 a41f40722aaa4c3bbf8603632511e87c - - default default] Successfully bumped revision number for resource bfa0918b-a63b-4c0e-864a-bffbb6b679a3 (type: security_group_rules) to 0
2026-05-12 06:53:20.095 10 INFO neutron.wsgi [None req-8d154a42-0db9-4a22-9ee3-b98b8009ff16 b21ba0208f24448fa7d1a3f68b4b6200 a41f40722aaa4c3bbf8603632511e87c - - default default] 10.0.0.253 "GET /v2.0/security-groups?tenant_id=1f915aafff854735ae464b7de636ec4e&name=default HTTP/1.1" status: 200 len: 3120 time: 0.3167059
2026-05-12 06:53:20.148 9 INFO neutron.wsgi [None req-d0566a2e-b437-4ae1-923c-d6837da89a00 9109fe9f75d6439aafc56dd6ca31f292 91de93c83c694a4a9aa38705655a7f58 - - default default] 10.0.0.253 "DELETE /v2.0/security-group-rules/eae73df8-8ce5-4a70-96f7-4276c4aa63c6 HTTP/1.1" status: 204 len: 168 time: 0.1391995
2026-05-12 06:53:20.214 9 INFO neutron.wsgi [None req-076f5d38-8c54-4341-bbc8-d09343053593 9109fe9f75d6439aafc56dd6ca31f292 91de93c83c694a4a9aa38705655a7f58 - - default default] 10.0.0.253 "GET /v2.0/security-group-rules HTTP/1.1" status: 200 len: 3755 time: 0.0590167
2026-05-12 06:53:20.229 9 WARNING neutron_lib.context [None req-c9e59754-77fe-4413-a15d-dff0b05c4bd9 9109fe9f75d6439aafc56dd6ca31f292 91de93c83c694a4a9aa38705655a7f58 - - default default] Method 'is_advsvc' is deprecated since 2023.2 release (neutron-lib 3.8.0) and will be removed once support for the old RBAC API policies will be removed from Neutron. Please use method 'is_service_role' instead.
2026-05-12 06:53:20.332 10 INFO neutron.wsgi [None req-64146dc3-f3ba-4e44-a5a6-57bade9b12c4 b21ba0208f24448fa7d1a3f68b4b6200 a41f40722aaa4c3bbf8603632511e87c - - default default] 10.0.0.253 "DELETE /v2.0/security-groups/6e123547-b780-438c-9df8-f8aa925f15b4 HTTP/1.1" status: 204 len: 168 time: 0.2297683
2026-05-12 06:53:20.375 9 INFO neutron.db.ovn_revision_numbers_db [None req-c9e59754-77fe-4413-a15d-dff0b05c4bd9 9109fe9f75d6439aafc56dd6ca31f292 91de93c83c694a4a9aa38705655a7f58 - - default default] Successfully bumped revision number for resource 1e7d61af-3623-478d-9e07-94a1aea1a5c6 (type: security_group_rules) to 0
2026-05-12 06:53:20.400 9 INFO neutron.wsgi [None req-c9e59754-77fe-4413-a15d-dff0b05c4bd9 9109fe9f75d6439aafc56dd6ca31f292 91de93c83c694a4a9aa38705655a7f58 - - default default] 10.0.0.253 "POST /v2.0/security-group-rules HTTP/1.1" status: 201 len: 800 time: 0.1778357
2026-05-12 06:53:20.425 9 INFO neutron.wsgi [None req-8210690b-c932-4987-91d0-652e432e510e 9109fe9f75d6439aafc56dd6ca31f292 91de93c83c694a4a9aa38705655a7f58 - - default default] 10.0.0.253 "GET /v2.0/security-group-rules/1e7d61af-3623-478d-9e07-94a1aea1a5c6 HTTP/1.1" status: 200 len: 795 time: 0.0178831
2026-05-12 06:53:20.501 9 INFO neutron.wsgi [None req-9cdc2c10-4de2-4ea6-8ad2-338b8e578f21 9109fe9f75d6439aafc56dd6ca31f292 91de93c83c694a4a9aa38705655a7f58 - - default default] 10.0.0.253 "GET /v2.0/security-group-rules HTTP/1.1" status: 200 len: 4333 time: 0.0722826
2026-05-12 06:53:20.606 9 INFO neutron.notifiers.nova [-] Nova event matching ['req-54bfaf7c-83f8-4054-810a-dc20c16bb3bd'] response: {'server_uuid': 'ff0d0fe9-b2ef-452d-82e2-9fe677a69cbb', 'name': 'network-vif-unplugged', 'status': 'completed', 'tag': '31a8cac9-431d-41a7-b44a-88e1d6190759', 'code': 200}
2026-05-12 06:53:20.607 9 INFO neutron.notifiers.nova [-] Nova event matching ['req-54bfaf7c-83f8-4054-810a-dc20c16bb3bd'] response: {'server_uuid': 'ff0d0fe9-b2ef-452d-82e2-9fe677a69cbb', 'name': 'network-vif-deleted', 'tag': '31a8cac9-431d-41a7-b44a-88e1d6190759', 'status': 'completed', 'code': 200}
2026-05-12 06:53:20.656 10 INFO neutron.db.ovn_revision_numbers_db [None req-b5207ca3-7bdd-4d35-99df-fd6b07995056 b21ba0208f24448fa7d1a3f68b4b6200 a41f40722aaa4c3bbf8603632511e87c - - default default] Successfully bumped revision number for resource 6664a7de-1323-4d90-a4e3-5e253fb3c263 (type: security_groups) to 1
2026-05-12 06:53:20.674 10 INFO neutron.wsgi [None req-2d5a4205-0664-49be-b2b9-37b20b9c9386 9109fe9f75d6439aafc56dd6ca31f292 91de93c83c694a4a9aa38705655a7f58 - - default default] 10.0.0.253 "DELETE /v2.0/security-group-rules/1e7d61af-3623-478d-9e07-94a1aea1a5c6 HTTP/1.1" status: 204 len: 168 time: 0.1682954
2026-05-12 06:53:20.683 10 INFO neutron.db.ovn_revision_numbers_db [None req-b5207ca3-7bdd-4d35-99df-fd6b07995056 b21ba0208f24448fa7d1a3f68b4b6200 a41f40722aaa4c3bbf8603632511e87c - - default default] Successfully bumped revision number for resource 0f31b426-bf97-44e9-8797-62b1e9ed3889 (type: security_group_rules) to 0
2026-05-12 06:53:20.704 10 INFO neutron.db.ovn_revision_numbers_db [None req-b5207ca3-7bdd-4d35-99df-fd6b07995056 b21ba0208f24448fa7d1a3f68b4b6200 a41f40722aaa4c3bbf8603632511e87c - - default default] Successfully bumped revision number for resource 4476e397-f783-427d-ad9f-9c6a0a40933f (type: security_group_rules) to 0
2026-05-12 06:53:20.725 10 INFO neutron.db.ovn_revision_numbers_db [None req-b5207ca3-7bdd-4d35-99df-fd6b07995056 b21ba0208f24448fa7d1a3f68b4b6200 a41f40722aaa4c3bbf8603632511e87c - - default default] Successfully bumped revision number for resource 55168827-576f-4f3e-9835-8d56fb08dae4 (type: security_group_rules) to 0
2026-05-12 06:53:20.737 10 INFO neutron.db.ovn_revision_numbers_db [None req-b5207ca3-7bdd-4d35-99df-fd6b07995056 b21ba0208f24448fa7d1a3f68b4b6200 a41f40722aaa4c3bbf8603632511e87c - - default default] Successfully bumped revision number for resource 632e7511-0409-469f-baed-bb1f05720f03 (type: security_group_rules) to 0
2026-05-12 06:53:20.744 9 INFO neutron.wsgi [None req-39d99040-7243-4442-b1b8-b4a0c5a28754 9109fe9f75d6439aafc56dd6ca31f292 91de93c83c694a4a9aa38705655a7f58 - - default default] 10.0.0.253 "GET /v2.0/security-group-rules HTTP/1.1" status: 200 len: 3755 time: 0.0649590
2026-05-12 06:53:20.757 9 WARNING neutron_lib.context [None req-c3033cd8-ec90-46e9-b460-6bae5da3dd79 9109fe9f75d6439aafc56dd6ca31f292 91de93c83c694a4a9aa38705655a7f58 - - default default] Method 'is_advsvc' is deprecated since 2023.2 release (neutron-lib 3.8.0) and will be removed once support for the old RBAC API policies will be removed from Neutron. Please use method 'is_service_role' instead.
2026-05-12 06:53:20.762 10 INFO neutron.wsgi [None req-b5207ca3-7bdd-4d35-99df-fd6b07995056 b21ba0208f24448fa7d1a3f68b4b6200 a41f40722aaa4c3bbf8603632511e87c - - default default] 10.0.0.253 "GET /v2.0/security-groups?tenant_id=8af801909aac44e5821f08a8e34724e2&name=default HTTP/1.1" status: 200 len: 3120 time: 0.2645519
2026-05-12 06:53:20.781 10 INFO neutron.wsgi [None req-66af4b4e-5e03-4d07-b637-9a2b6daf0e6e 4af778c84e4d4b7ba768cb66216990d1 2f1fb4c732d7452c8a00709c380369c3 - - default default] 10.0.0.253 "DELETE /v2.0/security-groups/5a915108-5c65-4bbf-a624-b7953dd8b733 HTTP/1.1" status: 204 len: 168 time: 0.1674564
2026-05-12 06:53:20.804 9 INFO neutron.api.v2.resource [None req-dbc1b742-0ab7-4e33-adac-07a3a8f1f3fc 4af778c84e4d4b7ba768cb66216990d1 2f1fb4c732d7452c8a00709c380369c3 - - default default] show failed (client error): The resource could not be found.
2026-05-12 06:53:20.805 9 INFO neutron.wsgi [None req-dbc1b742-0ab7-4e33-adac-07a3a8f1f3fc 4af778c84e4d4b7ba768cb66216990d1 2f1fb4c732d7452c8a00709c380369c3 - - default default] 10.0.0.253 "GET /v2.0/security-groups/5a915108-5c65-4bbf-a624-b7953dd8b733 HTTP/1.1" status: 404 len: 347 time: 0.0194654
2026-05-12 06:53:20.913 9 INFO neutron.db.ovn_revision_numbers_db [None req-c3033cd8-ec90-46e9-b460-6bae5da3dd79 9109fe9f75d6439aafc56dd6ca31f292 91de93c83c694a4a9aa38705655a7f58 - - default default] Successfully bumped revision number for resource 42c6bffd-301d-43ad-83f4-c56417f03e5f (type: security_group_rules) to 0
2026-05-12 06:53:20.953 9 INFO neutron.wsgi [None req-c3033cd8-ec90-46e9-b460-6bae5da3dd79 9109fe9f75d6439aafc56dd6ca31f292 91de93c83c694a4a9aa38705655a7f58 - - default default] 10.0.0.253 "POST /v2.0/security-group-rules HTTP/1.1" status: 201 len: 801 time: 0.2016301
2026-05-12 06:53:20.981 9 INFO neutron.wsgi [None req-238b58ee-ab9d-48eb-968f-e3c6bc7f7ce4 9109fe9f75d6439aafc56dd6ca31f292 91de93c83c694a4a9aa38705655a7f58 - - default default] 10.0.0.253 "GET /v2.0/security-group-rules/42c6bffd-301d-43ad-83f4-c56417f03e5f HTTP/1.1" status: 200 len: 796 time: 0.0196819
2026-05-12 06:53:21.039 9 INFO neutron.wsgi [None req-789a352d-59f8-4244-8d65-6efac37751c0 b21ba0208f24448fa7d1a3f68b4b6200 a41f40722aaa4c3bbf8603632511e87c - - default default] 10.0.0.253 "DELETE /v2.0/security-groups/6664a7de-1323-4d90-a4e3-5e253fb3c263 HTTP/1.1" status: 204 len: 168 time: 0.2675712
2026-05-12 06:53:21.059 9 INFO neutron.wsgi [None req-f1780e18-7d83-4f7d-a256-468b24c25df8 9109fe9f75d6439aafc56dd6ca31f292 91de93c83c694a4a9aa38705655a7f58 - - default default] 10.0.0.253 "GET /v2.0/security-group-rules HTTP/1.1" status: 200 len: 4334 time: 0.0737333
2026-05-12 06:53:21.183 9 INFO neutron.wsgi [None req-c5e12a2b-dc71-4269-ba91-81fe2f706513 9109fe9f75d6439aafc56dd6ca31f292 91de93c83c694a4a9aa38705655a7f58 - - default default] 10.0.0.253 "DELETE /v2.0/security-group-rules/42c6bffd-301d-43ad-83f4-c56417f03e5f HTTP/1.1" status: 204 len: 168 time: 0.1188974
2026-05-12 06:53:21.243 9 INFO neutron.wsgi [None req-a8861bcd-e6cb-4f21-a075-0f134dc59662 9109fe9f75d6439aafc56dd6ca31f292 91de93c83c694a4a9aa38705655a7f58 - - default default] 10.0.0.253 "GET /v2.0/security-group-rules HTTP/1.1" status: 200 len: 3755 time: 0.0560491
2026-05-12 06:53:21.385 9 INFO neutron.wsgi [None req-16238c82-241f-4e9c-98b9-a6664511a791 9109fe9f75d6439aafc56dd6ca31f292 91de93c83c694a4a9aa38705655a7f58 - - default default] 10.0.0.253 "DELETE /v2.0/security-groups/3de10e8b-6dde-4a06-9d18-0e6d016a7dbc HTTP/1.1" status: 204 len: 168 time: 0.1355515
2026-05-12 06:53:21.431 9 INFO neutron.wsgi [None req-b0c6c32d-18f1-49fc-890b-dce372a87882 9109fe9f75d6439aafc56dd6ca31f292 91de93c83c694a4a9aa38705655a7f58 - - default default] 10.0.0.253 "GET /v2.0/security-groups HTTP/1.1" status: 200 len: 3120 time: 0.0392747
2026-05-12 06:53:21.451 10 INFO neutron.wsgi [None req-4f94c3dc-41aa-455b-9269-cd183cf81b72 4af778c84e4d4b7ba768cb66216990d1 2f1fb4c732d7452c8a00709c380369c3 - - default default] 10.0.0.253 "DELETE /v2.0/floatingips/a5d8245b-15e9-4795-9e42-d56d4ef13665 HTTP/1.1" status: 204 len: 168 time: 0.6412449
2026-05-12 06:53:21.474 9 INFO neutron.wsgi [None req-8ecbc985-b4b8-489f-a043-fbd33f41a601 9109fe9f75d6439aafc56dd6ca31f292 91de93c83c694a4a9aa38705655a7f58 - - default default] 10.0.0.253 "GET /v2.0/security-groups HTTP/1.1" status: 200 len: 3120 time: 0.0345385
2026-05-12 06:53:22.344 9 INFO neutron.wsgi [None req-d2b44d3f-583f-49fd-9e58-87be5143493a b21ba0208f24448fa7d1a3f68b4b6200 a41f40722aaa4c3bbf8603632511e87c - - default default] 10.0.0.253 "GET /v2.0/security-groups?tenant_id=91de93c83c694a4a9aa38705655a7f58&name=default HTTP/1.1" status: 200 len: 3120 time: 0.2993474
2026-05-12 06:53:22.561 10 INFO neutron.wsgi [None req-a5997b8d-0487-49bf-bb98-90f6520062eb b21ba0208f24448fa7d1a3f68b4b6200 a41f40722aaa4c3bbf8603632511e87c - - default default] 10.0.0.253 "PUT /v2.0/routers/4d1cb146-b87d-4a30-b986-d7feba66c298/remove_router_interface HTTP/1.1" status: 200 len: 503 time: 1.0975666
2026-05-12 06:53:22.651 9 INFO neutron.wsgi [None req-50d2d993-3839-4429-a9bf-403f92e16463 b21ba0208f24448fa7d1a3f68b4b6200 a41f40722aaa4c3bbf8603632511e87c - - default default] 10.0.0.253 "DELETE /v2.0/security-groups/894cb968-2760-442b-b6cd-37af1084c99c HTTP/1.1" status: 204 len: 168 time: 0.3011472
2026-05-12 06:53:23.632 9 INFO neutron.wsgi [None req-68f50664-580e-4a6c-842c-d7e9d04f7b85 b21ba0208f24448fa7d1a3f68b4b6200 a41f40722aaa4c3bbf8603632511e87c - - default default] 10.0.0.253 "DELETE /v2.0/routers/4d1cb146-b87d-4a30-b986-d7feba66c298 HTTP/1.1" status: 204 len: 168 time: 1.0669844
2026-05-12 06:53:23.822 9 INFO neutron.db.ovn_revision_numbers_db [None req-4cb53c0f-e3e0-4b20-9115-9cfc8bf48aa4 b21ba0208f24448fa7d1a3f68b4b6200 a41f40722aaa4c3bbf8603632511e87c - - default default] Successfully bumped revision number for resource 4f171f7f-918b-42be-bfee-9c77a0e80250 (type: security_groups) to 1
2026-05-12 06:53:23.840 9 INFO neutron.db.ovn_revision_numbers_db [None req-4cb53c0f-e3e0-4b20-9115-9cfc8bf48aa4 b21ba0208f24448fa7d1a3f68b4b6200 a41f40722aaa4c3bbf8603632511e87c - - default default] Successfully bumped revision number for resource 2ec2c407-d384-43e4-948e-60c7598cd6de (type: security_group_rules) to 0
2026-05-12 06:53:23.863 9 INFO neutron.wsgi [None req-d7d4841d-8f91-41ef-a8a8-f8eb1aa9a91f b21ba0208f24448fa7d1a3f68b4b6200 a41f40722aaa4c3bbf8603632511e87c - - default default] 10.0.0.253 "DELETE /v2.0/subnets/31180b8f-9650-42a5-a030-7008a81b7fef HTTP/1.1" status: 204 len: 168 time: 0.2208681
2026-05-12 06:53:23.866 9 INFO neutron.db.ovn_revision_numbers_db [None req-4cb53c0f-e3e0-4b20-9115-9cfc8bf48aa4 b21ba0208f24448fa7d1a3f68b4b6200 a41f40722aaa4c3bbf8603632511e87c - - default default] Successfully bumped revision number for resource aa506858-5678-4b63-b688-b9ad315aeb3a (type: security_group_rules) to 0
2026-05-12 06:53:23.898 9 INFO neutron.db.ovn_revision_numbers_db [None req-4cb53c0f-e3e0-4b20-9115-9cfc8bf48aa4 b21ba0208f24448fa7d1a3f68b4b6200 a41f40722aaa4c3bbf8603632511e87c - - default default] Successfully bumped revision number for resource b4d33b30-24b7-48e8-baec-8cef0ae4db6f (type: security_group_rules) to 0
2026-05-12 06:53:23.916 9 INFO neutron.db.ovn_revision_numbers_db [None req-4cb53c0f-e3e0-4b20-9115-9cfc8bf48aa4 b21ba0208f24448fa7d1a3f68b4b6200 a41f40722aaa4c3bbf8603632511e87c - - default default] Successfully bumped revision number for resource cd7d3408-db79-4a0b-bbcc-fcc6d5f0e3cc (type: security_group_rules) to 0
2026-05-12 06:53:23.943 9 INFO neutron.wsgi [None req-4cb53c0f-e3e0-4b20-9115-9cfc8bf48aa4 b21ba0208f24448fa7d1a3f68b4b6200 a41f40722aaa4c3bbf8603632511e87c - - default default] 10.0.0.253 "GET /v2.0/security-groups?tenant_id=4c8e4cc2684a4b5fb87d41a2c6bb72b4&name=default HTTP/1.1" status: 200 len: 3120 time: 0.4502678 /var/lib/openstack/lib/python3.10/site-packages/pycadf/identifier.py:71: UserWarning: Invalid uuid: neutron. To ensure interoperability, identifiers should be a valid uuid. warnings.warn(('Invalid uuid: %s. To ensure interoperability, '
2026-05-12 06:53:24.244 10 INFO neutron.wsgi [None req-36d2df42-972c-4f09-9141-32a99a68fb96 b21ba0208f24448fa7d1a3f68b4b6200 a41f40722aaa4c3bbf8603632511e87c - - default default] 10.0.0.253 "DELETE /v2.0/security-groups/4f171f7f-918b-42be-bfee-9c77a0e80250 HTTP/1.1" status: 204 len: 168 time: 0.2957678
2026-05-12 06:53:24.257 9 INFO neutron.services.segments.plugin [-] Segment ec6b4033-57db-41e1-8d59-c304b3b16e92 resource provider aggregate not found
2026-05-12 06:53:24.263 9 INFO neutron.services.segments.plugin [-] Segment ec6b4033-57db-41e1-8d59-c304b3b16e92 resource provider aggregate not found
2026-05-12 06:53:24.283 9 INFO neutron.services.segments.plugin [-] Segment ec6b4033-57db-41e1-8d59-c304b3b16e92 resource provider not found; error: Placement Client Error (4xx): {"errors": [{"status": 404, "title": "Not Found", "detail": "The resource could not be found.\n\n No resource provider with uuid ec6b4033-57db-41e1-8d59-c304b3b16e92 found for delete ", "request_id": "req-7fb9bf10-e1b7-4879-8a4d-cc38079c4e85"}]}
2026-05-12 06:53:24.285 9 INFO neutron.services.segments.plugin [-] Segment ec6b4033-57db-41e1-8d59-c304b3b16e92 resource provider not found; error: Placement Client Error (4xx): {"errors": [{"status": 404, "title": "Not Found", "detail": "The resource could not be found.\n\n No resource provider with uuid ec6b4033-57db-41e1-8d59-c304b3b16e92 found for delete ", "request_id": "req-d812d239-48f2-483a-b5ca-25d737790d83"}]}
2026-05-12 06:53:24.305 9 INFO neutron.wsgi [None req-0dc28455-900e-4f51-a30b-e29ce2906d6f b21ba0208f24448fa7d1a3f68b4b6200 a41f40722aaa4c3bbf8603632511e87c - - default default] 10.0.0.253 "DELETE /v2.0/networks/c0348f15-fc38-4205-ab64-c1beb99675dd HTTP/1.1" status: 204 len: 168 time: 0.4319708
2026-05-12 06:53:24.569 10 INFO neutron.db.ovn_revision_numbers_db [None req-8b48392f-508c-4915-8892-d039d733b90b b21ba0208f24448fa7d1a3f68b4b6200 a41f40722aaa4c3bbf8603632511e87c - - default default] Successfully bumped revision number for resource d6c2c8b9-b391-4796-b9f7-d62595b041dd (type: security_groups) to 1
2026-05-12 06:53:24.592 10 INFO neutron.db.ovn_revision_numbers_db [None req-8b48392f-508c-4915-8892-d039d733b90b b21ba0208f24448fa7d1a3f68b4b6200 a41f40722aaa4c3bbf8603632511e87c - - default default] Successfully bumped revision number for resource 5debceab-3001-4b40-9964-ff7afb868a24 (type: security_group_rules) to 0
2026-05-12 06:53:24.605 10 INFO neutron.wsgi [None req-c44c11dd-e251-4dca-ab85-b1a408869d3b b21ba0208f24448fa7d1a3f68b4b6200 a41f40722aaa4c3bbf8603632511e87c - - default default] 10.0.0.253 "GET /v2.0/security-groups?tenant_id=2f1fb4c732d7452c8a00709c380369c3&name=default HTTP/1.1" status: 200 len: 3120 time: 0.0419059
2026-05-12 06:53:24.616 10 INFO neutron.db.ovn_revision_numbers_db [None req-8b48392f-508c-4915-8892-d039d733b90b b21ba0208f24448fa7d1a3f68b4b6200 a41f40722aaa4c3bbf8603632511e87c - - default default] Successfully bumped revision number for resource 9f153821-7154-4629-a5d2-b4ab119b5fd8 (type: security_group_rules) to 0
2026-05-12 06:53:24.641 10 INFO neutron.db.ovn_revision_numbers_db [None req-8b48392f-508c-4915-8892-d039d733b90b b21ba0208f24448fa7d1a3f68b4b6200 a41f40722aaa4c3bbf8603632511e87c - - default default] Successfully bumped revision number for resource c1b40be4-2bb7-402e-977e-a77b49a82bda (type: security_group_rules) to 0
2026-05-12 06:53:24.658 10 INFO neutron.db.ovn_revision_numbers_db [None req-8b48392f-508c-4915-8892-d039d733b90b b21ba0208f24448fa7d1a3f68b4b6200 a41f40722aaa4c3bbf8603632511e87c - - default default] Successfully bumped revision number for resource f801e897-220e-4147-bd31-acf1f3964b24 (type: security_group_rules) to 0
2026-05-12 06:53:24.713 10 INFO neutron.wsgi [None req-8b48392f-508c-4915-8892-d039d733b90b b21ba0208f24448fa7d1a3f68b4b6200 a41f40722aaa4c3bbf8603632511e87c - - default default] 10.0.0.253 "GET /v2.0/security-groups?tenant_id=b16afe2c40ff4a44aae4efc26c60745c&name=default HTTP/1.1" status: 200 len: 3120 time: 0.2809799
2026-05-12 06:53:24.964 10 INFO neutron.wsgi [None req-8deeb064-879d-4a18-b050-987ea3a8459c b21ba0208f24448fa7d1a3f68b4b6200 a41f40722aaa4c3bbf8603632511e87c - - default default] 10.0.0.253 "DELETE /v2.0/security-groups/1b8ae065-18c0-4df5-b91f-6a2c70920238 HTTP/1.1" status: 204 len: 168 time: 0.3533857
2026-05-12 06:53:25.043 9 INFO neutron.wsgi [None req-bd2b9c9b-0c3a-4891-a748-270c4efc0787 b21ba0208f24448fa7d1a3f68b4b6200 a41f40722aaa4c3bbf8603632511e87c - - default default] 10.0.0.253 "DELETE /v2.0/security-groups/d6c2c8b9-b391-4796-b9f7-d62595b041dd HTTP/1.1" status: 204 len: 168 time: 0.3179619
2026-05-12 06:53:25.918 10 INFO neutron.db.ovn_revision_numbers_db [None req-c04e5554-66c9-44c6-aab9-12005ebc1042 b21ba0208f24448fa7d1a3f68b4b6200 a41f40722aaa4c3bbf8603632511e87c - - default default] Successfully bumped revision number for resource 56204ad2-61de-4ea7-b859-0cc6d2e242df (type: security_groups) to 1
2026-05-12 06:53:25.933 10 INFO neutron.db.ovn_revision_numbers_db [None req-c04e5554-66c9-44c6-aab9-12005ebc1042 b21ba0208f24448fa7d1a3f68b4b6200 a41f40722aaa4c3bbf8603632511e87c - - default default] Successfully bumped revision number for resource 5833a961-5782-47f5-9b34-3758472b79dd (type: security_group_rules) to 0
2026-05-12 06:53:25.951 10 INFO neutron.db.ovn_revision_numbers_db [None req-c04e5554-66c9-44c6-aab9-12005ebc1042 b21ba0208f24448fa7d1a3f68b4b6200 a41f40722aaa4c3bbf8603632511e87c - - default default] Successfully bumped revision number for resource 6aa3e49e-3b7e-48eb-ac74-86487672c06f (type: security_group_rules) to 0
2026-05-12 06:53:25.977 10 INFO neutron.db.ovn_revision_numbers_db [None req-c04e5554-66c9-44c6-aab9-12005ebc1042 b21ba0208f24448fa7d1a3f68b4b6200 a41f40722aaa4c3bbf8603632511e87c - - default default] Successfully bumped revision number for resource 9eb43fa2-4bf5-496a-b419-5b86467951ad (type: security_group_rules) to 0
2026-05-12 06:53:25.992 10 INFO neutron.db.ovn_revision_numbers_db [None req-c04e5554-66c9-44c6-aab9-12005ebc1042 b21ba0208f24448fa7d1a3f68b4b6200 a41f40722aaa4c3bbf8603632511e87c - - default default] Successfully bumped revision number for resource d3bfa2c5-0242-4895-a4ef-3284fc0bf958 (type: security_group_rules) to 0
2026-05-12 06:53:26.015 10 INFO neutron.wsgi [None req-c04e5554-66c9-44c6-aab9-12005ebc1042 b21ba0208f24448fa7d1a3f68b4b6200 a41f40722aaa4c3bbf8603632511e87c - - default default] 10.0.0.253 "GET /v2.0/security-groups?tenant_id=0729aaf2f4444399ac3a182206721786&name=default HTTP/1.1" status: 200 len: 3120 time: 0.3458316
2026-05-12 06:53:26.236 10 INFO neutron.wsgi [None req-1fcaedf9-fe16-4f5c-b3f4-1bcf705f25c6 b21ba0208f24448fa7d1a3f68b4b6200 a41f40722aaa4c3bbf8603632511e87c - - default default] 10.0.0.253 "DELETE /v2.0/security-groups/56204ad2-61de-4ea7-b859-0cc6d2e242df HTTP/1.1" status: 204 len: 168 time: 0.2136819
2026-05-12 06:53:26.540 9 INFO neutron.db.ovn_revision_numbers_db [None req-7ebc196b-b6d2-486d-b400-668e6c728dd2 b21ba0208f24448fa7d1a3f68b4b6200 a41f40722aaa4c3bbf8603632511e87c - - default default] Successfully bumped revision number for resource 534e0b75-41d3-468f-8d9a-e7230962cdfc (type: security_groups) to 1
2026-05-12 06:53:26.557 9 INFO neutron.db.ovn_revision_numbers_db [None req-7ebc196b-b6d2-486d-b400-668e6c728dd2 b21ba0208f24448fa7d1a3f68b4b6200 a41f40722aaa4c3bbf8603632511e87c - - default default] Successfully bumped revision number for resource 0cef3c8c-6290-4f7b-9df6-6708149dbb5c (type: security_group_rules) to 0
2026-05-12 06:53:26.573 9 INFO neutron.db.ovn_revision_numbers_db [None req-7ebc196b-b6d2-486d-b400-668e6c728dd2 b21ba0208f24448fa7d1a3f68b4b6200 a41f40722aaa4c3bbf8603632511e87c - - default default] Successfully bumped revision number for resource 19111932-967a-42af-b25b-90b963182e65 (type: security_group_rules) to 0
