File "/var/lib/openstack/lib/python3.10/site-packages/ovsdbapp/backend/ovs_idl/__init__.py", line 184, in lookup
2026-05-12 06:54:51.969 10 ERROR ovsdbapp.backend.ovs_idl.command return self._lookup(table, record)
2026-05-12 06:54:51.969 10 ERROR ovsdbapp.backend.ovs_idl.command
File "/var/lib/openstack/lib/python3.10/site-packages/ovsdbapp/backend/ovs_idl/__init__.py", line 235, in _lookup
2026-05-12 06:54:51.969 10 ERROR ovsdbapp.backend.ovs_idl.command row = idlutils.row_by_value(self, rl.table, rl.column, record)
2026-05-12 06:54:51.969 10 ERROR ovsdbapp.backend.ovs_idl.command
File "/var/lib/openstack/lib/python3.10/site-packages/ovsdbapp/backend/ovs_idl/idlutils.py", line 114, in row_by_value
2026-05-12 06:54:51.969 10 ERROR ovsdbapp.backend.ovs_idl.command raise RowNotFound(table=table, col=column, match=match)
2026-05-12 06:54:51.969 10 ERROR ovsdbapp.backend.ovs_idl.command ovsdbapp.backend.ovs_idl.idlutils.RowNotFound: Cannot find Logical_Router_Port with name=lrp-08e81255-4fce-4515-a947-03981099e83e
2026-05-12 06:54:51.969 10 ERROR ovsdbapp.backend.ovs_idl.command 
2026-05-12 06:54:51.970 10 ERROR neutron_lib.callbacks.manager [None req-2b5a6926-48d0-43ee-8a07-26164c2451f4 b21ba0208f24448fa7d1a3f68b4b6200 a41f40722aaa4c3bbf8603632511e87c - - default default] Error during notification for neutron.services.ovn_l3.plugin.OVNL3RouterPlugin._port_update-8752271719151 port, after_update: ovsdbapp.backend.ovs_idl.idlutils.RowNotFound: Cannot find Logical_Router_Port with name=lrp-08e81255-4fce-4515-a947-03981099e83e
2026-05-12 06:54:51.970 10 ERROR neutron_lib.callbacks.manager
Traceback (most recent call last):
2026-05-12 06:54:51.970 10 ERROR neutron_lib.callbacks.manager
File "/var/lib/openstack/lib/python3.10/site-packages/neutron_lib/callbacks/manager.py", line 189, in _notify_loop
2026-05-12 06:54:51.970 10 ERROR neutron_lib.callbacks.manager callback.method(resource, event, trigger, payload=payload)
2026-05-12 06:54:51.970 10 ERROR neutron_lib.callbacks.manager
File "/var/lib/openstack/lib/python3.10/site-packages/neutron/services/ovn_l3/plugin.py", line 391, in _port_update
2026-05-12 06:54:51.970 10 ERROR neutron_lib.callbacks.manager l3plugin._ovn_client.update_router_port(context,
2026-05-12 06:54:51.970 10 ERROR neutron_lib.callbacks.manager
File "/var/lib/openstack/lib/python3.10/site-packages/neutron/plugins/ml2/drivers/ovn/mech_driver/ovsdb/ovn_client.py", line 1878, in update_router_port
2026-05-12 06:54:51.970 10 ERROR neutron_lib.callbacks.manager self._update_lrouter_port(context, port, if_exists=if_exists,
2026-05-12 06:54:51.970 10 ERROR neutron_lib.callbacks.manager
File "/var/lib/openstack/lib/python3.10/site-packages/neutron/plugins/ml2/drivers/ovn/mech_driver/ovsdb/ovn_client.py", line 1855, in _update_lrouter_port
2026-05-12 06:54:51.970 10 ERROR neutron_lib.callbacks.manager external_ids = self._nb_idl.db_get(
2026-05-12 06:54:51.970 10 ERROR neutron_lib.callbacks.manager
File "/var/lib/openstack/lib/python3.10/site-packages/ovsdbapp/backend/ovs_idl/command.py", line 47, in execute
2026-05-12 06:54:51.970 10 ERROR neutron_lib.callbacks.manager self.run_idl(None)
2026-05-12 06:54:51.970 10 ERROR neutron_lib.callbacks.manager
File "/var/lib/openstack/lib/python3.10/site-packages/ovsdbapp/backend/ovs_idl/command.py", line 235, in run_idl
2026-05-12 06:54:51.970 10 ERROR neutron_lib.callbacks.manager record = self.api.lookup(self.table, self.record)
2026-05-12 06:54:51.970 10 ERROR neutron_lib.callbacks.manager
File "/var/lib/openstack/lib/python3.10/site-packages/ovsdbapp/backend/ovs_idl/__init__.py", line 184, in lookup
2026-05-12 06:54:51.970 10 ERROR neutron_lib.callbacks.manager return self._lookup(table, record)
2026-05-12 06:54:51.970 10 ERROR neutron_lib.callbacks.manager
File "/var/lib/openstack/lib/python3.10/site-packages/ovsdbapp/backend/ovs_idl/__init__.py", line 235, in _lookup
2026-05-12 06:54:51.970 10 ERROR neutron_lib.callbacks.manager row = idlutils.row_by_value(self, rl.table, rl.column, record)
2026-05-12 06:54:51.970 10 ERROR neutron_lib.callbacks.manager
File "/var/lib/openstack/lib/python3.10/site-packages/ovsdbapp/backend/ovs_idl/idlutils.py", line 114, in row_by_value
2026-05-12 06:54:51.970 10 ERROR neutron_lib.callbacks.manager raise RowNotFound(table=table, col=column, match=match)
2026-05-12 06:54:51.970 10 ERROR neutron_lib.callbacks.manager ovsdbapp.backend.ovs_idl.idlutils.RowNotFound: Cannot find Logical_Router_Port with name=lrp-08e81255-4fce-4515-a947-03981099e83e
2026-05-12 06:54:51.970 10 ERROR neutron_lib.callbacks.manager 
2026-05-12 06:54:52.062 9 INFO neutron.db.ovn_revision_numbers_db [None req-3acc812d-76ca-42e1-95d9-028c605dfdd1 - - - - - -] Successfully bumped revision number for resource 432a9da1-dd3a-4200-be54-bed49197ddc8 (type: ports) to 2
2026-05-12 06:54:52.187 10 INFO neutron.db.ovn_revision_numbers_db [None req-2b5a6926-48d0-43ee-8a07-26164c2451f4 b21ba0208f24448fa7d1a3f68b4b6200 a41f40722aaa4c3bbf8603632511e87c - - default default] Successfully bumped revision number for resource 08e81255-4fce-4515-a947-03981099e83e (type: ports) to 1
2026-05-12 06:54:52.258 9 INFO neutron.wsgi [req-fb20bdd5-fb8c-43a4-9b8d-c81bb5fa6fd0 req-420ebed4-5053-45c7-b2f1-1bc3170ce587 dcd12a266a194d20b6d5f2b500d38b72 cfddfb71f5714f1da8a822edddac18d3 - - default default] 10.0.0.169 "GET /v2.0/ports?device_id=608fbb12-567d-4cf0-9354-4e8459b41fed HTTP/1.1" status: 200 len: 210 time: 0.0216386
2026-05-12 06:54:52.261 10 WARNING neutron.scheduler.dhcp_agent_scheduler [None req-2b5a6926-48d0-43ee-8a07-26164c2451f4 b21ba0208f24448fa7d1a3f68b4b6200 a41f40722aaa4c3bbf8603632511e87c - - default default] No more DHCP agents
2026-05-12 06:54:52.262 10 WARNING neutron.api.rpc.agentnotifiers.dhcp_rpc_agent_api [None req-2b5a6926-48d0-43ee-8a07-26164c2451f4 b21ba0208f24448fa7d1a3f68b4b6200 a41f40722aaa4c3bbf8603632511e87c - - default default] Unable to schedule network f002dffa-d0d0-4697-9b0c-db4272c8da7f: no agents available; will retry on subsequent port and subnet creation events.
2026-05-12 06:54:52.422 9 WARNING neutron.scheduler.dhcp_agent_scheduler [req-c3e74864-3cce-4541-a209-c13353717442 req-c6cf6729-2db2-4123-8401-710ba43d08e7 dcd12a266a194d20b6d5f2b500d38b72 cfddfb71f5714f1da8a822edddac18d3 - - default default] No more DHCP agents
2026-05-12 06:54:52.428 9 WARNING neutron.api.rpc.agentnotifiers.dhcp_rpc_agent_api [req-c3e74864-3cce-4541-a209-c13353717442 req-c6cf6729-2db2-4123-8401-710ba43d08e7 dcd12a266a194d20b6d5f2b500d38b72 cfddfb71f5714f1da8a822edddac18d3 - - default default] Unable to schedule network 7752aafb-5b99-4ea1-b69f-722415993f35: no agents available; will retry on subsequent port and subnet creation events.
2026-05-12 06:54:52.574 9 INFO neutron.db.ovn_revision_numbers_db [None req-3acc812d-76ca-42e1-95d9-028c605dfdd1 - - - - - -] Successfully bumped revision number for resource 432a9da1-dd3a-4200-be54-bed49197ddc8 (type: ports) to 4
2026-05-12 06:54:52.665 9 INFO neutron.db.ovn_revision_numbers_db [req-c3e74864-3cce-4541-a209-c13353717442 req-c6cf6729-2db2-4123-8401-710ba43d08e7 dcd12a266a194d20b6d5f2b500d38b72 cfddfb71f5714f1da8a822edddac18d3 - - default default] Successfully bumped revision number for resource f9b4ccce-2422-43eb-9571-aeefc5a4a49f (type: ports) to 1
2026-05-12 06:54:52.698 9 INFO neutron.wsgi [req-c3e74864-3cce-4541-a209-c13353717442 req-c6cf6729-2db2-4123-8401-710ba43d08e7 dcd12a266a194d20b6d5f2b500d38b72 cfddfb71f5714f1da8a822edddac18d3 - - default default] 199.204.45.235 "POST /v2.0/ports HTTP/1.1" status: 201 len: 1158 time: 0.7348008 /var/lib/openstack/lib/python3.10/site-packages/pycadf/identifier.py:71: UserWarning: Invalid uuid: neutron. To ensure interoperability, identifiers should be a valid uuid. warnings.warn(('Invalid uuid: %s. To ensure interoperability, '
2026-05-12 06:54:52.937 10 INFO neutron.wsgi [None req-56693006-d1af-48c4-ad8d-256f7d2ad0f0 b21ba0208f24448fa7d1a3f68b4b6200 a41f40722aaa4c3bbf8603632511e87c - - default default] 10.0.0.253 "GET /v2.0/security-groups?tenant_id=b262061ded1d4d44bfa3a7d0f97c8193&name=default HTTP/1.1" status: 200 len: 3120 time: 0.1973140
2026-05-12 06:54:52.972 9 INFO neutron.db.ovn_revision_numbers_db [None req-3acc812d-76ca-42e1-95d9-028c605dfdd1 - - - - - -] Successfully bumped revision number for resource 432a9da1-dd3a-4200-be54-bed49197ddc8 (type: router_ports) to 4
2026-05-12 06:54:52.998 10 INFO neutron.db.ovn_revision_numbers_db [None req-2b5a6926-48d0-43ee-8a07-26164c2451f4 b21ba0208f24448fa7d1a3f68b4b6200 a41f40722aaa4c3bbf8603632511e87c - - default default] Successfully bumped revision number for resource 08e81255-4fce-4515-a947-03981099e83e (type: router_ports) to 1
2026-05-12 06:54:53.003 10 INFO neutron.wsgi [None req-2b5a6926-48d0-43ee-8a07-26164c2451f4 b21ba0208f24448fa7d1a3f68b4b6200 a41f40722aaa4c3bbf8603632511e87c - - default default] 10.0.0.253 "PUT /v2.0/routers/ca2e2d51-e06b-451c-81d8-e02ef616d881/add_router_interface HTTP/1.1" status: 200 len: 503 time: 2.7398095
2026-05-12 06:54:53.091 10 INFO neutron.plugins.ml2.drivers.ovn.mech_driver.mech_driver [None req-13540f74-58b1-48e3-9916-68cb788c84d1 - - - - - -] OVN reports status up for port: 08e81255-4fce-4515-a947-03981099e83e
2026-05-12 06:54:53.098 10 INFO neutron.plugins.ml2.plugin [None req-13540f74-58b1-48e3-9916-68cb788c84d1 - - - - - -] Attempt 1 to provision port 08e81255-4fce-4515-a947-03981099e83e
2026-05-12 06:54:53.257 9 INFO neutron.wsgi [None req-4e188e1e-fc24-4f30-a424-78587ab3a859 b21ba0208f24448fa7d1a3f68b4b6200 a41f40722aaa4c3bbf8603632511e87c - - default default] 10.0.0.253 "DELETE /v2.0/security-groups/ccb126b4-2cbc-43b0-97f2-d904a15c8940 HTTP/1.1" status: 204 len: 168 time: 0.3116622
2026-05-12 06:54:53.260 9 INFO neutron.db.ovn_revision_numbers_db [req-c3e74864-3cce-4541-a209-c13353717442 req-f76486ff-53db-4f64-9d8f-ea2c653e03f4 30164aa1ac0d458195ef529a82fe903d 1c9d341739b346fb9397045d27ec30e1 - - a7e71ca817e243b38e6fff875d8e0087 a7e71ca817e243b38e6fff875d8e0087] Successfully bumped revision number for resource f9b4ccce-2422-43eb-9571-aeefc5a4a49f (type: ports) to 2 /var/lib/openstack/lib/python3.10/site-packages/pycadf/identifier.py:71: UserWarning: Invalid uuid: neutron. To ensure interoperability, identifiers should be a valid uuid. warnings.warn(('Invalid uuid: %s. To ensure interoperability, '
2026-05-12 06:54:53.435 10 INFO neutron.wsgi [req-a3c1e42b-5605-4062-bf1c-b62bee12e317 req-e665273f-ad90-49a4-bda1-223f92367013 dcd12a266a194d20b6d5f2b500d38b72 cfddfb71f5714f1da8a822edddac18d3 - - default default] 10.0.0.169 "GET /v2.0/ports?device_id=608fbb12-567d-4cf0-9354-4e8459b41fed HTTP/1.1" status: 200 len: 1168 time: 0.1100924
2026-05-12 06:54:53.441 9 INFO neutron.db.ovn_revision_numbers_db [req-c3e74864-3cce-4541-a209-c13353717442 req-f76486ff-53db-4f64-9d8f-ea2c653e03f4 30164aa1ac0d458195ef529a82fe903d 1c9d341739b346fb9397045d27ec30e1 - - a7e71ca817e243b38e6fff875d8e0087 a7e71ca817e243b38e6fff875d8e0087] Successfully bumped revision number for resource f9b4ccce-2422-43eb-9571-aeefc5a4a49f (type: ports) to 2
2026-05-12 06:54:53.459 9 INFO neutron.wsgi [req-c3e74864-3cce-4541-a209-c13353717442 req-f76486ff-53db-4f64-9d8f-ea2c653e03f4 30164aa1ac0d458195ef529a82fe903d 1c9d341739b346fb9397045d27ec30e1 - - a7e71ca817e243b38e6fff875d8e0087 a7e71ca817e243b38e6fff875d8e0087] 199.204.45.235 "PUT /v2.0/ports/f9b4ccce-2422-43eb-9571-aeefc5a4a49f HTTP/1.1" status: 200 len: 1376 time: 0.7515528
2026-05-12 06:54:53.499 10 INFO neutron.wsgi [req-a3c1e42b-5605-4062-bf1c-b62bee12e317 req-27212480-9723-4532-93a4-278abf0eae21 dcd12a266a194d20b6d5f2b500d38b72 cfddfb71f5714f1da8a822edddac18d3 - - default default] 10.0.0.169 "GET /v2.0/security-groups?id=f3385086-cb97-407d-a38a-8b6d96be8413&fields=id&fields=name HTTP/1.1" status: 200 len: 286 time: 0.0591693
2026-05-12 06:54:53.548 9 INFO neutron.notifiers.nova [-] Nova event matching ['req-f28dd3b0-6880-4675-8a3a-824fcc54af81'] response: {'name': 'network-changed', 'server_uuid': '608fbb12-567d-4cf0-9354-4e8459b41fed', 'tag': 'f9b4ccce-2422-43eb-9571-aeefc5a4a49f', 'status': 'completed', 'code': 200}
2026-05-12 06:54:53.556 9 INFO neutron.wsgi [req-c3e74864-3cce-4541-a209-c13353717442 req-408a9477-52d6-42e7-99c7-f0228bdff081 30164aa1ac0d458195ef529a82fe903d 1c9d341739b346fb9397045d27ec30e1 - - a7e71ca817e243b38e6fff875d8e0087 a7e71ca817e243b38e6fff875d8e0087] 199.204.45.235 "GET /v2.0/ports?tenant_id=cfddfb71f5714f1da8a822edddac18d3&device_id=608fbb12-567d-4cf0-9354-4e8459b41fed HTTP/1.1" status: 200 len: 1407 time: 0.0581849
2026-05-12 06:54:53.574 10 INFO neutron.db.ovn_revision_numbers_db [None req-13540f74-58b1-48e3-9916-68cb788c84d1 - - - - - -] Successfully bumped revision number for resource 08e81255-4fce-4515-a947-03981099e83e (type: ports) to 2
2026-05-12 06:54:53.588 9 INFO neutron.wsgi [req-c3e74864-3cce-4541-a209-c13353717442 req-a2584f3d-3bd7-40ff-bf3d-57c1db2d5d7d 30164aa1ac0d458195ef529a82fe903d 1c9d341739b346fb9397045d27ec30e1 - - a7e71ca817e243b38e6fff875d8e0087 a7e71ca817e243b38e6fff875d8e0087] 199.204.45.235 "GET /v2.0/floatingips?fixed_ip_address=10.100.0.6&port_id=f9b4ccce-2422-43eb-9571-aeefc5a4a49f HTTP/1.1" status: 200 len: 217 time: 0.0274282
2026-05-12 06:54:53.692 10 WARNING neutron_lib.context [None req-93cd3410-e30c-45e0-8235-9deb7be4caa6 94ac117739c143389a43e766f10b961f cae795f32ef1466a91efeec9091b26d9 - - default default] Method 'is_advsvc' is deprecated since 2023.2 release (neutron-lib 3.8.0) and will be removed once support for the old RBAC API policies will be removed from Neutron. Please use method 'is_service_role' instead.
2026-05-12 06:54:53.755 10 INFO neutron.db.ovn_revision_numbers_db [None req-13540f74-58b1-48e3-9916-68cb788c84d1 - - - - - -] Successfully bumped revision number for resource 08e81255-4fce-4515-a947-03981099e83e (type: router_ports) to 2
2026-05-12 06:54:53.848 10 INFO neutron.db.ovn_revision_numbers_db [None req-93cd3410-e30c-45e0-8235-9deb7be4caa6 94ac117739c143389a43e766f10b961f cae795f32ef1466a91efeec9091b26d9 - - default default] Successfully bumped revision number for resource 52916821-b629-4e0c-a79b-57788c855bd8 (type: security_groups) to 1
2026-05-12 06:54:53.865 10 INFO neutron.db.ovn_revision_numbers_db [None req-93cd3410-e30c-45e0-8235-9deb7be4caa6 94ac117739c143389a43e766f10b961f cae795f32ef1466a91efeec9091b26d9 - - default default] Successfully bumped revision number for resource 472dec21-1401-4443-84c0-ea011ca3a0fb (type: security_group_rules) to 0
2026-05-12 06:54:53.872 9 INFO neutron.db.ovn_revision_numbers_db [None req-a963b5d5-6c40-4a03-ae3a-8034ddec3e2c b21ba0208f24448fa7d1a3f68b4b6200 a41f40722aaa4c3bbf8603632511e87c - - default default] Successfully bumped revision number for resource 8f14c150-c18a-4dcc-8007-50d2701c8606 (type: security_groups) to 1
2026-05-12 06:54:53.879 9 INFO neutron.wsgi [req-c3e74864-3cce-4541-a209-c13353717442 req-1211c7b5-eaac-4e29-83e9-1242ccee2753 30164aa1ac0d458195ef529a82fe903d 1c9d341739b346fb9397045d27ec30e1 - - a7e71ca817e243b38e6fff875d8e0087 a7e71ca817e243b38e6fff875d8e0087] 199.204.45.235 "GET /v2.0/subnets?id=56c388ae-629d-4b39-9497-1a9a9937d327 HTTP/1.1" status: 200 len: 866 time: 0.2837067
2026-05-12 06:54:53.883 10 INFO neutron.db.ovn_revision_numbers_db [None req-93cd3410-e30c-45e0-8235-9deb7be4caa6 94ac117739c143389a43e766f10b961f cae795f32ef1466a91efeec9091b26d9 - - default default] Successfully bumped revision number for resource 6d49e82c-07bc-4f08-a8c4-d54f0b4d9501 (type: security_group_rules) to 0
2026-05-12 06:54:53.893 9 WARNING neutron.plugins.ml2.drivers.ovn.mech_driver.ovsdb.ovn_client [None req-75e7a955-8b25-4a8d-8b56-85627a188632 - - - - - -] No hosting information found for port 5b042e74-d877-4b9b-a94c-92efd9bd7ddc: RuntimeError: No hosting information found for port 5b042e74-d877-4b9b-a94c-92efd9bd7ddc
2026-05-12 06:54:53.893 9 INFO neutron.plugins.ml2.drivers.ovn.mech_driver.mech_driver [None req-75e7a955-8b25-4a8d-8b56-85627a188632 - - - - - -] OVN reports status up for port: 42d2159a-5502-4848-b824-c1dadf8b1a73
2026-05-12 06:54:53.902 9 INFO neutron.db.ovn_revision_numbers_db [None req-a963b5d5-6c40-4a03-ae3a-8034ddec3e2c b21ba0208f24448fa7d1a3f68b4b6200 a41f40722aaa4c3bbf8603632511e87c - - default default] Successfully bumped revision number for resource b1fc5f51-c0f8-4016-b843-3dee9ee03582 (type: security_group_rules) to 0
2026-05-12 06:54:53.906 10 INFO neutron.wsgi [None req-93cd3410-e30c-45e0-8235-9deb7be4caa6 94ac117739c143389a43e766f10b961f cae795f32ef1466a91efeec9091b26d9 - - default default] 10.0.0.253 "POST /v2.0/security-groups HTTP/1.1" status: 201 len: 1875 time: 0.2193208
2026-05-12 06:54:53.915 9 INFO neutron.wsgi [req-c3e74864-3cce-4541-a209-c13353717442 req-7da35d68-68f9-4519-8fc6-af0cfa410afb 30164aa1ac0d458195ef529a82fe903d 1c9d341739b346fb9397045d27ec30e1 - - a7e71ca817e243b38e6fff875d8e0087 a7e71ca817e243b38e6fff875d8e0087] 199.204.45.235 "GET /v2.0/ports?network_id=7752aafb-5b99-4ea1-b69f-722415993f35&device_owner=network%3Adhcp HTTP/1.1" status: 200 len: 210 time: 0.0287595
2026-05-12 06:54:53.918 9 INFO neutron.plugins.ml2.plugin [None req-75e7a955-8b25-4a8d-8b56-85627a188632 - - - - - -] Attempt 1 to provision port 42d2159a-5502-4848-b824-c1dadf8b1a73
2026-05-12 06:54:53.922 10 WARNING neutron_lib.context [None req-da6975ed-89bf-44f7-8c82-3ec3cf55ea00 94ac117739c143389a43e766f10b961f cae795f32ef1466a91efeec9091b26d9 - - default default] Method 'is_advsvc' is deprecated since 2023.2 release (neutron-lib 3.8.0) and will be removed once support for the old RBAC API policies will be removed from Neutron. Please use method 'is_service_role' instead.
2026-05-12 06:54:53.936 9 INFO neutron.db.ovn_revision_numbers_db [None req-a963b5d5-6c40-4a03-ae3a-8034ddec3e2c b21ba0208f24448fa7d1a3f68b4b6200 a41f40722aaa4c3bbf8603632511e87c - - default default] Successfully bumped revision number for resource cc006cc2-91cb-4c69-8f2a-3a5f57eade22 (type: security_group_rules) to 0
2026-05-12 06:54:53.968 9 INFO neutron.db.ovn_revision_numbers_db [None req-a963b5d5-6c40-4a03-ae3a-8034ddec3e2c b21ba0208f24448fa7d1a3f68b4b6200 a41f40722aaa4c3bbf8603632511e87c - - default default] Successfully bumped revision number for resource e1e67a1a-bff9-4250-b874-83abfd7215ee (type: security_group_rules) to 0
2026-05-12 06:54:53.993 10 INFO neutron.db.ovn_revision_numbers_db [None req-fa28565d-cadb-4b08-a645-5268919e5a6e b21ba0208f24448fa7d1a3f68b4b6200 a41f40722aaa4c3bbf8603632511e87c - - default default] Successfully bumped revision number for resource ce507a3e-100c-461d-9a91-44b25d2f6b06 (type: security_groups) to 1
2026-05-12 06:54:54.001 9 INFO neutron.wsgi [req-c3e74864-3cce-4541-a209-c13353717442 req-47019309-3168-423a-afa1-78955ea43c2c 30164aa1ac0d458195ef529a82fe903d 1c9d341739b346fb9397045d27ec30e1 - - a7e71ca817e243b38e6fff875d8e0087 a7e71ca817e243b38e6fff875d8e0087] 199.204.45.235 "GET /v2.0/networks/7752aafb-5b99-4ea1-b69f-722415993f35?fields=segments HTTP/1.1" status: 200 len: 212 time: 0.0796626
2026-05-12 06:54:54.002 9 INFO neutron.db.ovn_revision_numbers_db [None req-a963b5d5-6c40-4a03-ae3a-8034ddec3e2c b21ba0208f24448fa7d1a3f68b4b6200 a41f40722aaa4c3bbf8603632511e87c - - default default] Successfully bumped revision number for resource f47ab111-da1a-47e7-b27d-1de38208fcca (type: security_group_rules) to 0
2026-05-12 06:54:54.015 10 INFO neutron.db.ovn_revision_numbers_db [None req-fa28565d-cadb-4b08-a645-5268919e5a6e b21ba0208f24448fa7d1a3f68b4b6200 a41f40722aaa4c3bbf8603632511e87c - - default default] Successfully bumped revision number for resource 398d7994-2481-4aab-b9f6-2e4feac4ccc3 (type: security_group_rules) to 0
2026-05-12 06:54:54.029 10 INFO neutron.db.ovn_revision_numbers_db [None req-fa28565d-cadb-4b08-a645-5268919e5a6e b21ba0208f24448fa7d1a3f68b4b6200 a41f40722aaa4c3bbf8603632511e87c - - default default] Successfully bumped revision number for resource b890f5d4-db82-4161-9ec9-4086c9dfa1f6 (type: security_group_rules) to 0
2026-05-12 06:54:54.036 9 INFO neutron.wsgi [None req-a963b5d5-6c40-4a03-ae3a-8034ddec3e2c b21ba0208f24448fa7d1a3f68b4b6200 a41f40722aaa4c3bbf8603632511e87c - - default default] 10.0.0.253 "GET /v2.0/security-groups?tenant_id=3af942447c024672b60c3465ba9717a9&name=default HTTP/1.1" status: 200 len: 3120 time: 0.6109655
2026-05-12 06:54:54.051 10 INFO neutron.db.ovn_revision_numbers_db [None req-fa28565d-cadb-4b08-a645-5268919e5a6e b21ba0208f24448fa7d1a3f68b4b6200 a41f40722aaa4c3bbf8603632511e87c - - default default] Successfully bumped revision number for resource d659e369-7597-42db-a09c-beb7d63b5fc7 (type: security_group_rules) to 0
2026-05-12 06:54:54.075 10 INFO neutron.db.ovn_revision_numbers_db [None req-fa28565d-cadb-4b08-a645-5268919e5a6e b21ba0208f24448fa7d1a3f68b4b6200 a41f40722aaa4c3bbf8603632511e87c - - default default] Successfully bumped revision number for resource f65391d7-099d-4d9a-aa8e-b50501c83d31 (type: security_group_rules) to 0
2026-05-12 06:54:54.089 9 INFO neutron.wsgi [req-c3e74864-3cce-4541-a209-c13353717442 req-aef47cd6-bc61-45a2-a55d-7696b6506c96 30164aa1ac0d458195ef529a82fe903d 1c9d341739b346fb9397045d27ec30e1 - - a7e71ca817e243b38e6fff875d8e0087 a7e71ca817e243b38e6fff875d8e0087] 199.204.45.235 "GET /v2.0/networks/7752aafb-5b99-4ea1-b69f-722415993f35?fields=provider%3Aphysical_network&fields=provider%3Anetwork_type HTTP/1.1" status: 200 len: 277 time: 0.0787637
2026-05-12 06:54:54.091 10 INFO neutron.db.ovn_revision_numbers_db [None req-da6975ed-89bf-44f7-8c82-3ec3cf55ea00 94ac117739c143389a43e766f10b961f cae795f32ef1466a91efeec9091b26d9 - - default default] Successfully bumped revision number for resource ea684a38-bc47-4cb8-bf3b-8473c6f9394c (type: security_group_rules) to 0
2026-05-12 06:54:54.112 10 INFO neutron.wsgi [None req-fa28565d-cadb-4b08-a645-5268919e5a6e b21ba0208f24448fa7d1a3f68b4b6200 a41f40722aaa4c3bbf8603632511e87c - - default default] 10.0.0.253 "GET /v2.0/security-groups?tenant_id=f71707e1075b4537b214ca2a256a594a&name=default HTTP/1.1" status: 200 len: 3120 time: 0.4767377
2026-05-12 06:54:54.149 10 INFO neutron.wsgi [None req-da6975ed-89bf-44f7-8c82-3ec3cf55ea00 94ac117739c143389a43e766f10b961f cae795f32ef1466a91efeec9091b26d9 - - default default] 10.0.0.253 "POST /v2.0/security-group-rules HTTP/1.1" status: 201 len: 796 time: 0.2311492
2026-05-12 06:54:54.163 10 WARNING neutron_lib.context [None req-4222dcc0-5dea-40c1-aa22-6d9497528d0b 94ac117739c143389a43e766f10b961f cae795f32ef1466a91efeec9091b26d9 - - default default] Method 'is_advsvc' is deprecated since 2023.2 release (neutron-lib 3.8.0) and will be removed once support for the old RBAC API policies will be removed from Neutron. Please use method 'is_service_role' instead.
2026-05-12 06:54:54.201 9 INFO neutron.wsgi [req-6be0a460-bb81-4d79-a1af-6556e2ccde36 req-d6dd51f7-86c1-44e6-900b-84d358e90d44 30164aa1ac0d458195ef529a82fe903d 1c9d341739b346fb9397045d27ec30e1 - - a7e71ca817e243b38e6fff875d8e0087 a7e71ca817e243b38e6fff875d8e0087] 199.204.45.235 "GET /v2.0/ports?tenant_id=cfddfb71f5714f1da8a822edddac18d3&device_id=608fbb12-567d-4cf0-9354-4e8459b41fed HTTP/1.1" status: 200 len: 1407 time: 0.0716395
2026-05-12 06:54:54.325 9 INFO neutron.wsgi [req-6be0a460-bb81-4d79-a1af-6556e2ccde36 req-5fa53c01-6372-48d0-9756-8f6f9d2f74a1 30164aa1ac0d458195ef529a82fe903d 1c9d341739b346fb9397045d27ec30e1 - - a7e71ca817e243b38e6fff875d8e0087 a7e71ca817e243b38e6fff875d8e0087] 199.204.45.235 "GET /v2.0/networks?id=7752aafb-5b99-4ea1-b69f-722415993f35 HTTP/1.1" status: 200 len: 971 time: 0.1150792
2026-05-12 06:54:54.385 9 INFO neutron.wsgi [req-6be0a460-bb81-4d79-a1af-6556e2ccde36 req-08f60be7-bb2d-4e8b-a5a2-30493ef7e9c3 30164aa1ac0d458195ef529a82fe903d 1c9d341739b346fb9397045d27ec30e1 - - a7e71ca817e243b38e6fff875d8e0087 a7e71ca817e243b38e6fff875d8e0087] 199.204.45.235 "GET /v2.0/floatingips?fixed_ip_address=10.100.0.6&port_id=f9b4ccce-2422-43eb-9571-aeefc5a4a49f HTTP/1.1" status: 200 len: 217 time: 0.0542786
2026-05-12 06:54:54.444 10 INFO neutron.db.ovn_revision_numbers_db [None req-4222dcc0-5dea-40c1-aa22-6d9497528d0b 94ac117739c143389a43e766f10b961f cae795f32ef1466a91efeec9091b26d9 - - default default] Successfully bumped revision number for resource c29c82a6-2337-4b5b-afec-59d621c01e51 (type: security_group_rules) to 0
2026-05-12 06:54:54.462 9 INFO neutron.wsgi [req-6be0a460-bb81-4d79-a1af-6556e2ccde36 req-14d44954-3878-4e75-9e04-6a3543523209 30164aa1ac0d458195ef529a82fe903d 1c9d341739b346fb9397045d27ec30e1 - - a7e71ca817e243b38e6fff875d8e0087 a7e71ca817e243b38e6fff875d8e0087] 199.204.45.235 "GET /v2.0/subnets?id=56c388ae-629d-4b39-9497-1a9a9937d327 HTTP/1.1" status: 200 len: 866 time: 0.0609527
2026-05-12 06:54:54.472 10 INFO neutron.wsgi [None req-178dfb56-56f4-455a-b8ac-3312b6d447dd b21ba0208f24448fa7d1a3f68b4b6200 a41f40722aaa4c3bbf8603632511e87c - - default default] 10.0.0.253 "DELETE /v2.0/security-groups/8f14c150-c18a-4dcc-8007-50d2701c8606 HTTP/1.1" status: 204 len: 168 time: 0.4300566
2026-05-12 06:54:54.488 10 INFO neutron.wsgi [None req-4222dcc0-5dea-40c1-aa22-6d9497528d0b 94ac117739c143389a43e766f10b961f cae795f32ef1466a91efeec9091b26d9 - - default default] 10.0.0.253 "POST /v2.0/security-group-rules HTTP/1.1" status: 201 len: 795 time: 0.3314295
2026-05-12 06:54:54.501 10 WARNING neutron_lib.context [None req-ccf24397-4e4c-4003-a80b-137899b2f6fd 94ac117739c143389a43e766f10b961f cae795f32ef1466a91efeec9091b26d9 - - default default] Method 'is_advsvc' is deprecated since 2023.2 release (neutron-lib 3.8.0) and will be removed once support for the old RBAC API policies will be removed from Neutron. Please use method 'is_service_role' instead.
2026-05-12 06:54:54.521 9 INFO neutron.wsgi [req-6be0a460-bb81-4d79-a1af-6556e2ccde36 req-c9ff0870-d475-419f-9b18-1c349ba3425e 30164aa1ac0d458195ef529a82fe903d 1c9d341739b346fb9397045d27ec30e1 - - a7e71ca817e243b38e6fff875d8e0087 a7e71ca817e243b38e6fff875d8e0087] 199.204.45.235 "GET /v2.0/ports?network_id=7752aafb-5b99-4ea1-b69f-722415993f35&device_owner=network%3Adhcp HTTP/1.1" status: 200 len: 210 time: 0.0528522
2026-05-12 06:54:54.652 9 INFO neutron.wsgi [req-6be0a460-bb81-4d79-a1af-6556e2ccde36 req-0b378f93-7b47-48d8-91ac-fc23a7c570a2 30164aa1ac0d458195ef529a82fe903d 1c9d341739b346fb9397045d27ec30e1 - - a7e71ca817e243b38e6fff875d8e0087 a7e71ca817e243b38e6fff875d8e0087] 199.204.45.235 "GET /v2.0/networks/7752aafb-5b99-4ea1-b69f-722415993f35?fields=segments HTTP/1.1" status: 200 len: 212 time: 0.1146305
2026-05-12 06:54:54.669 9 INFO neutron.wsgi [req-53a1c624-7fe7-4d31-a146-d41c4907be5d req-a6517337-cf4e-4f27-8467-086244639046 dcd12a266a194d20b6d5f2b500d38b72 cfddfb71f5714f1da8a822edddac18d3 - - default default] 10.0.0.169 "GET /v2.0/ports?device_id=608fbb12-567d-4cf0-9354-4e8459b41fed HTTP/1.1" status: 200 len: 1168 time: 0.0777996
2026-05-12 06:54:54.685 9 INFO neutron.wsgi [None req-2596d631-f004-4eb9-ad39-c98025d0f063 b21ba0208f24448fa7d1a3f68b4b6200 a41f40722aaa4c3bbf8603632511e87c - - default default] 10.0.0.253 "DELETE /v2.0/security-groups/ce507a3e-100c-461d-9a91-44b25d2f6b06 HTTP/1.1" status: 204 len: 168 time: 0.5672083
2026-05-12 06:54:54.696 10 INFO neutron.db.ovn_revision_numbers_db [None req-ccf24397-4e4c-4003-a80b-137899b2f6fd 94ac117739c143389a43e766f10b961f cae795f32ef1466a91efeec9091b26d9 - - default default] Successfully bumped revision number for resource bee7ac0f-4b67-4384-81af-512ab7fb6afb (type: security_group_rules) to 0
2026-05-12 06:54:54.723 9 INFO neutron.db.ovn_revision_numbers_db [None req-75e7a955-8b25-4a8d-8b56-85627a188632 - - - - - -] Successfully bumped revision number for resource 42d2159a-5502-4848-b824-c1dadf8b1a73 (type: ports) to 2
2026-05-12 06:54:54.747 10 INFO neutron.wsgi [None req-ccf24397-4e4c-4003-a80b-137899b2f6fd 94ac117739c143389a43e766f10b961f cae795f32ef1466a91efeec9091b26d9 - - default default] 10.0.0.253 "POST /v2.0/security-group-rules HTTP/1.1" status: 201 len: 801 time: 0.2502716
2026-05-12 06:54:54.765 10 WARNING neutron_lib.context [None req-cefed7ec-e769-4562-b6aa-2bfeef4f1c19 94ac117739c143389a43e766f10b961f cae795f32ef1466a91efeec9091b26d9 - - default default] Method 'is_advsvc' is deprecated since 2023.2 release (neutron-lib 3.8.0) and will be removed once support for the old RBAC API policies will be removed from Neutron. Please use method 'is_service_role' instead.
2026-05-12 06:54:54.778 9 INFO neutron.wsgi [req-53a1c624-7fe7-4d31-a146-d41c4907be5d req-a054e05f-d485-44d3-8351-904124e82ad1 dcd12a266a194d20b6d5f2b500d38b72 cfddfb71f5714f1da8a822edddac18d3 - - default default] 10.0.0.169 "GET /v2.0/security-groups?id=f3385086-cb97-407d-a38a-8b6d96be8413&fields=id&fields=name HTTP/1.1" status: 200 len: 286 time: 0.0968304
2026-05-12 06:54:54.786 9 INFO neutron.wsgi [req-6be0a460-bb81-4d79-a1af-6556e2ccde36 req-ee5ccb88-9422-4cd7-846d-4c657c8751f7 30164aa1ac0d458195ef529a82fe903d 1c9d341739b346fb9397045d27ec30e1 - - a7e71ca817e243b38e6fff875d8e0087 a7e71ca817e243b38e6fff875d8e0087] 199.204.45.235 "GET /v2.0/networks/7752aafb-5b99-4ea1-b69f-722415993f35?fields=provider%3Aphysical_network&fields=provider%3Anetwork_type HTTP/1.1" status: 200 len: 277 time: 0.1224411
2026-05-12 06:54:54.902 9 INFO neutron.db.ovn_revision_numbers_db [None req-75e7a955-8b25-4a8d-8b56-85627a188632 - - - - - -] Successfully bumped revision number for resource 42d2159a-5502-4848-b824-c1dadf8b1a73 (type: router_ports) to 2
2026-05-12 06:54:55.016 10 INFO neutron.db.ovn_revision_numbers_db [None req-cefed7ec-e769-4562-b6aa-2bfeef4f1c19 94ac117739c143389a43e766f10b961f cae795f32ef1466a91efeec9091b26d9 - - default default] Successfully bumped revision number for resource 52975a3a-11e3-426f-8340-e3e5b2537155 (type: security_group_rules) to 0
2026-05-12 06:54:55.051 10 INFO neutron.wsgi [None req-cefed7ec-e769-4562-b6aa-2bfeef4f1c19 94ac117739c143389a43e766f10b961f cae795f32ef1466a91efeec9091b26d9 - - default default] 10.0.0.253 "POST /v2.0/security-group-rules HTTP/1.1" status: 201 len: 800 time: 0.2918291
2026-05-12 06:54:55.069 9 WARNING neutron_lib.context [None req-5e140cb3-9132-44cb-a779-adffe2a7e99d 94ac117739c143389a43e766f10b961f cae795f32ef1466a91efeec9091b26d9 - - default default] Method 'is_advsvc' is deprecated since 2023.2 release (neutron-lib 3.8.0) and will be removed once support for the old RBAC API policies will be removed from Neutron. Please use method 'is_service_role' instead.
2026-05-12 06:54:55.119 9 INFO neutron.db.securitygroups_db [None req-5e140cb3-9132-44cb-a779-adffe2a7e99d 94ac117739c143389a43e766f10b961f cae795f32ef1466a91efeec9091b26d9 - - default default] Project cae795f32ef1466a91efeec9091b26d9 added a security group rule with legacy IPv6 ICMP protocol name icmp, ipv6-icmp should be used instead. It was automatically converted.
2026-05-12 06:54:55.242 9 INFO neutron.db.ovn_revision_numbers_db [None req-5e140cb3-9132-44cb-a779-adffe2a7e99d 94ac117739c143389a43e766f10b961f cae795f32ef1466a91efeec9091b26d9 - - default default] Successfully bumped revision number for resource 1a5187a1-6806-4c20-b338-57c291621ed5 (type: security_group_rules) to 0
2026-05-12 06:54:55.266 9 INFO neutron.wsgi [None req-5e140cb3-9132-44cb-a779-adffe2a7e99d 94ac117739c143389a43e766f10b961f cae795f32ef1466a91efeec9091b26d9 - - default default] 10.0.0.253 "POST /v2.0/security-group-rules HTTP/1.1" status: 201 len: 806 time: 0.2063711
2026-05-12 06:54:55.276 9 WARNING neutron_lib.context [None req-240f8332-763d-4c0b-a1ea-5b3c45811a82 94ac117739c143389a43e766f10b961f cae795f32ef1466a91efeec9091b26d9 - - default default] Method 'is_advsvc' is deprecated since 2023.2 release (neutron-lib 3.8.0) and will be removed once support for the old RBAC API policies will be removed from Neutron. Please use method 'is_service_role' instead.
2026-05-12 06:54:55.307 9 INFO neutron.db.securitygroups_db [None req-240f8332-763d-4c0b-a1ea-5b3c45811a82 94ac117739c143389a43e766f10b961f cae795f32ef1466a91efeec9091b26d9 - - default default] Project cae795f32ef1466a91efeec9091b26d9 added a security group rule with legacy IPv6 ICMP protocol name icmp, ipv6-icmp should be used instead. It was automatically converted.
2026-05-12 06:54:55.402 9 INFO neutron.db.ovn_revision_numbers_db [None req-240f8332-763d-4c0b-a1ea-5b3c45811a82 94ac117739c143389a43e766f10b961f cae795f32ef1466a91efeec9091b26d9 - - default default] Successfully bumped revision number for resource 8f38c248-df15-4511-9f30-e1719f7cbea0 (type: security_group_rules) to 0
2026-05-12 06:54:55.431 9 INFO neutron.wsgi [None req-240f8332-763d-4c0b-a1ea-5b3c45811a82 94ac117739c143389a43e766f10b961f cae795f32ef1466a91efeec9091b26d9 - - default default] 10.0.0.253 "POST /v2.0/security-group-rules HTTP/1.1" status: 201 len: 805 time: 0.1593952
2026-05-12 06:54:55.865 9 WARNING neutron_lib.context [None req-f679a5e3-6973-4c0c-bc9b-277e76cce58d 94ac117739c143389a43e766f10b961f cae795f32ef1466a91efeec9091b26d9 - - default default] Method 'is_advsvc' is deprecated since 2023.2 release (neutron-lib 3.8.0) and will be removed once support for the old RBAC API policies will be removed from Neutron. Please use method 'is_service_role' instead.
2026-05-12 06:54:56.004 9 INFO neutron.wsgi [req-321a1ce3-e026-41c0-9eb1-926ee46bb6d8 req-fcea4d63-891b-44be-a4f9-ddce342762c3 dcd12a266a194d20b6d5f2b500d38b72 cfddfb71f5714f1da8a822edddac18d3 - - default default] 10.0.0.169 "GET /v2.0/ports?device_id=608fbb12-567d-4cf0-9354-4e8459b41fed HTTP/1.1" status: 200 len: 1168 time: 0.1502013
2026-05-12 06:54:56.069 9 INFO neutron.wsgi [req-321a1ce3-e026-41c0-9eb1-926ee46bb6d8 req-fc8707bf-853e-41d2-83e8-5a11331ba965 dcd12a266a194d20b6d5f2b500d38b72 cfddfb71f5714f1da8a822edddac18d3 - - default default] 10.0.0.169 "GET /v2.0/security-groups?id=f3385086-cb97-407d-a38a-8b6d96be8413&fields=id&fields=name HTTP/1.1" status: 200 len: 286 time: 0.0572188
2026-05-12 06:54:56.082 9 INFO neutron.db.ovn_revision_numbers_db [None req-f679a5e3-6973-4c0c-bc9b-277e76cce58d 94ac117739c143389a43e766f10b961f cae795f32ef1466a91efeec9091b26d9 - - default default] Successfully bumped revision number for resource cf2235fc-85ee-4529-b009-ef142476e4e5 (type: security_groups) to 1
2026-05-12 06:54:56.103 9 INFO neutron.db.ovn_revision_numbers_db [None req-f679a5e3-6973-4c0c-bc9b-277e76cce58d 94ac117739c143389a43e766f10b961f cae795f32ef1466a91efeec9091b26d9 - - default default] Successfully bumped revision number for resource 7095858b-be4b-494c-8846-2644bc2ad97c (type: security_group_rules) to 0
2026-05-12 06:54:56.118 9 INFO neutron.db.ovn_revision_numbers_db [None req-f679a5e3-6973-4c0c-bc9b-277e76cce58d 94ac117739c143389a43e766f10b961f cae795f32ef1466a91efeec9091b26d9 - - default default] Successfully bumped revision number for resource f7b47eae-c445-4550-9fed-c47b2ef9c580 (type: security_group_rules) to 0
2026-05-12 06:54:56.142 9 INFO neutron.wsgi [None req-f679a5e3-6973-4c0c-bc9b-277e76cce58d 94ac117739c143389a43e766f10b961f cae795f32ef1466a91efeec9091b26d9 - - default default] 10.0.0.253 "POST /v2.0/security-groups HTTP/1.1" status: 201 len: 1860 time: 0.2792802
2026-05-12 06:54:56.156 9 WARNING neutron_lib.context [None req-0957b21b-3fca-452b-9795-5e3c99cbd8de 94ac117739c143389a43e766f10b961f cae795f32ef1466a91efeec9091b26d9 - - default default] Method 'is_advsvc' is deprecated since 2023.2 release (neutron-lib 3.8.0) and will be removed once support for the old RBAC API policies will be removed from Neutron. Please use method 'is_service_role' instead.
2026-05-12 06:54:56.296 9 INFO neutron.db.ovn_revision_numbers_db [None req-0957b21b-3fca-452b-9795-5e3c99cbd8de 94ac117739c143389a43e766f10b961f cae795f32ef1466a91efeec9091b26d9 - - default default] Successfully bumped revision number for resource dfa9e5a8-f899-47d1-b1cb-9db3aacbaf19 (type: security_group_rules) to 0
2026-05-12 06:54:56.322 9 INFO neutron.wsgi [None req-0957b21b-3fca-452b-9795-5e3c99cbd8de 94ac117739c143389a43e766f10b961f cae795f32ef1466a91efeec9091b26d9 - - default default] 10.0.0.253 "POST /v2.0/security-group-rules HTTP/1.1" status: 201 len: 796 time: 0.1740699
2026-05-12 06:54:56.333 9 WARNING neutron_lib.context [None req-1c4a84a0-f864-4695-99e9-b59651af130f 94ac117739c143389a43e766f10b961f cae795f32ef1466a91efeec9091b26d9 - - default default] Method 'is_advsvc' is deprecated since 2023.2 release (neutron-lib 3.8.0) and will be removed once support for the old RBAC API policies will be removed from Neutron. Please use method 'is_service_role' instead.
2026-05-12 06:54:56.460 9 INFO neutron.db.ovn_revision_numbers_db [None req-1c4a84a0-f864-4695-99e9-b59651af130f 94ac117739c143389a43e766f10b961f cae795f32ef1466a91efeec9091b26d9 - - default default] Successfully bumped revision number for resource 3ac1857e-b4b5-4bca-a69a-7c1f861a35ca (type: security_group_rules) to 0
2026-05-12 06:54:56.487 9 INFO neutron.wsgi [None req-1c4a84a0-f864-4695-99e9-b59651af130f 94ac117739c143389a43e766f10b961f cae795f32ef1466a91efeec9091b26d9 - - default default] 10.0.0.253 "POST /v2.0/security-group-rules HTTP/1.1" status: 201 len: 801 time: 0.1603818
2026-05-12 06:54:56.499 9 WARNING neutron_lib.context [None req-f7eada42-00ae-4212-b1c0-44223e89f11e 94ac117739c143389a43e766f10b961f cae795f32ef1466a91efeec9091b26d9 - - default default] Method 'is_advsvc' is deprecated since 2023.2 release (neutron-lib 3.8.0) and will be removed once support for the old RBAC API policies will be removed from Neutron. Please use method 'is_service_role' instead.
2026-05-12 06:54:56.765 9 WARNING neutron.scheduler.dhcp_agent_scheduler [None req-f7eada42-00ae-4212-b1c0-44223e89f11e 94ac117739c143389a43e766f10b961f cae795f32ef1466a91efeec9091b26d9 - - default default] No more DHCP agents
2026-05-12 06:54:56.768 9 WARNING neutron.api.rpc.agentnotifiers.dhcp_rpc_agent_api [None req-f7eada42-00ae-4212-b1c0-44223e89f11e 94ac117739c143389a43e766f10b961f cae795f32ef1466a91efeec9091b26d9 - - default default] Unable to schedule network cae6cf3d-5b03-4c98-a63d-f11840a293f2: no agents available; will retry on subsequent port and subnet creation events.
2026-05-12 06:54:57.138 9 INFO neutron.wsgi [None req-f7eada42-00ae-4212-b1c0-44223e89f11e 94ac117739c143389a43e766f10b961f cae795f32ef1466a91efeec9091b26d9 - - default default] 10.0.0.253 "POST /v2.0/floatingips HTTP/1.1" status: 201 len: 751 time: 0.6440074
2026-05-12 06:54:57.169 10 INFO neutron.wsgi [req-9a0d0158-3fd5-4b5b-aea9-7ed2f993e8d4 req-a938492d-92dd-4219-a777-1d795e5c79e6 dcd12a266a194d20b6d5f2b500d38b72 cfddfb71f5714f1da8a822edddac18d3 - - default default] 10.0.0.169 "GET /v2.0/ports?device_id=608fbb12-567d-4cf0-9354-4e8459b41fed HTTP/1.1" status: 200 len: 1168 time: 0.0394266
2026-05-12 06:54:57.263 10 INFO neutron.wsgi [req-9a0d0158-3fd5-4b5b-aea9-7ed2f993e8d4 req-5ce0c632-0366-4751-ac76-8ad61bf437f8 dcd12a266a194d20b6d5f2b500d38b72 cfddfb71f5714f1da8a822edddac18d3 - - default default] 10.0.0.169 "GET /v2.0/security-groups?id=f3385086-cb97-407d-a38a-8b6d96be8413&fields=id&fields=name HTTP/1.1" status: 200 len: 286 time: 0.0872095
2026-05-12 06:54:57.286 9 INFO neutron.wsgi [req-86f728f8-11a0-489d-801c-ea0cbdc6ac30 req-8324fdc6-a06d-4a4f-bde7-6c5dc43e8d38 94ac117739c143389a43e766f10b961f cae795f32ef1466a91efeec9091b26d9 - - default default] 10.0.0.169 "GET /v2.0/security-groups?name=tempest-secgroup-smoke-1178493916&fields=id&tenant_id=cae795f32ef1466a91efeec9091b26d9 HTTP/1.1" status: 200 len: 267 time: 0.0668638
2026-05-12 06:54:57.335 9 INFO neutron.wsgi [req-86f728f8-11a0-489d-801c-ea0cbdc6ac30 req-3c4af73e-f71b-4174-b427-746689d0ad85 94ac117739c143389a43e766f10b961f cae795f32ef1466a91efeec9091b26d9 - - default default] 10.0.0.169 "GET /v2.0/security-groups?name=tempest-securitygroup--376278758&fields=id&tenant_id=cae795f32ef1466a91efeec9091b26d9 HTTP/1.1" status: 200 len: 267 time: 0.0415151
2026-05-12 06:54:57.421 9 INFO neutron.wsgi [req-86f728f8-11a0-489d-801c-ea0cbdc6ac30 req-54ee7774-6e67-44de-9f92-95d033cd2337 94ac117739c143389a43e766f10b961f cae795f32ef1466a91efeec9091b26d9 - - default default] 10.0.0.169 "GET /v2.0/networks?id=28f00a12-2029-44e6-b59f-c67192797185 HTTP/1.1" status: 200 len: 872 time: 0.0775876
2026-05-12 06:54:57.440 9 INFO neutron.wsgi [req-86f728f8-11a0-489d-801c-ea0cbdc6ac30 req-92752f09-3b78-4a46-b092-3a6fc0405719 94ac117739c143389a43e766f10b961f cae795f32ef1466a91efeec9091b26d9 - - default default] 10.0.0.169 "GET /v2.0/quotas/cae795f32ef1466a91efeec9091b26d9 HTTP/1.1" status: 200 len: 491 time: 0.0124121
2026-05-12 06:54:57.565 9 INFO neutron.wsgi [req-86f728f8-11a0-489d-801c-ea0cbdc6ac30 req-c7b56ebf-42f0-42e0-9c76-9046d9fe3df8 94ac117739c143389a43e766f10b961f cae795f32ef1466a91efeec9091b26d9 - - default default] 10.0.0.169 "GET /v2.0/ports?tenant_id=cae795f32ef1466a91efeec9091b26d9&fields=id HTTP/1.1" status: 200 len: 302 time: 0.1201923
2026-05-12 06:54:57.737 9 INFO neutron.wsgi [req-86f728f8-11a0-489d-801c-ea0cbdc6ac30 req-bc0958a0-7d5a-4007-b424-663e9308369a 30164aa1ac0d458195ef529a82fe903d 1c9d341739b346fb9397045d27ec30e1 - - a7e71ca817e243b38e6fff875d8e0087 a7e71ca817e243b38e6fff875d8e0087] 10.0.0.169 "GET /v2.0/networks/28f00a12-2029-44e6-b59f-c67192797185?fields=segments HTTP/1.1" status: 200 len: 212 time: 0.1494176
2026-05-12 06:54:57.809 9 INFO neutron.wsgi [req-86f728f8-11a0-489d-801c-ea0cbdc6ac30 req-04eb06de-f4ed-400a-aaa4-0e9944847835 30164aa1ac0d458195ef529a82fe903d 1c9d341739b346fb9397045d27ec30e1 - - a7e71ca817e243b38e6fff875d8e0087 a7e71ca817e243b38e6fff875d8e0087] 10.0.0.169 "GET /v2.0/networks/28f00a12-2029-44e6-b59f-c67192797185?fields=provider%3Aphysical_network&fields=provider%3Anetwork_type HTTP/1.1" status: 200 len: 277 time: 0.0679250
2026-05-12 06:54:57.877 9 WARNING neutron_lib.context [None req-4a77316d-1b94-492f-ae94-babd4da205f1 088985daa5044f839649f657a8e62680 bba9fb5f96ee47eb9d80cf21b1927615 - - default default] Method 'is_advsvc' is deprecated since 2023.2 release (neutron-lib 3.8.0) and will be removed once support for the old RBAC API policies will be removed from Neutron. Please use method 'is_service_role' instead.
2026-05-12 06:54:57.966 9 INFO neutron.wsgi [req-0d1e1f4c-541d-4ec6-a31a-91673cac2eeb req-d871913a-645c-437e-9e7a-0895c7146924 94ac117739c143389a43e766f10b961f cae795f32ef1466a91efeec9091b26d9 - - default default] 10.0.0.169 "GET /v2.0/ports?device_id=f40583b7-9359-43a3-8139-b370e0798c75 HTTP/1.1" status: 200 len: 210 time: 0.0228240
2026-05-12 06:54:58.019 9 INFO neutron.db.ovn_revision_numbers_db [None req-4a77316d-1b94-492f-ae94-babd4da205f1 088985daa5044f839649f657a8e62680 bba9fb5f96ee47eb9d80cf21b1927615 - - default default] Successfully bumped revision number for resource 3d479d2d-1851-45ea-b8fb-47c706169aa7 (type: security_groups) to 1
2026-05-12 06:54:58.032 9 INFO neutron.db.ovn_revision_numbers_db [None req-4a77316d-1b94-492f-ae94-babd4da205f1 088985daa5044f839649f657a8e62680 bba9fb5f96ee47eb9d80cf21b1927615 - - default default] Successfully bumped revision number for resource 6d9c70c4-eb73-412e-929a-d9096204508d (type: security_group_rules) to 0
2026-05-12 06:54:58.044 9 INFO neutron.db.ovn_revision_numbers_db [None req-4a77316d-1b94-492f-ae94-babd4da205f1 088985daa5044f839649f657a8e62680 bba9fb5f96ee47eb9d80cf21b1927615 - - default default] Successfully bumped revision number for resource b06e9cc5-cc80-4ac1-b59b-70b3541cbd0c (type: security_group_rules) to 0
2026-05-12 06:54:58.044 10 INFO neutron.wsgi [None req-53bfa90b-adbb-4ce0-a325-33618d03d434 34cdcaf868c34d10ae6245ea083f6cb6 460ad223c08a4e2cbf7fa91f2b0e4b11 - - default default] 10.0.0.102 "GET /v2.0/extensions HTTP/1.1" status: 200 len: 18683 time: 0.0396004
2026-05-12 06:54:58.056 9 INFO neutron.db.ovn_revision_numbers_db [None req-4a77316d-1b94-492f-ae94-babd4da205f1 088985daa5044f839649f657a8e62680 bba9fb5f96ee47eb9d80cf21b1927615 - - default default] Successfully bumped revision number for resource d0f7d209-444a-483c-b597-8a77f41963d6 (type: security_group_rules) to 0
2026-05-12 06:54:58.088 9 INFO neutron.db.ovn_revision_numbers_db [None req-4a77316d-1b94-492f-ae94-babd4da205f1 088985daa5044f839649f657a8e62680 bba9fb5f96ee47eb9d80cf21b1927615 - - default default] Successfully bumped revision number for resource f8935b1d-e4f3-4cbe-a727-adf33895a6f1 (type: security_group_rules) to 0
2026-05-12 06:54:58.167 9 INFO neutron.db.segments_db [None req-4a77316d-1b94-492f-ae94-babd4da205f1 088985daa5044f839649f657a8e62680 bba9fb5f96ee47eb9d80cf21b1927615 - - default default] Added segment 34940030-aee8-454c-8a69-b387b6e49476 of type geneve for network 5c474226-847b-4d30-8d44-438458342f12
2026-05-12 06:54:58.243 10 INFO neutron.wsgi [None req-95c54bf7-321b-41db-a12b-6d434b570d98 34cdcaf868c34d10ae6245ea083f6cb6 460ad223c08a4e2cbf7fa91f2b0e4b11 - - default default] 10.0.0.102 "GET /v2.0/quotas/460ad223c08a4e2cbf7fa91f2b0e4b11/details HTTP/1.1" status: 200 len: 1046 time: 0.1819994
2026-05-12 06:54:58.378 9 INFO neutron.db.ovn_revision_numbers_db [None req-4a77316d-1b94-492f-ae94-babd4da205f1 088985daa5044f839649f657a8e62680 bba9fb5f96ee47eb9d80cf21b1927615 - - default default] Successfully bumped revision number for resource 5c474226-847b-4d30-8d44-438458342f12 (type: networks) to 1
2026-05-12 06:54:58.385 9 INFO neutron.wsgi [req-b4751533-106b-4adb-a85f-01a9b870ecae req-14c8d1c5-effc-47ac-b96e-860258bb19b7 dcd12a266a194d20b6d5f2b500d38b72 cfddfb71f5714f1da8a822edddac18d3 - - default default] 10.0.0.169 "GET /v2.0/ports?device_id=608fbb12-567d-4cf0-9354-4e8459b41fed HTTP/1.1" status: 200 len: 1168 time: 0.0650432
2026-05-12 06:54:58.447 9 INFO neutron.wsgi [req-b4751533-106b-4adb-a85f-01a9b870ecae req-c8b77a51-2039-46fd-a7ce-be2e140f58a3 dcd12a266a194d20b6d5f2b500d38b72 cfddfb71f5714f1da8a822edddac18d3 - - default default] 10.0.0.169 "GET /v2.0/security-groups?id=f3385086-cb97-407d-a38a-8b6d96be8413&fields=id&fields=name HTTP/1.1" status: 200 len: 286 time: 0.0518355
2026-05-12 06:54:58.606 10 WARNING neutron.plugins.ml2.drivers.ovn.mech_driver.ovsdb.ovn_client [None req-13540f74-58b1-48e3-9916-68cb788c84d1 - - - - - -] No hosting information found for port 08e81255-4fce-4515-a947-03981099e83e: RuntimeError: No hosting information found for port 08e81255-4fce-4515-a947-03981099e83e
2026-05-12 06:54:58.615 9 WARNING neutron.scheduler.dhcp_agent_scheduler [None req-4a77316d-1b94-492f-ae94-babd4da205f1 088985daa5044f839649f657a8e62680 bba9fb5f96ee47eb9d80cf21b1927615 - - default default] No more DHCP agents
2026-05-12 06:54:58.616 9 WARNING neutron.api.rpc.agentnotifiers.dhcp_rpc_agent_api [None req-4a77316d-1b94-492f-ae94-babd4da205f1 088985daa5044f839649f657a8e62680 bba9fb5f96ee47eb9d80cf21b1927615 - - default default] Unable to schedule network 5c474226-847b-4d30-8d44-438458342f12: no agents available; will retry on subsequent port and subnet creation events.
2026-05-12 06:54:58.698 9 INFO neutron.db.ovn_revision_numbers_db [None req-4a77316d-1b94-492f-ae94-babd4da205f1 088985daa5044f839649f657a8e62680 bba9fb5f96ee47eb9d80cf21b1927615 - - default default] Successfully bumped revision number for resource 30d6c5a8-581b-4d6a-97cb-9667cf6bad54 (type: ports) to 1
2026-05-12 06:54:58.722 9 INFO neutron.wsgi [None req-4a77316d-1b94-492f-ae94-babd4da205f1 088985daa5044f839649f657a8e62680 bba9fb5f96ee47eb9d80cf21b1927615 - - default default] 10.0.0.253 "POST /v2.0/networks HTTP/1.1" status: 201 len: 830 time: 0.9784048
2026-05-12 06:54:58.746 9 WARNING neutron_lib.context [None req-f0797f0a-8a26-47f8-96c0-40eeb62cec24 088985daa5044f839649f657a8e62680 bba9fb5f96ee47eb9d80cf21b1927615 - - default default] Method 'is_advsvc' is deprecated since 2023.2 release (neutron-lib 3.8.0) and will be removed once support for the old RBAC API policies will be removed from Neutron. Please use method 'is_service_role' instead.
2026-05-12 06:54:58.824 9 INFO neutron.wsgi [req-86f728f8-11a0-489d-801c-ea0cbdc6ac30 req-cf882578-1c6d-4161-a64f-53295a2af653 94ac117739c143389a43e766f10b961f cae795f32ef1466a91efeec9091b26d9 - - default default] 199.204.45.235 "GET /v2.0/networks?id=28f00a12-2029-44e6-b59f-c67192797185 HTTP/1.1" status: 200 len: 872 time: 0.0736928
2026-05-12 06:54:59.089 10 INFO neutron.wsgi [req-f4565045-f389-423b-ad5a-8c8199d70ef0 req-fe3117c8-5583-4ec2-8671-41862a755ded 94ac117739c143389a43e766f10b961f cae795f32ef1466a91efeec9091b26d9 - - default default] 10.0.0.169 "GET /v2.0/ports?device_id=f40583b7-9359-43a3-8139-b370e0798c75 HTTP/1.1" status: 200 len: 210 time: 0.0343280
2026-05-12 06:54:59.139 9 INFO neutron.wsgi [req-86f728f8-11a0-489d-801c-ea0cbdc6ac30 req-b8e21583-0669-4521-a902-5a24a1cb1162 94ac117739c143389a43e766f10b961f cae795f32ef1466a91efeec9091b26d9 - - default default] 199.204.45.235 "GET /v2.0/security-groups?fields=id&fields=name&tenant_id=cae795f32ef1466a91efeec9091b26d9 HTTP/1.1" status: 200 len: 472 time: 0.3009658
2026-05-12 06:54:59.154 9 WARNING neutron_lib.context [req-86f728f8-11a0-489d-801c-ea0cbdc6ac30 req-c127a570-ec80-4bbc-8800-3a65f53e44ef 94ac117739c143389a43e766f10b961f cae795f32ef1466a91efeec9091b26d9 - - default default] Method 'is_advsvc' is deprecated since 2023.2 release (neutron-lib 3.8.0) and will be removed once support for the old RBAC API policies will be removed from Neutron. Please use method 'is_service_role' instead.
2026-05-12 06:54:59.291 9 WARNING neutron.scheduler.dhcp_agent_scheduler [None req-f0797f0a-8a26-47f8-96c0-40eeb62cec24 088985daa5044f839649f657a8e62680 bba9fb5f96ee47eb9d80cf21b1927615 - - default default] No more DHCP agents
2026-05-12 06:54:59.295 9 WARNING neutron.api.rpc.agentnotifiers.dhcp_rpc_agent_api [None req-f0797f0a-8a26-47f8-96c0-40eeb62cec24 088985daa5044f839649f657a8e62680 bba9fb5f96ee47eb9d80cf21b1927615 - - default default] Unable to schedule network 5c474226-847b-4d30-8d44-438458342f12: no agents available; will retry on subsequent port and subnet creation events.
