2026-05-12 06:52:56.916 9 WARNING neutron.scheduler.dhcp_agent_scheduler [None req-0b537201-71f9-492f-806a-5af63a475edc 76f6ae8cd8064ff8bcc04f8844599a1f 7134f9c1b4674222853e9bf92c4bef65 - - default default] No more DHCP agents
2026-05-12 06:52:56.919 9 WARNING neutron.api.rpc.agentnotifiers.dhcp_rpc_agent_api [None req-0b537201-71f9-492f-806a-5af63a475edc 76f6ae8cd8064ff8bcc04f8844599a1f 7134f9c1b4674222853e9bf92c4bef65 - - default default] Unable to schedule network 763a6e3e-071b-48c5-be8d-2aaa44106ae1: no agents available; will retry on subsequent port and subnet creation events.
2026-05-12 06:52:57.033 9 INFO neutron.db.ovn_revision_numbers_db [None req-0b537201-71f9-492f-806a-5af63a475edc 76f6ae8cd8064ff8bcc04f8844599a1f 7134f9c1b4674222853e9bf92c4bef65 - - default default] Successfully bumped revision number for resource abbf8c21-bd2e-4c91-bdfc-300579bfa20c (type: ports) to 1
2026-05-12 06:52:57.059 9 INFO neutron.wsgi [None req-0b537201-71f9-492f-806a-5af63a475edc 76f6ae8cd8064ff8bcc04f8844599a1f 7134f9c1b4674222853e9bf92c4bef65 - - default default] 10.0.0.253 "POST /v2.0/ports HTTP/1.1" status: 201 len: 1126 time: 0.5123053
2026-05-12 06:52:57.168 9 INFO neutron.wsgi [req-6c420f86-eee1-400d-bae1-f99c73f5cc81 req-fd27eb26-d53b-4b12-a686-70055fd4afe2 25c49102921045f39d6a07df15462235 d82dfd5be93540ff86770926285ba28a - - default default] 199.204.45.235 "GET /v2.0/networks?id=bd794318-8205-495b-8ca3-0bd71e33f64f HTTP/1.1" status: 200 len: 877 time: 0.0897970
2026-05-12 06:52:57.180 9 WARNING neutron_lib.context [req-6c420f86-eee1-400d-bae1-f99c73f5cc81 req-390a882a-6e71-4cf7-9236-b3e6fc29368e 25c49102921045f39d6a07df15462235 d82dfd5be93540ff86770926285ba28a - - default default] Method 'is_advsvc' is deprecated since 2023.2 release (neutron-lib 3.8.0) and will be removed once support for the old RBAC API policies will be removed from Neutron. Please use method 'is_service_role' instead.
2026-05-12 06:52:57.274 10 INFO neutron.db.ovn_revision_numbers_db [req-c9754e47-fad0-4607-9bcd-88241e4fd535 req-49baccb8-247e-4d64-8540-9c5c0694fa87 30164aa1ac0d458195ef529a82fe903d 1c9d341739b346fb9397045d27ec30e1 - - a7e71ca817e243b38e6fff875d8e0087 a7e71ca817e243b38e6fff875d8e0087] Successfully bumped revision number for resource 8dc23171-1799-4839-95c3-c2b3651a1f58 (type: ports) to 2
2026-05-12 06:52:57.295 10 INFO neutron.wsgi [req-c9754e47-fad0-4607-9bcd-88241e4fd535 req-49baccb8-247e-4d64-8540-9c5c0694fa87 30164aa1ac0d458195ef529a82fe903d 1c9d341739b346fb9397045d27ec30e1 - - a7e71ca817e243b38e6fff875d8e0087 a7e71ca817e243b38e6fff875d8e0087] 199.204.45.235 "PUT /v2.0/ports/8dc23171-1799-4839-95c3-c2b3651a1f58 HTTP/1.1" status: 200 len: 1376 time: 0.9969587
2026-05-12 06:52:57.343 10 INFO neutron.notifiers.nova [-] Nova event matching ['req-d601b327-7a7e-46b8-b236-1f6e12ae409f'] response: {'name': 'network-changed', 'server_uuid': '18cac0a8-2474-4ac2-aab6-f77ab173cebc', 'tag': '8dc23171-1799-4839-95c3-c2b3651a1f58', 'status': 'completed', 'code': 200} /var/lib/openstack/lib/python3.10/site-packages/pycadf/identifier.py:71: UserWarning: Invalid uuid: neutron. To ensure interoperability, identifiers should be a valid uuid. warnings.warn(('Invalid uuid: %s. To ensure interoperability, '
2026-05-12 06:52:57.410 10 INFO neutron.wsgi [req-c9b3c02f-185a-469c-9021-af38bb02626e req-3f6383d4-68cc-4a0a-a5e7-552e0856bc80 30164aa1ac0d458195ef529a82fe903d 1c9d341739b346fb9397045d27ec30e1 - - a7e71ca817e243b38e6fff875d8e0087 a7e71ca817e243b38e6fff875d8e0087] 199.204.45.235 "GET /v2.0/ports?tenant_id=c075a29f85e844029e49b60477be61cc&device_id=18cac0a8-2474-4ac2-aab6-f77ab173cebc HTTP/1.1" status: 200 len: 1407 time: 0.0364087
2026-05-12 06:52:57.480 9 INFO neutron.wsgi [None req-5c7cee8b-3379-489b-b75e-52b5a01bd31c 76f6ae8cd8064ff8bcc04f8844599a1f 7134f9c1b4674222853e9bf92c4bef65 - - default default] 10.0.0.253 "DELETE /v2.0/ports/abbf8c21-bd2e-4c91-bdfc-300579bfa20c HTTP/1.1" status: 204 len: 168 time: 0.4096339
2026-05-12 06:52:57.487 10 INFO neutron.wsgi [req-54e55a14-2fb3-47f7-88a3-9916a88a6a24 req-e825ba93-906b-40fc-9113-32dbabee2935 25c49102921045f39d6a07df15462235 d82dfd5be93540ff86770926285ba28a - - default default] 10.0.0.169 "GET /v2.0/ports?device_id=5a18df8e-8ded-4f67-aa55-4a47b9b068ae HTTP/1.1" status: 200 len: 210 time: 0.0411935
2026-05-12 06:52:57.508 9 INFO neutron.pecan_wsgi.hooks.translation [None req-d6c55978-90bd-4923-9949-4804279d2e4d 76f6ae8cd8064ff8bcc04f8844599a1f 7134f9c1b4674222853e9bf92c4bef65 - - default default] GET failed (client error): The resource could not be found.
2026-05-12 06:52:57.509 9 INFO neutron.wsgi [None req-d6c55978-90bd-4923-9949-4804279d2e4d 76f6ae8cd8064ff8bcc04f8844599a1f 7134f9c1b4674222853e9bf92c4bef65 - - default default] 10.0.0.253 "GET /v2.0/ports/abbf8c21-bd2e-4c91-bdfc-300579bfa20c HTTP/1.1" status: 404 len: 333 time: 0.0218654
2026-05-12 06:52:57.527 10 INFO neutron.wsgi [req-c9b3c02f-185a-469c-9021-af38bb02626e req-6ac45ed3-d5eb-4d3a-b2ab-3690b234a0df 30164aa1ac0d458195ef529a82fe903d 1c9d341739b346fb9397045d27ec30e1 - - a7e71ca817e243b38e6fff875d8e0087 a7e71ca817e243b38e6fff875d8e0087] 199.204.45.235 "GET /v2.0/networks?tenant_id=c075a29f85e844029e49b60477be61cc&shared=False HTTP/1.1" status: 200 len: 973 time: 0.1073527
2026-05-12 06:52:57.587 9 WARNING neutron.scheduler.dhcp_agent_scheduler [req-6c420f86-eee1-400d-bae1-f99c73f5cc81 req-390a882a-6e71-4cf7-9236-b3e6fc29368e 25c49102921045f39d6a07df15462235 d82dfd5be93540ff86770926285ba28a - - default default] No more DHCP agents
2026-05-12 06:52:57.590 9 WARNING neutron.api.rpc.agentnotifiers.dhcp_rpc_agent_api [req-6c420f86-eee1-400d-bae1-f99c73f5cc81 req-390a882a-6e71-4cf7-9236-b3e6fc29368e 25c49102921045f39d6a07df15462235 d82dfd5be93540ff86770926285ba28a - - default default] Unable to schedule network bd794318-8205-495b-8ca3-0bd71e33f64f: no agents available; will retry on subsequent port and subnet creation events.
2026-05-12 06:52:57.636 10 WARNING neutron.plugins.ml2.drivers.ovn.mech_driver.ovsdb.ovn_client [None req-13540f74-58b1-48e3-9916-68cb788c84d1 - - - - - -] No hosting information found for port 860cb135-f444-4017-8f29-600d9bd9b3e2: RuntimeError: No hosting information found for port 860cb135-f444-4017-8f29-600d9bd9b3e2
2026-05-12 06:52:57.670 10 INFO neutron.wsgi [req-c9b3c02f-185a-469c-9021-af38bb02626e req-393e2369-c1c2-4e79-b639-b4abab29f888 30164aa1ac0d458195ef529a82fe903d 1c9d341739b346fb9397045d27ec30e1 - - a7e71ca817e243b38e6fff875d8e0087 a7e71ca817e243b38e6fff875d8e0087] 199.204.45.235 "GET /v2.0/networks?shared=True HTTP/1.1" status: 200 len: 952 time: 0.1327589
2026-05-12 06:52:57.763 10 INFO neutron.wsgi [req-c9754e47-fad0-4607-9bcd-88241e4fd535 req-d5c3b289-4f9b-469e-be12-0d9cafa604e3 30164aa1ac0d458195ef529a82fe903d 1c9d341739b346fb9397045d27ec30e1 - - a7e71ca817e243b38e6fff875d8e0087 a7e71ca817e243b38e6fff875d8e0087] 199.204.45.235 "GET /v2.0/ports?tenant_id=c075a29f85e844029e49b60477be61cc&device_id=18cac0a8-2474-4ac2-aab6-f77ab173cebc HTTP/1.1" status: 200 len: 1407 time: 0.0625267
2026-05-12 06:52:57.768 9 INFO neutron.db.ovn_revision_numbers_db [req-6c420f86-eee1-400d-bae1-f99c73f5cc81 req-390a882a-6e71-4cf7-9236-b3e6fc29368e 25c49102921045f39d6a07df15462235 d82dfd5be93540ff86770926285ba28a - - default default] Successfully bumped revision number for resource b3734802-8f6f-4691-8a66-744734d9704a (type: ports) to 1
2026-05-12 06:52:57.793 9 INFO neutron.wsgi [req-6c420f86-eee1-400d-bae1-f99c73f5cc81 req-390a882a-6e71-4cf7-9236-b3e6fc29368e 25c49102921045f39d6a07df15462235 d82dfd5be93540ff86770926285ba28a - - default default] 199.204.45.235 "POST /v2.0/ports HTTP/1.1" status: 201 len: 1162 time: 0.6188483
2026-05-12 06:52:57.797 10 INFO neutron.wsgi [req-c9754e47-fad0-4607-9bcd-88241e4fd535 req-8f4de10c-278f-473f-abc6-7504209381aa 30164aa1ac0d458195ef529a82fe903d 1c9d341739b346fb9397045d27ec30e1 - - a7e71ca817e243b38e6fff875d8e0087 a7e71ca817e243b38e6fff875d8e0087] 199.204.45.235 "GET /v2.0/floatingips?fixed_ip_address=10.100.0.3&port_id=8dc23171-1799-4839-95c3-c2b3651a1f58 HTTP/1.1" status: 200 len: 217 time: 0.0275738 /var/lib/openstack/lib/python3.10/site-packages/pycadf/identifier.py:71: UserWarning: Invalid uuid: neutron. To ensure interoperability, identifiers should be a valid uuid. warnings.warn(('Invalid uuid: %s. To ensure interoperability, '
2026-05-12 06:52:57.839 10 INFO neutron.wsgi [req-c9754e47-fad0-4607-9bcd-88241e4fd535 req-12610e4d-1d05-4bbf-bb4b-e8c68070717c 30164aa1ac0d458195ef529a82fe903d 1c9d341739b346fb9397045d27ec30e1 - - a7e71ca817e243b38e6fff875d8e0087 a7e71ca817e243b38e6fff875d8e0087] 199.204.45.235 "GET /v2.0/subnets?id=f85b5397-2cd7-4e3e-a972-abb06bd217dc HTTP/1.1" status: 200 len: 868 time: 0.0331964
2026-05-12 06:52:57.844 10 INFO neutron.wsgi [None req-01d572c2-ef2e-4a4b-93b9-a6bf0aeb677d 76f6ae8cd8064ff8bcc04f8844599a1f 7134f9c1b4674222853e9bf92c4bef65 - - default default] 10.0.0.253 "DELETE /v2.0/subnets/1c4dd772-ea09-40a1-b69a-6c993519e1cf HTTP/1.1" status: 204 len: 168 time: 0.3289821
2026-05-12 06:52:57.885 10 INFO neutron.wsgi [req-c9754e47-fad0-4607-9bcd-88241e4fd535 req-fd8fce2f-523e-445c-b931-684a802759de 30164aa1ac0d458195ef529a82fe903d 1c9d341739b346fb9397045d27ec30e1 - - a7e71ca817e243b38e6fff875d8e0087 a7e71ca817e243b38e6fff875d8e0087] 199.204.45.235 "GET /v2.0/ports?network_id=29a114ab-f552-4848-b38e-97bc8cc9f245&device_owner=network%3Adhcp HTTP/1.1" status: 200 len: 210 time: 0.0354714
2026-05-12 06:52:57.989 10 INFO neutron.wsgi [req-c9754e47-fad0-4607-9bcd-88241e4fd535 req-40f7d880-e9f5-44eb-9bf0-7afe5706db27 30164aa1ac0d458195ef529a82fe903d 1c9d341739b346fb9397045d27ec30e1 - - a7e71ca817e243b38e6fff875d8e0087 a7e71ca817e243b38e6fff875d8e0087] 199.204.45.235 "GET /v2.0/networks/29a114ab-f552-4848-b38e-97bc8cc9f245?fields=segments HTTP/1.1" status: 200 len: 212 time: 0.0969896
2026-05-12 06:52:58.018 9 INFO neutron.wsgi [req-088e2883-26a8-476d-9b52-0a81c33d9909 req-5cd620c0-66fe-4ee0-bc07-680742239107 c785666f3446458c8c636b9ce18e504d c075a29f85e844029e49b60477be61cc - - default default] 10.0.0.169 "GET /v2.0/ports?device_id=18cac0a8-2474-4ac2-aab6-f77ab173cebc HTTP/1.1" status: 200 len: 1168 time: 0.0499139
2026-05-12 06:52:58.083 10 INFO neutron.wsgi [req-c9754e47-fad0-4607-9bcd-88241e4fd535 req-75ed54f6-7f8b-4871-9dca-25536c91a9dc 30164aa1ac0d458195ef529a82fe903d 1c9d341739b346fb9397045d27ec30e1 - - a7e71ca817e243b38e6fff875d8e0087 a7e71ca817e243b38e6fff875d8e0087] 199.204.45.235 "GET /v2.0/networks/29a114ab-f552-4848-b38e-97bc8cc9f245?fields=provider%3Aphysical_network&fields=provider%3Anetwork_type HTTP/1.1" status: 200 len: 277 time: 0.0883212
2026-05-12 06:52:58.086 9 INFO neutron.wsgi [req-088e2883-26a8-476d-9b52-0a81c33d9909 req-89b1b256-5092-414c-9502-9ebbd74b6ead c785666f3446458c8c636b9ce18e504d c075a29f85e844029e49b60477be61cc - - default default] 10.0.0.169 "GET /v2.0/security-groups?id=eb78501c-15c5-467c-8ba0-44213006c401&fields=id&fields=name HTTP/1.1" status: 200 len: 313 time: 0.0617902
2026-05-12 06:52:58.359 9 INFO neutron.db.ovn_revision_numbers_db [req-6c420f86-eee1-400d-bae1-f99c73f5cc81 req-c8661de4-0765-48c9-9b66-3d2b4a736d64 30164aa1ac0d458195ef529a82fe903d 1c9d341739b346fb9397045d27ec30e1 - - a7e71ca817e243b38e6fff875d8e0087 a7e71ca817e243b38e6fff875d8e0087] Successfully bumped revision number for resource b3734802-8f6f-4691-8a66-744734d9704a (type: ports) to 2
2026-05-12 06:52:58.380 10 INFO neutron.services.segments.plugin [-] Segment 793c22ec-45e6-4e07-a1da-175db25367a8 resource provider aggregate not found
2026-05-12 06:52:58.384 10 INFO neutron.services.segments.plugin [-] Segment 793c22ec-45e6-4e07-a1da-175db25367a8 resource provider aggregate not found
2026-05-12 06:52:58.399 10 INFO neutron.services.segments.plugin [-] Segment 793c22ec-45e6-4e07-a1da-175db25367a8 resource provider not found; error: Placement Client Error (4xx): {"errors": [{"status": 404, "title": "Not Found", "detail": "The resource could not be found.\n\n No resource provider with uuid 793c22ec-45e6-4e07-a1da-175db25367a8 found for delete ", "request_id": "req-7580f715-ea8a-4093-9b38-802d6635e3eb"}]}
2026-05-12 06:52:58.412 10 INFO neutron.services.segments.plugin [-] Segment 793c22ec-45e6-4e07-a1da-175db25367a8 resource provider not found; error: Placement Client Error (4xx): {"errors": [{"status": 404, "title": "Not Found", "detail": "The resource could not be found.\n\n No resource provider with uuid 793c22ec-45e6-4e07-a1da-175db25367a8 found for delete ", "request_id": "req-ddc630b4-642c-4fd7-ba94-b0a03e9cdda3"}]}
2026-05-12 06:52:58.440 10 INFO neutron.wsgi [None req-b737ac8f-c9b2-4f6c-aaaf-795b40880149 76f6ae8cd8064ff8bcc04f8844599a1f 7134f9c1b4674222853e9bf92c4bef65 - - default default] 10.0.0.253 "DELETE /v2.0/networks/763a6e3e-071b-48c5-be8d-2aaa44106ae1 HTTP/1.1" status: 204 len: 168 time: 0.5893109
2026-05-12 06:52:58.451 10 WARNING neutron_lib.context [None req-b6810db8-424e-4cab-991c-44df17bf4a9c 76f6ae8cd8064ff8bcc04f8844599a1f 7134f9c1b4674222853e9bf92c4bef65 - - default default] Method 'is_advsvc' is deprecated since 2023.2 release (neutron-lib 3.8.0) and will be removed once support for the old RBAC API policies will be removed from Neutron. Please use method 'is_service_role' instead.
2026-05-12 06:52:58.589 9 INFO neutron.db.ovn_revision_numbers_db [req-6c420f86-eee1-400d-bae1-f99c73f5cc81 req-c8661de4-0765-48c9-9b66-3d2b4a736d64 30164aa1ac0d458195ef529a82fe903d 1c9d341739b346fb9397045d27ec30e1 - - a7e71ca817e243b38e6fff875d8e0087 a7e71ca817e243b38e6fff875d8e0087] Successfully bumped revision number for resource b3734802-8f6f-4691-8a66-744734d9704a (type: ports) to 2
2026-05-12 06:52:58.609 9 INFO neutron.wsgi [req-6c420f86-eee1-400d-bae1-f99c73f5cc81 req-c8661de4-0765-48c9-9b66-3d2b4a736d64 30164aa1ac0d458195ef529a82fe903d 1c9d341739b346fb9397045d27ec30e1 - - a7e71ca817e243b38e6fff875d8e0087 a7e71ca817e243b38e6fff875d8e0087] 199.204.45.235 "PUT /v2.0/ports/b3734802-8f6f-4691-8a66-744734d9704a HTTP/1.1" status: 200 len: 1380 time: 0.8032882
2026-05-12 06:52:58.625 10 INFO neutron.wsgi [req-bdd17d04-1603-4d64-a064-40e044564a9f req-010cca05-0237-434a-9db1-f023ded0a7b3 25c49102921045f39d6a07df15462235 d82dfd5be93540ff86770926285ba28a - - default default] 10.0.0.169 "GET /v2.0/ports?device_id=5a18df8e-8ded-4f67-aa55-4a47b9b068ae HTTP/1.1" status: 200 len: 1172 time: 0.0569198 /var/lib/openstack/lib/python3.10/site-packages/pycadf/identifier.py:71: UserWarning: Invalid uuid: neutron. To ensure interoperability, identifiers should be a valid uuid. warnings.warn(('Invalid uuid: %s. To ensure interoperability, '
2026-05-12 06:52:58.679 9 INFO neutron.notifiers.nova [-] Nova event matching ['req-2ee85f7a-2004-493a-873e-cf8383d5ecec'] response: {'name': 'network-changed', 'server_uuid': '5a18df8e-8ded-4f67-aa55-4a47b9b068ae', 'tag': 'b3734802-8f6f-4691-8a66-744734d9704a', 'status': 'completed', 'code': 200}
2026-05-12 06:52:58.690 10 INFO neutron.wsgi [req-bdd17d04-1603-4d64-a064-40e044564a9f req-64485c0f-b6f6-46ab-a831-8d01657aad74 25c49102921045f39d6a07df15462235 d82dfd5be93540ff86770926285ba28a - - default default] 10.0.0.169 "GET /v2.0/security-groups?id=3f39a77e-d398-41c5-9ef4-fa318229468f&fields=id&fields=name HTTP/1.1" status: 200 len: 286 time: 0.0580051
2026-05-12 06:52:58.697 9 INFO neutron.wsgi [req-6c420f86-eee1-400d-bae1-f99c73f5cc81 req-5152776a-faa6-437d-b427-88ff8730c374 30164aa1ac0d458195ef529a82fe903d 1c9d341739b346fb9397045d27ec30e1 - - a7e71ca817e243b38e6fff875d8e0087 a7e71ca817e243b38e6fff875d8e0087] 199.204.45.235 "GET /v2.0/ports?tenant_id=d82dfd5be93540ff86770926285ba28a&device_id=5a18df8e-8ded-4f67-aa55-4a47b9b068ae HTTP/1.1" status: 200 len: 1411 time: 0.0523317
2026-05-12 06:52:58.735 9 INFO neutron.wsgi [req-6c420f86-eee1-400d-bae1-f99c73f5cc81 req-ce3c722b-9bfc-4379-9ee6-5ea6b75a8da1 30164aa1ac0d458195ef529a82fe903d 1c9d341739b346fb9397045d27ec30e1 - - a7e71ca817e243b38e6fff875d8e0087 a7e71ca817e243b38e6fff875d8e0087] 199.204.45.235 "GET /v2.0/floatingips?fixed_ip_address=10.100.0.11&port_id=b3734802-8f6f-4691-8a66-744734d9704a HTTP/1.1" status: 200 len: 217 time: 0.0298643
2026-05-12 06:52:58.755 10 WARNING neutron.scheduler.dhcp_agent_scheduler [None req-b6810db8-424e-4cab-991c-44df17bf4a9c 76f6ae8cd8064ff8bcc04f8844599a1f 7134f9c1b4674222853e9bf92c4bef65 - - default default] No more DHCP agents
2026-05-12 06:52:58.758 10 WARNING neutron.api.rpc.agentnotifiers.dhcp_rpc_agent_api [None req-b6810db8-424e-4cab-991c-44df17bf4a9c 76f6ae8cd8064ff8bcc04f8844599a1f 7134f9c1b4674222853e9bf92c4bef65 - - default default] Unable to schedule network 48018cb2-2d0f-45d0-892e-a39667dea6d9: no agents available; will retry on subsequent port and subnet creation events.
2026-05-12 06:52:58.774 9 INFO neutron.wsgi [req-6c420f86-eee1-400d-bae1-f99c73f5cc81 req-730a4c13-82ba-4231-b2a6-064f59eca222 30164aa1ac0d458195ef529a82fe903d 1c9d341739b346fb9397045d27ec30e1 - - a7e71ca817e243b38e6fff875d8e0087 a7e71ca817e243b38e6fff875d8e0087] 199.204.45.235 "GET /v2.0/subnets?id=a2c80db0-69a4-492f-a25d-708e340bcd86 HTTP/1.1" status: 200 len: 871 time: 0.0326829
2026-05-12 06:52:58.801 9 INFO neutron.wsgi [req-6c420f86-eee1-400d-bae1-f99c73f5cc81 req-10dcb40c-7962-4b36-8584-a12d392f6e0e 30164aa1ac0d458195ef529a82fe903d 1c9d341739b346fb9397045d27ec30e1 - - a7e71ca817e243b38e6fff875d8e0087 a7e71ca817e243b38e6fff875d8e0087] 199.204.45.235 "GET /v2.0/ports?network_id=bd794318-8205-495b-8ca3-0bd71e33f64f&device_owner=network%3Adhcp HTTP/1.1" status: 200 len: 210 time: 0.0210056
2026-05-12 06:52:58.847 10 INFO neutron.db.ovn_revision_numbers_db [None req-b6810db8-424e-4cab-991c-44df17bf4a9c 76f6ae8cd8064ff8bcc04f8844599a1f 7134f9c1b4674222853e9bf92c4bef65 - - default default] Successfully bumped revision number for resource df173380-78d8-4e98-86e6-0e975cbd70ac (type: ports) to 1
2026-05-12 06:52:58.869 9 INFO neutron.wsgi [req-6c420f86-eee1-400d-bae1-f99c73f5cc81 req-f3fbbac3-687c-4c27-afb8-89960a8eae8d 30164aa1ac0d458195ef529a82fe903d 1c9d341739b346fb9397045d27ec30e1 - - a7e71ca817e243b38e6fff875d8e0087 a7e71ca817e243b38e6fff875d8e0087] 199.204.45.235 "GET /v2.0/networks/bd794318-8205-495b-8ca3-0bd71e33f64f?fields=segments HTTP/1.1" status: 200 len: 212 time: 0.0610769
2026-05-12 06:52:58.879 10 INFO neutron.wsgi [None req-b6810db8-424e-4cab-991c-44df17bf4a9c 76f6ae8cd8064ff8bcc04f8844599a1f 7134f9c1b4674222853e9bf92c4bef65 - - default default] 10.0.0.253 "POST /v2.0/ports HTTP/1.1" status: 201 len: 978 time: 0.4319870 /var/lib/openstack/lib/python3.10/site-packages/pycadf/identifier.py:71: UserWarning: Invalid uuid: neutron. To ensure interoperability, identifiers should be a valid uuid. warnings.warn(('Invalid uuid: %s. To ensure interoperability, '
2026-05-12 06:52:58.939 9 INFO neutron.wsgi [req-6c420f86-eee1-400d-bae1-f99c73f5cc81 req-51202d42-e8e9-4032-ba08-e6a5afda1384 30164aa1ac0d458195ef529a82fe903d 1c9d341739b346fb9397045d27ec30e1 - - a7e71ca817e243b38e6fff875d8e0087 a7e71ca817e243b38e6fff875d8e0087] 199.204.45.235 "GET /v2.0/networks/bd794318-8205-495b-8ca3-0bd71e33f64f?fields=provider%3Aphysical_network&fields=provider%3Anetwork_type HTTP/1.1" status: 200 len: 277 time: 0.0635836
2026-05-12 06:52:59.014 9 INFO neutron.wsgi [req-e256ffcb-aa55-4e8f-abf4-040ba95a6c48 req-208ae5b8-c7bd-4c92-a3f9-3986ef25b989 30164aa1ac0d458195ef529a82fe903d 1c9d341739b346fb9397045d27ec30e1 - - a7e71ca817e243b38e6fff875d8e0087 a7e71ca817e243b38e6fff875d8e0087] 199.204.45.235 "GET /v2.0/ports?tenant_id=d82dfd5be93540ff86770926285ba28a&device_id=5a18df8e-8ded-4f67-aa55-4a47b9b068ae HTTP/1.1" status: 200 len: 1411 time: 0.0407434
2026-05-12 06:52:59.134 10 INFO neutron.plugins.ml2.drivers.ovn.mech_driver.mech_driver [None req-13540f74-58b1-48e3-9916-68cb788c84d1 - - - - - -] OVN reports status down for port: df173380-78d8-4e98-86e6-0e975cbd70ac
2026-05-12 06:52:59.170 9 INFO neutron.wsgi [req-e256ffcb-aa55-4e8f-abf4-040ba95a6c48 req-e75864fb-7038-4283-8c63-d3e2b12358e9 30164aa1ac0d458195ef529a82fe903d 1c9d341739b346fb9397045d27ec30e1 - - a7e71ca817e243b38e6fff875d8e0087 a7e71ca817e243b38e6fff875d8e0087] 199.204.45.235 "GET /v2.0/networks?id=bd794318-8205-495b-8ca3-0bd71e33f64f HTTP/1.1" status: 200 len: 975 time: 0.1506667 /var/lib/openstack/lib/python3.10/site-packages/pycadf/identifier.py:71: UserWarning: Invalid uuid: neutron. To ensure interoperability, identifiers should be a valid uuid. warnings.warn(('Invalid uuid: %s. To ensure interoperability, '
2026-05-12 06:52:59.185 10 INFO neutron.db.ovn_revision_numbers_db [None req-23583c6e-8dc0-4da1-a463-659bc7fd0356 76f6ae8cd8064ff8bcc04f8844599a1f 7134f9c1b4674222853e9bf92c4bef65 - - default default] Successfully bumped revision number for resource df173380-78d8-4e98-86e6-0e975cbd70ac (type: ports) to 2
2026-05-12 06:52:59.209 10 INFO neutron.wsgi [None req-23583c6e-8dc0-4da1-a463-659bc7fd0356 76f6ae8cd8064ff8bcc04f8844599a1f 7134f9c1b4674222853e9bf92c4bef65 - - default default] 10.0.0.253 "PUT /v2.0/ports/df173380-78d8-4e98-86e6-0e975cbd70ac HTTP/1.1" status: 200 len: 946 time: 0.3249452
2026-05-12 06:52:59.219 9 INFO neutron.wsgi [req-47ee6744-6da1-4694-88d6-3275791f846b req-d537d482-7a1d-4a87-98d7-e2131426fd6d 4af778c84e4d4b7ba768cb66216990d1 2f1fb4c732d7452c8a00709c380369c3 - - default default] 10.0.0.169 "GET /v2.0/ports?device_id=ff0d0fe9-b2ef-452d-82e2-9fe677a69cbb HTTP/1.1" status: 200 len: 1170 time: 0.1823330
2026-05-12 06:52:59.220 9 INFO neutron.wsgi [req-e256ffcb-aa55-4e8f-abf4-040ba95a6c48 req-5acdab4a-8600-42b6-ad3b-b2fd67dab51b 30164aa1ac0d458195ef529a82fe903d 1c9d341739b346fb9397045d27ec30e1 - - a7e71ca817e243b38e6fff875d8e0087 a7e71ca817e243b38e6fff875d8e0087] 199.204.45.235 "GET /v2.0/floatingips?fixed_ip_address=10.100.0.11&port_id=b3734802-8f6f-4691-8a66-744734d9704a HTTP/1.1" status: 200 len: 217 time: 0.0375359
2026-05-12 06:52:59.247 10 INFO neutron.wsgi [req-516614f5-31d1-4c25-9b4e-9b2adf1a256e req-5a2dd8a5-5a4c-4e52-8a74-abb54fa46d86 c785666f3446458c8c636b9ce18e504d c075a29f85e844029e49b60477be61cc - - default default] 10.0.0.169 "GET /v2.0/ports?device_id=18cac0a8-2474-4ac2-aab6-f77ab173cebc HTTP/1.1" status: 200 len: 1168 time: 0.0687983
2026-05-12 06:52:59.278 9 INFO neutron.wsgi [req-47ee6744-6da1-4694-88d6-3275791f846b req-2944a7f7-7f1d-4330-9510-de9902eecb49 4af778c84e4d4b7ba768cb66216990d1 2f1fb4c732d7452c8a00709c380369c3 - - default default] 10.0.0.169 "GET /v2.0/security-groups?id=5a915108-5c65-4bbf-a624-b7953dd8b733&fields=id&fields=name HTTP/1.1" status: 200 len: 313 time: 0.0536790
2026-05-12 06:52:59.287 9 INFO neutron.wsgi [req-e256ffcb-aa55-4e8f-abf4-040ba95a6c48 req-c54f4a60-9135-43c8-9bbd-981b7a18941a 30164aa1ac0d458195ef529a82fe903d 1c9d341739b346fb9397045d27ec30e1 - - a7e71ca817e243b38e6fff875d8e0087 a7e71ca817e243b38e6fff875d8e0087] 199.204.45.235 "GET /v2.0/subnets?id=a2c80db0-69a4-492f-a25d-708e340bcd86 HTTP/1.1" status: 200 len: 871 time: 0.0542169
2026-05-12 06:52:59.308 10 INFO neutron.wsgi [req-516614f5-31d1-4c25-9b4e-9b2adf1a256e req-df5fc095-c97f-41c4-ae69-048248d0b31f c785666f3446458c8c636b9ce18e504d c075a29f85e844029e49b60477be61cc - - default default] 10.0.0.169 "GET /v2.0/security-groups?id=eb78501c-15c5-467c-8ba0-44213006c401&fields=id&fields=name HTTP/1.1" status: 200 len: 313 time: 0.0515280
2026-05-12 06:52:59.320 9 INFO neutron.wsgi [req-e256ffcb-aa55-4e8f-abf4-040ba95a6c48 req-5f0b8c9b-32c2-49b9-9272-e53baf79e207 30164aa1ac0d458195ef529a82fe903d 1c9d341739b346fb9397045d27ec30e1 - - a7e71ca817e243b38e6fff875d8e0087 a7e71ca817e243b38e6fff875d8e0087] 199.204.45.235 "GET /v2.0/ports?network_id=bd794318-8205-495b-8ca3-0bd71e33f64f&device_owner=network%3Adhcp HTTP/1.1" status: 200 len: 210 time: 0.0283837
2026-05-12 06:52:59.404 9 INFO neutron.wsgi [req-1a502b8a-628f-4139-876b-976fb28ac816 req-38a65245-3bad-4b7e-bf55-5b43d9940ed5 4af778c84e4d4b7ba768cb66216990d1 2f1fb4c732d7452c8a00709c380369c3 - - default default] 10.0.0.169 "GET /v2.0/ports?device_id=ff0d0fe9-b2ef-452d-82e2-9fe677a69cbb HTTP/1.1" status: 200 len: 1170 time: 0.0544658
2026-05-12 06:52:59.406 9 WARNING neutron.plugins.ml2.drivers.ovn.mech_driver.ovsdb.ovn_client [None req-75e7a955-8b25-4a8d-8b56-85627a188632 - - - - - -] No hosting information found for port 871ac3d5-5fcc-44bc-89b9-cd2d23a7bd9d: RuntimeError: No hosting information found for port 871ac3d5-5fcc-44bc-89b9-cd2d23a7bd9d
2026-05-12 06:52:59.406 9 INFO neutron.plugins.ml2.drivers.ovn.mech_driver.mech_driver [None req-75e7a955-8b25-4a8d-8b56-85627a188632 - - - - - -] OVN reports status up for port: 8dc23171-1799-4839-95c3-c2b3651a1f58
2026-05-12 06:52:59.430 9 INFO neutron.wsgi [req-e256ffcb-aa55-4e8f-abf4-040ba95a6c48 req-827f752a-1dd1-4952-b1eb-6356c2a3d212 30164aa1ac0d458195ef529a82fe903d 1c9d341739b346fb9397045d27ec30e1 - - a7e71ca817e243b38e6fff875d8e0087 a7e71ca817e243b38e6fff875d8e0087] 199.204.45.235 "GET /v2.0/networks/bd794318-8205-495b-8ca3-0bd71e33f64f?fields=segments HTTP/1.1" status: 200 len: 212 time: 0.1052151
2026-05-12 06:52:59.435 9 INFO neutron.plugins.ml2.plugin [None req-75e7a955-8b25-4a8d-8b56-85627a188632 - - - - - -] Attempt 1 to provision port 8dc23171-1799-4839-95c3-c2b3651a1f58
2026-05-12 06:52:59.483 9 INFO neutron.wsgi [req-1a502b8a-628f-4139-876b-976fb28ac816 req-5b61c93f-aad7-44c4-ad37-e7cadb67ec8d 4af778c84e4d4b7ba768cb66216990d1 2f1fb4c732d7452c8a00709c380369c3 - - default default] 10.0.0.169 "GET /v2.0/security-groups?id=5a915108-5c65-4bbf-a624-b7953dd8b733&fields=id&fields=name HTTP/1.1" status: 200 len: 313 time: 0.0696986
2026-05-12 06:52:59.507 10 INFO neutron.wsgi [None req-16517e36-16f0-496f-baa7-b447a4533f1e 76f6ae8cd8064ff8bcc04f8844599a1f 7134f9c1b4674222853e9bf92c4bef65 - - default default] 10.0.0.253 "DELETE /v2.0/ports/df173380-78d8-4e98-86e6-0e975cbd70ac HTTP/1.1" status: 204 len: 168 time: 0.2872841
2026-05-12 06:52:59.519 9 INFO neutron.wsgi [req-e256ffcb-aa55-4e8f-abf4-040ba95a6c48 req-18415eda-75ed-4948-a87b-bac6bf7f2283 30164aa1ac0d458195ef529a82fe903d 1c9d341739b346fb9397045d27ec30e1 - - a7e71ca817e243b38e6fff875d8e0087 a7e71ca817e243b38e6fff875d8e0087] 199.204.45.235 "GET /v2.0/networks/bd794318-8205-495b-8ca3-0bd71e33f64f?fields=provider%3Aphysical_network&fields=provider%3Anetwork_type HTTP/1.1" status: 200 len: 277 time: 0.0817707
2026-05-12 06:52:59.583 10 INFO neutron.wsgi [None req-b1a439c5-9c14-4b78-a219-7cdd9b6b2840 76f6ae8cd8064ff8bcc04f8844599a1f 7134f9c1b4674222853e9bf92c4bef65 - - default default] 10.0.0.253 "GET /v2.0/ports HTTP/1.1" status: 200 len: 1732 time: 0.0699670
2026-05-12 06:52:59.613 10 INFO neutron.pecan_wsgi.hooks.translation [None req-cec23443-40df-4e2f-a599-82885a39c3e5 76f6ae8cd8064ff8bcc04f8844599a1f 7134f9c1b4674222853e9bf92c4bef65 - - default default] GET failed (client error): The resource could not be found.
2026-05-12 06:52:59.615 10 INFO neutron.wsgi [None req-cec23443-40df-4e2f-a599-82885a39c3e5 76f6ae8cd8064ff8bcc04f8844599a1f 7134f9c1b4674222853e9bf92c4bef65 - - default default] 10.0.0.253 "GET /v2.0/ports/df173380-78d8-4e98-86e6-0e975cbd70ac HTTP/1.1" status: 404 len: 333 time: 0.0261447
2026-05-12 06:52:59.666 10 INFO neutron.wsgi [None req-982515b4-1581-4485-9a5e-0065c7b418e9 76f6ae8cd8064ff8bcc04f8844599a1f 7134f9c1b4674222853e9bf92c4bef65 - - default default] 10.0.0.253 "GET /v2.0/ports HTTP/1.1" status: 200 len: 1732 time: 0.0448942
2026-05-12 06:52:59.712 10 INFO neutron.wsgi [None req-f94cac46-dd9e-40fb-94ef-79870de41109 76f6ae8cd8064ff8bcc04f8844599a1f 7134f9c1b4674222853e9bf92c4bef65 - - default default] 10.0.0.253 "GET /v2.0/ports/f0ae83cf-aaa0-4b9f-bc3b-292a3881e0fc HTTP/1.1" status: 200 len: 972 time: 0.0378017
2026-05-12 06:52:59.736 10 INFO neutron.pecan_wsgi.hooks.translation [None req-753bc6e2-7053-482f-a172-57e9704bc918 76f6ae8cd8064ff8bcc04f8844599a1f 7134f9c1b4674222853e9bf92c4bef65 - - default default] DELETE failed (client error): The resource could not be found.
2026-05-12 06:52:59.738 10 INFO neutron.wsgi [None req-753bc6e2-7053-482f-a172-57e9704bc918 76f6ae8cd8064ff8bcc04f8844599a1f 7134f9c1b4674222853e9bf92c4bef65 - - default default] 10.0.0.253 "DELETE /v2.0/ports/abbf8c21-bd2e-4c91-bdfc-300579bfa20c HTTP/1.1" status: 404 len: 333 time: 0.0190730
2026-05-12 06:52:59.763 10 INFO neutron.pecan_wsgi.hooks.translation [None req-de1b326e-7cd5-403e-b448-26d7a515adc9 76f6ae8cd8064ff8bcc04f8844599a1f 7134f9c1b4674222853e9bf92c4bef65 - - default default] DELETE failed (client error): The resource could not be found.
2026-05-12 06:52:59.766 10 INFO neutron.wsgi [None req-de1b326e-7cd5-403e-b448-26d7a515adc9 76f6ae8cd8064ff8bcc04f8844599a1f 7134f9c1b4674222853e9bf92c4bef65 - - default default] 10.0.0.253 "DELETE /v2.0/subnets/1c4dd772-ea09-40a1-b69a-6c993519e1cf HTTP/1.1" status: 404 len: 337 time: 0.0216997
2026-05-12 06:52:59.784 10 INFO neutron.pecan_wsgi.hooks.translation [None req-2118ec26-7e85-4e79-a6c1-a03a4278f6ec 76f6ae8cd8064ff8bcc04f8844599a1f 7134f9c1b4674222853e9bf92c4bef65 - - default default] DELETE failed (client error): The resource could not be found.
2026-05-12 06:52:59.787 10 INFO neutron.wsgi [None req-2118ec26-7e85-4e79-a6c1-a03a4278f6ec 76f6ae8cd8064ff8bcc04f8844599a1f 7134f9c1b4674222853e9bf92c4bef65 - - default default] 10.0.0.253 "DELETE /v2.0/subnets/26cc56f2-7942-4aec-acb8-9bb36cdb4829 HTTP/1.1" status: 404 len: 337 time: 0.0156703
2026-05-12 06:52:59.812 9 INFO neutron.db.ovn_revision_numbers_db [None req-75e7a955-8b25-4a8d-8b56-85627a188632 - - - - - -] Successfully bumped revision number for resource 8dc23171-1799-4839-95c3-c2b3651a1f58 (type: ports) to 4
2026-05-12 06:52:59.890 9 INFO neutron.plugins.ml2.drivers.ovn.mech_driver.mech_driver [None req-75e7a955-8b25-4a8d-8b56-85627a188632 - - - - - -] OVN reports status up for port: b3734802-8f6f-4691-8a66-744734d9704a
2026-05-12 06:52:59.901 9 INFO neutron.wsgi [req-c1f69854-9372-4f30-b845-755e8ba9f5e8 req-897b248a-7cdb-4a1a-b6e5-8cf39bda9021 25c49102921045f39d6a07df15462235 d82dfd5be93540ff86770926285ba28a - - default default] 10.0.0.169 "GET /v2.0/ports?device_id=5a18df8e-8ded-4f67-aa55-4a47b9b068ae HTTP/1.1" status: 200 len: 1172 time: 0.1398411 /var/lib/openstack/lib/python3.10/site-packages/pycadf/identifier.py:71: UserWarning: Invalid uuid: neutron. To ensure interoperability, identifiers should be a valid uuid. warnings.warn(('Invalid uuid: %s. To ensure interoperability, '
2026-05-12 06:52:59.929 9 INFO neutron.plugins.ml2.plugin [None req-75e7a955-8b25-4a8d-8b56-85627a188632 - - - - - -] Attempt 1 to provision port b3734802-8f6f-4691-8a66-744734d9704a
2026-05-12 06:52:59.966 10 INFO neutron.wsgi [req-0850a21c-9885-4b68-8322-6693a2ca87c5 req-47fe91f4-53dc-4e65-95fa-9bce3c7aaca1 4af778c84e4d4b7ba768cb66216990d1 2f1fb4c732d7452c8a00709c380369c3 - - default default] 10.0.0.169 "GET /v2.0/ports?device_id=ff0d0fe9-b2ef-452d-82e2-9fe677a69cbb HTTP/1.1" status: 200 len: 1170 time: 0.1224375
2026-05-12 06:52:59.974 9 INFO neutron.wsgi [req-14718bee-264b-40a5-ac9e-3f2b0762506a req-72e44a76-03a9-4af6-af59-1f801a5a3c88 30164aa1ac0d458195ef529a82fe903d 1c9d341739b346fb9397045d27ec30e1 - - a7e71ca817e243b38e6fff875d8e0087 a7e71ca817e243b38e6fff875d8e0087] 199.204.45.235 "GET /v2.0/ports?tenant_id=2f1fb4c732d7452c8a00709c380369c3&device_id=ff0d0fe9-b2ef-452d-82e2-9fe677a69cbb HTTP/1.1" status: 200 len: 1409 time: 0.0725994
2026-05-12 06:52:59.996 9 INFO neutron.wsgi [req-c1f69854-9372-4f30-b845-755e8ba9f5e8 req-f0fd3af1-5180-431e-88c4-f80f98015648 25c49102921045f39d6a07df15462235 d82dfd5be93540ff86770926285ba28a - - default default] 10.0.0.169 "GET /v2.0/security-groups?id=3f39a77e-d398-41c5-9ef4-fa318229468f&fields=id&fields=name HTTP/1.1" status: 200 len: 286 time: 0.0886896
2026-05-12 06:53:00.041 10 INFO neutron.wsgi [req-0850a21c-9885-4b68-8322-6693a2ca87c5 req-b59c80cb-48eb-4b7b-b269-78254e4e8da4 4af778c84e4d4b7ba768cb66216990d1 2f1fb4c732d7452c8a00709c380369c3 - - default default] 10.0.0.169 "GET /v2.0/security-groups?id=5a915108-5c65-4bbf-a624-b7953dd8b733&fields=id&fields=name HTTP/1.1" status: 200 len: 313 time: 0.0653815
2026-05-12 06:53:00.048 9 INFO neutron.wsgi [req-14718bee-264b-40a5-ac9e-3f2b0762506a req-a65a3ebc-bad5-488b-b30a-9ba95a34342e 30164aa1ac0d458195ef529a82fe903d 1c9d341739b346fb9397045d27ec30e1 - - a7e71ca817e243b38e6fff875d8e0087 a7e71ca817e243b38e6fff875d8e0087] 199.204.45.235 "GET /v2.0/networks?id=c0348f15-fc38-4205-ab64-c1beb99675dd HTTP/1.1" status: 200 len: 973 time: 0.0649018
2026-05-12 06:53:00.104 10 INFO neutron.wsgi [None req-9ee33c18-68a7-4bcf-9ea1-8f71b464838b 76f6ae8cd8064ff8bcc04f8844599a1f 7134f9c1b4674222853e9bf92c4bef65 - - default default] 10.0.0.253 "DELETE /v2.0/ports/f0ae83cf-aaa0-4b9f-bc3b-292a3881e0fc HTTP/1.1" status: 204 len: 168 time: 0.3119540
2026-05-12 06:53:00.109 10 INFO neutron.wsgi [-] 10.0.0.190 "GET / HTTP/1.1" status: 200 len: 247 time: 0.0012624
2026-05-12 06:53:00.110 10 INFO neutron.wsgi [-] 10.0.0.190 "GET / HTTP/1.1" status: 200 len: 247 time: 0.0008643
2026-05-12 06:53:00.114 9 INFO neutron.wsgi [req-14718bee-264b-40a5-ac9e-3f2b0762506a req-3d4e5c43-cc2d-4907-874f-3382401abb29 30164aa1ac0d458195ef529a82fe903d 1c9d341739b346fb9397045d27ec30e1 - - a7e71ca817e243b38e6fff875d8e0087 a7e71ca817e243b38e6fff875d8e0087] 199.204.45.235 "GET /v2.0/floatingips?fixed_ip_address=10.100.0.9&port_id=31a8cac9-431d-41a7-b44a-88e1d6190759 HTTP/1.1" status: 200 len: 1059 time: 0.0581028
2026-05-12 06:53:00.177 9 INFO neutron.wsgi [req-14718bee-264b-40a5-ac9e-3f2b0762506a req-6fd061c5-7514-4284-8fff-d7e4b7ecc553 30164aa1ac0d458195ef529a82fe903d 1c9d341739b346fb9397045d27ec30e1 - - a7e71ca817e243b38e6fff875d8e0087 a7e71ca817e243b38e6fff875d8e0087] 199.204.45.235 "GET /v2.0/subnets?id=31180b8f-9650-42a5-a030-7008a81b7fef HTTP/1.1" status: 200 len: 868 time: 0.0510349
2026-05-12 06:53:00.207 9 INFO neutron.wsgi [req-14718bee-264b-40a5-ac9e-3f2b0762506a req-7dce8eca-4271-4891-81e8-93bcc7694dbd 30164aa1ac0d458195ef529a82fe903d 1c9d341739b346fb9397045d27ec30e1 - - a7e71ca817e243b38e6fff875d8e0087 a7e71ca817e243b38e6fff875d8e0087] 199.204.45.235 "GET /v2.0/ports?network_id=c0348f15-fc38-4205-ab64-c1beb99675dd&device_owner=network%3Adhcp HTTP/1.1" status: 200 len: 210 time: 0.0236843
2026-05-12 06:53:00.301 9 INFO neutron.wsgi [req-14718bee-264b-40a5-ac9e-3f2b0762506a req-c935dd3b-c313-42dd-a7f9-e281f75de324 30164aa1ac0d458195ef529a82fe903d 1c9d341739b346fb9397045d27ec30e1 - - a7e71ca817e243b38e6fff875d8e0087 a7e71ca817e243b38e6fff875d8e0087] 199.204.45.235 "GET /v2.0/networks/c0348f15-fc38-4205-ab64-c1beb99675dd?fields=segments HTTP/1.1" status: 200 len: 212 time: 0.0901575
2026-05-12 06:53:00.643 9 INFO neutron.db.ovn_revision_numbers_db [None req-75e7a955-8b25-4a8d-8b56-85627a188632 - - - - - -] Successfully bumped revision number for resource b3734802-8f6f-4691-8a66-744734d9704a (type: ports) to 4
2026-05-12 06:53:00.701 9 INFO neutron.wsgi [req-14718bee-264b-40a5-ac9e-3f2b0762506a req-fd2da3cb-b853-4966-8a0b-7178b81f0ef0 30164aa1ac0d458195ef529a82fe903d 1c9d341739b346fb9397045d27ec30e1 - - a7e71ca817e243b38e6fff875d8e0087 a7e71ca817e243b38e6fff875d8e0087] 199.204.45.235 "GET /v2.0/networks/c0348f15-fc38-4205-ab64-c1beb99675dd?fields=provider%3Aphysical_network&fields=provider%3Anetwork_type HTTP/1.1" status: 200 len: 277 time: 0.3896589
2026-05-12 06:53:00.736 9 INFO neutron.notifiers.nova [-] Nova event matching ['req-51d0f293-328e-4b07-84b1-ff21ef78e236'] response: {'server_uuid': '18cac0a8-2474-4ac2-aab6-f77ab173cebc', 'name': 'network-vif-plugged', 'status': 'completed', 'tag': '8dc23171-1799-4839-95c3-c2b3651a1f58', 'code': 200}
2026-05-12 06:53:00.737 9 INFO neutron.notifiers.nova [-] Nova event matching ['req-51d0f293-328e-4b07-84b1-ff21ef78e236'] response: {'server_uuid': '18cac0a8-2474-4ac2-aab6-f77ab173cebc', 'name': 'network-vif-plugged', 'status': 'completed', 'tag': '8dc23171-1799-4839-95c3-c2b3651a1f58', 'code': 200}
2026-05-12 06:53:00.737 9 INFO neutron.notifiers.nova [-] Nova event matching ['req-51d0f293-328e-4b07-84b1-ff21ef78e236'] response: {'server_uuid': '5a18df8e-8ded-4f67-aa55-4a47b9b068ae', 'name': 'network-vif-plugged', 'status': 'completed', 'tag': 'b3734802-8f6f-4691-8a66-744734d9704a', 'code': 200}
2026-05-12 06:53:00.770 9 INFO neutron.wsgi [req-2f45b47d-075c-4253-9241-8d52ded33810 req-d60eafaa-803e-46e0-8068-21f6583a72e5 c785666f3446458c8c636b9ce18e504d c075a29f85e844029e49b60477be61cc - - default default] 10.0.0.169 "GET /v2.0/ports?device_id=18cac0a8-2474-4ac2-aab6-f77ab173cebc HTTP/1.1" status: 200 len: 1170 time: 0.1702344 /var/lib/openstack/lib/python3.10/site-packages/pycadf/identifier.py:71: UserWarning: Invalid uuid: neutron. To ensure interoperability, identifiers should be a valid uuid. warnings.warn(('Invalid uuid: %s. To ensure interoperability, '
2026-05-12 06:53:00.841 9 INFO neutron.wsgi [req-2f45b47d-075c-4253-9241-8d52ded33810 req-7fae6aea-56fd-4913-ac05-8df560b243a8 c785666f3446458c8c636b9ce18e504d c075a29f85e844029e49b60477be61cc - - default default] 10.0.0.169 "GET /v2.0/security-groups?id=eb78501c-15c5-467c-8ba0-44213006c401&fields=id&fields=name HTTP/1.1" status: 200 len: 313 time: 0.0660758
2026-05-12 06:53:00.942 9 INFO neutron.services.segments.plugin [-] Segment 48a63986-8a25-4207-87b0-9bbfcb39467c resource provider aggregate not found
2026-05-12 06:53:00.959 9 INFO neutron.services.segments.plugin [-] Segment 48a63986-8a25-4207-87b0-9bbfcb39467c resource provider aggregate not found
2026-05-12 06:53:00.962 9 INFO neutron.plugins.ml2.drivers.ovn.mech_driver.mech_driver [None req-75e7a955-8b25-4a8d-8b56-85627a188632 - - - - - -] OVN reports status down for port: 31a8cac9-431d-41a7-b44a-88e1d6190759
2026-05-12 06:53:00.965 9 INFO neutron.services.segments.plugin [-] Segment 48a63986-8a25-4207-87b0-9bbfcb39467c resource provider not found; error: Placement Client Error (4xx): {"errors": [{"status": 404, "title": "Not Found", "detail": "The resource could not be found.\n\n No resource provider with uuid 48a63986-8a25-4207-87b0-9bbfcb39467c found for delete ", "request_id": "req-5ad65769-5d1d-4d28-a412-141b1b581b5c"}]}
2026-05-12 06:53:00.976 9 INFO neutron.services.segments.plugin [-] Segment 48a63986-8a25-4207-87b0-9bbfcb39467c resource provider not found; error: Placement Client Error (4xx): {"errors": [{"status": 404, "title": "Not Found", "detail": "The resource could not be found.\n\n No resource provider with uuid 48a63986-8a25-4207-87b0-9bbfcb39467c found for delete ", "request_id": "req-6934a8a1-1b6a-427a-9487-22a908ce2416"}]}
2026-05-12 06:53:01.004 9 INFO neutron.wsgi [None req-0c0c43d2-c124-4682-92a1-a2f8ef60ff11 76f6ae8cd8064ff8bcc04f8844599a1f 7134f9c1b4674222853e9bf92c4bef65 - - default default] 10.0.0.253 "DELETE /v2.0/networks/48018cb2-2d0f-45d0-892e-a39667dea6d9 HTTP/1.1" status: 204 len: 168 time: 0.8930292
2026-05-12 06:53:01.204 10 INFO neutron.wsgi [req-015e3e77-b5cc-4a45-bd5b-796017291e5f req-8f52447d-9f81-4033-bb88-1acc192ccce6 25c49102921045f39d6a07df15462235 d82dfd5be93540ff86770926285ba28a - - default default] 10.0.0.169 "GET /v2.0/ports?device_id=5a18df8e-8ded-4f67-aa55-4a47b9b068ae HTTP/1.1" status: 200 len: 1174 time: 0.1314211
2026-05-12 06:53:01.217 9 INFO neutron.wsgi [req-4152f2eb-4572-4675-afa1-099ee9447208 req-4a8bfbe5-46cb-4474-89e7-7b40a39328a5 4af778c84e4d4b7ba768cb66216990d1 2f1fb4c732d7452c8a00709c380369c3 - - default default] 10.0.0.169 "GET /v2.0/ports?device_id=ff0d0fe9-b2ef-452d-82e2-9fe677a69cbb HTTP/1.1" status: 200 len: 1168 time: 0.0604975
2026-05-12 06:53:01.267 10 INFO neutron.wsgi [req-015e3e77-b5cc-4a45-bd5b-796017291e5f req-9e5b8903-d8e5-42ee-a312-49510a4becf9 25c49102921045f39d6a07df15462235 d82dfd5be93540ff86770926285ba28a - - default default] 10.0.0.169 "GET /v2.0/security-groups?id=3f39a77e-d398-41c5-9ef4-fa318229468f&fields=id&fields=name HTTP/1.1" status: 200 len: 286 time: 0.0532620
2026-05-12 06:53:01.299 9 INFO neutron.wsgi [req-4152f2eb-4572-4675-afa1-099ee9447208 req-a7645a4d-3d1d-48ae-bd24-da6115d1902b 4af778c84e4d4b7ba768cb66216990d1 2f1fb4c732d7452c8a00709c380369c3 - - default default] 10.0.0.169 "GET /v2.0/security-groups?id=5a915108-5c65-4bbf-a624-b7953dd8b733&fields=id&fields=name HTTP/1.1" status: 200 len: 313 time: 0.0740972
2026-05-12 06:53:01.421 9 INFO neutron.db.ovn_revision_numbers_db [None req-75e7a955-8b25-4a8d-8b56-85627a188632 - - - - - -] Successfully bumped revision number for resource 31a8cac9-431d-41a7-b44a-88e1d6190759 (type: ports) to 5
2026-05-12 06:53:01.706 9 INFO neutron.plugins.ml2.drivers.ovn.mech_driver.mech_driver [None req-75e7a955-8b25-4a8d-8b56-85627a188632 - - - - - -] OVN reports status up for port: 31a8cac9-431d-41a7-b44a-88e1d6190759
2026-05-12 06:53:01.736 10 INFO neutron.wsgi [req-c7d38f7d-4c61-4f92-8ac3-d14d1d0bc371 req-deaf86cb-8682-4bf7-a3e7-8315c1b29a0c 25c49102921045f39d6a07df15462235 d82dfd5be93540ff86770926285ba28a - - default default] 10.0.0.169 "GET /v2.0/ports?device_id=5a18df8e-8ded-4f67-aa55-4a47b9b068ae HTTP/1.1" status: 200 len: 1174 time: 0.0585978
2026-05-12 06:53:01.735 9 INFO neutron.plugins.ml2.plugin [None req-75e7a955-8b25-4a8d-8b56-85627a188632 - - - - - -] Attempt 1 to provision port 31a8cac9-431d-41a7-b44a-88e1d6190759
2026-05-12 06:53:01.792 10 INFO neutron.wsgi [req-c7d38f7d-4c61-4f92-8ac3-d14d1d0bc371 req-8024552d-4316-4282-8c0c-8e4c6e901e8f 25c49102921045f39d6a07df15462235 d82dfd5be93540ff86770926285ba28a - - default default] 10.0.0.169 "GET /v2.0/security-groups?id=3f39a77e-d398-41c5-9ef4-fa318229468f&fields=id&fields=name HTTP/1.1" status: 200 len: 286 time: 0.0473623
2026-05-12 06:53:01.955 10 INFO neutron.wsgi [None req-06ee48f1-4283-4e68-9e30-7a5242bdc2da b21ba0208f24448fa7d1a3f68b4b6200 a41f40722aaa4c3bbf8603632511e87c - - default default] 10.0.0.253 "GET /v2.0/security-groups?tenant_id=7134f9c1b4674222853e9bf92c4bef65&name=default HTTP/1.1" status: 200 len: 3120 time: 0.1544037 /var/lib/openstack/lib/python3.10/site-packages/pycadf/identifier.py:71: UserWarning: Invalid uuid: neutron. To ensure interoperability, identifiers should be a valid uuid. warnings.warn(('Invalid uuid: %s. To ensure interoperability, '
2026-05-12 06:53:02.005 9 INFO neutron.wsgi [req-d03a0f14-c67c-4411-8350-91fc58d6e3eb req-f9eed6d8-e4fe-476a-a34c-1335673681f1 c785666f3446458c8c636b9ce18e504d c075a29f85e844029e49b60477be61cc - - default default] 10.0.0.169 "GET /v2.0/ports?device_id=18cac0a8-2474-4ac2-aab6-f77ab173cebc HTTP/1.1" status: 200 len: 1170 time: 0.0627573
2026-05-12 06:53:02.095 9 INFO neutron.wsgi [req-3988e9dd-2941-4812-bbdd-856f7fa289da req-ef03cf3a-9303-4014-bb1d-7d6deaaf9e99 25c49102921045f39d6a07df15462235 d82dfd5be93540ff86770926285ba28a - - default default] 199.204.45.235 "GET /v2.0/ports?device_id=5a18df8e-8ded-4f67-aa55-4a47b9b068ae HTTP/1.1" status: 200 len: 1174 time: 0.0704646
2026-05-12 06:53:02.105 9 INFO neutron.wsgi [req-d03a0f14-c67c-4411-8350-91fc58d6e3eb req-8ac84c5b-64d3-44d2-ad6e-422046082243 c785666f3446458c8c636b9ce18e504d c075a29f85e844029e49b60477be61cc - - default default] 10.0.0.169 "GET /v2.0/security-groups?id=eb78501c-15c5-467c-8ba0-44213006c401&fields=id&fields=name HTTP/1.1" status: 200 len: 313 time: 0.0941317
2026-05-12 06:53:02.208 9 INFO neutron.db.ovn_revision_numbers_db [None req-75e7a955-8b25-4a8d-8b56-85627a188632 - - - - - -] Successfully bumped revision number for resource 31a8cac9-431d-41a7-b44a-88e1d6190759 (type: ports) to 6
2026-05-12 06:53:02.246 10 INFO neutron.wsgi [None req-579a8338-d795-43dc-b9be-ddb60f67bc23 b21ba0208f24448fa7d1a3f68b4b6200 a41f40722aaa4c3bbf8603632511e87c - - default default] 10.0.0.253 "DELETE /v2.0/security-groups/e429fbeb-5263-4d0e-8889-3a1a597f4f2e HTTP/1.1" status: 204 len: 168 time: 0.2856092
2026-05-12 06:53:02.300 9 INFO neutron.plugins.ml2.drivers.ovn.mech_driver.mech_driver [None req-75e7a955-8b25-4a8d-8b56-85627a188632 - - - - - -] OVN reports status down for port: b3734802-8f6f-4691-8a66-744734d9704a
2026-05-12 06:53:02.309 10 INFO neutron.wsgi [req-5c91b7a9-bca7-4cd2-906f-dc8fa634a18f req-a7203f10-4c68-41a8-a1a5-d91b380eb226 c785666f3446458c8c636b9ce18e504d c075a29f85e844029e49b60477be61cc - - default default] 10.0.0.169 "GET /v2.0/ports?device_id=18cac0a8-2474-4ac2-aab6-f77ab173cebc HTTP/1.1" status: 200 len: 1170 time: 0.1170294 /var/lib/openstack/lib/python3.10/site-packages/pycadf/identifier.py:71: UserWarning: Invalid uuid: neutron. To ensure interoperability, identifiers should be a valid uuid. warnings.warn(('Invalid uuid: %s. To ensure interoperability, '
2026-05-12 06:53:02.454 9 INFO neutron.wsgi [req-d6cb9e1a-cba7-4e5b-b71a-a0e41bb43116 req-0b7ea58f-9ef3-4f40-a753-70f1c069a0db 4af778c84e4d4b7ba768cb66216990d1 2f1fb4c732d7452c8a00709c380369c3 - - default default] 10.0.0.169 "GET /v2.0/ports?device_id=ff0d0fe9-b2ef-452d-82e2-9fe677a69cbb HTTP/1.1" status: 200 len: 1170 time: 0.0672772
2026-05-12 06:53:02.546 9 INFO neutron.wsgi [req-d6cb9e1a-cba7-4e5b-b71a-a0e41bb43116 req-16f457a0-870c-41fe-977c-75be0b12d63c 4af778c84e4d4b7ba768cb66216990d1 2f1fb4c732d7452c8a00709c380369c3 - - default default] 10.0.0.169 "GET /v2.0/security-groups?id=5a915108-5c65-4bbf-a624-b7953dd8b733&fields=id&fields=name HTTP/1.1" status: 200 len: 313 time: 0.0832627
2026-05-12 06:53:02.644 9 INFO neutron.wsgi [req-3988e9dd-2941-4812-bbdd-856f7fa289da req-2b25906f-7f60-4842-b966-a3d77765cf59 25c49102921045f39d6a07df15462235 d82dfd5be93540ff86770926285ba28a - - default default] 199.204.45.235 "DELETE /v2.0/ports/b3734802-8f6f-4691-8a66-744734d9704a HTTP/1.1" status: 204 len: 173 time: 0.5381157
2026-05-12 06:53:02.711 9 ERROR neutron.plugins.ml2.managers [None req-75e7a955-8b25-4a8d-8b56-85627a188632 - - - - - -] Mechanism driver 'ovn' failed in update_port_postcommit: ovsdbapp.backend.ovs_idl.idlutils.RowNotFound: Cannot find Logical_Switch_Port with name=b3734802-8f6f-4691-8a66-744734d9704a
2026-05-12 06:53:02.711 9 ERROR neutron.plugins.ml2.managers
Traceback (most recent call last):
2026-05-12 06:53:02.711 9 ERROR neutron.plugins.ml2.managers
File "/var/lib/openstack/lib/python3.10/site-packages/neutron/plugins/ml2/managers.py", line 481, in _call_on_drivers
2026-05-12 06:53:02.711 9 ERROR neutron.plugins.ml2.managers getattr(driver.obj, method_name)(context)
2026-05-12 06:53:02.711 9 ERROR neutron.plugins.ml2.managers
File "/var/lib/openstack/lib/python3.10/site-packages/neutron/plugins/ml2/drivers/ovn/mech_driver/mech_driver.py", line 979, in update_port_postcommit
2026-05-12 06:53:02.711 9 ERROR neutron.plugins.ml2.managers self._ovn_update_port(context.plugin_context, port, original_port,
2026-05-12 06:53:02.711 9 ERROR neutron.plugins.ml2.managers
File "/var/lib/openstack/lib/python3.10/site-packages/neutron/plugins/ml2/drivers/ovn/mech_driver/mech_driver.py", line 859, in _ovn_update_port
2026-05-12 06:53:02.711 9 ERROR neutron.plugins.ml2.managers self._ovn_client.update_port(plugin_context, port,
2026-05-12 06:53:02.711 9 ERROR neutron.plugins.ml2.managers
File "/var/lib/openstack/lib/python3.10/site-packages/neutron/plugins/ml2/drivers/ovn/mech_driver/ovsdb/ovn_client.py", line 746, in update_port
2026-05-12 06:53:02.711 9 ERROR neutron.plugins.ml2.managers ovn_port = self._nb_idl.lookup('Logical_Switch_Port', port['id'])
2026-05-12 06:53:02.711 9 ERROR neutron.plugins.ml2.managers
File "/var/lib/openstack/lib/python3.10/site-packages/ovsdbapp/backend/ovs_idl/__init__.py", line 184, in lookup
2026-05-12 06:53:02.711 9 ERROR neutron.plugins.ml2.managers return self._lookup(table, record)
2026-05-12 06:53:02.711 9 ERROR neutron.plugins.ml2.managers
File "/var/lib/openstack/lib/python3.10/site-packages/ovsdbapp/backend/ovs_idl/__init__.py", line 235, in _lookup
2026-05-12 06:53:02.711 9 ERROR neutron.plugins.ml2.managers row = idlutils.row_by_value(self, rl.table, rl.column, record)
2026-05-12 06:53:02.711 9 ERROR neutron.plugins.ml2.managers
File "/var/lib/openstack/lib/python3.10/site-packages/ovsdbapp/backend/ovs_idl/idlutils.py", line 114, in row_by_value
2026-05-12 06:53:02.711 9 ERROR neutron.plugins.ml2.managers raise RowNotFound(table=table, col=column, match=match)
2026-05-12 06:53:02.711 9 ERROR neutron.plugins.ml2.managers ovsdbapp.backend.ovs_idl.idlutils.RowNotFound: Cannot find Logical_Switch_Port with name=b3734802-8f6f-4691-8a66-744734d9704a
2026-05-12 06:53:02.711 9 ERROR neutron.plugins.ml2.managers 
2026-05-12 06:53:02.730 9 ERROR ovsdbapp.backend.ovs_idl.command [None req-75e7a955-8b25-4a8d-8b56-85627a188632 - - - - - -] Error executing command (LspGetUpCommand): ovsdbapp.backend.ovs_idl.idlutils.RowNotFound: Cannot find Logical_Switch_Port with name=b3734802-8f6f-4691-8a66-744734d9704a
2026-05-12 06:53:02.730 9 ERROR ovsdbapp.backend.ovs_idl.command
Traceback (most recent call last):
2026-05-12 06:53:02.730 9 ERROR ovsdbapp.backend.ovs_idl.command
File "/var/lib/openstack/lib/python3.10/site-packages/ovsdbapp/backend/ovs_idl/command.py", line 47, in execute
2026-05-12 06:53:02.730 9 ERROR ovsdbapp.backend.ovs_idl.command self.run_idl(None)
2026-05-12 06:53:02.730 9 ERROR ovsdbapp.backend.ovs_idl.command
File "/var/lib/openstack/lib/python3.10/site-packages/ovsdbapp/schema/ovn_northbound/commands.py", line 679, in run_idl
2026-05-12 06:53:02.730 9 ERROR ovsdbapp.backend.ovs_idl.command lsp = self.api.lookup('Logical_Switch_Port', self.port)
2026-05-12 06:53:02.730 9 ERROR ovsdbapp.backend.ovs_idl.command
File "/var/lib/openstack/lib/python3.10/site-packages/ovsdbapp/backend/ovs_idl/__init__.py", line 184, in lookup
2026-05-12 06:53:02.730 9 ERROR ovsdbapp.backend.ovs_idl.command return self._lookup(table, record)
2026-05-12 06:53:02.730 9 ERROR ovsdbapp.backend.ovs_idl.command
File "/var/lib/openstack/lib/python3.10/site-packages/ovsdbapp/backend/ovs_idl/__init__.py", line 235, in _lookup
2026-05-12 06:53:02.730 9 ERROR ovsdbapp.backend.ovs_idl.command row = idlutils.row_by_value(self, rl.table, rl.column, record)
2026-05-12 06:53:02.730 9 ERROR ovsdbapp.backend.ovs_idl.command
File "/var/lib/openstack/lib/python3.10/site-packages/ovsdbapp/backend/ovs_idl/idlutils.py", line 114, in row_by_value
2026-05-12 06:53:02.730 9 ERROR ovsdbapp.backend.ovs_idl.command raise RowNotFound(table=table, col=column, match=match)
