2026-05-12 06:54:17.697 10 WARNING neutron_lib.context [None req-ff503567-3170-4322-8301-0121ca37e796 148abe0f11224ed8a716a7f7bca1fcfe 8f29b7ea80394341b2b7b6efe89e0371 - - default default] Method 'is_advsvc' is deprecated since 2023.2 release (neutron-lib 3.8.0) and will be removed once support for the old RBAC API policies will be removed from Neutron. Please use method 'is_service_role' instead.
2026-05-12 06:54:17.818 10 INFO neutron.db.ovn_revision_numbers_db [None req-ff503567-3170-4322-8301-0121ca37e796 148abe0f11224ed8a716a7f7bca1fcfe 8f29b7ea80394341b2b7b6efe89e0371 - - default default] Successfully bumped revision number for resource e79cc514-e5c7-43ae-b026-5b5d1e75e8fd (type: security_groups) to 1
2026-05-12 06:54:17.830 10 INFO neutron.db.ovn_revision_numbers_db [None req-ff503567-3170-4322-8301-0121ca37e796 148abe0f11224ed8a716a7f7bca1fcfe 8f29b7ea80394341b2b7b6efe89e0371 - - default default] Successfully bumped revision number for resource 481860ad-35bc-4a16-81ee-f0d5ba95b5c3 (type: security_group_rules) to 0
2026-05-12 06:54:17.845 10 INFO neutron.db.ovn_revision_numbers_db [None req-ff503567-3170-4322-8301-0121ca37e796 148abe0f11224ed8a716a7f7bca1fcfe 8f29b7ea80394341b2b7b6efe89e0371 - - default default] Successfully bumped revision number for resource 7b2ad8b5-3b6f-4479-83ea-00f5964681c8 (type: security_group_rules) to 0
2026-05-12 06:54:17.861 10 INFO neutron.db.ovn_revision_numbers_db [None req-ff503567-3170-4322-8301-0121ca37e796 148abe0f11224ed8a716a7f7bca1fcfe 8f29b7ea80394341b2b7b6efe89e0371 - - default default] Successfully bumped revision number for resource b9085a53-db2c-42a0-8ac0-4f7e8206b34f (type: security_group_rules) to 0
2026-05-12 06:54:17.874 10 INFO neutron.db.ovn_revision_numbers_db [None req-ff503567-3170-4322-8301-0121ca37e796 148abe0f11224ed8a716a7f7bca1fcfe 8f29b7ea80394341b2b7b6efe89e0371 - - default default] Successfully bumped revision number for resource e2d0033c-a087-4947-8c29-474966ca4b8e (type: security_group_rules) to 0
2026-05-12 06:54:17.938 10 INFO neutron.db.segments_db [None req-ff503567-3170-4322-8301-0121ca37e796 148abe0f11224ed8a716a7f7bca1fcfe 8f29b7ea80394341b2b7b6efe89e0371 - - default default] Added segment f426b3d2-b607-4921-945b-bbb994103206 of type geneve for network 9bf666ec-a91f-454f-86be-5a9368477ac6
2026-05-12 06:54:18.082 10 INFO neutron.db.ovn_revision_numbers_db [None req-ff503567-3170-4322-8301-0121ca37e796 148abe0f11224ed8a716a7f7bca1fcfe 8f29b7ea80394341b2b7b6efe89e0371 - - default default] Successfully bumped revision number for resource 9bf666ec-a91f-454f-86be-5a9368477ac6 (type: networks) to 1
2026-05-12 06:54:18.098 9 INFO neutron.wsgi [None req-e501680a-f652-4201-90f5-e8200029f56d 990bf70198e944a0840b7be539088648 b4ac6bafd593455e96c5c97ef2646451 - - default default] 10.0.0.253 "GET /v2.0/ports/917fef99-3d57-468d-a0bf-0ec1d54e1e41 HTTP/1.1" status: 200 len: 1135 time: 0.1132979
2026-05-12 06:54:18.278 10 WARNING neutron.scheduler.dhcp_agent_scheduler [None req-ff503567-3170-4322-8301-0121ca37e796 148abe0f11224ed8a716a7f7bca1fcfe 8f29b7ea80394341b2b7b6efe89e0371 - - default default] No more DHCP agents
2026-05-12 06:54:18.279 10 WARNING neutron.api.rpc.agentnotifiers.dhcp_rpc_agent_api [None req-ff503567-3170-4322-8301-0121ca37e796 148abe0f11224ed8a716a7f7bca1fcfe 8f29b7ea80394341b2b7b6efe89e0371 - - default default] Unable to schedule network 9bf666ec-a91f-454f-86be-5a9368477ac6: no agents available; will retry on subsequent port and subnet creation events.
2026-05-12 06:54:18.370 10 INFO neutron.db.ovn_revision_numbers_db [None req-ff503567-3170-4322-8301-0121ca37e796 148abe0f11224ed8a716a7f7bca1fcfe 8f29b7ea80394341b2b7b6efe89e0371 - - default default] Successfully bumped revision number for resource 12091904-c721-4c7e-a838-8b1e857886f8 (type: ports) to 1
2026-05-12 06:54:18.394 10 INFO neutron.wsgi [None req-ff503567-3170-4322-8301-0121ca37e796 148abe0f11224ed8a716a7f7bca1fcfe 8f29b7ea80394341b2b7b6efe89e0371 - - default default] 10.0.0.253 "POST /v2.0/networks HTTP/1.1" status: 201 len: 843 time: 0.9326279
2026-05-12 06:54:18.434 10 WARNING neutron_lib.context [None req-027331dc-151b-461f-aef0-f9be664b2cee 148abe0f11224ed8a716a7f7bca1fcfe 8f29b7ea80394341b2b7b6efe89e0371 - - default default] Method 'is_advsvc' is deprecated since 2023.2 release (neutron-lib 3.8.0) and will be removed once support for the old RBAC API policies will be removed from Neutron. Please use method 'is_service_role' instead.
2026-05-12 06:54:18.672 10 WARNING neutron.scheduler.dhcp_agent_scheduler [None req-027331dc-151b-461f-aef0-f9be664b2cee 148abe0f11224ed8a716a7f7bca1fcfe 8f29b7ea80394341b2b7b6efe89e0371 - - default default] No more DHCP agents
2026-05-12 06:54:18.674 10 WARNING neutron.api.rpc.agentnotifiers.dhcp_rpc_agent_api [None req-027331dc-151b-461f-aef0-f9be664b2cee 148abe0f11224ed8a716a7f7bca1fcfe 8f29b7ea80394341b2b7b6efe89e0371 - - default default] Unable to schedule network 9bf666ec-a91f-454f-86be-5a9368477ac6: no agents available; will retry on subsequent port and subnet creation events.
2026-05-12 06:54:19.151 9 INFO neutron.wsgi [None req-bbbd7b7f-1d42-47c1-8a14-ee2618fbc69f 990bf70198e944a0840b7be539088648 b4ac6bafd593455e96c5c97ef2646451 - - default default] 10.0.0.253 "GET /v2.0/ports/917fef99-3d57-468d-a0bf-0ec1d54e1e41 HTTP/1.1" status: 200 len: 1135 time: 0.0456231
2026-05-12 06:54:19.163 10 INFO neutron.db.ovn_revision_numbers_db [None req-027331dc-151b-461f-aef0-f9be664b2cee 148abe0f11224ed8a716a7f7bca1fcfe 8f29b7ea80394341b2b7b6efe89e0371 - - default default] Successfully bumped revision number for resource 12091904-c721-4c7e-a838-8b1e857886f8 (type: ports) to 2
2026-05-12 06:54:19.201 10 INFO neutron.db.ovn_revision_numbers_db [None req-027331dc-151b-461f-aef0-f9be664b2cee 148abe0f11224ed8a716a7f7bca1fcfe 8f29b7ea80394341b2b7b6efe89e0371 - - default default] Successfully bumped revision number for resource b801575d-bbc2-4784-aab0-429fdca338c5 (type: subnets) to 0
2026-05-12 06:54:19.218 10 INFO neutron.wsgi [None req-027331dc-151b-461f-aef0-f9be664b2cee 148abe0f11224ed8a716a7f7bca1fcfe 8f29b7ea80394341b2b7b6efe89e0371 - - default default] 10.0.0.253 "POST /v2.0/subnets HTTP/1.1" status: 201 len: 816 time: 0.7903223
2026-05-12 06:54:19.229 9 WARNING neutron_lib.context [None req-9d123e64-f8d7-423f-8a42-a2122ee4ba90 1553b6541bfa4840bea7fafb9aef2702 8254207bffed4cb2a314f7d00607ea46 - - default default] Method 'is_advsvc' is deprecated since 2023.2 release (neutron-lib 3.8.0) and will be removed once support for the old RBAC API policies will be removed from Neutron. Please use method 'is_service_role' instead.
2026-05-12 06:54:19.235 10 WARNING neutron_lib.context [None req-3ced545f-4c51-40dc-a0a1-54523659c410 148abe0f11224ed8a716a7f7bca1fcfe 8f29b7ea80394341b2b7b6efe89e0371 - - default default] Method 'is_advsvc' is deprecated since 2023.2 release (neutron-lib 3.8.0) and will be removed once support for the old RBAC API policies will be removed from Neutron. Please use method 'is_service_role' instead.
2026-05-12 06:54:19.293 10 WARNING neutron_lib.context [None req-435072c6-aad2-4844-81fa-b271047fb7dd 85ce1287ae5948c2ba7732700845e4e0 b2c4d67622b24b5182a1c017a8cfbaf4 - - default default] Method 'is_advsvc' is deprecated since 2023.2 release (neutron-lib 3.8.0) and will be removed once support for the old RBAC API policies will be removed from Neutron. Please use method 'is_service_role' instead.
2026-05-12 06:54:19.320 10 INFO neutron.db.segments_db [None req-3ced545f-4c51-40dc-a0a1-54523659c410 148abe0f11224ed8a716a7f7bca1fcfe 8f29b7ea80394341b2b7b6efe89e0371 - - default default] Added segment 35e41190-6216-478c-89ee-daae522cc45e of type geneve for network 656701df-dc81-4c83-978c-40635b538df0
2026-05-12 06:54:19.374 9 INFO neutron.db.ovn_revision_numbers_db [None req-9d123e64-f8d7-423f-8a42-a2122ee4ba90 1553b6541bfa4840bea7fafb9aef2702 8254207bffed4cb2a314f7d00607ea46 - - default default] Successfully bumped revision number for resource 27b57e6a-2db6-4442-82d7-33b22f1a267a (type: security_groups) to 1
2026-05-12 06:54:19.375 10 INFO neutron.wsgi [None req-435072c6-aad2-4844-81fa-b271047fb7dd 85ce1287ae5948c2ba7732700845e4e0 b2c4d67622b24b5182a1c017a8cfbaf4 - - default default] 10.0.0.253 "POST /v2.0/subnetpools HTTP/1.1" status: 201 len: 748 time: 0.1262131
2026-05-12 06:54:19.396 9 INFO neutron.db.ovn_revision_numbers_db [None req-9d123e64-f8d7-423f-8a42-a2122ee4ba90 1553b6541bfa4840bea7fafb9aef2702 8254207bffed4cb2a314f7d00607ea46 - - default default] Successfully bumped revision number for resource 57f88d86-bec7-4c51-8142-05af91c0fd4c (type: security_group_rules) to 0
2026-05-12 06:54:19.399 9 INFO neutron.wsgi [None req-54a7c969-90dd-42c1-b333-e24de6e9cc50 85ce1287ae5948c2ba7732700845e4e0 b2c4d67622b24b5182a1c017a8cfbaf4 - - default default] 10.0.0.253 "GET /v2.0/subnetpools/6256635f-85b8-4315-96a1-fa9dd3a7157b HTTP/1.1" status: 200 len: 743 time: 0.0187101
2026-05-12 06:54:19.416 9 INFO neutron.db.ovn_revision_numbers_db [None req-9d123e64-f8d7-423f-8a42-a2122ee4ba90 1553b6541bfa4840bea7fafb9aef2702 8254207bffed4cb2a314f7d00607ea46 - - default default] Successfully bumped revision number for resource b639435b-7741-4184-9711-202a2f442470 (type: security_group_rules) to 0
2026-05-12 06:54:19.439 9 INFO neutron.db.ovn_revision_numbers_db [None req-9d123e64-f8d7-423f-8a42-a2122ee4ba90 1553b6541bfa4840bea7fafb9aef2702 8254207bffed4cb2a314f7d00607ea46 - - default default] Successfully bumped revision number for resource e7269320-e351-4b34-8151-8a222202320d (type: security_group_rules) to 0
2026-05-12 06:54:19.457 9 INFO neutron.db.ovn_revision_numbers_db [None req-9d123e64-f8d7-423f-8a42-a2122ee4ba90 1553b6541bfa4840bea7fafb9aef2702 8254207bffed4cb2a314f7d00607ea46 - - default default] Successfully bumped revision number for resource faa67f54-8294-4d1d-80de-bade10304cb5 (type: security_group_rules) to 0
2026-05-12 06:54:19.459 10 INFO neutron.db.ovn_revision_numbers_db [None req-3ced545f-4c51-40dc-a0a1-54523659c410 148abe0f11224ed8a716a7f7bca1fcfe 8f29b7ea80394341b2b7b6efe89e0371 - - default default] Successfully bumped revision number for resource 656701df-dc81-4c83-978c-40635b538df0 (type: networks) to 1
2026-05-12 06:54:19.468 9 INFO neutron.wsgi [None req-97668dfa-a589-4e0e-a6e8-cd38ffe4152a 85ce1287ae5948c2ba7732700845e4e0 b2c4d67622b24b5182a1c017a8cfbaf4 - - default default] 10.0.0.253 "PUT /v2.0/subnetpools/6256635f-85b8-4315-96a1-fa9dd3a7157b HTTP/1.1" status: 200 len: 695 time: 0.0646613
2026-05-12 06:54:19.506 9 INFO neutron.db.segments_db [None req-9d123e64-f8d7-423f-8a42-a2122ee4ba90 1553b6541bfa4840bea7fafb9aef2702 8254207bffed4cb2a314f7d00607ea46 - - default default] Added segment e25e675c-14fc-4c4d-9c66-80c5ffd5fa2a of type geneve for network 1c30bf74-4b42-415d-bd8f-dfe32837342d
2026-05-12 06:54:19.543 9 INFO neutron.wsgi [None req-83c846fb-a65d-4a53-8504-2b6bb16add77 85ce1287ae5948c2ba7732700845e4e0 b2c4d67622b24b5182a1c017a8cfbaf4 - - default default] 10.0.0.253 "DELETE /v2.0/subnetpools/6256635f-85b8-4315-96a1-fa9dd3a7157b HTTP/1.1" status: 204 len: 168 time: 0.0719812
2026-05-12 06:54:19.572 9 INFO neutron.api.v2.resource [None req-3366271e-0a5b-4efb-8ecb-bb9b39f30c28 85ce1287ae5948c2ba7732700845e4e0 b2c4d67622b24b5182a1c017a8cfbaf4 - - default default] show failed (client error): The resource could not be found.
2026-05-12 06:54:19.573 9 INFO neutron.wsgi [None req-3366271e-0a5b-4efb-8ecb-bb9b39f30c28 85ce1287ae5948c2ba7732700845e4e0 b2c4d67622b24b5182a1c017a8cfbaf4 - - default default] 10.0.0.253 "GET /v2.0/subnetpools/6256635f-85b8-4315-96a1-fa9dd3a7157b HTTP/1.1" status: 404 len: 346 time: 0.0223370
2026-05-12 06:54:19.594 9 INFO neutron.api.v2.resource [None req-69d5dc87-0a70-47bd-9c7b-ae39be1c1e77 85ce1287ae5948c2ba7732700845e4e0 b2c4d67622b24b5182a1c017a8cfbaf4 - - default default] delete failed (client error): The resource could not be found.
2026-05-12 06:54:19.595 9 INFO neutron.wsgi [None req-69d5dc87-0a70-47bd-9c7b-ae39be1c1e77 85ce1287ae5948c2ba7732700845e4e0 b2c4d67622b24b5182a1c017a8cfbaf4 - - default default] 10.0.0.253 "DELETE /v2.0/subnetpools/6256635f-85b8-4315-96a1-fa9dd3a7157b HTTP/1.1" status: 404 len: 346 time: 0.0155451
2026-05-12 06:54:19.667 9 INFO neutron.db.ovn_revision_numbers_db [None req-9d123e64-f8d7-423f-8a42-a2122ee4ba90 1553b6541bfa4840bea7fafb9aef2702 8254207bffed4cb2a314f7d00607ea46 - - default default] Successfully bumped revision number for resource 1c30bf74-4b42-415d-bd8f-dfe32837342d (type: networks) to 1
2026-05-12 06:54:19.855 9 WARNING neutron.scheduler.dhcp_agent_scheduler [None req-9d123e64-f8d7-423f-8a42-a2122ee4ba90 1553b6541bfa4840bea7fafb9aef2702 8254207bffed4cb2a314f7d00607ea46 - - default default] No more DHCP agents
2026-05-12 06:54:19.857 9 WARNING neutron.api.rpc.agentnotifiers.dhcp_rpc_agent_api [None req-9d123e64-f8d7-423f-8a42-a2122ee4ba90 1553b6541bfa4840bea7fafb9aef2702 8254207bffed4cb2a314f7d00607ea46 - - default default] Unable to schedule network 1c30bf74-4b42-415d-bd8f-dfe32837342d: no agents available; will retry on subsequent port and subnet creation events.
2026-05-12 06:54:19.885 10 WARNING neutron.scheduler.dhcp_agent_scheduler [None req-3ced545f-4c51-40dc-a0a1-54523659c410 148abe0f11224ed8a716a7f7bca1fcfe 8f29b7ea80394341b2b7b6efe89e0371 - - default default] No more DHCP agents
2026-05-12 06:54:19.886 10 WARNING neutron.api.rpc.agentnotifiers.dhcp_rpc_agent_api [None req-3ced545f-4c51-40dc-a0a1-54523659c410 148abe0f11224ed8a716a7f7bca1fcfe 8f29b7ea80394341b2b7b6efe89e0371 - - default default] Unable to schedule network 656701df-dc81-4c83-978c-40635b538df0: no agents available; will retry on subsequent port and subnet creation events.
2026-05-12 06:54:19.953 9 INFO neutron.db.ovn_revision_numbers_db [None req-9d123e64-f8d7-423f-8a42-a2122ee4ba90 1553b6541bfa4840bea7fafb9aef2702 8254207bffed4cb2a314f7d00607ea46 - - default default] Successfully bumped revision number for resource 1b411bba-5ed0-4326-bcbc-2472c6a9ac94 (type: ports) to 1
2026-05-12 06:54:19.991 9 INFO neutron.wsgi [None req-9d123e64-f8d7-423f-8a42-a2122ee4ba90 1553b6541bfa4840bea7fafb9aef2702 8254207bffed4cb2a314f7d00607ea46 - - default default] 10.0.0.253 "POST /v2.0/networks HTTP/1.1" status: 201 len: 830 time: 0.9324877
2026-05-12 06:54:19.992 9 WARNING neutron.plugins.ml2.drivers.ovn.mech_driver.ovsdb.ovn_client [None req-75e7a955-8b25-4a8d-8b56-85627a188632 - - - - - -] No port found with ID fac6d5d0-a57c-43a5-b60f-23f5e09bb8f4: RuntimeError: No port found with ID fac6d5d0-a57c-43a5-b60f-23f5e09bb8f4
2026-05-12 06:54:19.992 9 INFO neutron.plugins.ml2.drivers.ovn.mech_driver.mech_driver [None req-75e7a955-8b25-4a8d-8b56-85627a188632 - - - - - -] OVN reports status up for port: 917fef99-3d57-468d-a0bf-0ec1d54e1e41
2026-05-12 06:54:19.993 10 INFO neutron.db.ovn_revision_numbers_db [None req-3ced545f-4c51-40dc-a0a1-54523659c410 148abe0f11224ed8a716a7f7bca1fcfe 8f29b7ea80394341b2b7b6efe89e0371 - - default default] Successfully bumped revision number for resource 3cb17574-fc04-4c98-8bcb-dca14eca7269 (type: ports) to 1
2026-05-12 06:54:20.000 9 INFO neutron.plugins.ml2.plugin [None req-75e7a955-8b25-4a8d-8b56-85627a188632 - - - - - -] Attempt 1 to provision port 917fef99-3d57-468d-a0bf-0ec1d54e1e41
2026-05-12 06:54:20.005 10 WARNING neutron_lib.context [None req-8c70ab94-16e2-4c2e-b35e-720032a066bc 1553b6541bfa4840bea7fafb9aef2702 8254207bffed4cb2a314f7d00607ea46 - - default default] Method 'is_advsvc' is deprecated since 2023.2 release (neutron-lib 3.8.0) and will be removed once support for the old RBAC API policies will be removed from Neutron. Please use method 'is_service_role' instead.
2026-05-12 06:54:20.038 10 INFO neutron.wsgi [None req-3ced545f-4c51-40dc-a0a1-54523659c410 148abe0f11224ed8a716a7f7bca1fcfe 8f29b7ea80394341b2b7b6efe89e0371 - - default default] 10.0.0.253 "POST /v2.0/networks HTTP/1.1" status: 201 len: 843 time: 0.8108253
2026-05-12 06:54:20.292 10 INFO neutron.db.ovn_revision_numbers_db [None req-5e37146d-3870-4390-8f81-5ed7c41932ad 148abe0f11224ed8a716a7f7bca1fcfe 8f29b7ea80394341b2b7b6efe89e0371 - - default default] Successfully bumped revision number for resource 656701df-dc81-4c83-978c-40635b538df0 (type: networks) to 2
2026-05-12 06:54:20.295 10 INFO neutron.wsgi [None req-5e37146d-3870-4390-8f81-5ed7c41932ad 148abe0f11224ed8a716a7f7bca1fcfe 8f29b7ea80394341b2b7b6efe89e0371 - - default default] 10.0.0.253 "PUT /v2.0/networks/656701df-dc81-4c83-978c-40635b538df0 HTTP/1.1" status: 200 len: 792 time: 0.2518632
2026-05-12 06:54:20.311 10 WARNING neutron_lib.context [None req-68e87a93-06d7-40e4-9853-4c1e40ba7432 148abe0f11224ed8a716a7f7bca1fcfe 8f29b7ea80394341b2b7b6efe89e0371 - - default default] Method 'is_advsvc' is deprecated since 2023.2 release (neutron-lib 3.8.0) and will be removed once support for the old RBAC API policies will be removed from Neutron. Please use method 'is_service_role' instead.
2026-05-12 06:54:20.353 10 INFO neutron.wsgi [None req-608f4457-0929-4efa-95ad-e18b5a9d0f39 990bf70198e944a0840b7be539088648 b4ac6bafd593455e96c5c97ef2646451 - - default default] 10.0.0.253 "GET /v2.0/ports/917fef99-3d57-468d-a0bf-0ec1d54e1e41 HTTP/1.1" status: 200 len: 1135 time: 0.1881330
2026-05-12 06:54:20.396 10 WARNING neutron.scheduler.dhcp_agent_scheduler [None req-8c70ab94-16e2-4c2e-b35e-720032a066bc 1553b6541bfa4840bea7fafb9aef2702 8254207bffed4cb2a314f7d00607ea46 - - default default] No more DHCP agents
2026-05-12 06:54:20.401 10 WARNING neutron.api.rpc.agentnotifiers.dhcp_rpc_agent_api [None req-8c70ab94-16e2-4c2e-b35e-720032a066bc 1553b6541bfa4840bea7fafb9aef2702 8254207bffed4cb2a314f7d00607ea46 - - default default] Unable to schedule network 1c30bf74-4b42-415d-bd8f-dfe32837342d: no agents available; will retry on subsequent port and subnet creation events.
2026-05-12 06:54:20.519 10 INFO neutron.db.ovn_revision_numbers_db [None req-8c70ab94-16e2-4c2e-b35e-720032a066bc 1553b6541bfa4840bea7fafb9aef2702 8254207bffed4cb2a314f7d00607ea46 - - default default] Successfully bumped revision number for resource 60d33a14-58b3-4b4c-9c82-1353323a1582 (type: ports) to 1
2026-05-12 06:54:20.558 10 INFO neutron.wsgi [None req-8c70ab94-16e2-4c2e-b35e-720032a066bc 1553b6541bfa4840bea7fafb9aef2702 8254207bffed4cb2a314f7d00607ea46 - - default default] 10.0.0.253 "POST /v2.0/ports HTTP/1.1" status: 201 len: 942 time: 0.5602934 /var/lib/openstack/lib/python3.10/site-packages/pycadf/identifier.py:71: UserWarning: Invalid uuid: neutron. To ensure interoperability, identifiers should be a valid uuid. warnings.warn(('Invalid uuid: %s. To ensure interoperability, '
2026-05-12 06:54:20.568 10 WARNING neutron_lib.context [None req-2f7e1e63-62f1-4c3b-ac53-64179df87a3d 1553b6541bfa4840bea7fafb9aef2702 8254207bffed4cb2a314f7d00607ea46 - - default default] Method 'is_advsvc' is deprecated since 2023.2 release (neutron-lib 3.8.0) and will be removed once support for the old RBAC API policies will be removed from Neutron. Please use method 'is_service_role' instead.
2026-05-12 06:54:20.663 10 WARNING neutron.scheduler.dhcp_agent_scheduler [None req-68e87a93-06d7-40e4-9853-4c1e40ba7432 148abe0f11224ed8a716a7f7bca1fcfe 8f29b7ea80394341b2b7b6efe89e0371 - - default default] No more DHCP agents
2026-05-12 06:54:20.667 10 WARNING neutron.api.rpc.agentnotifiers.dhcp_rpc_agent_api [None req-68e87a93-06d7-40e4-9853-4c1e40ba7432 148abe0f11224ed8a716a7f7bca1fcfe 8f29b7ea80394341b2b7b6efe89e0371 - - default default] Unable to schedule network 656701df-dc81-4c83-978c-40635b538df0: no agents available; will retry on subsequent port and subnet creation events.
2026-05-12 06:54:20.880 9 INFO neutron.db.ovn_revision_numbers_db [None req-fe7a0e46-e3ed-441b-aaaf-75bdd325160f b21ba0208f24448fa7d1a3f68b4b6200 a41f40722aaa4c3bbf8603632511e87c - - default default] Successfully bumped revision number for resource 76216a56-b003-4e2e-9ed0-3b37617eb0ed (type: security_groups) to 1
2026-05-12 06:54:20.888 9 INFO neutron.db.ovn_revision_numbers_db [None req-75e7a955-8b25-4a8d-8b56-85627a188632 - - - - - -] Successfully bumped revision number for resource 917fef99-3d57-468d-a0bf-0ec1d54e1e41 (type: ports) to 2
2026-05-12 06:54:20.895 9 INFO neutron.db.ovn_revision_numbers_db [None req-fe7a0e46-e3ed-441b-aaaf-75bdd325160f b21ba0208f24448fa7d1a3f68b4b6200 a41f40722aaa4c3bbf8603632511e87c - - default default] Successfully bumped revision number for resource 0a16b99a-75a6-4bc9-8994-08e49f5f5275 (type: security_group_rules) to 0
2026-05-12 06:54:20.922 10 INFO neutron.wsgi [None req-2f7e1e63-62f1-4c3b-ac53-64179df87a3d 1553b6541bfa4840bea7fafb9aef2702 8254207bffed4cb2a314f7d00607ea46 - - default default] 10.0.0.253 "POST /v2.0/trunks HTTP/1.1" status: 201 len: 608 time: 0.3595316
2026-05-12 06:54:20.937 9 INFO neutron.db.ovn_revision_numbers_db [None req-fe7a0e46-e3ed-441b-aaaf-75bdd325160f b21ba0208f24448fa7d1a3f68b4b6200 a41f40722aaa4c3bbf8603632511e87c - - default default] Successfully bumped revision number for resource b0c5176c-9003-4135-a9e5-7971d94ccde2 (type: security_group_rules) to 0
2026-05-12 06:54:20.938 10 WARNING neutron_lib.context [None req-21046f04-2415-4ae7-bdc4-279f55320d2a 1553b6541bfa4840bea7fafb9aef2702 8254207bffed4cb2a314f7d00607ea46 - - default default] Method 'is_advsvc' is deprecated since 2023.2 release (neutron-lib 3.8.0) and will be removed once support for the old RBAC API policies will be removed from Neutron. Please use method 'is_service_role' instead.
2026-05-12 06:54:20.957 9 INFO neutron.db.ovn_revision_numbers_db [None req-fe7a0e46-e3ed-441b-aaaf-75bdd325160f b21ba0208f24448fa7d1a3f68b4b6200 a41f40722aaa4c3bbf8603632511e87c - - default default] Successfully bumped revision number for resource ed3fc166-3b70-40fb-9f14-7e21bcfe5694 (type: security_group_rules) to 0
2026-05-12 06:54:20.981 9 INFO neutron.db.ovn_revision_numbers_db [None req-fe7a0e46-e3ed-441b-aaaf-75bdd325160f b21ba0208f24448fa7d1a3f68b4b6200 a41f40722aaa4c3bbf8603632511e87c - - default default] Successfully bumped revision number for resource f338e9b3-c434-426e-b1ca-a50796cd5117 (type: security_group_rules) to 0
2026-05-12 06:54:21.005 9 INFO neutron.wsgi [None req-fe7a0e46-e3ed-441b-aaaf-75bdd325160f b21ba0208f24448fa7d1a3f68b4b6200 a41f40722aaa4c3bbf8603632511e87c - - default default] 10.0.0.253 "GET /v2.0/security-groups?tenant_id=b2c4d67622b24b5182a1c017a8cfbaf4&name=default HTTP/1.1" status: 200 len: 3120 time: 0.9129918
2026-05-12 06:54:21.047 9 INFO neutron.db.ovn_revision_numbers_db [None req-75e7a955-8b25-4a8d-8b56-85627a188632 - - - - - -] Successfully bumped revision number for resource 917fef99-3d57-468d-a0bf-0ec1d54e1e41 (type: router_ports) to 2
2026-05-12 06:54:21.088 10 INFO neutron.db.segments_db [None req-21046f04-2415-4ae7-bdc4-279f55320d2a 1553b6541bfa4840bea7fafb9aef2702 8254207bffed4cb2a314f7d00607ea46 - - default default] Added segment fbc02898-8d05-4c72-a052-a4b05868c7ae of type geneve for network 64e1819e-addc-4c70-bcea-7ccd7d8b3f08
2026-05-12 06:54:21.262 9 INFO neutron.wsgi [None req-cfb9c271-a928-4bf5-977a-cb40bb7cad78 b21ba0208f24448fa7d1a3f68b4b6200 a41f40722aaa4c3bbf8603632511e87c - - default default] 10.0.0.253 "DELETE /v2.0/security-groups/76216a56-b003-4e2e-9ed0-3b37617eb0ed HTTP/1.1" status: 204 len: 168 time: 0.2473655
2026-05-12 06:54:21.307 10 INFO neutron.db.ovn_revision_numbers_db [None req-21046f04-2415-4ae7-bdc4-279f55320d2a 1553b6541bfa4840bea7fafb9aef2702 8254207bffed4cb2a314f7d00607ea46 - - default default] Successfully bumped revision number for resource 64e1819e-addc-4c70-bcea-7ccd7d8b3f08 (type: networks) to 1
2026-05-12 06:54:21.392 9 INFO neutron.wsgi [None req-3269efc1-59c1-4e88-9a22-abf743778a03 990bf70198e944a0840b7be539088648 b4ac6bafd593455e96c5c97ef2646451 - - default default] 10.0.0.253 "GET /v2.0/ports/917fef99-3d57-468d-a0bf-0ec1d54e1e41 HTTP/1.1" status: 200 len: 1137 time: 0.0333853
2026-05-12 06:54:21.488 10 INFO neutron.db.ovn_revision_numbers_db [None req-68e87a93-06d7-40e4-9853-4c1e40ba7432 148abe0f11224ed8a716a7f7bca1fcfe 8f29b7ea80394341b2b7b6efe89e0371 - - default default] Successfully bumped revision number for resource 3cb17574-fc04-4c98-8bcb-dca14eca7269 (type: ports) to 2
2026-05-12 06:54:21.539 10 INFO neutron.db.ovn_revision_numbers_db [None req-68e87a93-06d7-40e4-9853-4c1e40ba7432 148abe0f11224ed8a716a7f7bca1fcfe 8f29b7ea80394341b2b7b6efe89e0371 - - default default] Successfully bumped revision number for resource 961f39b5-f71e-4cdb-8573-1fe02b2d2380 (type: subnets) to 0
2026-05-12 06:54:21.555 10 WARNING neutron.scheduler.dhcp_agent_scheduler [None req-21046f04-2415-4ae7-bdc4-279f55320d2a 1553b6541bfa4840bea7fafb9aef2702 8254207bffed4cb2a314f7d00607ea46 - - default default] No more DHCP agents
2026-05-12 06:54:21.561 10 INFO neutron.wsgi [None req-68e87a93-06d7-40e4-9853-4c1e40ba7432 148abe0f11224ed8a716a7f7bca1fcfe 8f29b7ea80394341b2b7b6efe89e0371 - - default default] 10.0.0.253 "POST /v2.0/subnets HTTP/1.1" status: 201 len: 801 time: 1.2570143
2026-05-12 06:54:21.563 10 WARNING neutron.api.rpc.agentnotifiers.dhcp_rpc_agent_api [None req-21046f04-2415-4ae7-bdc4-279f55320d2a 1553b6541bfa4840bea7fafb9aef2702 8254207bffed4cb2a314f7d00607ea46 - - default default] Unable to schedule network 64e1819e-addc-4c70-bcea-7ccd7d8b3f08: no agents available; will retry on subsequent port and subnet creation events.
2026-05-12 06:54:21.646 10 INFO neutron.db.ovn_revision_numbers_db [None req-21046f04-2415-4ae7-bdc4-279f55320d2a 1553b6541bfa4840bea7fafb9aef2702 8254207bffed4cb2a314f7d00607ea46 - - default default] Successfully bumped revision number for resource a1bfdde7-5103-4d64-8601-4ebb25f4a115 (type: ports) to 1
2026-05-12 06:54:21.677 10 INFO neutron.wsgi [None req-21046f04-2415-4ae7-bdc4-279f55320d2a 1553b6541bfa4840bea7fafb9aef2702 8254207bffed4cb2a314f7d00607ea46 - - default default] 10.0.0.253 "POST /v2.0/networks HTTP/1.1" status: 201 len: 830 time: 0.7447526
2026-05-12 06:54:21.687 9 WARNING neutron_lib.context [None req-98ee106f-efc2-47e6-b5af-7cd62e6cd512 1553b6541bfa4840bea7fafb9aef2702 8254207bffed4cb2a314f7d00607ea46 - - default default] Method 'is_advsvc' is deprecated since 2023.2 release (neutron-lib 3.8.0) and will be removed once support for the old RBAC API policies will be removed from Neutron. Please use method 'is_service_role' instead.
2026-05-12 06:54:22.022 9 INFO neutron.db.ovn_revision_numbers_db [None req-a5da41d0-77d0-4825-85ac-2c23c074bc8d 148abe0f11224ed8a716a7f7bca1fcfe 8f29b7ea80394341b2b7b6efe89e0371 - - default default] Successfully bumped revision number for resource 961f39b5-f71e-4cdb-8573-1fe02b2d2380 (type: subnets) to 1
2026-05-12 06:54:22.025 9 INFO neutron.wsgi [None req-a5da41d0-77d0-4825-85ac-2c23c074bc8d 148abe0f11224ed8a716a7f7bca1fcfe 8f29b7ea80394341b2b7b6efe89e0371 - - default default] 10.0.0.253 "PUT /v2.0/subnets/961f39b5-f71e-4cdb-8573-1fe02b2d2380 HTTP/1.1" status: 200 len: 806 time: 0.4576035
2026-05-12 06:54:22.104 9 WARNING neutron.scheduler.dhcp_agent_scheduler [None req-98ee106f-efc2-47e6-b5af-7cd62e6cd512 1553b6541bfa4840bea7fafb9aef2702 8254207bffed4cb2a314f7d00607ea46 - - default default] No more DHCP agents
2026-05-12 06:54:22.111 9 WARNING neutron.api.rpc.agentnotifiers.dhcp_rpc_agent_api [None req-98ee106f-efc2-47e6-b5af-7cd62e6cd512 1553b6541bfa4840bea7fafb9aef2702 8254207bffed4cb2a314f7d00607ea46 - - default default] Unable to schedule network 64e1819e-addc-4c70-bcea-7ccd7d8b3f08: no agents available; will retry on subsequent port and subnet creation events.
2026-05-12 06:54:22.214 9 INFO neutron.db.ovn_revision_numbers_db [None req-98ee106f-efc2-47e6-b5af-7cd62e6cd512 1553b6541bfa4840bea7fafb9aef2702 8254207bffed4cb2a314f7d00607ea46 - - default default] Successfully bumped revision number for resource 6c92b944-82ef-4376-b5fe-4afba0589e27 (type: ports) to 1
2026-05-12 06:54:22.252 9 INFO neutron.wsgi [None req-98ee106f-efc2-47e6-b5af-7cd62e6cd512 1553b6541bfa4840bea7fafb9aef2702 8254207bffed4cb2a314f7d00607ea46 - - default default] 10.0.0.253 "POST /v2.0/ports HTTP/1.1" status: 201 len: 942 time: 0.5698860 /var/lib/openstack/lib/python3.10/site-packages/pycadf/identifier.py:71: UserWarning: Invalid uuid: neutron. To ensure interoperability, identifiers should be a valid uuid. warnings.warn(('Invalid uuid: %s. To ensure interoperability, '
2026-05-12 06:54:22.261 9 WARNING neutron_lib.context [None req-9c0b87c0-e12b-4219-b520-e6479df2caf5 1553b6541bfa4840bea7fafb9aef2702 8254207bffed4cb2a314f7d00607ea46 - - default default] Method 'is_advsvc' is deprecated since 2023.2 release (neutron-lib 3.8.0) and will be removed once support for the old RBAC API policies will be removed from Neutron. Please use method 'is_service_role' instead.
2026-05-12 06:54:22.547 9 INFO neutron.wsgi [None req-a9e163c6-d409-411b-8c3b-b5ac42a71c6a 990bf70198e944a0840b7be539088648 b4ac6bafd593455e96c5c97ef2646451 - - default default] 10.0.0.253 "PUT /v2.0/routers/7a168ac4-f312-47e3-a155-c2ad69bf1ab4/remove_router_interface HTTP/1.1" status: 200 len: 503 time: 1.1496813
2026-05-12 06:54:22.576 10 INFO neutron.wsgi [None req-7ca49de2-37fc-4901-b095-1f7963611a8f 990bf70198e944a0840b7be539088648 b4ac6bafd593455e96c5c97ef2646451 - - default default] 10.0.0.253 "GET /v2.0/ports?device_id=7a168ac4-f312-47e3-a155-c2ad69bf1ab4 HTTP/1.1" status: 200 len: 205 time: 0.0212576
2026-05-12 06:54:22.703 9 INFO neutron.wsgi [None req-9c0b87c0-e12b-4219-b520-e6479df2caf5 1553b6541bfa4840bea7fafb9aef2702 8254207bffed4cb2a314f7d00607ea46 - - default default] 10.0.0.253 "POST /v2.0/trunks HTTP/1.1" status: 201 len: 608 time: 0.4461484 /var/lib/openstack/lib/python3.10/site-packages/pycadf/identifier.py:71: UserWarning: Invalid uuid: neutron. To ensure interoperability, identifiers should be a valid uuid. warnings.warn(('Invalid uuid: %s. To ensure interoperability, '
2026-05-12 06:54:22.712 9 WARNING neutron_lib.context [None req-b3c4b0d1-3e38-463b-8af2-8b53d2042208 1553b6541bfa4840bea7fafb9aef2702 8254207bffed4cb2a314f7d00607ea46 - - default default] Method 'is_advsvc' is deprecated since 2023.2 release (neutron-lib 3.8.0) and will be removed once support for the old RBAC API policies will be removed from Neutron. Please use method 'is_service_role' instead.
2026-05-12 06:54:22.794 9 INFO neutron.db.segments_db [None req-b3c4b0d1-3e38-463b-8af2-8b53d2042208 1553b6541bfa4840bea7fafb9aef2702 8254207bffed4cb2a314f7d00607ea46 - - default default] Added segment 3e35fcb0-c245-4e47-afef-3b044ba16276 of type geneve for network 14d26a7a-ba31-43de-b9c3-923f59ff1885
2026-05-12 06:54:22.911 9 INFO neutron.db.ovn_revision_numbers_db [None req-b3c4b0d1-3e38-463b-8af2-8b53d2042208 1553b6541bfa4840bea7fafb9aef2702 8254207bffed4cb2a314f7d00607ea46 - - default default] Successfully bumped revision number for resource 14d26a7a-ba31-43de-b9c3-923f59ff1885 (type: networks) to 1
2026-05-12 06:54:22.991 9 INFO neutron.wsgi [-] 10.0.0.253 "GET / HTTP/1.1" status: 200 len: 279 time: 0.0013163
2026-05-12 06:54:23.061 9 WARNING neutron.scheduler.dhcp_agent_scheduler [None req-b3c4b0d1-3e38-463b-8af2-8b53d2042208 1553b6541bfa4840bea7fafb9aef2702 8254207bffed4cb2a314f7d00607ea46 - - default default] No more DHCP agents
2026-05-12 06:54:23.062 10 INFO neutron.services.segments.plugin [-] Segment 35e41190-6216-478c-89ee-daae522cc45e resource provider aggregate not found
2026-05-12 06:54:23.064 9 WARNING neutron.api.rpc.agentnotifiers.dhcp_rpc_agent_api [None req-b3c4b0d1-3e38-463b-8af2-8b53d2042208 1553b6541bfa4840bea7fafb9aef2702 8254207bffed4cb2a314f7d00607ea46 - - default default] Unable to schedule network 14d26a7a-ba31-43de-b9c3-923f59ff1885: no agents available; will retry on subsequent port and subnet creation events.
2026-05-12 06:54:23.067 10 INFO neutron.services.segments.plugin [-] Segment 35e41190-6216-478c-89ee-daae522cc45e resource provider aggregate not found
2026-05-12 06:54:23.094 10 INFO neutron.services.segments.plugin [-] Segment 35e41190-6216-478c-89ee-daae522cc45e resource provider not found; error: Placement Client Error (4xx): {"errors": [{"status": 404, "title": "Not Found", "detail": "The resource could not be found.\n\n No resource provider with uuid 35e41190-6216-478c-89ee-daae522cc45e found for delete ", "request_id": "req-e37da839-d25a-41e8-9309-2c3a4198e793"}]}
2026-05-12 06:54:23.098 10 INFO neutron.services.segments.plugin [-] Segment 35e41190-6216-478c-89ee-daae522cc45e resource provider not found; error: Placement Client Error (4xx): {"errors": [{"status": 404, "title": "Not Found", "detail": "The resource could not be found.\n\n No resource provider with uuid 35e41190-6216-478c-89ee-daae522cc45e found for delete ", "request_id": "req-c02ab31b-6c85-4813-8d0d-6b8761280a19"}]}
2026-05-12 06:54:23.127 9 INFO neutron.db.ovn_revision_numbers_db [None req-b3c4b0d1-3e38-463b-8af2-8b53d2042208 1553b6541bfa4840bea7fafb9aef2702 8254207bffed4cb2a314f7d00607ea46 - - default default] Successfully bumped revision number for resource 97ebc617-7ef0-49fd-9e9f-63cea8012b33 (type: ports) to 1
2026-05-12 06:54:23.146 9 INFO neutron.wsgi [None req-b3c4b0d1-3e38-463b-8af2-8b53d2042208 1553b6541bfa4840bea7fafb9aef2702 8254207bffed4cb2a314f7d00607ea46 - - default default] 10.0.0.253 "POST /v2.0/networks HTTP/1.1" status: 201 len: 830 time: 0.4372385
2026-05-12 06:54:23.154 9 WARNING neutron_lib.context [None req-5845b9e2-c61c-45b4-9e93-87e4499ca767 1553b6541bfa4840bea7fafb9aef2702 8254207bffed4cb2a314f7d00607ea46 - - default default] Method 'is_advsvc' is deprecated since 2023.2 release (neutron-lib 3.8.0) and will be removed once support for the old RBAC API policies will be removed from Neutron. Please use method 'is_service_role' instead.
2026-05-12 06:54:23.159 10 INFO neutron.wsgi [None req-370e2652-86ed-4f35-8ac9-ee30d7af4c9f 148abe0f11224ed8a716a7f7bca1fcfe 8f29b7ea80394341b2b7b6efe89e0371 - - default default] 10.0.0.253 "DELETE /v2.0/networks/656701df-dc81-4c83-978c-40635b538df0 HTTP/1.1" status: 204 len: 168 time: 1.1198180
2026-05-12 06:54:23.177 9 INFO neutron.wsgi [None req-dceb2888-212d-4355-bb5d-14d54563888a 77aac8a10edc4fa2a55053afa67166f1 645d2084711d4d6d913e04d92b0fcb8e - - default default] 10.0.0.253 "GET /v2.0/ HTTP/1.1" status: 200 len: 826 time: 0.1821411
2026-05-12 06:54:23.188 10 INFO neutron.pecan_wsgi.hooks.translation [None req-5b925b3b-c4d3-4878-8182-17033bd33477 148abe0f11224ed8a716a7f7bca1fcfe 8f29b7ea80394341b2b7b6efe89e0371 - - default default] DELETE failed (client error): The resource could not be found.
2026-05-12 06:54:23.190 10 INFO neutron.wsgi [None req-5b925b3b-c4d3-4878-8182-17033bd33477 148abe0f11224ed8a716a7f7bca1fcfe 8f29b7ea80394341b2b7b6efe89e0371 - - default default] 10.0.0.253 "DELETE /v2.0/networks/656701df-dc81-4c83-978c-40635b538df0 HTTP/1.1" status: 404 len: 339 time: 0.0261581
2026-05-12 06:54:23.276 10 INFO neutron.wsgi [None req-c8cbef1c-0e66-4475-bfac-3097a42e26c6 990bf70198e944a0840b7be539088648 b4ac6bafd593455e96c5c97ef2646451 - - default default] 10.0.0.253 "DELETE /v2.0/routers/7a168ac4-f312-47e3-a155-c2ad69bf1ab4 HTTP/1.1" status: 204 len: 168 time: 0.6961887
2026-05-12 06:54:23.295 9 INFO neutron.wsgi [None req-94c74722-1d7e-42b5-8ce8-b6a01e2d89f7 148abe0f11224ed8a716a7f7bca1fcfe 8f29b7ea80394341b2b7b6efe89e0371 - - default default] 10.0.0.253 "GET /v2.0/networks?router%3Aexternal=True HTTP/1.1" status: 200 len: 845 time: 0.0952289
2026-05-12 06:54:23.354 9 INFO neutron.wsgi [None req-c7c5331e-ba39-4666-bb4f-3cbdf35bea76 148abe0f11224ed8a716a7f7bca1fcfe 8f29b7ea80394341b2b7b6efe89e0371 - - default default] 10.0.0.253 "GET /v2.0/subnets?network_id=cae6cf3d-5b03-4c98-a63d-f11840a293f2 HTTP/1.1" status: 200 len: 820 time: 0.0517635
2026-05-12 06:54:23.367 9 INFO neutron.wsgi [None req-205f7820-9472-4e47-8b31-2b30c39628d9 148abe0f11224ed8a716a7f7bca1fcfe 8f29b7ea80394341b2b7b6efe89e0371 - - default default] 10.0.0.253 "GET /v2.0/extensions HTTP/1.1" status: 200 len: 18678 time: 0.0061359
2026-05-12 06:54:23.452 9 INFO neutron.wsgi [None req-985390e4-5480-4411-b834-4320f91a7697 148abe0f11224ed8a716a7f7bca1fcfe 8f29b7ea80394341b2b7b6efe89e0371 - - default default] 10.0.0.253 "GET /v2.0/networks HTTP/1.1" status: 200 len: 1504 time: 0.0795138 /var/lib/openstack/lib/python3.10/site-packages/pycadf/identifier.py:71: UserWarning: Invalid uuid: neutron. To ensure interoperability, identifiers should be a valid uuid. warnings.warn(('Invalid uuid: %s. To ensure interoperability, '
2026-05-12 06:54:23.492 10 INFO neutron.wsgi [None req-a607b795-e55f-4c96-92b2-e09fa30e0504 990bf70198e944a0840b7be539088648 b4ac6bafd593455e96c5c97ef2646451 - - default default] 10.0.0.253 "DELETE /v2.0/subnets/a768af93-71c4-4be2-974b-0b9fcf6488d1 HTTP/1.1" status: 204 len: 168 time: 0.2096603
2026-05-12 06:54:23.498 9 WARNING neutron.scheduler.dhcp_agent_scheduler [None req-5845b9e2-c61c-45b4-9e93-87e4499ca767 1553b6541bfa4840bea7fafb9aef2702 8254207bffed4cb2a314f7d00607ea46 - - default default] No more DHCP agents
2026-05-12 06:54:23.503 9 INFO neutron.wsgi [None req-4caf7748-f873-452a-a5cf-ae601408b244 148abe0f11224ed8a716a7f7bca1fcfe 8f29b7ea80394341b2b7b6efe89e0371 - - default default] 10.0.0.253 "GET /v2.0/subnets HTTP/1.1" status: 200 len: 1428 time: 0.0452752
2026-05-12 06:54:23.504 9 WARNING neutron.api.rpc.agentnotifiers.dhcp_rpc_agent_api [None req-5845b9e2-c61c-45b4-9e93-87e4499ca767 1553b6541bfa4840bea7fafb9aef2702 8254207bffed4cb2a314f7d00607ea46 - - default default] Unable to schedule network 14d26a7a-ba31-43de-b9c3-923f59ff1885: no agents available; will retry on subsequent port and subnet creation events. /var/lib/openstack/lib/python3.10/site-packages/pycadf/identifier.py:71: UserWarning: Invalid uuid: neutron. To ensure interoperability, identifiers should be a valid uuid. warnings.warn(('Invalid uuid: %s. To ensure interoperability, '
2026-05-12 06:54:23.585 9 INFO neutron.wsgi [None req-65e25781-4a96-4068-84a4-0be4d9787540 148abe0f11224ed8a716a7f7bca1fcfe 8f29b7ea80394341b2b7b6efe89e0371 - - default default] 10.0.0.253 "GET /v2.0/networks/9bf666ec-a91f-454f-86be-5a9368477ac6 HTTP/1.1" status: 200 len: 863 time: 0.0780857
2026-05-12 06:54:23.621 9 INFO neutron.db.ovn_revision_numbers_db [None req-5845b9e2-c61c-45b4-9e93-87e4499ca767 1553b6541bfa4840bea7fafb9aef2702 8254207bffed4cb2a314f7d00607ea46 - - default default] Successfully bumped revision number for resource c3370d9f-a53d-45d9-8a36-abbbe500c4b3 (type: ports) to 1
2026-05-12 06:54:23.637 9 INFO neutron.wsgi [None req-789863e4-315e-42c9-a42a-2b8ef5bc87ff 148abe0f11224ed8a716a7f7bca1fcfe 8f29b7ea80394341b2b7b6efe89e0371 - - default default] 10.0.0.253 "GET /v2.0/subnets/b801575d-bbc2-4784-aab0-429fdca338c5 HTTP/1.1" status: 200 len: 811 time: 0.0395119
2026-05-12 06:54:23.653 9 INFO neutron.wsgi [None req-5845b9e2-c61c-45b4-9e93-87e4499ca767 1553b6541bfa4840bea7fafb9aef2702 8254207bffed4cb2a314f7d00607ea46 - - default default] 10.0.0.253 "POST /v2.0/ports HTTP/1.1" status: 201 len: 942 time: 0.5024514
2026-05-12 06:54:23.662 9 WARNING neutron_lib.context [None req-e5717794-a092-4613-b689-ea287434de06 1553b6541bfa4840bea7fafb9aef2702 8254207bffed4cb2a314f7d00607ea46 - - default default] Method 'is_advsvc' is deprecated since 2023.2 release (neutron-lib 3.8.0) and will be removed once support for the old RBAC API policies will be removed from Neutron. Please use method 'is_service_role' instead.
2026-05-12 06:54:23.664 9 INFO neutron.pecan_wsgi.hooks.translation [None req-6251f4fb-cfe0-4b14-9082-9e681579f467 148abe0f11224ed8a716a7f7bca1fcfe 8f29b7ea80394341b2b7b6efe89e0371 - - default default] DELETE failed (client error): The resource could not be found.
2026-05-12 06:54:23.667 9 INFO neutron.wsgi [None req-6251f4fb-cfe0-4b14-9082-9e681579f467 148abe0f11224ed8a716a7f7bca1fcfe 8f29b7ea80394341b2b7b6efe89e0371 - - default default] 10.0.0.253 "DELETE /v2.0/subnets/961f39b5-f71e-4cdb-8573-1fe02b2d2380 HTTP/1.1" status: 404 len: 337 time: 0.0227838
2026-05-12 06:54:23.682 9 INFO neutron.pecan_wsgi.hooks.translation [None req-9782129d-43c5-4ba3-97f1-689700488e84 148abe0f11224ed8a716a7f7bca1fcfe 8f29b7ea80394341b2b7b6efe89e0371 - - default default] DELETE failed (client error): The resource could not be found.
2026-05-12 06:54:23.684 9 INFO neutron.wsgi [None req-9782129d-43c5-4ba3-97f1-689700488e84 148abe0f11224ed8a716a7f7bca1fcfe 8f29b7ea80394341b2b7b6efe89e0371 - - default default] 10.0.0.253 "DELETE /v2.0/networks/656701df-dc81-4c83-978c-40635b538df0 HTTP/1.1" status: 404 len: 339 time: 0.0118108
2026-05-12 06:54:23.940 10 INFO neutron.wsgi [None req-f53ea027-0ac0-4679-b7db-26306af9f5fd 990bf70198e944a0840b7be539088648 b4ac6bafd593455e96c5c97ef2646451 - - default default] 10.0.0.253 "DELETE /v2.0/networks/06636e4d-1290-4e82-ae3c-97e43e19e8f9 HTTP/1.1" status: 204 len: 168 time: 0.4420795
2026-05-12 06:54:23.950 10 WARNING neutron_lib.context [None req-7a2e2048-31b1-49d4-b844-f7ac6c8cda01 990bf70198e944a0840b7be539088648 b4ac6bafd593455e96c5c97ef2646451 - - default default] Method 'is_advsvc' is deprecated since 2023.2 release (neutron-lib 3.8.0) and will be removed once support for the old RBAC API policies will be removed from Neutron. Please use method 'is_service_role' instead.
2026-05-12 06:54:23.965 9 INFO neutron.wsgi [None req-e5717794-a092-4613-b689-ea287434de06 1553b6541bfa4840bea7fafb9aef2702 8254207bffed4cb2a314f7d00607ea46 - - default default] 10.0.0.253 "POST /v2.0/trunks HTTP/1.1" status: 201 len: 608 time: 0.3061495
2026-05-12 06:54:23.979 10 WARNING neutron_lib.context [None req-ffe459b2-b28b-47b2-bd7a-cccd781f2a25 1553b6541bfa4840bea7fafb9aef2702 8254207bffed4cb2a314f7d00607ea46 - - default default] Method 'is_advsvc' is deprecated since 2023.2 release (neutron-lib 3.8.0) and will be removed once support for the old RBAC API policies will be removed from Neutron. Please use method 'is_service_role' instead.
2026-05-12 06:54:23.983 9 INFO neutron.wsgi [None req-d57584af-ab41-4d1b-8d57-58ac8a7ba971 148abe0f11224ed8a716a7f7bca1fcfe 8f29b7ea80394341b2b7b6efe89e0371 - - default default] 10.0.0.253 "DELETE /v2.0/subnets/b801575d-bbc2-4784-aab0-429fdca338c5 HTTP/1.1" status: 204 len: 168 time: 0.2935398
2026-05-12 06:54:24.018 9 INFO neutron.db.ovn_revision_numbers_db [None req-23e08ca0-4d86-42e4-a002-e033dc678302 b21ba0208f24448fa7d1a3f68b4b6200 a41f40722aaa4c3bbf8603632511e87c - - default default] Successfully bumped revision number for resource a86cfce9-0a32-4132-919f-d3f84363b51f (type: security_groups) to 1
2026-05-12 06:54:24.036 9 INFO neutron.db.ovn_revision_numbers_db [None req-23e08ca0-4d86-42e4-a002-e033dc678302 b21ba0208f24448fa7d1a3f68b4b6200 a41f40722aaa4c3bbf8603632511e87c - - default default] Successfully bumped revision number for resource 16066297-eebe-45ad-91f8-8208e707a0f4 (type: security_group_rules) to 0
2026-05-12 06:54:24.049 9 INFO neutron.db.ovn_revision_numbers_db [None req-23e08ca0-4d86-42e4-a002-e033dc678302 b21ba0208f24448fa7d1a3f68b4b6200 a41f40722aaa4c3bbf8603632511e87c - - default default] Successfully bumped revision number for resource 5ffce849-8fda-4416-a354-0e536d14e372 (type: security_group_rules) to 0
2026-05-12 06:54:24.067 9 INFO neutron.db.ovn_revision_numbers_db [None req-23e08ca0-4d86-42e4-a002-e033dc678302 b21ba0208f24448fa7d1a3f68b4b6200 a41f40722aaa4c3bbf8603632511e87c - - default default] Successfully bumped revision number for resource 62e9b905-d6be-47e5-b195-8558ad286107 (type: security_group_rules) to 0
2026-05-12 06:54:24.079 9 INFO neutron.db.ovn_revision_numbers_db [None req-23e08ca0-4d86-42e4-a002-e033dc678302 b21ba0208f24448fa7d1a3f68b4b6200 a41f40722aaa4c3bbf8603632511e87c - - default default] Successfully bumped revision number for resource c4c50d70-448e-4241-bff4-396f67a12d73 (type: security_group_rules) to 0
2026-05-12 06:54:24.108 10 INFO neutron.db.segments_db [None req-ffe459b2-b28b-47b2-bd7a-cccd781f2a25 1553b6541bfa4840bea7fafb9aef2702 8254207bffed4cb2a314f7d00607ea46 - - default default] Added segment f8d1f019-61f6-4235-8679-6088a4016051 of type geneve for network b4ca094d-1df1-4801-8c35-79949709c175
2026-05-12 06:54:24.110 9 INFO neutron.wsgi [None req-23e08ca0-4d86-42e4-a002-e033dc678302 b21ba0208f24448fa7d1a3f68b4b6200 a41f40722aaa4c3bbf8603632511e87c - - default default] 10.0.0.253 "GET /v2.0/security-groups?tenant_id=645d2084711d4d6d913e04d92b0fcb8e&name=default HTTP/1.1" status: 200 len: 3120 time: 0.4248154
2026-05-12 06:54:24.337 9 INFO neutron.services.segments.plugin [-] Segment f426b3d2-b607-4921-945b-bbb994103206 resource provider aggregate not found
2026-05-12 06:54:24.341 9 INFO neutron.services.segments.plugin [-] Segment f426b3d2-b607-4921-945b-bbb994103206 resource provider aggregate not found
2026-05-12 06:54:24.354 9 INFO neutron.services.segments.plugin [-] Segment f426b3d2-b607-4921-945b-bbb994103206 resource provider not found; error: Placement Client Error (4xx): {"errors": [{"status": 404, "title": "Not Found", "detail": "The resource could not be found.\n\n No resource provider with uuid f426b3d2-b607-4921-945b-bbb994103206 found for delete ", "request_id": "req-7a037034-035d-4d6f-ac4d-8f7f41ce256c"}]}
2026-05-12 06:54:24.357 10 INFO neutron.db.ovn_revision_numbers_db [None req-ffe459b2-b28b-47b2-bd7a-cccd781f2a25 1553b6541bfa4840bea7fafb9aef2702 8254207bffed4cb2a314f7d00607ea46 - - default default] Successfully bumped revision number for resource b4ca094d-1df1-4801-8c35-79949709c175 (type: networks) to 1
2026-05-12 06:54:24.367 9 INFO neutron.services.segments.plugin [-] Segment f426b3d2-b607-4921-945b-bbb994103206 resource provider not found; error: Placement Client Error (4xx): {"errors": [{"status": 404, "title": "Not Found", "detail": "The resource could not be found.\n\n No resource provider with uuid f426b3d2-b607-4921-945b-bbb994103206 found for delete ", "request_id": "req-ade2b1ff-5339-480a-8b03-35b420249619"}]}
2026-05-12 06:54:24.383 9 INFO neutron.wsgi [None req-a6673e0e-5c6c-40f2-a4bd-37eb24808604 148abe0f11224ed8a716a7f7bca1fcfe 8f29b7ea80394341b2b7b6efe89e0371 - - default default] 10.0.0.253 "DELETE /v2.0/networks/9bf666ec-a91f-454f-86be-5a9368477ac6 HTTP/1.1" status: 204 len: 168 time: 0.3933830
2026-05-12 06:54:24.614 10 INFO neutron.wsgi [None req-9458e471-341c-4c6d-88e0-191f2d46d0fe b21ba0208f24448fa7d1a3f68b4b6200 a41f40722aaa4c3bbf8603632511e87c - - default default] 10.0.0.253 "DELETE /v2.0/security-groups/a86cfce9-0a32-4132-919f-d3f84363b51f HTTP/1.1" status: 204 len: 168 time: 0.4984882
2026-05-12 06:54:24.618 10 WARNING neutron.scheduler.dhcp_agent_scheduler [None req-ffe459b2-b28b-47b2-bd7a-cccd781f2a25 1553b6541bfa4840bea7fafb9aef2702 8254207bffed4cb2a314f7d00607ea46 - - default default] No more DHCP agents
2026-05-12 06:54:24.623 10 WARNING neutron.api.rpc.agentnotifiers.dhcp_rpc_agent_api [None req-ffe459b2-b28b-47b2-bd7a-cccd781f2a25 1553b6541bfa4840bea7fafb9aef2702 8254207bffed4cb2a314f7d00607ea46 - - default default] Unable to schedule network b4ca094d-1df1-4801-8c35-79949709c175: no agents available; will retry on subsequent port and subnet creation events.
2026-05-12 06:54:24.720 10 WARNING neutron.scheduler.dhcp_agent_scheduler [None req-7a2e2048-31b1-49d4-b844-f7ac6c8cda01 990bf70198e944a0840b7be539088648 b4ac6bafd593455e96c5c97ef2646451 - - default default] No more DHCP agents
2026-05-12 06:54:24.725 10 WARNING neutron.api.rpc.agentnotifiers.dhcp_rpc_agent_api [None req-7a2e2048-31b1-49d4-b844-f7ac6c8cda01 990bf70198e944a0840b7be539088648 b4ac6bafd593455e96c5c97ef2646451 - - default default] Unable to schedule network cae6cf3d-5b03-4c98-a63d-f11840a293f2: no agents available; will retry on subsequent port and subnet creation events.
2026-05-12 06:54:24.740 10 INFO neutron.db.ovn_revision_numbers_db [None req-ffe459b2-b28b-47b2-bd7a-cccd781f2a25 1553b6541bfa4840bea7fafb9aef2702 8254207bffed4cb2a314f7d00607ea46 - - default default] Successfully bumped revision number for resource e6313fa1-2313-48d7-a641-15ed9a21aa90 (type: ports) to 1
2026-05-12 06:54:24.788 10 INFO neutron.wsgi [None req-ffe459b2-b28b-47b2-bd7a-cccd781f2a25 1553b6541bfa4840bea7fafb9aef2702 8254207bffed4cb2a314f7d00607ea46 - - default default] 10.0.0.253 "POST /v2.0/networks HTTP/1.1" status: 201 len: 831 time: 0.8168037
2026-05-12 06:54:24.800 9 WARNING neutron_lib.context [None req-f392f76e-15bc-4d98-86f8-27444560e3e2 1553b6541bfa4840bea7fafb9aef2702 8254207bffed4cb2a314f7d00607ea46 - - default default] Method 'is_advsvc' is deprecated since 2023.2 release (neutron-lib 3.8.0) and will be removed once support for the old RBAC API policies will be removed from Neutron. Please use method 'is_service_role' instead.
2026-05-12 06:54:24.919 10 INFO neutron.db.ovn_revision_numbers_db [None req-7a2e2048-31b1-49d4-b844-f7ac6c8cda01 990bf70198e944a0840b7be539088648 b4ac6bafd593455e96c5c97ef2646451 - - default default] Successfully bumped revision number for resource cdf89ce3-e0ca-432c-b04c-d5dfd98b466f (type: ports) to 1
2026-05-12 06:54:25.107 10 INFO neutron.services.segments.plugin [-] Segment 4e2abe1a-23df-4b82-ae27-57b53506c64f resource provider aggregate not found
2026-05-12 06:54:25.116 10 INFO neutron.wsgi [None req-57808375-c408-4357-85bb-f8ea49d1f362 b21ba0208f24448fa7d1a3f68b4b6200 a41f40722aaa4c3bbf8603632511e87c - - default default] 10.0.0.253 "GET /v2.0/security-groups?tenant_id=8f29b7ea80394341b2b7b6efe89e0371&name=default HTTP/1.1" status: 200 len: 3120 time: 0.2939107
2026-05-12 06:54:25.127 10 INFO neutron.services.segments.plugin [-] Segment 4e2abe1a-23df-4b82-ae27-57b53506c64f resource provider not found; error: Placement Client Error (4xx): {"errors": [{"status": 404, "title": "Not Found", "detail": "The resource could not be found.\n\n No resource provider with uuid 4e2abe1a-23df-4b82-ae27-57b53506c64f found for delete ", "request_id": "req-28c27452-4d2a-4419-96a6-94febb538031"}]}
2026-05-12 06:54:25.127 10 INFO neutron.services.segments.plugin [-] Segment 4e2abe1a-23df-4b82-ae27-57b53506c64f resource provider aggregate not found
