2026-05-12 06:54:06.044 9 INFO neutron.db.segments_db [None req-f0fb4355-9a75-4ddb-897e-25329d7a886b 019149a9a30e40a7b64628fab7aa8595 df08dbf08bb540d3837b5032eb653c4a - - default default] Added segment 7cf07f18-13bf-4e50-8d81-b06bf405cd29 of type geneve for network cd268111-d4b0-479e-a017-607ba81f63e8
2026-05-12 06:54:06.149 9 INFO neutron.db.ovn_revision_numbers_db [None req-8d832b7d-4fab-406e-904c-896e68deb287 fa699555e6b94bae9ca1660f8db6e316 c337b17863124e8eb99cc60bdc349716 - - default default] Successfully bumped revision number for resource 88700a32-8705-478d-a326-d5513f209ff2 (type: routers) to 1
2026-05-12 06:54:06.169 9 INFO neutron.wsgi [None req-8d832b7d-4fab-406e-904c-896e68deb287 fa699555e6b94bae9ca1660f8db6e316 c337b17863124e8eb99cc60bdc349716 - - default default] 10.0.0.253 "POST /v2.0/routers HTTP/1.1" status: 201 len: 805 time: 0.1587486
2026-05-12 06:54:06.216 9 INFO neutron.db.ovn_revision_numbers_db [None req-f0fb4355-9a75-4ddb-897e-25329d7a886b 019149a9a30e40a7b64628fab7aa8595 df08dbf08bb540d3837b5032eb653c4a - - default default] Successfully bumped revision number for resource cd268111-d4b0-479e-a017-607ba81f63e8 (type: networks) to 1
2026-05-12 06:54:06.288 10 INFO neutron.services.segments.plugin [-] Segment 6f7d0c74-8f5f-44b3-9b13-27bde199e830 resource provider aggregate not found
2026-05-12 06:54:06.384 9 WARNING neutron.scheduler.dhcp_agent_scheduler [None req-f0fb4355-9a75-4ddb-897e-25329d7a886b 019149a9a30e40a7b64628fab7aa8595 df08dbf08bb540d3837b5032eb653c4a - - default default] No more DHCP agents
2026-05-12 06:54:06.387 9 WARNING neutron.api.rpc.agentnotifiers.dhcp_rpc_agent_api [None req-f0fb4355-9a75-4ddb-897e-25329d7a886b 019149a9a30e40a7b64628fab7aa8595 df08dbf08bb540d3837b5032eb653c4a - - default default] Unable to schedule network cd268111-d4b0-479e-a017-607ba81f63e8: no agents available; will retry on subsequent port and subnet creation events.
2026-05-12 06:54:06.401 9 WARNING neutron.plugins.ml2.drivers.ovn.mech_driver.ovsdb.ovn_client [None req-75e7a955-8b25-4a8d-8b56-85627a188632 - - - - - -] No port found with ID 782827b6-9660-4670-a412-f07240dd8d2c: RuntimeError: No port found with ID 782827b6-9660-4670-a412-f07240dd8d2c
2026-05-12 06:54:06.472 9 INFO neutron.db.ovn_revision_numbers_db [None req-f0fb4355-9a75-4ddb-897e-25329d7a886b 019149a9a30e40a7b64628fab7aa8595 df08dbf08bb540d3837b5032eb653c4a - - default default] Successfully bumped revision number for resource 5906f591-1f6c-44f5-87e4-6392a99c9bea (type: ports) to 1
2026-05-12 06:54:06.494 9 INFO neutron.wsgi [None req-f0fb4355-9a75-4ddb-897e-25329d7a886b 019149a9a30e40a7b64628fab7aa8595 df08dbf08bb540d3837b5032eb653c4a - - default default] 10.0.0.253 "POST /v2.0/networks HTTP/1.1" status: 201 len: 848 time: 0.5498521
2026-05-12 06:54:06.503 9 WARNING neutron_lib.context [None req-bb95c57a-9834-47ef-95b1-92d6924ce77d 019149a9a30e40a7b64628fab7aa8595 df08dbf08bb540d3837b5032eb653c4a - - default default] Method 'is_advsvc' is deprecated since 2023.2 release (neutron-lib 3.8.0) and will be removed once support for the old RBAC API policies will be removed from Neutron. Please use method 'is_service_role' instead.
2026-05-12 06:54:06.535 10 INFO neutron.services.segments.plugin [-] Segment 6f7d0c74-8f5f-44b3-9b13-27bde199e830 resource provider aggregate not found
2026-05-12 06:54:06.556 10 INFO neutron.services.segments.plugin [-] Segment 6f7d0c74-8f5f-44b3-9b13-27bde199e830 resource provider not found; error: Placement Client Error (4xx): {"errors": [{"status": 404, "title": "Not Found", "detail": "The resource could not be found.\n\n No resource provider with uuid 6f7d0c74-8f5f-44b3-9b13-27bde199e830 found for delete ", "request_id": "req-e945be16-2e1d-4c0d-b44a-a1e22a63d65f"}]}
2026-05-12 06:54:06.566 9 WARNING neutron_lib.context [None req-bb95c57a-9834-47ef-95b1-92d6924ce77d 019149a9a30e40a7b64628fab7aa8595 df08dbf08bb540d3837b5032eb653c4a - - default default] Method 'is_advsvc' is deprecated since 2023.2 release (neutron-lib 3.8.0) and will be removed once support for the old RBAC API policies will be removed from Neutron. Please use method 'is_service_role' instead.
2026-05-12 06:54:06.568 10 INFO neutron.services.segments.plugin [-] Segment 6f7d0c74-8f5f-44b3-9b13-27bde199e830 resource provider not found; error: Placement Client Error (4xx): {"errors": [{"status": 404, "title": "Not Found", "detail": "The resource could not be found.\n\n No resource provider with uuid 6f7d0c74-8f5f-44b3-9b13-27bde199e830 found for delete ", "request_id": "req-1c5f1ba8-9456-40b3-972f-e8ce9ed46258"}]}
2026-05-12 06:54:06.578 10 INFO neutron.services.segments.plugin [-] Segment 34ebd525-f757-4500-a91b-2b0ad3c8b806 resource provider aggregate not found
2026-05-12 06:54:06.595 10 INFO neutron.services.segments.plugin [-] Segment 34ebd525-f757-4500-a91b-2b0ad3c8b806 resource provider aggregate not found
2026-05-12 06:54:06.601 10 INFO neutron.services.segments.plugin [-] Segment 34ebd525-f757-4500-a91b-2b0ad3c8b806 resource provider not found; error: Placement Client Error (4xx): {"errors": [{"status": 404, "title": "Not Found", "detail": "The resource could not be found.\n\n No resource provider with uuid 34ebd525-f757-4500-a91b-2b0ad3c8b806 found for delete ", "request_id": "req-5159c15a-dba3-421e-a62d-a0fffd9e72e7"}]}
2026-05-12 06:54:06.613 10 INFO neutron.services.segments.plugin [-] Segment 34ebd525-f757-4500-a91b-2b0ad3c8b806 resource provider not found; error: Placement Client Error (4xx): {"errors": [{"status": 404, "title": "Not Found", "detail": "The resource could not be found.\n\n No resource provider with uuid 34ebd525-f757-4500-a91b-2b0ad3c8b806 found for delete ", "request_id": "req-10d6a7ac-30e6-4583-a28f-08a07187658f"}]}
2026-05-12 06:54:06.681 10 INFO neutron.db.ovn_revision_numbers_db [None req-a98f640a-eb11-4039-8cd8-98818e3fe9fa 990bf70198e944a0840b7be539088648 b4ac6bafd593455e96c5c97ef2646451 - - default default] Successfully bumped revision number for resource bd469314-0bd1-4236-8f1a-f3d8ffa147ae (type: ports) to 2
2026-05-12 06:54:06.714 9 INFO neutron.services.segments.plugin [-] Segment f764ded0-28af-4923-b10f-11e76d07ac8d resource provider aggregate not found
2026-05-12 06:54:06.724 9 INFO neutron.services.segments.plugin [-] Segment f764ded0-28af-4923-b10f-11e76d07ac8d resource provider aggregate not found
2026-05-12 06:54:06.729 10 INFO neutron.db.ovn_revision_numbers_db [None req-a98f640a-eb11-4039-8cd8-98818e3fe9fa 990bf70198e944a0840b7be539088648 b4ac6bafd593455e96c5c97ef2646451 - - default default] Successfully bumped revision number for resource 83bc030e-ec17-463a-a2b2-80efe609e8df (type: subnets) to 0
2026-05-12 06:54:06.736 9 INFO neutron.services.segments.plugin [-] Segment f764ded0-28af-4923-b10f-11e76d07ac8d resource provider not found; error: Placement Client Error (4xx): {"errors": [{"status": 404, "title": "Not Found", "detail": "The resource could not be found.\n\n No resource provider with uuid f764ded0-28af-4923-b10f-11e76d07ac8d found for delete ", "request_id": "req-4115d107-ca17-413a-8cb6-f615e62e7e8a"}]}
2026-05-12 06:54:06.741 9 INFO neutron.services.segments.plugin [-] Segment f764ded0-28af-4923-b10f-11e76d07ac8d resource provider not found; error: Placement Client Error (4xx): {"errors": [{"status": 404, "title": "Not Found", "detail": "The resource could not be found.\n\n No resource provider with uuid f764ded0-28af-4923-b10f-11e76d07ac8d found for delete ", "request_id": "req-194467c9-1a89-4502-bfaa-d0e58f1a0222"}]}
2026-05-12 06:54:06.752 10 INFO neutron.wsgi [None req-a98f640a-eb11-4039-8cd8-98818e3fe9fa 990bf70198e944a0840b7be539088648 b4ac6bafd593455e96c5c97ef2646451 - - default default] 10.0.0.253 "POST /v2.0/subnets HTTP/1.1" status: 201 len: 801 time: 1.3157947
2026-05-12 06:54:06.762 10 WARNING neutron_lib.context [None req-3c49eda5-a5d2-487c-81a7-d010147e7c88 990bf70198e944a0840b7be539088648 b4ac6bafd593455e96c5c97ef2646451 - - default default] Method 'is_advsvc' is deprecated since 2023.2 release (neutron-lib 3.8.0) and will be removed once support for the old RBAC API policies will be removed from Neutron. Please use method 'is_service_role' instead.
2026-05-12 06:54:06.900 10 INFO neutron.db.ovn_revision_numbers_db [None req-3c49eda5-a5d2-487c-81a7-d010147e7c88 990bf70198e944a0840b7be539088648 b4ac6bafd593455e96c5c97ef2646451 - - default default] Successfully bumped revision number for resource 227f579e-59f8-4641-8d71-db8937dfcf64 (type: routers) to 1
2026-05-12 06:54:06.937 10 INFO neutron.wsgi [None req-3c49eda5-a5d2-487c-81a7-d010147e7c88 990bf70198e944a0840b7be539088648 b4ac6bafd593455e96c5c97ef2646451 - - default default] 10.0.0.253 "POST /v2.0/routers HTTP/1.1" status: 201 len: 801 time: 0.1795187
2026-05-12 06:54:06.947 10 WARNING neutron_lib.context [None req-200ca1fa-e9c2-4927-801e-ebe0faaf69e6 990bf70198e944a0840b7be539088648 b4ac6bafd593455e96c5c97ef2646451 - - default default] Method 'is_advsvc' is deprecated since 2023.2 release (neutron-lib 3.8.0) and will be removed once support for the old RBAC API policies will be removed from Neutron. Please use method 'is_service_role' instead.
2026-05-12 06:54:06.985 10 WARNING neutron.scheduler.dhcp_agent_scheduler [None req-fdcdb0c7-9e44-436c-b553-22b1f56aec56 fa699555e6b94bae9ca1660f8db6e316 c337b17863124e8eb99cc60bdc349716 - - default default] No more DHCP agents
2026-05-12 06:54:06.991 10 WARNING neutron.api.rpc.agentnotifiers.dhcp_rpc_agent_api [None req-fdcdb0c7-9e44-436c-b553-22b1f56aec56 fa699555e6b94bae9ca1660f8db6e316 c337b17863124e8eb99cc60bdc349716 - - default default] Unable to schedule network 3ede64bd-ef3a-4aeb-974c-b3e88a3fed81: no agents available; will retry on subsequent port and subnet creation events.
2026-05-12 06:54:07.023 9 WARNING neutron.scheduler.dhcp_agent_scheduler [None req-bb95c57a-9834-47ef-95b1-92d6924ce77d 019149a9a30e40a7b64628fab7aa8595 df08dbf08bb540d3837b5032eb653c4a - - default default] No more DHCP agents
2026-05-12 06:54:07.025 9 WARNING neutron.api.rpc.agentnotifiers.dhcp_rpc_agent_api [None req-bb95c57a-9834-47ef-95b1-92d6924ce77d 019149a9a30e40a7b64628fab7aa8595 df08dbf08bb540d3837b5032eb653c4a - - default default] Unable to schedule network 98fc0975-3747-4958-ac6f-c4c5de4f4ede: no agents available; will retry on subsequent port and subnet creation events.
2026-05-12 06:54:07.136 10 INFO neutron.db.ovn_revision_numbers_db [None req-fdcdb0c7-9e44-436c-b553-22b1f56aec56 fa699555e6b94bae9ca1660f8db6e316 c337b17863124e8eb99cc60bdc349716 - - default default] Successfully bumped revision number for resource d5104c56-c0c8-4725-a5f3-9d3d3941da34 (type: ports) to 1
2026-05-12 06:54:07.138 9 INFO neutron.db.ovn_revision_numbers_db [None req-bb95c57a-9834-47ef-95b1-92d6924ce77d 019149a9a30e40a7b64628fab7aa8595 df08dbf08bb540d3837b5032eb653c4a - - default default] Successfully bumped revision number for resource 144deb61-2f1b-460e-8bf9-f8e1cacd4e01 (type: ports) to 1
2026-05-12 06:54:07.168 9 WARNING neutron.scheduler.dhcp_agent_scheduler [None req-bb95c57a-9834-47ef-95b1-92d6924ce77d 019149a9a30e40a7b64628fab7aa8595 df08dbf08bb540d3837b5032eb653c4a - - default default] No more DHCP agents
2026-05-12 06:54:07.170 9 WARNING neutron.api.rpc.agentnotifiers.dhcp_rpc_agent_api [None req-bb95c57a-9834-47ef-95b1-92d6924ce77d 019149a9a30e40a7b64628fab7aa8595 df08dbf08bb540d3837b5032eb653c4a - - default default] Unable to schedule network cd268111-d4b0-479e-a017-607ba81f63e8: no agents available; will retry on subsequent port and subnet creation events.
2026-05-12 06:54:07.255 9 INFO neutron.db.ovn_revision_numbers_db [None req-bb95c57a-9834-47ef-95b1-92d6924ce77d 019149a9a30e40a7b64628fab7aa8595 df08dbf08bb540d3837b5032eb653c4a - - default default] Successfully bumped revision number for resource 1b01bd88-1ebc-453e-b1df-ca68653618af (type: ports) to 1
2026-05-12 06:54:07.284 9 INFO neutron.wsgi [None req-bb95c57a-9834-47ef-95b1-92d6924ce77d 019149a9a30e40a7b64628fab7aa8595 df08dbf08bb540d3837b5032eb653c4a - - default default] 10.0.0.253 "POST /v2.0/ports HTTP/1.1" status: 201 len: 1705 time: 0.7853541 /var/lib/openstack/lib/python3.10/site-packages/pycadf/identifier.py:71: UserWarning: Invalid uuid: neutron. To ensure interoperability, identifiers should be a valid uuid. warnings.warn(('Invalid uuid: %s. To ensure interoperability, '
2026-05-12 06:54:07.357 10 WARNING neutron.scheduler.dhcp_agent_scheduler [None req-200ca1fa-e9c2-4927-801e-ebe0faaf69e6 990bf70198e944a0840b7be539088648 b4ac6bafd593455e96c5c97ef2646451 - - default default] No more DHCP agents
2026-05-12 06:54:07.361 10 WARNING neutron.api.rpc.agentnotifiers.dhcp_rpc_agent_api [None req-200ca1fa-e9c2-4927-801e-ebe0faaf69e6 990bf70198e944a0840b7be539088648 b4ac6bafd593455e96c5c97ef2646451 - - default default] Unable to schedule network bde1d376-652f-48e0-8b73-65dd11c68405: no agents available; will retry on subsequent port and subnet creation events.
2026-05-12 06:54:07.425 9 INFO neutron.wsgi [None req-acb420c0-9a5d-49d6-8184-1ac5f9f29acd 019149a9a30e40a7b64628fab7aa8595 df08dbf08bb540d3837b5032eb653c4a - - default default] 10.0.0.253 "GET /v2.0/ports HTTP/1.1" status: 200 len: 3212 time: 0.1326959
2026-05-12 06:54:07.600 10 INFO neutron.db.ovn_revision_numbers_db [None req-200ca1fa-e9c2-4927-801e-ebe0faaf69e6 990bf70198e944a0840b7be539088648 b4ac6bafd593455e96c5c97ef2646451 - - default default] Successfully bumped revision number for resource 3c27b2e4-9856-49b3-b6f9-880dae77d884 (type: ports) to 1
2026-05-12 06:54:07.642 10 INFO neutron.wsgi [None req-200ca1fa-e9c2-4927-801e-ebe0faaf69e6 990bf70198e944a0840b7be539088648 b4ac6bafd593455e96c5c97ef2646451 - - default default] 10.0.0.253 "POST /v2.0/ports HTTP/1.1" status: 201 len: 1150 time: 0.6987731 /var/lib/openstack/lib/python3.10/site-packages/pycadf/identifier.py:71: UserWarning: Invalid uuid: neutron. To ensure interoperability, identifiers should be a valid uuid. warnings.warn(('Invalid uuid: %s. To ensure interoperability, '
2026-05-12 06:54:07.690 10 ERROR ovsdbapp.backend.ovs_idl.command [None req-fdcdb0c7-9e44-436c-b553-22b1f56aec56 fa699555e6b94bae9ca1660f8db6e316 c337b17863124e8eb99cc60bdc349716 - - default default] Error executing command (DbGetCommand): ovsdbapp.backend.ovs_idl.idlutils.RowNotFound: Cannot find Logical_Router_Port with name=lrp-d5104c56-c0c8-4725-a5f3-9d3d3941da34
2026-05-12 06:54:07.690 10 ERROR ovsdbapp.backend.ovs_idl.command
Traceback (most recent call last):
2026-05-12 06:54:07.690 10 ERROR ovsdbapp.backend.ovs_idl.command
File "/var/lib/openstack/lib/python3.10/site-packages/ovsdbapp/backend/ovs_idl/command.py", line 47, in execute
2026-05-12 06:54:07.690 10 ERROR ovsdbapp.backend.ovs_idl.command self.run_idl(None)
2026-05-12 06:54:07.690 10 ERROR ovsdbapp.backend.ovs_idl.command
File "/var/lib/openstack/lib/python3.10/site-packages/ovsdbapp/backend/ovs_idl/command.py", line 235, in run_idl
2026-05-12 06:54:07.690 10 ERROR ovsdbapp.backend.ovs_idl.command record = self.api.lookup(self.table, self.record)
2026-05-12 06:54:07.690 10 ERROR ovsdbapp.backend.ovs_idl.command
File "/var/lib/openstack/lib/python3.10/site-packages/ovsdbapp/backend/ovs_idl/__init__.py", line 184, in lookup
2026-05-12 06:54:07.690 10 ERROR ovsdbapp.backend.ovs_idl.command return self._lookup(table, record)
2026-05-12 06:54:07.690 10 ERROR ovsdbapp.backend.ovs_idl.command
File "/var/lib/openstack/lib/python3.10/site-packages/ovsdbapp/backend/ovs_idl/__init__.py", line 235, in _lookup
2026-05-12 06:54:07.690 10 ERROR ovsdbapp.backend.ovs_idl.command row = idlutils.row_by_value(self, rl.table, rl.column, record)
2026-05-12 06:54:07.690 10 ERROR ovsdbapp.backend.ovs_idl.command
File "/var/lib/openstack/lib/python3.10/site-packages/ovsdbapp/backend/ovs_idl/idlutils.py", line 114, in row_by_value
2026-05-12 06:54:07.690 10 ERROR ovsdbapp.backend.ovs_idl.command raise RowNotFound(table=table, col=column, match=match)
2026-05-12 06:54:07.690 10 ERROR ovsdbapp.backend.ovs_idl.command ovsdbapp.backend.ovs_idl.idlutils.RowNotFound: Cannot find Logical_Router_Port with name=lrp-d5104c56-c0c8-4725-a5f3-9d3d3941da34
2026-05-12 06:54:07.690 10 ERROR ovsdbapp.backend.ovs_idl.command 
2026-05-12 06:54:07.691 10 ERROR neutron_lib.callbacks.manager [None req-fdcdb0c7-9e44-436c-b553-22b1f56aec56 fa699555e6b94bae9ca1660f8db6e316 c337b17863124e8eb99cc60bdc349716 - - default default] Error during notification for neutron.services.ovn_l3.plugin.OVNL3RouterPlugin._port_update-8752271719151 port, after_update: ovsdbapp.backend.ovs_idl.idlutils.RowNotFound: Cannot find Logical_Router_Port with name=lrp-d5104c56-c0c8-4725-a5f3-9d3d3941da34
2026-05-12 06:54:07.691 10 ERROR neutron_lib.callbacks.manager
Traceback (most recent call last):
2026-05-12 06:54:07.691 10 ERROR neutron_lib.callbacks.manager
File "/var/lib/openstack/lib/python3.10/site-packages/neutron_lib/callbacks/manager.py", line 189, in _notify_loop
2026-05-12 06:54:07.691 10 ERROR neutron_lib.callbacks.manager callback.method(resource, event, trigger, payload=payload)
2026-05-12 06:54:07.691 10 ERROR neutron_lib.callbacks.manager
File "/var/lib/openstack/lib/python3.10/site-packages/neutron/services/ovn_l3/plugin.py", line 391, in _port_update
2026-05-12 06:54:07.691 10 ERROR neutron_lib.callbacks.manager l3plugin._ovn_client.update_router_port(context,
2026-05-12 06:54:07.691 10 ERROR neutron_lib.callbacks.manager
File "/var/lib/openstack/lib/python3.10/site-packages/neutron/plugins/ml2/drivers/ovn/mech_driver/ovsdb/ovn_client.py", line 1878, in update_router_port
2026-05-12 06:54:07.691 10 ERROR neutron_lib.callbacks.manager self._update_lrouter_port(context, port, if_exists=if_exists,
2026-05-12 06:54:07.691 10 ERROR neutron_lib.callbacks.manager
File "/var/lib/openstack/lib/python3.10/site-packages/neutron/plugins/ml2/drivers/ovn/mech_driver/ovsdb/ovn_client.py", line 1855, in _update_lrouter_port
2026-05-12 06:54:07.691 10 ERROR neutron_lib.callbacks.manager external_ids = self._nb_idl.db_get(
2026-05-12 06:54:07.691 10 ERROR neutron_lib.callbacks.manager
File "/var/lib/openstack/lib/python3.10/site-packages/ovsdbapp/backend/ovs_idl/command.py", line 47, in execute
2026-05-12 06:54:07.691 10 ERROR neutron_lib.callbacks.manager self.run_idl(None)
2026-05-12 06:54:07.691 10 ERROR neutron_lib.callbacks.manager
File "/var/lib/openstack/lib/python3.10/site-packages/ovsdbapp/backend/ovs_idl/command.py", line 235, in run_idl
2026-05-12 06:54:07.691 10 ERROR neutron_lib.callbacks.manager record = self.api.lookup(self.table, self.record)
2026-05-12 06:54:07.691 10 ERROR neutron_lib.callbacks.manager
File "/var/lib/openstack/lib/python3.10/site-packages/ovsdbapp/backend/ovs_idl/__init__.py", line 184, in lookup
2026-05-12 06:54:07.691 10 ERROR neutron_lib.callbacks.manager return self._lookup(table, record)
2026-05-12 06:54:07.691 10 ERROR neutron_lib.callbacks.manager
File "/var/lib/openstack/lib/python3.10/site-packages/ovsdbapp/backend/ovs_idl/__init__.py", line 235, in _lookup
2026-05-12 06:54:07.691 10 ERROR neutron_lib.callbacks.manager row = idlutils.row_by_value(self, rl.table, rl.column, record)
2026-05-12 06:54:07.691 10 ERROR neutron_lib.callbacks.manager
File "/var/lib/openstack/lib/python3.10/site-packages/ovsdbapp/backend/ovs_idl/idlutils.py", line 114, in row_by_value
2026-05-12 06:54:07.691 10 ERROR neutron_lib.callbacks.manager raise RowNotFound(table=table, col=column, match=match)
2026-05-12 06:54:07.691 10 ERROR neutron_lib.callbacks.manager ovsdbapp.backend.ovs_idl.idlutils.RowNotFound: Cannot find Logical_Router_Port with name=lrp-d5104c56-c0c8-4725-a5f3-9d3d3941da34
2026-05-12 06:54:07.691 10 ERROR neutron_lib.callbacks.manager 
2026-05-12 06:54:07.754 9 INFO neutron.wsgi [None req-e0fc303a-b465-4d12-8715-73945f216a63 019149a9a30e40a7b64628fab7aa8595 df08dbf08bb540d3837b5032eb653c4a - - default default] 10.0.0.253 "DELETE /v2.0/ports/144deb61-2f1b-460e-8bf9-f8e1cacd4e01 HTTP/1.1" status: 204 len: 168 time: 0.3238487
2026-05-12 06:54:07.908 9 INFO neutron.plugins.ml2.drivers.ovn.mech_driver.mech_driver [None req-75e7a955-8b25-4a8d-8b56-85627a188632 - - - - - -] OVN reports status up for port: d5104c56-c0c8-4725-a5f3-9d3d3941da34
2026-05-12 06:54:07.921 9 INFO neutron.plugins.ml2.plugin [None req-75e7a955-8b25-4a8d-8b56-85627a188632 - - - - - -] Attempt 1 to provision port d5104c56-c0c8-4725-a5f3-9d3d3941da34
2026-05-12 06:54:07.926 10 INFO neutron.db.ovn_revision_numbers_db [None req-fdcdb0c7-9e44-436c-b553-22b1f56aec56 fa699555e6b94bae9ca1660f8db6e316 c337b17863124e8eb99cc60bdc349716 - - default default] Successfully bumped revision number for resource d5104c56-c0c8-4725-a5f3-9d3d3941da34 (type: ports) to 1
2026-05-12 06:54:08.030 10 WARNING neutron.scheduler.dhcp_agent_scheduler [None req-fdcdb0c7-9e44-436c-b553-22b1f56aec56 fa699555e6b94bae9ca1660f8db6e316 c337b17863124e8eb99cc60bdc349716 - - default default] No more DHCP agents
2026-05-12 06:54:08.035 10 WARNING neutron.api.rpc.agentnotifiers.dhcp_rpc_agent_api [None req-fdcdb0c7-9e44-436c-b553-22b1f56aec56 fa699555e6b94bae9ca1660f8db6e316 c337b17863124e8eb99cc60bdc349716 - - default default] Unable to schedule network 3ede64bd-ef3a-4aeb-974c-b3e88a3fed81: no agents available; will retry on subsequent port and subnet creation events.
2026-05-12 06:54:08.141 9 INFO neutron.wsgi [None req-1e2b8418-785f-4140-8b07-844b798860a3 019149a9a30e40a7b64628fab7aa8595 df08dbf08bb540d3837b5032eb653c4a - - default default] 10.0.0.253 "DELETE /v2.0/ports/1b01bd88-1ebc-453e-b1df-ca68653618af HTTP/1.1" status: 204 len: 168 time: 0.3818274
2026-05-12 06:54:08.183 9 INFO neutron.wsgi [None req-26a507f9-b8d0-4262-a3c1-bd4727b8cc80 019149a9a30e40a7b64628fab7aa8595 df08dbf08bb540d3837b5032eb653c4a - - default default] 10.0.0.253 "GET /v2.0/ports HTTP/1.1" status: 200 len: 1718 time: 0.0374634
2026-05-12 06:54:08.201 9 WARNING neutron_lib.context [None req-7f2a60b5-12c9-46e1-b089-028549f08121 019149a9a30e40a7b64628fab7aa8595 df08dbf08bb540d3837b5032eb653c4a - - default default] Method 'is_advsvc' is deprecated since 2023.2 release (neutron-lib 3.8.0) and will be removed once support for the old RBAC API policies will be removed from Neutron. Please use method 'is_service_role' instead.
2026-05-12 06:54:08.208 10 ERROR ovsdbapp.backend.ovs_idl.command [None req-a51ebe79-2d24-4a46-926f-62a94dca5e7d 990bf70198e944a0840b7be539088648 b4ac6bafd593455e96c5c97ef2646451 - - default default] Error executing command (DbGetCommand): ovsdbapp.backend.ovs_idl.idlutils.RowNotFound: Cannot find Logical_Router_Port with name=lrp-3c27b2e4-9856-49b3-b6f9-880dae77d884
2026-05-12 06:54:08.208 10 ERROR ovsdbapp.backend.ovs_idl.command
Traceback (most recent call last):
2026-05-12 06:54:08.208 10 ERROR ovsdbapp.backend.ovs_idl.command
File "/var/lib/openstack/lib/python3.10/site-packages/ovsdbapp/backend/ovs_idl/command.py", line 47, in execute
2026-05-12 06:54:08.208 10 ERROR ovsdbapp.backend.ovs_idl.command self.run_idl(None)
2026-05-12 06:54:08.208 10 ERROR ovsdbapp.backend.ovs_idl.command
File "/var/lib/openstack/lib/python3.10/site-packages/ovsdbapp/backend/ovs_idl/command.py", line 235, in run_idl
2026-05-12 06:54:08.208 10 ERROR ovsdbapp.backend.ovs_idl.command record = self.api.lookup(self.table, self.record)
2026-05-12 06:54:08.208 10 ERROR ovsdbapp.backend.ovs_idl.command
File "/var/lib/openstack/lib/python3.10/site-packages/ovsdbapp/backend/ovs_idl/__init__.py", line 184, in lookup
2026-05-12 06:54:08.208 10 ERROR ovsdbapp.backend.ovs_idl.command return self._lookup(table, record)
2026-05-12 06:54:08.208 10 ERROR ovsdbapp.backend.ovs_idl.command
File "/var/lib/openstack/lib/python3.10/site-packages/ovsdbapp/backend/ovs_idl/__init__.py", line 235, in _lookup
2026-05-12 06:54:08.208 10 ERROR ovsdbapp.backend.ovs_idl.command row = idlutils.row_by_value(self, rl.table, rl.column, record)
2026-05-12 06:54:08.208 10 ERROR ovsdbapp.backend.ovs_idl.command
File "/var/lib/openstack/lib/python3.10/site-packages/ovsdbapp/backend/ovs_idl/idlutils.py", line 114, in row_by_value
2026-05-12 06:54:08.208 10 ERROR ovsdbapp.backend.ovs_idl.command raise RowNotFound(table=table, col=column, match=match)
2026-05-12 06:54:08.208 10 ERROR ovsdbapp.backend.ovs_idl.command ovsdbapp.backend.ovs_idl.idlutils.RowNotFound: Cannot find Logical_Router_Port with name=lrp-3c27b2e4-9856-49b3-b6f9-880dae77d884
2026-05-12 06:54:08.208 10 ERROR ovsdbapp.backend.ovs_idl.command 
2026-05-12 06:54:08.209 10 ERROR neutron_lib.callbacks.manager [None req-a51ebe79-2d24-4a46-926f-62a94dca5e7d 990bf70198e944a0840b7be539088648 b4ac6bafd593455e96c5c97ef2646451 - - default default] Error during notification for neutron.services.ovn_l3.plugin.OVNL3RouterPlugin._port_update-8752271719151 port, after_update: ovsdbapp.backend.ovs_idl.idlutils.RowNotFound: Cannot find Logical_Router_Port with name=lrp-3c27b2e4-9856-49b3-b6f9-880dae77d884
2026-05-12 06:54:08.209 10 ERROR neutron_lib.callbacks.manager
Traceback (most recent call last):
2026-05-12 06:54:08.209 10 ERROR neutron_lib.callbacks.manager
File "/var/lib/openstack/lib/python3.10/site-packages/neutron_lib/callbacks/manager.py", line 189, in _notify_loop
2026-05-12 06:54:08.209 10 ERROR neutron_lib.callbacks.manager callback.method(resource, event, trigger, payload=payload)
2026-05-12 06:54:08.209 10 ERROR neutron_lib.callbacks.manager
File "/var/lib/openstack/lib/python3.10/site-packages/neutron/services/ovn_l3/plugin.py", line 391, in _port_update
2026-05-12 06:54:08.209 10 ERROR neutron_lib.callbacks.manager l3plugin._ovn_client.update_router_port(context,
2026-05-12 06:54:08.209 10 ERROR neutron_lib.callbacks.manager
File "/var/lib/openstack/lib/python3.10/site-packages/neutron/plugins/ml2/drivers/ovn/mech_driver/ovsdb/ovn_client.py", line 1878, in update_router_port
2026-05-12 06:54:08.209 10 ERROR neutron_lib.callbacks.manager self._update_lrouter_port(context, port, if_exists=if_exists,
2026-05-12 06:54:08.209 10 ERROR neutron_lib.callbacks.manager
File "/var/lib/openstack/lib/python3.10/site-packages/neutron/plugins/ml2/drivers/ovn/mech_driver/ovsdb/ovn_client.py", line 1855, in _update_lrouter_port
2026-05-12 06:54:08.209 10 ERROR neutron_lib.callbacks.manager external_ids = self._nb_idl.db_get(
2026-05-12 06:54:08.209 10 ERROR neutron_lib.callbacks.manager
File "/var/lib/openstack/lib/python3.10/site-packages/ovsdbapp/backend/ovs_idl/command.py", line 47, in execute
2026-05-12 06:54:08.209 10 ERROR neutron_lib.callbacks.manager self.run_idl(None)
2026-05-12 06:54:08.209 10 ERROR neutron_lib.callbacks.manager
File "/var/lib/openstack/lib/python3.10/site-packages/ovsdbapp/backend/ovs_idl/command.py", line 235, in run_idl
2026-05-12 06:54:08.209 10 ERROR neutron_lib.callbacks.manager record = self.api.lookup(self.table, self.record)
2026-05-12 06:54:08.209 10 ERROR neutron_lib.callbacks.manager
File "/var/lib/openstack/lib/python3.10/site-packages/ovsdbapp/backend/ovs_idl/__init__.py", line 184, in lookup
2026-05-12 06:54:08.209 10 ERROR neutron_lib.callbacks.manager return self._lookup(table, record)
2026-05-12 06:54:08.209 10 ERROR neutron_lib.callbacks.manager
File "/var/lib/openstack/lib/python3.10/site-packages/ovsdbapp/backend/ovs_idl/__init__.py", line 235, in _lookup
2026-05-12 06:54:08.209 10 ERROR neutron_lib.callbacks.manager row = idlutils.row_by_value(self, rl.table, rl.column, record)
2026-05-12 06:54:08.209 10 ERROR neutron_lib.callbacks.manager
File "/var/lib/openstack/lib/python3.10/site-packages/ovsdbapp/backend/ovs_idl/idlutils.py", line 114, in row_by_value
2026-05-12 06:54:08.209 10 ERROR neutron_lib.callbacks.manager raise RowNotFound(table=table, col=column, match=match)
2026-05-12 06:54:08.209 10 ERROR neutron_lib.callbacks.manager ovsdbapp.backend.ovs_idl.idlutils.RowNotFound: Cannot find Logical_Router_Port with name=lrp-3c27b2e4-9856-49b3-b6f9-880dae77d884
2026-05-12 06:54:08.209 10 ERROR neutron_lib.callbacks.manager 
2026-05-12 06:54:08.276 10 INFO neutron.db.ovn_revision_numbers_db [None req-fdcdb0c7-9e44-436c-b553-22b1f56aec56 fa699555e6b94bae9ca1660f8db6e316 c337b17863124e8eb99cc60bdc349716 - - default default] Successfully bumped revision number for resource d5104c56-c0c8-4725-a5f3-9d3d3941da34 (type: router_ports) to 1
2026-05-12 06:54:08.281 10 INFO neutron.wsgi [None req-fdcdb0c7-9e44-436c-b553-22b1f56aec56 fa699555e6b94bae9ca1660f8db6e316 c337b17863124e8eb99cc60bdc349716 - - default default] 10.0.0.253 "PUT /v2.0/routers/88700a32-8705-478d-a326-d5513f209ff2/add_router_interface HTTP/1.1" status: 200 len: 503 time: 2.1056962 /var/lib/openstack/lib/python3.10/site-packages/pycadf/identifier.py:71: UserWarning: Invalid uuid: neutron. To ensure interoperability, identifiers should be a valid uuid. warnings.warn(('Invalid uuid: %s. To ensure interoperability, '
2026-05-12 06:54:08.294 9 INFO neutron.db.segments_db [None req-7f2a60b5-12c9-46e1-b089-028549f08121 019149a9a30e40a7b64628fab7aa8595 df08dbf08bb540d3837b5032eb653c4a - - default default] Added segment 38696d23-2b48-451c-8096-91517d3d26fa of type geneve for network ff91ceb7-486c-406f-8024-41dd8c78d6eb
2026-05-12 06:54:08.329 10 INFO neutron.wsgi [None req-10e80a7c-d8a9-4caf-ae43-14c2f8149977 fa699555e6b94bae9ca1660f8db6e316 c337b17863124e8eb99cc60bdc349716 - - default default] 10.0.0.253 "GET /v2.0/ports/d5104c56-c0c8-4725-a5f3-9d3d3941da34 HTTP/1.1" status: 200 len: 1141 time: 0.0395141
2026-05-12 06:54:08.371 10 INFO neutron.wsgi [None req-4eb701a7-6b67-45c1-96d2-bb732827ccc7 fa699555e6b94bae9ca1660f8db6e316 c337b17863124e8eb99cc60bdc349716 - - default default] 10.0.0.253 "GET /v2.0/ports/d5104c56-c0c8-4725-a5f3-9d3d3941da34 HTTP/1.1" status: 200 len: 1141 time: 0.0352726
2026-05-12 06:54:08.440 10 INFO neutron.db.ovn_revision_numbers_db [None req-a51ebe79-2d24-4a46-926f-62a94dca5e7d 990bf70198e944a0840b7be539088648 b4ac6bafd593455e96c5c97ef2646451 - - default default] Successfully bumped revision number for resource 3c27b2e4-9856-49b3-b6f9-880dae77d884 (type: ports) to 2
2026-05-12 06:54:08.803 9 INFO neutron.db.ovn_revision_numbers_db [None req-75e7a955-8b25-4a8d-8b56-85627a188632 - - - - - -] Successfully bumped revision number for resource d5104c56-c0c8-4725-a5f3-9d3d3941da34 (type: ports) to 2
2026-05-12 06:54:08.810 9 INFO neutron.db.ovn_revision_numbers_db [None req-7f2a60b5-12c9-46e1-b089-028549f08121 019149a9a30e40a7b64628fab7aa8595 df08dbf08bb540d3837b5032eb653c4a - - default default] Successfully bumped revision number for resource ff91ceb7-486c-406f-8024-41dd8c78d6eb (type: networks) to 1
2026-05-12 06:54:09.044 9 INFO neutron.db.ovn_revision_numbers_db [None req-75e7a955-8b25-4a8d-8b56-85627a188632 - - - - - -] Successfully bumped revision number for resource d5104c56-c0c8-4725-a5f3-9d3d3941da34 (type: router_ports) to 2
2026-05-12 06:54:09.099 9 WARNING neutron.scheduler.dhcp_agent_scheduler [None req-7f2a60b5-12c9-46e1-b089-028549f08121 019149a9a30e40a7b64628fab7aa8595 df08dbf08bb540d3837b5032eb653c4a - - default default] No more DHCP agents
2026-05-12 06:54:09.104 9 WARNING neutron.api.rpc.agentnotifiers.dhcp_rpc_agent_api [None req-7f2a60b5-12c9-46e1-b089-028549f08121 019149a9a30e40a7b64628fab7aa8595 df08dbf08bb540d3837b5032eb653c4a - - default default] Unable to schedule network ff91ceb7-486c-406f-8024-41dd8c78d6eb: no agents available; will retry on subsequent port and subnet creation events.
2026-05-12 06:54:09.109 10 ERROR ovsdbapp.backend.ovs_idl.command [None req-a51ebe79-2d24-4a46-926f-62a94dca5e7d 990bf70198e944a0840b7be539088648 b4ac6bafd593455e96c5c97ef2646451 - - default default] Error executing command (DbGetCommand): ovsdbapp.backend.ovs_idl.idlutils.RowNotFound: Cannot find Logical_Router_Port with name=lrp-3c27b2e4-9856-49b3-b6f9-880dae77d884
2026-05-12 06:54:09.109 10 ERROR ovsdbapp.backend.ovs_idl.command
Traceback (most recent call last):
2026-05-12 06:54:09.109 10 ERROR ovsdbapp.backend.ovs_idl.command
File "/var/lib/openstack/lib/python3.10/site-packages/ovsdbapp/backend/ovs_idl/command.py", line 47, in execute
2026-05-12 06:54:09.109 10 ERROR ovsdbapp.backend.ovs_idl.command self.run_idl(None)
2026-05-12 06:54:09.109 10 ERROR ovsdbapp.backend.ovs_idl.command
File "/var/lib/openstack/lib/python3.10/site-packages/ovsdbapp/backend/ovs_idl/command.py", line 235, in run_idl
2026-05-12 06:54:09.109 10 ERROR ovsdbapp.backend.ovs_idl.command record = self.api.lookup(self.table, self.record)
2026-05-12 06:54:09.109 10 ERROR ovsdbapp.backend.ovs_idl.command
File "/var/lib/openstack/lib/python3.10/site-packages/ovsdbapp/backend/ovs_idl/__init__.py", line 184, in lookup
2026-05-12 06:54:09.109 10 ERROR ovsdbapp.backend.ovs_idl.command return self._lookup(table, record)
2026-05-12 06:54:09.109 10 ERROR ovsdbapp.backend.ovs_idl.command
File "/var/lib/openstack/lib/python3.10/site-packages/ovsdbapp/backend/ovs_idl/__init__.py", line 235, in _lookup
2026-05-12 06:54:09.109 10 ERROR ovsdbapp.backend.ovs_idl.command row = idlutils.row_by_value(self, rl.table, rl.column, record)
2026-05-12 06:54:09.109 10 ERROR ovsdbapp.backend.ovs_idl.command
File "/var/lib/openstack/lib/python3.10/site-packages/ovsdbapp/backend/ovs_idl/idlutils.py", line 114, in row_by_value
2026-05-12 06:54:09.109 10 ERROR ovsdbapp.backend.ovs_idl.command raise RowNotFound(table=table, col=column, match=match)
2026-05-12 06:54:09.109 10 ERROR ovsdbapp.backend.ovs_idl.command ovsdbapp.backend.ovs_idl.idlutils.RowNotFound: Cannot find Logical_Router_Port with name=lrp-3c27b2e4-9856-49b3-b6f9-880dae77d884
2026-05-12 06:54:09.109 10 ERROR ovsdbapp.backend.ovs_idl.command 
2026-05-12 06:54:09.109 10 ERROR neutron_lib.callbacks.manager [None req-a51ebe79-2d24-4a46-926f-62a94dca5e7d 990bf70198e944a0840b7be539088648 b4ac6bafd593455e96c5c97ef2646451 - - default default] Error during notification for neutron.services.ovn_l3.plugin.OVNL3RouterPlugin._port_update-8752271719151 port, after_update: ovsdbapp.backend.ovs_idl.idlutils.RowNotFound: Cannot find Logical_Router_Port with name=lrp-3c27b2e4-9856-49b3-b6f9-880dae77d884
2026-05-12 06:54:09.109 10 ERROR neutron_lib.callbacks.manager
Traceback (most recent call last):
2026-05-12 06:54:09.109 10 ERROR neutron_lib.callbacks.manager
File "/var/lib/openstack/lib/python3.10/site-packages/neutron_lib/callbacks/manager.py", line 189, in _notify_loop
2026-05-12 06:54:09.109 10 ERROR neutron_lib.callbacks.manager callback.method(resource, event, trigger, payload=payload)
2026-05-12 06:54:09.109 10 ERROR neutron_lib.callbacks.manager
File "/var/lib/openstack/lib/python3.10/site-packages/neutron/services/ovn_l3/plugin.py", line 391, in _port_update
2026-05-12 06:54:09.109 10 ERROR neutron_lib.callbacks.manager l3plugin._ovn_client.update_router_port(context,
2026-05-12 06:54:09.109 10 ERROR neutron_lib.callbacks.manager
File "/var/lib/openstack/lib/python3.10/site-packages/neutron/plugins/ml2/drivers/ovn/mech_driver/ovsdb/ovn_client.py", line 1878, in update_router_port
2026-05-12 06:54:09.109 10 ERROR neutron_lib.callbacks.manager self._update_lrouter_port(context, port, if_exists=if_exists,
2026-05-12 06:54:09.109 10 ERROR neutron_lib.callbacks.manager
File "/var/lib/openstack/lib/python3.10/site-packages/neutron/plugins/ml2/drivers/ovn/mech_driver/ovsdb/ovn_client.py", line 1855, in _update_lrouter_port
2026-05-12 06:54:09.109 10 ERROR neutron_lib.callbacks.manager external_ids = self._nb_idl.db_get(
2026-05-12 06:54:09.109 10 ERROR neutron_lib.callbacks.manager
File "/var/lib/openstack/lib/python3.10/site-packages/ovsdbapp/backend/ovs_idl/command.py", line 47, in execute
2026-05-12 06:54:09.109 10 ERROR neutron_lib.callbacks.manager self.run_idl(None)
2026-05-12 06:54:09.109 10 ERROR neutron_lib.callbacks.manager
File "/var/lib/openstack/lib/python3.10/site-packages/ovsdbapp/backend/ovs_idl/command.py", line 235, in run_idl
2026-05-12 06:54:09.109 10 ERROR neutron_lib.callbacks.manager record = self.api.lookup(self.table, self.record)
2026-05-12 06:54:09.109 10 ERROR neutron_lib.callbacks.manager
File "/var/lib/openstack/lib/python3.10/site-packages/ovsdbapp/backend/ovs_idl/__init__.py", line 184, in lookup
2026-05-12 06:54:09.109 10 ERROR neutron_lib.callbacks.manager return self._lookup(table, record)
2026-05-12 06:54:09.109 10 ERROR neutron_lib.callbacks.manager
File "/var/lib/openstack/lib/python3.10/site-packages/ovsdbapp/backend/ovs_idl/__init__.py", line 235, in _lookup
2026-05-12 06:54:09.109 10 ERROR neutron_lib.callbacks.manager row = idlutils.row_by_value(self, rl.table, rl.column, record)
2026-05-12 06:54:09.109 10 ERROR neutron_lib.callbacks.manager
File "/var/lib/openstack/lib/python3.10/site-packages/ovsdbapp/backend/ovs_idl/idlutils.py", line 114, in row_by_value
2026-05-12 06:54:09.109 10 ERROR neutron_lib.callbacks.manager raise RowNotFound(table=table, col=column, match=match)
2026-05-12 06:54:09.109 10 ERROR neutron_lib.callbacks.manager ovsdbapp.backend.ovs_idl.idlutils.RowNotFound: Cannot find Logical_Router_Port with name=lrp-3c27b2e4-9856-49b3-b6f9-880dae77d884
2026-05-12 06:54:09.109 10 ERROR neutron_lib.callbacks.manager 
2026-05-12 06:54:09.216 9 INFO neutron.db.ovn_revision_numbers_db [None req-7f2a60b5-12c9-46e1-b089-028549f08121 019149a9a30e40a7b64628fab7aa8595 df08dbf08bb540d3837b5032eb653c4a - - default default] Successfully bumped revision number for resource 45923e6f-ba4e-49d8-ae5e-59564e0e77ef (type: ports) to 1
2026-05-12 06:54:09.239 9 INFO neutron.wsgi [None req-7f2a60b5-12c9-46e1-b089-028549f08121 019149a9a30e40a7b64628fab7aa8595 df08dbf08bb540d3837b5032eb653c4a - - default default] 10.0.0.253 "POST /v2.0/networks HTTP/1.1" status: 201 len: 849 time: 1.0504353 /var/lib/openstack/lib/python3.10/site-packages/pycadf/identifier.py:71: UserWarning: Invalid uuid: neutron. To ensure interoperability, identifiers should be a valid uuid. warnings.warn(('Invalid uuid: %s. To ensure interoperability, '
2026-05-12 06:54:09.254 10 WARNING neutron_lib.context [None req-bdf8a761-9efc-4c3a-b9be-6f7b839f3fb7 d089cde1277e48ef96bb32779d25c206 1573c6c6e2184271b06c121a8f737110 - - default default] Method 'is_advsvc' is deprecated since 2023.2 release (neutron-lib 3.8.0) and will be removed once support for the old RBAC API policies will be removed from Neutron. Please use method 'is_service_role' instead.
2026-05-12 06:54:09.260 9 WARNING neutron_lib.context [None req-bbd712cb-2694-43d8-961e-12bec5858fa3 019149a9a30e40a7b64628fab7aa8595 df08dbf08bb540d3837b5032eb653c4a - - default default] Method 'is_advsvc' is deprecated since 2023.2 release (neutron-lib 3.8.0) and will be removed once support for the old RBAC API policies will be removed from Neutron. Please use method 'is_service_role' instead.
2026-05-12 06:54:09.310 10 INFO neutron.db.ovn_revision_numbers_db [None req-a51ebe79-2d24-4a46-926f-62a94dca5e7d 990bf70198e944a0840b7be539088648 b4ac6bafd593455e96c5c97ef2646451 - - default default] Successfully bumped revision number for resource 3c27b2e4-9856-49b3-b6f9-880dae77d884 (type: ports) to 2
2026-05-12 06:54:09.316 10 INFO neutron.wsgi [None req-bdf8a761-9efc-4c3a-b9be-6f7b839f3fb7 d089cde1277e48ef96bb32779d25c206 1573c6c6e2184271b06c121a8f737110 - - default default] 10.0.0.253 "POST /v2.0/subnetpools HTTP/1.1" status: 201 len: 715 time: 0.2609220
2026-05-12 06:54:09.325 10 WARNING neutron_lib.context [None req-22e3b6c9-4628-49d5-bc61-622a4abbc6fd d089cde1277e48ef96bb32779d25c206 1573c6c6e2184271b06c121a8f737110 - - default default] Method 'is_advsvc' is deprecated since 2023.2 release (neutron-lib 3.8.0) and will be removed once support for the old RBAC API policies will be removed from Neutron. Please use method 'is_service_role' instead.
2026-05-12 06:54:09.383 10 INFO neutron.wsgi [None req-22e3b6c9-4628-49d5-bc61-622a4abbc6fd d089cde1277e48ef96bb32779d25c206 1573c6c6e2184271b06c121a8f737110 - - default default] 10.0.0.253 "POST /v2.0/subnetpools HTTP/1.1" status: 201 len: 715 time: 0.0615618
2026-05-12 06:54:09.384 9 INFO neutron.db.segments_db [None req-bbd712cb-2694-43d8-961e-12bec5858fa3 019149a9a30e40a7b64628fab7aa8595 df08dbf08bb540d3837b5032eb653c4a - - default default] Added segment f7cf40d4-63dc-4db2-ae28-25bf060512c2 of type geneve for network ec501e68-db32-44af-ad42-cab5d8544093
2026-05-12 06:54:09.392 10 WARNING neutron_lib.context [None req-341bcdb0-c885-471b-a2a1-8a705f50485a d089cde1277e48ef96bb32779d25c206 1573c6c6e2184271b06c121a8f737110 - - default default] Method 'is_advsvc' is deprecated since 2023.2 release (neutron-lib 3.8.0) and will be removed once support for the old RBAC API policies will be removed from Neutron. Please use method 'is_service_role' instead.
2026-05-12 06:54:09.396 10 WARNING neutron.scheduler.dhcp_agent_scheduler [None req-a51ebe79-2d24-4a46-926f-62a94dca5e7d 990bf70198e944a0840b7be539088648 b4ac6bafd593455e96c5c97ef2646451 - - default default] No more DHCP agents
2026-05-12 06:54:09.397 10 WARNING neutron.api.rpc.agentnotifiers.dhcp_rpc_agent_api [None req-a51ebe79-2d24-4a46-926f-62a94dca5e7d 990bf70198e944a0840b7be539088648 b4ac6bafd593455e96c5c97ef2646451 - - default default] Unable to schedule network bde1d376-652f-48e0-8b73-65dd11c68405: no agents available; will retry on subsequent port and subnet creation events.
2026-05-12 06:54:09.466 10 INFO neutron.wsgi [None req-341bcdb0-c885-471b-a2a1-8a705f50485a d089cde1277e48ef96bb32779d25c206 1573c6c6e2184271b06c121a8f737110 - - default default] 10.0.0.253 "POST /v2.0/subnetpools HTTP/1.1" status: 201 len: 715 time: 0.0785210
2026-05-12 06:54:09.476 10 WARNING neutron_lib.context [None req-1cd42dad-4f4f-4b58-aee4-23f31645f519 d089cde1277e48ef96bb32779d25c206 1573c6c6e2184271b06c121a8f737110 - - default default] Method 'is_advsvc' is deprecated since 2023.2 release (neutron-lib 3.8.0) and will be removed once support for the old RBAC API policies will be removed from Neutron. Please use method 'is_service_role' instead.
2026-05-12 06:54:09.542 10 INFO neutron.wsgi [None req-1cd42dad-4f4f-4b58-aee4-23f31645f519 d089cde1277e48ef96bb32779d25c206 1573c6c6e2184271b06c121a8f737110 - - default default] 10.0.0.253 "POST /v2.0/subnetpools HTTP/1.1" status: 201 len: 715 time: 0.0697145
2026-05-12 06:54:09.551 10 WARNING neutron_lib.context [None req-47f13d1c-31d4-4f8b-8c6c-8e3334cb49ac d089cde1277e48ef96bb32779d25c206 1573c6c6e2184271b06c121a8f737110 - - default default] Method 'is_advsvc' is deprecated since 2023.2 release (neutron-lib 3.8.0) and will be removed once support for the old RBAC API policies will be removed from Neutron. Please use method 'is_service_role' instead.
2026-05-12 06:54:09.554 10 INFO neutron.db.ovn_revision_numbers_db [None req-a51ebe79-2d24-4a46-926f-62a94dca5e7d 990bf70198e944a0840b7be539088648 b4ac6bafd593455e96c5c97ef2646451 - - default default] Successfully bumped revision number for resource 3c27b2e4-9856-49b3-b6f9-880dae77d884 (type: router_ports) to 2
2026-05-12 06:54:09.562 10 INFO neutron.wsgi [None req-a51ebe79-2d24-4a46-926f-62a94dca5e7d 990bf70198e944a0840b7be539088648 b4ac6bafd593455e96c5c97ef2646451 - - default default] 10.0.0.253 "PUT /v2.0/routers/227f579e-59f8-4641-8d71-db8937dfcf64/add_router_interface HTTP/1.1" status: 200 len: 503 time: 1.9142089
2026-05-12 06:54:09.572 9 INFO neutron.wsgi [None req-cf606eb5-45f8-44ac-bc61-b5f32ef12e9f fa699555e6b94bae9ca1660f8db6e316 c337b17863124e8eb99cc60bdc349716 - - default default] 10.0.0.253 "PUT /v2.0/routers/88700a32-8705-478d-a326-d5513f209ff2/remove_router_interface HTTP/1.1" status: 200 len: 503 time: 1.1951430
2026-05-12 06:54:09.607 10 INFO neutron.wsgi [None req-18a6f134-011f-4ae2-9e71-d5f050683143 fa699555e6b94bae9ca1660f8db6e316 c337b17863124e8eb99cc60bdc349716 - - default default] 10.0.0.253 "GET /v2.0/ports?device_id=88700a32-8705-478d-a326-d5513f209ff2 HTTP/1.1" status: 200 len: 205 time: 0.0284305 /var/lib/openstack/lib/python3.10/site-packages/pycadf/identifier.py:71: UserWarning: Invalid uuid: neutron. To ensure interoperability, identifiers should be a valid uuid. warnings.warn(('Invalid uuid: %s. To ensure interoperability, '
2026-05-12 06:54:09.630 9 INFO neutron.db.ovn_revision_numbers_db [None req-bbd712cb-2694-43d8-961e-12bec5858fa3 019149a9a30e40a7b64628fab7aa8595 df08dbf08bb540d3837b5032eb653c4a - - default default] Successfully bumped revision number for resource ec501e68-db32-44af-ad42-cab5d8544093 (type: networks) to 1
2026-05-12 06:54:09.634 10 INFO neutron.wsgi [None req-487a590b-e763-4215-b31c-5613b191c7a0 990bf70198e944a0840b7be539088648 b4ac6bafd593455e96c5c97ef2646451 - - default default] 10.0.0.253 "GET /v2.0/ports/3c27b2e4-9856-49b3-b6f9-880dae77d884 HTTP/1.1" status: 200 len: 1206 time: 0.0619571
2026-05-12 06:54:09.678 10 INFO neutron.wsgi [None req-47f13d1c-31d4-4f8b-8c6c-8e3334cb49ac d089cde1277e48ef96bb32779d25c206 1573c6c6e2184271b06c121a8f737110 - - default default] 10.0.0.253 "POST /v2.0/subnetpools HTTP/1.1" status: 201 len: 715 time: 0.1308329
2026-05-12 06:54:09.749 10 INFO neutron.wsgi [None req-09d40964-b37c-419e-a5fc-b842d1e6ec99 d089cde1277e48ef96bb32779d25c206 1573c6c6e2184271b06c121a8f737110 - - default default] 10.0.0.253 "PUT /v2.0/subnetpools/3b3a0df2-b15e-4174-b6e2-116fb065224f/tags HTTP/1.1" status: 200 len: 210 time: 0.0645089
2026-05-12 06:54:09.845 10 INFO neutron.wsgi [None req-d068f1dd-366d-4040-acdd-1e7e0135b0b1 d089cde1277e48ef96bb32779d25c206 1573c6c6e2184271b06c121a8f737110 - - default default] 10.0.0.253 "PUT /v2.0/subnetpools/365b9be9-11c7-49b7-a6c2-9bb0a3256da5/tags HTTP/1.1" status: 200 len: 218 time: 0.0888276
2026-05-12 06:54:09.932 9 INFO neutron.wsgi [None req-8ca69e43-1e14-4dc6-9f23-457d838649f1 d089cde1277e48ef96bb32779d25c206 1573c6c6e2184271b06c121a8f737110 - - default default] 10.0.0.253 "PUT /v2.0/subnetpools/7db4f7bb-f241-417a-bf97-7ca15a82380f/tags HTTP/1.1" status: 200 len: 227 time: 0.0797195
2026-05-12 06:54:09.948 9 INFO neutron.wsgi [None req-c6ab3ed7-1928-4345-b739-ac171e8fef9e fa699555e6b94bae9ca1660f8db6e316 c337b17863124e8eb99cc60bdc349716 - - default default] 10.0.0.253 "DELETE /v2.0/routers/88700a32-8705-478d-a326-d5513f209ff2 HTTP/1.1" status: 204 len: 168 time: 0.3358579 /var/lib/openstack/lib/python3.10/site-packages/pycadf/identifier.py:71: UserWarning: Invalid uuid: neutron. To ensure interoperability, identifiers should be a valid uuid. warnings.warn(('Invalid uuid: %s. To ensure interoperability, '
2026-05-12 06:54:09.975 9 WARNING neutron.scheduler.dhcp_agent_scheduler [None req-bbd712cb-2694-43d8-961e-12bec5858fa3 019149a9a30e40a7b64628fab7aa8595 df08dbf08bb540d3837b5032eb653c4a - - default default] No more DHCP agents
2026-05-12 06:54:09.978 9 WARNING neutron.api.rpc.agentnotifiers.dhcp_rpc_agent_api [None req-bbd712cb-2694-43d8-961e-12bec5858fa3 019149a9a30e40a7b64628fab7aa8595 df08dbf08bb540d3837b5032eb653c4a - - default default] Unable to schedule network ec501e68-db32-44af-ad42-cab5d8544093: no agents available; will retry on subsequent port and subnet creation events.
2026-05-12 06:54:09.983 9 INFO neutron.wsgi [None req-1bd1bb6f-5db3-4778-9844-c1819704464b d089cde1277e48ef96bb32779d25c206 1573c6c6e2184271b06c121a8f737110 - - default default] 10.0.0.253 "PUT /v2.0/subnetpools/e83223b7-7cf4-4b89-8bb2-9f60e6c7b009/tags HTTP/1.1" status: 200 len: 212 time: 0.0464561
2026-05-12 06:54:10.026 9 INFO neutron.wsgi [None req-fe5b0f48-9bd3-4ddb-bffc-783aac566884 d089cde1277e48ef96bb32779d25c206 1573c6c6e2184271b06c121a8f737110 - - default default] 10.0.0.253 "GET /v2.0/subnetpools?tags=red HTTP/1.1" status: 200 len: 1758 time: 0.0346830
2026-05-12 06:54:10.056 9 INFO neutron.wsgi [None req-a9b6279c-4fb8-4648-96d0-637c203da9b0 d089cde1277e48ef96bb32779d25c206 1573c6c6e2184271b06c121a8f737110 - - default default] 10.0.0.253 "GET /v2.0/subnetpools?tags=red%2Cblue HTTP/1.1" status: 200 len: 1251 time: 0.0236850
2026-05-12 06:54:10.078 9 INFO neutron.db.ovn_revision_numbers_db [None req-bbd712cb-2694-43d8-961e-12bec5858fa3 019149a9a30e40a7b64628fab7aa8595 df08dbf08bb540d3837b5032eb653c4a - - default default] Successfully bumped revision number for resource ae2f3b10-b9b3-4b13-8dfe-1bce1c341770 (type: ports) to 1
2026-05-12 06:54:10.103 9 INFO neutron.wsgi [None req-bbd712cb-2694-43d8-961e-12bec5858fa3 019149a9a30e40a7b64628fab7aa8595 df08dbf08bb540d3837b5032eb653c4a - - default default] 10.0.0.253 "POST /v2.0/networks HTTP/1.1" status: 201 len: 849 time: 0.8596506
2026-05-12 06:54:10.105 10 INFO neutron.wsgi [None req-b4389d9a-be28-47d0-8b2d-b9ad896b9d0a d089cde1277e48ef96bb32779d25c206 1573c6c6e2184271b06c121a8f737110 - - default default] 10.0.0.253 "GET /v2.0/subnetpools?tags-any=blue HTTP/1.1" status: 200 len: 1251 time: 0.0443377
2026-05-12 06:54:10.140 9 WARNING neutron_lib.context [None req-eaec9286-3f4d-4c53-b059-df358ac953b4 019149a9a30e40a7b64628fab7aa8595 df08dbf08bb540d3837b5032eb653c4a - - default default] Method 'is_advsvc' is deprecated since 2023.2 release (neutron-lib 3.8.0) and will be removed once support for the old RBAC API policies will be removed from Neutron. Please use method 'is_service_role' instead.
2026-05-12 06:54:10.146 9 INFO neutron.wsgi [None req-c9e8d0cc-c937-4e8d-bae9-87a18264b1fd d089cde1277e48ef96bb32779d25c206 1573c6c6e2184271b06c121a8f737110 - - default default] 10.0.0.253 "GET /v2.0/subnetpools?tags-any=red%2Cblue HTTP/1.1" status: 200 len: 1758 time: 0.0353792
2026-05-12 06:54:10.182 9 INFO neutron.wsgi [None req-75b0d520-31ca-4817-8a80-8efda5cf6a4f d089cde1277e48ef96bb32779d25c206 1573c6c6e2184271b06c121a8f737110 - - default default] 10.0.0.253 "GET /v2.0/subnetpools?not-tags=red HTTP/1.1" status: 200 len: 1223 time: 0.0300148
2026-05-12 06:54:10.200 9 WARNING neutron_lib.context [None req-eaec9286-3f4d-4c53-b059-df358ac953b4 019149a9a30e40a7b64628fab7aa8595 df08dbf08bb540d3837b5032eb653c4a - - default default] Method 'is_advsvc' is deprecated since 2023.2 release (neutron-lib 3.8.0) and will be removed once support for the old RBAC API policies will be removed from Neutron. Please use method 'is_service_role' instead.
