2026-05-12 06:52:41.169 10 WARNING neutron.api.rpc.agentnotifiers.dhcp_rpc_agent_api [None req-d6139a26-006f-4055-a76f-aee3382bae51 f2bdc4e2d72b41659aa66d52ed005f8e 9069b46645da4748aabbb349bcc80f84 - - default default] Unable to schedule network bbcf8055-26d6-4367-b338-891b3f8f486f: no agents available; will retry on subsequent port and subnet creation events.
2026-05-12 06:52:41.269 10 INFO neutron.db.ovn_revision_numbers_db [None req-d6139a26-006f-4055-a76f-aee3382bae51 f2bdc4e2d72b41659aa66d52ed005f8e 9069b46645da4748aabbb349bcc80f84 - - default default] Successfully bumped revision number for resource b43b83af-7cc8-42e3-ab1d-69ed577683df (type: ports) to 1
2026-05-12 06:52:41.314 10 INFO neutron.wsgi [None req-d6139a26-006f-4055-a76f-aee3382bae51 f2bdc4e2d72b41659aa66d52ed005f8e 9069b46645da4748aabbb349bcc80f84 - - default default] 10.0.0.253 "POST /v2.0/networks HTTP/1.1" status: 201 len: 853 time: 1.2507293
2026-05-12 06:52:41.399 9 INFO neutron.wsgi [None req-6b3e12dd-6112-4c69-b4e5-90f91f95bf62 b21ba0208f24448fa7d1a3f68b4b6200 a41f40722aaa4c3bbf8603632511e87c - - default default] 10.0.0.253 "PUT /v2.0/routers/73aad0af-d70a-4f3c-a319-afd2dae2ea0b/remove_router_interface HTTP/1.1" status: 200 len: 503 time: 2.0148411 /var/lib/openstack/lib/python3.10/site-packages/pycadf/identifier.py:71: UserWarning: Invalid uuid: neutron. To ensure interoperability, identifiers should be a valid uuid. warnings.warn(('Invalid uuid: %s. To ensure interoperability, '
2026-05-12 06:52:41.571 10 INFO neutron.services.segments.plugin [-] Segment eec2d959-4938-413c-b018-a2ba38b87e24 resource provider aggregate not found
2026-05-12 06:52:41.576 10 INFO neutron.services.segments.plugin [-] Segment eec2d959-4938-413c-b018-a2ba38b87e24 resource provider aggregate not found
2026-05-12 06:52:41.590 10 INFO neutron.services.segments.plugin [-] Segment eec2d959-4938-413c-b018-a2ba38b87e24 resource provider not found; error: Placement Client Error (4xx): {"errors": [{"status": 404, "title": "Not Found", "detail": "The resource could not be found.\n\n No resource provider with uuid eec2d959-4938-413c-b018-a2ba38b87e24 found for delete ", "request_id": "req-7e5f05b4-d8cb-4fda-9771-91da85127bfe"}]}
2026-05-12 06:52:41.593 10 INFO neutron.services.segments.plugin [-] Segment eec2d959-4938-413c-b018-a2ba38b87e24 resource provider not found; error: Placement Client Error (4xx): {"errors": [{"status": 404, "title": "Not Found", "detail": "The resource could not be found.\n\n No resource provider with uuid eec2d959-4938-413c-b018-a2ba38b87e24 found for delete ", "request_id": "req-748468df-1d6f-4579-a60f-3472d86aeae8"}]}
2026-05-12 06:52:41.617 10 INFO neutron.wsgi [None req-59376cd5-9789-4608-8026-e1f95a28531e b21ba0208f24448fa7d1a3f68b4b6200 a41f40722aaa4c3bbf8603632511e87c - - default default] 10.0.0.253 "DELETE /v2.0/networks/18a37589-dcb1-4991-8655-5a067c4ff142 HTTP/1.1" status: 204 len: 168 time: 0.5084178
2026-05-12 06:52:41.775 10 WARNING neutron_lib.context [None req-9f1d2f63-e021-4395-b0c2-5d45f70f7678 f2bdc4e2d72b41659aa66d52ed005f8e 9069b46645da4748aabbb349bcc80f84 - - default default] Method 'is_advsvc' is deprecated since 2023.2 release (neutron-lib 3.8.0) and will be removed once support for the old RBAC API policies will be removed from Neutron. Please use method 'is_service_role' instead.
2026-05-12 06:52:41.825 10 WARNING neutron_lib.context [None req-9f1d2f63-e021-4395-b0c2-5d45f70f7678 f2bdc4e2d72b41659aa66d52ed005f8e 9069b46645da4748aabbb349bcc80f84 - - default default] Method 'is_advsvc' is deprecated since 2023.2 release (neutron-lib 3.8.0) and will be removed once support for the old RBAC API policies will be removed from Neutron. Please use method 'is_service_role' instead.
2026-05-12 06:52:41.917 10 INFO neutron.wsgi [req-a7c20f10-bbc2-4e45-b5e0-8c989ec28d70 req-92c4ffa8-f01d-49e1-b78d-3aa502d72b26 4af778c84e4d4b7ba768cb66216990d1 2f1fb4c732d7452c8a00709c380369c3 - - default default] 10.0.0.169 "GET /v2.0/ports?device_id=ff0d0fe9-b2ef-452d-82e2-9fe677a69cbb HTTP/1.1" status: 200 len: 1170 time: 0.0833454
2026-05-12 06:52:41.920 10 INFO neutron.wsgi [None req-4af3eeba-c855-48e7-a0bf-9428b2700a41 b21ba0208f24448fa7d1a3f68b4b6200 a41f40722aaa4c3bbf8603632511e87c - - default default] 10.0.0.253 "GET /v2.0/security-groups?tenant_id=9e23c9bfb1a84f9391655cf35aca3724&name=default HTTP/1.1" status: 200 len: 3120 time: 0.0954030
2026-05-12 06:52:41.985 10 INFO neutron.wsgi [req-a7c20f10-bbc2-4e45-b5e0-8c989ec28d70 req-28299c98-1c39-4a0d-a5c0-02d6af43a21f 4af778c84e4d4b7ba768cb66216990d1 2f1fb4c732d7452c8a00709c380369c3 - - default default] 10.0.0.169 "GET /v2.0/security-groups?id=5a915108-5c65-4bbf-a624-b7953dd8b733&fields=id&fields=name HTTP/1.1" status: 200 len: 313 time: 0.0617464
2026-05-12 06:52:42.208 9 INFO neutron.wsgi [req-ffe55192-abcf-43a3-bfa2-5f66179d4797 req-05b0e108-dc56-4b27-b537-9fe338a839e0 4af778c84e4d4b7ba768cb66216990d1 2f1fb4c732d7452c8a00709c380369c3 - - default default] 10.0.0.169 "GET /v2.0/ports?device_id=ff0d0fe9-b2ef-452d-82e2-9fe677a69cbb HTTP/1.1" status: 200 len: 1170 time: 0.1732922
2026-05-12 06:52:42.313 10 WARNING neutron.scheduler.dhcp_agent_scheduler [None req-9f1d2f63-e021-4395-b0c2-5d45f70f7678 f2bdc4e2d72b41659aa66d52ed005f8e 9069b46645da4748aabbb349bcc80f84 - - default default] No more DHCP agents
2026-05-12 06:52:42.316 10 WARNING neutron.api.rpc.agentnotifiers.dhcp_rpc_agent_api [None req-9f1d2f63-e021-4395-b0c2-5d45f70f7678 f2bdc4e2d72b41659aa66d52ed005f8e 9069b46645da4748aabbb349bcc80f84 - - default default] Unable to schedule network 74f3810d-5f9a-4cc5-b215-95125e13f9cf: no agents available; will retry on subsequent port and subnet creation events.
2026-05-12 06:52:42.356 10 INFO neutron.db.ovn_revision_numbers_db [None req-9f1d2f63-e021-4395-b0c2-5d45f70f7678 f2bdc4e2d72b41659aa66d52ed005f8e 9069b46645da4748aabbb349bcc80f84 - - default default] Successfully bumped revision number for resource 4d65f113-b4aa-4c50-8837-53e573670856 (type: subnets) to 0
2026-05-12 06:52:42.374 10 WARNING neutron.scheduler.dhcp_agent_scheduler [None req-9f1d2f63-e021-4395-b0c2-5d45f70f7678 f2bdc4e2d72b41659aa66d52ed005f8e 9069b46645da4748aabbb349bcc80f84 - - default default] No more DHCP agents
2026-05-12 06:52:42.375 10 WARNING neutron.api.rpc.agentnotifiers.dhcp_rpc_agent_api [None req-9f1d2f63-e021-4395-b0c2-5d45f70f7678 f2bdc4e2d72b41659aa66d52ed005f8e 9069b46645da4748aabbb349bcc80f84 - - default default] Unable to schedule network bbcf8055-26d6-4367-b338-891b3f8f486f: no agents available; will retry on subsequent port and subnet creation events.
2026-05-12 06:52:42.406 10 INFO neutron.db.ovn_revision_numbers_db [None req-9f1d2f63-e021-4395-b0c2-5d45f70f7678 f2bdc4e2d72b41659aa66d52ed005f8e 9069b46645da4748aabbb349bcc80f84 - - default default] Successfully bumped revision number for resource aba5dc65-25c6-4f31-80e4-54f52582b358 (type: subnets) to 0
2026-05-12 06:52:42.422 10 INFO neutron.wsgi [None req-9f1d2f63-e021-4395-b0c2-5d45f70f7678 f2bdc4e2d72b41659aa66d52ed005f8e 9069b46645da4748aabbb349bcc80f84 - - default default] 10.0.0.253 "POST /v2.0/subnets HTTP/1.1" status: 201 len: 1476 time: 0.6555173
2026-05-12 06:52:42.486 10 INFO neutron.wsgi [None req-7b8e65d9-06b8-432b-a294-a6ce6d58357c f2bdc4e2d72b41659aa66d52ed005f8e 9069b46645da4748aabbb349bcc80f84 - - default default] 10.0.0.253 "GET /v2.0/subnets HTTP/1.1" status: 200 len: 2084 time: 0.0572929
2026-05-12 06:52:42.701 9 INFO neutron.wsgi [None req-096e7ab5-07d4-40f9-bf41-bba32f5d55c1 b21ba0208f24448fa7d1a3f68b4b6200 a41f40722aaa4c3bbf8603632511e87c - - default default] 10.0.0.253 "DELETE /v2.0/security-groups/8d08db3e-1880-4619-8ee7-7ba81b8fe83d HTTP/1.1" status: 204 len: 168 time: 0.7626557
2026-05-12 06:52:42.713 10 INFO neutron.wsgi [None req-3cdf9423-cc4b-4e9b-b82e-d03a833e025e f2bdc4e2d72b41659aa66d52ed005f8e 9069b46645da4748aabbb349bcc80f84 - - default default] 10.0.0.253 "DELETE /v2.0/subnets/4d65f113-b4aa-4c50-8837-53e573670856 HTTP/1.1" status: 204 len: 168 time: 0.2092698
2026-05-12 06:52:42.720 9 INFO neutron.wsgi [None req-a0473b4e-d32c-4172-87ad-c1cb7f1a47e1 b21ba0208f24448fa7d1a3f68b4b6200 a41f40722aaa4c3bbf8603632511e87c - - default default] 10.0.0.253 "DELETE /v2.0/routers/73aad0af-d70a-4f3c-a319-afd2dae2ea0b HTTP/1.1" status: 204 len: 168 time: 1.3118258
2026-05-12 06:52:42.946 9 INFO neutron.notifiers.nova [-] Nova event matching ['req-7ecd1cc7-2532-4017-b807-8b898c1d5ff1'] response: {'server_uuid': 'ff0d0fe9-b2ef-452d-82e2-9fe677a69cbb', 'name': 'network-vif-plugged', 'status': 'completed', 'tag': '31a8cac9-431d-41a7-b44a-88e1d6190759', 'code': 200}
2026-05-12 06:52:42.983 10 INFO neutron.wsgi [None req-6be263fd-e24f-4afb-8dec-8e51a0a27d90 f2bdc4e2d72b41659aa66d52ed005f8e 9069b46645da4748aabbb349bcc80f84 - - default default] 10.0.0.253 "DELETE /v2.0/subnets/aba5dc65-25c6-4f31-80e4-54f52582b358 HTTP/1.1" status: 204 len: 168 time: 0.2660377
2026-05-12 06:52:42.989 10 INFO neutron.wsgi [None req-aa30c9a1-787a-4d73-9bba-c45b68106471 b21ba0208f24448fa7d1a3f68b4b6200 a41f40722aaa4c3bbf8603632511e87c - - default default] 10.0.0.253 "DELETE /v2.0/subnets/9ae425c7-4852-43e5-819d-9a54f1de4b20 HTTP/1.1" status: 204 len: 168 time: 0.2661121
2026-05-12 06:52:43.050 9 INFO neutron.wsgi [None req-f7036eba-c130-4ada-8a33-bc03bb40e649 f2bdc4e2d72b41659aa66d52ed005f8e 9069b46645da4748aabbb349bcc80f84 - - default default] 10.0.0.253 "GET /v2.0/subnets HTTP/1.1" status: 200 len: 820 time: 0.0613058
2026-05-12 06:52:43.415 9 INFO neutron.db.ovn_revision_numbers_db [None req-62adf881-5fff-4596-8d6a-b9e97507c4ef 4af778c84e4d4b7ba768cb66216990d1 2f1fb4c732d7452c8a00709c380369c3 - - default default] Successfully bumped revision number for resource a5d8245b-15e9-4795-9e42-d56d4ef13665 (type: floatingips) to 1
2026-05-12 06:52:43.533 10 INFO neutron.wsgi [None req-419f3a18-a0f7-4ef9-b336-ebf82f0af8f3 b21ba0208f24448fa7d1a3f68b4b6200 a41f40722aaa4c3bbf8603632511e87c - - default default] 10.0.0.253 "DELETE /v2.0/networks/ebc3a367-a4e1-43e6-a3c7-50ebe5e04f64 HTTP/1.1" status: 204 len: 168 time: 0.5395877
2026-05-12 06:52:43.536 9 INFO neutron.db.ovn_revision_numbers_db [None req-62adf881-5fff-4596-8d6a-b9e97507c4ef 4af778c84e4d4b7ba768cb66216990d1 2f1fb4c732d7452c8a00709c380369c3 - - default default] Successfully bumped revision number for resource a5d8245b-15e9-4795-9e42-d56d4ef13665 (type: floatingips) to 2
2026-05-12 06:52:43.537 9 INFO neutron.db.l3_db [None req-62adf881-5fff-4596-8d6a-b9e97507c4ef 4af778c84e4d4b7ba768cb66216990d1 2f1fb4c732d7452c8a00709c380369c3 - - default default] Floating IP a5d8245b-15e9-4795-9e42-d56d4ef13665 associated. External IP: 10.96.250.207, port: 31a8cac9-431d-41a7-b44a-88e1d6190759.
2026-05-12 06:52:43.556 10 INFO neutron.wsgi [None req-882b388a-7647-46a7-acf1-77fb61abe1d2 f2bdc4e2d72b41659aa66d52ed005f8e 9069b46645da4748aabbb349bcc80f84 - - default default] 10.0.0.253 "DELETE /v2.0/networks/bbcf8055-26d6-4367-b338-891b3f8f486f HTTP/1.1" status: 204 len: 168 time: 0.4995675
2026-05-12 06:52:43.578 9 INFO neutron.wsgi [None req-62adf881-5fff-4596-8d6a-b9e97507c4ef 4af778c84e4d4b7ba768cb66216990d1 2f1fb4c732d7452c8a00709c380369c3 - - default default] 10.0.0.253 "PUT /v2.0/floatingips/a5d8245b-15e9-4795-9e42-d56d4ef13665 HTTP/1.1" status: 200 len: 1049 time: 1.3620162
2026-05-12 06:52:43.620 10 INFO neutron.services.segments.plugin [-] Segment 7328581a-4ec2-4ad8-91da-380de62c81ba resource provider aggregate not found
2026-05-12 06:52:43.628 10 INFO neutron.services.segments.plugin [-] Segment 7328581a-4ec2-4ad8-91da-380de62c81ba resource provider aggregate not found
2026-05-12 06:52:43.640 10 INFO neutron.services.segments.plugin [-] Segment 7328581a-4ec2-4ad8-91da-380de62c81ba resource provider not found; error: Placement Client Error (4xx): {"errors": [{"status": 404, "title": "Not Found", "detail": "The resource could not be found.\n\n No resource provider with uuid 7328581a-4ec2-4ad8-91da-380de62c81ba found for delete ", "request_id": "req-9f159319-c909-402d-a361-af9cd6a6a8fc"}]}
2026-05-12 06:52:43.645 10 INFO neutron.services.segments.plugin [-] Segment 7328581a-4ec2-4ad8-91da-380de62c81ba resource provider not found; error: Placement Client Error (4xx): {"errors": [{"status": 404, "title": "Not Found", "detail": "The resource could not be found.\n\n No resource provider with uuid 7328581a-4ec2-4ad8-91da-380de62c81ba found for delete ", "request_id": "req-a41a43ef-ca0e-4bfe-beeb-c742dbed1390"}]}
2026-05-12 06:52:43.652 10 INFO neutron.services.segments.plugin [-] Segment 398b00ff-b12d-4869-aa13-70b65b794def resource provider aggregate not found
2026-05-12 06:52:43.660 10 INFO neutron.services.segments.plugin [-] Segment 398b00ff-b12d-4869-aa13-70b65b794def resource provider aggregate not found
2026-05-12 06:52:43.664 10 INFO neutron.services.segments.plugin [-] Segment 398b00ff-b12d-4869-aa13-70b65b794def resource provider not found; error: Placement Client Error (4xx): {"errors": [{"status": 404, "title": "Not Found", "detail": "The resource could not be found.\n\n No resource provider with uuid 398b00ff-b12d-4869-aa13-70b65b794def found for delete ", "request_id": "req-f78204f2-5dbd-43c0-ac71-4a7bf9ebf6cf"}]}
2026-05-12 06:52:43.675 10 INFO neutron.services.segments.plugin [-] Segment 398b00ff-b12d-4869-aa13-70b65b794def resource provider not found; error: Placement Client Error (4xx): {"errors": [{"status": 404, "title": "Not Found", "detail": "The resource could not be found.\n\n No resource provider with uuid 398b00ff-b12d-4869-aa13-70b65b794def found for delete ", "request_id": "req-9bfbe93a-076e-4c5f-bf06-9b626e027a8a"}]} /var/lib/openstack/lib/python3.10/site-packages/pycadf/identifier.py:71: UserWarning: Invalid uuid: neutron. To ensure interoperability, identifiers should be a valid uuid. warnings.warn(('Invalid uuid: %s. To ensure interoperability, '
2026-05-12 06:52:43.733 10 INFO neutron.wsgi [None req-c43a7126-9660-4fc6-9080-561ef3bfc60a b21ba0208f24448fa7d1a3f68b4b6200 a41f40722aaa4c3bbf8603632511e87c - - default default] 10.0.0.253 "GET /v2.0/security-groups?tenant_id=a1c5a86d5c804eefb065eaa36d71e66e&name=default HTTP/1.1" status: 200 len: 3116 time: 0.0470819
2026-05-12 06:52:43.942 10 INFO neutron.wsgi [None req-06d8f8a0-6437-4798-8991-893ae4f23c91 b21ba0208f24448fa7d1a3f68b4b6200 a41f40722aaa4c3bbf8603632511e87c - - default default] 10.0.0.253 "DELETE /v2.0/security-groups/b21da739-3f17-4b44-b4c6-7b4aa38c92cb HTTP/1.1" status: 204 len: 168 time: 0.2008197
2026-05-12 06:52:43.953 9 INFO neutron.services.segments.plugin [-] Segment 4539a179-457b-45a5-9327-60e663abec1b resource provider aggregate not found
2026-05-12 06:52:43.958 9 INFO neutron.services.segments.plugin [-] Segment 4539a179-457b-45a5-9327-60e663abec1b resource provider aggregate not found
2026-05-12 06:52:43.964 9 INFO neutron.services.segments.plugin [-] Segment 4539a179-457b-45a5-9327-60e663abec1b resource provider not found; error: Placement Client Error (4xx): {"errors": [{"status": 404, "title": "Not Found", "detail": "The resource could not be found.\n\n No resource provider with uuid 4539a179-457b-45a5-9327-60e663abec1b found for delete ", "request_id": "req-c05285d0-f91d-49f9-a203-e6daedd7915d"}]}
2026-05-12 06:52:43.979 9 INFO neutron.services.segments.plugin [-] Segment 4539a179-457b-45a5-9327-60e663abec1b resource provider not found; error: Placement Client Error (4xx): {"errors": [{"status": 404, "title": "Not Found", "detail": "The resource could not be found.\n\n No resource provider with uuid 4539a179-457b-45a5-9327-60e663abec1b found for delete ", "request_id": "req-e01bc4a6-46fc-4a6f-9ea7-8cc0a42c9ca6"}]}
2026-05-12 06:52:43.990 9 INFO neutron.wsgi [None req-692be34b-58f2-44dc-a5d5-cd3e7345362d f2bdc4e2d72b41659aa66d52ed005f8e 9069b46645da4748aabbb349bcc80f84 - - default default] 10.0.0.253 "DELETE /v2.0/networks/74f3810d-5f9a-4cc5-b215-95125e13f9cf HTTP/1.1" status: 204 len: 168 time: 0.4292629
2026-05-12 06:52:44.391 10 INFO neutron.wsgi [None req-588a1ff0-cdf1-4bb3-b822-224d9d789c34 f2bdc4e2d72b41659aa66d52ed005f8e 9069b46645da4748aabbb349bcc80f84 - - default default] 10.0.0.253 "DELETE /v2.0/networks/9caa1f60-0b04-4f06-9e74-a30a6126244d HTTP/1.1" status: 204 len: 168 time: 0.3935127
2026-05-12 06:52:44.772 10 INFO neutron.wsgi [None req-78a26772-5c4b-4976-991d-a2df6b735afc f2bdc4e2d72b41659aa66d52ed005f8e 9069b46645da4748aabbb349bcc80f84 - - default default] 10.0.0.253 "DELETE /v2.0/networks/322cd6ea-7886-4080-a8bc-99001ea948c2 HTTP/1.1" status: 204 len: 168 time: 0.3740265
2026-05-12 06:52:44.990 9 INFO neutron.notifiers.nova [-] Nova event matching ['req-43d94d9a-93b1-4603-981f-6ff51944965d'] response: {'name': 'network-changed', 'server_uuid': 'ff0d0fe9-b2ef-452d-82e2-9fe677a69cbb', 'tag': '31a8cac9-431d-41a7-b44a-88e1d6190759', 'status': 'completed', 'code': 200}
2026-05-12 06:52:45.060 10 INFO neutron.wsgi [req-d5a8eb5c-59b6-48d2-a4c3-b26f83675d2c req-aa400cf8-3a16-42bd-bbc8-5ac7058c40a7 30164aa1ac0d458195ef529a82fe903d 1c9d341739b346fb9397045d27ec30e1 - - a7e71ca817e243b38e6fff875d8e0087 a7e71ca817e243b38e6fff875d8e0087] 199.204.45.235 "GET /v2.0/ports?tenant_id=2f1fb4c732d7452c8a00709c380369c3&device_id=ff0d0fe9-b2ef-452d-82e2-9fe677a69cbb HTTP/1.1" status: 200 len: 1409 time: 0.0441616
2026-05-12 06:52:45.081 9 INFO neutron.db.ovn_revision_numbers_db [None req-dad666c3-a69f-4cfe-846c-d025ee4d7346 b21ba0208f24448fa7d1a3f68b4b6200 a41f40722aaa4c3bbf8603632511e87c - - default default] Successfully bumped revision number for resource 43306712-35e4-458d-a904-2e6dd02be511 (type: security_groups) to 1
2026-05-12 06:52:45.093 9 INFO neutron.db.ovn_revision_numbers_db [None req-dad666c3-a69f-4cfe-846c-d025ee4d7346 b21ba0208f24448fa7d1a3f68b4b6200 a41f40722aaa4c3bbf8603632511e87c - - default default] Successfully bumped revision number for resource 4046191d-0903-45de-9daf-887db121c360 (type: security_group_rules) to 0
2026-05-12 06:52:45.105 9 INFO neutron.db.ovn_revision_numbers_db [None req-dad666c3-a69f-4cfe-846c-d025ee4d7346 b21ba0208f24448fa7d1a3f68b4b6200 a41f40722aaa4c3bbf8603632511e87c - - default default] Successfully bumped revision number for resource 745c767d-e306-4d75-951b-cfc5f831fea4 (type: security_group_rules) to 0
2026-05-12 06:52:45.112 9 INFO neutron.wsgi [-] 10.0.0.190 "GET / HTTP/1.1" status: 200 len: 247 time: 0.0021670
2026-05-12 06:52:45.114 9 INFO neutron.wsgi [-] 10.0.0.190 "GET / HTTP/1.1" status: 200 len: 247 time: 0.0012867
2026-05-12 06:52:45.123 9 INFO neutron.db.ovn_revision_numbers_db [None req-dad666c3-a69f-4cfe-846c-d025ee4d7346 b21ba0208f24448fa7d1a3f68b4b6200 a41f40722aaa4c3bbf8603632511e87c - - default default] Successfully bumped revision number for resource bfc3623a-9fd1-4257-a33d-b9bd5b6f26e8 (type: security_group_rules) to 0
2026-05-12 06:52:45.134 10 INFO neutron.wsgi [req-d5a8eb5c-59b6-48d2-a4c3-b26f83675d2c req-fa81c74c-957c-432d-8a50-3b73f1f47022 30164aa1ac0d458195ef529a82fe903d 1c9d341739b346fb9397045d27ec30e1 - - a7e71ca817e243b38e6fff875d8e0087 a7e71ca817e243b38e6fff875d8e0087] 199.204.45.235 "GET /v2.0/networks?id=c0348f15-fc38-4205-ab64-c1beb99675dd HTTP/1.1" status: 200 len: 973 time: 0.0658102
2026-05-12 06:52:45.135 9 INFO neutron.db.ovn_revision_numbers_db [None req-dad666c3-a69f-4cfe-846c-d025ee4d7346 b21ba0208f24448fa7d1a3f68b4b6200 a41f40722aaa4c3bbf8603632511e87c - - default default] Successfully bumped revision number for resource d6b3cc61-18f8-45fd-a97a-880b81ee4f7f (type: security_group_rules) to 0
2026-05-12 06:52:45.192 9 INFO neutron.db.segments_db [None req-dad666c3-a69f-4cfe-846c-d025ee4d7346 b21ba0208f24448fa7d1a3f68b4b6200 a41f40722aaa4c3bbf8603632511e87c - - default default] Added segment 857e6878-cea7-4ac0-8742-4bf079835f68 of type geneve for network 29a114ab-f552-4848-b38e-97bc8cc9f245
2026-05-12 06:52:45.197 10 INFO neutron.wsgi [req-d5a8eb5c-59b6-48d2-a4c3-b26f83675d2c req-9e152dd6-d6f4-4f8f-936d-1dda7f3fd990 30164aa1ac0d458195ef529a82fe903d 1c9d341739b346fb9397045d27ec30e1 - - a7e71ca817e243b38e6fff875d8e0087 a7e71ca817e243b38e6fff875d8e0087] 199.204.45.235 "GET /v2.0/floatingips?fixed_ip_address=10.100.0.9&port_id=31a8cac9-431d-41a7-b44a-88e1d6190759 HTTP/1.1" status: 200 len: 1059 time: 0.0519283
2026-05-12 06:52:45.237 10 INFO neutron.wsgi [req-d5a8eb5c-59b6-48d2-a4c3-b26f83675d2c req-894b0782-dd8c-4caa-94e4-6b226a10dd75 30164aa1ac0d458195ef529a82fe903d 1c9d341739b346fb9397045d27ec30e1 - - a7e71ca817e243b38e6fff875d8e0087 a7e71ca817e243b38e6fff875d8e0087] 199.204.45.235 "GET /v2.0/subnets?id=31180b8f-9650-42a5-a030-7008a81b7fef HTTP/1.1" status: 200 len: 868 time: 0.0358994
2026-05-12 06:52:45.337 9 INFO neutron.db.ovn_revision_numbers_db [None req-dad666c3-a69f-4cfe-846c-d025ee4d7346 b21ba0208f24448fa7d1a3f68b4b6200 a41f40722aaa4c3bbf8603632511e87c - - default default] Successfully bumped revision number for resource 29a114ab-f552-4848-b38e-97bc8cc9f245 (type: networks) to 1
2026-05-12 06:52:45.501 10 INFO neutron.wsgi [req-d5a8eb5c-59b6-48d2-a4c3-b26f83675d2c req-f72e9f11-83ae-4233-95f4-953312ae3356 30164aa1ac0d458195ef529a82fe903d 1c9d341739b346fb9397045d27ec30e1 - - a7e71ca817e243b38e6fff875d8e0087 a7e71ca817e243b38e6fff875d8e0087] 199.204.45.235 "GET /v2.0/ports?network_id=c0348f15-fc38-4205-ab64-c1beb99675dd&device_owner=network%3Adhcp HTTP/1.1" status: 200 len: 210 time: 0.2578826
2026-05-12 06:52:45.517 9 WARNING neutron.scheduler.dhcp_agent_scheduler [None req-dad666c3-a69f-4cfe-846c-d025ee4d7346 b21ba0208f24448fa7d1a3f68b4b6200 a41f40722aaa4c3bbf8603632511e87c - - default default] No more DHCP agents
2026-05-12 06:52:45.519 9 WARNING neutron.api.rpc.agentnotifiers.dhcp_rpc_agent_api [None req-dad666c3-a69f-4cfe-846c-d025ee4d7346 b21ba0208f24448fa7d1a3f68b4b6200 a41f40722aaa4c3bbf8603632511e87c - - default default] Unable to schedule network 29a114ab-f552-4848-b38e-97bc8cc9f245: no agents available; will retry on subsequent port and subnet creation events.
2026-05-12 06:52:45.545 10 INFO neutron.wsgi [None req-f091c293-9722-42e8-be62-49c4f1074392 b21ba0208f24448fa7d1a3f68b4b6200 a41f40722aaa4c3bbf8603632511e87c - - default default] 10.0.0.253 "GET /v2.0/security-groups?tenant_id=9069b46645da4748aabbb349bcc80f84&name=default HTTP/1.1" status: 200 len: 3120 time: 0.3201339
2026-05-12 06:52:45.596 10 INFO neutron.wsgi [req-d5a8eb5c-59b6-48d2-a4c3-b26f83675d2c req-fe527353-3b0f-4e02-bd36-beea743a31ea 30164aa1ac0d458195ef529a82fe903d 1c9d341739b346fb9397045d27ec30e1 - - a7e71ca817e243b38e6fff875d8e0087 a7e71ca817e243b38e6fff875d8e0087] 199.204.45.235 "GET /v2.0/networks/c0348f15-fc38-4205-ab64-c1beb99675dd?fields=segments HTTP/1.1" status: 200 len: 212 time: 0.0858808
2026-05-12 06:52:45.602 9 INFO neutron.db.ovn_revision_numbers_db [None req-dad666c3-a69f-4cfe-846c-d025ee4d7346 b21ba0208f24448fa7d1a3f68b4b6200 a41f40722aaa4c3bbf8603632511e87c - - default default] Successfully bumped revision number for resource a2bbdd59-0466-4ebd-b52e-8c10bd15d03e (type: ports) to 1
2026-05-12 06:52:45.624 9 INFO neutron.wsgi [None req-dad666c3-a69f-4cfe-846c-d025ee4d7346 b21ba0208f24448fa7d1a3f68b4b6200 a41f40722aaa4c3bbf8603632511e87c - - default default] 10.0.0.253 "POST /v2.0/networks HTTP/1.1" status: 201 len: 945 time: 0.9058416
2026-05-12 06:52:45.683 10 INFO neutron.wsgi [req-d5a8eb5c-59b6-48d2-a4c3-b26f83675d2c req-0475f53e-b863-40e0-aa52-e22abcd149bb 30164aa1ac0d458195ef529a82fe903d 1c9d341739b346fb9397045d27ec30e1 - - a7e71ca817e243b38e6fff875d8e0087 a7e71ca817e243b38e6fff875d8e0087] 199.204.45.235 "GET /v2.0/networks/c0348f15-fc38-4205-ab64-c1beb99675dd?fields=provider%3Aphysical_network&fields=provider%3Anetwork_type HTTP/1.1" status: 200 len: 277 time: 0.0788035
2026-05-12 06:52:45.684 10 INFO neutron.services.segments.plugin [-] Segment bee3d3ed-9acb-4941-adfc-284329652ba7 resource provider aggregate not found
2026-05-12 06:52:45.696 10 INFO neutron.services.segments.plugin [-] Segment bee3d3ed-9acb-4941-adfc-284329652ba7 resource provider aggregate not found
2026-05-12 06:52:45.700 10 INFO neutron.services.segments.plugin [-] Segment bee3d3ed-9acb-4941-adfc-284329652ba7 resource provider not found; error: Placement Client Error (4xx): {"errors": [{"status": 404, "title": "Not Found", "detail": "The resource could not be found.\n\n No resource provider with uuid bee3d3ed-9acb-4941-adfc-284329652ba7 found for delete ", "request_id": "req-7399b08a-6cad-4ae3-b093-1b8a8b6bc2b4"}]}
2026-05-12 06:52:45.716 10 INFO neutron.services.segments.plugin [-] Segment d7f703e3-9503-4374-bad2-939b7f7a986f resource provider aggregate not found
2026-05-12 06:52:45.720 10 INFO neutron.services.segments.plugin [-] Segment bee3d3ed-9acb-4941-adfc-284329652ba7 resource provider not found; error: Placement Client Error (4xx): {"errors": [{"status": 404, "title": "Not Found", "detail": "The resource could not be found.\n\n No resource provider with uuid bee3d3ed-9acb-4941-adfc-284329652ba7 found for delete ", "request_id": "req-f4a24260-fc53-4158-bbd5-27cb69e7c84d"}]}
2026-05-12 06:52:45.739 10 INFO neutron.services.segments.plugin [-] Segment d7f703e3-9503-4374-bad2-939b7f7a986f resource provider aggregate not found
2026-05-12 06:52:45.743 10 INFO neutron.services.segments.plugin [-] Segment d7f703e3-9503-4374-bad2-939b7f7a986f resource provider not found; error: Placement Client Error (4xx): {"errors": [{"status": 404, "title": "Not Found", "detail": "The resource could not be found.\n\n No resource provider with uuid d7f703e3-9503-4374-bad2-939b7f7a986f found for delete ", "request_id": "req-2e0f732a-73e6-422c-b03a-bf76c94c1461"}]}
2026-05-12 06:52:45.760 10 INFO neutron.services.segments.plugin [-] Segment d7f703e3-9503-4374-bad2-939b7f7a986f resource provider not found; error: Placement Client Error (4xx): {"errors": [{"status": 404, "title": "Not Found", "detail": "The resource could not be found.\n\n No resource provider with uuid d7f703e3-9503-4374-bad2-939b7f7a986f found for delete ", "request_id": "req-aa3109e6-b1b6-451e-bc10-e64c2a40fa1f"}]}
2026-05-12 06:52:45.795 9 WARNING neutron.scheduler.dhcp_agent_scheduler [None req-247b33fc-c628-48ce-9901-b2b7d1dbc48d b21ba0208f24448fa7d1a3f68b4b6200 a41f40722aaa4c3bbf8603632511e87c - - default default] No more DHCP agents
2026-05-12 06:52:45.798 9 WARNING neutron.api.rpc.agentnotifiers.dhcp_rpc_agent_api [None req-247b33fc-c628-48ce-9901-b2b7d1dbc48d b21ba0208f24448fa7d1a3f68b4b6200 a41f40722aaa4c3bbf8603632511e87c - - default default] Unable to schedule network 29a114ab-f552-4848-b38e-97bc8cc9f245: no agents available; will retry on subsequent port and subnet creation events.
2026-05-12 06:52:45.904 10 INFO neutron.wsgi [None req-2155b3e8-518b-484f-9854-47887fcf17f9 b21ba0208f24448fa7d1a3f68b4b6200 a41f40722aaa4c3bbf8603632511e87c - - default default] 10.0.0.253 "DELETE /v2.0/security-groups/97feb8b3-89a8-418b-9300-d37c81198e39 HTTP/1.1" status: 204 len: 168 time: 0.3523850
2026-05-12 06:52:45.991 10 INFO neutron.db.ovn_revision_numbers_db [None req-ebdcdabd-74f1-414f-ad97-63f09535544a b21ba0208f24448fa7d1a3f68b4b6200 a41f40722aaa4c3bbf8603632511e87c - - default default] Successfully bumped revision number for resource 3f39a77e-d398-41c5-9ef4-fa318229468f (type: security_groups) to 1
2026-05-12 06:52:46.007 10 INFO neutron.db.ovn_revision_numbers_db [None req-ebdcdabd-74f1-414f-ad97-63f09535544a b21ba0208f24448fa7d1a3f68b4b6200 a41f40722aaa4c3bbf8603632511e87c - - default default] Successfully bumped revision number for resource 000ba698-f0a2-4caa-8c92-c875554cd321 (type: security_group_rules) to 0
2026-05-12 06:52:46.020 10 INFO neutron.db.ovn_revision_numbers_db [None req-ebdcdabd-74f1-414f-ad97-63f09535544a b21ba0208f24448fa7d1a3f68b4b6200 a41f40722aaa4c3bbf8603632511e87c - - default default] Successfully bumped revision number for resource 1594fe62-79f2-4528-b0d4-c5e87591c317 (type: security_group_rules) to 0
2026-05-12 06:52:46.046 10 INFO neutron.db.ovn_revision_numbers_db [None req-ebdcdabd-74f1-414f-ad97-63f09535544a b21ba0208f24448fa7d1a3f68b4b6200 a41f40722aaa4c3bbf8603632511e87c - - default default] Successfully bumped revision number for resource 1662e804-817f-42e9-93b8-ed448f78d144 (type: security_group_rules) to 0
2026-05-12 06:52:46.062 10 INFO neutron.db.ovn_revision_numbers_db [None req-ebdcdabd-74f1-414f-ad97-63f09535544a b21ba0208f24448fa7d1a3f68b4b6200 a41f40722aaa4c3bbf8603632511e87c - - default default] Successfully bumped revision number for resource 9e001aa9-6e8b-4ab3-9b46-cc416080b3c7 (type: security_group_rules) to 0
2026-05-12 06:52:46.117 10 INFO neutron.db.segments_db [None req-ebdcdabd-74f1-414f-ad97-63f09535544a b21ba0208f24448fa7d1a3f68b4b6200 a41f40722aaa4c3bbf8603632511e87c - - default default] Added segment 13773f5d-8838-4cb7-9f8f-cab7bdfe5d2a of type geneve for network bd794318-8205-495b-8ca3-0bd71e33f64f
2026-05-12 06:52:46.268 10 INFO neutron.db.ovn_revision_numbers_db [None req-ebdcdabd-74f1-414f-ad97-63f09535544a b21ba0208f24448fa7d1a3f68b4b6200 a41f40722aaa4c3bbf8603632511e87c - - default default] Successfully bumped revision number for resource bd794318-8205-495b-8ca3-0bd71e33f64f (type: networks) to 1
2026-05-12 06:52:46.380 9 INFO neutron.db.ovn_revision_numbers_db [None req-247b33fc-c628-48ce-9901-b2b7d1dbc48d b21ba0208f24448fa7d1a3f68b4b6200 a41f40722aaa4c3bbf8603632511e87c - - default default] Successfully bumped revision number for resource a2bbdd59-0466-4ebd-b52e-8c10bd15d03e (type: ports) to 2
2026-05-12 06:52:46.433 9 INFO neutron.db.ovn_revision_numbers_db [None req-247b33fc-c628-48ce-9901-b2b7d1dbc48d b21ba0208f24448fa7d1a3f68b4b6200 a41f40722aaa4c3bbf8603632511e87c - - default default] Successfully bumped revision number for resource f85b5397-2cd7-4e3e-a972-abb06bd217dc (type: subnets) to 0
2026-05-12 06:52:46.450 10 WARNING neutron.scheduler.dhcp_agent_scheduler [None req-ebdcdabd-74f1-414f-ad97-63f09535544a b21ba0208f24448fa7d1a3f68b4b6200 a41f40722aaa4c3bbf8603632511e87c - - default default] No more DHCP agents
2026-05-12 06:52:46.452 10 WARNING neutron.api.rpc.agentnotifiers.dhcp_rpc_agent_api [None req-ebdcdabd-74f1-414f-ad97-63f09535544a b21ba0208f24448fa7d1a3f68b4b6200 a41f40722aaa4c3bbf8603632511e87c - - default default] Unable to schedule network bd794318-8205-495b-8ca3-0bd71e33f64f: no agents available; will retry on subsequent port and subnet creation events.
2026-05-12 06:52:46.453 9 INFO neutron.wsgi [None req-247b33fc-c628-48ce-9901-b2b7d1dbc48d b21ba0208f24448fa7d1a3f68b4b6200 a41f40722aaa4c3bbf8603632511e87c - - default default] 10.0.0.253 "POST /v2.0/subnets HTTP/1.1" status: 201 len: 865 time: 0.8209116
2026-05-12 06:52:46.533 10 INFO neutron.db.ovn_revision_numbers_db [None req-ebdcdabd-74f1-414f-ad97-63f09535544a b21ba0208f24448fa7d1a3f68b4b6200 a41f40722aaa4c3bbf8603632511e87c - - default default] Successfully bumped revision number for resource 13aadcda-ddaf-4627-a011-8a4626c53c97 (type: ports) to 1
2026-05-12 06:52:46.559 10 INFO neutron.wsgi [None req-ebdcdabd-74f1-414f-ad97-63f09535544a b21ba0208f24448fa7d1a3f68b4b6200 a41f40722aaa4c3bbf8603632511e87c - - default default] 10.0.0.253 "POST /v2.0/networks HTTP/1.1" status: 201 len: 947 time: 0.8972037
2026-05-12 06:52:46.732 10 WARNING neutron.scheduler.dhcp_agent_scheduler [None req-9e45f4d4-bd89-4be6-8016-d78e9bcb47f7 b21ba0208f24448fa7d1a3f68b4b6200 a41f40722aaa4c3bbf8603632511e87c - - default default] No more DHCP agents
2026-05-12 06:52:46.735 10 WARNING neutron.api.rpc.agentnotifiers.dhcp_rpc_agent_api [None req-9e45f4d4-bd89-4be6-8016-d78e9bcb47f7 b21ba0208f24448fa7d1a3f68b4b6200 a41f40722aaa4c3bbf8603632511e87c - - default default] Unable to schedule network bd794318-8205-495b-8ca3-0bd71e33f64f: no agents available; will retry on subsequent port and subnet creation events.
2026-05-12 06:52:47.001 9 WARNING neutron.scheduler.dhcp_agent_scheduler [None req-be8a7686-ec9e-4c11-9f57-d56c03ef5cd3 b21ba0208f24448fa7d1a3f68b4b6200 a41f40722aaa4c3bbf8603632511e87c - - default default] No more DHCP agents
2026-05-12 06:52:47.004 9 WARNING neutron.api.rpc.agentnotifiers.dhcp_rpc_agent_api [None req-be8a7686-ec9e-4c11-9f57-d56c03ef5cd3 b21ba0208f24448fa7d1a3f68b4b6200 a41f40722aaa4c3bbf8603632511e87c - - default default] Unable to schedule network cae6cf3d-5b03-4c98-a63d-f11840a293f2: no agents available; will retry on subsequent port and subnet creation events.
2026-05-12 06:52:47.165 9 INFO neutron.db.ovn_revision_numbers_db [None req-be8a7686-ec9e-4c11-9f57-d56c03ef5cd3 b21ba0208f24448fa7d1a3f68b4b6200 a41f40722aaa4c3bbf8603632511e87c - - default default] Successfully bumped revision number for resource ec2a4c87-9c31-4b2b-8c84-ae29c42fac69 (type: ports) to 1
2026-05-12 06:52:47.204 10 INFO neutron.db.ovn_revision_numbers_db [None req-9e45f4d4-bd89-4be6-8016-d78e9bcb47f7 b21ba0208f24448fa7d1a3f68b4b6200 a41f40722aaa4c3bbf8603632511e87c - - default default] Successfully bumped revision number for resource 13aadcda-ddaf-4627-a011-8a4626c53c97 (type: ports) to 2
2026-05-12 06:52:47.237 10 INFO neutron.db.ovn_revision_numbers_db [None req-9e45f4d4-bd89-4be6-8016-d78e9bcb47f7 b21ba0208f24448fa7d1a3f68b4b6200 a41f40722aaa4c3bbf8603632511e87c - - default default] Successfully bumped revision number for resource a2c80db0-69a4-492f-a25d-708e340bcd86 (type: subnets) to 0
2026-05-12 06:52:47.256 10 INFO neutron.wsgi [None req-9e45f4d4-bd89-4be6-8016-d78e9bcb47f7 b21ba0208f24448fa7d1a3f68b4b6200 a41f40722aaa4c3bbf8603632511e87c - - default default] 10.0.0.253 "POST /v2.0/subnets HTTP/1.1" status: 201 len: 868 time: 0.6909568
2026-05-12 06:52:47.688 10 WARNING neutron_lib.context [None req-7342ca72-9f34-4dd9-a210-e791b2d30e6f 76f6ae8cd8064ff8bcc04f8844599a1f 7134f9c1b4674222853e9bf92c4bef65 - - default default] Method 'is_advsvc' is deprecated since 2023.2 release (neutron-lib 3.8.0) and will be removed once support for the old RBAC API policies will be removed from Neutron. Please use method 'is_service_role' instead.
2026-05-12 06:52:47.842 10 WARNING neutron.scheduler.dhcp_agent_scheduler [None req-1b741f8e-9e2b-47a2-8e6e-2506333fb19c b21ba0208f24448fa7d1a3f68b4b6200 a41f40722aaa4c3bbf8603632511e87c - - default default] No more DHCP agents
2026-05-12 06:52:47.845 10 WARNING neutron.api.rpc.agentnotifiers.dhcp_rpc_agent_api [None req-1b741f8e-9e2b-47a2-8e6e-2506333fb19c b21ba0208f24448fa7d1a3f68b4b6200 a41f40722aaa4c3bbf8603632511e87c - - default default] Unable to schedule network cae6cf3d-5b03-4c98-a63d-f11840a293f2: no agents available; will retry on subsequent port and subnet creation events.
2026-05-12 06:52:47.936 10 INFO neutron.db.ovn_revision_numbers_db [None req-7342ca72-9f34-4dd9-a210-e791b2d30e6f 76f6ae8cd8064ff8bcc04f8844599a1f 7134f9c1b4674222853e9bf92c4bef65 - - default default] Successfully bumped revision number for resource e429fbeb-5263-4d0e-8889-3a1a597f4f2e (type: security_groups) to 1
2026-05-12 06:52:47.960 10 INFO neutron.db.ovn_revision_numbers_db [None req-7342ca72-9f34-4dd9-a210-e791b2d30e6f 76f6ae8cd8064ff8bcc04f8844599a1f 7134f9c1b4674222853e9bf92c4bef65 - - default default] Successfully bumped revision number for resource 0369a7fc-255d-4d5f-aae2-45dec3a40920 (type: security_group_rules) to 0
2026-05-12 06:52:47.979 10 INFO neutron.db.ovn_revision_numbers_db [None req-7342ca72-9f34-4dd9-a210-e791b2d30e6f 76f6ae8cd8064ff8bcc04f8844599a1f 7134f9c1b4674222853e9bf92c4bef65 - - default default] Successfully bumped revision number for resource 525a61fd-1ea0-4ef0-9fe5-b45f4e0008bf (type: security_group_rules) to 0
2026-05-12 06:52:48.001 10 INFO neutron.db.ovn_revision_numbers_db [None req-7342ca72-9f34-4dd9-a210-e791b2d30e6f 76f6ae8cd8064ff8bcc04f8844599a1f 7134f9c1b4674222853e9bf92c4bef65 - - default default] Successfully bumped revision number for resource 9a345b6d-b860-4654-be36-d61dfaf7d2aa (type: security_group_rules) to 0
2026-05-12 06:52:48.016 10 INFO neutron.db.ovn_revision_numbers_db [None req-1b741f8e-9e2b-47a2-8e6e-2506333fb19c b21ba0208f24448fa7d1a3f68b4b6200 a41f40722aaa4c3bbf8603632511e87c - - default default] Successfully bumped revision number for resource f4ab258c-fe55-44c6-9db3-2c944f1cbb99 (type: ports) to 1
2026-05-12 06:52:48.018 10 INFO neutron.db.ovn_revision_numbers_db [None req-7342ca72-9f34-4dd9-a210-e791b2d30e6f 76f6ae8cd8064ff8bcc04f8844599a1f 7134f9c1b4674222853e9bf92c4bef65 - - default default] Successfully bumped revision number for resource e1e2b56f-0241-4135-b7c1-ab06736f4e50 (type: security_group_rules) to 0
2026-05-12 06:52:48.084 10 INFO neutron.db.segments_db [None req-7342ca72-9f34-4dd9-a210-e791b2d30e6f 76f6ae8cd8064ff8bcc04f8844599a1f 7134f9c1b4674222853e9bf92c4bef65 - - default default] Added segment 48a63986-8a25-4207-87b0-9bbfcb39467c of type geneve for network 48018cb2-2d0f-45d0-892e-a39667dea6d9
2026-05-12 06:52:48.182 9 INFO neutron.plugins.ml2.drivers.ovn.mech_driver.ovsdb.commands [None req-5e694769-69e2-42df-a50b-8cee46c4d25c - - - - - -] Schedule LRP lrp-ec2a4c87-9c31-4b2b-8c84-ae29c42fac69 on gateway 8244b4d6-fbca-4960-bd20-955c4abd879b with priority 1
2026-05-12 06:52:48.191 9 INFO neutron.plugins.ml2.drivers.ovn.mech_driver.mech_driver [None req-75e7a955-8b25-4a8d-8b56-85627a188632 - - - - - -] OVN reports status up for port: ec2a4c87-9c31-4b2b-8c84-ae29c42fac69
2026-05-12 06:52:48.217 9 INFO neutron.plugins.ml2.plugin [None req-75e7a955-8b25-4a8d-8b56-85627a188632 - - - - - -] Attempt 1 to provision port ec2a4c87-9c31-4b2b-8c84-ae29c42fac69
2026-05-12 06:52:48.221 10 INFO neutron.plugins.ml2.drivers.ovn.mech_driver.ovsdb.ovsdb_monitor [None req-07140821-9265-4e6d-b631-cffb41179c21 - - - - - -] Router eaa51a22-32eb-45c9-8d41-6a12213f08aa is bound to host instance
2026-05-12 06:52:48.249 9 INFO neutron.db.ovn_revision_numbers_db [None req-be8a7686-ec9e-4c11-9f57-d56c03ef5cd3 b21ba0208f24448fa7d1a3f68b4b6200 a41f40722aaa4c3bbf8603632511e87c - - default default] Successfully bumped revision number for resource ec2a4c87-9c31-4b2b-8c84-ae29c42fac69 (type: router_ports) to 1
2026-05-12 06:52:48.313 10 INFO neutron.db.ovn_revision_numbers_db [None req-7342ca72-9f34-4dd9-a210-e791b2d30e6f 76f6ae8cd8064ff8bcc04f8844599a1f 7134f9c1b4674222853e9bf92c4bef65 - - default default] Successfully bumped revision number for resource 48018cb2-2d0f-45d0-892e-a39667dea6d9 (type: networks) to 1
2026-05-12 06:52:48.337 9 INFO neutron.db.ovn_revision_numbers_db [None req-be8a7686-ec9e-4c11-9f57-d56c03ef5cd3 b21ba0208f24448fa7d1a3f68b4b6200 a41f40722aaa4c3bbf8603632511e87c - - default default] Successfully bumped revision number for resource eaa51a22-32eb-45c9-8d41-6a12213f08aa (type: routers) to 2
2026-05-12 06:52:48.360 9 INFO neutron.wsgi [None req-be8a7686-ec9e-4c11-9f57-d56c03ef5cd3 b21ba0208f24448fa7d1a3f68b4b6200 a41f40722aaa4c3bbf8603632511e87c - - default default] 10.0.0.253 "POST /v2.0/routers HTTP/1.1" status: 201 len: 1167 time: 1.9018049
2026-05-12 06:52:48.860 9 WARNING neutron.scheduler.dhcp_agent_scheduler [None req-0548ebe6-4686-41fc-85b9-dfbf0b44edb4 b21ba0208f24448fa7d1a3f68b4b6200 a41f40722aaa4c3bbf8603632511e87c - - default default] No more DHCP agents
2026-05-12 06:52:48.863 9 WARNING neutron.api.rpc.agentnotifiers.dhcp_rpc_agent_api [None req-0548ebe6-4686-41fc-85b9-dfbf0b44edb4 b21ba0208f24448fa7d1a3f68b4b6200 a41f40722aaa4c3bbf8603632511e87c - - default default] Unable to schedule network 29a114ab-f552-4848-b38e-97bc8cc9f245: no agents available; will retry on subsequent port and subnet creation events.
2026-05-12 06:52:48.941 10 WARNING neutron.scheduler.dhcp_agent_scheduler [None req-7342ca72-9f34-4dd9-a210-e791b2d30e6f 76f6ae8cd8064ff8bcc04f8844599a1f 7134f9c1b4674222853e9bf92c4bef65 - - default default] No more DHCP agents
2026-05-12 06:52:48.962 10 WARNING neutron.api.rpc.agentnotifiers.dhcp_rpc_agent_api [None req-7342ca72-9f34-4dd9-a210-e791b2d30e6f 76f6ae8cd8064ff8bcc04f8844599a1f 7134f9c1b4674222853e9bf92c4bef65 - - default default] Unable to schedule network 48018cb2-2d0f-45d0-892e-a39667dea6d9: no agents available; will retry on subsequent port and subnet creation events.
2026-05-12 06:52:49.010 9 INFO neutron.db.ovn_revision_numbers_db [None req-0548ebe6-4686-41fc-85b9-dfbf0b44edb4 b21ba0208f24448fa7d1a3f68b4b6200 a41f40722aaa4c3bbf8603632511e87c - - default default] Successfully bumped revision number for resource 860cb135-f444-4017-8f29-600d9bd9b3e2 (type: ports) to 1
2026-05-12 06:52:49.139 10 INFO neutron.db.ovn_revision_numbers_db [None req-7342ca72-9f34-4dd9-a210-e791b2d30e6f 76f6ae8cd8064ff8bcc04f8844599a1f 7134f9c1b4674222853e9bf92c4bef65 - - default default] Successfully bumped revision number for resource 235f6aca-a6f8-43f6-9afa-1ba578358082 (type: ports) to 1
2026-05-12 06:52:49.206 10 INFO neutron.wsgi [None req-7342ca72-9f34-4dd9-a210-e791b2d30e6f 76f6ae8cd8064ff8bcc04f8844599a1f 7134f9c1b4674222853e9bf92c4bef65 - - default default] 10.0.0.253 "POST /v2.0/networks HTTP/1.1" status: 201 len: 848 time: 1.6793716
2026-05-12 06:52:49.222 10 WARNING neutron_lib.context [None req-fec0be92-5bf2-4d28-86ff-edd48b9f30f8 76f6ae8cd8064ff8bcc04f8844599a1f 7134f9c1b4674222853e9bf92c4bef65 - - default default] Method 'is_advsvc' is deprecated since 2023.2 release (neutron-lib 3.8.0) and will be removed once support for the old RBAC API policies will be removed from Neutron. Please use method 'is_service_role' instead.
2026-05-12 06:52:49.536 10 INFO neutron.plugins.ml2.drivers.ovn.mech_driver.ovsdb.commands [None req-1fe11daa-e95c-47da-8200-9d464095bbda - - - - - -] Schedule LRP lrp-f4ab258c-fe55-44c6-9db3-2c944f1cbb99 on gateway 8244b4d6-fbca-4960-bd20-955c4abd879b with priority 1
2026-05-12 06:52:49.571 9 ERROR ovsdbapp.backend.ovs_idl.command [None req-0548ebe6-4686-41fc-85b9-dfbf0b44edb4 b21ba0208f24448fa7d1a3f68b4b6200 a41f40722aaa4c3bbf8603632511e87c - - default default] Error executing command (DbGetCommand): ovsdbapp.backend.ovs_idl.idlutils.RowNotFound: Cannot find Logical_Router_Port with name=lrp-860cb135-f444-4017-8f29-600d9bd9b3e2
2026-05-12 06:52:49.571 9 ERROR ovsdbapp.backend.ovs_idl.command
Traceback (most recent call last):
2026-05-12 06:52:49.571 9 ERROR ovsdbapp.backend.ovs_idl.command
File "/var/lib/openstack/lib/python3.10/site-packages/ovsdbapp/backend/ovs_idl/command.py", line 47, in execute
2026-05-12 06:52:49.571 9 ERROR ovsdbapp.backend.ovs_idl.command self.run_idl(None)
2026-05-12 06:52:49.571 9 ERROR ovsdbapp.backend.ovs_idl.command
File "/var/lib/openstack/lib/python3.10/site-packages/ovsdbapp/backend/ovs_idl/command.py", line 235, in run_idl
2026-05-12 06:52:49.571 9 ERROR ovsdbapp.backend.ovs_idl.command record = self.api.lookup(self.table, self.record)
2026-05-12 06:52:49.571 9 ERROR ovsdbapp.backend.ovs_idl.command
File "/var/lib/openstack/lib/python3.10/site-packages/ovsdbapp/backend/ovs_idl/__init__.py", line 184, in lookup
2026-05-12 06:52:49.571 9 ERROR ovsdbapp.backend.ovs_idl.command return self._lookup(table, record)
2026-05-12 06:52:49.571 9 ERROR ovsdbapp.backend.ovs_idl.command
File "/var/lib/openstack/lib/python3.10/site-packages/ovsdbapp/backend/ovs_idl/__init__.py", line 235, in _lookup
2026-05-12 06:52:49.571 9 ERROR ovsdbapp.backend.ovs_idl.command row = idlutils.row_by_value(self, rl.table, rl.column, record)
2026-05-12 06:52:49.571 9 ERROR ovsdbapp.backend.ovs_idl.command
File "/var/lib/openstack/lib/python3.10/site-packages/ovsdbapp/backend/ovs_idl/idlutils.py", line 114, in row_by_value
2026-05-12 06:52:49.571 9 ERROR ovsdbapp.backend.ovs_idl.command raise RowNotFound(table=table, col=column, match=match)
2026-05-12 06:52:49.571 9 ERROR ovsdbapp.backend.ovs_idl.command ovsdbapp.backend.ovs_idl.idlutils.RowNotFound: Cannot find Logical_Router_Port with name=lrp-860cb135-f444-4017-8f29-600d9bd9b3e2
2026-05-12 06:52:49.571 9 ERROR ovsdbapp.backend.ovs_idl.command 
2026-05-12 06:52:49.572 9 ERROR neutron_lib.callbacks.manager [None req-0548ebe6-4686-41fc-85b9-dfbf0b44edb4 b21ba0208f24448fa7d1a3f68b4b6200 a41f40722aaa4c3bbf8603632511e87c - - default default] Error during notification for neutron.services.ovn_l3.plugin.OVNL3RouterPlugin._port_update-8752271719151 port, after_update: ovsdbapp.backend.ovs_idl.idlutils.RowNotFound: Cannot find Logical_Router_Port with name=lrp-860cb135-f444-4017-8f29-600d9bd9b3e2
2026-05-12 06:52:49.572 9 ERROR neutron_lib.callbacks.manager
Traceback (most recent call last):
2026-05-12 06:52:49.572 9 ERROR neutron_lib.callbacks.manager
File "/var/lib/openstack/lib/python3.10/site-packages/neutron_lib/callbacks/manager.py", line 189, in _notify_loop
2026-05-12 06:52:49.572 9 ERROR neutron_lib.callbacks.manager callback.method(resource, event, trigger, payload=payload)
2026-05-12 06:52:49.572 9 ERROR neutron_lib.callbacks.manager
File "/var/lib/openstack/lib/python3.10/site-packages/neutron/services/ovn_l3/plugin.py", line 391, in _port_update
2026-05-12 06:52:49.572 9 ERROR neutron_lib.callbacks.manager l3plugin._ovn_client.update_router_port(context,
2026-05-12 06:52:49.572 9 ERROR neutron_lib.callbacks.manager
File "/var/lib/openstack/lib/python3.10/site-packages/neutron/plugins/ml2/drivers/ovn/mech_driver/ovsdb/ovn_client.py", line 1878, in update_router_port
2026-05-12 06:52:49.572 9 ERROR neutron_lib.callbacks.manager self._update_lrouter_port(context, port, if_exists=if_exists,
2026-05-12 06:52:49.572 9 ERROR neutron_lib.callbacks.manager
File "/var/lib/openstack/lib/python3.10/site-packages/neutron/plugins/ml2/drivers/ovn/mech_driver/ovsdb/ovn_client.py", line 1855, in _update_lrouter_port
2026-05-12 06:52:49.572 9 ERROR neutron_lib.callbacks.manager external_ids = self._nb_idl.db_get(
2026-05-12 06:52:49.572 9 ERROR neutron_lib.callbacks.manager
File "/var/lib/openstack/lib/python3.10/site-packages/ovsdbapp/backend/ovs_idl/command.py", line 47, in execute
2026-05-12 06:52:49.572 9 ERROR neutron_lib.callbacks.manager self.run_idl(None)
2026-05-12 06:52:49.572 9 ERROR neutron_lib.callbacks.manager
File "/var/lib/openstack/lib/python3.10/site-packages/ovsdbapp/backend/ovs_idl/command.py", line 235, in run_idl
2026-05-12 06:52:49.572 9 ERROR neutron_lib.callbacks.manager record = self.api.lookup(self.table, self.record)
2026-05-12 06:52:49.572 9 ERROR neutron_lib.callbacks.manager
File "/var/lib/openstack/lib/python3.10/site-packages/ovsdbapp/backend/ovs_idl/__init__.py", line 184, in lookup
2026-05-12 06:52:49.572 9 ERROR neutron_lib.callbacks.manager return self._lookup(table, record)
2026-05-12 06:52:49.572 9 ERROR neutron_lib.callbacks.manager
File "/var/lib/openstack/lib/python3.10/site-packages/ovsdbapp/backend/ovs_idl/__init__.py", line 235, in _lookup
2026-05-12 06:52:49.572 9 ERROR neutron_lib.callbacks.manager row = idlutils.row_by_value(self, rl.table, rl.column, record)
2026-05-12 06:52:49.572 9 ERROR neutron_lib.callbacks.manager
File "/var/lib/openstack/lib/python3.10/site-packages/ovsdbapp/backend/ovs_idl/idlutils.py", line 114, in row_by_value
2026-05-12 06:52:49.572 9 ERROR neutron_lib.callbacks.manager raise RowNotFound(table=table, col=column, match=match)
2026-05-12 06:52:49.572 9 ERROR neutron_lib.callbacks.manager ovsdbapp.backend.ovs_idl.idlutils.RowNotFound: Cannot find Logical_Router_Port with name=lrp-860cb135-f444-4017-8f29-600d9bd9b3e2
2026-05-12 06:52:49.572 9 ERROR neutron_lib.callbacks.manager 
2026-05-12 06:52:49.582 9 INFO neutron.plugins.ml2.drivers.ovn.mech_driver.ovsdb.ovsdb_monitor [None req-3acc812d-76ca-42e1-95d9-028c605dfdd1 - - - - - -] Router 1e42c2a4-afcb-45ad-9a9e-bc544bb64982 is bound to host instance
2026-05-12 06:52:49.618 10 INFO neutron.db.ovn_revision_numbers_db [None req-1b741f8e-9e2b-47a2-8e6e-2506333fb19c b21ba0208f24448fa7d1a3f68b4b6200 a41f40722aaa4c3bbf8603632511e87c - - default default] Successfully bumped revision number for resource f4ab258c-fe55-44c6-9db3-2c944f1cbb99 (type: router_ports) to 1
2026-05-12 06:52:49.705 10 WARNING neutron.scheduler.dhcp_agent_scheduler [None req-fec0be92-5bf2-4d28-86ff-edd48b9f30f8 76f6ae8cd8064ff8bcc04f8844599a1f 7134f9c1b4674222853e9bf92c4bef65 - - default default] No more DHCP agents
2026-05-12 06:52:49.711 10 WARNING neutron.api.rpc.agentnotifiers.dhcp_rpc_agent_api [None req-fec0be92-5bf2-4d28-86ff-edd48b9f30f8 76f6ae8cd8064ff8bcc04f8844599a1f 7134f9c1b4674222853e9bf92c4bef65 - - default default] Unable to schedule network 48018cb2-2d0f-45d0-892e-a39667dea6d9: no agents available; will retry on subsequent port and subnet creation events.
2026-05-12 06:52:49.752 10 INFO neutron.db.ovn_revision_numbers_db [None req-1b741f8e-9e2b-47a2-8e6e-2506333fb19c b21ba0208f24448fa7d1a3f68b4b6200 a41f40722aaa4c3bbf8603632511e87c - - default default] Successfully bumped revision number for resource 1e42c2a4-afcb-45ad-9a9e-bc544bb64982 (type: routers) to 2
2026-05-12 06:52:49.786 10 INFO neutron.wsgi [None req-1b741f8e-9e2b-47a2-8e6e-2506333fb19c b21ba0208f24448fa7d1a3f68b4b6200 a41f40722aaa4c3bbf8603632511e87c - - default default] 10.0.0.253 "POST /v2.0/routers HTTP/1.1" status: 201 len: 1170 time: 2.5242910 /var/lib/openstack/lib/python3.10/site-packages/pycadf/identifier.py:71: UserWarning: Invalid uuid: neutron. To ensure interoperability, identifiers should be a valid uuid. warnings.warn(('Invalid uuid: %s. To ensure interoperability, '
2026-05-12 06:52:49.906 10 INFO neutron.db.ovn_revision_numbers_db [None req-fec0be92-5bf2-4d28-86ff-edd48b9f30f8 76f6ae8cd8064ff8bcc04f8844599a1f 7134f9c1b4674222853e9bf92c4bef65 - - default default] Successfully bumped revision number for resource f0ae83cf-aaa0-4b9f-bc3b-292a3881e0fc (type: ports) to 1
2026-05-12 06:52:49.942 10 INFO neutron.db.ovn_revision_numbers_db [None req-07140821-9265-4e6d-b631-cffb41179c21 - - - - - -] Successfully bumped revision number for resource ec2a4c87-9c31-4b2b-8c84-ae29c42fac69 (type: ports) to 1
2026-05-12 06:52:49.952 10 INFO neutron.wsgi [None req-fec0be92-5bf2-4d28-86ff-edd48b9f30f8 76f6ae8cd8064ff8bcc04f8844599a1f 7134f9c1b4674222853e9bf92c4bef65 - - default default] 10.0.0.253 "POST /v2.0/ports HTTP/1.1" status: 201 len: 977 time: 0.7387121
