2026-05-12 06:56:36.144 10 WARNING neutron.api.rpc.agentnotifiers.dhcp_rpc_agent_api [None req-3e23cd65-5834-48b2-9046-85d9af8b4c3b b2bb223c07244283b5f7845359036651 f7ca1c440e5942d9b325bd53c9377f5f - - default default] Unable to schedule network b31fddd4-4893-4bf0-a667-22782727eedb: no agents available; will retry on subsequent port and subnet creation events.
2026-05-12 06:56:36.227 10 INFO neutron.db.ovn_revision_numbers_db [None req-3e23cd65-5834-48b2-9046-85d9af8b4c3b b2bb223c07244283b5f7845359036651 f7ca1c440e5942d9b325bd53c9377f5f - - default default] Successfully bumped revision number for resource 370d1d86-1c52-458d-8ddc-5f9d29840f9b (type: ports) to 1
2026-05-12 06:56:36.257 10 INFO neutron.wsgi [None req-3e23cd65-5834-48b2-9046-85d9af8b4c3b b2bb223c07244283b5f7845359036651 f7ca1c440e5942d9b325bd53c9377f5f - - default default] 10.0.0.253 "POST /v2.0/networks HTTP/1.1" status: 201 len: 830 time: 0.5306978
2026-05-12 06:56:36.269 10 WARNING neutron_lib.context [None req-620a85a6-795b-4c48-9dc8-e4d453606254 b2bb223c07244283b5f7845359036651 f7ca1c440e5942d9b325bd53c9377f5f - - default default] Method 'is_advsvc' is deprecated since 2023.2 release (neutron-lib 3.8.0) and will be removed once support for the old RBAC API policies will be removed from Neutron. Please use method 'is_service_role' instead.
2026-05-12 06:56:36.546 10 WARNING neutron.scheduler.dhcp_agent_scheduler [None req-620a85a6-795b-4c48-9dc8-e4d453606254 b2bb223c07244283b5f7845359036651 f7ca1c440e5942d9b325bd53c9377f5f - - default default] No more DHCP agents
2026-05-12 06:56:36.550 10 WARNING neutron.api.rpc.agentnotifiers.dhcp_rpc_agent_api [None req-620a85a6-795b-4c48-9dc8-e4d453606254 b2bb223c07244283b5f7845359036651 f7ca1c440e5942d9b325bd53c9377f5f - - default default] Unable to schedule network b31fddd4-4893-4bf0-a667-22782727eedb: no agents available; will retry on subsequent port and subnet creation events.
2026-05-12 06:56:36.649 10 INFO neutron.db.ovn_revision_numbers_db [None req-620a85a6-795b-4c48-9dc8-e4d453606254 b2bb223c07244283b5f7845359036651 f7ca1c440e5942d9b325bd53c9377f5f - - default default] Successfully bumped revision number for resource c0a5f1d6-b10b-4a84-b9b4-cca0b597065a (type: ports) to 1
2026-05-12 06:56:36.675 10 INFO neutron.wsgi [None req-620a85a6-795b-4c48-9dc8-e4d453606254 b2bb223c07244283b5f7845359036651 f7ca1c440e5942d9b325bd53c9377f5f - - default default] 10.0.0.253 "POST /v2.0/ports HTTP/1.1" status: 201 len: 942 time: 0.4109929 /var/lib/openstack/lib/python3.10/site-packages/pycadf/identifier.py:71: UserWarning: Invalid uuid: neutron. To ensure interoperability, identifiers should be a valid uuid. warnings.warn(('Invalid uuid: %s. To ensure interoperability, '
2026-05-12 06:56:36.687 10 WARNING neutron_lib.context [None req-dcf32fe2-a438-4baf-9922-96fdd9a44534 b2bb223c07244283b5f7845359036651 f7ca1c440e5942d9b325bd53c9377f5f - - default default] Method 'is_advsvc' is deprecated since 2023.2 release (neutron-lib 3.8.0) and will be removed once support for the old RBAC API policies will be removed from Neutron. Please use method 'is_service_role' instead.
2026-05-12 06:56:36.783 10 INFO neutron.db.segments_db [None req-dcf32fe2-a438-4baf-9922-96fdd9a44534 b2bb223c07244283b5f7845359036651 f7ca1c440e5942d9b325bd53c9377f5f - - default default] Added segment 102e0680-a68c-4ea7-9d5f-21309244d410 of type geneve for network 6f9836b2-d4d8-43b5-a2bd-1379bf1cb5be
2026-05-12 06:56:36.950 10 INFO neutron.db.ovn_revision_numbers_db [None req-dcf32fe2-a438-4baf-9922-96fdd9a44534 b2bb223c07244283b5f7845359036651 f7ca1c440e5942d9b325bd53c9377f5f - - default default] Successfully bumped revision number for resource 6f9836b2-d4d8-43b5-a2bd-1379bf1cb5be (type: networks) to 1
2026-05-12 06:56:37.148 10 WARNING neutron.scheduler.dhcp_agent_scheduler [None req-dcf32fe2-a438-4baf-9922-96fdd9a44534 b2bb223c07244283b5f7845359036651 f7ca1c440e5942d9b325bd53c9377f5f - - default default] No more DHCP agents
2026-05-12 06:56:37.150 10 WARNING neutron.api.rpc.agentnotifiers.dhcp_rpc_agent_api [None req-dcf32fe2-a438-4baf-9922-96fdd9a44534 b2bb223c07244283b5f7845359036651 f7ca1c440e5942d9b325bd53c9377f5f - - default default] Unable to schedule network 6f9836b2-d4d8-43b5-a2bd-1379bf1cb5be: no agents available; will retry on subsequent port and subnet creation events.
2026-05-12 06:56:37.255 10 INFO neutron.db.ovn_revision_numbers_db [None req-dcf32fe2-a438-4baf-9922-96fdd9a44534 b2bb223c07244283b5f7845359036651 f7ca1c440e5942d9b325bd53c9377f5f - - default default] Successfully bumped revision number for resource 4ba45d76-f3ac-4945-bce0-83d171596aa5 (type: ports) to 1
2026-05-12 06:56:37.278 10 INFO neutron.wsgi [None req-dcf32fe2-a438-4baf-9922-96fdd9a44534 b2bb223c07244283b5f7845359036651 f7ca1c440e5942d9b325bd53c9377f5f - - default default] 10.0.0.253 "POST /v2.0/networks HTTP/1.1" status: 201 len: 830 time: 0.5967913
2026-05-12 06:56:37.289 10 WARNING neutron_lib.context [None req-b47d9d5c-4080-413e-b41d-e16720db2e8c b2bb223c07244283b5f7845359036651 f7ca1c440e5942d9b325bd53c9377f5f - - default default] Method 'is_advsvc' is deprecated since 2023.2 release (neutron-lib 3.8.0) and will be removed once support for the old RBAC API policies will be removed from Neutron. Please use method 'is_service_role' instead.
2026-05-12 06:56:37.541 10 WARNING neutron.scheduler.dhcp_agent_scheduler [None req-b47d9d5c-4080-413e-b41d-e16720db2e8c b2bb223c07244283b5f7845359036651 f7ca1c440e5942d9b325bd53c9377f5f - - default default] No more DHCP agents
2026-05-12 06:56:37.544 10 WARNING neutron.api.rpc.agentnotifiers.dhcp_rpc_agent_api [None req-b47d9d5c-4080-413e-b41d-e16720db2e8c b2bb223c07244283b5f7845359036651 f7ca1c440e5942d9b325bd53c9377f5f - - default default] Unable to schedule network 6f9836b2-d4d8-43b5-a2bd-1379bf1cb5be: no agents available; will retry on subsequent port and subnet creation events.
2026-05-12 06:56:37.631 10 INFO neutron.db.ovn_revision_numbers_db [None req-b47d9d5c-4080-413e-b41d-e16720db2e8c b2bb223c07244283b5f7845359036651 f7ca1c440e5942d9b325bd53c9377f5f - - default default] Successfully bumped revision number for resource 89cb2b9c-4c68-4bab-9910-c026ef0eb5c0 (type: ports) to 1
2026-05-12 06:56:37.654 10 INFO neutron.wsgi [None req-b47d9d5c-4080-413e-b41d-e16720db2e8c b2bb223c07244283b5f7845359036651 f7ca1c440e5942d9b325bd53c9377f5f - - default default] 10.0.0.253 "POST /v2.0/ports HTTP/1.1" status: 201 len: 942 time: 0.3703170 /var/lib/openstack/lib/python3.10/site-packages/pycadf/identifier.py:71: UserWarning: Invalid uuid: neutron. To ensure interoperability, identifiers should be a valid uuid. warnings.warn(('Invalid uuid: %s. To ensure interoperability, '
2026-05-12 06:56:37.707 10 INFO neutron.wsgi [None req-99481133-60ba-460c-aef5-caf5f85ae676 b2bb223c07244283b5f7845359036651 f7ca1c440e5942d9b325bd53c9377f5f - - default default] 10.0.0.253 "PUT /v2.0/ports/b4df7810-f376-4188-b445-71a6adceaf6a/tags HTTP/1.1" status: 200 len: 210 time: 0.0484874
2026-05-12 06:56:37.757 10 INFO neutron.wsgi [None req-b6b68762-52a7-4034-820e-fafc7b6d7ea1 b2bb223c07244283b5f7845359036651 f7ca1c440e5942d9b325bd53c9377f5f - - default default] 10.0.0.253 "PUT /v2.0/ports/00e87ffd-5663-4409-872d-71e6d30b53e9/tags HTTP/1.1" status: 200 len: 218 time: 0.0452218
2026-05-12 06:56:37.805 9 INFO neutron.wsgi [None req-cd307a60-c268-4b06-adec-536148022171 b2bb223c07244283b5f7845359036651 f7ca1c440e5942d9b325bd53c9377f5f - - default default] 10.0.0.253 "PUT /v2.0/ports/5a74359b-a84d-4962-b77f-f0cd5225ebeb/tags HTTP/1.1" status: 200 len: 227 time: 0.0427153
2026-05-12 06:56:37.853 9 INFO neutron.wsgi [None req-fea8bce2-1479-484e-bec5-0dd019246bdb b2bb223c07244283b5f7845359036651 f7ca1c440e5942d9b325bd53c9377f5f - - default default] 10.0.0.253 "PUT /v2.0/ports/c0a5f1d6-b10b-4a84-b9b4-cca0b597065a/tags HTTP/1.1" status: 200 len: 212 time: 0.0439348
2026-05-12 06:56:38.023 9 INFO neutron.wsgi [None req-052a3f64-cb12-4178-8a27-6526f9c611ad b2bb223c07244283b5f7845359036651 f7ca1c440e5942d9b325bd53c9377f5f - - default default] 10.0.0.253 "GET /v2.0/ports?tags=red HTTP/1.1" status: 200 len: 2448 time: 0.1658034
2026-05-12 06:56:38.092 9 INFO neutron.wsgi [None req-d09712b7-d05b-4605-9aa6-90298130831e b2bb223c07244283b5f7845359036651 f7ca1c440e5942d9b325bd53c9377f5f - - default default] 10.0.0.253 "GET /v2.0/ports?tags=red%2Cblue HTTP/1.1" status: 200 len: 1708 time: 0.0633337
2026-05-12 06:56:38.150 9 INFO neutron.wsgi [None req-95c6f8fc-63cf-416a-b624-300eb8b155b7 b2bb223c07244283b5f7845359036651 f7ca1c440e5942d9b325bd53c9377f5f - - default default] 10.0.0.253 "GET /v2.0/ports?tags-any=blue HTTP/1.1" status: 200 len: 1708 time: 0.0542037
2026-05-12 06:56:38.201 9 INFO neutron.wsgi [None req-b8b3eb9a-2dad-4b41-8b9e-c667635e98ec b2bb223c07244283b5f7845359036651 f7ca1c440e5942d9b325bd53c9377f5f - - default default] 10.0.0.253 "GET /v2.0/ports?tags-any=red%2Cblue HTTP/1.1" status: 200 len: 2448 time: 0.0460706
2026-05-12 06:56:38.632 9 INFO neutron.wsgi [None req-4ddbc150-2b45-426d-afd7-4932fd783aef b2bb223c07244283b5f7845359036651 f7ca1c440e5942d9b325bd53c9377f5f - - default default] 10.0.0.253 "GET /v2.0/ports?not-tags=red HTTP/1.1" status: 200 len: 5463 time: 0.4263113
2026-05-12 06:56:38.718 9 INFO neutron.wsgi [None req-c3178071-b450-4ade-ae8b-bf8f78a5e8fd b2bb223c07244283b5f7845359036651 f7ca1c440e5942d9b325bd53c9377f5f - - default default] 10.0.0.253 "GET /v2.0/ports?not-tags=red%2Cblue HTTP/1.1" status: 200 len: 6203 time: 0.0805051
2026-05-12 06:56:38.813 9 INFO neutron.wsgi [None req-268e8987-8709-4c7b-b986-ecaedf2c7c21 b2bb223c07244283b5f7845359036651 f7ca1c440e5942d9b325bd53c9377f5f - - default default] 10.0.0.253 "GET /v2.0/ports?not-tags-any=blue HTTP/1.1" status: 200 len: 6203 time: 0.0910635
2026-05-12 06:56:39.078 10 INFO neutron.wsgi [None req-3621565d-9578-4c83-ae23-e04ec87b2d2a b2bb223c07244283b5f7845359036651 f7ca1c440e5942d9b325bd53c9377f5f - - default default] 10.0.0.253 "GET /v2.0/ports?not-tags-any=red%2Cblue HTTP/1.1" status: 200 len: 5463 time: 0.2587583
2026-05-12 06:56:39.624 10 INFO neutron.wsgi [None req-bf4a5c89-f950-4e36-8a96-276a38b3169f b2bb223c07244283b5f7845359036651 f7ca1c440e5942d9b325bd53c9377f5f - - default default] 10.0.0.253 "DELETE /v2.0/ports/b4df7810-f376-4188-b445-71a6adceaf6a HTTP/1.1" status: 204 len: 168 time: 0.5379469
2026-05-12 06:56:39.890 10 INFO neutron.wsgi [None req-2748a7e8-f1eb-4ea8-bb28-9ad9d6d8724e b2bb223c07244283b5f7845359036651 f7ca1c440e5942d9b325bd53c9377f5f - - default default] 10.0.0.253 "DELETE /v2.0/ports/00e87ffd-5663-4409-872d-71e6d30b53e9 HTTP/1.1" status: 204 len: 168 time: 0.2602944
2026-05-12 06:56:40.149 10 INFO neutron.wsgi [None req-f232cb5b-c868-4b4b-8ab2-732329b74224 b2bb223c07244283b5f7845359036651 f7ca1c440e5942d9b325bd53c9377f5f - - default default] 10.0.0.253 "DELETE /v2.0/ports/5a74359b-a84d-4962-b77f-f0cd5225ebeb HTTP/1.1" status: 204 len: 168 time: 0.2549281
2026-05-12 06:56:40.421 10 INFO neutron.wsgi [None req-1fe47752-3076-4a64-be0c-b87084af2d13 b2bb223c07244283b5f7845359036651 f7ca1c440e5942d9b325bd53c9377f5f - - default default] 10.0.0.253 "DELETE /v2.0/ports/c0a5f1d6-b10b-4a84-b9b4-cca0b597065a HTTP/1.1" status: 204 len: 168 time: 0.2664514
2026-05-12 06:56:40.689 10 INFO neutron.wsgi [None req-291654dd-26a1-4691-a292-b6824c1a24fc b2bb223c07244283b5f7845359036651 f7ca1c440e5942d9b325bd53c9377f5f - - default default] 10.0.0.253 "DELETE /v2.0/ports/89cb2b9c-4c68-4bab-9910-c026ef0eb5c0 HTTP/1.1" status: 204 len: 168 time: 0.2622559
2026-05-12 06:56:41.033 9 INFO neutron.services.segments.plugin [-] Segment 5f6f3af1-398d-4ca0-ace3-6004d1e2bef2 resource provider aggregate not found
2026-05-12 06:56:41.037 9 INFO neutron.services.segments.plugin [-] Segment 5f6f3af1-398d-4ca0-ace3-6004d1e2bef2 resource provider aggregate not found
2026-05-12 06:56:41.051 9 INFO neutron.services.segments.plugin [-] Segment 5f6f3af1-398d-4ca0-ace3-6004d1e2bef2 resource provider not found; error: Placement Client Error (4xx): {"errors": [{"status": 404, "title": "Not Found", "detail": "The resource could not be found.\n\n No resource provider with uuid 5f6f3af1-398d-4ca0-ace3-6004d1e2bef2 found for delete ", "request_id": "req-2f324cc0-83ae-4282-8e69-59efa2ed21b6"}]}
2026-05-12 06:56:41.052 9 INFO neutron.services.segments.plugin [-] Segment 5f6f3af1-398d-4ca0-ace3-6004d1e2bef2 resource provider not found; error: Placement Client Error (4xx): {"errors": [{"status": 404, "title": "Not Found", "detail": "The resource could not be found.\n\n No resource provider with uuid 5f6f3af1-398d-4ca0-ace3-6004d1e2bef2 found for delete ", "request_id": "req-43bf1a89-b26b-47a4-ac78-79c0863fce1d"}]}
2026-05-12 06:56:41.084 9 INFO neutron.wsgi [None req-696a1cf9-7bd3-4261-a945-40f663624789 b2bb223c07244283b5f7845359036651 f7ca1c440e5942d9b325bd53c9377f5f - - default default] 10.0.0.253 "DELETE /v2.0/networks/044ef212-98da-49eb-956a-9a3dec85e0c4 HTTP/1.1" status: 204 len: 168 time: 0.3907969
2026-05-12 06:56:41.498 10 INFO neutron.services.segments.plugin [-] Segment e9d4980e-65f6-45e6-bcd3-ac9b0c6d0fe9 resource provider aggregate not found
2026-05-12 06:56:41.505 10 INFO neutron.services.segments.plugin [-] Segment e9d4980e-65f6-45e6-bcd3-ac9b0c6d0fe9 resource provider aggregate not found
2026-05-12 06:56:41.516 10 INFO neutron.services.segments.plugin [-] Segment e9d4980e-65f6-45e6-bcd3-ac9b0c6d0fe9 resource provider not found; error: Placement Client Error (4xx): {"errors": [{"status": 404, "title": "Not Found", "detail": "The resource could not be found.\n\n No resource provider with uuid e9d4980e-65f6-45e6-bcd3-ac9b0c6d0fe9 found for delete ", "request_id": "req-e6609a3c-c946-4183-a809-1a2a955e29bd"}]}
2026-05-12 06:56:41.518 10 INFO neutron.services.segments.plugin [-] Segment e9d4980e-65f6-45e6-bcd3-ac9b0c6d0fe9 resource provider not found; error: Placement Client Error (4xx): {"errors": [{"status": 404, "title": "Not Found", "detail": "The resource could not be found.\n\n No resource provider with uuid e9d4980e-65f6-45e6-bcd3-ac9b0c6d0fe9 found for delete ", "request_id": "req-7e4f91a6-4654-409e-b634-803ed5d11b8a"}]}
2026-05-12 06:56:41.545 10 INFO neutron.wsgi [None req-f087cff3-77b1-4a83-acda-1de3624ea88c b2bb223c07244283b5f7845359036651 f7ca1c440e5942d9b325bd53c9377f5f - - default default] 10.0.0.253 "DELETE /v2.0/networks/5cd71dcf-9cd7-40a5-8e2d-8ecdfc0a35b0 HTTP/1.1" status: 204 len: 168 time: 0.4555533
2026-05-12 06:56:41.966 9 INFO neutron.wsgi [None req-f74f9d1a-da31-4211-9ad3-b690d39101be b2bb223c07244283b5f7845359036651 f7ca1c440e5942d9b325bd53c9377f5f - - default default] 10.0.0.253 "DELETE /v2.0/networks/68eaa746-3dba-4400-b949-408b46cb1ab0 HTTP/1.1" status: 204 len: 168 time: 0.4140160
2026-05-12 06:56:42.378 10 INFO neutron.wsgi [None req-86b500a9-e802-4f13-b432-5d4f15f14447 b2bb223c07244283b5f7845359036651 f7ca1c440e5942d9b325bd53c9377f5f - - default default] 10.0.0.253 "DELETE /v2.0/networks/b31fddd4-4893-4bf0-a667-22782727eedb HTTP/1.1" status: 204 len: 168 time: 0.4059355
2026-05-12 06:56:42.767 9 INFO neutron.wsgi [None req-76fc3b41-b226-4f9c-bec5-e00362509fa0 b2bb223c07244283b5f7845359036651 f7ca1c440e5942d9b325bd53c9377f5f - - default default] 10.0.0.253 "DELETE /v2.0/networks/6f9836b2-d4d8-43b5-a2bd-1379bf1cb5be HTTP/1.1" status: 204 len: 168 time: 0.3849626
2026-05-12 06:56:43.077 9 INFO neutron.services.segments.plugin [-] Segment 03c47490-15fb-4b1d-b99e-d672e2fd8202 resource provider aggregate not found
2026-05-12 06:56:43.086 9 INFO neutron.services.segments.plugin [-] Segment 03c47490-15fb-4b1d-b99e-d672e2fd8202 resource provider aggregate not found
2026-05-12 06:56:43.093 9 INFO neutron.services.segments.plugin [-] Segment 03c47490-15fb-4b1d-b99e-d672e2fd8202 resource provider not found; error: Placement Client Error (4xx): {"errors": [{"status": 404, "title": "Not Found", "detail": "The resource could not be found.\n\n No resource provider with uuid 03c47490-15fb-4b1d-b99e-d672e2fd8202 found for delete ", "request_id": "req-b4d47d9f-af5d-49d1-ad7a-1018effd4b35"}]}
2026-05-12 06:56:43.104 9 INFO neutron.services.segments.plugin [-] Segment 03c47490-15fb-4b1d-b99e-d672e2fd8202 resource provider not found; error: Placement Client Error (4xx): {"errors": [{"status": 404, "title": "Not Found", "detail": "The resource could not be found.\n\n No resource provider with uuid 03c47490-15fb-4b1d-b99e-d672e2fd8202 found for delete ", "request_id": "req-ed718292-c0b7-4087-b9b0-4c79f6e79f96"}]}
2026-05-12 06:56:43.107 9 INFO neutron.services.segments.plugin [-] Segment 102e0680-a68c-4ea7-9d5f-21309244d410 resource provider aggregate not found
2026-05-12 06:56:43.115 9 INFO neutron.services.segments.plugin [-] Segment 102e0680-a68c-4ea7-9d5f-21309244d410 resource provider aggregate not found
2026-05-12 06:56:43.120 9 INFO neutron.services.segments.plugin [-] Segment 102e0680-a68c-4ea7-9d5f-21309244d410 resource provider not found; error: Placement Client Error (4xx): {"errors": [{"status": 404, "title": "Not Found", "detail": "The resource could not be found.\n\n No resource provider with uuid 102e0680-a68c-4ea7-9d5f-21309244d410 found for delete ", "request_id": "req-ba97778e-b006-4104-9a35-02957be32c1b"}]}
2026-05-12 06:56:43.128 9 INFO neutron.services.segments.plugin [-] Segment 102e0680-a68c-4ea7-9d5f-21309244d410 resource provider not found; error: Placement Client Error (4xx): {"errors": [{"status": 404, "title": "Not Found", "detail": "The resource could not be found.\n\n No resource provider with uuid 102e0680-a68c-4ea7-9d5f-21309244d410 found for delete ", "request_id": "req-24206e06-d940-4ee8-af28-f92ad0e785f6"}]}
2026-05-12 06:56:43.551 10 INFO neutron.services.segments.plugin [-] Segment 8120dca0-8951-42bc-85f9-f24a586ab9e9 resource provider aggregate not found
2026-05-12 06:56:43.558 10 INFO neutron.services.segments.plugin [-] Segment 8120dca0-8951-42bc-85f9-f24a586ab9e9 resource provider aggregate not found
2026-05-12 06:56:43.573 10 INFO neutron.services.segments.plugin [-] Segment 8120dca0-8951-42bc-85f9-f24a586ab9e9 resource provider not found; error: Placement Client Error (4xx): {"errors": [{"status": 404, "title": "Not Found", "detail": "The resource could not be found.\n\n No resource provider with uuid 8120dca0-8951-42bc-85f9-f24a586ab9e9 found for delete ", "request_id": "req-e7ed0dcc-6ab1-4093-a7da-888998d5285e"}]}
2026-05-12 06:56:43.577 10 INFO neutron.services.segments.plugin [-] Segment 8120dca0-8951-42bc-85f9-f24a586ab9e9 resource provider not found; error: Placement Client Error (4xx): {"errors": [{"status": 404, "title": "Not Found", "detail": "The resource could not be found.\n\n No resource provider with uuid 8120dca0-8951-42bc-85f9-f24a586ab9e9 found for delete ", "request_id": "req-6ccdc655-48f2-415b-8feb-77ba89a2cccc"}]}
2026-05-12 06:56:43.853 9 INFO neutron.db.ovn_revision_numbers_db [None req-9d33eb5e-ca84-4ff0-9852-db52db21632e b21ba0208f24448fa7d1a3f68b4b6200 a41f40722aaa4c3bbf8603632511e87c - - default default] Successfully bumped revision number for resource 17131df8-e13a-43bd-94fb-842aa7ebd523 (type: security_groups) to 1
2026-05-12 06:56:43.867 9 INFO neutron.db.ovn_revision_numbers_db [None req-9d33eb5e-ca84-4ff0-9852-db52db21632e b21ba0208f24448fa7d1a3f68b4b6200 a41f40722aaa4c3bbf8603632511e87c - - default default] Successfully bumped revision number for resource 5472376b-54ea-48de-9de2-2c755a4bcd47 (type: security_group_rules) to 0
2026-05-12 06:56:43.882 9 INFO neutron.db.ovn_revision_numbers_db [None req-9d33eb5e-ca84-4ff0-9852-db52db21632e b21ba0208f24448fa7d1a3f68b4b6200 a41f40722aaa4c3bbf8603632511e87c - - default default] Successfully bumped revision number for resource 62465ce4-8196-4a25-9df9-ed5c6aee3f9a (type: security_group_rules) to 0
2026-05-12 06:56:43.895 9 INFO neutron.db.ovn_revision_numbers_db [None req-9d33eb5e-ca84-4ff0-9852-db52db21632e b21ba0208f24448fa7d1a3f68b4b6200 a41f40722aaa4c3bbf8603632511e87c - - default default] Successfully bumped revision number for resource 6bb0c300-5622-4dec-b4d8-e19cab39f6e0 (type: security_group_rules) to 0
2026-05-12 06:56:43.910 9 INFO neutron.db.ovn_revision_numbers_db [None req-9d33eb5e-ca84-4ff0-9852-db52db21632e b21ba0208f24448fa7d1a3f68b4b6200 a41f40722aaa4c3bbf8603632511e87c - - default default] Successfully bumped revision number for resource ab4442bd-eed5-41dd-86d8-12e60c2ebfc3 (type: security_group_rules) to 0
2026-05-12 06:56:43.930 9 INFO neutron.wsgi [None req-9d33eb5e-ca84-4ff0-9852-db52db21632e b21ba0208f24448fa7d1a3f68b4b6200 a41f40722aaa4c3bbf8603632511e87c - - default default] 10.0.0.253 "GET /v2.0/security-groups?tenant_id=fd2502c8bfd748cc9bde392d70bad5d4&name=default HTTP/1.1" status: 200 len: 3124 time: 0.3667941
2026-05-12 06:56:44.162 9 INFO neutron.wsgi [None req-9d35243b-18bf-4200-b9da-a94b9e066141 b21ba0208f24448fa7d1a3f68b4b6200 a41f40722aaa4c3bbf8603632511e87c - - default default] 10.0.0.253 "DELETE /v2.0/security-groups/17131df8-e13a-43bd-94fb-842aa7ebd523 HTTP/1.1" status: 204 len: 168 time: 0.2271004
2026-05-12 06:56:44.294 10 INFO neutron.wsgi [None req-36a62c7a-37a3-48f8-ad73-c06b25b01e95 b21ba0208f24448fa7d1a3f68b4b6200 a41f40722aaa4c3bbf8603632511e87c - - default default] 10.0.0.253 "GET /v2.0/security-groups?tenant_id=f7ca1c440e5942d9b325bd53c9377f5f&name=default HTTP/1.1" status: 200 len: 3124 time: 0.0355728
2026-05-12 06:56:44.517 10 INFO neutron.wsgi [None req-3cfcd791-d4f3-4e34-bcad-a98bd2c8d621 b21ba0208f24448fa7d1a3f68b4b6200 a41f40722aaa4c3bbf8603632511e87c - - default default] 10.0.0.253 "DELETE /v2.0/security-groups/1e4f782b-e608-4eaf-9871-c217fa5537f7 HTTP/1.1" status: 204 len: 168 time: 0.2194021
2026-05-12 06:56:44.779 9 INFO neutron.db.ovn_revision_numbers_db [None req-54d718ef-1680-49d8-b0d0-876c0d7ee558 b21ba0208f24448fa7d1a3f68b4b6200 a41f40722aaa4c3bbf8603632511e87c - - default default] Successfully bumped revision number for resource ed23bee2-abcf-4276-87f2-8e09293a086c (type: security_groups) to 1
2026-05-12 06:56:44.792 9 INFO neutron.db.ovn_revision_numbers_db [None req-54d718ef-1680-49d8-b0d0-876c0d7ee558 b21ba0208f24448fa7d1a3f68b4b6200 a41f40722aaa4c3bbf8603632511e87c - - default default] Successfully bumped revision number for resource 2bc0ca34-f2c2-40e9-8346-d57d57e1b978 (type: security_group_rules) to 0
2026-05-12 06:56:44.806 9 INFO neutron.db.ovn_revision_numbers_db [None req-54d718ef-1680-49d8-b0d0-876c0d7ee558 b21ba0208f24448fa7d1a3f68b4b6200 a41f40722aaa4c3bbf8603632511e87c - - default default] Successfully bumped revision number for resource 6d8dbe0a-c0e8-4aac-a345-805ce996d224 (type: security_group_rules) to 0
2026-05-12 06:56:44.821 9 INFO neutron.db.ovn_revision_numbers_db [None req-54d718ef-1680-49d8-b0d0-876c0d7ee558 b21ba0208f24448fa7d1a3f68b4b6200 a41f40722aaa4c3bbf8603632511e87c - - default default] Successfully bumped revision number for resource e5a490c6-4ef9-45c3-b373-6bfdad959519 (type: security_group_rules) to 0
2026-05-12 06:56:44.837 9 INFO neutron.db.ovn_revision_numbers_db [None req-54d718ef-1680-49d8-b0d0-876c0d7ee558 b21ba0208f24448fa7d1a3f68b4b6200 a41f40722aaa4c3bbf8603632511e87c - - default default] Successfully bumped revision number for resource fabfd829-b2b2-488f-96d8-9d3f2fdd531a (type: security_group_rules) to 0
2026-05-12 06:56:44.856 9 INFO neutron.wsgi [None req-54d718ef-1680-49d8-b0d0-876c0d7ee558 b21ba0208f24448fa7d1a3f68b4b6200 a41f40722aaa4c3bbf8603632511e87c - - default default] 10.0.0.253 "GET /v2.0/security-groups?tenant_id=db110b48dce2468599e907640ac494b3&name=default HTTP/1.1" status: 200 len: 3124 time: 0.1966774
2026-05-12 06:56:45.088 10 INFO neutron.wsgi [None req-497396c0-8b3a-4f98-bbd0-adffb8788409 b21ba0208f24448fa7d1a3f68b4b6200 a41f40722aaa4c3bbf8603632511e87c - - default default] 10.0.0.253 "DELETE /v2.0/security-groups/ed23bee2-abcf-4276-87f2-8e09293a086c HTTP/1.1" status: 204 len: 168 time: 0.2261007
2026-05-12 06:56:45.112 10 INFO neutron.wsgi [-] 10.0.0.190 "GET / HTTP/1.1" status: 200 len: 247 time: 0.0031230
2026-05-12 06:56:45.113 9 INFO neutron.wsgi [-] 10.0.0.190 "GET / HTTP/1.1" status: 200 len: 247 time: 0.0028713
2026-05-12 06:56:48.272 10 INFO neutron.wsgi [None req-41200744-8fd3-4876-9acd-998535620fa0 f2989c79c5164973a801ec4f121b7a7e 9408d6c347444b938836aa7455423904 - - default default] 10.0.0.253 "POST /v2.0/qos/policies HTTP/1.1" status: 201 len: 558 time: 0.2026093
2026-05-12 06:56:48.311 9 INFO neutron.wsgi [None req-681a741e-f4a1-491c-9381-7cd92d1b8434 f2989c79c5164973a801ec4f121b7a7e 9408d6c347444b938836aa7455423904 - - default default] 10.0.0.253 "PUT /v2.0/policies/7cbc55b1-4058-40c5-a5b0-2c6531d390bd/tags HTTP/1.1" status: 200 len: 218 time: 0.0315225
2026-05-12 06:56:48.331 9 INFO neutron.wsgi [None req-218d0489-7aff-440d-b996-e3eec93d348b f2989c79c5164973a801ec4f121b7a7e 9408d6c347444b938836aa7455423904 - - default default] 10.0.0.253 "GET /v2.0/policies/7cbc55b1-4058-40c5-a5b0-2c6531d390bd/tags HTTP/1.1" status: 200 len: 218 time: 0.0159383
2026-05-12 06:56:48.362 9 INFO neutron.wsgi [None req-fd8f10c6-627e-4d4b-a549-bf1f6186d94a f2989c79c5164973a801ec4f121b7a7e 9408d6c347444b938836aa7455423904 - - default default] 10.0.0.253 "PUT /v2.0/policies/7cbc55b1-4058-40c5-a5b0-2c6531d390bd/tags/green HTTP/1.1" status: 201 len: 201 time: 0.0277741
2026-05-12 06:56:48.382 9 INFO neutron.wsgi [None req-802d888b-5fb7-4838-85c6-9ba0cb5ad3f2 f2989c79c5164973a801ec4f121b7a7e 9408d6c347444b938836aa7455423904 - - default default] 10.0.0.253 "GET /v2.0/policies/7cbc55b1-4058-40c5-a5b0-2c6531d390bd/tags HTTP/1.1" status: 200 len: 227 time: 0.0164351
2026-05-12 06:56:48.403 9 INFO neutron.wsgi [None req-55708c5d-727a-4d01-978a-7129066d162f f2989c79c5164973a801ec4f121b7a7e 9408d6c347444b938836aa7455423904 - - default default] 10.0.0.253 "PUT /v2.0/policies/7cbc55b1-4058-40c5-a5b0-2c6531d390bd/tags/red HTTP/1.1" status: 201 len: 201 time: 0.0168092
2026-05-12 06:56:48.424 9 INFO neutron.wsgi [None req-db51209a-13be-4186-b6a1-2bafb97760fe f2989c79c5164973a801ec4f121b7a7e 9408d6c347444b938836aa7455423904 - - default default] 10.0.0.253 "GET /v2.0/policies/7cbc55b1-4058-40c5-a5b0-2c6531d390bd/tags HTTP/1.1" status: 200 len: 227 time: 0.0164902
2026-05-12 06:56:48.453 9 INFO neutron.wsgi [None req-bd2aa19c-4da1-42c3-8c82-5f5ea6161094 f2989c79c5164973a801ec4f121b7a7e 9408d6c347444b938836aa7455423904 - - default default] 10.0.0.253 "PUT /v2.0/policies/7cbc55b1-4058-40c5-a5b0-2c6531d390bd/tags/black.or.white HTTP/1.1" status: 201 len: 201 time: 0.0249572
2026-05-12 06:56:48.473 9 INFO neutron.wsgi [None req-e1a6995d-1687-47f9-a7ad-0e599cf357ee f2989c79c5164973a801ec4f121b7a7e 9408d6c347444b938836aa7455423904 - - default default] 10.0.0.253 "GET /v2.0/policies/7cbc55b1-4058-40c5-a5b0-2c6531d390bd/tags HTTP/1.1" status: 200 len: 245 time: 0.0153255
2026-05-12 06:56:48.506 9 INFO neutron.wsgi [None req-e03285a3-5ab0-4d96-8173-1632f65f091c f2989c79c5164973a801ec4f121b7a7e 9408d6c347444b938836aa7455423904 - - default default] 10.0.0.253 "PUT /v2.0/policies/7cbc55b1-4058-40c5-a5b0-2c6531d390bd/tags HTTP/1.1" status: 200 len: 230 time: 0.0293632
2026-05-12 06:56:48.526 9 INFO neutron.wsgi [None req-47ce757f-055c-45e8-ae19-8ccbfd58a5d7 f2989c79c5164973a801ec4f121b7a7e 9408d6c347444b938836aa7455423904 - - default default] 10.0.0.253 "GET /v2.0/policies/7cbc55b1-4058-40c5-a5b0-2c6531d390bd/tags HTTP/1.1" status: 200 len: 230 time: 0.0160220
2026-05-12 06:56:48.545 9 INFO neutron.wsgi [None req-8272f709-795a-477f-a805-77f02a7f848e f2989c79c5164973a801ec4f121b7a7e 9408d6c347444b938836aa7455423904 - - default default] 10.0.0.253 "GET /v2.0/policies/7cbc55b1-4058-40c5-a5b0-2c6531d390bd/tags/red HTTP/1.1" status: 204 len: 168 time: 0.0150785
2026-05-12 06:56:48.562 9 INFO neutron.api.v2.resource [None req-8b499756-0cbd-4e0b-a7ef-8b11788dc10d f2989c79c5164973a801ec4f121b7a7e 9408d6c347444b938836aa7455423904 - - default default] show failed (client error): The resource could not be found.
2026-05-12 06:56:48.563 9 INFO neutron.wsgi [None req-8b499756-0cbd-4e0b-a7ef-8b11788dc10d f2989c79c5164973a801ec4f121b7a7e 9408d6c347444b938836aa7455423904 - - default default] 10.0.0.253 "GET /v2.0/policies/7cbc55b1-4058-40c5-a5b0-2c6531d390bd/tags/green HTTP/1.1" status: 404 len: 299 time: 0.0145354
2026-05-12 06:56:48.593 9 INFO neutron.wsgi [None req-337a88d1-a1a1-43e8-8d34-2ffb3ebef2fc f2989c79c5164973a801ec4f121b7a7e 9408d6c347444b938836aa7455423904 - - default default] 10.0.0.253 "DELETE /v2.0/policies/7cbc55b1-4058-40c5-a5b0-2c6531d390bd/tags/red HTTP/1.1" status: 204 len: 168 time: 0.0255895
2026-05-12 06:56:48.615 9 INFO neutron.wsgi [None req-a6932e14-4d25-4fc4-b892-c1696721631c f2989c79c5164973a801ec4f121b7a7e 9408d6c347444b938836aa7455423904 - - default default] 10.0.0.253 "GET /v2.0/policies/7cbc55b1-4058-40c5-a5b0-2c6531d390bd/tags HTTP/1.1" status: 200 len: 223 time: 0.0191245
2026-05-12 06:56:48.640 9 INFO neutron.api.v2.resource [None req-ee732e56-8b00-4208-9600-887a1cbc94b5 f2989c79c5164973a801ec4f121b7a7e 9408d6c347444b938836aa7455423904 - - default default] delete failed (client error): The resource could not be found.
2026-05-12 06:56:48.642 9 INFO neutron.wsgi [None req-ee732e56-8b00-4208-9600-887a1cbc94b5 f2989c79c5164973a801ec4f121b7a7e 9408d6c347444b938836aa7455423904 - - default default] 10.0.0.253 "DELETE /v2.0/policies/7cbc55b1-4058-40c5-a5b0-2c6531d390bd/tags/green HTTP/1.1" status: 404 len: 299 time: 0.0219619
2026-05-12 06:56:48.675 9 INFO neutron.wsgi [None req-ff412225-a3a5-4b93-b1ae-c78ce8507579 f2989c79c5164973a801ec4f121b7a7e 9408d6c347444b938836aa7455423904 - - default default] 10.0.0.253 "DELETE /v2.0/policies/7cbc55b1-4058-40c5-a5b0-2c6531d390bd/tags HTTP/1.1" status: 204 len: 168 time: 0.0292299
2026-05-12 06:56:48.693 9 INFO neutron.wsgi [None req-8e361c1c-122e-41d7-833d-cca1e52e5b6d f2989c79c5164973a801ec4f121b7a7e 9408d6c347444b938836aa7455423904 - - default default] 10.0.0.253 "GET /v2.0/policies/7cbc55b1-4058-40c5-a5b0-2c6531d390bd/tags HTTP/1.1" status: 200 len: 205 time: 0.0139191
2026-05-12 06:56:48.748 9 INFO neutron.wsgi [None req-23f63f7c-d006-485c-9d82-a63b957c068d f2989c79c5164973a801ec4f121b7a7e 9408d6c347444b938836aa7455423904 - - default default] 10.0.0.253 "DELETE /v2.0/qos/policies/7cbc55b1-4058-40c5-a5b0-2c6531d390bd HTTP/1.1" status: 204 len: 168 time: 0.0491998
2026-05-12 06:56:49.592 10 INFO neutron.db.ovn_revision_numbers_db [None req-7330a41c-578e-4708-ab1d-00858febcb7a b21ba0208f24448fa7d1a3f68b4b6200 a41f40722aaa4c3bbf8603632511e87c - - default default] Successfully bumped revision number for resource 765d147f-12f0-4b56-a409-dd1f3f5531cd (type: security_groups) to 1
2026-05-12 06:56:49.607 10 INFO neutron.db.ovn_revision_numbers_db [None req-7330a41c-578e-4708-ab1d-00858febcb7a b21ba0208f24448fa7d1a3f68b4b6200 a41f40722aaa4c3bbf8603632511e87c - - default default] Successfully bumped revision number for resource 2200e1fd-299f-4142-97cd-f0ed76946f8a (type: security_group_rules) to 0
2026-05-12 06:56:49.622 10 INFO neutron.db.ovn_revision_numbers_db [None req-7330a41c-578e-4708-ab1d-00858febcb7a b21ba0208f24448fa7d1a3f68b4b6200 a41f40722aaa4c3bbf8603632511e87c - - default default] Successfully bumped revision number for resource 26dce86a-92d1-4d64-bca7-60e7ca53bfe1 (type: security_group_rules) to 0
2026-05-12 06:56:49.637 10 INFO neutron.db.ovn_revision_numbers_db [None req-7330a41c-578e-4708-ab1d-00858febcb7a b21ba0208f24448fa7d1a3f68b4b6200 a41f40722aaa4c3bbf8603632511e87c - - default default] Successfully bumped revision number for resource 9c2f2ee3-137d-4521-a6ae-6ff6b7c36142 (type: security_group_rules) to 0
2026-05-12 06:56:49.652 10 INFO neutron.db.ovn_revision_numbers_db [None req-7330a41c-578e-4708-ab1d-00858febcb7a b21ba0208f24448fa7d1a3f68b4b6200 a41f40722aaa4c3bbf8603632511e87c - - default default] Successfully bumped revision number for resource 9fc6cdd8-6d5b-4b97-8d0f-59998b7d70a5 (type: security_group_rules) to 0
2026-05-12 06:56:49.674 10 INFO neutron.wsgi [None req-7330a41c-578e-4708-ab1d-00858febcb7a b21ba0208f24448fa7d1a3f68b4b6200 a41f40722aaa4c3bbf8603632511e87c - - default default] 10.0.0.253 "GET /v2.0/security-groups?tenant_id=9408d6c347444b938836aa7455423904&name=default HTTP/1.1" status: 200 len: 3124 time: 0.2984617
2026-05-12 06:56:49.882 9 INFO neutron.wsgi [None req-2030b157-7ccf-4a58-8096-7955f7c9d0c9 b21ba0208f24448fa7d1a3f68b4b6200 a41f40722aaa4c3bbf8603632511e87c - - default default] 10.0.0.253 "DELETE /v2.0/security-groups/765d147f-12f0-4b56-a409-dd1f3f5531cd HTTP/1.1" status: 204 len: 168 time: 0.2011900
2026-05-12 06:56:50.124 9 INFO neutron.db.ovn_revision_numbers_db [None req-78224fe7-0b01-4c63-bcac-05cdc0167865 b21ba0208f24448fa7d1a3f68b4b6200 a41f40722aaa4c3bbf8603632511e87c - - default default] Successfully bumped revision number for resource 0556b8e1-6913-43c0-97e7-aa55504a8a1c (type: security_groups) to 1
2026-05-12 06:56:50.137 9 INFO neutron.db.ovn_revision_numbers_db [None req-78224fe7-0b01-4c63-bcac-05cdc0167865 b21ba0208f24448fa7d1a3f68b4b6200 a41f40722aaa4c3bbf8603632511e87c - - default default] Successfully bumped revision number for resource 269c45f9-169f-4960-8f80-bf8f5a83d82a (type: security_group_rules) to 0
2026-05-12 06:56:50.152 9 INFO neutron.db.ovn_revision_numbers_db [None req-78224fe7-0b01-4c63-bcac-05cdc0167865 b21ba0208f24448fa7d1a3f68b4b6200 a41f40722aaa4c3bbf8603632511e87c - - default default] Successfully bumped revision number for resource 5ed3bf84-19e2-4bf0-ace9-d4718de563b4 (type: security_group_rules) to 0
2026-05-12 06:56:50.164 9 INFO neutron.db.ovn_revision_numbers_db [None req-78224fe7-0b01-4c63-bcac-05cdc0167865 b21ba0208f24448fa7d1a3f68b4b6200 a41f40722aaa4c3bbf8603632511e87c - - default default] Successfully bumped revision number for resource c4172049-e116-46f1-8de5-0db958610528 (type: security_group_rules) to 0
2026-05-12 06:56:50.178 9 INFO neutron.db.ovn_revision_numbers_db [None req-78224fe7-0b01-4c63-bcac-05cdc0167865 b21ba0208f24448fa7d1a3f68b4b6200 a41f40722aaa4c3bbf8603632511e87c - - default default] Successfully bumped revision number for resource fe8b1906-3914-4656-9c7a-4540810b6864 (type: security_group_rules) to 0
2026-05-12 06:56:50.197 9 INFO neutron.wsgi [None req-78224fe7-0b01-4c63-bcac-05cdc0167865 b21ba0208f24448fa7d1a3f68b4b6200 a41f40722aaa4c3bbf8603632511e87c - - default default] 10.0.0.253 "GET /v2.0/security-groups?tenant_id=2b2a7fa5ddae4dfdb972ddf534c15b7a&name=default HTTP/1.1" status: 200 len: 3124 time: 0.2090023
2026-05-12 06:56:50.420 10 INFO neutron.wsgi [None req-dd7bcbd9-25b2-42bd-bbbb-908199e68e5c b21ba0208f24448fa7d1a3f68b4b6200 a41f40722aaa4c3bbf8603632511e87c - - default default] 10.0.0.253 "DELETE /v2.0/security-groups/0556b8e1-6913-43c0-97e7-aa55504a8a1c HTTP/1.1" status: 204 len: 168 time: 0.2149196
2026-05-12 06:56:53.730 10 WARNING neutron_lib.context [None req-cf543b10-0e8a-47c4-9f95-bcdf3366311f 8d3212f885f8423388233f33b2ff1a3a 2a4096b82d57411582a1e1de28426492 - - default default] Method 'is_advsvc' is deprecated since 2023.2 release (neutron-lib 3.8.0) and will be removed once support for the old RBAC API policies will be removed from Neutron. Please use method 'is_service_role' instead.
2026-05-12 06:56:53.879 10 INFO neutron.db.ovn_revision_numbers_db [None req-cf543b10-0e8a-47c4-9f95-bcdf3366311f 8d3212f885f8423388233f33b2ff1a3a 2a4096b82d57411582a1e1de28426492 - - default default] Successfully bumped revision number for resource 30c22b98-424e-407a-bb27-584475c9f391 (type: routers) to 1
2026-05-12 06:56:53.898 10 INFO neutron.wsgi [None req-cf543b10-0e8a-47c4-9f95-bcdf3366311f 8d3212f885f8423388233f33b2ff1a3a 2a4096b82d57411582a1e1de28426492 - - default default] 10.0.0.253 "POST /v2.0/routers HTTP/1.1" status: 201 len: 769 time: 0.3359675
2026-05-12 06:56:53.972 10 INFO neutron.wsgi [None req-d32b331c-989e-4adb-b4b9-24ee46bb07aa 8d3212f885f8423388233f33b2ff1a3a 2a4096b82d57411582a1e1de28426492 - - default default] 10.0.0.253 "PUT /v2.0/routers/30c22b98-424e-407a-bb27-584475c9f391/tags HTTP/1.1" status: 200 len: 218 time: 0.0682828
2026-05-12 06:56:54.048 9 INFO neutron.wsgi [None req-6ee5f7fb-f639-4697-a6b0-611a45537050 8d3212f885f8423388233f33b2ff1a3a 2a4096b82d57411582a1e1de28426492 - - default default] 10.0.0.253 "GET /v2.0/routers/30c22b98-424e-407a-bb27-584475c9f391/tags HTTP/1.1" status: 200 len: 218 time: 0.0702965
2026-05-12 06:56:54.126 9 INFO neutron.wsgi [None req-92c66b93-252a-4aca-855a-42a73a336aba 8d3212f885f8423388233f33b2ff1a3a 2a4096b82d57411582a1e1de28426492 - - default default] 10.0.0.253 "PUT /v2.0/routers/30c22b98-424e-407a-bb27-584475c9f391/tags/green HTTP/1.1" status: 201 len: 201 time: 0.0736773
2026-05-12 06:56:54.188 9 INFO neutron.wsgi [None req-32890d2b-e2f8-4d33-a911-d35f89711940 8d3212f885f8423388233f33b2ff1a3a 2a4096b82d57411582a1e1de28426492 - - default default] 10.0.0.253 "GET /v2.0/routers/30c22b98-424e-407a-bb27-584475c9f391/tags HTTP/1.1" status: 200 len: 227 time: 0.0560598
2026-05-12 06:56:54.252 9 INFO neutron.wsgi [None req-661ac96f-db0a-40a4-a427-a8f208ded22e 8d3212f885f8423388233f33b2ff1a3a 2a4096b82d57411582a1e1de28426492 - - default default] 10.0.0.253 "PUT /v2.0/routers/30c22b98-424e-407a-bb27-584475c9f391/tags/red HTTP/1.1" status: 201 len: 201 time: 0.0586572
2026-05-12 06:56:54.317 9 INFO neutron.wsgi [None req-3ace29ad-cee0-4670-93d0-1eda5f3f1af1 8d3212f885f8423388233f33b2ff1a3a 2a4096b82d57411582a1e1de28426492 - - default default] 10.0.0.253 "GET /v2.0/routers/30c22b98-424e-407a-bb27-584475c9f391/tags HTTP/1.1" status: 200 len: 227 time: 0.0559781
2026-05-12 06:56:54.393 9 INFO neutron.wsgi [None req-651045dd-2ef3-452a-9f2a-7d25ab48ba1c 8d3212f885f8423388233f33b2ff1a3a 2a4096b82d57411582a1e1de28426492 - - default default] 10.0.0.253 "PUT /v2.0/routers/30c22b98-424e-407a-bb27-584475c9f391/tags/black.or.white HTTP/1.1" status: 201 len: 201 time: 0.0714703
2026-05-12 06:56:54.464 10 INFO neutron.wsgi [None req-46d5a2ba-f54b-4fb8-8e92-db3a8516328f 8d3212f885f8423388233f33b2ff1a3a 2a4096b82d57411582a1e1de28426492 - - default default] 10.0.0.253 "GET /v2.0/routers/30c22b98-424e-407a-bb27-584475c9f391/tags HTTP/1.1" status: 200 len: 245 time: 0.0651333
2026-05-12 06:56:54.547 10 INFO neutron.wsgi [None req-81a3d52d-99dc-40cb-8876-e0da9b5ca54f 8d3212f885f8423388233f33b2ff1a3a 2a4096b82d57411582a1e1de28426492 - - default default] 10.0.0.253 "PUT /v2.0/routers/30c22b98-424e-407a-bb27-584475c9f391/tags HTTP/1.1" status: 200 len: 230 time: 0.0783827
2026-05-12 06:56:54.600 10 INFO neutron.wsgi [None req-933f034f-15a1-4482-bdf5-6f20b2967233 8d3212f885f8423388233f33b2ff1a3a 2a4096b82d57411582a1e1de28426492 - - default default] 10.0.0.253 "GET /v2.0/routers/30c22b98-424e-407a-bb27-584475c9f391/tags HTTP/1.1" status: 200 len: 230 time: 0.0469947
2026-05-12 06:56:54.664 10 INFO neutron.wsgi [None req-3d47ffe5-3e97-49f4-a403-b2c3ec16211f 8d3212f885f8423388233f33b2ff1a3a 2a4096b82d57411582a1e1de28426492 - - default default] 10.0.0.253 "GET /v2.0/routers/30c22b98-424e-407a-bb27-584475c9f391/tags/red HTTP/1.1" status: 204 len: 168 time: 0.0589545
2026-05-12 06:56:54.717 9 INFO neutron.api.v2.resource [None req-358a9d2c-c2e1-452f-951a-e30c740d9671 8d3212f885f8423388233f33b2ff1a3a 2a4096b82d57411582a1e1de28426492 - - default default] show failed (client error): The resource could not be found.
2026-05-12 06:56:54.718 9 INFO neutron.wsgi [None req-358a9d2c-c2e1-452f-951a-e30c740d9671 8d3212f885f8423388233f33b2ff1a3a 2a4096b82d57411582a1e1de28426492 - - default default] 10.0.0.253 "GET /v2.0/routers/30c22b98-424e-407a-bb27-584475c9f391/tags/green HTTP/1.1" status: 404 len: 299 time: 0.0482655
2026-05-12 06:56:54.983 9 INFO neutron.wsgi [None req-f020e017-de17-4e37-b105-ef3a2a2118f7 8d3212f885f8423388233f33b2ff1a3a 2a4096b82d57411582a1e1de28426492 - - default default] 10.0.0.253 "DELETE /v2.0/routers/30c22b98-424e-407a-bb27-584475c9f391/tags/red HTTP/1.1" status: 204 len: 168 time: 0.2594693
2026-05-12 06:56:55.036 9 INFO neutron.wsgi [None req-2f8ab5ff-75f5-4478-9705-fbf37db2b36b 8d3212f885f8423388233f33b2ff1a3a 2a4096b82d57411582a1e1de28426492 - - default default] 10.0.0.253 "GET /v2.0/routers/30c22b98-424e-407a-bb27-584475c9f391/tags HTTP/1.1" status: 200 len: 223 time: 0.0470846
2026-05-12 06:56:55.097 9 INFO neutron.api.v2.resource [None req-cc0a4299-b0ed-4b85-bc18-c4fe04e79b0d 8d3212f885f8423388233f33b2ff1a3a 2a4096b82d57411582a1e1de28426492 - - default default] delete failed (client error): The resource could not be found.
2026-05-12 06:56:55.099 9 INFO neutron.wsgi [None req-cc0a4299-b0ed-4b85-bc18-c4fe04e79b0d 8d3212f885f8423388233f33b2ff1a3a 2a4096b82d57411582a1e1de28426492 - - default default] 10.0.0.253 "DELETE /v2.0/routers/30c22b98-424e-407a-bb27-584475c9f391/tags/green HTTP/1.1" status: 404 len: 299 time: 0.0574431
2026-05-12 06:56:55.179 9 INFO neutron.wsgi [None req-f145a046-6944-4f2c-aeab-a831a0103d06 8d3212f885f8423388233f33b2ff1a3a 2a4096b82d57411582a1e1de28426492 - - default default] 10.0.0.253 "DELETE /v2.0/routers/30c22b98-424e-407a-bb27-584475c9f391/tags HTTP/1.1" status: 204 len: 168 time: 0.0744123
2026-05-12 06:56:55.235 9 INFO neutron.wsgi [None req-6070c5b3-4a34-4f41-9645-9e46c10b288d 8d3212f885f8423388233f33b2ff1a3a 2a4096b82d57411582a1e1de28426492 - - default default] 10.0.0.253 "GET /v2.0/routers/30c22b98-424e-407a-bb27-584475c9f391/tags HTTP/1.1" status: 200 len: 205 time: 0.0504072
2026-05-12 06:56:55.292 9 INFO neutron.wsgi [None req-0bf1a1eb-295a-4243-aad4-1203c86de92b 8d3212f885f8423388233f33b2ff1a3a 2a4096b82d57411582a1e1de28426492 - - default default] 10.0.0.253 "GET /v2.0/routers/30c22b98-424e-407a-bb27-584475c9f391 HTTP/1.1" status: 200 len: 770 time: 0.0495889
2026-05-12 06:56:56.113 10 INFO neutron.db.ovn_revision_numbers_db [None req-896d205c-fdad-413d-a8ec-acf4486bc34e 8d3212f885f8423388233f33b2ff1a3a 2a4096b82d57411582a1e1de28426492 - - default default] Successfully bumped revision number for resource 30c22b98-424e-407a-bb27-584475c9f391 (type: routers) to 7
2026-05-12 06:56:56.119 10 INFO neutron.wsgi [None req-896d205c-fdad-413d-a8ec-acf4486bc34e 8d3212f885f8423388233f33b2ff1a3a 2a4096b82d57411582a1e1de28426492 - - default default] 10.0.0.253 "PUT /v2.0/routers/30c22b98-424e-407a-bb27-584475c9f391 HTTP/1.1" status: 200 len: 770 time: 0.8215396
2026-05-12 06:56:56.151 10 INFO neutron.wsgi [None req-1eef4546-3d6c-4c98-906c-16aeb5352da1 8d3212f885f8423388233f33b2ff1a3a 2a4096b82d57411582a1e1de28426492 - - default default] 10.0.0.253 "GET /v2.0/ports?device_id=30c22b98-424e-407a-bb27-584475c9f391 HTTP/1.1" status: 200 len: 205 time: 0.0263023
2026-05-12 06:56:56.396 10 INFO neutron.wsgi [None req-d40a8d55-8c3a-4e6b-b123-2166ebfa389b 8d3212f885f8423388233f33b2ff1a3a 2a4096b82d57411582a1e1de28426492 - - default default] 10.0.0.253 "DELETE /v2.0/routers/30c22b98-424e-407a-bb27-584475c9f391 HTTP/1.1" status: 204 len: 168 time: 0.2410626
2026-05-12 06:56:57.286 9 INFO neutron.db.ovn_revision_numbers_db [None req-4ef8dee8-af38-4e6f-8bb7-5afae9afaf96 b21ba0208f24448fa7d1a3f68b4b6200 a41f40722aaa4c3bbf8603632511e87c - - default default] Successfully bumped revision number for resource 0e158b9d-01a4-4a7a-af0a-3c56604c79d5 (type: security_groups) to 1
2026-05-12 06:56:57.299 9 INFO neutron.db.ovn_revision_numbers_db [None req-4ef8dee8-af38-4e6f-8bb7-5afae9afaf96 b21ba0208f24448fa7d1a3f68b4b6200 a41f40722aaa4c3bbf8603632511e87c - - default default] Successfully bumped revision number for resource 5eb2b4d8-12ac-421a-b165-2f3b78cb36a8 (type: security_group_rules) to 0
2026-05-12 06:56:57.312 9 INFO neutron.db.ovn_revision_numbers_db [None req-4ef8dee8-af38-4e6f-8bb7-5afae9afaf96 b21ba0208f24448fa7d1a3f68b4b6200 a41f40722aaa4c3bbf8603632511e87c - - default default] Successfully bumped revision number for resource 917f7cae-017b-4f18-b830-593c53699529 (type: security_group_rules) to 0
2026-05-12 06:56:57.329 9 INFO neutron.db.ovn_revision_numbers_db [None req-4ef8dee8-af38-4e6f-8bb7-5afae9afaf96 b21ba0208f24448fa7d1a3f68b4b6200 a41f40722aaa4c3bbf8603632511e87c - - default default] Successfully bumped revision number for resource b8834c49-829a-4d46-a264-93983870e90d (type: security_group_rules) to 0
2026-05-12 06:56:57.343 9 INFO neutron.db.ovn_revision_numbers_db [None req-4ef8dee8-af38-4e6f-8bb7-5afae9afaf96 b21ba0208f24448fa7d1a3f68b4b6200 a41f40722aaa4c3bbf8603632511e87c - - default default] Successfully bumped revision number for resource d3dc7398-c37d-4623-a0b2-858c86b8eb4a (type: security_group_rules) to 0
2026-05-12 06:56:57.376 9 INFO neutron.wsgi [None req-4ef8dee8-af38-4e6f-8bb7-5afae9afaf96 b21ba0208f24448fa7d1a3f68b4b6200 a41f40722aaa4c3bbf8603632511e87c - - default default] 10.0.0.253 "GET /v2.0/security-groups?tenant_id=2a4096b82d57411582a1e1de28426492&name=default HTTP/1.1" status: 200 len: 3124 time: 0.3129354
2026-05-12 06:56:57.586 9 INFO neutron.wsgi [None req-2c48c9ee-c3e6-4943-91eb-33c4949ff87a b21ba0208f24448fa7d1a3f68b4b6200 a41f40722aaa4c3bbf8603632511e87c - - default default] 10.0.0.253 "DELETE /v2.0/security-groups/0e158b9d-01a4-4a7a-af0a-3c56604c79d5 HTTP/1.1" status: 204 len: 168 time: 0.2048154
2026-05-12 06:56:57.803 9 INFO neutron.db.ovn_revision_numbers_db [None req-320a7519-e3b4-4e4f-aebd-86886d887479 b21ba0208f24448fa7d1a3f68b4b6200 a41f40722aaa4c3bbf8603632511e87c - - default default] Successfully bumped revision number for resource 523c4afc-c2b3-44a9-ad51-5cf61999a379 (type: security_groups) to 1
2026-05-12 06:56:57.818 9 INFO neutron.db.ovn_revision_numbers_db [None req-320a7519-e3b4-4e4f-aebd-86886d887479 b21ba0208f24448fa7d1a3f68b4b6200 a41f40722aaa4c3bbf8603632511e87c - - default default] Successfully bumped revision number for resource 2c3c1965-c8a0-44f6-a8df-3325a632d997 (type: security_group_rules) to 0
2026-05-12 06:56:57.831 9 INFO neutron.db.ovn_revision_numbers_db [None req-320a7519-e3b4-4e4f-aebd-86886d887479 b21ba0208f24448fa7d1a3f68b4b6200 a41f40722aaa4c3bbf8603632511e87c - - default default] Successfully bumped revision number for resource 40224fbc-fd68-4010-ac49-273eea1b9209 (type: security_group_rules) to 0
2026-05-12 06:56:57.846 9 INFO neutron.db.ovn_revision_numbers_db [None req-320a7519-e3b4-4e4f-aebd-86886d887479 b21ba0208f24448fa7d1a3f68b4b6200 a41f40722aaa4c3bbf8603632511e87c - - default default] Successfully bumped revision number for resource 4274ccae-ed22-43e3-b12f-ca25e6432b9b (type: security_group_rules) to 0
2026-05-12 06:56:57.858 9 INFO neutron.db.ovn_revision_numbers_db [None req-320a7519-e3b4-4e4f-aebd-86886d887479 b21ba0208f24448fa7d1a3f68b4b6200 a41f40722aaa4c3bbf8603632511e87c - - default default] Successfully bumped revision number for resource 478cd757-75bc-4c26-b572-3e71973529d9 (type: security_group_rules) to 0
2026-05-12 06:56:57.879 9 INFO neutron.wsgi [None req-320a7519-e3b4-4e4f-aebd-86886d887479 b21ba0208f24448fa7d1a3f68b4b6200 a41f40722aaa4c3bbf8603632511e87c - - default default] 10.0.0.253 "GET /v2.0/security-groups?tenant_id=bcc552b11541465fbdbc896e05081551&name=default HTTP/1.1" status: 200 len: 3124 time: 0.1933327
2026-05-12 06:56:58.134 10 INFO neutron.wsgi [None req-12a9b1a8-af29-42a9-8ba8-ec0c77f8f15a b21ba0208f24448fa7d1a3f68b4b6200 a41f40722aaa4c3bbf8603632511e87c - - default default] 10.0.0.253 "DELETE /v2.0/security-groups/523c4afc-c2b3-44a9-ad51-5cf61999a379 HTTP/1.1" status: 204 len: 168 time: 0.2489309
2026-05-12 06:57:00.112 9 INFO neutron.wsgi [-] 10.0.0.190 "GET / HTTP/1.1" status: 200 len: 247 time: 0.0026531
2026-05-12 06:57:00.113 10 INFO neutron.wsgi [-] 10.0.0.190 "GET / HTTP/1.1" status: 200 len: 247 time: 0.0034199
2026-05-12 06:57:01.396 10 WARNING neutron_lib.context [None req-08b5eacd-2adf-4b8a-a2bb-567cd87cdea3 cbff5e5b48794cdfb79a1f927aa10d58 f1dbc32500cf42fb8dc052a084e7d88b - - default default] Method 'is_advsvc' is deprecated since 2023.2 release (neutron-lib 3.8.0) and will be removed once support for the old RBAC API policies will be removed from Neutron. Please use method 'is_service_role' instead.
2026-05-12 06:57:01.532 10 INFO neutron.db.ovn_revision_numbers_db [None req-08b5eacd-2adf-4b8a-a2bb-567cd87cdea3 cbff5e5b48794cdfb79a1f927aa10d58 f1dbc32500cf42fb8dc052a084e7d88b - - default default] Successfully bumped revision number for resource 103b8311-382f-458f-ae6a-745805f25647 (type: security_groups) to 1
2026-05-12 06:57:01.548 10 INFO neutron.db.ovn_revision_numbers_db [None req-08b5eacd-2adf-4b8a-a2bb-567cd87cdea3 cbff5e5b48794cdfb79a1f927aa10d58 f1dbc32500cf42fb8dc052a084e7d88b - - default default] Successfully bumped revision number for resource 84115708-cd39-40be-b525-c10a2939ec9c (type: security_group_rules) to 0
2026-05-12 06:57:01.562 10 INFO neutron.db.ovn_revision_numbers_db [None req-08b5eacd-2adf-4b8a-a2bb-567cd87cdea3 cbff5e5b48794cdfb79a1f927aa10d58 f1dbc32500cf42fb8dc052a084e7d88b - - default default] Successfully bumped revision number for resource 8ae73f96-f824-49b9-beff-2b0a26a5877d (type: security_group_rules) to 0
2026-05-12 06:57:01.583 10 INFO neutron.db.ovn_revision_numbers_db [None req-08b5eacd-2adf-4b8a-a2bb-567cd87cdea3 cbff5e5b48794cdfb79a1f927aa10d58 f1dbc32500cf42fb8dc052a084e7d88b - - default default] Successfully bumped revision number for resource 9f8db35e-407a-4fbf-9848-eeb83f116ac2 (type: security_group_rules) to 0
2026-05-12 06:57:01.635 10 INFO neutron.db.ovn_revision_numbers_db [None req-08b5eacd-2adf-4b8a-a2bb-567cd87cdea3 cbff5e5b48794cdfb79a1f927aa10d58 f1dbc32500cf42fb8dc052a084e7d88b - - default default] Successfully bumped revision number for resource a5f379fb-55eb-4350-ae1d-82991dbc65a0 (type: security_group_rules) to 0
2026-05-12 06:57:01.737 10 INFO neutron.db.ovn_revision_numbers_db [None req-08b5eacd-2adf-4b8a-a2bb-567cd87cdea3 cbff5e5b48794cdfb79a1f927aa10d58 f1dbc32500cf42fb8dc052a084e7d88b - - default default] Successfully bumped revision number for resource 9fbb4e03-b04d-4dad-9b99-d213ac68ee69 (type: security_groups) to 1
