2026-05-12 06:52:34.849 9 INFO neutron.db.ovn_revision_numbers_db [req-b13bb3a6-390b-4598-a0c8-843e05dd5eb6 req-102f3f3e-9889-4e76-a5f3-65a269585635 819355b92ea949478dd037ca485cf3d6 a1c5a86d5c804eefb065eaa36d71e66e - - default default] Successfully bumped revision number for resource 500c1479-09c4-4fa6-89b3-d7d70e733a10 (type: ports) to 6
2026-05-12 06:52:34.869 9 INFO neutron.wsgi [req-b13bb3a6-390b-4598-a0c8-843e05dd5eb6 req-102f3f3e-9889-4e76-a5f3-65a269585635 819355b92ea949478dd037ca485cf3d6 a1c5a86d5c804eefb065eaa36d71e66e - - default default] 199.204.45.235 "PUT /v2.0/ports/500c1479-09c4-4fa6-89b3-d7d70e733a10 HTTP/1.1" status: 200 len: 1171 time: 1.1493316 /var/lib/openstack/lib/python3.10/site-packages/pycadf/identifier.py:71: UserWarning: Invalid uuid: neutron. To ensure interoperability, identifiers should be a valid uuid. warnings.warn(('Invalid uuid: %s. To ensure interoperability, '
2026-05-12 06:52:34.941 9 INFO neutron.db.ovn_revision_numbers_db [None req-75e7a955-8b25-4a8d-8b56-85627a188632 - - - - - -] Successfully bumped revision number for resource 12a7964f-27f6-4e6a-833a-fe0c4901ad64 (type: ports) to 5
2026-05-12 06:52:34.951 9 INFO neutron.wsgi [req-b13bb3a6-390b-4598-a0c8-843e05dd5eb6 req-9297acfd-352c-4a71-b221-0245dc43ef5b 30164aa1ac0d458195ef529a82fe903d 1c9d341739b346fb9397045d27ec30e1 - - a7e71ca817e243b38e6fff875d8e0087 a7e71ca817e243b38e6fff875d8e0087] 199.204.45.235 "GET /v2.0/ports?tenant_id=a1c5a86d5c804eefb065eaa36d71e66e&device_id=895eac23-2c41-43ba-8c9e-347bbc77c0e2 HTTP/1.1" status: 200 len: 1413 time: 0.0536864
2026-05-12 06:52:35.014 10 INFO neutron.wsgi [None req-501cf91d-f5c5-4f21-8620-96930dabf422 f2bdc4e2d72b41659aa66d52ed005f8e 9069b46645da4748aabbb349bcc80f84 - - default default] 10.0.0.253 "DELETE /v2.0/networks/5cbd138e-bdda-4369-a58d-cb64bc2455fe HTTP/1.1" status: 204 len: 168 time: 0.8144691
2026-05-12 06:52:35.087 9 INFO neutron.wsgi [req-b13bb3a6-390b-4598-a0c8-843e05dd5eb6 req-f515975d-670b-4722-bb80-a49d7fe22cc6 30164aa1ac0d458195ef529a82fe903d 1c9d341739b346fb9397045d27ec30e1 - - a7e71ca817e243b38e6fff875d8e0087 a7e71ca817e243b38e6fff875d8e0087] 199.204.45.235 "GET /v2.0/networks?id=ebc3a367-a4e1-43e6-a3c7-50ebe5e04f64 HTTP/1.1" status: 200 len: 980 time: 0.1276700 /var/lib/openstack/lib/python3.10/site-packages/pycadf/identifier.py:71: UserWarning: Invalid uuid: neutron. To ensure interoperability, identifiers should be a valid uuid. warnings.warn(('Invalid uuid: %s. To ensure interoperability, '
2026-05-12 06:52:35.124 9 WARNING neutron.scheduler.dhcp_agent_scheduler [None req-2051b366-54aa-41a9-8b7a-41d33b15e1f5 4af778c84e4d4b7ba768cb66216990d1 2f1fb4c732d7452c8a00709c380369c3 - - default default] No more DHCP agents
2026-05-12 06:52:35.131 9 WARNING neutron.api.rpc.agentnotifiers.dhcp_rpc_agent_api [None req-2051b366-54aa-41a9-8b7a-41d33b15e1f5 4af778c84e4d4b7ba768cb66216990d1 2f1fb4c732d7452c8a00709c380369c3 - - default default] Unable to schedule network cae6cf3d-5b03-4c98-a63d-f11840a293f2: no agents available; will retry on subsequent port and subnet creation events.
2026-05-12 06:52:35.154 9 INFO neutron.wsgi [req-b13bb3a6-390b-4598-a0c8-843e05dd5eb6 req-d967a20a-b695-48a0-b61c-2f9d4b22f309 30164aa1ac0d458195ef529a82fe903d 1c9d341739b346fb9397045d27ec30e1 - - a7e71ca817e243b38e6fff875d8e0087 a7e71ca817e243b38e6fff875d8e0087] 199.204.45.235 "GET /v2.0/floatingips?fixed_ip_address=10.100.0.14&port_id=500c1479-09c4-4fa6-89b3-d7d70e733a10 HTTP/1.1" status: 200 len: 1060 time: 0.0551782
2026-05-12 06:52:35.204 9 INFO neutron.wsgi [req-b13bb3a6-390b-4598-a0c8-843e05dd5eb6 req-7ab27a25-7e13-4b91-a007-53b69929e36c 30164aa1ac0d458195ef529a82fe903d 1c9d341739b346fb9397045d27ec30e1 - - a7e71ca817e243b38e6fff875d8e0087 a7e71ca817e243b38e6fff875d8e0087] 199.204.45.235 "GET /v2.0/subnets?id=9ae425c7-4852-43e5-819d-9a54f1de4b20 HTTP/1.1" status: 200 len: 876 time: 0.0434535
2026-05-12 06:52:35.220 10 INFO neutron.db.l3_db [req-e1171f37-b3e1-4ff1-a738-7804c39f2b9c req-73224de7-54bf-4df2-8432-83ca7b90794d 84fc91d90eae4e3fb2e4af171f78c4a7 9e23c9bfb1a84f9391655cf35aca3724 - - default default] Floating IP bc5e9015-447c-4c87-aa8e-e25540b41399 disassociated. External IP: 10.96.250.217, port: 12a7964f-27f6-4e6a-833a-fe0c4901ad64.
2026-05-12 06:52:35.235 9 INFO neutron.wsgi [req-b13bb3a6-390b-4598-a0c8-843e05dd5eb6 req-a63750cc-9368-4d9c-8fc5-9cdf13fef3f5 30164aa1ac0d458195ef529a82fe903d 1c9d341739b346fb9397045d27ec30e1 - - a7e71ca817e243b38e6fff875d8e0087 a7e71ca817e243b38e6fff875d8e0087] 199.204.45.235 "GET /v2.0/ports?network_id=ebc3a367-a4e1-43e6-a3c7-50ebe5e04f64&device_owner=network%3Adhcp HTTP/1.1" status: 200 len: 210 time: 0.0235929
2026-05-12 06:52:35.338 9 INFO neutron.wsgi [req-b13bb3a6-390b-4598-a0c8-843e05dd5eb6 req-86a66935-78b5-4181-9e5a-4553cdb02368 30164aa1ac0d458195ef529a82fe903d 1c9d341739b346fb9397045d27ec30e1 - - a7e71ca817e243b38e6fff875d8e0087 a7e71ca817e243b38e6fff875d8e0087] 199.204.45.235 "GET /v2.0/networks/ebc3a367-a4e1-43e6-a3c7-50ebe5e04f64?fields=segments HTTP/1.1" status: 200 len: 212 time: 0.0952690
2026-05-12 06:52:35.376 10 INFO neutron.wsgi [req-e1171f37-b3e1-4ff1-a738-7804c39f2b9c req-73224de7-54bf-4df2-8432-83ca7b90794d 84fc91d90eae4e3fb2e4af171f78c4a7 9e23c9bfb1a84f9391655cf35aca3724 - - default default] 199.204.45.235 "DELETE /v2.0/ports/12a7964f-27f6-4e6a-833a-fe0c4901ad64 HTTP/1.1" status: 204 len: 173 time: 0.8878412
2026-05-12 06:52:35.438 9 INFO neutron.wsgi [req-b13bb3a6-390b-4598-a0c8-843e05dd5eb6 req-67137ae8-0e38-42e0-b3df-015c00c3990c 30164aa1ac0d458195ef529a82fe903d 1c9d341739b346fb9397045d27ec30e1 - - a7e71ca817e243b38e6fff875d8e0087 a7e71ca817e243b38e6fff875d8e0087] 199.204.45.235 "GET /v2.0/networks/ebc3a367-a4e1-43e6-a3c7-50ebe5e04f64?fields=provider%3Aphysical_network&fields=provider%3Anetwork_type HTTP/1.1" status: 200 len: 277 time: 0.0955570
2026-05-12 06:52:35.444 10 INFO neutron.services.segments.plugin [-] Segment 0764455d-d27d-42f0-9901-a2be0e008156 resource provider aggregate not found
2026-05-12 06:52:35.462 10 INFO neutron.services.segments.plugin [-] Segment 0764455d-d27d-42f0-9901-a2be0e008156 resource provider aggregate not found
2026-05-12 06:52:35.473 10 INFO neutron.services.segments.plugin [-] Segment 0764455d-d27d-42f0-9901-a2be0e008156 resource provider not found; error: Placement Client Error (4xx): {"errors": [{"status": 404, "title": "Not Found", "detail": "The resource could not be found.\n\n No resource provider with uuid 0764455d-d27d-42f0-9901-a2be0e008156 found for delete ", "request_id": "req-fd30ae45-add2-46df-bf4f-e9101d07ac65"}]}
2026-05-12 06:52:35.476 10 INFO neutron.services.segments.plugin [-] Segment 0764455d-d27d-42f0-9901-a2be0e008156 resource provider not found; error: Placement Client Error (4xx): {"errors": [{"status": 404, "title": "Not Found", "detail": "The resource could not be found.\n\n No resource provider with uuid 0764455d-d27d-42f0-9901-a2be0e008156 found for delete ", "request_id": "req-c282a53b-e810-45ac-ad91-124c7e2afca1"}]}
2026-05-12 06:52:35.550 9 INFO neutron.wsgi [req-a5051d6a-9bee-4d8b-b084-b859f246e388 req-22944afb-4105-4220-ba58-f1caa94912df 30164aa1ac0d458195ef529a82fe903d 1c9d341739b346fb9397045d27ec30e1 - - a7e71ca817e243b38e6fff875d8e0087 a7e71ca817e243b38e6fff875d8e0087] 199.204.45.235 "GET /v2.0/ports?tenant_id=a1c5a86d5c804eefb065eaa36d71e66e&device_id=895eac23-2c41-43ba-8c9e-347bbc77c0e2 HTTP/1.1" status: 200 len: 1413 time: 0.0597129
2026-05-12 06:52:35.640 9 INFO neutron.wsgi [req-9fbf85df-6c2c-47f7-908e-8e21ce1a6d11 req-bafc7ccc-533b-4915-a833-5776a9a73134 84fc91d90eae4e3fb2e4af171f78c4a7 9e23c9bfb1a84f9391655cf35aca3724 - - default default] 10.0.0.169 "GET /v2.0/ports?device_id=397dbf06-4abc-4291-884c-0acc87f88cbb HTTP/1.1" status: 200 len: 210 time: 0.0336876
2026-05-12 06:52:35.704 9 INFO neutron.wsgi [req-a5051d6a-9bee-4d8b-b084-b859f246e388 req-11ada9d9-f348-4570-be85-ba4853636e88 30164aa1ac0d458195ef529a82fe903d 1c9d341739b346fb9397045d27ec30e1 - - a7e71ca817e243b38e6fff875d8e0087 a7e71ca817e243b38e6fff875d8e0087] 199.204.45.235 "GET /v2.0/networks?id=ebc3a367-a4e1-43e6-a3c7-50ebe5e04f64 HTTP/1.1" status: 200 len: 980 time: 0.1451859
2026-05-12 06:52:35.719 9 INFO neutron.services.segments.plugin [-] Segment 9856caa5-467c-48be-a2b4-fc80590af7d9 resource provider aggregate not found
2026-05-12 06:52:35.728 9 INFO neutron.services.segments.plugin [-] Segment 9856caa5-467c-48be-a2b4-fc80590af7d9 resource provider aggregate not found
2026-05-12 06:52:35.733 9 INFO neutron.notifiers.nova [-] Nova event matching ['req-cc0742a4-62a4-4616-adf6-80bdf09dff1c'] response: {'server_uuid': '397dbf06-4abc-4291-884c-0acc87f88cbb', 'name': 'network-vif-unplugged', 'status': 'completed', 'tag': '12a7964f-27f6-4e6a-833a-fe0c4901ad64', 'code': 200}
2026-05-12 06:52:35.733 9 INFO neutron.notifiers.nova [-] Nova event matching ['req-cc0742a4-62a4-4616-adf6-80bdf09dff1c'] response: {'name': 'network-changed', 'server_uuid': '895eac23-2c41-43ba-8c9e-347bbc77c0e2', 'tag': '500c1479-09c4-4fa6-89b3-d7d70e733a10', 'status': 'completed', 'code': 200}
2026-05-12 06:52:35.733 9 INFO neutron.notifiers.nova [-] Nova event matching ['req-cc0742a4-62a4-4616-adf6-80bdf09dff1c'] response: {'server_uuid': '397dbf06-4abc-4291-884c-0acc87f88cbb', 'name': 'network-vif-unplugged', 'status': 'completed', 'tag': '12a7964f-27f6-4e6a-833a-fe0c4901ad64', 'code': 200}
2026-05-12 06:52:35.735 9 INFO neutron.services.segments.plugin [-] Segment 9856caa5-467c-48be-a2b4-fc80590af7d9 resource provider not found; error: Placement Client Error (4xx): {"errors": [{"status": 404, "title": "Not Found", "detail": "The resource could not be found.\n\n No resource provider with uuid 9856caa5-467c-48be-a2b4-fc80590af7d9 found for delete ", "request_id": "req-a6f4642c-039c-4d87-909f-0c18a2363640"}]}
2026-05-12 06:52:35.746 9 INFO neutron.services.segments.plugin [-] Segment 9856caa5-467c-48be-a2b4-fc80590af7d9 resource provider not found; error: Placement Client Error (4xx): {"errors": [{"status": 404, "title": "Not Found", "detail": "The resource could not be found.\n\n No resource provider with uuid 9856caa5-467c-48be-a2b4-fc80590af7d9 found for delete ", "request_id": "req-668202f7-4719-4c68-b751-ad55cf7703df"}]}
2026-05-12 06:52:35.752 9 INFO neutron.wsgi [None req-2051b366-54aa-41a9-8b7a-41d33b15e1f5 4af778c84e4d4b7ba768cb66216990d1 2f1fb4c732d7452c8a00709c380369c3 - - default default] 10.0.0.253 "POST /v2.0/floatingips HTTP/1.1" status: 201 len: 751 time: 1.1167240
2026-05-12 06:52:35.758 9 INFO neutron.wsgi [None req-f9ff3fc2-45ad-4e85-a7b4-bcef6360e5bd f2bdc4e2d72b41659aa66d52ed005f8e 9069b46645da4748aabbb349bcc80f84 - - default default] 10.0.0.253 "DELETE /v2.0/networks/f67cfb34-c47b-4428-8da3-c89bdc9eab00 HTTP/1.1" status: 204 len: 168 time: 0.7320247
2026-05-12 06:52:35.775 10 INFO neutron.notifiers.nova [-] Nova event matching ['req-3000795e-7dc6-4b0a-92a3-7ff2f12df070'] response: {'server_uuid': '397dbf06-4abc-4291-884c-0acc87f88cbb', 'name': 'network-vif-deleted', 'tag': '12a7964f-27f6-4e6a-833a-fe0c4901ad64', 'status': 'completed', 'code': 200}
2026-05-12 06:52:35.782 9 INFO neutron.wsgi [req-a5051d6a-9bee-4d8b-b084-b859f246e388 req-6fcd9f7f-8474-4a4e-a36c-edfd7cc70ef3 30164aa1ac0d458195ef529a82fe903d 1c9d341739b346fb9397045d27ec30e1 - - a7e71ca817e243b38e6fff875d8e0087 a7e71ca817e243b38e6fff875d8e0087] 199.204.45.235 "GET /v2.0/floatingips?fixed_ip_address=10.100.0.14&port_id=500c1479-09c4-4fa6-89b3-d7d70e733a10 HTTP/1.1" status: 200 len: 1060 time: 0.0673878
2026-05-12 06:52:35.825 9 INFO neutron.wsgi [req-a5051d6a-9bee-4d8b-b084-b859f246e388 req-544af506-c1c0-4a31-a113-fd51f6a379a7 30164aa1ac0d458195ef529a82fe903d 1c9d341739b346fb9397045d27ec30e1 - - a7e71ca817e243b38e6fff875d8e0087 a7e71ca817e243b38e6fff875d8e0087] 199.204.45.235 "GET /v2.0/subnets?id=9ae425c7-4852-43e5-819d-9a54f1de4b20 HTTP/1.1" status: 200 len: 876 time: 0.0347881
2026-05-12 06:52:35.854 9 INFO neutron.wsgi [req-a5051d6a-9bee-4d8b-b084-b859f246e388 req-8bb8c3bb-f1df-4e5d-a2f5-6d0cfebcf580 30164aa1ac0d458195ef529a82fe903d 1c9d341739b346fb9397045d27ec30e1 - - a7e71ca817e243b38e6fff875d8e0087 a7e71ca817e243b38e6fff875d8e0087] 199.204.45.235 "GET /v2.0/ports?network_id=ebc3a367-a4e1-43e6-a3c7-50ebe5e04f64&device_owner=network%3Adhcp HTTP/1.1" status: 200 len: 210 time: 0.0255752
2026-05-12 06:52:35.874 10 INFO neutron.wsgi [None req-0f8ad52d-ddb8-4fd4-b6ed-38617adb8dbb f2bdc4e2d72b41659aa66d52ed005f8e 9069b46645da4748aabbb349bcc80f84 - - default default] 10.0.0.253 "GET /v2.0/networks HTTP/1.1" status: 200 len: 845 time: 0.1093950
2026-05-12 06:52:35.890 10 WARNING neutron_lib.context [None req-831d57b7-ab8e-4047-9adc-968821976e2b f2bdc4e2d72b41659aa66d52ed005f8e 9069b46645da4748aabbb349bcc80f84 - - default default] Method 'is_advsvc' is deprecated since 2023.2 release (neutron-lib 3.8.0) and will be removed once support for the old RBAC API policies will be removed from Neutron. Please use method 'is_service_role' instead.
2026-05-12 06:52:35.927 9 INFO neutron.wsgi [req-a5051d6a-9bee-4d8b-b084-b859f246e388 req-187cf8ad-7622-4d19-bbfd-71a84b2dd612 30164aa1ac0d458195ef529a82fe903d 1c9d341739b346fb9397045d27ec30e1 - - a7e71ca817e243b38e6fff875d8e0087 a7e71ca817e243b38e6fff875d8e0087] 199.204.45.235 "GET /v2.0/networks/ebc3a367-a4e1-43e6-a3c7-50ebe5e04f64?fields=segments HTTP/1.1" status: 200 len: 212 time: 0.0688913
2026-05-12 06:52:36.012 9 INFO neutron.wsgi [req-a5051d6a-9bee-4d8b-b084-b859f246e388 req-17cd98d6-49cf-45f4-a1c0-89f629ff7dca 30164aa1ac0d458195ef529a82fe903d 1c9d341739b346fb9397045d27ec30e1 - - a7e71ca817e243b38e6fff875d8e0087 a7e71ca817e243b38e6fff875d8e0087] 199.204.45.235 "GET /v2.0/networks/ebc3a367-a4e1-43e6-a3c7-50ebe5e04f64?fields=provider%3Aphysical_network&fields=provider%3Anetwork_type HTTP/1.1" status: 200 len: 277 time: 0.0746014
2026-05-12 06:52:36.066 10 INFO neutron.db.segments_db [None req-831d57b7-ab8e-4047-9adc-968821976e2b f2bdc4e2d72b41659aa66d52ed005f8e 9069b46645da4748aabbb349bcc80f84 - - default default] Added segment d7f703e3-9503-4374-bad2-939b7f7a986f of type geneve for network 322cd6ea-7886-4080-a8bc-99001ea948c2
2026-05-12 06:52:36.092 10 INFO neutron.wsgi [req-07990247-ecbb-411f-88e0-776ddcd4cf88 req-e933f49d-0bb4-4903-ad8b-33edddffda01 819355b92ea949478dd037ca485cf3d6 a1c5a86d5c804eefb065eaa36d71e66e - - default default] 10.0.0.169 "GET /v2.0/ports?device_id=895eac23-2c41-43ba-8c9e-347bbc77c0e2 HTTP/1.1" status: 200 len: 1174 time: 0.1264904
2026-05-12 06:52:36.095 9 INFO neutron.wsgi [req-988e5e29-17be-46b3-b36a-255c62298638 req-06b07a79-9634-4680-a9c3-eba01dd476ae 30164aa1ac0d458195ef529a82fe903d 1c9d341739b346fb9397045d27ec30e1 - - a7e71ca817e243b38e6fff875d8e0087 a7e71ca817e243b38e6fff875d8e0087] 199.204.45.235 "GET /v2.0/ports?tenant_id=a1c5a86d5c804eefb065eaa36d71e66e&device_id=895eac23-2c41-43ba-8c9e-347bbc77c0e2 HTTP/1.1" status: 200 len: 1413 time: 0.0401108
2026-05-12 06:52:36.185 9 INFO neutron.wsgi [req-988e5e29-17be-46b3-b36a-255c62298638 req-84c282f4-ad0a-4c80-a86f-6507e1195211 30164aa1ac0d458195ef529a82fe903d 1c9d341739b346fb9397045d27ec30e1 - - a7e71ca817e243b38e6fff875d8e0087 a7e71ca817e243b38e6fff875d8e0087] 199.204.45.235 "GET /v2.0/networks?id=ebc3a367-a4e1-43e6-a3c7-50ebe5e04f64 HTTP/1.1" status: 200 len: 980 time: 0.0822058
2026-05-12 06:52:36.188 10 INFO neutron.wsgi [req-07990247-ecbb-411f-88e0-776ddcd4cf88 req-83588b03-e939-47ff-b1d3-e0af833f5779 819355b92ea949478dd037ca485cf3d6 a1c5a86d5c804eefb065eaa36d71e66e - - default default] 10.0.0.169 "GET /v2.0/security-groups?id=b86e5fe7-d1fd-49c6-8378-749a4c8aac22&fields=id&fields=name HTTP/1.1" status: 200 len: 313 time: 0.0874865
2026-05-12 06:52:36.233 9 INFO neutron.wsgi [req-443c53b4-a8e2-4ccb-b8de-c4e152b251fe req-0fa424b3-7a3b-4c65-a956-abf164db9434 4af778c84e4d4b7ba768cb66216990d1 2f1fb4c732d7452c8a00709c380369c3 - - default default] 10.0.0.169 "GET /v2.0/security-groups?name=tempest-securitygroup--1804760783&fields=id&tenant_id=2f1fb4c732d7452c8a00709c380369c3 HTTP/1.1" status: 200 len: 267 time: 0.0637543
2026-05-12 06:52:36.261 10 INFO neutron.db.ovn_revision_numbers_db [None req-831d57b7-ab8e-4047-9adc-968821976e2b f2bdc4e2d72b41659aa66d52ed005f8e 9069b46645da4748aabbb349bcc80f84 - - default default] Successfully bumped revision number for resource 322cd6ea-7886-4080-a8bc-99001ea948c2 (type: networks) to 1
2026-05-12 06:52:36.263 9 INFO neutron.wsgi [req-988e5e29-17be-46b3-b36a-255c62298638 req-cb9ff93a-c3e6-4f45-8c03-f535705704a5 30164aa1ac0d458195ef529a82fe903d 1c9d341739b346fb9397045d27ec30e1 - - a7e71ca817e243b38e6fff875d8e0087 a7e71ca817e243b38e6fff875d8e0087] 199.204.45.235 "GET /v2.0/floatingips?fixed_ip_address=10.100.0.14&port_id=500c1479-09c4-4fa6-89b3-d7d70e733a10 HTTP/1.1" status: 200 len: 1060 time: 0.0678890
2026-05-12 06:52:36.307 9 INFO neutron.wsgi [req-988e5e29-17be-46b3-b36a-255c62298638 req-0eb77899-2b36-47f2-9abb-81b07fb891e6 30164aa1ac0d458195ef529a82fe903d 1c9d341739b346fb9397045d27ec30e1 - - a7e71ca817e243b38e6fff875d8e0087 a7e71ca817e243b38e6fff875d8e0087] 199.204.45.235 "GET /v2.0/subnets?id=9ae425c7-4852-43e5-819d-9a54f1de4b20 HTTP/1.1" status: 200 len: 876 time: 0.0365572
2026-05-12 06:52:36.325 10 INFO neutron.wsgi [req-a5a46fed-904a-4f1d-9daf-cea9c7e6d5e2 req-af62492e-1a75-4872-943c-9b0c86552a5c 819355b92ea949478dd037ca485cf3d6 a1c5a86d5c804eefb065eaa36d71e66e - - default default] 199.204.45.235 "GET /v2.0/ports?device_id=895eac23-2c41-43ba-8c9e-347bbc77c0e2 HTTP/1.1" status: 200 len: 1174 time: 0.0489292
2026-05-12 06:52:36.329 9 INFO neutron.wsgi [req-443c53b4-a8e2-4ccb-b8de-c4e152b251fe req-0b07157a-4769-4e83-8f34-72240870c034 4af778c84e4d4b7ba768cb66216990d1 2f1fb4c732d7452c8a00709c380369c3 - - default default] 10.0.0.169 "GET /v2.0/networks?id=c0348f15-fc38-4205-ab64-c1beb99675dd HTTP/1.1" status: 200 len: 874 time: 0.0883758
2026-05-12 06:52:36.348 9 INFO neutron.wsgi [req-988e5e29-17be-46b3-b36a-255c62298638 req-1f3ad2ed-bfd3-4eea-89f8-f38b95d0a8d4 30164aa1ac0d458195ef529a82fe903d 1c9d341739b346fb9397045d27ec30e1 - - a7e71ca817e243b38e6fff875d8e0087 a7e71ca817e243b38e6fff875d8e0087] 199.204.45.235 "GET /v2.0/ports?network_id=ebc3a367-a4e1-43e6-a3c7-50ebe5e04f64&device_owner=network%3Adhcp HTTP/1.1" status: 200 len: 210 time: 0.0328531
2026-05-12 06:52:36.351 9 INFO neutron.wsgi [req-443c53b4-a8e2-4ccb-b8de-c4e152b251fe req-244e0c14-07f1-4ee1-8dd3-2ebc83708fd8 4af778c84e4d4b7ba768cb66216990d1 2f1fb4c732d7452c8a00709c380369c3 - - default default] 10.0.0.169 "GET /v2.0/quotas/2f1fb4c732d7452c8a00709c380369c3 HTTP/1.1" status: 200 len: 491 time: 0.0101337
2026-05-12 06:52:36.425 9 INFO neutron.wsgi [req-988e5e29-17be-46b3-b36a-255c62298638 req-ad0a597f-90d1-424a-87ab-a87575aa58ad 30164aa1ac0d458195ef529a82fe903d 1c9d341739b346fb9397045d27ec30e1 - - a7e71ca817e243b38e6fff875d8e0087 a7e71ca817e243b38e6fff875d8e0087] 199.204.45.235 "GET /v2.0/networks/ebc3a367-a4e1-43e6-a3c7-50ebe5e04f64?fields=segments HTTP/1.1" status: 200 len: 212 time: 0.0707924
2026-05-12 06:52:36.465 9 INFO neutron.wsgi [req-443c53b4-a8e2-4ccb-b8de-c4e152b251fe req-e506c946-6719-4f1e-bcb2-59627d400d6c 4af778c84e4d4b7ba768cb66216990d1 2f1fb4c732d7452c8a00709c380369c3 - - default default] 10.0.0.169 "GET /v2.0/ports?tenant_id=2f1fb4c732d7452c8a00709c380369c3&fields=id HTTP/1.1" status: 200 len: 302 time: 0.1048248
2026-05-12 06:52:36.506 10 WARNING neutron.scheduler.dhcp_agent_scheduler [None req-831d57b7-ab8e-4047-9adc-968821976e2b f2bdc4e2d72b41659aa66d52ed005f8e 9069b46645da4748aabbb349bcc80f84 - - default default] No more DHCP agents
2026-05-12 06:52:36.509 10 WARNING neutron.api.rpc.agentnotifiers.dhcp_rpc_agent_api [None req-831d57b7-ab8e-4047-9adc-968821976e2b f2bdc4e2d72b41659aa66d52ed005f8e 9069b46645da4748aabbb349bcc80f84 - - default default] Unable to schedule network 322cd6ea-7886-4080-a8bc-99001ea948c2: no agents available; will retry on subsequent port and subnet creation events.
2026-05-12 06:52:36.510 9 INFO neutron.wsgi [req-988e5e29-17be-46b3-b36a-255c62298638 req-18919039-2fad-4785-bcd0-332c4e715276 30164aa1ac0d458195ef529a82fe903d 1c9d341739b346fb9397045d27ec30e1 - - a7e71ca817e243b38e6fff875d8e0087 a7e71ca817e243b38e6fff875d8e0087] 199.204.45.235 "GET /v2.0/networks/ebc3a367-a4e1-43e6-a3c7-50ebe5e04f64?fields=provider%3Aphysical_network&fields=provider%3Anetwork_type HTTP/1.1" status: 200 len: 277 time: 0.0772691
2026-05-12 06:52:36.541 9 INFO neutron.wsgi [req-443c53b4-a8e2-4ccb-b8de-c4e152b251fe req-23bee3ca-b98b-426e-b772-f50e3d19eb92 30164aa1ac0d458195ef529a82fe903d 1c9d341739b346fb9397045d27ec30e1 - - a7e71ca817e243b38e6fff875d8e0087 a7e71ca817e243b38e6fff875d8e0087] 10.0.0.169 "GET /v2.0/networks/c0348f15-fc38-4205-ab64-c1beb99675dd?fields=segments HTTP/1.1" status: 200 len: 212 time: 0.0636060
2026-05-12 06:52:36.626 9 INFO neutron.wsgi [req-443c53b4-a8e2-4ccb-b8de-c4e152b251fe req-a61dfd68-3621-4748-b9bb-0ea1786c8d6e 30164aa1ac0d458195ef529a82fe903d 1c9d341739b346fb9397045d27ec30e1 - - a7e71ca817e243b38e6fff875d8e0087 a7e71ca817e243b38e6fff875d8e0087] 10.0.0.169 "GET /v2.0/networks/c0348f15-fc38-4205-ab64-c1beb99675dd?fields=provider%3Aphysical_network&fields=provider%3Anetwork_type HTTP/1.1" status: 200 len: 277 time: 0.0772870
2026-05-12 06:52:36.642 10 INFO neutron.db.ovn_revision_numbers_db [None req-831d57b7-ab8e-4047-9adc-968821976e2b f2bdc4e2d72b41659aa66d52ed005f8e 9069b46645da4748aabbb349bcc80f84 - - default default] Successfully bumped revision number for resource 4a43cd52-f67b-46d4-8d59-aded5d04f17d (type: ports) to 1
2026-05-12 06:52:36.682 10 INFO neutron.wsgi [None req-831d57b7-ab8e-4047-9adc-968821976e2b f2bdc4e2d72b41659aa66d52ed005f8e 9069b46645da4748aabbb349bcc80f84 - - default default] 10.0.0.253 "POST /v2.0/networks HTTP/1.1" status: 201 len: 853 time: 0.7973981
2026-05-12 06:52:36.695 9 WARNING neutron_lib.context [None req-da4a6693-8d3b-43fb-a95a-c20deca076cf f2bdc4e2d72b41659aa66d52ed005f8e 9069b46645da4748aabbb349bcc80f84 - - default default] Method 'is_advsvc' is deprecated since 2023.2 release (neutron-lib 3.8.0) and will be removed once support for the old RBAC API policies will be removed from Neutron. Please use method 'is_service_role' instead.
2026-05-12 06:52:36.818 10 INFO neutron.wsgi [req-5838a542-8a87-4e61-9f1a-e07c3f8950e2 req-86fd3b62-173d-47f1-9497-8b39c3e04609 4af778c84e4d4b7ba768cb66216990d1 2f1fb4c732d7452c8a00709c380369c3 - - default default] 10.0.0.169 "GET /v2.0/ports?device_id=ff0d0fe9-b2ef-452d-82e2-9fe677a69cbb HTTP/1.1" status: 200 len: 210 time: 0.0261092
2026-05-12 06:52:36.827 10 INFO neutron.db.l3_db [req-a5a46fed-904a-4f1d-9daf-cea9c7e6d5e2 req-8aecac5b-617f-4285-ba69-cfe587e86575 819355b92ea949478dd037ca485cf3d6 a1c5a86d5c804eefb065eaa36d71e66e - - default default] Floating IP 36f031ee-e61d-4834-b438-00401653e4c9 disassociated. External IP: 10.96.250.220, port: 500c1479-09c4-4fa6-89b3-d7d70e733a10.
2026-05-12 06:52:36.844 9 INFO neutron.db.segments_db [None req-da4a6693-8d3b-43fb-a95a-c20deca076cf f2bdc4e2d72b41659aa66d52ed005f8e 9069b46645da4748aabbb349bcc80f84 - - default default] Added segment bee3d3ed-9acb-4941-adfc-284329652ba7 of type geneve for network 9caa1f60-0b04-4f06-9e74-a30a6126244d
2026-05-12 06:52:36.918 9 INFO neutron.wsgi [None req-a4eeb811-f9d9-43af-90ef-b1ec147ecec4 84fc91d90eae4e3fb2e4af171f78c4a7 9e23c9bfb1a84f9391655cf35aca3724 - - default default] 10.0.0.253 "DELETE /v2.0/security-groups/28631f94-d184-4d42-890b-fa5e776e2d13 HTTP/1.1" status: 204 len: 168 time: 0.1833439
2026-05-12 06:52:36.935 10 WARNING neutron.plugins.ml2.drivers.ovn.mech_driver.ovsdb.ovn_client [None req-13540f74-58b1-48e3-9916-68cb788c84d1 - - - - - -] No hosting information found for port 72abed17-c1ba-40c7-8753-e865d337d583: RuntimeError: No hosting information found for port 72abed17-c1ba-40c7-8753-e865d337d583
2026-05-12 06:52:36.968 10 INFO neutron.api.v2.resource [None req-1493628c-f805-4227-8e28-3f751d9130e4 84fc91d90eae4e3fb2e4af171f78c4a7 9e23c9bfb1a84f9391655cf35aca3724 - - default default] show failed (client error): The resource could not be found.
2026-05-12 06:52:36.971 10 INFO neutron.wsgi [None req-1493628c-f805-4227-8e28-3f751d9130e4 84fc91d90eae4e3fb2e4af171f78c4a7 9e23c9bfb1a84f9391655cf35aca3724 - - default default] 10.0.0.253 "GET /v2.0/security-groups/28631f94-d184-4d42-890b-fa5e776e2d13 HTTP/1.1" status: 404 len: 347 time: 0.0463471
2026-05-12 06:52:37.006 10 INFO neutron.plugins.ml2.drivers.ovn.mech_driver.mech_driver [None req-13540f74-58b1-48e3-9916-68cb788c84d1 - - - - - -] OVN reports status down for port: 500c1479-09c4-4fa6-89b3-d7d70e733a10
2026-05-12 06:52:37.048 9 INFO neutron.db.ovn_revision_numbers_db [None req-da4a6693-8d3b-43fb-a95a-c20deca076cf f2bdc4e2d72b41659aa66d52ed005f8e 9069b46645da4748aabbb349bcc80f84 - - default default] Successfully bumped revision number for resource 9caa1f60-0b04-4f06-9e74-a30a6126244d (type: networks) to 1
2026-05-12 06:52:37.095 10 INFO neutron.wsgi [req-a5a46fed-904a-4f1d-9daf-cea9c7e6d5e2 req-8aecac5b-617f-4285-ba69-cfe587e86575 819355b92ea949478dd037ca485cf3d6 a1c5a86d5c804eefb065eaa36d71e66e - - default default] 199.204.45.235 "DELETE /v2.0/ports/500c1479-09c4-4fa6-89b3-d7d70e733a10 HTTP/1.1" status: 204 len: 173 time: 0.7647564
2026-05-12 06:52:37.287 9 WARNING neutron.scheduler.dhcp_agent_scheduler [None req-da4a6693-8d3b-43fb-a95a-c20deca076cf f2bdc4e2d72b41659aa66d52ed005f8e 9069b46645da4748aabbb349bcc80f84 - - default default] No more DHCP agents
2026-05-12 06:52:37.297 9 WARNING neutron.api.rpc.agentnotifiers.dhcp_rpc_agent_api [None req-da4a6693-8d3b-43fb-a95a-c20deca076cf f2bdc4e2d72b41659aa66d52ed005f8e 9069b46645da4748aabbb349bcc80f84 - - default default] Unable to schedule network 9caa1f60-0b04-4f06-9e74-a30a6126244d: no agents available; will retry on subsequent port and subnet creation events.
2026-05-12 06:52:37.301 9 INFO neutron.wsgi [req-2b1eb3f2-5c66-437e-8d2b-d98c48afb16c req-bb557808-5eec-44a6-801f-396b566e1298 819355b92ea949478dd037ca485cf3d6 a1c5a86d5c804eefb065eaa36d71e66e - - default default] 10.0.0.169 "GET /v2.0/ports?device_id=895eac23-2c41-43ba-8c9e-347bbc77c0e2 HTTP/1.1" status: 200 len: 210 time: 0.0271802
2026-05-12 06:52:37.401 9 INFO neutron.db.ovn_revision_numbers_db [None req-da4a6693-8d3b-43fb-a95a-c20deca076cf f2bdc4e2d72b41659aa66d52ed005f8e 9069b46645da4748aabbb349bcc80f84 - - default default] Successfully bumped revision number for resource 9bea0792-5ce9-491b-9a44-d375ef25d40f (type: ports) to 1
2026-05-12 06:52:37.426 9 INFO neutron.wsgi [None req-da4a6693-8d3b-43fb-a95a-c20deca076cf f2bdc4e2d72b41659aa66d52ed005f8e 9069b46645da4748aabbb349bcc80f84 - - default default] 10.0.0.253 "POST /v2.0/networks HTTP/1.1" status: 201 len: 852 time: 0.7383623 /var/lib/openstack/lib/python3.10/site-packages/pycadf/identifier.py:71: UserWarning: Invalid uuid: neutron. To ensure interoperability, identifiers should be a valid uuid. warnings.warn(('Invalid uuid: %s. To ensure interoperability, '
2026-05-12 06:52:37.439 10 WARNING neutron_lib.context [None req-906668f8-8f6c-45cc-9b2b-dc72a2335b90 f2bdc4e2d72b41659aa66d52ed005f8e 9069b46645da4748aabbb349bcc80f84 - - default default] Method 'is_advsvc' is deprecated since 2023.2 release (neutron-lib 3.8.0) and will be removed once support for the old RBAC API policies will be removed from Neutron. Please use method 'is_service_role' instead.
2026-05-12 06:52:37.463 9 INFO neutron.wsgi [None req-8a33232e-0819-4204-b6c1-73c01b7b927e 84fc91d90eae4e3fb2e4af171f78c4a7 9e23c9bfb1a84f9391655cf35aca3724 - - default default] 10.0.0.253 "DELETE /v2.0/floatingips/bc5e9015-447c-4c87-aa8e-e25540b41399 HTTP/1.1" status: 204 len: 168 time: 0.4801638
2026-05-12 06:52:37.497 10 WARNING neutron_lib.context [None req-906668f8-8f6c-45cc-9b2b-dc72a2335b90 f2bdc4e2d72b41659aa66d52ed005f8e 9069b46645da4748aabbb349bcc80f84 - - default default] Method 'is_advsvc' is deprecated since 2023.2 release (neutron-lib 3.8.0) and will be removed once support for the old RBAC API policies will be removed from Neutron. Please use method 'is_service_role' instead.
2026-05-12 06:52:37.683 10 INFO neutron.wsgi [req-443c53b4-a8e2-4ccb-b8de-c4e152b251fe req-5787615d-d474-4a0b-addc-d7bfc205a8a2 4af778c84e4d4b7ba768cb66216990d1 2f1fb4c732d7452c8a00709c380369c3 - - default default] 199.204.45.235 "GET /v2.0/networks?id=c0348f15-fc38-4205-ab64-c1beb99675dd HTTP/1.1" status: 200 len: 874 time: 0.0797906
2026-05-12 06:52:37.759 10 INFO neutron.wsgi [req-443c53b4-a8e2-4ccb-b8de-c4e152b251fe req-666d5f6d-b479-45fc-862d-fd403e1a5bfd 4af778c84e4d4b7ba768cb66216990d1 2f1fb4c732d7452c8a00709c380369c3 - - default default] 199.204.45.235 "GET /v2.0/security-groups?fields=id&fields=name&tenant_id=2f1fb4c732d7452c8a00709c380369c3 HTTP/1.1" status: 200 len: 380 time: 0.0683818
2026-05-12 06:52:37.795 10 WARNING neutron_lib.context [req-443c53b4-a8e2-4ccb-b8de-c4e152b251fe req-b41186c5-9f4a-422d-9040-00e01499143c 4af778c84e4d4b7ba768cb66216990d1 2f1fb4c732d7452c8a00709c380369c3 - - default default] Method 'is_advsvc' is deprecated since 2023.2 release (neutron-lib 3.8.0) and will be removed once support for the old RBAC API policies will be removed from Neutron. Please use method 'is_service_role' instead.
2026-05-12 06:52:37.833 10 INFO neutron.notifiers.nova [-] Nova event matching ['req-534ab7b0-0498-422e-b71a-2f3aa57e2def'] response: {'server_uuid': '895eac23-2c41-43ba-8c9e-347bbc77c0e2', 'name': 'network-vif-deleted', 'tag': '500c1479-09c4-4fa6-89b3-d7d70e733a10', 'status': 'completed', 'code': 200}
2026-05-12 06:52:37.915 9 INFO neutron.wsgi [req-cd9f9fd9-40ce-4844-b34d-d69a647a9a90 req-f1a5490d-2ec8-4e60-9d82-ec2f443d0d96 4af778c84e4d4b7ba768cb66216990d1 2f1fb4c732d7452c8a00709c380369c3 - - default default] 10.0.0.169 "GET /v2.0/ports?device_id=ff0d0fe9-b2ef-452d-82e2-9fe677a69cbb HTTP/1.1" status: 200 len: 210 time: 0.0324197
2026-05-12 06:52:38.101 10 WARNING neutron.scheduler.dhcp_agent_scheduler [None req-906668f8-8f6c-45cc-9b2b-dc72a2335b90 f2bdc4e2d72b41659aa66d52ed005f8e 9069b46645da4748aabbb349bcc80f84 - - default default] No more DHCP agents
2026-05-12 06:52:38.106 10 WARNING neutron.api.rpc.agentnotifiers.dhcp_rpc_agent_api [None req-906668f8-8f6c-45cc-9b2b-dc72a2335b90 f2bdc4e2d72b41659aa66d52ed005f8e 9069b46645da4748aabbb349bcc80f84 - - default default] Unable to schedule network 322cd6ea-7886-4080-a8bc-99001ea948c2: no agents available; will retry on subsequent port and subnet creation events.
2026-05-12 06:52:38.206 10 INFO neutron.db.ovn_revision_numbers_db [None req-906668f8-8f6c-45cc-9b2b-dc72a2335b90 f2bdc4e2d72b41659aa66d52ed005f8e 9069b46645da4748aabbb349bcc80f84 - - default default] Successfully bumped revision number for resource 5ed9fcb8-5f63-4801-a42f-dc4bb6d9e01b (type: ports) to 1
2026-05-12 06:52:38.215 10 WARNING neutron.scheduler.dhcp_agent_scheduler [req-443c53b4-a8e2-4ccb-b8de-c4e152b251fe req-b41186c5-9f4a-422d-9040-00e01499143c 4af778c84e4d4b7ba768cb66216990d1 2f1fb4c732d7452c8a00709c380369c3 - - default default] No more DHCP agents
2026-05-12 06:52:38.219 10 WARNING neutron.api.rpc.agentnotifiers.dhcp_rpc_agent_api [req-443c53b4-a8e2-4ccb-b8de-c4e152b251fe req-b41186c5-9f4a-422d-9040-00e01499143c 4af778c84e4d4b7ba768cb66216990d1 2f1fb4c732d7452c8a00709c380369c3 - - default default] Unable to schedule network c0348f15-fc38-4205-ab64-c1beb99675dd: no agents available; will retry on subsequent port and subnet creation events.
2026-05-12 06:52:38.240 10 WARNING neutron.scheduler.dhcp_agent_scheduler [None req-906668f8-8f6c-45cc-9b2b-dc72a2335b90 f2bdc4e2d72b41659aa66d52ed005f8e 9069b46645da4748aabbb349bcc80f84 - - default default] No more DHCP agents
2026-05-12 06:52:38.249 10 WARNING neutron.api.rpc.agentnotifiers.dhcp_rpc_agent_api [None req-906668f8-8f6c-45cc-9b2b-dc72a2335b90 f2bdc4e2d72b41659aa66d52ed005f8e 9069b46645da4748aabbb349bcc80f84 - - default default] Unable to schedule network 9caa1f60-0b04-4f06-9e74-a30a6126244d: no agents available; will retry on subsequent port and subnet creation events.
2026-05-12 06:52:38.361 10 INFO neutron.db.ovn_revision_numbers_db [None req-906668f8-8f6c-45cc-9b2b-dc72a2335b90 f2bdc4e2d72b41659aa66d52ed005f8e 9069b46645da4748aabbb349bcc80f84 - - default default] Successfully bumped revision number for resource d84b4ae1-9eb1-44bb-a8b7-ebd5cdf752de (type: ports) to 1
2026-05-12 06:52:38.392 10 INFO neutron.wsgi [None req-906668f8-8f6c-45cc-9b2b-dc72a2335b90 f2bdc4e2d72b41659aa66d52ed005f8e 9069b46645da4748aabbb349bcc80f84 - - default default] 10.0.0.253 "POST /v2.0/ports HTTP/1.1" status: 201 len: 1705 time: 0.9598026 /var/lib/openstack/lib/python3.10/site-packages/pycadf/identifier.py:71: UserWarning: Invalid uuid: neutron. To ensure interoperability, identifiers should be a valid uuid. warnings.warn(('Invalid uuid: %s. To ensure interoperability, '
2026-05-12 06:52:38.432 10 INFO neutron.db.ovn_revision_numbers_db [req-443c53b4-a8e2-4ccb-b8de-c4e152b251fe req-b41186c5-9f4a-422d-9040-00e01499143c 4af778c84e4d4b7ba768cb66216990d1 2f1fb4c732d7452c8a00709c380369c3 - - default default] Successfully bumped revision number for resource 31a8cac9-431d-41a7-b44a-88e1d6190759 (type: ports) to 1
2026-05-12 06:52:38.456 10 INFO neutron.wsgi [req-443c53b4-a8e2-4ccb-b8de-c4e152b251fe req-b41186c5-9f4a-422d-9040-00e01499143c 4af778c84e4d4b7ba768cb66216990d1 2f1fb4c732d7452c8a00709c380369c3 - - default default] 199.204.45.235 "POST /v2.0/ports HTTP/1.1" status: 201 len: 1158 time: 0.6696765
2026-05-12 06:52:38.542 10 INFO neutron.wsgi [None req-71e9c105-7ca7-43a3-9f8d-aa43d6060c07 819355b92ea949478dd037ca485cf3d6 a1c5a86d5c804eefb065eaa36d71e66e - - default default] 10.0.0.253 "DELETE /v2.0/security-groups/b86e5fe7-d1fd-49c6-8378-749a4c8aac22 HTTP/1.1" status: 204 len: 168 time: 0.1473162
2026-05-12 06:52:38.562 10 INFO neutron.api.v2.resource [None req-843d2a9c-5040-4bc6-8f38-79588aea5afe 819355b92ea949478dd037ca485cf3d6 a1c5a86d5c804eefb065eaa36d71e66e - - default default] show failed (client error): The resource could not be found.
2026-05-12 06:52:38.562 10 INFO neutron.wsgi [None req-843d2a9c-5040-4bc6-8f38-79588aea5afe 819355b92ea949478dd037ca485cf3d6 a1c5a86d5c804eefb065eaa36d71e66e - - default default] 10.0.0.253 "GET /v2.0/security-groups/b86e5fe7-d1fd-49c6-8378-749a4c8aac22 HTTP/1.1" status: 404 len: 347 time: 0.0094888
2026-05-12 06:52:38.605 9 INFO neutron.wsgi [None req-b50c9c9c-9057-46c2-87a7-392f1ab643e2 f2bdc4e2d72b41659aa66d52ed005f8e 9069b46645da4748aabbb349bcc80f84 - - default default] 10.0.0.253 "GET /v2.0/ports HTTP/1.1" status: 200 len: 3212 time: 0.1993203
2026-05-12 06:52:38.965 9 INFO neutron.wsgi [None req-68aa4270-ce4b-4bdc-ac59-5500e32b830b f2bdc4e2d72b41659aa66d52ed005f8e 9069b46645da4748aabbb349bcc80f84 - - default default] 10.0.0.253 "DELETE /v2.0/ports/5ed9fcb8-5f63-4801-a42f-dc4bb6d9e01b HTTP/1.1" status: 204 len: 168 time: 0.3567493
2026-05-12 06:52:39.137 10 INFO neutron.wsgi [req-7f6661a7-1810-4be6-985e-8b4c114baa89 req-127b41e2-20fa-4938-9769-ed17523b5ac9 4af778c84e4d4b7ba768cb66216990d1 2f1fb4c732d7452c8a00709c380369c3 - - default default] 10.0.0.169 "GET /v2.0/ports?device_id=ff0d0fe9-b2ef-452d-82e2-9fe677a69cbb HTTP/1.1" status: 200 len: 1168 time: 0.1321063 /var/lib/openstack/lib/python3.10/site-packages/pycadf/identifier.py:71: UserWarning: Invalid uuid: neutron. To ensure interoperability, identifiers should be a valid uuid. warnings.warn(('Invalid uuid: %s. To ensure interoperability, '
2026-05-12 06:52:39.222 10 INFO neutron.wsgi [req-7f6661a7-1810-4be6-985e-8b4c114baa89 req-9a6561f0-44cf-48ff-bcc5-d8f2d7865eff 4af778c84e4d4b7ba768cb66216990d1 2f1fb4c732d7452c8a00709c380369c3 - - default default] 10.0.0.169 "GET /v2.0/security-groups?id=5a915108-5c65-4bbf-a624-b7953dd8b733&fields=id&fields=name HTTP/1.1" status: 200 len: 313 time: 0.0768268
2026-05-12 06:52:39.236 10 INFO neutron.db.ovn_revision_numbers_db [req-443c53b4-a8e2-4ccb-b8de-c4e152b251fe req-8599900f-f0a0-495b-93fb-2b914be8fcd3 30164aa1ac0d458195ef529a82fe903d 1c9d341739b346fb9397045d27ec30e1 - - a7e71ca817e243b38e6fff875d8e0087 a7e71ca817e243b38e6fff875d8e0087] Successfully bumped revision number for resource 31a8cac9-431d-41a7-b44a-88e1d6190759 (type: ports) to 2
2026-05-12 06:52:39.243 9 INFO neutron.wsgi [None req-4d050790-a890-49fa-b35e-577d5cac6b82 b21ba0208f24448fa7d1a3f68b4b6200 a41f40722aaa4c3bbf8603632511e87c - - default default] 10.0.0.253 "PUT /v2.0/routers/13ecacbc-4733-46ea-abbf-b9db71bd75d6/remove_router_interface HTTP/1.1" status: 200 len: 503 time: 1.7742727
2026-05-12 06:52:39.289 9 INFO neutron.wsgi [None req-a425c8f1-0303-4a5b-af39-edc9f4c616d4 f2bdc4e2d72b41659aa66d52ed005f8e 9069b46645da4748aabbb349bcc80f84 - - default default] 10.0.0.253 "DELETE /v2.0/ports/d84b4ae1-9eb1-44bb-a8b7-ebd5cdf752de HTTP/1.1" status: 204 len: 168 time: 0.3198342 /var/lib/openstack/lib/python3.10/site-packages/pycadf/identifier.py:71: UserWarning: Invalid uuid: neutron. To ensure interoperability, identifiers should be a valid uuid. warnings.warn(('Invalid uuid: %s. To ensure interoperability, '
2026-05-12 06:52:39.316 10 INFO neutron.wsgi [None req-ed2d395e-6a5c-4d9e-a670-9263f97541a1 819355b92ea949478dd037ca485cf3d6 a1c5a86d5c804eefb065eaa36d71e66e - - default default] 10.0.0.253 "DELETE /v2.0/floatingips/36f031ee-e61d-4834-b438-00401653e4c9 HTTP/1.1" status: 204 len: 168 time: 0.7492931
2026-05-12 06:52:39.340 9 INFO neutron.wsgi [None req-225ec6ff-aa13-4bf7-b5ae-933f65cdb531 f2bdc4e2d72b41659aa66d52ed005f8e 9069b46645da4748aabbb349bcc80f84 - - default default] 10.0.0.253 "GET /v2.0/ports HTTP/1.1" status: 200 len: 1718 time: 0.0458252
2026-05-12 06:52:39.349 9 WARNING neutron_lib.context [None req-7f91f6f4-c696-4dc2-81ef-f1358d26fde9 f2bdc4e2d72b41659aa66d52ed005f8e 9069b46645da4748aabbb349bcc80f84 - - default default] Method 'is_advsvc' is deprecated since 2023.2 release (neutron-lib 3.8.0) and will be removed once support for the old RBAC API policies will be removed from Neutron. Please use method 'is_service_role' instead.
2026-05-12 06:52:39.461 9 INFO neutron.db.segments_db [None req-7f91f6f4-c696-4dc2-81ef-f1358d26fde9 f2bdc4e2d72b41659aa66d52ed005f8e 9069b46645da4748aabbb349bcc80f84 - - default default] Added segment 4539a179-457b-45a5-9327-60e663abec1b of type geneve for network 74f3810d-5f9a-4cc5-b215-95125e13f9cf
2026-05-12 06:52:39.538 10 INFO neutron.db.ovn_revision_numbers_db [req-443c53b4-a8e2-4ccb-b8de-c4e152b251fe req-8599900f-f0a0-495b-93fb-2b914be8fcd3 30164aa1ac0d458195ef529a82fe903d 1c9d341739b346fb9397045d27ec30e1 - - a7e71ca817e243b38e6fff875d8e0087 a7e71ca817e243b38e6fff875d8e0087] Successfully bumped revision number for resource 31a8cac9-431d-41a7-b44a-88e1d6190759 (type: ports) to 2
2026-05-12 06:52:39.556 10 INFO neutron.wsgi [req-443c53b4-a8e2-4ccb-b8de-c4e152b251fe req-8599900f-f0a0-495b-93fb-2b914be8fcd3 30164aa1ac0d458195ef529a82fe903d 1c9d341739b346fb9397045d27ec30e1 - - a7e71ca817e243b38e6fff875d8e0087 a7e71ca817e243b38e6fff875d8e0087] 199.204.45.235 "PUT /v2.0/ports/31a8cac9-431d-41a7-b44a-88e1d6190759 HTTP/1.1" status: 200 len: 1376 time: 1.0891690 /var/lib/openstack/lib/python3.10/site-packages/pycadf/identifier.py:71: UserWarning: Invalid uuid: neutron. To ensure interoperability, identifiers should be a valid uuid. warnings.warn(('Invalid uuid: %s. To ensure interoperability, '
2026-05-12 06:52:39.647 10 INFO neutron.wsgi [req-443c53b4-a8e2-4ccb-b8de-c4e152b251fe req-23ac742c-4a3e-4acb-8a21-21689c53b4a3 30164aa1ac0d458195ef529a82fe903d 1c9d341739b346fb9397045d27ec30e1 - - a7e71ca817e243b38e6fff875d8e0087 a7e71ca817e243b38e6fff875d8e0087] 199.204.45.235 "GET /v2.0/ports?tenant_id=2f1fb4c732d7452c8a00709c380369c3&device_id=ff0d0fe9-b2ef-452d-82e2-9fe677a69cbb HTTP/1.1" status: 200 len: 1407 time: 0.0505054
2026-05-12 06:52:39.669 9 INFO neutron.db.ovn_revision_numbers_db [None req-7f91f6f4-c696-4dc2-81ef-f1358d26fde9 f2bdc4e2d72b41659aa66d52ed005f8e 9069b46645da4748aabbb349bcc80f84 - - default default] Successfully bumped revision number for resource 74f3810d-5f9a-4cc5-b215-95125e13f9cf (type: networks) to 1
2026-05-12 06:52:39.677 10 INFO neutron.wsgi [req-443c53b4-a8e2-4ccb-b8de-c4e152b251fe req-3b4f6c93-3025-40ab-a825-85cddc22d5b5 30164aa1ac0d458195ef529a82fe903d 1c9d341739b346fb9397045d27ec30e1 - - a7e71ca817e243b38e6fff875d8e0087 a7e71ca817e243b38e6fff875d8e0087] 199.204.45.235 "GET /v2.0/floatingips?fixed_ip_address=10.100.0.9&port_id=31a8cac9-431d-41a7-b44a-88e1d6190759 HTTP/1.1" status: 200 len: 217 time: 0.0237923
2026-05-12 06:52:39.740 10 INFO neutron.wsgi [req-443c53b4-a8e2-4ccb-b8de-c4e152b251fe req-1506399b-de8f-4126-8f3c-29645da9620c 30164aa1ac0d458195ef529a82fe903d 1c9d341739b346fb9397045d27ec30e1 - - a7e71ca817e243b38e6fff875d8e0087 a7e71ca817e243b38e6fff875d8e0087] 199.204.45.235 "GET /v2.0/subnets?id=31180b8f-9650-42a5-a030-7008a81b7fef HTTP/1.1" status: 200 len: 868 time: 0.0592427
2026-05-12 06:52:39.781 10 INFO neutron.wsgi [req-443c53b4-a8e2-4ccb-b8de-c4e152b251fe req-b4d70301-4027-4ad9-bc8c-0880bf41d929 30164aa1ac0d458195ef529a82fe903d 1c9d341739b346fb9397045d27ec30e1 - - a7e71ca817e243b38e6fff875d8e0087 a7e71ca817e243b38e6fff875d8e0087] 199.204.45.235 "GET /v2.0/ports?network_id=c0348f15-fc38-4205-ab64-c1beb99675dd&device_owner=network%3Adhcp HTTP/1.1" status: 200 len: 210 time: 0.0361009
2026-05-12 06:52:39.858 10 INFO neutron.wsgi [req-443c53b4-a8e2-4ccb-b8de-c4e152b251fe req-be4b7fd4-b594-4e6f-b4a9-e0484a481f46 30164aa1ac0d458195ef529a82fe903d 1c9d341739b346fb9397045d27ec30e1 - - a7e71ca817e243b38e6fff875d8e0087 a7e71ca817e243b38e6fff875d8e0087] 199.204.45.235 "GET /v2.0/networks/c0348f15-fc38-4205-ab64-c1beb99675dd?fields=segments HTTP/1.1" status: 200 len: 212 time: 0.0720329
2026-05-12 06:52:39.866 10 INFO neutron.notifiers.nova [-] Nova event matching ['req-c503b707-680d-4b2b-aeba-b4c6418ed5b7'] response: {'name': 'network-changed', 'server_uuid': 'ff0d0fe9-b2ef-452d-82e2-9fe677a69cbb', 'tag': '31a8cac9-431d-41a7-b44a-88e1d6190759', 'status': 'completed', 'code': 200}
2026-05-12 06:52:39.894 9 WARNING neutron.scheduler.dhcp_agent_scheduler [None req-7f91f6f4-c696-4dc2-81ef-f1358d26fde9 f2bdc4e2d72b41659aa66d52ed005f8e 9069b46645da4748aabbb349bcc80f84 - - default default] No more DHCP agents
2026-05-12 06:52:39.897 9 WARNING neutron.api.rpc.agentnotifiers.dhcp_rpc_agent_api [None req-7f91f6f4-c696-4dc2-81ef-f1358d26fde9 f2bdc4e2d72b41659aa66d52ed005f8e 9069b46645da4748aabbb349bcc80f84 - - default default] Unable to schedule network 74f3810d-5f9a-4cc5-b215-95125e13f9cf: no agents available; will retry on subsequent port and subnet creation events.
2026-05-12 06:52:39.961 10 INFO neutron.wsgi [req-443c53b4-a8e2-4ccb-b8de-c4e152b251fe req-18bde5d9-0350-491f-ae6c-f29b32c52e10 30164aa1ac0d458195ef529a82fe903d 1c9d341739b346fb9397045d27ec30e1 - - a7e71ca817e243b38e6fff875d8e0087 a7e71ca817e243b38e6fff875d8e0087] 199.204.45.235 "GET /v2.0/networks/c0348f15-fc38-4205-ab64-c1beb99675dd?fields=provider%3Aphysical_network&fields=provider%3Anetwork_type HTTP/1.1" status: 200 len: 277 time: 0.0943949
2026-05-12 06:52:40.020 9 INFO neutron.db.ovn_revision_numbers_db [None req-7f91f6f4-c696-4dc2-81ef-f1358d26fde9 f2bdc4e2d72b41659aa66d52ed005f8e 9069b46645da4748aabbb349bcc80f84 - - default default] Successfully bumped revision number for resource f184e575-6b5a-4e7e-95f1-50ec1eb32064 (type: ports) to 1
2026-05-12 06:52:40.055 9 INFO neutron.wsgi [None req-7f91f6f4-c696-4dc2-81ef-f1358d26fde9 f2bdc4e2d72b41659aa66d52ed005f8e 9069b46645da4748aabbb349bcc80f84 - - default default] 10.0.0.253 "POST /v2.0/networks HTTP/1.1" status: 201 len: 853 time: 0.7103748
2026-05-12 06:52:40.068 10 WARNING neutron_lib.context [None req-d6139a26-006f-4055-a76f-aee3382bae51 f2bdc4e2d72b41659aa66d52ed005f8e 9069b46645da4748aabbb349bcc80f84 - - default default] Method 'is_advsvc' is deprecated since 2023.2 release (neutron-lib 3.8.0) and will be removed once support for the old RBAC API policies will be removed from Neutron. Please use method 'is_service_role' instead.
2026-05-12 06:52:40.076 10 INFO neutron.wsgi [req-876012f0-3921-4ff2-ad1b-be8b644aa5fd req-a78e3442-c0e2-4bc5-88c6-1264695378cb 30164aa1ac0d458195ef529a82fe903d 1c9d341739b346fb9397045d27ec30e1 - - a7e71ca817e243b38e6fff875d8e0087 a7e71ca817e243b38e6fff875d8e0087] 199.204.45.235 "GET /v2.0/ports?tenant_id=2f1fb4c732d7452c8a00709c380369c3&device_id=ff0d0fe9-b2ef-452d-82e2-9fe677a69cbb HTTP/1.1" status: 200 len: 1407 time: 0.0703671
2026-05-12 06:52:40.170 9 INFO neutron.plugins.ml2.drivers.ovn.mech_driver.mech_driver [None req-75e7a955-8b25-4a8d-8b56-85627a188632 - - - - - -] OVN reports status up for port: 31a8cac9-431d-41a7-b44a-88e1d6190759
2026-05-12 06:52:40.227 9 INFO neutron.plugins.ml2.plugin [None req-75e7a955-8b25-4a8d-8b56-85627a188632 - - - - - -] Attempt 1 to provision port 31a8cac9-431d-41a7-b44a-88e1d6190759
2026-05-12 06:52:40.233 10 INFO neutron.wsgi [req-876012f0-3921-4ff2-ad1b-be8b644aa5fd req-cbfa2ecb-8f6d-486b-afa4-5258f869bb87 30164aa1ac0d458195ef529a82fe903d 1c9d341739b346fb9397045d27ec30e1 - - a7e71ca817e243b38e6fff875d8e0087 a7e71ca817e243b38e6fff875d8e0087] 199.204.45.235 "GET /v2.0/networks?id=c0348f15-fc38-4205-ab64-c1beb99675dd HTTP/1.1" status: 200 len: 973 time: 0.1423340
2026-05-12 06:52:40.292 10 INFO neutron.wsgi [req-876012f0-3921-4ff2-ad1b-be8b644aa5fd req-8a5863a1-0c6b-480b-b8e1-1825f61b3549 30164aa1ac0d458195ef529a82fe903d 1c9d341739b346fb9397045d27ec30e1 - - a7e71ca817e243b38e6fff875d8e0087 a7e71ca817e243b38e6fff875d8e0087] 199.204.45.235 "GET /v2.0/floatingips?fixed_ip_address=10.100.0.9&port_id=31a8cac9-431d-41a7-b44a-88e1d6190759 HTTP/1.1" status: 200 len: 217 time: 0.0491309
2026-05-12 06:52:40.306 10 INFO neutron.db.segments_db [None req-d6139a26-006f-4055-a76f-aee3382bae51 f2bdc4e2d72b41659aa66d52ed005f8e 9069b46645da4748aabbb349bcc80f84 - - default default] Added segment 398b00ff-b12d-4869-aa13-70b65b794def of type geneve for network bbcf8055-26d6-4367-b338-891b3f8f486f
2026-05-12 06:52:40.605 10 INFO neutron.wsgi [req-dc430e8c-91f1-4f31-8e48-fbac4b7f4947 req-e659a59b-2752-4f09-be60-8c2bd592220e 4af778c84e4d4b7ba768cb66216990d1 2f1fb4c732d7452c8a00709c380369c3 - - default default] 10.0.0.169 "GET /v2.0/ports?device_id=ff0d0fe9-b2ef-452d-82e2-9fe677a69cbb HTTP/1.1" status: 200 len: 1168 time: 0.2992151
2026-05-12 06:52:40.625 10 INFO neutron.wsgi [req-876012f0-3921-4ff2-ad1b-be8b644aa5fd req-3b9298a0-1021-46a5-bc6f-b8813aa63bbe 30164aa1ac0d458195ef529a82fe903d 1c9d341739b346fb9397045d27ec30e1 - - a7e71ca817e243b38e6fff875d8e0087 a7e71ca817e243b38e6fff875d8e0087] 199.204.45.235 "GET /v2.0/subnets?id=31180b8f-9650-42a5-a030-7008a81b7fef HTTP/1.1" status: 200 len: 868 time: 0.3203712
2026-05-12 06:52:40.677 10 INFO neutron.wsgi [req-876012f0-3921-4ff2-ad1b-be8b644aa5fd req-2e998136-a6a1-40eb-9197-8b8bb45e67df 30164aa1ac0d458195ef529a82fe903d 1c9d341739b346fb9397045d27ec30e1 - - a7e71ca817e243b38e6fff875d8e0087 a7e71ca817e243b38e6fff875d8e0087] 199.204.45.235 "GET /v2.0/ports?network_id=c0348f15-fc38-4205-ab64-c1beb99675dd&device_owner=network%3Adhcp HTTP/1.1" status: 200 len: 210 time: 0.0415611
2026-05-12 06:52:40.683 10 INFO neutron.wsgi [None req-30230e11-ee70-47c4-bf6f-be1e83f1b2ef b21ba0208f24448fa7d1a3f68b4b6200 a41f40722aaa4c3bbf8603632511e87c - - default default] 10.0.0.253 "DELETE /v2.0/routers/13ecacbc-4733-46ea-abbf-b9db71bd75d6 HTTP/1.1" status: 204 len: 168 time: 1.4341052
2026-05-12 06:52:40.763 10 INFO neutron.wsgi [req-dc430e8c-91f1-4f31-8e48-fbac4b7f4947 req-1e1c0069-602d-42e7-ae57-569c7db6a55c 4af778c84e4d4b7ba768cb66216990d1 2f1fb4c732d7452c8a00709c380369c3 - - default default] 10.0.0.169 "GET /v2.0/security-groups?id=5a915108-5c65-4bbf-a624-b7953dd8b733&fields=id&fields=name HTTP/1.1" status: 200 len: 313 time: 0.1463835
2026-05-12 06:52:40.831 10 INFO neutron.db.ovn_revision_numbers_db [None req-d6139a26-006f-4055-a76f-aee3382bae51 f2bdc4e2d72b41659aa66d52ed005f8e 9069b46645da4748aabbb349bcc80f84 - - default default] Successfully bumped revision number for resource bbcf8055-26d6-4367-b338-891b3f8f486f (type: networks) to 1
2026-05-12 06:52:40.837 10 INFO neutron.wsgi [req-876012f0-3921-4ff2-ad1b-be8b644aa5fd req-7e006305-e814-44b9-9087-c1c03e0c3281 30164aa1ac0d458195ef529a82fe903d 1c9d341739b346fb9397045d27ec30e1 - - a7e71ca817e243b38e6fff875d8e0087 a7e71ca817e243b38e6fff875d8e0087] 199.204.45.235 "GET /v2.0/networks/c0348f15-fc38-4205-ab64-c1beb99675dd?fields=segments HTTP/1.1" status: 200 len: 212 time: 0.1526337
2026-05-12 06:52:40.898 9 INFO neutron.notifiers.nova [-] Nova event matching ['req-eae72777-5027-4d5b-995c-473a76f484a0'] response: {'server_uuid': 'ff0d0fe9-b2ef-452d-82e2-9fe677a69cbb', 'name': 'network-vif-plugged', 'status': 'completed', 'tag': '31a8cac9-431d-41a7-b44a-88e1d6190759', 'code': 200}
2026-05-12 06:52:40.988 10 INFO neutron.wsgi [req-876012f0-3921-4ff2-ad1b-be8b644aa5fd req-be9d3f80-f8ac-4752-9f80-eff98cfdf127 30164aa1ac0d458195ef529a82fe903d 1c9d341739b346fb9397045d27ec30e1 - - a7e71ca817e243b38e6fff875d8e0087 a7e71ca817e243b38e6fff875d8e0087] 199.204.45.235 "GET /v2.0/networks/c0348f15-fc38-4205-ab64-c1beb99675dd?fields=provider%3Aphysical_network&fields=provider%3Anetwork_type HTTP/1.1" status: 200 len: 277 time: 0.1266112
2026-05-12 06:52:41.102 10 INFO neutron.wsgi [None req-fbf515fc-92c7-4dd2-abe9-84f71c807d5c b21ba0208f24448fa7d1a3f68b4b6200 a41f40722aaa4c3bbf8603632511e87c - - default default] 10.0.0.253 "DELETE /v2.0/subnets/b72ea4fc-8e9c-43e6-9583-ee848227d518 HTTP/1.1" status: 204 len: 168 time: 0.4016600
2026-05-12 06:52:41.145 9 INFO neutron.db.ovn_revision_numbers_db [None req-75e7a955-8b25-4a8d-8b56-85627a188632 - - - - - -] Successfully bumped revision number for resource 31a8cac9-431d-41a7-b44a-88e1d6190759 (type: ports) to 4
2026-05-12 06:52:41.165 10 WARNING neutron.scheduler.dhcp_agent_scheduler [None req-d6139a26-006f-4055-a76f-aee3382bae51 f2bdc4e2d72b41659aa66d52ed005f8e 9069b46645da4748aabbb349bcc80f84 - - default default] No more DHCP agents
