May 11 05:45:23.620593 np0000173415 neutron-periodic-workers[105082]: DEBUG cotyledon.oslo_config_glue [-] network_log.rate_limit = 100 {{(pid=105082) log_opt_values /opt/stack/data/venv/lib/python3.12/site-packages/oslo_config/cfg.py:3006}}
May 11 05:45:23.620723 np0000173415 neutron-periodic-workers[105082]: DEBUG cotyledon.oslo_config_glue [-] database.asyncio_connection = **** {{(pid=105082) log_opt_values /opt/stack/data/venv/lib/python3.12/site-packages/oslo_config/cfg.py:3006}}
May 11 05:45:23.620834 np0000173415 neutron-periodic-workers[105082]: DEBUG cotyledon.oslo_config_glue [-] database.asyncio_slave_connection = **** {{(pid=105082) log_opt_values /opt/stack/data/venv/lib/python3.12/site-packages/oslo_config/cfg.py:3006}}
May 11 05:45:23.620957 np0000173415 neutron-periodic-workers[105082]: DEBUG cotyledon.oslo_config_glue [-] database.backend = sqlalchemy {{(pid=105082) log_opt_values /opt/stack/data/venv/lib/python3.12/site-packages/oslo_config/cfg.py:3006}}
May 11 05:45:23.621076 np0000173415 neutron-periodic-workers[105082]: DEBUG cotyledon.oslo_config_glue [-] database.connection = **** {{(pid=105082) log_opt_values /opt/stack/data/venv/lib/python3.12/site-packages/oslo_config/cfg.py:3006}}
May 11 05:45:23.621195 np0000173415 neutron-periodic-workers[105082]: DEBUG cotyledon.oslo_config_glue [-] database.connection_debug = 0 {{(pid=105082) log_opt_values /opt/stack/data/venv/lib/python3.12/site-packages/oslo_config/cfg.py:3006}}
May 11 05:45:23.621313 np0000173415 neutron-periodic-workers[105082]: DEBUG cotyledon.oslo_config_glue [-] database.connection_parameters = {{(pid=105082) log_opt_values /opt/stack/data/venv/lib/python3.12/site-packages/oslo_config/cfg.py:3006}}
May 11 05:45:23.621426 np0000173415 neutron-periodic-workers[105082]: DEBUG cotyledon.oslo_config_glue [-] database.connection_recycle_time = 3600 {{(pid=105082) log_opt_values /opt/stack/data/venv/lib/python3.12/site-packages/oslo_config/cfg.py:3006}}
May 11 05:45:23.621525 np0000173415 neutron-periodic-workers[105082]: DEBUG cotyledon.oslo_config_glue [-] database.connection_trace = False {{(pid=105082) log_opt_values /opt/stack/data/venv/lib/python3.12/site-packages/oslo_config/cfg.py:3006}}
May 11 05:45:23.621624 np0000173415 neutron-periodic-workers[105082]: DEBUG cotyledon.oslo_config_glue [-] database.db_inc_retry_interval = True {{(pid=105082) log_opt_values /opt/stack/data/venv/lib/python3.12/site-packages/oslo_config/cfg.py:3006}}
May 11 05:45:23.621730 np0000173415 neutron-periodic-workers[105082]: DEBUG cotyledon.oslo_config_glue [-] database.db_max_retries = 20 {{(pid=105082) log_opt_values /opt/stack/data/venv/lib/python3.12/site-packages/oslo_config/cfg.py:3006}}
May 11 05:45:23.621834 np0000173415 neutron-periodic-workers[105082]: DEBUG cotyledon.oslo_config_glue [-] database.db_max_retry_interval = 10 {{(pid=105082) log_opt_values /opt/stack/data/venv/lib/python3.12/site-packages/oslo_config/cfg.py:3006}}
May 11 05:45:23.621944 np0000173415 neutron-periodic-workers[105082]: DEBUG cotyledon.oslo_config_glue [-] database.db_retry_interval = 1 {{(pid=105082) log_opt_values /opt/stack/data/venv/lib/python3.12/site-packages/oslo_config/cfg.py:3006}}
May 11 05:45:23.622083 np0000173415 neutron-periodic-workers[105082]: DEBUG cotyledon.oslo_config_glue [-] database.max_overflow = 50 {{(pid=105082) log_opt_values /opt/stack/data/venv/lib/python3.12/site-packages/oslo_config/cfg.py:3006}}
May 11 05:45:23.622219 np0000173415 neutron-periodic-workers[105082]: DEBUG cotyledon.oslo_config_glue [-] database.max_pool_size = 5 {{(pid=105082) log_opt_values /opt/stack/data/venv/lib/python3.12/site-packages/oslo_config/cfg.py:3006}}
May 11 05:45:23.622336 np0000173415 neutron-periodic-workers[105082]: DEBUG cotyledon.oslo_config_glue [-] database.max_retries = 10 {{(pid=105082) log_opt_values /opt/stack/data/venv/lib/python3.12/site-packages/oslo_config/cfg.py:3006}}
May 11 05:45:23.622425 np0000173415 neutron-periodic-workers[105082]: DEBUG cotyledon.oslo_config_glue [-] database.mysql_sql_mode = TRADITIONAL {{(pid=105082) log_opt_values /opt/stack/data/venv/lib/python3.12/site-packages/oslo_config/cfg.py:3006}}
May 11 05:45:23.622497 np0000173415 neutron-periodic-workers[105082]: DEBUG cotyledon.oslo_config_glue [-] database.mysql_wsrep_sync_wait = None {{(pid=105082) log_opt_values /opt/stack/data/venv/lib/python3.12/site-packages/oslo_config/cfg.py:3006}}
May 11 05:45:23.622564 np0000173415 neutron-periodic-workers[105082]: DEBUG cotyledon.oslo_config_glue [-] database.pool_timeout = None {{(pid=105082) log_opt_values /opt/stack/data/venv/lib/python3.12/site-packages/oslo_config/cfg.py:3006}}
May 11 05:45:23.622634 np0000173415 neutron-periodic-workers[105082]: DEBUG cotyledon.oslo_config_glue [-] database.retry_interval = 10 {{(pid=105082) log_opt_values /opt/stack/data/venv/lib/python3.12/site-packages/oslo_config/cfg.py:3006}}
May 11 05:45:23.622704 np0000173415 neutron-periodic-workers[105082]: DEBUG cotyledon.oslo_config_glue [-] database.slave_connection = **** {{(pid=105082) log_opt_values /opt/stack/data/venv/lib/python3.12/site-packages/oslo_config/cfg.py:3006}}
May 11 05:45:23.622777 np0000173415 neutron-periodic-workers[105082]: DEBUG cotyledon.oslo_config_glue [-] database.sqlite_synchronous = True {{(pid=105082) log_opt_values /opt/stack/data/venv/lib/python3.12/site-packages/oslo_config/cfg.py:3006}}
May 11 05:45:23.622862 np0000173415 neutron-periodic-workers[105082]: DEBUG cotyledon.oslo_config_glue [-] database.synchronous_reader = True {{(pid=105082) log_opt_values /opt/stack/data/venv/lib/python3.12/site-packages/oslo_config/cfg.py:3006}}
May 11 05:45:23.622935 np0000173415 neutron-periodic-workers[105082]: DEBUG cotyledon.oslo_config_glue [-] database.use_db_reconnect = False {{(pid=105082) log_opt_values /opt/stack/data/venv/lib/python3.12/site-packages/oslo_config/cfg.py:3006}}
May 11 05:45:23.623047 np0000173415 neutron-periodic-workers[105082]: DEBUG cotyledon.oslo_config_glue [-] ovn.bfd_min_rx = 1000 {{(pid=105082) log_opt_values /opt/stack/data/venv/lib/python3.12/site-packages/oslo_config/cfg.py:3006}}
May 11 05:45:23.623123 np0000173415 neutron-periodic-workers[105082]: DEBUG cotyledon.oslo_config_glue [-] ovn.bfd_min_tx = 100 {{(pid=105082) log_opt_values /opt/stack/data/venv/lib/python3.12/site-packages/oslo_config/cfg.py:3006}}
May 11 05:45:23.623224 np0000173415 neutron-periodic-workers[105082]: DEBUG cotyledon.oslo_config_glue [-] ovn.bfd_mult = 3 {{(pid=105082) log_opt_values /opt/stack/data/venv/lib/python3.12/site-packages/oslo_config/cfg.py:3006}}
May 11 05:45:23.623289 np0000173415 neutron-periodic-workers[105082]: DEBUG cotyledon.oslo_config_glue [-] ovn.broadcast_arps_to_all_routers = True {{(pid=105082) log_opt_values /opt/stack/data/venv/lib/python3.12/site-packages/oslo_config/cfg.py:3006}}
May 11 05:45:23.623448 np0000173415 neutron-periodic-workers[105082]: DEBUG cotyledon.oslo_config_glue [-] ovn.dhcp_default_lease_time = 43200 {{(pid=105082) log_opt_values /opt/stack/data/venv/lib/python3.12/site-packages/oslo_config/cfg.py:3006}}
May 11 05:45:23.623553 np0000173415 neutron-periodic-workers[105082]: DEBUG cotyledon.oslo_config_glue [-] ovn.disable_ovn_dhcp_for_baremetal_ports = False {{(pid=105082) log_opt_values /opt/stack/data/venv/lib/python3.12/site-packages/oslo_config/cfg.py:3006}}
May 11 05:45:23.623709 np0000173415 neutron-periodic-workers[105082]: DEBUG cotyledon.oslo_config_glue [-] ovn.dns_records_ovn_owned = False {{(pid=105082) log_opt_values /opt/stack/data/venv/lib/python3.12/site-packages/oslo_config/cfg.py:3006}}
May 11 05:45:23.623836 np0000173415 neutron-periodic-workers[105082]: DEBUG cotyledon.oslo_config_glue [-] ovn.dns_servers = [] {{(pid=105082) log_opt_values /opt/stack/data/venv/lib/python3.12/site-packages/oslo_config/cfg.py:3006}}
May 11 05:45:23.623951 np0000173415 neutron-periodic-workers[105082]: DEBUG cotyledon.oslo_config_glue [-] ovn.enable_distributed_floating_ip = False {{(pid=105082) log_opt_values /opt/stack/data/venv/lib/python3.12/site-packages/oslo_config/cfg.py:3006}}
May 11 05:45:23.624072 np0000173415 neutron-periodic-workers[105082]: DEBUG cotyledon.oslo_config_glue [-] ovn.fdb_age_threshold = 300 {{(pid=105082) log_opt_values /opt/stack/data/venv/lib/python3.12/site-packages/oslo_config/cfg.py:3006}}
May 11 05:45:23.624197 np0000173415 neutron-periodic-workers[105082]: DEBUG cotyledon.oslo_config_glue [-] ovn.ha_failover_strategy = normal {{(pid=105082) log_opt_values /opt/stack/data/venv/lib/python3.12/site-packages/oslo_config/cfg.py:3006}}
May 11 05:45:23.624319 np0000173415 neutron-periodic-workers[105082]: DEBUG cotyledon.oslo_config_glue [-] ovn.live_migration_activation_strategy = rarp {{(pid=105082) log_opt_values /opt/stack/data/venv/lib/python3.12/site-packages/oslo_config/cfg.py:3006}}
May 11 05:45:23.624434 np0000173415 neutron-periodic-workers[105082]: DEBUG cotyledon.oslo_config_glue [-] ovn.localnet_learn_fdb = False {{(pid=105082) log_opt_values /opt/stack/data/venv/lib/python3.12/site-packages/oslo_config/cfg.py:3006}}
May 11 05:45:23.624544 np0000173415 neutron-periodic-workers[105082]: DEBUG cotyledon.oslo_config_glue [-] ovn.mac_binding_age_threshold = 300 {{(pid=105082) log_opt_values /opt/stack/data/venv/lib/python3.12/site-packages/oslo_config/cfg.py:3006}}
May 11 05:45:23.624673 np0000173415 neutron-periodic-workers[105082]: DEBUG cotyledon.oslo_config_glue [-] ovn.neutron_sync_mode = log {{(pid=105082) log_opt_values /opt/stack/data/venv/lib/python3.12/site-packages/oslo_config/cfg.py:3006}}
May 11 05:45:23.624800 np0000173415 neutron-periodic-workers[105082]: DEBUG cotyledon.oslo_config_glue [-] ovn.ovn_dhcp4_global_options = {} {{(pid=105082) log_opt_values /opt/stack/data/venv/lib/python3.12/site-packages/oslo_config/cfg.py:3006}}
May 11 05:45:23.624917 np0000173415 neutron-periodic-workers[105082]: DEBUG cotyledon.oslo_config_glue [-] ovn.ovn_dhcp6_global_options = {} {{(pid=105082) log_opt_values /opt/stack/data/venv/lib/python3.12/site-packages/oslo_config/cfg.py:3006}}
May 11 05:45:23.625040 np0000173415 neutron-periodic-workers[105082]: DEBUG cotyledon.oslo_config_glue [-] ovn.ovn_l3_scheduler = leastloaded {{(pid=105082) log_opt_values /opt/stack/data/venv/lib/python3.12/site-packages/oslo_config/cfg.py:3006}}
May 11 05:45:23.625161 np0000173415 neutron-periodic-workers[105082]: DEBUG cotyledon.oslo_config_glue [-] ovn.ovn_metadata_enabled = True {{(pid=105082) log_opt_values /opt/stack/data/venv/lib/python3.12/site-packages/oslo_config/cfg.py:3006}}
May 11 05:45:23.625288 np0000173415 neutron-periodic-workers[105082]: DEBUG cotyledon.oslo_config_glue [-] ovn.ovn_nb_ca_cert = /opt/stack/data/CA/int-ca/ca-chain.pem {{(pid=105082) log_opt_values /opt/stack/data/venv/lib/python3.12/site-packages/oslo_config/cfg.py:3006}}
May 11 05:45:23.625402 np0000173415 neutron-periodic-workers[105082]: DEBUG cotyledon.oslo_config_glue [-] ovn.ovn_nb_certificate = /opt/stack/data/CA/int-ca/devstack-cert.crt {{(pid=105082) log_opt_values /opt/stack/data/venv/lib/python3.12/site-packages/oslo_config/cfg.py:3006}}
May 11 05:45:23.625499 np0000173415 neutron-periodic-workers[105082]: DEBUG cotyledon.oslo_config_glue [-] ovn.ovn_nb_connection = ['ssl:199.204.45.238:6641'] {{(pid=105082) log_opt_values /opt/stack/data/venv/lib/python3.12/site-packages/oslo_config/cfg.py:3006}}
May 11 05:45:23.625598 np0000173415 neutron-periodic-workers[105082]: DEBUG cotyledon.oslo_config_glue [-] ovn.ovn_nb_private_key = /opt/stack/data/CA/int-ca/private/devstack-cert.key {{(pid=105082) log_opt_values /opt/stack/data/venv/lib/python3.12/site-packages/oslo_config/cfg.py:3006}}
May 11 05:45:23.625710 np0000173415 neutron-periodic-workers[105082]: DEBUG cotyledon.oslo_config_glue [-] ovn.ovn_router_indirect_snat = False {{(pid=105082) log_opt_values /opt/stack/data/venv/lib/python3.12/site-packages/oslo_config/cfg.py:3006}}
May 11 05:45:23.625817 np0000173415 neutron-periodic-workers[105082]: DEBUG cotyledon.oslo_config_glue [-] ovn.ovn_sb_ca_cert = /opt/stack/data/CA/int-ca/ca-chain.pem {{(pid=105082) log_opt_values /opt/stack/data/venv/lib/python3.12/site-packages/oslo_config/cfg.py:3006}}
May 11 05:45:23.625942 np0000173415 neutron-periodic-workers[105082]: DEBUG cotyledon.oslo_config_glue [-] ovn.ovn_sb_certificate = /opt/stack/data/CA/int-ca/devstack-cert.crt {{(pid=105082) log_opt_values /opt/stack/data/venv/lib/python3.12/site-packages/oslo_config/cfg.py:3006}}
May 11 05:45:23.626053 np0000173415 neutron-periodic-workers[105082]: DEBUG cotyledon.oslo_config_glue [-] ovn.ovn_sb_connection = ['ssl:199.204.45.238:6642'] {{(pid=105082) log_opt_values /opt/stack/data/venv/lib/python3.12/site-packages/oslo_config/cfg.py:3006}}
May 11 05:45:23.626191 np0000173415 neutron-periodic-workers[105082]: DEBUG cotyledon.oslo_config_glue [-] ovn.ovn_sb_private_key = /opt/stack/data/CA/int-ca/private/devstack-cert.key {{(pid=105082) log_opt_values /opt/stack/data/venv/lib/python3.12/site-packages/oslo_config/cfg.py:3006}}
May 11 05:45:23.626322 np0000173415 neutron-periodic-workers[105082]: DEBUG cotyledon.oslo_config_glue [-] ovn.ovs_create_tap = False {{(pid=105082) log_opt_values /opt/stack/data/venv/lib/python3.12/site-packages/oslo_config/cfg.py:3006}}
May 11 05:45:23.626434 np0000173415 neutron-periodic-workers[105082]: DEBUG cotyledon.oslo_config_glue [-] ovn.ovsdb_connection_timeout = 180 {{(pid=105082) log_opt_values /opt/stack/data/venv/lib/python3.12/site-packages/oslo_config/cfg.py:3006}}
May 11 05:45:23.626552 np0000173415 neutron-periodic-workers[105082]: DEBUG cotyledon.oslo_config_glue [-] ovn.ovsdb_log_level = INFO {{(pid=105082) log_opt_values /opt/stack/data/venv/lib/python3.12/site-packages/oslo_config/cfg.py:3006}}
May 11 05:45:23.626663 np0000173415 neutron-periodic-workers[105082]: DEBUG cotyledon.oslo_config_glue [-] ovn.ovsdb_probe_interval = 60000 {{(pid=105082) log_opt_values /opt/stack/data/venv/lib/python3.12/site-packages/oslo_config/cfg.py:3006}}
May 11 05:45:23.626780 np0000173415 neutron-periodic-workers[105082]: DEBUG cotyledon.oslo_config_glue [-] ovn.ovsdb_retry_max_interval = 180 {{(pid=105082) log_opt_values /opt/stack/data/venv/lib/python3.12/site-packages/oslo_config/cfg.py:3006}}
May 11 05:45:23.626897 np0000173415 neutron-periodic-workers[105082]: DEBUG cotyledon.oslo_config_glue [-] ovn.stateless_nat_enabled = False {{(pid=105082) log_opt_values /opt/stack/data/venv/lib/python3.12/site-packages/oslo_config/cfg.py:3006}}
May 11 05:45:23.627023 np0000173415 neutron-periodic-workers[105082]: DEBUG cotyledon.oslo_config_glue [-] ovn.vhost_sock_dir = /var/run/openvswitch {{(pid=105082) log_opt_values /opt/stack/data/venv/lib/python3.12/site-packages/oslo_config/cfg.py:3006}}
May 11 05:45:23.627188 np0000173415 neutron-periodic-workers[105082]: DEBUG cotyledon.oslo_config_glue [-] OVS.bridge_mac_table_size = 50000 {{(pid=105082) log_opt_values /opt/stack/data/venv/lib/python3.12/site-packages/oslo_config/cfg.py:3006}}
May 11 05:45:23.627314 np0000173415 neutron-periodic-workers[105082]: DEBUG cotyledon.oslo_config_glue [-] OVS.igmp_flood = False {{(pid=105082) log_opt_values /opt/stack/data/venv/lib/python3.12/site-packages/oslo_config/cfg.py:3006}}
May 11 05:45:23.627429 np0000173415 neutron-periodic-workers[105082]: DEBUG cotyledon.oslo_config_glue [-] OVS.igmp_flood_reports = True {{(pid=105082) log_opt_values /opt/stack/data/venv/lib/python3.12/site-packages/oslo_config/cfg.py:3006}}
May 11 05:45:23.627547 np0000173415 neutron-periodic-workers[105082]: DEBUG cotyledon.oslo_config_glue [-] OVS.igmp_flood_unregistered = False {{(pid=105082) log_opt_values /opt/stack/data/venv/lib/python3.12/site-packages/oslo_config/cfg.py:3006}}
May 11 05:45:23.627702 np0000173415 neutron-periodic-workers[105082]: DEBUG cotyledon.oslo_config_glue [-] OVS.igmp_snooping_enable = False {{(pid=105082) log_opt_values /opt/stack/data/venv/lib/python3.12/site-packages/oslo_config/cfg.py:3006}}
May 11 05:45:23.627804 np0000173415 neutron-periodic-workers[105082]: DEBUG cotyledon.oslo_config_glue [-] OVS.ovsdb_timeout = 10 {{(pid=105082) log_opt_values /opt/stack/data/venv/lib/python3.12/site-packages/oslo_config/cfg.py:3006}}
May 11 05:45:23.627956 np0000173415 neutron-periodic-workers[105082]: DEBUG cotyledon.oslo_config_glue [-] ovn_nb_global.fdb_removal_limit = 0 {{(pid=105082) log_opt_values /opt/stack/data/venv/lib/python3.12/site-packages/oslo_config/cfg.py:3006}}
May 11 05:45:23.628072 np0000173415 neutron-periodic-workers[105082]: DEBUG cotyledon.oslo_config_glue [-] ovn_nb_global.ignore_lsp_down = False {{(pid=105082) log_opt_values /opt/stack/data/venv/lib/python3.12/site-packages/oslo_config/cfg.py:3006}}
May 11 05:45:23.628218 np0000173415 neutron-periodic-workers[105082]: DEBUG cotyledon.oslo_config_glue [-] ovn_nb_global.mac_binding_removal_limit = 0 {{(pid=105082) log_opt_values /opt/stack/data/venv/lib/python3.12/site-packages/oslo_config/cfg.py:3006}}
May 11 05:45:23.628331 np0000173415 neutron-periodic-workers[105082]: DEBUG cotyledon.oslo_config_glue [-] ******************************************************************************** {{(pid=105082) log_opt_values /opt/stack/data/venv/lib/python3.12/site-packages/oslo_config/cfg.py:3013}}
May 11 05:45:23.628619 np0000173415 neutron-periodic-workers[105082]: DEBUG cotyledon._service_worker [-] Run service ServiceWrapper(0) [105082] {{(pid=105082) wait_forever /opt/stack/data/venv/lib/python3.12/site-packages/cotyledon/_service_worker.py:218}}
May 11 05:45:33.241382 np0000173415 neutron-periodic-workers[104179]: DEBUG dbcounter [-] [104179] Writing DB stats neutron:SELECT=4 {{(pid=104179) stat_writer /opt/stack/data/venv/lib/python3.12/site-packages/dbcounter.py:115}}
May 11 05:46:01.575818 np0000173415 neutron-periodic-workers[105064]: DEBUG oslo_db.sqlalchemy.engines [None req-e10fc00e-d56b-4f5b-9184-8cfce5ff501d None None] Parent process 104179 forked (105064) with an open database connection, which is being discarded and recreated. {{(pid=105064) checkout /opt/stack/data/venv/lib/python3.12/site-packages/oslo_db/sqlalchemy/engines.py:402}}
May 11 05:46:01.582750 np0000173415 neutron-periodic-workers[105064]: DEBUG dbcounter [-] [105064] Writer thread running {{(pid=105064) stat_writer /opt/stack/data/venv/lib/python3.12/site-packages/dbcounter.py:102}}
May 11 05:46:01.592540 np0000173415 neutron-periodic-workers[105064]: DEBUG oslo.service.backend._threading.loopingcall [None req-e10fc00e-d56b-4f5b-9184-8cfce5ff501d None None] Fixed interval looping call 'neutron.plugins.ml2.plugin.DhcpAgentSchedulerDbMixin.remove_networks_from_down_agents' sleeping for 36.98 seconds {{(pid=105064) _run_loop /opt/stack/data/venv/lib/python3.12/site-packages/oslo_service/backend/_threading/loopingcall.py:125}}
May 11 05:46:11.591366 np0000173415 neutron-periodic-workers[105064]: DEBUG dbcounter [-] [105064] Writing DB stats neutron:SELECT=3 {{(pid=105064) stat_writer /opt/stack/data/venv/lib/python3.12/site-packages/dbcounter.py:115}}
May 11 05:46:30.610626 np0000173415 neutron-periodic-workers[105070]: DEBUG dbcounter [-] [105070] Writer thread running {{(pid=105070) stat_writer /opt/stack/data/venv/lib/python3.12/site-packages/dbcounter.py:102}}
May 11 05:46:30.615070 np0000173415 neutron-periodic-workers[105070]: DEBUG neutron.db.agents_db [None req-85aa9044-102e-4577-96fd-fc9a577c3f18 None None] Agent healthcheck: found 0 active agents {{(pid=105070) agent_health_check /opt/stack/neutron/neutron/db/agents_db.py:322}}
May 11 05:46:30.615332 np0000173415 neutron-periodic-workers[105070]: DEBUG oslo.service.backend._threading.loopingcall [None req-85aa9044-102e-4577-96fd-fc9a577c3f18 None None] Fixed interval looping call 'neutron.plugins.ml2.plugin.AgentDbMixin.agent_health_check' sleeping for 36.97 seconds {{(pid=105070) _run_loop /opt/stack/data/venv/lib/python3.12/site-packages/oslo_service/backend/_threading/loopingcall.py:125}}
May 11 05:46:38.581363 np0000173415 neutron-periodic-workers[105064]: DEBUG oslo.service.backend._threading.loopingcall [None req-e10fc00e-d56b-4f5b-9184-8cfce5ff501d None None] Fixed interval looping call 'neutron.plugins.ml2.plugin.DhcpAgentSchedulerDbMixin.remove_networks_from_down_agents' sleeping for 36.99 seconds {{(pid=105064) _run_loop /opt/stack/data/venv/lib/python3.12/site-packages/oslo_service/backend/_threading/loopingcall.py:125}}
May 11 05:46:48.580232 np0000173415 neutron-periodic-workers[105064]: DEBUG dbcounter [-] [105064] Writing DB stats neutron:SELECT=3 {{(pid=105064) stat_writer /opt/stack/data/venv/lib/python3.12/site-packages/dbcounter.py:115}}
May 11 05:46:50.611539 np0000173415 neutron-periodic-workers[105070]: DEBUG dbcounter [-] [105070] Writing DB stats neutron:SELECT=1 {{(pid=105070) stat_writer /opt/stack/data/venv/lib/python3.12/site-packages/dbcounter.py:115}}
May 11 05:47:07.592265 np0000173415 neutron-periodic-workers[105070]: DEBUG neutron.db.agents_db [None req-85aa9044-102e-4577-96fd-fc9a577c3f18 None None] Agent healthcheck: found 0 active agents {{(pid=105070) agent_health_check /opt/stack/neutron/neutron/db/agents_db.py:322}}
May 11 05:47:07.593232 np0000173415 neutron-periodic-workers[105070]: DEBUG oslo.service.backend._threading.loopingcall [None req-85aa9044-102e-4577-96fd-fc9a577c3f18 None None] Fixed interval looping call 'neutron.plugins.ml2.plugin.AgentDbMixin.agent_health_check' sleeping for 36.99 seconds {{(pid=105070) _run_loop /opt/stack/data/venv/lib/python3.12/site-packages/oslo_service/backend/_threading/loopingcall.py:125}}
May 11 05:47:15.582745 np0000173415 neutron-periodic-workers[105064]: DEBUG oslo.service.backend._threading.loopingcall [None req-e10fc00e-d56b-4f5b-9184-8cfce5ff501d None None] Fixed interval looping call 'neutron.plugins.ml2.plugin.DhcpAgentSchedulerDbMixin.remove_networks_from_down_agents' sleeping for 36.99 seconds {{(pid=105064) _run_loop /opt/stack/data/venv/lib/python3.12/site-packages/oslo_service/backend/_threading/loopingcall.py:125}}
May 11 05:47:17.589827 np0000173415 neutron-periodic-workers[105070]: DEBUG dbcounter [-] [105070] Writing DB stats neutron:SELECT=1 {{(pid=105070) stat_writer /opt/stack/data/venv/lib/python3.12/site-packages/dbcounter.py:115}}
May 11 05:47:23.647336 np0000173415 neutron-periodic-workers[105082]: DEBUG dbcounter [-] [105082] Writer thread running {{(pid=105082) stat_writer /opt/stack/data/venv/lib/python3.12/site-packages/dbcounter.py:102}}
May 11 05:47:23.649197 np0000173415 neutron-periodic-workers[105082]: DEBUG oslo.service.backend._threading.loopingcall [None req-3ea2ef7c-9706-4709-9e6f-b23f385debd8 None None] Fixed interval looping call 'neutron.db.quota.driver_nolock.DbQuotaNoLockDriver._remove_expired_reservations' sleeping for 119.98 seconds {{(pid=105082) _run_loop /opt/stack/data/venv/lib/python3.12/site-packages/oslo_service/backend/_threading/loopingcall.py:125}}
May 11 05:47:25.579841 np0000173415 neutron-periodic-workers[105064]: DEBUG dbcounter [-] [105064] Writing DB stats neutron:SELECT=3 {{(pid=105064) stat_writer /opt/stack/data/venv/lib/python3.12/site-packages/dbcounter.py:115}}
May 11 05:47:33.647975 np0000173415 neutron-periodic-workers[105082]: DEBUG dbcounter [-] [105082] Writing DB stats neutron:DELETE=1 {{(pid=105082) stat_writer /opt/stack/data/venv/lib/python3.12/site-packages/dbcounter.py:115}}
May 11 05:47:44.592090 np0000173415 neutron-periodic-workers[105070]: DEBUG neutron.db.agents_db [None req-85aa9044-102e-4577-96fd-fc9a577c3f18 None None] Agent healthcheck: found 0 active agents {{(pid=105070) agent_health_check /opt/stack/neutron/neutron/db/agents_db.py:322}}
May 11 05:47:44.592640 np0000173415 neutron-periodic-workers[105070]: DEBUG oslo.service.backend._threading.loopingcall [None req-85aa9044-102e-4577-96fd-fc9a577c3f18 None None] Fixed interval looping call 'neutron.plugins.ml2.plugin.AgentDbMixin.agent_health_check' sleeping for 36.99 seconds {{(pid=105070) _run_loop /opt/stack/data/venv/lib/python3.12/site-packages/oslo_service/backend/_threading/loopingcall.py:125}}
May 11 05:47:52.584375 np0000173415 neutron-periodic-workers[105064]: DEBUG oslo.service.backend._threading.loopingcall [None req-e10fc00e-d56b-4f5b-9184-8cfce5ff501d None None] Fixed interval looping call 'neutron.plugins.ml2.plugin.DhcpAgentSchedulerDbMixin.remove_networks_from_down_agents' sleeping for 36.99 seconds {{(pid=105064) _run_loop /opt/stack/data/venv/lib/python3.12/site-packages/oslo_service/backend/_threading/loopingcall.py:125}}
May 11 05:47:54.588519 np0000173415 neutron-periodic-workers[105070]: DEBUG dbcounter [-] [105070] Writing DB stats neutron:SELECT=1 {{(pid=105070) stat_writer /opt/stack/data/venv/lib/python3.12/site-packages/dbcounter.py:115}}
May 11 05:48:02.582838 np0000173415 neutron-periodic-workers[105064]: DEBUG dbcounter [-] [105064] Writing DB stats neutron:SELECT=3 {{(pid=105064) stat_writer /opt/stack/data/venv/lib/python3.12/site-packages/dbcounter.py:115}}
May 11 05:48:21.588745 np0000173415 neutron-periodic-workers[105070]: DEBUG neutron.db.agents_db [None req-85aa9044-102e-4577-96fd-fc9a577c3f18 None None] Agent healthcheck: found 0 active agents {{(pid=105070) agent_health_check /opt/stack/neutron/neutron/db/agents_db.py:322}}
May 11 05:48:21.589398 np0000173415 neutron-periodic-workers[105070]: DEBUG oslo.service.backend._threading.loopingcall [None req-85aa9044-102e-4577-96fd-fc9a577c3f18 None None] Fixed interval looping call 'neutron.plugins.ml2.plugin.AgentDbMixin.agent_health_check' sleeping for 36.99 seconds {{(pid=105070) _run_loop /opt/stack/data/venv/lib/python3.12/site-packages/oslo_service/backend/_threading/loopingcall.py:125}}
May 11 05:48:29.588202 np0000173415 neutron-periodic-workers[105064]: DEBUG oslo.service.backend._threading.loopingcall [None req-e10fc00e-d56b-4f5b-9184-8cfce5ff501d None None] Fixed interval looping call 'neutron.plugins.ml2.plugin.DhcpAgentSchedulerDbMixin.remove_networks_from_down_agents' sleeping for 36.99 seconds {{(pid=105064) _run_loop /opt/stack/data/venv/lib/python3.12/site-packages/oslo_service/backend/_threading/loopingcall.py:125}}
May 11 05:48:31.586525 np0000173415 neutron-periodic-workers[105070]: DEBUG dbcounter [-] [105070] Writing DB stats neutron:SELECT=1 {{(pid=105070) stat_writer /opt/stack/data/venv/lib/python3.12/site-packages/dbcounter.py:115}}
May 11 05:48:39.587062 np0000173415 neutron-periodic-workers[105064]: DEBUG dbcounter [-] [105064] Writing DB stats neutron:SELECT=3 {{(pid=105064) stat_writer /opt/stack/data/venv/lib/python3.12/site-packages/dbcounter.py:115}}
May 11 05:48:58.584929 np0000173415 neutron-periodic-workers[105070]: DEBUG neutron.db.agents_db [None req-85aa9044-102e-4577-96fd-fc9a577c3f18 None None] Agent healthcheck: found 0 active agents {{(pid=105070) agent_health_check /opt/stack/neutron/neutron/db/agents_db.py:322}}
May 11 05:48:58.585694 np0000173415 neutron-periodic-workers[105070]: DEBUG oslo.service.backend._threading.loopingcall [None req-85aa9044-102e-4577-96fd-fc9a577c3f18 None None] Fixed interval looping call 'neutron.plugins.ml2.plugin.AgentDbMixin.agent_health_check' sleeping for 36.99 seconds {{(pid=105070) _run_loop /opt/stack/data/venv/lib/python3.12/site-packages/oslo_service/backend/_threading/loopingcall.py:125}}
May 11 05:49:06.588524 np0000173415 neutron-periodic-workers[105064]: DEBUG oslo.service.backend._threading.loopingcall [None req-e10fc00e-d56b-4f5b-9184-8cfce5ff501d None None] Fixed interval looping call 'neutron.plugins.ml2.plugin.DhcpAgentSchedulerDbMixin.remove_networks_from_down_agents' sleeping for 36.99 seconds {{(pid=105064) _run_loop /opt/stack/data/venv/lib/python3.12/site-packages/oslo_service/backend/_threading/loopingcall.py:125}}
May 11 05:49:08.583056 np0000173415 neutron-periodic-workers[105070]: DEBUG dbcounter [-] [105070] Writing DB stats neutron:SELECT=1 {{(pid=105070) stat_writer /opt/stack/data/venv/lib/python3.12/site-packages/dbcounter.py:115}}
May 11 05:49:16.587497 np0000173415 neutron-periodic-workers[105064]: DEBUG dbcounter [-] [105064] Writing DB stats neutron:SELECT=3 {{(pid=105064) stat_writer /opt/stack/data/venv/lib/python3.12/site-packages/dbcounter.py:115}}
May 11 05:49:23.638355 np0000173415 neutron-periodic-workers[105082]: DEBUG oslo.service.backend._threading.loopingcall [None req-3ea2ef7c-9706-4709-9e6f-b23f385debd8 None None] Fixed interval looping call 'neutron.db.quota.driver_nolock.DbQuotaNoLockDriver._remove_expired_reservations' sleeping for 119.99 seconds {{(pid=105082) _run_loop /opt/stack/data/venv/lib/python3.12/site-packages/oslo_service/backend/_threading/loopingcall.py:125}}
May 11 05:49:26.589421 np0000173415 neutron-periodic-workers[105060]: DEBUG dbcounter [-] [105060] Writer thread running {{(pid=105060) stat_writer /opt/stack/data/venv/lib/python3.12/site-packages/dbcounter.py:102}}
May 11 05:49:26.609272 np0000173415 neutron-periodic-workers[105060]: DEBUG oslo.service.backend._threading.loopingcall [None req-9675d347-10e0-4531-b012-c47b58c03ec3 None None] Fixed interval looping call 'neutron.services.ovn_l3.plugin.L3_NAT_dbonly_mixin._clean_garbage' sleeping for 299.95 seconds {{(pid=105060) _run_loop /opt/stack/data/venv/lib/python3.12/site-packages/oslo_service/backend/_threading/loopingcall.py:125}}
May 11 05:49:33.637332 np0000173415 neutron-periodic-workers[105082]: DEBUG dbcounter [-] [105082] Writing DB stats neutron:DELETE=1 {{(pid=105082) stat_writer /opt/stack/data/venv/lib/python3.12/site-packages/dbcounter.py:115}}
May 11 05:49:35.581222 np0000173415 neutron-periodic-workers[105070]: DEBUG neutron.db.agents_db [None req-85aa9044-102e-4577-96fd-fc9a577c3f18 None None] Agent healthcheck: found 0 active agents {{(pid=105070) agent_health_check /opt/stack/neutron/neutron/db/agents_db.py:322}}
May 11 05:49:35.582017 np0000173415 neutron-periodic-workers[105070]: DEBUG oslo.service.backend._threading.loopingcall [None req-85aa9044-102e-4577-96fd-fc9a577c3f18 None None] Fixed interval looping call 'neutron.plugins.ml2.plugin.AgentDbMixin.agent_health_check' sleeping for 36.99 seconds {{(pid=105070) _run_loop /opt/stack/data/venv/lib/python3.12/site-packages/oslo_service/backend/_threading/loopingcall.py:125}}
May 11 05:49:36.590305 np0000173415 neutron-periodic-workers[105060]: DEBUG dbcounter [-] [105060] Writing DB stats neutron:SELECT=1 {{(pid=105060) stat_writer /opt/stack/data/venv/lib/python3.12/site-packages/dbcounter.py:115}}
May 11 05:49:43.590721 np0000173415 neutron-periodic-workers[105064]: DEBUG oslo.service.backend._threading.loopingcall [None req-e10fc00e-d56b-4f5b-9184-8cfce5ff501d None None] Fixed interval looping call 'neutron.plugins.ml2.plugin.DhcpAgentSchedulerDbMixin.remove_networks_from_down_agents' sleeping for 36.99 seconds {{(pid=105064) _run_loop /opt/stack/data/venv/lib/python3.12/site-packages/oslo_service/backend/_threading/loopingcall.py:125}}
May 11 05:49:45.579339 np0000173415 neutron-periodic-workers[105070]: DEBUG dbcounter [-] [105070] Writing DB stats neutron:SELECT=1 {{(pid=105070) stat_writer /opt/stack/data/venv/lib/python3.12/site-packages/dbcounter.py:115}}
May 11 05:49:53.590482 np0000173415 neutron-periodic-workers[105064]: DEBUG dbcounter [-] [105064] Writing DB stats neutron:SELECT=3 {{(pid=105064) stat_writer /opt/stack/data/venv/lib/python3.12/site-packages/dbcounter.py:115}}
May 11 05:50:12.578222 np0000173415 neutron-periodic-workers[105070]: DEBUG neutron.db.agents_db [None req-85aa9044-102e-4577-96fd-fc9a577c3f18 None None] Agent healthcheck: found 0 active agents {{(pid=105070) agent_health_check /opt/stack/neutron/neutron/db/agents_db.py:322}}
May 11 05:50:12.578222 np0000173415 neutron-periodic-workers[105070]: DEBUG oslo.service.backend._threading.loopingcall [None req-85aa9044-102e-4577-96fd-fc9a577c3f18 None None] Fixed interval looping call 'neutron.plugins.ml2.plugin.AgentDbMixin.agent_health_check' sleeping for 36.99 seconds {{(pid=105070) _run_loop /opt/stack/data/venv/lib/python3.12/site-packages/oslo_service/backend/_threading/loopingcall.py:125}}
May 11 05:50:20.590503 np0000173415 neutron-periodic-workers[105064]: DEBUG oslo.service.backend._threading.loopingcall [None req-e10fc00e-d56b-4f5b-9184-8cfce5ff501d None None] Fixed interval looping call 'neutron.plugins.ml2.plugin.DhcpAgentSchedulerDbMixin.remove_networks_from_down_agents' sleeping for 36.99 seconds {{(pid=105064) _run_loop /opt/stack/data/venv/lib/python3.12/site-packages/oslo_service/backend/_threading/loopingcall.py:125}}
May 11 05:50:22.578454 np0000173415 neutron-periodic-workers[105070]: DEBUG dbcounter [-] [105070] Writing DB stats neutron:SELECT=1 {{(pid=105070) stat_writer /opt/stack/data/venv/lib/python3.12/site-packages/dbcounter.py:115}}
May 11 05:50:30.590404 np0000173415 neutron-periodic-workers[105064]: DEBUG dbcounter [-] [105064] Writing DB stats neutron:SELECT=3 {{(pid=105064) stat_writer /opt/stack/data/venv/lib/python3.12/site-packages/dbcounter.py:115}}
May 11 05:50:49.575105 np0000173415 neutron-periodic-workers[105070]: DEBUG neutron.db.agents_db [None req-85aa9044-102e-4577-96fd-fc9a577c3f18 None None] Agent healthcheck: found 0 active agents {{(pid=105070) agent_health_check /opt/stack/neutron/neutron/db/agents_db.py:322}}
May 11 05:50:49.576275 np0000173415 neutron-periodic-workers[105070]: DEBUG oslo.service.backend._threading.loopingcall [None req-85aa9044-102e-4577-96fd-fc9a577c3f18 None None] Fixed interval looping call 'neutron.plugins.ml2.plugin.AgentDbMixin.agent_health_check' sleeping for 36.99 seconds {{(pid=105070) _run_loop /opt/stack/data/venv/lib/python3.12/site-packages/oslo_service/backend/_threading/loopingcall.py:125}}
May 11 05:50:57.587500 np0000173415 neutron-periodic-workers[105064]: DEBUG oslo.service.backend._threading.loopingcall [None req-e10fc00e-d56b-4f5b-9184-8cfce5ff501d None None] Fixed interval looping call 'neutron.plugins.ml2.plugin.DhcpAgentSchedulerDbMixin.remove_networks_from_down_agents' sleeping for 36.99 seconds {{(pid=105064) _run_loop /opt/stack/data/venv/lib/python3.12/site-packages/oslo_service/backend/_threading/loopingcall.py:125}}
May 11 05:50:59.573452 np0000173415 neutron-periodic-workers[105070]: DEBUG dbcounter [-] [105070] Writing DB stats neutron:SELECT=1 {{(pid=105070) stat_writer /opt/stack/data/venv/lib/python3.12/site-packages/dbcounter.py:115}}
May 11 05:51:07.586584 np0000173415 neutron-periodic-workers[105064]: DEBUG dbcounter [-] [105064] Writing DB stats neutron:SELECT=3 {{(pid=105064) stat_writer /opt/stack/data/venv/lib/python3.12/site-packages/dbcounter.py:115}}
May 11 05:51:23.632654 np0000173415 neutron-periodic-workers[105082]: DEBUG oslo.service.backend._threading.loopingcall [None req-3ea2ef7c-9706-4709-9e6f-b23f385debd8 None None] Fixed interval looping call 'neutron.db.quota.driver_nolock.DbQuotaNoLockDriver._remove_expired_reservations' sleeping for 120.00 seconds {{(pid=105082) _run_loop /opt/stack/data/venv/lib/python3.12/site-packages/oslo_service/backend/_threading/loopingcall.py:125}}
May 11 05:51:26.571377 np0000173415 neutron-periodic-workers[105070]: DEBUG neutron.db.agents_db [None req-85aa9044-102e-4577-96fd-fc9a577c3f18 None None] Agent healthcheck: found 0 active agents {{(pid=105070) agent_health_check /opt/stack/neutron/neutron/db/agents_db.py:322}}
May 11 05:51:26.572259 np0000173415 neutron-periodic-workers[105070]: DEBUG oslo.service.backend._threading.loopingcall [None req-85aa9044-102e-4577-96fd-fc9a577c3f18 None None] Fixed interval looping call 'neutron.plugins.ml2.plugin.AgentDbMixin.agent_health_check' sleeping for 36.99 seconds {{(pid=105070) _run_loop /opt/stack/data/venv/lib/python3.12/site-packages/oslo_service/backend/_threading/loopingcall.py:125}}
May 11 05:51:33.631438 np0000173415 neutron-periodic-workers[105082]: DEBUG dbcounter [-] [105082] Writing DB stats neutron:DELETE=1 {{(pid=105082) stat_writer /opt/stack/data/venv/lib/python3.12/site-packages/dbcounter.py:115}}
May 11 05:51:34.588184 np0000173415 neutron-periodic-workers[105064]: DEBUG oslo.service.backend._threading.loopingcall [None req-e10fc00e-d56b-4f5b-9184-8cfce5ff501d None None] Fixed interval looping call 'neutron.plugins.ml2.plugin.DhcpAgentSchedulerDbMixin.remove_networks_from_down_agents' sleeping for 36.99 seconds {{(pid=105064) _run_loop /opt/stack/data/venv/lib/python3.12/site-packages/oslo_service/backend/_threading/loopingcall.py:125}}
May 11 05:51:36.569563 np0000173415 neutron-periodic-workers[105070]: DEBUG dbcounter [-] [105070] Writing DB stats neutron:SELECT=1 {{(pid=105070) stat_writer /opt/stack/data/venv/lib/python3.12/site-packages/dbcounter.py:115}}
May 11 05:51:44.587354 np0000173415 neutron-periodic-workers[105064]: DEBUG dbcounter [-] [105064] Writing DB stats neutron:SELECT=3 {{(pid=105064) stat_writer /opt/stack/data/venv/lib/python3.12/site-packages/dbcounter.py:115}}
May 11 05:52:03.568227 np0000173415 neutron-periodic-workers[105070]: DEBUG neutron.db.agents_db [None req-85aa9044-102e-4577-96fd-fc9a577c3f18 None None] Agent healthcheck: found 0 active agents {{(pid=105070) agent_health_check /opt/stack/neutron/neutron/db/agents_db.py:322}}
May 11 05:52:03.568227 np0000173415 neutron-periodic-workers[105070]: DEBUG oslo.service.backend._threading.loopingcall [None req-85aa9044-102e-4577-96fd-fc9a577c3f18 None None] Fixed interval looping call 'neutron.plugins.ml2.plugin.AgentDbMixin.agent_health_check' sleeping for 36.99 seconds {{(pid=105070) _run_loop /opt/stack/data/venv/lib/python3.12/site-packages/oslo_service/backend/_threading/loopingcall.py:125}}
May 11 05:52:11.589603 np0000173415 neutron-periodic-workers[105064]: DEBUG oslo.service.backend._threading.loopingcall [None req-e10fc00e-d56b-4f5b-9184-8cfce5ff501d None None] Fixed interval looping call 'neutron.plugins.ml2.plugin.DhcpAgentSchedulerDbMixin.remove_networks_from_down_agents' sleeping for 36.99 seconds {{(pid=105064) _run_loop /opt/stack/data/venv/lib/python3.12/site-packages/oslo_service/backend/_threading/loopingcall.py:125}}
May 11 05:52:13.565526 np0000173415 neutron-periodic-workers[105070]: DEBUG dbcounter [-] [105070] Writing DB stats neutron:SELECT=1 {{(pid=105070) stat_writer /opt/stack/data/venv/lib/python3.12/site-packages/dbcounter.py:115}}
May 11 05:52:21.588743 np0000173415 neutron-periodic-workers[105064]: DEBUG dbcounter [-] [105064] Writing DB stats neutron:SELECT=3 {{(pid=105064) stat_writer /opt/stack/data/venv/lib/python3.12/site-packages/dbcounter.py:115}}
May 11 05:52:40.562230 np0000173415 neutron-periodic-workers[105070]: DEBUG neutron.db.agents_db [None req-85aa9044-102e-4577-96fd-fc9a577c3f18 None None] Agent healthcheck: found 0 active agents {{(pid=105070) agent_health_check /opt/stack/neutron/neutron/db/agents_db.py:322}}
May 11 05:52:40.562230 np0000173415 neutron-periodic-workers[105070]: DEBUG oslo.service.backend._threading.loopingcall [None req-85aa9044-102e-4577-96fd-fc9a577c3f18 None None] Fixed interval looping call 'neutron.plugins.ml2.plugin.AgentDbMixin.agent_health_check' sleeping for 37.00 seconds {{(pid=105070) _run_loop /opt/stack/data/venv/lib/python3.12/site-packages/oslo_service/backend/_threading/loopingcall.py:125}}
May 11 05:52:48.585668 np0000173415 neutron-periodic-workers[105064]: DEBUG oslo.service.backend._threading.loopingcall [None req-e10fc00e-d56b-4f5b-9184-8cfce5ff501d None None] Fixed interval looping call 'neutron.plugins.ml2.plugin.DhcpAgentSchedulerDbMixin.remove_networks_from_down_agents' sleeping for 36.99 seconds {{(pid=105064) _run_loop /opt/stack/data/venv/lib/python3.12/site-packages/oslo_service/backend/_threading/loopingcall.py:125}}
May 11 05:52:50.561079 np0000173415 neutron-periodic-workers[105070]: DEBUG dbcounter [-] [105070] Writing DB stats neutron:SELECT=1 {{(pid=105070) stat_writer /opt/stack/data/venv/lib/python3.12/site-packages/dbcounter.py:115}}
May 11 05:52:58.584988 np0000173415 neutron-periodic-workers[105064]: DEBUG dbcounter [-] [105064] Writing DB stats neutron:SELECT=3 {{(pid=105064) stat_writer /opt/stack/data/venv/lib/python3.12/site-packages/dbcounter.py:115}}
May 11 05:53:17.567758 np0000173415 neutron-periodic-workers[105070]: DEBUG neutron.db.agents_db [None req-85aa9044-102e-4577-96fd-fc9a577c3f18 None None] Agent healthcheck: found 0 active agents {{(pid=105070) agent_health_check /opt/stack/neutron/neutron/db/agents_db.py:322}}
May 11 05:53:17.568985 np0000173415 neutron-periodic-workers[105070]: DEBUG oslo.service.backend._threading.loopingcall [None req-85aa9044-102e-4577-96fd-fc9a577c3f18 None None] Fixed interval looping call 'neutron.plugins.ml2.plugin.AgentDbMixin.agent_health_check' sleeping for 36.99 seconds {{(pid=105070) _run_loop /opt/stack/data/venv/lib/python3.12/site-packages/oslo_service/backend/_threading/loopingcall.py:125}}
May 11 05:53:23.636434 np0000173415 neutron-periodic-workers[105082]: DEBUG oslo.service.backend._threading.loopingcall [None req-3ea2ef7c-9706-4709-9e6f-b23f385debd8 None None] Fixed interval looping call 'neutron.db.quota.driver_nolock.DbQuotaNoLockDriver._remove_expired_reservations' sleeping for 120.00 seconds {{(pid=105082) _run_loop /opt/stack/data/venv/lib/python3.12/site-packages/oslo_service/backend/_threading/loopingcall.py:125}}
May 11 05:53:25.583911 np0000173415 neutron-periodic-workers[105064]: DEBUG oslo.service.backend._threading.loopingcall [None req-e10fc00e-d56b-4f5b-9184-8cfce5ff501d None None] Fixed interval looping call 'neutron.plugins.ml2.plugin.DhcpAgentSchedulerDbMixin.remove_networks_from_down_agents' sleeping for 36.99 seconds {{(pid=105064) _run_loop /opt/stack/data/venv/lib/python3.12/site-packages/oslo_service/backend/_threading/loopingcall.py:125}}
May 11 05:53:27.566193 np0000173415 neutron-periodic-workers[105070]: DEBUG dbcounter [-] [105070] Writing DB stats neutron:SELECT=1 {{(pid=105070) stat_writer /opt/stack/data/venv/lib/python3.12/site-packages/dbcounter.py:115}}
May 11 05:53:33.635813 np0000173415 neutron-periodic-workers[105082]: DEBUG dbcounter [-] [105082] Writing DB stats neutron:DELETE=1 {{(pid=105082) stat_writer /opt/stack/data/venv/lib/python3.12/site-packages/dbcounter.py:115}}
May 11 05:53:35.582940 np0000173415 neutron-periodic-workers[105064]: DEBUG dbcounter [-] [105064] Writing DB stats neutron:SELECT=3 {{(pid=105064) stat_writer /opt/stack/data/venv/lib/python3.12/site-packages/dbcounter.py:115}}
May 11 05:53:54.564969 np0000173415 neutron-periodic-workers[105070]: DEBUG neutron.db.agents_db [None req-85aa9044-102e-4577-96fd-fc9a577c3f18 None None] Agent healthcheck: found 0 active agents {{(pid=105070) agent_health_check /opt/stack/neutron/neutron/db/agents_db.py:322}}
May 11 05:53:54.565581 np0000173415 neutron-periodic-workers[105070]: DEBUG oslo.service.backend._threading.loopingcall [None req-85aa9044-102e-4577-96fd-fc9a577c3f18 None None] Fixed interval looping call 'neutron.plugins.ml2.plugin.AgentDbMixin.agent_health_check' sleeping for 36.99 seconds {{(pid=105070) _run_loop /opt/stack/data/venv/lib/python3.12/site-packages/oslo_service/backend/_threading/loopingcall.py:125}}
May 11 05:54:02.585363 np0000173415 neutron-periodic-workers[105064]: DEBUG oslo.service.backend._threading.loopingcall [None req-e10fc00e-d56b-4f5b-9184-8cfce5ff501d None None] Fixed interval looping call 'neutron.plugins.ml2.plugin.DhcpAgentSchedulerDbMixin.remove_networks_from_down_agents' sleeping for 36.99 seconds {{(pid=105064) _run_loop /opt/stack/data/venv/lib/python3.12/site-packages/oslo_service/backend/_threading/loopingcall.py:125}}
May 11 05:54:04.563042 np0000173415 neutron-periodic-workers[105070]: DEBUG dbcounter [-] [105070] Writing DB stats neutron:SELECT=1 {{(pid=105070) stat_writer /opt/stack/data/venv/lib/python3.12/site-packages/dbcounter.py:115}}
May 11 05:54:12.584269 np0000173415 neutron-periodic-workers[105064]: DEBUG dbcounter [-] [105064] Writing DB stats neutron:SELECT=3 {{(pid=105064) stat_writer /opt/stack/data/venv/lib/python3.12/site-packages/dbcounter.py:115}}
May 11 05:54:26.571664 np0000173415 neutron-periodic-workers[105060]: DEBUG oslo.service.backend._threading.loopingcall [None req-9675d347-10e0-4531-b012-c47b58c03ec3 None None] Fixed interval looping call 'neutron.services.ovn_l3.plugin.L3_NAT_dbonly_mixin._clean_garbage' sleeping for 299.99 seconds {{(pid=105060) _run_loop /opt/stack/data/venv/lib/python3.12/site-packages/oslo_service/backend/_threading/loopingcall.py:125}}
May 11 05:54:31.563045 np0000173415 neutron-periodic-workers[105070]: DEBUG neutron.db.agents_db [None req-85aa9044-102e-4577-96fd-fc9a577c3f18 None None] Agent healthcheck: found 0 active agents {{(pid=105070) agent_health_check /opt/stack/neutron/neutron/db/agents_db.py:322}}
May 11 05:54:31.563659 np0000173415 neutron-periodic-workers[105070]: DEBUG oslo.service.backend._threading.loopingcall [None req-85aa9044-102e-4577-96fd-fc9a577c3f18 None None] Fixed interval looping call 'neutron.plugins.ml2.plugin.AgentDbMixin.agent_health_check' sleeping for 36.99 seconds {{(pid=105070) _run_loop /opt/stack/data/venv/lib/python3.12/site-packages/oslo_service/backend/_threading/loopingcall.py:125}}
May 11 05:54:36.564545 np0000173415 neutron-periodic-workers[105060]: DEBUG dbcounter [-] [105060] Writing DB stats neutron:SELECT=1 {{(pid=105060) stat_writer /opt/stack/data/venv/lib/python3.12/site-packages/dbcounter.py:115}}
May 11 05:54:39.585391 np0000173415 neutron-periodic-workers[105064]: DEBUG oslo.service.backend._threading.loopingcall [None req-e10fc00e-d56b-4f5b-9184-8cfce5ff501d None None] Fixed interval looping call 'neutron.plugins.ml2.plugin.DhcpAgentSchedulerDbMixin.remove_networks_from_down_agents' sleeping for 36.99 seconds {{(pid=105064) _run_loop /opt/stack/data/venv/lib/python3.12/site-packages/oslo_service/backend/_threading/loopingcall.py:125}}
May 11 05:54:41.559940 np0000173415 neutron-periodic-workers[105070]: DEBUG dbcounter [-] [105070] Writing DB stats neutron:SELECT=1 {{(pid=105070) stat_writer /opt/stack/data/venv/lib/python3.12/site-packages/dbcounter.py:115}}
May 11 05:54:49.584697 np0000173415 neutron-periodic-workers[105064]: DEBUG dbcounter [-] [105064] Writing DB stats neutron:SELECT=3 {{(pid=105064) stat_writer /opt/stack/data/venv/lib/python3.12/site-packages/dbcounter.py:115}}
May 11 05:55:08.560910 np0000173415 neutron-periodic-workers[105070]: DEBUG neutron.db.agents_db [None req-85aa9044-102e-4577-96fd-fc9a577c3f18 None None] Agent healthcheck: found 0 active agents {{(pid=105070) agent_health_check /opt/stack/neutron/neutron/db/agents_db.py:322}}
May 11 05:55:08.560910 np0000173415 neutron-periodic-workers[105070]: DEBUG oslo.service.backend._threading.loopingcall [None req-85aa9044-102e-4577-96fd-fc9a577c3f18 None None] Fixed interval looping call 'neutron.plugins.ml2.plugin.AgentDbMixin.agent_health_check' sleeping for 36.99 seconds {{(pid=105070) _run_loop /opt/stack/data/venv/lib/python3.12/site-packages/oslo_service/backend/_threading/loopingcall.py:125}}
May 11 05:55:16.584777 np0000173415 neutron-periodic-workers[105064]: DEBUG oslo.service.backend._threading.loopingcall [None req-e10fc00e-d56b-4f5b-9184-8cfce5ff501d None None] Fixed interval looping call 'neutron.plugins.ml2.plugin.DhcpAgentSchedulerDbMixin.remove_networks_from_down_agents' sleeping for 36.99 seconds {{(pid=105064) _run_loop /opt/stack/data/venv/lib/python3.12/site-packages/oslo_service/backend/_threading/loopingcall.py:125}}
May 11 05:55:18.560227 np0000173415 neutron-periodic-workers[105070]: DEBUG dbcounter [-] [105070] Writing DB stats neutron:SELECT=1 {{(pid=105070) stat_writer /opt/stack/data/venv/lib/python3.12/site-packages/dbcounter.py:115}}
May 11 05:55:23.641440 np0000173415 neutron-periodic-workers[105082]: DEBUG oslo.service.backend._threading.loopingcall [None req-3ea2ef7c-9706-4709-9e6f-b23f385debd8 None None] Fixed interval looping call 'neutron.db.quota.driver_nolock.DbQuotaNoLockDriver._remove_expired_reservations' sleeping for 120.00 seconds {{(pid=105082) _run_loop /opt/stack/data/venv/lib/python3.12/site-packages/oslo_service/backend/_threading/loopingcall.py:125}}
May 11 05:55:26.583570 np0000173415 neutron-periodic-workers[105064]: DEBUG dbcounter [-] [105064] Writing DB stats neutron:SELECT=3 {{(pid=105064) stat_writer /opt/stack/data/venv/lib/python3.12/site-packages/dbcounter.py:115}}
May 11 05:55:33.640502 np0000173415 neutron-periodic-workers[105082]: DEBUG dbcounter [-] [105082] Writing DB stats neutron:DELETE=1 {{(pid=105082) stat_writer /opt/stack/data/venv/lib/python3.12/site-packages/dbcounter.py:115}}
May 11 05:55:45.555188 np0000173415 neutron-periodic-workers[105070]: DEBUG neutron.db.agents_db [None req-85aa9044-102e-4577-96fd-fc9a577c3f18 None None] Agent healthcheck: found 0 active agents {{(pid=105070) agent_health_check /opt/stack/neutron/neutron/db/agents_db.py:322}}
May 11 05:55:45.555952 np0000173415 neutron-periodic-workers[105070]: DEBUG oslo.service.backend._threading.loopingcall [None req-85aa9044-102e-4577-96fd-fc9a577c3f18 None None] Fixed interval looping call 'neutron.plugins.ml2.plugin.AgentDbMixin.agent_health_check' sleeping for 37.00 seconds {{(pid=105070) _run_loop /opt/stack/data/venv/lib/python3.12/site-packages/oslo_service/backend/_threading/loopingcall.py:125}}
May 11 05:55:53.587368 np0000173415 neutron-periodic-workers[105064]: DEBUG oslo.service.backend._threading.loopingcall [None req-e10fc00e-d56b-4f5b-9184-8cfce5ff501d None None] Fixed interval looping call 'neutron.plugins.ml2.plugin.DhcpAgentSchedulerDbMixin.remove_networks_from_down_agents' sleeping for 36.99 seconds {{(pid=105064) _run_loop /opt/stack/data/venv/lib/python3.12/site-packages/oslo_service/backend/_threading/loopingcall.py:125}}
May 11 05:55:55.554399 np0000173415 neutron-periodic-workers[105070]: DEBUG dbcounter [-] [105070] Writing DB stats neutron:SELECT=1 {{(pid=105070) stat_writer /opt/stack/data/venv/lib/python3.12/site-packages/dbcounter.py:115}}
