May 09 18:04:43.371335 np0000173246 systemd[1]: Starting devstack@n-api-meta.service - Devstack devstack@n-api-meta.service...
May 09 18:04:43.378964 np0000173246 devstack@n-api-meta.service[108343]: [uWSGI] getting INI configuration from /etc/nova/nova-metadata-uwsgi.ini
May 09 18:04:43.382175 np0000173246 devstack@n-api-meta.service[108343]: *** Starting uWSGI 2.0.24-debian (64bit) on [Sat May 9 18:04:43 2026] ***
May 09 18:04:43.382175 np0000173246 devstack@n-api-meta.service[108343]: compiled with version: 13.2.0 on 17 April 2024 16:23:48
May 09 18:04:43.382175 np0000173246 devstack@n-api-meta.service[108343]: os: Linux-6.8.0-111-generic #111-Ubuntu SMP PREEMPT_DYNAMIC Sat Apr 11 23:16:02 UTC 2026
May 09 18:04:43.382175 np0000173246 devstack@n-api-meta.service[108343]: nodename: np0000173246
May 09 18:04:43.382175 np0000173246 devstack@n-api-meta.service[108343]: machine: x86_64
May 09 18:04:43.382175 np0000173246 devstack@n-api-meta.service[108343]: clock source: unix
May 09 18:04:43.382175 np0000173246 devstack@n-api-meta.service[108343]: pcre jit disabled
May 09 18:04:43.382175 np0000173246 devstack@n-api-meta.service[108343]: detected number of CPU cores: 16
May 09 18:04:43.382175 np0000173246 devstack@n-api-meta.service[108343]: current working directory: /
May 09 18:04:43.382175 np0000173246 devstack@n-api-meta.service[108343]: detected binary path: /usr/bin/uwsgi-core
May 09 18:04:43.382175 np0000173246 devstack@n-api-meta.service[108343]: your processes number limit is 256917
May 09 18:04:43.382175 np0000173246 devstack@n-api-meta.service[108343]: your memory page size is 4096 bytes
May 09 18:04:43.382175 np0000173246 devstack@n-api-meta.service[108343]: detected max file descriptor number: 2048
May 09 18:04:43.382175 np0000173246 devstack@n-api-meta.service[108343]: lock engine: pthread robust mutexes
May 09 18:04:43.382657 np0000173246 devstack@n-api-meta.service[108343]: thunder lock: enabled
May 09 18:04:43.382826 np0000173246 devstack@n-api-meta.service[108343]: uWSGI http bound on 0.0.0.0:8775 fd 5
May 09 18:04:43.382826 np0000173246 devstack@n-api-meta.service[108343]: uwsgi socket 0 bound to TCP address 127.0.0.1:36521 (port auto-assigned) fd 4
May 09 18:04:43.382900 np0000173246 devstack@n-api-meta.service[108343]: Python version: 3.12.3 (main, Mar 23 2026, 19:04:32) [GCC 13.3.0]
May 09 18:04:43.382900 np0000173246 devstack@n-api-meta.service[108343]: PEP 405 virtualenv detected: /opt/stack/data/venv
May 09 18:04:43.382900 np0000173246 devstack@n-api-meta.service[108343]: Set PythonHome to /opt/stack/data/venv
May 09 18:04:43.420935 np0000173246 devstack@n-api-meta.service[108343]: Python main interpreter initialized at 0x7539e18a3668
May 09 18:04:43.420935 np0000173246 devstack@n-api-meta.service[108343]: python threads support enabled
May 09 18:04:43.420935 np0000173246 devstack@n-api-meta.service[108343]: your server socket listen backlog is limited to 100 connections
May 09 18:04:43.420935 np0000173246 devstack@n-api-meta.service[108343]: your mercy for graceful operations on workers is 80 seconds
May 09 18:04:43.421584 np0000173246 devstack@n-api-meta.service[108343]: mapped 671795 bytes (656 KB) for 4 cores
May 09 18:04:43.421749 np0000173246 devstack@n-api-meta.service[108343]: *** Operational MODE: preforking ***
May 09 18:04:43.421987 np0000173246 devstack@n-api-meta.service[108343]: *** uWSGI is running in multiple interpreter mode ***
May 09 18:04:43.421987 np0000173246 devstack@n-api-meta.service[108343]: spawned uWSGI master process (pid: 108343)
May 09 18:04:43.422280 np0000173246 systemd[1]: Started devstack@n-api-meta.service - Devstack devstack@n-api-meta.service.
May 09 18:04:43.422976 np0000173246 devstack@n-api-meta.service[108343]: spawned uWSGI worker 1 (pid: 108344, cores: 1)
May 09 18:04:43.423662 np0000173246 devstack@n-api-meta.service[108343]: spawned uWSGI worker 2 (pid: 108345, cores: 1)
May 09 18:04:43.424354 np0000173246 devstack@n-api-meta.service[108343]: spawned uWSGI worker 3 (pid: 108346, cores: 1)
May 09 18:04:43.424952 np0000173246 devstack@n-api-meta.service[108343]: spawned uWSGI worker 4 (pid: 108347, cores: 1)
May 09 18:04:43.425403 np0000173246 devstack@n-api-meta.service[108343]: spawned uWSGI http 1 (pid: 108348)
May 09 18:04:43.425403 np0000173246 devstack@n-api-meta.service[108343]: running "unix_signal:15 gracefully_kill_them_all" (master-start)...
May 09 18:04:43.736178 np0000173246 devstack@n-api-meta.service[108345]: /opt/stack/data/venv/lib/python3.12/site-packages/oslo_concurrency/lockutils.py:41: EventletDeprecationWarning:
May 09 18:04:43.736178 np0000173246 devstack@n-api-meta.service[108345]: Eventlet is deprecated. It is currently being maintained in bugfix mode, and
May 09 18:04:43.736178 np0000173246 devstack@n-api-meta.service[108345]: we strongly recommend against using it for new projects.
May 09 18:04:43.736178 np0000173246 devstack@n-api-meta.service[108345]: If you are already using Eventlet, we recommend migrating to a different
May 09 18:04:43.736178 np0000173246 devstack@n-api-meta.service[108345]: framework. For more detail see
May 09 18:04:43.736178 np0000173246 devstack@n-api-meta.service[108345]: https://eventlet.readthedocs.io/en/latest/asyncio/migration.html
May 09 18:04:43.736178 np0000173246 devstack@n-api-meta.service[108345]: import eventlet
May 09 18:04:43.742201 np0000173246 devstack@n-api-meta.service[108346]: /opt/stack/data/venv/lib/python3.12/site-packages/oslo_concurrency/lockutils.py:41: EventletDeprecationWarning:
May 09 18:04:43.742201 np0000173246 devstack@n-api-meta.service[108346]: Eventlet is deprecated. It is currently being maintained in bugfix mode, and
May 09 18:04:43.742201 np0000173246 devstack@n-api-meta.service[108346]: we strongly recommend against using it for new projects.
May 09 18:04:43.742201 np0000173246 devstack@n-api-meta.service[108346]: If you are already using Eventlet, we recommend migrating to a different
May 09 18:04:43.742201 np0000173246 devstack@n-api-meta.service[108346]: framework. For more detail see
May 09 18:04:43.742201 np0000173246 devstack@n-api-meta.service[108346]: https://eventlet.readthedocs.io/en/latest/asyncio/migration.html
May 09 18:04:43.742201 np0000173246 devstack@n-api-meta.service[108346]: import eventlet
May 09 18:04:43.772055 np0000173246 devstack@n-api-meta.service[108344]: /opt/stack/data/venv/lib/python3.12/site-packages/oslo_concurrency/lockutils.py:41: EventletDeprecationWarning:
May 09 18:04:43.772055 np0000173246 devstack@n-api-meta.service[108344]: Eventlet is deprecated. It is currently being maintained in bugfix mode, and
May 09 18:04:43.772055 np0000173246 devstack@n-api-meta.service[108344]: we strongly recommend against using it for new projects.
May 09 18:04:43.772055 np0000173246 devstack@n-api-meta.service[108344]: If you are already using Eventlet, we recommend migrating to a different
May 09 18:04:43.772055 np0000173246 devstack@n-api-meta.service[108344]: framework. For more detail see
May 09 18:04:43.772055 np0000173246 devstack@n-api-meta.service[108344]: https://eventlet.readthedocs.io/en/latest/asyncio/migration.html
May 09 18:04:43.772055 np0000173246 devstack@n-api-meta.service[108344]: import eventlet
May 09 18:04:43.805775 np0000173246 devstack@n-api-meta.service[108347]: /opt/stack/data/venv/lib/python3.12/site-packages/oslo_concurrency/lockutils.py:41: EventletDeprecationWarning:
May 09 18:04:43.805775 np0000173246 devstack@n-api-meta.service[108347]: Eventlet is deprecated. It is currently being maintained in bugfix mode, and
May 09 18:04:43.805775 np0000173246 devstack@n-api-meta.service[108347]: we strongly recommend against using it for new projects.
May 09 18:04:43.805775 np0000173246 devstack@n-api-meta.service[108347]: If you are already using Eventlet, we recommend migrating to a different
May 09 18:04:43.805775 np0000173246 devstack@n-api-meta.service[108347]: framework. For more detail see
May 09 18:04:43.805775 np0000173246 devstack@n-api-meta.service[108347]: https://eventlet.readthedocs.io/en/latest/asyncio/migration.html
May 09 18:04:43.805775 np0000173246 devstack@n-api-meta.service[108347]: import eventlet
May 09 18:04:45.191335 np0000173246 devstack@n-api-meta.service[108345]: INFO dbcounter [None req-956ea579-a246-499a-a18d-899644b19329 None None] Registered counter for database nova_api
May 09 18:04:45.205253 np0000173246 devstack@n-api-meta.service[108345]: DEBUG oslo_db.sqlalchemy.engines [None req-956ea579-a246-499a-a18d-899644b19329 None None] MySQL server mode set to STRICT_TRANS_TABLES,STRICT_ALL_TABLES,NO_ZERO_IN_DATE,NO_ZERO_DATE,ERROR_FOR_DIVISION_BY_ZERO,TRADITIONAL,NO_ENGINE_SUBSTITUTION {{(pid=108345) _check_effective_sql_mode /opt/stack/data/venv/lib/python3.12/site-packages/oslo_db/sqlalchemy/engines.py:325}}
May 09 18:04:45.238443 np0000173246 devstack@n-api-meta.service[108345]: DEBUG dbcounter [-] [108345] Writer thread running {{(pid=108345) stat_writer /opt/stack/data/venv/lib/python3.12/site-packages/dbcounter.py:102}}
May 09 18:04:45.240832 np0000173246 devstack@n-api-meta.service[108345]: DEBUG nova.context [None req-956ea579-a246-499a-a18d-899644b19329 None None] Found 2 cells: 00000000-0000-0000-0000-000000000000(cell0),7a6e6b25-ac94-40cd-bbe0-99047143fd26(cell1) {{(pid=108345) load_cells /opt/stack/nova/nova/context.py:509}}
May 09 18:04:45.241053 np0000173246 devstack@n-api-meta.service[108345]: INFO nova.utils [None req-956ea579-a246-499a-a18d-899644b19329 None None] The cell worker thread pool MainProcess.cell_worker is initialized
May 09 18:04:45.242790 np0000173246 devstack@n-api-meta.service[108345]: DEBUG oslo_concurrency.lockutils [None req-956ea579-a246-499a-a18d-899644b19329 None None] Acquiring lock "00000000-0000-0000-0000-000000000000" by "nova.context.set_target_cell..get_or_set_cached_cell_and_set_connections" {{(pid=108345) inner /opt/stack/data/venv/lib/python3.12/site-packages/oslo_concurrency/lockutils.py:506}}
May 09 18:04:45.242954 np0000173246 devstack@n-api-meta.service[108345]: DEBUG oslo_concurrency.lockutils [None req-956ea579-a246-499a-a18d-899644b19329 None None] Lock "00000000-0000-0000-0000-000000000000" acquired by "nova.context.set_target_cell..get_or_set_cached_cell_and_set_connections" :: waited 0.000s {{(pid=108345) inner /opt/stack/data/venv/lib/python3.12/site-packages/oslo_concurrency/lockutils.py:519}}
May 09 18:04:45.243302 np0000173246 devstack@n-api-meta.service[108345]: DEBUG oslo_concurrency.lockutils [None req-956ea579-a246-499a-a18d-899644b19329 None None] Lock "00000000-0000-0000-0000-000000000000" "released" by "nova.context.set_target_cell..get_or_set_cached_cell_and_set_connections" :: held 0.000s {{(pid=108345) inner /opt/stack/data/venv/lib/python3.12/site-packages/oslo_concurrency/lockutils.py:538}}
May 09 18:04:45.244090 np0000173246 devstack@n-api-meta.service[108345]: DEBUG oslo_concurrency.lockutils [None req-956ea579-a246-499a-a18d-899644b19329 None None] Acquiring lock "7a6e6b25-ac94-40cd-bbe0-99047143fd26" by "nova.context.set_target_cell..get_or_set_cached_cell_and_set_connections" {{(pid=108345) inner /opt/stack/data/venv/lib/python3.12/site-packages/oslo_concurrency/lockutils.py:506}}
May 09 18:04:45.244246 np0000173246 devstack@n-api-meta.service[108345]: DEBUG oslo_concurrency.lockutils [None req-956ea579-a246-499a-a18d-899644b19329 None None] Lock "7a6e6b25-ac94-40cd-bbe0-99047143fd26" acquired by "nova.context.set_target_cell..get_or_set_cached_cell_and_set_connections" :: waited 0.000s {{(pid=108345) inner /opt/stack/data/venv/lib/python3.12/site-packages/oslo_concurrency/lockutils.py:519}}
May 09 18:04:45.245078 np0000173246 devstack@n-api-meta.service[108345]: DEBUG oslo_concurrency.lockutils [None req-956ea579-a246-499a-a18d-899644b19329 None None] Lock "7a6e6b25-ac94-40cd-bbe0-99047143fd26" "released" by "nova.context.set_target_cell..get_or_set_cached_cell_and_set_connections" :: held 0.001s {{(pid=108345) inner /opt/stack/data/venv/lib/python3.12/site-packages/oslo_concurrency/lockutils.py:538}}
May 09 18:04:45.249188 np0000173246 devstack@n-api-meta.service[108345]: INFO dbcounter [None req-956ea579-a246-499a-a18d-899644b19329 None None] Registered counter for database nova_cell0
May 09 18:04:45.253322 np0000173246 devstack@n-api-meta.service[108346]: INFO dbcounter [None req-4c650bde-6c9a-44b0-908e-92c01147a71f None None] Registered counter for database nova_api
May 09 18:04:45.256487 np0000173246 devstack@n-api-meta.service[108345]: INFO dbcounter [None req-956ea579-a246-499a-a18d-899644b19329 None None] Registered counter for database nova_cell1
May 09 18:04:45.268046 np0000173246 devstack@n-api-meta.service[108345]: DEBUG oslo_db.sqlalchemy.engines [None req-956ea579-a246-499a-a18d-899644b19329 None None] MySQL server mode set to STRICT_TRANS_TABLES,STRICT_ALL_TABLES,NO_ZERO_IN_DATE,NO_ZERO_DATE,ERROR_FOR_DIVISION_BY_ZERO,TRADITIONAL,NO_ENGINE_SUBSTITUTION {{(pid=108345) _check_effective_sql_mode /opt/stack/data/venv/lib/python3.12/site-packages/oslo_db/sqlalchemy/engines.py:325}}
May 09 18:04:45.277680 np0000173246 devstack@n-api-meta.service[108346]: DEBUG oslo_db.sqlalchemy.engines [None req-4c650bde-6c9a-44b0-908e-92c01147a71f None None] MySQL server mode set to STRICT_TRANS_TABLES,STRICT_ALL_TABLES,NO_ZERO_IN_DATE,NO_ZERO_DATE,ERROR_FOR_DIVISION_BY_ZERO,TRADITIONAL,NO_ENGINE_SUBSTITUTION {{(pid=108346) _check_effective_sql_mode /opt/stack/data/venv/lib/python3.12/site-packages/oslo_db/sqlalchemy/engines.py:325}}
May 09 18:04:45.280581 np0000173246 devstack@n-api-meta.service[108345]: DEBUG oslo_db.sqlalchemy.engines [None req-956ea579-a246-499a-a18d-899644b19329 None None] MySQL server mode set to STRICT_TRANS_TABLES,STRICT_ALL_TABLES,NO_ZERO_IN_DATE,NO_ZERO_DATE,ERROR_FOR_DIVISION_BY_ZERO,TRADITIONAL,NO_ENGINE_SUBSTITUTION {{(pid=108345) _check_effective_sql_mode /opt/stack/data/venv/lib/python3.12/site-packages/oslo_db/sqlalchemy/engines.py:325}}
May 09 18:04:45.299905 np0000173246 devstack@n-api-meta.service[108347]: INFO dbcounter [None req-b8c8ad18-9477-462c-adf3-766e25c9b3e3 None None] Registered counter for database nova_api
May 09 18:04:45.314326 np0000173246 devstack@n-api-meta.service[108346]: DEBUG dbcounter [-] [108346] Writer thread running {{(pid=108346) stat_writer /opt/stack/data/venv/lib/python3.12/site-packages/dbcounter.py:102}}
May 09 18:04:45.316144 np0000173246 devstack@n-api-meta.service[108346]: DEBUG nova.context [None req-4c650bde-6c9a-44b0-908e-92c01147a71f None None] Found 2 cells: 00000000-0000-0000-0000-000000000000(cell0),7a6e6b25-ac94-40cd-bbe0-99047143fd26(cell1) {{(pid=108346) load_cells /opt/stack/nova/nova/context.py:509}}
May 09 18:04:45.316371 np0000173246 devstack@n-api-meta.service[108346]: INFO nova.utils [None req-4c650bde-6c9a-44b0-908e-92c01147a71f None None] The cell worker thread pool MainProcess.cell_worker is initialized
May 09 18:04:45.319677 np0000173246 devstack@n-api-meta.service[108346]: DEBUG oslo_concurrency.lockutils [None req-4c650bde-6c9a-44b0-908e-92c01147a71f None None] Acquiring lock "00000000-0000-0000-0000-000000000000" by "nova.context.set_target_cell..get_or_set_cached_cell_and_set_connections" {{(pid=108346) inner /opt/stack/data/venv/lib/python3.12/site-packages/oslo_concurrency/lockutils.py:506}}
May 09 18:04:45.319677 np0000173246 devstack@n-api-meta.service[108346]: DEBUG oslo_concurrency.lockutils [None req-4c650bde-6c9a-44b0-908e-92c01147a71f None None] Lock "00000000-0000-0000-0000-000000000000" acquired by "nova.context.set_target_cell..get_or_set_cached_cell_and_set_connections" :: waited 0.000s {{(pid=108346) inner /opt/stack/data/venv/lib/python3.12/site-packages/oslo_concurrency/lockutils.py:519}}
May 09 18:04:45.319677 np0000173246 devstack@n-api-meta.service[108346]: DEBUG oslo_concurrency.lockutils [None req-4c650bde-6c9a-44b0-908e-92c01147a71f None None] Lock "00000000-0000-0000-0000-000000000000" "released" by "nova.context.set_target_cell..get_or_set_cached_cell_and_set_connections" :: held 0.000s {{(pid=108346) inner /opt/stack/data/venv/lib/python3.12/site-packages/oslo_concurrency/lockutils.py:538}}
May 09 18:04:45.319677 np0000173246 devstack@n-api-meta.service[108346]: DEBUG oslo_concurrency.lockutils [None req-4c650bde-6c9a-44b0-908e-92c01147a71f None None] Acquiring lock "7a6e6b25-ac94-40cd-bbe0-99047143fd26" by "nova.context.set_target_cell..get_or_set_cached_cell_and_set_connections" {{(pid=108346) inner /opt/stack/data/venv/lib/python3.12/site-packages/oslo_concurrency/lockutils.py:506}}
May 09 18:04:45.320043 np0000173246 devstack@n-api-meta.service[108346]: DEBUG oslo_concurrency.lockutils [None req-4c650bde-6c9a-44b0-908e-92c01147a71f None None] Lock "7a6e6b25-ac94-40cd-bbe0-99047143fd26" acquired by "nova.context.set_target_cell..get_or_set_cached_cell_and_set_connections" :: waited 0.000s {{(pid=108346) inner /opt/stack/data/venv/lib/python3.12/site-packages/oslo_concurrency/lockutils.py:519}}
May 09 18:04:45.320087 np0000173246 devstack@n-api-meta.service[108347]: DEBUG oslo_db.sqlalchemy.engines [None req-b8c8ad18-9477-462c-adf3-766e25c9b3e3 None None] MySQL server mode set to STRICT_TRANS_TABLES,STRICT_ALL_TABLES,NO_ZERO_IN_DATE,NO_ZERO_DATE,ERROR_FOR_DIVISION_BY_ZERO,TRADITIONAL,NO_ENGINE_SUBSTITUTION {{(pid=108347) _check_effective_sql_mode /opt/stack/data/venv/lib/python3.12/site-packages/oslo_db/sqlalchemy/engines.py:325}}
May 09 18:04:45.320859 np0000173246 devstack@n-api-meta.service[108346]: DEBUG oslo_concurrency.lockutils [None req-4c650bde-6c9a-44b0-908e-92c01147a71f None None] Lock "7a6e6b25-ac94-40cd-bbe0-99047143fd26" "released" by "nova.context.set_target_cell..get_or_set_cached_cell_and_set_connections" :: held 0.001s {{(pid=108346) inner /opt/stack/data/venv/lib/python3.12/site-packages/oslo_concurrency/lockutils.py:538}}
May 09 18:04:45.324134 np0000173246 devstack@n-api-meta.service[108346]: INFO dbcounter [None req-4c650bde-6c9a-44b0-908e-92c01147a71f None None] Registered counter for database nova_cell0
May 09 18:04:45.327655 np0000173246 devstack@n-api-meta.service[108346]: INFO dbcounter [None req-4c650bde-6c9a-44b0-908e-92c01147a71f None None] Registered counter for database nova_cell1
May 09 18:04:45.337878 np0000173246 devstack@n-api-meta.service[108346]: DEBUG oslo_db.sqlalchemy.engines [None req-4c650bde-6c9a-44b0-908e-92c01147a71f None None] MySQL server mode set to STRICT_TRANS_TABLES,STRICT_ALL_TABLES,NO_ZERO_IN_DATE,NO_ZERO_DATE,ERROR_FOR_DIVISION_BY_ZERO,TRADITIONAL,NO_ENGINE_SUBSTITUTION {{(pid=108346) _check_effective_sql_mode /opt/stack/data/venv/lib/python3.12/site-packages/oslo_db/sqlalchemy/engines.py:325}}
May 09 18:04:45.356029 np0000173246 devstack@n-api-meta.service[108346]: DEBUG oslo_db.sqlalchemy.engines [None req-4c650bde-6c9a-44b0-908e-92c01147a71f None None] MySQL server mode set to STRICT_TRANS_TABLES,STRICT_ALL_TABLES,NO_ZERO_IN_DATE,NO_ZERO_DATE,ERROR_FOR_DIVISION_BY_ZERO,TRADITIONAL,NO_ENGINE_SUBSTITUTION {{(pid=108346) _check_effective_sql_mode /opt/stack/data/venv/lib/python3.12/site-packages/oslo_db/sqlalchemy/engines.py:325}}
May 09 18:04:45.356104 np0000173246 devstack@n-api-meta.service[108347]: DEBUG dbcounter [-] [108347] Writer thread running {{(pid=108347) stat_writer /opt/stack/data/venv/lib/python3.12/site-packages/dbcounter.py:102}}
May 09 18:04:45.358185 np0000173246 devstack@n-api-meta.service[108347]: DEBUG nova.context [None req-b8c8ad18-9477-462c-adf3-766e25c9b3e3 None None] Found 2 cells: 00000000-0000-0000-0000-000000000000(cell0),7a6e6b25-ac94-40cd-bbe0-99047143fd26(cell1) {{(pid=108347) load_cells /opt/stack/nova/nova/context.py:509}}
May 09 18:04:45.358415 np0000173246 devstack@n-api-meta.service[108347]: INFO nova.utils [None req-b8c8ad18-9477-462c-adf3-766e25c9b3e3 None None] The cell worker thread pool MainProcess.cell_worker is initialized
May 09 18:04:45.360182 np0000173246 devstack@n-api-meta.service[108347]: DEBUG oslo_concurrency.lockutils [None req-b8c8ad18-9477-462c-adf3-766e25c9b3e3 None None] Acquiring lock "00000000-0000-0000-0000-000000000000" by "nova.context.set_target_cell..get_or_set_cached_cell_and_set_connections" {{(pid=108347) inner /opt/stack/data/venv/lib/python3.12/site-packages/oslo_concurrency/lockutils.py:506}}
May 09 18:04:45.360353 np0000173246 devstack@n-api-meta.service[108347]: DEBUG oslo_concurrency.lockutils [None req-b8c8ad18-9477-462c-adf3-766e25c9b3e3 None None] Lock "00000000-0000-0000-0000-000000000000" acquired by "nova.context.set_target_cell..get_or_set_cached_cell_and_set_connections" :: waited 0.000s {{(pid=108347) inner /opt/stack/data/venv/lib/python3.12/site-packages/oslo_concurrency/lockutils.py:519}}
May 09 18:04:45.361742 np0000173246 devstack@n-api-meta.service[108347]: DEBUG oslo_concurrency.lockutils [None req-b8c8ad18-9477-462c-adf3-766e25c9b3e3 None None] Lock "00000000-0000-0000-0000-000000000000" "released" by "nova.context.set_target_cell..get_or_set_cached_cell_and_set_connections" :: held 0.000s {{(pid=108347) inner /opt/stack/data/venv/lib/python3.12/site-packages/oslo_concurrency/lockutils.py:538}}
May 09 18:04:45.361742 np0000173246 devstack@n-api-meta.service[108347]: DEBUG oslo_concurrency.lockutils [None req-b8c8ad18-9477-462c-adf3-766e25c9b3e3 None None] Acquiring lock "7a6e6b25-ac94-40cd-bbe0-99047143fd26" by "nova.context.set_target_cell..get_or_set_cached_cell_and_set_connections" {{(pid=108347) inner /opt/stack/data/venv/lib/python3.12/site-packages/oslo_concurrency/lockutils.py:506}}
May 09 18:04:45.361742 np0000173246 devstack@n-api-meta.service[108347]: DEBUG oslo_concurrency.lockutils [None req-b8c8ad18-9477-462c-adf3-766e25c9b3e3 None None] Lock "7a6e6b25-ac94-40cd-bbe0-99047143fd26" acquired by "nova.context.set_target_cell..get_or_set_cached_cell_and_set_connections" :: waited 0.000s {{(pid=108347) inner /opt/stack/data/venv/lib/python3.12/site-packages/oslo_concurrency/lockutils.py:519}}
May 09 18:04:45.361854 np0000173246 devstack@n-api-meta.service[108345]: DEBUG dbcounter [-] [108345] Writer thread running {{(pid=108345) stat_writer /opt/stack/data/venv/lib/python3.12/site-packages/dbcounter.py:102}}
May 09 18:04:45.362547 np0000173246 devstack@n-api-meta.service[108347]: DEBUG oslo_concurrency.lockutils [None req-b8c8ad18-9477-462c-adf3-766e25c9b3e3 None None] Lock "7a6e6b25-ac94-40cd-bbe0-99047143fd26" "released" by "nova.context.set_target_cell..get_or_set_cached_cell_and_set_connections" :: held 0.001s {{(pid=108347) inner /opt/stack/data/venv/lib/python3.12/site-packages/oslo_concurrency/lockutils.py:538}}
May 09 18:04:45.365850 np0000173246 devstack@n-api-meta.service[108347]: INFO dbcounter [None req-b8c8ad18-9477-462c-adf3-766e25c9b3e3 None None] Registered counter for database nova_cell0
May 09 18:04:45.367544 np0000173246 devstack@n-api-meta.service[108345]: DEBUG dbcounter [-] [108345] Writer thread running {{(pid=108345) stat_writer /opt/stack/data/venv/lib/python3.12/site-packages/dbcounter.py:102}}
May 09 18:04:45.371860 np0000173246 devstack@n-api-meta.service[108347]: INFO dbcounter [None req-b8c8ad18-9477-462c-adf3-766e25c9b3e3 None None] Registered counter for database nova_cell1
May 09 18:04:45.372032 np0000173246 devstack@n-api-meta.service[108345]: INFO dbcounter [None req-956ea579-a246-499a-a18d-899644b19329 None None] Registered counter for database nova_cell0
May 09 18:04:45.374867 np0000173246 devstack@n-api-meta.service[108344]: INFO dbcounter [None req-924521b1-9479-4685-9b89-e599b9bc6a2a None None] Registered counter for database nova_api
May 09 18:04:45.381905 np0000173246 devstack@n-api-meta.service[108347]: DEBUG oslo_db.sqlalchemy.engines [None req-b8c8ad18-9477-462c-adf3-766e25c9b3e3 None None] MySQL server mode set to STRICT_TRANS_TABLES,STRICT_ALL_TABLES,NO_ZERO_IN_DATE,NO_ZERO_DATE,ERROR_FOR_DIVISION_BY_ZERO,TRADITIONAL,NO_ENGINE_SUBSTITUTION {{(pid=108347) _check_effective_sql_mode /opt/stack/data/venv/lib/python3.12/site-packages/oslo_db/sqlalchemy/engines.py:325}}
May 09 18:04:45.386799 np0000173246 devstack@n-api-meta.service[108345]: DEBUG oslo_db.sqlalchemy.engines [None req-956ea579-a246-499a-a18d-899644b19329 None None] MySQL server mode set to STRICT_TRANS_TABLES,STRICT_ALL_TABLES,NO_ZERO_IN_DATE,NO_ZERO_DATE,ERROR_FOR_DIVISION_BY_ZERO,TRADITIONAL,NO_ENGINE_SUBSTITUTION {{(pid=108345) _check_effective_sql_mode /opt/stack/data/venv/lib/python3.12/site-packages/oslo_db/sqlalchemy/engines.py:325}}
May 09 18:04:45.399330 np0000173246 devstack@n-api-meta.service[108345]: DEBUG dbcounter [-] [108345] Writer thread running {{(pid=108345) stat_writer /opt/stack/data/venv/lib/python3.12/site-packages/dbcounter.py:102}}
May 09 18:04:45.400053 np0000173246 devstack@n-api-meta.service[108344]: DEBUG oslo_db.sqlalchemy.engines [None req-924521b1-9479-4685-9b89-e599b9bc6a2a None None] MySQL server mode set to STRICT_TRANS_TABLES,STRICT_ALL_TABLES,NO_ZERO_IN_DATE,NO_ZERO_DATE,ERROR_FOR_DIVISION_BY_ZERO,TRADITIONAL,NO_ENGINE_SUBSTITUTION {{(pid=108344) _check_effective_sql_mode /opt/stack/data/venv/lib/python3.12/site-packages/oslo_db/sqlalchemy/engines.py:325}}
May 09 18:04:45.400968 np0000173246 devstack@n-api-meta.service[108347]: DEBUG oslo_db.sqlalchemy.engines [None req-b8c8ad18-9477-462c-adf3-766e25c9b3e3 None None] MySQL server mode set to STRICT_TRANS_TABLES,STRICT_ALL_TABLES,NO_ZERO_IN_DATE,NO_ZERO_DATE,ERROR_FOR_DIVISION_BY_ZERO,TRADITIONAL,NO_ENGINE_SUBSTITUTION {{(pid=108347) _check_effective_sql_mode /opt/stack/data/venv/lib/python3.12/site-packages/oslo_db/sqlalchemy/engines.py:325}}
May 09 18:04:45.441778 np0000173246 devstack@n-api-meta.service[108344]: DEBUG dbcounter [-] [108344] Writer thread running {{(pid=108344) stat_writer /opt/stack/data/venv/lib/python3.12/site-packages/dbcounter.py:102}}
May 09 18:04:45.444545 np0000173246 devstack@n-api-meta.service[108344]: DEBUG nova.context [None req-924521b1-9479-4685-9b89-e599b9bc6a2a None None] Found 2 cells: 00000000-0000-0000-0000-000000000000(cell0),7a6e6b25-ac94-40cd-bbe0-99047143fd26(cell1) {{(pid=108344) load_cells /opt/stack/nova/nova/context.py:509}}
May 09 18:04:45.444886 np0000173246 devstack@n-api-meta.service[108344]: INFO nova.utils [None req-924521b1-9479-4685-9b89-e599b9bc6a2a None None] The cell worker thread pool MainProcess.cell_worker is initialized
May 09 18:04:45.447577 np0000173246 devstack@n-api-meta.service[108344]: DEBUG oslo_concurrency.lockutils [None req-924521b1-9479-4685-9b89-e599b9bc6a2a None None] Acquiring lock "00000000-0000-0000-0000-000000000000" by "nova.context.set_target_cell..get_or_set_cached_cell_and_set_connections" {{(pid=108344) inner /opt/stack/data/venv/lib/python3.12/site-packages/oslo_concurrency/lockutils.py:506}}
May 09 18:04:45.447711 np0000173246 devstack@n-api-meta.service[108344]: DEBUG oslo_concurrency.lockutils [None req-924521b1-9479-4685-9b89-e599b9bc6a2a None None] Lock "00000000-0000-0000-0000-000000000000" acquired by "nova.context.set_target_cell..get_or_set_cached_cell_and_set_connections" :: waited 0.000s {{(pid=108344) inner /opt/stack/data/venv/lib/python3.12/site-packages/oslo_concurrency/lockutils.py:519}}
May 09 18:04:45.448217 np0000173246 devstack@n-api-meta.service[108344]: DEBUG oslo_concurrency.lockutils [None req-924521b1-9479-4685-9b89-e599b9bc6a2a None None] Lock "00000000-0000-0000-0000-000000000000" "released" by "nova.context.set_target_cell..get_or_set_cached_cell_and_set_connections" :: held 0.000s {{(pid=108344) inner /opt/stack/data/venv/lib/python3.12/site-packages/oslo_concurrency/lockutils.py:538}}
May 09 18:04:45.449168 np0000173246 devstack@n-api-meta.service[108344]: DEBUG oslo_concurrency.lockutils [None req-924521b1-9479-4685-9b89-e599b9bc6a2a None None] Acquiring lock "7a6e6b25-ac94-40cd-bbe0-99047143fd26" by "nova.context.set_target_cell..get_or_set_cached_cell_and_set_connections" {{(pid=108344) inner /opt/stack/data/venv/lib/python3.12/site-packages/oslo_concurrency/lockutils.py:506}}
May 09 18:04:45.449384 np0000173246 devstack@n-api-meta.service[108344]: DEBUG oslo_concurrency.lockutils [None req-924521b1-9479-4685-9b89-e599b9bc6a2a None None] Lock "7a6e6b25-ac94-40cd-bbe0-99047143fd26" acquired by "nova.context.set_target_cell..get_or_set_cached_cell_and_set_connections" :: waited 0.000s {{(pid=108344) inner /opt/stack/data/venv/lib/python3.12/site-packages/oslo_concurrency/lockutils.py:519}}
May 09 18:04:45.450544 np0000173246 devstack@n-api-meta.service[108344]: DEBUG oslo_concurrency.lockutils [None req-924521b1-9479-4685-9b89-e599b9bc6a2a None None] Lock "7a6e6b25-ac94-40cd-bbe0-99047143fd26" "released" by "nova.context.set_target_cell..get_or_set_cached_cell_and_set_connections" :: held 0.001s {{(pid=108344) inner /opt/stack/data/venv/lib/python3.12/site-packages/oslo_concurrency/lockutils.py:538}}
May 09 18:04:45.451893 np0000173246 devstack@n-api-meta.service[108346]: DEBUG dbcounter [-] [108346] Writer thread running {{(pid=108346) stat_writer /opt/stack/data/venv/lib/python3.12/site-packages/dbcounter.py:102}}
May 09 18:04:45.453298 np0000173246 devstack@n-api-meta.service[108346]: DEBUG dbcounter [-] [108346] Writer thread running {{(pid=108346) stat_writer /opt/stack/data/venv/lib/python3.12/site-packages/dbcounter.py:102}}
May 09 18:04:45.453345 np0000173246 devstack@n-api-meta.service[108345]: WARNING nova.api.metadata.handler [None req-956ea579-a246-499a-a18d-899644b19329 None None] metadata_proxy_shared_secret is not configured, the metadata information returned by the proxy cannot be trusted
May 09 18:04:45.453386 np0000173246 devstack@n-api-meta.service[108344]: INFO dbcounter [None req-924521b1-9479-4685-9b89-e599b9bc6a2a None None] Registered counter for database nova_cell0
May 09 18:04:45.456615 np0000173246 devstack@n-api-meta.service[108345]: DEBUG nova.api.openstack.wsgi_app [None req-956ea579-a246-499a-a18d-899644b19329 None None] ******************************************************************************** {{(pid=108345) log_opt_values /opt/stack/data/venv/lib/python3.12/site-packages/oslo_config/cfg.py:2979}}
May 09 18:04:45.456744 np0000173246 devstack@n-api-meta.service[108345]: DEBUG nova.api.openstack.wsgi_app [None req-956ea579-a246-499a-a18d-899644b19329 None None] Configuration options gathered from: {{(pid=108345) log_opt_values /opt/stack/data/venv/lib/python3.12/site-packages/oslo_config/cfg.py:2980}}
May 09 18:04:45.456869 np0000173246 devstack@n-api-meta.service[108345]: DEBUG nova.api.openstack.wsgi_app [None req-956ea579-a246-499a-a18d-899644b19329 None None] command line args: [] {{(pid=108345) log_opt_values /opt/stack/data/venv/lib/python3.12/site-packages/oslo_config/cfg.py:2981}}
May 09 18:04:45.457041 np0000173246 devstack@n-api-meta.service[108345]: DEBUG nova.api.openstack.wsgi_app [None req-956ea579-a246-499a-a18d-899644b19329 None None] config files: ['/etc/nova/api-paste.ini', '/etc/nova/nova.conf'] {{(pid=108345) log_opt_values /opt/stack/data/venv/lib/python3.12/site-packages/oslo_config/cfg.py:2982}}
May 09 18:04:45.457153 np0000173246 devstack@n-api-meta.service[108345]: DEBUG nova.api.openstack.wsgi_app [None req-956ea579-a246-499a-a18d-899644b19329 None None] ================================================================================ {{(pid=108345) log_opt_values /opt/stack/data/venv/lib/python3.12/site-packages/oslo_config/cfg.py:2987}}
May 09 18:04:45.457329 np0000173246 devstack@n-api-meta.service[108345]: DEBUG nova.api.openstack.wsgi_app [None req-956ea579-a246-499a-a18d-899644b19329 None None] allow_resize_to_same_host = True {{(pid=108345) log_opt_values /opt/stack/data/venv/lib/python3.12/site-packages/oslo_config/cfg.py:2995}}
May 09 18:04:45.457474 np0000173246 devstack@n-api-meta.service[108345]: DEBUG nova.api.openstack.wsgi_app [None req-956ea579-a246-499a-a18d-899644b19329 None None] arq_binding_timeout = 300 {{(pid=108345) log_opt_values /opt/stack/data/venv/lib/python3.12/site-packages/oslo_config/cfg.py:2995}}
May 09 18:04:45.457643 np0000173246 devstack@n-api-meta.service[108345]: DEBUG nova.api.openstack.wsgi_app [None req-956ea579-a246-499a-a18d-899644b19329 None None] block_device_allocate_retries = 60 {{(pid=108345) log_opt_values /opt/stack/data/venv/lib/python3.12/site-packages/oslo_config/cfg.py:2995}}
May 09 18:04:45.457783 np0000173246 devstack@n-api-meta.service[108345]: DEBUG nova.api.openstack.wsgi_app [None req-956ea579-a246-499a-a18d-899644b19329 None None] block_device_allocate_retries_interval = 3 {{(pid=108345) log_opt_values /opt/stack/data/venv/lib/python3.12/site-packages/oslo_config/cfg.py:2995}}
May 09 18:04:45.457920 np0000173246 devstack@n-api-meta.service[108345]: DEBUG nova.api.openstack.wsgi_app [None req-956ea579-a246-499a-a18d-899644b19329 None None] cell_worker_thread_pool_size = 5 {{(pid=108345) log_opt_values /opt/stack/data/venv/lib/python3.12/site-packages/oslo_config/cfg.py:2995}}
May 09 18:04:45.458061 np0000173246 devstack@n-api-meta.service[108345]: DEBUG nova.api.openstack.wsgi_app [None req-956ea579-a246-499a-a18d-899644b19329 None None] cert = self.pem {{(pid=108345) log_opt_values /opt/stack/data/venv/lib/python3.12/site-packages/oslo_config/cfg.py:2995}}
May 09 18:04:45.458202 np0000173246 devstack@n-api-meta.service[108345]: DEBUG nova.api.openstack.wsgi_app [None req-956ea579-a246-499a-a18d-899644b19329 None None] compute_driver = libvirt.LibvirtDriver {{(pid=108345) log_opt_values /opt/stack/data/venv/lib/python3.12/site-packages/oslo_config/cfg.py:2995}}
May 09 18:04:45.458357 np0000173246 devstack@n-api-meta.service[108345]: DEBUG nova.api.openstack.wsgi_app [None req-956ea579-a246-499a-a18d-899644b19329 None None] compute_monitors = [] {{(pid=108345) log_opt_values /opt/stack/data/venv/lib/python3.12/site-packages/oslo_config/cfg.py:2995}}
May 09 18:04:45.458457 np0000173246 devstack@n-api-meta.service[108346]: INFO dbcounter [None req-4c650bde-6c9a-44b0-908e-92c01147a71f None None] Registered counter for database nova_cell0
May 09 18:04:45.458506 np0000173246 devstack@n-api-meta.service[108345]: DEBUG nova.api.openstack.wsgi_app [None req-956ea579-a246-499a-a18d-899644b19329 None None] config_dir = [] {{(pid=108345) log_opt_values /opt/stack/data/venv/lib/python3.12/site-packages/oslo_config/cfg.py:2995}}
May 09 18:04:45.458685 np0000173246 devstack@n-api-meta.service[108345]: DEBUG nova.api.openstack.wsgi_app [None req-956ea579-a246-499a-a18d-899644b19329 None None] config_drive_format = iso9660 {{(pid=108345) log_opt_values /opt/stack/data/venv/lib/python3.12/site-packages/oslo_config/cfg.py:2995}}
May 09 18:04:45.458798 np0000173246 devstack@n-api-meta.service[108345]: DEBUG nova.api.openstack.wsgi_app [None req-956ea579-a246-499a-a18d-899644b19329 None None] config_file = ['/etc/nova/api-paste.ini', '/etc/nova/nova.conf'] {{(pid=108345) log_opt_values /opt/stack/data/venv/lib/python3.12/site-packages/oslo_config/cfg.py:2995}}
May 09 18:04:45.458935 np0000173246 devstack@n-api-meta.service[108345]: DEBUG nova.api.openstack.wsgi_app [None req-956ea579-a246-499a-a18d-899644b19329 None None] config_source = [] {{(pid=108345) log_opt_values /opt/stack/data/venv/lib/python3.12/site-packages/oslo_config/cfg.py:2995}}
May 09 18:04:45.459075 np0000173246 devstack@n-api-meta.service[108345]: DEBUG nova.api.openstack.wsgi_app [None req-956ea579-a246-499a-a18d-899644b19329 None None] console_host = np0000173246 {{(pid=108345) log_opt_values /opt/stack/data/venv/lib/python3.12/site-packages/oslo_config/cfg.py:2995}}
May 09 18:04:45.459224 np0000173246 devstack@n-api-meta.service[108345]: DEBUG nova.api.openstack.wsgi_app [None req-956ea579-a246-499a-a18d-899644b19329 None None] control_exchange = nova {{(pid=108345) log_opt_values /opt/stack/data/venv/lib/python3.12/site-packages/oslo_config/cfg.py:2995}}
May 09 18:04:45.459285 np0000173246 devstack@n-api-meta.service[108344]: INFO dbcounter [None req-924521b1-9479-4685-9b89-e599b9bc6a2a None None] Registered counter for database nova_cell1
May 09 18:04:45.459346 np0000173246 devstack@n-api-meta.service[108345]: DEBUG nova.api.openstack.wsgi_app [None req-956ea579-a246-499a-a18d-899644b19329 None None] cpu_allocation_ratio = None {{(pid=108345) log_opt_values /opt/stack/data/venv/lib/python3.12/site-packages/oslo_config/cfg.py:2995}}
May 09 18:04:45.459479 np0000173246 devstack@n-api-meta.service[108345]: DEBUG nova.api.openstack.wsgi_app [None req-956ea579-a246-499a-a18d-899644b19329 None None] daemon = False {{(pid=108345) log_opt_values /opt/stack/data/venv/lib/python3.12/site-packages/oslo_config/cfg.py:2995}}
May 09 18:04:45.459644 np0000173246 devstack@n-api-meta.service[108345]: DEBUG nova.api.openstack.wsgi_app [None req-956ea579-a246-499a-a18d-899644b19329 None None] debug = True {{(pid=108345) log_opt_values /opt/stack/data/venv/lib/python3.12/site-packages/oslo_config/cfg.py:2995}}
May 09 18:04:45.459779 np0000173246 devstack@n-api-meta.service[108345]: DEBUG nova.api.openstack.wsgi_app [None req-956ea579-a246-499a-a18d-899644b19329 None None] default_access_ip_network_name = None {{(pid=108345) log_opt_values /opt/stack/data/venv/lib/python3.12/site-packages/oslo_config/cfg.py:2995}}
May 09 18:04:45.459916 np0000173246 devstack@n-api-meta.service[108345]: DEBUG nova.api.openstack.wsgi_app [None req-956ea579-a246-499a-a18d-899644b19329 None None] default_availability_zone = nova {{(pid=108345) log_opt_values /opt/stack/data/venv/lib/python3.12/site-packages/oslo_config/cfg.py:2995}}
May 09 18:04:45.460052 np0000173246 devstack@n-api-meta.service[108345]: DEBUG nova.api.openstack.wsgi_app [None req-956ea579-a246-499a-a18d-899644b19329 None None] default_ephemeral_format = ext4 {{(pid=108345) log_opt_values /opt/stack/data/venv/lib/python3.12/site-packages/oslo_config/cfg.py:2995}}
May 09 18:04:45.460192 np0000173246 devstack@n-api-meta.service[108345]: DEBUG nova.api.openstack.wsgi_app [None req-956ea579-a246-499a-a18d-899644b19329 None None] default_green_pool_size = 1000 {{(pid=108345) log_opt_values /opt/stack/data/venv/lib/python3.12/site-packages/oslo_config/cfg.py:2995}}
May 09 18:04:45.460434 np0000173246 devstack@n-api-meta.service[108345]: DEBUG nova.api.openstack.wsgi_app [None req-956ea579-a246-499a-a18d-899644b19329 None None] default_log_levels = ['amqp=WARN', 'boto=WARN', 'sqlalchemy=WARN', 'suds=INFO', 'oslo.messaging=INFO', 'oslo_messaging=INFO', 'iso8601=WARN', 'requests.packages.urllib3.connectionpool=WARN', 'urllib3.connectionpool=WARN', 'websocket=WARN', 'requests.packages.urllib3.util.retry=WARN', 'urllib3.util.retry=WARN', 'keystonemiddleware=WARN', 'routes.middleware=WARN', 'stevedore=WARN', 'taskflow=WARN', 'keystoneauth=WARN', 'oslo.cache=INFO', 'oslo_policy=INFO', 'dogpile.core.dogpile=INFO', 'glanceclient=WARN', 'oslo.privsep.daemon=INFO'] {{(pid=108345) log_opt_values /opt/stack/data/venv/lib/python3.12/site-packages/oslo_config/cfg.py:2995}}
May 09 18:04:45.460601 np0000173246 devstack@n-api-meta.service[108345]: DEBUG nova.api.openstack.wsgi_app [None req-956ea579-a246-499a-a18d-899644b19329 None None] default_schedule_zone = None {{(pid=108345) log_opt_values /opt/stack/data/venv/lib/python3.12/site-packages/oslo_config/cfg.py:2995}}
May 09 18:04:45.460737 np0000173246 devstack@n-api-meta.service[108345]: DEBUG nova.api.openstack.wsgi_app [None req-956ea579-a246-499a-a18d-899644b19329 None None] default_thread_pool_size = 10 {{(pid=108345) log_opt_values /opt/stack/data/venv/lib/python3.12/site-packages/oslo_config/cfg.py:2995}}
May 09 18:04:45.460918 np0000173246 devstack@n-api-meta.service[108345]: DEBUG nova.api.openstack.wsgi_app [None req-956ea579-a246-499a-a18d-899644b19329 None None] disk_allocation_ratio = None {{(pid=108345) log_opt_values /opt/stack/data/venv/lib/python3.12/site-packages/oslo_config/cfg.py:2995}}
May 09 18:04:45.460997 np0000173246 devstack@n-api-meta.service[108345]: DEBUG nova.api.openstack.wsgi_app [None req-956ea579-a246-499a-a18d-899644b19329 None None] enable_new_services = True {{(pid=108345) log_opt_values /opt/stack/data/venv/lib/python3.12/site-packages/oslo_config/cfg.py:2995}}
May 09 18:04:45.461203 np0000173246 devstack@n-api-meta.service[108345]: DEBUG nova.api.openstack.wsgi_app [None req-956ea579-a246-499a-a18d-899644b19329 None None] flat_injected = False {{(pid=108345) log_opt_values /opt/stack/data/venv/lib/python3.12/site-packages/oslo_config/cfg.py:2995}}
May 09 18:04:45.461269 np0000173246 devstack@n-api-meta.service[108345]: DEBUG nova.api.openstack.wsgi_app [None req-956ea579-a246-499a-a18d-899644b19329 None None] force_config_drive = False {{(pid=108345) log_opt_values /opt/stack/data/venv/lib/python3.12/site-packages/oslo_config/cfg.py:2995}}
May 09 18:04:45.461406 np0000173246 devstack@n-api-meta.service[108345]: DEBUG nova.api.openstack.wsgi_app [None req-956ea579-a246-499a-a18d-899644b19329 None None] force_raw_images = True {{(pid=108345) log_opt_values /opt/stack/data/venv/lib/python3.12/site-packages/oslo_config/cfg.py:2995}}
May 09 18:04:45.461550 np0000173246 devstack@n-api-meta.service[108345]: DEBUG nova.api.openstack.wsgi_app [None req-956ea579-a246-499a-a18d-899644b19329 None None] graceful_shutdown_timeout = 5 {{(pid=108345) log_opt_values /opt/stack/data/venv/lib/python3.12/site-packages/oslo_config/cfg.py:2995}}
May 09 18:04:45.461715 np0000173246 devstack@n-api-meta.service[108345]: DEBUG nova.api.openstack.wsgi_app [None req-956ea579-a246-499a-a18d-899644b19329 None None] heal_instance_info_cache_interval = -1 {{(pid=108345) log_opt_values /opt/stack/data/venv/lib/python3.12/site-packages/oslo_config/cfg.py:2995}}
May 09 18:04:45.462003 np0000173246 devstack@n-api-meta.service[108345]: DEBUG nova.api.openstack.wsgi_app [None req-956ea579-a246-499a-a18d-899644b19329 None None] host = np0000173246 {{(pid=108345) log_opt_values /opt/stack/data/venv/lib/python3.12/site-packages/oslo_config/cfg.py:2995}}
May 09 18:04:45.462074 np0000173246 devstack@n-api-meta.service[108345]: DEBUG nova.api.openstack.wsgi_app [None req-956ea579-a246-499a-a18d-899644b19329 None None] initial_cpu_allocation_ratio = 4.0 {{(pid=108345) log_opt_values /opt/stack/data/venv/lib/python3.12/site-packages/oslo_config/cfg.py:2995}}
May 09 18:04:45.462338 np0000173246 devstack@n-api-meta.service[108345]: DEBUG nova.api.openstack.wsgi_app [None req-956ea579-a246-499a-a18d-899644b19329 None None] initial_disk_allocation_ratio = 1.0 {{(pid=108345) log_opt_values /opt/stack/data/venv/lib/python3.12/site-packages/oslo_config/cfg.py:2995}}
May 09 18:04:45.462472 np0000173246 devstack@n-api-meta.service[108345]: DEBUG nova.api.openstack.wsgi_app [None req-956ea579-a246-499a-a18d-899644b19329 None None] initial_ram_allocation_ratio = 1.0 {{(pid=108345) log_opt_values /opt/stack/data/venv/lib/python3.12/site-packages/oslo_config/cfg.py:2995}}
May 09 18:04:45.462680 np0000173246 devstack@n-api-meta.service[108345]: DEBUG nova.api.openstack.wsgi_app [None req-956ea579-a246-499a-a18d-899644b19329 None None] injected_network_template = /opt/stack/nova/nova/virt/interfaces.template {{(pid=108345) log_opt_values /opt/stack/data/venv/lib/python3.12/site-packages/oslo_config/cfg.py:2995}}
May 09 18:04:45.462815 np0000173246 devstack@n-api-meta.service[108345]: DEBUG nova.api.openstack.wsgi_app [None req-956ea579-a246-499a-a18d-899644b19329 None None] instance_build_timeout = 0 {{(pid=108345) log_opt_values /opt/stack/data/venv/lib/python3.12/site-packages/oslo_config/cfg.py:2995}}
May 09 18:04:45.462948 np0000173246 devstack@n-api-meta.service[108345]: DEBUG nova.api.openstack.wsgi_app [None req-956ea579-a246-499a-a18d-899644b19329 None None] instance_delete_interval = 300 {{(pid=108345) log_opt_values /opt/stack/data/venv/lib/python3.12/site-packages/oslo_config/cfg.py:2995}}
May 09 18:04:45.463087 np0000173246 devstack@n-api-meta.service[108345]: DEBUG nova.api.openstack.wsgi_app [None req-956ea579-a246-499a-a18d-899644b19329 None None] instance_format = [instance: %(uuid)s] {{(pid=108345) log_opt_values /opt/stack/data/venv/lib/python3.12/site-packages/oslo_config/cfg.py:2995}}
May 09 18:04:45.463227 np0000173246 devstack@n-api-meta.service[108345]: DEBUG nova.api.openstack.wsgi_app [None req-956ea579-a246-499a-a18d-899644b19329 None None] instance_name_template = instance-%08x {{(pid=108345) log_opt_values /opt/stack/data/venv/lib/python3.12/site-packages/oslo_config/cfg.py:2995}}
May 09 18:04:45.463360 np0000173246 devstack@n-api-meta.service[108345]: DEBUG nova.api.openstack.wsgi_app [None req-956ea579-a246-499a-a18d-899644b19329 None None] instance_usage_audit = False {{(pid=108345) log_opt_values /opt/stack/data/venv/lib/python3.12/site-packages/oslo_config/cfg.py:2995}}
May 09 18:04:45.463501 np0000173246 devstack@n-api-meta.service[108345]: DEBUG nova.api.openstack.wsgi_app [None req-956ea579-a246-499a-a18d-899644b19329 None None] instance_usage_audit_period = month {{(pid=108345) log_opt_values /opt/stack/data/venv/lib/python3.12/site-packages/oslo_config/cfg.py:2995}}
May 09 18:04:45.463656 np0000173246 devstack@n-api-meta.service[108345]: DEBUG nova.api.openstack.wsgi_app [None req-956ea579-a246-499a-a18d-899644b19329 None None] instance_uuid_format = [instance: %(uuid)s] {{(pid=108345) log_opt_values /opt/stack/data/venv/lib/python3.12/site-packages/oslo_config/cfg.py:2995}}
May 09 18:04:45.463790 np0000173246 devstack@n-api-meta.service[108345]: DEBUG nova.api.openstack.wsgi_app [None req-956ea579-a246-499a-a18d-899644b19329 None None] instances_path = /opt/stack/data/nova/instances {{(pid=108345) log_opt_values /opt/stack/data/venv/lib/python3.12/site-packages/oslo_config/cfg.py:2995}}
May 09 18:04:45.463927 np0000173246 devstack@n-api-meta.service[108345]: DEBUG nova.api.openstack.wsgi_app [None req-956ea579-a246-499a-a18d-899644b19329 None None] internal_service_availability_zone = internal {{(pid=108345) log_opt_values /opt/stack/data/venv/lib/python3.12/site-packages/oslo_config/cfg.py:2995}}
May 09 18:04:45.464057 np0000173246 devstack@n-api-meta.service[108345]: DEBUG nova.api.openstack.wsgi_app [None req-956ea579-a246-499a-a18d-899644b19329 None None] key = None {{(pid=108345) log_opt_values /opt/stack/data/venv/lib/python3.12/site-packages/oslo_config/cfg.py:2995}}
May 09 18:04:45.464192 np0000173246 devstack@n-api-meta.service[108345]: DEBUG nova.api.openstack.wsgi_app [None req-956ea579-a246-499a-a18d-899644b19329 None None] live_migration_retry_count = 30 {{(pid=108345) log_opt_values /opt/stack/data/venv/lib/python3.12/site-packages/oslo_config/cfg.py:2995}}
May 09 18:04:45.464348 np0000173246 devstack@n-api-meta.service[108345]: DEBUG nova.api.openstack.wsgi_app [None req-956ea579-a246-499a-a18d-899644b19329 None None] log_color = False {{(pid=108345) log_opt_values /opt/stack/data/venv/lib/python3.12/site-packages/oslo_config/cfg.py:2995}}
May 09 18:04:45.464489 np0000173246 devstack@n-api-meta.service[108345]: DEBUG nova.api.openstack.wsgi_app [None req-956ea579-a246-499a-a18d-899644b19329 None None] log_config_append = None {{(pid=108345) log_opt_values /opt/stack/data/venv/lib/python3.12/site-packages/oslo_config/cfg.py:2995}}
May 09 18:04:45.464660 np0000173246 devstack@n-api-meta.service[108345]: DEBUG nova.api.openstack.wsgi_app [None req-956ea579-a246-499a-a18d-899644b19329 None None] log_date_format = %Y-%m-%d %H:%M:%S {{(pid=108345) log_opt_values /opt/stack/data/venv/lib/python3.12/site-packages/oslo_config/cfg.py:2995}}
May 09 18:04:45.464796 np0000173246 devstack@n-api-meta.service[108345]: DEBUG nova.api.openstack.wsgi_app [None req-956ea579-a246-499a-a18d-899644b19329 None None] log_dir = None {{(pid=108345) log_opt_values /opt/stack/data/venv/lib/python3.12/site-packages/oslo_config/cfg.py:2995}}
May 09 18:04:45.464931 np0000173246 devstack@n-api-meta.service[108345]: DEBUG nova.api.openstack.wsgi_app [None req-956ea579-a246-499a-a18d-899644b19329 None None] log_file = None {{(pid=108345) log_opt_values /opt/stack/data/venv/lib/python3.12/site-packages/oslo_config/cfg.py:2995}}
May 09 18:04:45.465038 np0000173246 devstack@n-api-meta.service[108345]: DEBUG nova.api.openstack.wsgi_app [None req-956ea579-a246-499a-a18d-899644b19329 None None] log_options = True {{(pid=108345) log_opt_values /opt/stack/data/venv/lib/python3.12/site-packages/oslo_config/cfg.py:2995}}
May 09 18:04:45.465172 np0000173246 devstack@n-api-meta.service[108345]: DEBUG nova.api.openstack.wsgi_app [None req-956ea579-a246-499a-a18d-899644b19329 None None] log_rotate_interval = 1 {{(pid=108345) log_opt_values /opt/stack/data/venv/lib/python3.12/site-packages/oslo_config/cfg.py:2995}}
May 09 18:04:45.465312 np0000173246 devstack@n-api-meta.service[108345]: DEBUG nova.api.openstack.wsgi_app [None req-956ea579-a246-499a-a18d-899644b19329 None None] log_rotate_interval_type = days {{(pid=108345) log_opt_values /opt/stack/data/venv/lib/python3.12/site-packages/oslo_config/cfg.py:2995}}
May 09 18:04:45.465460 np0000173246 devstack@n-api-meta.service[108345]: DEBUG nova.api.openstack.wsgi_app [None req-956ea579-a246-499a-a18d-899644b19329 None None] log_rotation_type = none {{(pid=108345) log_opt_values /opt/stack/data/venv/lib/python3.12/site-packages/oslo_config/cfg.py:2995}}
May 09 18:04:45.465592 np0000173246 devstack@n-api-meta.service[108345]: DEBUG nova.api.openstack.wsgi_app [None req-956ea579-a246-499a-a18d-899644b19329 None None] logging_context_format_string = %(color)s%(levelname)s %(name)s [%(global_request_id)s %(request_id)s %(project_name)s %(user_name)s%(color)s] %(instance)s%(color)s%(message)s {{(pid=108345) log_opt_values /opt/stack/data/venv/lib/python3.12/site-packages/oslo_config/cfg.py:2995}}
May 09 18:04:45.465702 np0000173246 devstack@n-api-meta.service[108345]: DEBUG nova.api.openstack.wsgi_app [None req-956ea579-a246-499a-a18d-899644b19329 None None] logging_debug_format_suffix = {{(pid=%(process)d) %(funcName)s %(pathname)s:%(lineno)d}} {{(pid=108345) log_opt_values /opt/stack/data/venv/lib/python3.12/site-packages/oslo_config/cfg.py:2995}}
