2026-04-25 01:13:05.717 7 INFO placement.requestlog [None req-642d3bd9-b432-4f44-95b4-fa9dfb08d30f - - - - - -] 10.0.0.172 "GET /" status: 200 len: 136 microversion: 1.0
2026-04-25 01:13:05.718 8 INFO placement.requestlog [None req-23b5857b-4c15-4293-bd9b-afccd59284e2 - - - - - -] 10.0.0.172 "GET /" status: 200 len: 136 microversion: 1.0
2026-04-25 01:13:07.618 7 INFO placement.requestlog [req-a81e3c01-0b5d-401e-95f4-a7fef78dd951 req-43c0b776-1cdf-453b-9ff0-9f457030cd4d 22813c7253ee4d1b9fec3a6b61bc2dee 98874426521447b68eae37c1a2d89865 - - ad744686e5604cbfa9e6a3e27dd98ed7 ad744686e5604cbfa9e6a3e27dd98ed7] 199.204.45.169 "GET /resource_providers/528d2f31-bfef-4036-8257-8b1a8a730576/allocations" status: 200 len: 54 microversion: 1.0 [pid: 7|app: 0|req: 108/216] 199.204.45.169 () {32 vars in 857 bytes} [Sat Apr 25 01:13:07 2026] GET /resource_providers/528d2f31-bfef-4036-8257-8b1a8a730576/allocations => generated 54 bytes in 16 msecs (HTTP/1.1 200) 6 headers in 223 bytes (1 switches on core 0)
2026-04-25 01:13:07.642 8 INFO placement.requestlog [req-a81e3c01-0b5d-401e-95f4-a7fef78dd951 req-16841f5f-2327-4ed8-8949-9115b93f9966 22813c7253ee4d1b9fec3a6b61bc2dee 98874426521447b68eae37c1a2d89865 - - ad744686e5604cbfa9e6a3e27dd98ed7 ad744686e5604cbfa9e6a3e27dd98ed7] 199.204.45.169 "GET /resource_providers/528d2f31-bfef-4036-8257-8b1a8a730576/allocations" status: 200 len: 54 microversion: 1.0 [pid: 8|app: 0|req: 109/217] 199.204.45.169 () {32 vars in 857 bytes} [Sat Apr 25 01:13:07 2026] GET /resource_providers/528d2f31-bfef-4036-8257-8b1a8a730576/allocations => generated 54 bytes in 18 msecs (HTTP/1.1 200) 6 headers in 223 bytes (1 switches on core 0)
2026-04-25 01:13:15.717 7 INFO placement.requestlog [None req-b9e7999b-a8e1-4661-a9d8-b3a709acf479 - - - - - -] 10.0.0.172 "GET /" status: 200 len: 136 microversion: 1.0
2026-04-25 01:13:15.717 8 INFO placement.requestlog [None req-d1ba465b-963f-47f6-8655-c09f5b1b1e6d - - - - - -] 10.0.0.172 "GET /" status: 200 len: 136 microversion: 1.0
2026-04-25 01:13:25.717 8 INFO placement.requestlog [None req-20451eec-7436-4e7f-bebd-e8fe985518e2 - - - - - -] 10.0.0.172 "GET /" status: 200 len: 136 microversion: 1.0
2026-04-25 01:13:25.718 7 INFO placement.requestlog [None req-7f540ee1-b199-400e-aae2-de2f8bbf5202 - - - - - -] 10.0.0.172 "GET /" status: 200 len: 136 microversion: 1.0
2026-04-25 01:13:35.717 8 INFO placement.requestlog [None req-85680ee6-467f-4c14-8ead-45df7f7b427a - - - - - -] 10.0.0.172 "GET /" status: 200 len: 136 microversion: 1.0
2026-04-25 01:13:35.717 7 INFO placement.requestlog [None req-4aa90a32-c6a1-4375-8001-1fb2909f6b16 - - - - - -] 10.0.0.172 "GET /" status: 200 len: 136 microversion: 1.0
2026-04-25 01:13:45.717 8 INFO placement.requestlog [None req-53197517-514d-422c-a320-a29a1b92189c - - - - - -] 10.0.0.172 "GET /" status: 200 len: 136 microversion: 1.0
2026-04-25 01:13:45.718 7 INFO placement.requestlog [None req-3f65a3a7-1ae8-4b71-8bb4-50485ba1acd6 - - - - - -] 10.0.0.172 "GET /" status: 200 len: 136 microversion: 1.0
2026-04-25 01:13:55.717 8 INFO placement.requestlog [None req-794d28f9-639d-40fc-b6c4-28809f31eea4 - - - - - -] 10.0.0.172 "GET /" status: 200 len: 136 microversion: 1.0
2026-04-25 01:13:55.719 7 INFO placement.requestlog [None req-4bffc265-5f6f-49dd-8e45-b7281df9488d - - - - - -] 10.0.0.172 "GET /" status: 200 len: 136 microversion: 1.0
2026-04-25 01:14:04.114 8 INFO placement.requestlog [req-ac25fdab-bc17-4723-b58c-8f9aa5e69a66 req-2e20e3c1-bdf0-4ab0-9e9e-fb12f1a684c2 22813c7253ee4d1b9fec3a6b61bc2dee 98874426521447b68eae37c1a2d89865 - - ad744686e5604cbfa9e6a3e27dd98ed7 ad744686e5604cbfa9e6a3e27dd98ed7] 199.204.45.169 "GET /resource_providers/528d2f31-bfef-4036-8257-8b1a8a730576/allocations" status: 200 len: 54 microversion: 1.0 [pid: 8|app: 0|req: 115/228] 199.204.45.169 () {32 vars in 857 bytes} [Sat Apr 25 01:14:04 2026] GET /resource_providers/528d2f31-bfef-4036-8257-8b1a8a730576/allocations => generated 54 bytes in 16 msecs (HTTP/1.1 200) 6 headers in 223 bytes (1 switches on core 0)
2026-04-25 01:14:04.130 7 INFO placement.requestlog [req-ac25fdab-bc17-4723-b58c-8f9aa5e69a66 req-a170f0b3-96a7-4677-85b8-822d2da6ce41 22813c7253ee4d1b9fec3a6b61bc2dee 98874426521447b68eae37c1a2d89865 - - ad744686e5604cbfa9e6a3e27dd98ed7 ad744686e5604cbfa9e6a3e27dd98ed7] 199.204.45.169 "GET /resource_providers/528d2f31-bfef-4036-8257-8b1a8a730576/allocations" status: 200 len: 54 microversion: 1.0 [pid: 7|app: 0|req: 114/229] 199.204.45.169 () {32 vars in 857 bytes} [Sat Apr 25 01:14:04 2026] GET /resource_providers/528d2f31-bfef-4036-8257-8b1a8a730576/allocations => generated 54 bytes in 11 msecs (HTTP/1.1 200) 6 headers in 223 bytes (1 switches on core 0)
2026-04-25 01:14:05.716 8 INFO placement.requestlog [None req-c94b8e06-79fc-4af7-8697-93d10bd31d5e - - - - - -] 10.0.0.172 "GET /" status: 200 len: 136 microversion: 1.0
2026-04-25 01:14:05.718 7 INFO placement.requestlog [None req-e1c2666b-6928-4a9c-82a6-0a3da9e98d5b - - - - - -] 10.0.0.172 "GET /" status: 200 len: 136 microversion: 1.0
2026-04-25 01:14:15.716 7 INFO placement.requestlog [None req-9b201eea-6a44-4d5a-8345-8aab3a23c592 - - - - - -] 10.0.0.172 "GET /" status: 200 len: 136 microversion: 1.0
2026-04-25 01:14:15.718 8 INFO placement.requestlog [None req-59218b72-8a99-4cb6-841d-28e978ec1947 - - - - - -] 10.0.0.172 "GET /" status: 200 len: 136 microversion: 1.0
2026-04-25 01:14:25.716 7 INFO placement.requestlog [None req-f8e60aad-4ccb-424e-9894-5e147e417f22 - - - - - -] 10.0.0.172 "GET /" status: 200 len: 136 microversion: 1.0
2026-04-25 01:14:25.716 8 INFO placement.requestlog [None req-4c1843d4-e675-41d0-8e85-bcb9d5be8f36 - - - - - -] 10.0.0.172 "GET /" status: 200 len: 136 microversion: 1.0
2026-04-25 01:14:35.717 7 INFO placement.requestlog [None req-f86d16e1-52af-4801-833d-37a91832eeb9 - - - - - -] 10.0.0.172 "GET /" status: 200 len: 136 microversion: 1.0
2026-04-25 01:14:35.718 8 INFO placement.requestlog [None req-d1343366-abd1-4c13-8317-0fbb38f99e20 - - - - - -] 10.0.0.172 "GET /" status: 200 len: 136 microversion: 1.0
2026-04-25 01:14:45.717 7 INFO placement.requestlog [None req-1fd62bd0-f213-480d-92c6-7c827e3c12d8 - - - - - -] 10.0.0.172 "GET /" status: 200 len: 136 microversion: 1.0
2026-04-25 01:14:45.718 8 INFO placement.requestlog [None req-4f154b62-202a-494d-863d-a069eadfca7d - - - - - -] 10.0.0.172 "GET /" status: 200 len: 136 microversion: 1.0
2026-04-25 01:14:55.718 7 INFO placement.requestlog [None req-7d052a0f-df36-4ddf-830f-366f22a074da - - - - - -] 10.0.0.172 "GET /" status: 200 len: 136 microversion: 1.0
2026-04-25 01:14:55.720 8 INFO placement.requestlog [None req-3d447e52-49e7-4c9e-ae69-2168c8cc87e0 - - - - - -] 10.0.0.172 "GET /" status: 200 len: 136 microversion: 1.0
2026-04-25 01:15:03.095 7 INFO placement.requestlog [req-e07474db-07ec-4d41-a5bd-949bcadd141b req-ca9cce61-a0d3-472b-b13d-cd47bfdf74d1 22813c7253ee4d1b9fec3a6b61bc2dee 98874426521447b68eae37c1a2d89865 - - ad744686e5604cbfa9e6a3e27dd98ed7 ad744686e5604cbfa9e6a3e27dd98ed7] 199.204.45.169 "GET /resource_providers/528d2f31-bfef-4036-8257-8b1a8a730576/allocations" status: 200 len: 54 microversion: 1.0 [pid: 7|app: 0|req: 121/242] 199.204.45.169 () {32 vars in 857 bytes} [Sat Apr 25 01:15:03 2026] GET /resource_providers/528d2f31-bfef-4036-8257-8b1a8a730576/allocations => generated 54 bytes in 32 msecs (HTTP/1.1 200) 6 headers in 223 bytes (1 switches on core 0)
2026-04-25 01:15:03.134 8 INFO placement.requestlog [req-e07474db-07ec-4d41-a5bd-949bcadd141b req-6119183b-11c1-42ce-bb99-b977cfc0020e 22813c7253ee4d1b9fec3a6b61bc2dee 98874426521447b68eae37c1a2d89865 - - ad744686e5604cbfa9e6a3e27dd98ed7 ad744686e5604cbfa9e6a3e27dd98ed7] 199.204.45.169 "GET /resource_providers/528d2f31-bfef-4036-8257-8b1a8a730576/allocations" status: 200 len: 54 microversion: 1.0 [pid: 8|app: 0|req: 122/243] 199.204.45.169 () {32 vars in 857 bytes} [Sat Apr 25 01:15:03 2026] GET /resource_providers/528d2f31-bfef-4036-8257-8b1a8a730576/allocations => generated 54 bytes in 13 msecs (HTTP/1.1 200) 6 headers in 223 bytes (1 switches on core 0)
2026-04-25 01:15:05.716 7 INFO placement.requestlog [None req-9070a22b-2ed9-4613-9fa7-b63d0273168d - - - - - -] 10.0.0.172 "GET /" status: 200 len: 136 microversion: 1.0
2026-04-25 01:15:05.717 8 INFO placement.requestlog [None req-ed37af1a-a430-4808-ba0c-c8adba580ae9 - - - - - -] 10.0.0.172 "GET /" status: 200 len: 136 microversion: 1.0
2026-04-25 01:15:15.717 7 INFO placement.requestlog [None req-6f3cd6c8-62f0-4ec7-bdbb-1142c33f3c86 - - - - - -] 10.0.0.172 "GET /" status: 200 len: 136 microversion: 1.0
2026-04-25 01:15:15.717 8 INFO placement.requestlog [None req-cc66dadd-6073-4501-a96b-4ec32b92937d - - - - - -] 10.0.0.172 "GET /" status: 200 len: 136 microversion: 1.0
2026-04-25 01:15:25.716 7 INFO placement.requestlog [None req-586175a0-d15f-4008-a901-1e32574742ff - - - - - -] 10.0.0.172 "GET /" status: 200 len: 136 microversion: 1.0
2026-04-25 01:15:25.716 8 INFO placement.requestlog [None req-b9448f49-3565-438a-b3eb-d52d4f927f7d - - - - - -] 10.0.0.172 "GET /" status: 200 len: 136 microversion: 1.0
2026-04-25 01:15:35.716 7 INFO placement.requestlog [None req-0cd7637d-6f48-497c-be03-e875300ac9e3 - - - - - -] 10.0.0.172 "GET /" status: 200 len: 136 microversion: 1.0
2026-04-25 01:15:35.717 8 INFO placement.requestlog [None req-5ca273e7-e704-4701-bdec-57fc001f9d27 - - - - - -] 10.0.0.172 "GET /" status: 200 len: 136 microversion: 1.0
2026-04-25 01:15:45.718 8 INFO placement.requestlog [None req-d5a01e1a-56cd-4a28-86ec-cef3435c3f61 - - - - - -] 10.0.0.172 "GET /" status: 200 len: 136 microversion: 1.0
2026-04-25 01:15:45.719 7 INFO placement.requestlog [None req-889e9f42-c5c3-4079-b73c-ac05f980f333 - - - - - -] 10.0.0.172 "GET /" status: 200 len: 136 microversion: 1.0
2026-04-25 01:15:55.717 7 INFO placement.requestlog [None req-cefc745c-e7ed-4500-aa9c-cef6dbb919c7 - - - - - -] 10.0.0.172 "GET /" status: 200 len: 136 microversion: 1.0
2026-04-25 01:15:55.718 8 INFO placement.requestlog [None req-c687060a-5238-4b03-a35b-e6fde66bd9e7 - - - - - -] 10.0.0.172 "GET /" status: 200 len: 136 microversion: 1.0
2026-04-25 01:16:01.287 7 INFO placement.requestlog [req-d02cf571-50b2-477c-ab54-4387ebecc9e6 req-5c33595c-ffc6-4098-afd0-70b581e78b60 22813c7253ee4d1b9fec3a6b61bc2dee 98874426521447b68eae37c1a2d89865 - - ad744686e5604cbfa9e6a3e27dd98ed7 ad744686e5604cbfa9e6a3e27dd98ed7] 10.0.0.85 "GET /allocation_candidates?limit=1000&resources=DISK_GB%3A1%2CMEMORY_MB%3A512%2CVCPU%3A1&root_required=%21COMPUTE_STATUS_DISABLED" status: 200 len: 2781 microversion: 1.36 [pid: 7|app: 0|req: 128/256] 10.0.0.85 () {34 vars in 1011 bytes} [Sat Apr 25 01:16:00 2026] GET /allocation_candidates?limit=1000&resources=DISK_GB%3A1%2CMEMORY_MB%3A512%2CVCPU%3A1&root_required=%21COMPUTE_STATUS_DISABLED => generated 2781 bytes in 377 msecs (HTTP/1.1 200) 8 headers in 297 bytes (1 switches on core 0)
2026-04-25 01:16:01.343 8 INFO placement.requestlog [req-d02cf571-50b2-477c-ab54-4387ebecc9e6 req-b594a50e-2bc1-49d3-a694-675123b70125 22813c7253ee4d1b9fec3a6b61bc2dee 98874426521447b68eae37c1a2d89865 - - ad744686e5604cbfa9e6a3e27dd98ed7 ad744686e5604cbfa9e6a3e27dd98ed7] 10.0.0.85 "GET /allocations/00b2e516-b9c3-46be-bcdb-3e114af8839c" status: 200 len: 19 microversion: 1.28 [pid: 8|app: 0|req: 129/257] 10.0.0.85 () {34 vars in 860 bytes} [Sat Apr 25 01:16:01 2026] GET /allocations/00b2e516-b9c3-46be-bcdb-3e114af8839c => generated 19 bytes in 17 msecs (HTTP/1.1 200) 8 headers in 295 bytes (1 switches on core 0)
2026-04-25 01:16:01.466 7 INFO placement.requestlog [req-d02cf571-50b2-477c-ab54-4387ebecc9e6 req-543cd60c-7dab-439b-9577-7766384d839c 22813c7253ee4d1b9fec3a6b61bc2dee 98874426521447b68eae37c1a2d89865 - - ad744686e5604cbfa9e6a3e27dd98ed7 ad744686e5604cbfa9e6a3e27dd98ed7] 10.0.0.85 "PUT /allocations/00b2e516-b9c3-46be-bcdb-3e114af8839c" status: 204 len: 0 microversion: 1.36 [pid: 7|app: 0|req: 129/258] 10.0.0.85 () {38 vars in 913 bytes} [Sat Apr 25 01:16:01 2026] PUT /allocations/00b2e516-b9c3-46be-bcdb-3e114af8839c => generated 0 bytes in 113 msecs (HTTP/1.1 204) 5 headers in 199 bytes (1 switches on core 0)
2026-04-25 01:16:03.635 8 INFO placement.requestlog [req-d02cf571-50b2-477c-ab54-4387ebecc9e6 req-fa555967-190c-4a41-a825-627e1bb80c91 22813c7253ee4d1b9fec3a6b61bc2dee 98874426521447b68eae37c1a2d89865 - - ad744686e5604cbfa9e6a3e27dd98ed7 ad744686e5604cbfa9e6a3e27dd98ed7] 199.204.45.169 "GET /allocations/00b2e516-b9c3-46be-bcdb-3e114af8839c" status: 200 len: 257 microversion: 1.28 [pid: 8|app: 0|req: 130/259] 199.204.45.169 () {34 vars in 863 bytes} [Sat Apr 25 01:16:03 2026] GET /allocations/00b2e516-b9c3-46be-bcdb-3e114af8839c => generated 257 bytes in 395 msecs (HTTP/1.1 200) 8 headers in 296 bytes (1 switches on core 0)
2026-04-25 01:16:04.242 7 INFO placement.requestlog [req-fe8117a2-6b19-4388-b7f0-cd50178ce495 req-a53e9afc-ab17-4999-9cef-90bd5451579b 22813c7253ee4d1b9fec3a6b61bc2dee 98874426521447b68eae37c1a2d89865 - - ad744686e5604cbfa9e6a3e27dd98ed7 ad744686e5604cbfa9e6a3e27dd98ed7] 199.204.45.169 "GET /resource_providers/528d2f31-bfef-4036-8257-8b1a8a730576/allocations" status: 200 len: 152 microversion: 1.0 [pid: 7|app: 0|req: 130/260] 199.204.45.169 () {32 vars in 857 bytes} [Sat Apr 25 01:16:04 2026] GET /resource_providers/528d2f31-bfef-4036-8257-8b1a8a730576/allocations => generated 152 bytes in 25 msecs (HTTP/1.1 200) 6 headers in 224 bytes (1 switches on core 0)
2026-04-25 01:16:04.778 8 INFO placement.requestlog [req-fe8117a2-6b19-4388-b7f0-cd50178ce495 req-f278ee55-afba-4fd4-a7c2-fc41951ae0a7 22813c7253ee4d1b9fec3a6b61bc2dee 98874426521447b68eae37c1a2d89865 - - ad744686e5604cbfa9e6a3e27dd98ed7 ad744686e5604cbfa9e6a3e27dd98ed7] 199.204.45.169 "GET /resource_providers?in_tree=528d2f31-bfef-4036-8257-8b1a8a730576" status: 200 len: 797 microversion: 1.14 [pid: 8|app: 0|req: 131/261] 199.204.45.169 () {34 vars in 892 bytes} [Sat Apr 25 01:16:04 2026] GET /resource_providers?in_tree=528d2f31-bfef-4036-8257-8b1a8a730576 => generated 797 bytes in 21 msecs (HTTP/1.1 200) 6 headers in 225 bytes (1 switches on core 0)
2026-04-25 01:16:04.810 7 INFO placement.requestlog [req-fe8117a2-6b19-4388-b7f0-cd50178ce495 req-747f98ff-4cd7-41ed-b99a-28e97ab1a556 22813c7253ee4d1b9fec3a6b61bc2dee 98874426521447b68eae37c1a2d89865 - - ad744686e5604cbfa9e6a3e27dd98ed7 ad744686e5604cbfa9e6a3e27dd98ed7] 199.204.45.169 "GET /resource_providers/528d2f31-bfef-4036-8257-8b1a8a730576/inventories" status: 200 len: 400 microversion: 1.0 [pid: 7|app: 0|req: 131/262] 199.204.45.169 () {32 vars in 857 bytes} [Sat Apr 25 01:16:04 2026] GET /resource_providers/528d2f31-bfef-4036-8257-8b1a8a730576/inventories => generated 400 bytes in 25 msecs (HTTP/1.1 200) 6 headers in 224 bytes (1 switches on core 0)
2026-04-25 01:16:04.833 8 INFO placement.requestlog [req-fe8117a2-6b19-4388-b7f0-cd50178ce495 req-0fe473e0-a9f1-4032-b0d1-d9050f440abb 22813c7253ee4d1b9fec3a6b61bc2dee 98874426521447b68eae37c1a2d89865 - - ad744686e5604cbfa9e6a3e27dd98ed7 ad744686e5604cbfa9e6a3e27dd98ed7] 199.204.45.169 "GET /resource_providers/528d2f31-bfef-4036-8257-8b1a8a730576/aggregates" status: 200 len: 53 microversion: 1.19 [pid: 8|app: 0|req: 132/263] 199.204.45.169 () {34 vars in 899 bytes} [Sat Apr 25 01:16:04 2026] GET /resource_providers/528d2f31-bfef-4036-8257-8b1a8a730576/aggregates => generated 53 bytes in 17 msecs (HTTP/1.1 200) 8 headers in 295 bytes (1 switches on core 0)
2026-04-25 01:16:04.862 7 INFO placement.requestlog [req-fe8117a2-6b19-4388-b7f0-cd50178ce495 req-9b77ef43-eede-4dc8-bd00-b49124441f19 22813c7253ee4d1b9fec3a6b61bc2dee 98874426521447b68eae37c1a2d89865 - - ad744686e5604cbfa9e6a3e27dd98ed7 ad744686e5604cbfa9e6a3e27dd98ed7] 199.204.45.169 "GET /resource_providers/528d2f31-bfef-4036-8257-8b1a8a730576/traits" status: 200 len: 2316 microversion: 1.6 [pid: 7|app: 0|req: 132/264] 199.204.45.169 () {34 vars in 890 bytes} [Sat Apr 25 01:16:04 2026] GET /resource_providers/528d2f31-bfef-4036-8257-8b1a8a730576/traits => generated 2316 bytes in 24 msecs (HTTP/1.1 200) 6 headers in 225 bytes (1 switches on core 0)
2026-04-25 01:16:04.980 8 INFO placement.requestlog [req-fe8117a2-6b19-4388-b7f0-cd50178ce495 req-6816b6c5-7bda-4442-b8b6-ca127bf02b6c 22813c7253ee4d1b9fec3a6b61bc2dee 98874426521447b68eae37c1a2d89865 - - ad744686e5604cbfa9e6a3e27dd98ed7 ad744686e5604cbfa9e6a3e27dd98ed7] 199.204.45.169 "GET /resource_providers/528d2f31-bfef-4036-8257-8b1a8a730576/allocations" status: 200 len: 152 microversion: 1.0 [pid: 8|app: 0|req: 133/265] 199.204.45.169 () {32 vars in 857 bytes} [Sat Apr 25 01:16:04 2026] GET /resource_providers/528d2f31-bfef-4036-8257-8b1a8a730576/allocations => generated 152 bytes in 107 msecs (HTTP/1.1 200) 6 headers in 224 bytes (1 switches on core 0)
2026-04-25 01:16:05.009 7 INFO placement.requestlog [req-fe8117a2-6b19-4388-b7f0-cd50178ce495 req-e16184f7-2cc3-406e-8d80-cdd757264ffe 22813c7253ee4d1b9fec3a6b61bc2dee 98874426521447b68eae37c1a2d89865 - - ad744686e5604cbfa9e6a3e27dd98ed7 ad744686e5604cbfa9e6a3e27dd98ed7] 199.204.45.169 "GET /allocations/00b2e516-b9c3-46be-bcdb-3e114af8839c" status: 200 len: 257 microversion: 1.28 [pid: 7|app: 0|req: 133/266] 199.204.45.169 () {34 vars in 863 bytes} [Sat Apr 25 01:16:04 2026] GET /allocations/00b2e516-b9c3-46be-bcdb-3e114af8839c => generated 257 bytes in 22 msecs (HTTP/1.1 200) 8 headers in 296 bytes (1 switches on core 0)
2026-04-25 01:16:05.623 8 INFO placement.requestlog [req-ceb494f2-9d09-437b-aadb-036f84bc90dd req-a4363be0-0c72-4ca0-8c6a-62c56a0f6961 22813c7253ee4d1b9fec3a6b61bc2dee 98874426521447b68eae37c1a2d89865 - - ad744686e5604cbfa9e6a3e27dd98ed7 ad744686e5604cbfa9e6a3e27dd98ed7] 10.0.0.85 "GET /allocation_candidates?limit=1000&resources=DISK_GB%3A1%2CMEMORY_MB%3A512%2CVCPU%3A1&root_required=%21COMPUTE_STATUS_DISABLED" status: 200 len: 2783 microversion: 1.36 [pid: 8|app: 0|req: 134/267] 10.0.0.85 () {34 vars in 1011 bytes} [Sat Apr 25 01:16:05 2026] GET /allocation_candidates?limit=1000&resources=DISK_GB%3A1%2CMEMORY_MB%3A512%2CVCPU%3A1&root_required=%21COMPUTE_STATUS_DISABLED => generated 2783 bytes in 68 msecs (HTTP/1.1 200) 8 headers in 297 bytes (1 switches on core 0)
2026-04-25 01:16:05.698 7 INFO placement.requestlog [None req-98a53c3b-8362-4ab0-adb7-6b45fe7aa890 4f07c1e2d03840db9ed72f43409cc0e8 98874426521447b68eae37c1a2d89865 - - ad744686e5604cbfa9e6a3e27dd98ed7 ad744686e5604cbfa9e6a3e27dd98ed7] 10.0.0.206 "GET /resource_providers/da82c217-5a6e-4dc3-9c2a-4d5d8093a6f9/aggregates" status: 404 len: 235 microversion: 1.1 [pid: 7|app: 0|req: 134/268] 10.0.0.206 () {32 vars in 816 bytes} [Sat Apr 25 01:16:05 2026] GET /resource_providers/da82c217-5a6e-4dc3-9c2a-4d5d8093a6f9/aggregates => generated 235 bytes in 52 msecs (HTTP/1.1 404) 5 headers in 202 bytes (1 switches on core 0)
2026-04-25 01:16:05.701 8 INFO placement.requestlog [None req-204e4279-9abe-4270-8fda-f3398e0e120c 4f07c1e2d03840db9ed72f43409cc0e8 98874426521447b68eae37c1a2d89865 - - ad744686e5604cbfa9e6a3e27dd98ed7 ad744686e5604cbfa9e6a3e27dd98ed7] 10.0.0.206 "GET /resource_providers/da82c217-5a6e-4dc3-9c2a-4d5d8093a6f9/aggregates" status: 404 len: 235 microversion: 1.1 [pid: 8|app: 0|req: 135/269] 10.0.0.206 () {32 vars in 816 bytes} [Sat Apr 25 01:16:05 2026] GET /resource_providers/da82c217-5a6e-4dc3-9c2a-4d5d8093a6f9/aggregates => generated 235 bytes in 52 msecs (HTTP/1.1 404) 5 headers in 202 bytes (1 switches on core 0)
2026-04-25 01:16:05.708 7 INFO placement.requestlog [req-ceb494f2-9d09-437b-aadb-036f84bc90dd req-4c9a6829-a535-4bbb-8706-a5f20f41d660 22813c7253ee4d1b9fec3a6b61bc2dee 98874426521447b68eae37c1a2d89865 - - ad744686e5604cbfa9e6a3e27dd98ed7 ad744686e5604cbfa9e6a3e27dd98ed7] 10.0.0.85 "GET /allocations/74f1be4d-1a6a-4a57-9c93-8e95acbeaba3" status: 200 len: 19 microversion: 1.28 [pid: 7|app: 0|req: 135/270] 10.0.0.85 () {34 vars in 860 bytes} [Sat Apr 25 01:16:05 2026] GET /allocations/74f1be4d-1a6a-4a57-9c93-8e95acbeaba3 => generated 19 bytes in 10 msecs (HTTP/1.1 200) 8 headers in 295 bytes (1 switches on core 0)
2026-04-25 01:16:05.720 8 INFO placement.requestlog [None req-73d09a52-cbc8-4753-b7db-563d1a0268ec 4f07c1e2d03840db9ed72f43409cc0e8 98874426521447b68eae37c1a2d89865 - - ad744686e5604cbfa9e6a3e27dd98ed7 ad744686e5604cbfa9e6a3e27dd98ed7] 10.0.0.206 "DELETE /resource_providers/da82c217-5a6e-4dc3-9c2a-4d5d8093a6f9" status: 404 len: 246 microversion: 1.1 [pid: 8|app: 0|req: 136/271] 10.0.0.206 () {34 vars in 816 bytes} [Sat Apr 25 01:16:05 2026] DELETE /resource_providers/da82c217-5a6e-4dc3-9c2a-4d5d8093a6f9 => generated 246 bytes in 8 msecs (HTTP/1.1 404) 6 headers in 231 bytes (1 switches on core 0)
2026-04-25 01:16:05.721 8 INFO placement.requestlog [None req-706c07a7-ec09-4f7d-bbf9-afbd9bf799e2 - - - - - -] 10.0.0.172 "GET /" status: 200 len: 136 microversion: 1.0
2026-04-25 01:16:05.721 8 INFO placement.requestlog [None req-2d400b7e-fdf7-4331-b789-ae443a6d1532 - - - - - -] 10.0.0.172 "GET /" status: 200 len: 136 microversion: 1.0
2026-04-25 01:16:05.723 7 INFO placement.requestlog [None req-e40a67fa-de16-4acb-83ac-56d79350198c 4f07c1e2d03840db9ed72f43409cc0e8 98874426521447b68eae37c1a2d89865 - - ad744686e5604cbfa9e6a3e27dd98ed7 ad744686e5604cbfa9e6a3e27dd98ed7] 10.0.0.206 "DELETE /resource_providers/da82c217-5a6e-4dc3-9c2a-4d5d8093a6f9" status: 404 len: 246 microversion: 1.1 [pid: 7|app: 0|req: 136/274] 10.0.0.206 () {34 vars in 816 bytes} [Sat Apr 25 01:16:05 2026] DELETE /resource_providers/da82c217-5a6e-4dc3-9c2a-4d5d8093a6f9 => generated 246 bytes in 9 msecs (HTTP/1.1 404) 6 headers in 231 bytes (1 switches on core 0)
2026-04-25 01:16:05.819 8 INFO placement.requestlog [req-ceb494f2-9d09-437b-aadb-036f84bc90dd req-98acadd5-e45a-44c7-9cd4-76c2504258ab 22813c7253ee4d1b9fec3a6b61bc2dee 98874426521447b68eae37c1a2d89865 - - ad744686e5604cbfa9e6a3e27dd98ed7 ad744686e5604cbfa9e6a3e27dd98ed7] 10.0.0.85 "PUT /allocations/74f1be4d-1a6a-4a57-9c93-8e95acbeaba3" status: 204 len: 0 microversion: 1.36 [pid: 8|app: 0|req: 139/275] 10.0.0.85 () {38 vars in 913 bytes} [Sat Apr 25 01:16:05 2026] PUT /allocations/74f1be4d-1a6a-4a57-9c93-8e95acbeaba3 => generated 0 bytes in 97 msecs (HTTP/1.1 204) 5 headers in 199 bytes (1 switches on core 0)
2026-04-25 01:16:06.531 7 INFO placement.requestlog [None req-9ed93ce6-da3e-44fd-bbe5-84208d181960 4f07c1e2d03840db9ed72f43409cc0e8 98874426521447b68eae37c1a2d89865 - - ad744686e5604cbfa9e6a3e27dd98ed7 ad744686e5604cbfa9e6a3e27dd98ed7] 10.0.0.206 "GET /resource_providers/512184b8-5d01-41c7-a968-33ca99ece4b6/aggregates" status: 404 len: 235 microversion: 1.1 [pid: 7|app: 0|req: 137/276] 10.0.0.206 () {32 vars in 816 bytes} [Sat Apr 25 01:16:06 2026] GET /resource_providers/512184b8-5d01-41c7-a968-33ca99ece4b6/aggregates => generated 235 bytes in 130 msecs (HTTP/1.1 404) 5 headers in 202 bytes (1 switches on core 0)
2026-04-25 01:16:06.553 7 INFO placement.requestlog [None req-37116812-b061-497e-94f7-375669d272c8 4f07c1e2d03840db9ed72f43409cc0e8 98874426521447b68eae37c1a2d89865 - - ad744686e5604cbfa9e6a3e27dd98ed7 ad744686e5604cbfa9e6a3e27dd98ed7] 10.0.0.206 "DELETE /resource_providers/512184b8-5d01-41c7-a968-33ca99ece4b6" status: 404 len: 246 microversion: 1.1
2026-04-25 01:16:06.553 8 INFO placement.requestlog [None req-8a570a47-5022-4e95-b557-f3418fc683b0 4f07c1e2d03840db9ed72f43409cc0e8 98874426521447b68eae37c1a2d89865 - - ad744686e5604cbfa9e6a3e27dd98ed7 ad744686e5604cbfa9e6a3e27dd98ed7] 10.0.0.206 "GET /resource_providers/512184b8-5d01-41c7-a968-33ca99ece4b6/aggregates" status: 404 len: 235 microversion: 1.1 [pid: 7|app: 0|req: 138/277] 10.0.0.206 () {34 vars in 816 bytes} [Sat Apr 25 01:16:06 2026] DELETE /resource_providers/512184b8-5d01-41c7-a968-33ca99ece4b6 => generated 246 bytes in 12 msecs (HTTP/1.1 404) 6 headers in 231 bytes (1 switches on core 0) [pid: 8|app: 0|req: 140/278] 10.0.0.206 () {32 vars in 816 bytes} [Sat Apr 25 01:16:06 2026] GET /resource_providers/512184b8-5d01-41c7-a968-33ca99ece4b6/aggregates => generated 235 bytes in 68 msecs (HTTP/1.1 404) 5 headers in 202 bytes (1 switches on core 0)
2026-04-25 01:16:06.581 7 INFO placement.requestlog [None req-4cc08dfe-ae54-46e0-80d2-fbd387db791b 4f07c1e2d03840db9ed72f43409cc0e8 98874426521447b68eae37c1a2d89865 - - ad744686e5604cbfa9e6a3e27dd98ed7 ad744686e5604cbfa9e6a3e27dd98ed7] 10.0.0.206 "DELETE /resource_providers/512184b8-5d01-41c7-a968-33ca99ece4b6" status: 404 len: 246 microversion: 1.1 [pid: 7|app: 0|req: 139/279] 10.0.0.206 () {34 vars in 816 bytes} [Sat Apr 25 01:16:06 2026] DELETE /resource_providers/512184b8-5d01-41c7-a968-33ca99ece4b6 => generated 246 bytes in 9 msecs (HTTP/1.1 404) 6 headers in 231 bytes (1 switches on core 0)
2026-04-25 01:16:07.083 8 INFO placement.requestlog [req-d02cf571-50b2-477c-ab54-4387ebecc9e6 req-bf91da31-0fdb-46aa-ae0f-748d2af7ac5c 22813c7253ee4d1b9fec3a6b61bc2dee 98874426521447b68eae37c1a2d89865 - - ad744686e5604cbfa9e6a3e27dd98ed7 ad744686e5604cbfa9e6a3e27dd98ed7] 199.204.45.169 "GET /resource_providers/528d2f31-bfef-4036-8257-8b1a8a730576/allocations" status: 200 len: 252 microversion: 1.0 [pid: 8|app: 0|req: 141/280] 199.204.45.169 () {32 vars in 857 bytes} [Sat Apr 25 01:16:07 2026] GET /resource_providers/528d2f31-bfef-4036-8257-8b1a8a730576/allocations => generated 252 bytes in 27 msecs (HTTP/1.1 200) 6 headers in 224 bytes (1 switches on core 0)
2026-04-25 01:16:07.104 7 INFO placement.requestlog [req-d02cf571-50b2-477c-ab54-4387ebecc9e6 req-baaf9b10-5453-423c-b4df-484bf8be0a1b 22813c7253ee4d1b9fec3a6b61bc2dee 98874426521447b68eae37c1a2d89865 - - ad744686e5604cbfa9e6a3e27dd98ed7 ad744686e5604cbfa9e6a3e27dd98ed7] 199.204.45.169 "GET /allocations/00b2e516-b9c3-46be-bcdb-3e114af8839c" status: 200 len: 257 microversion: 1.28 [pid: 7|app: 0|req: 140/281] 199.204.45.169 () {34 vars in 863 bytes} [Sat Apr 25 01:16:07 2026] GET /allocations/00b2e516-b9c3-46be-bcdb-3e114af8839c => generated 257 bytes in 14 msecs (HTTP/1.1 200) 8 headers in 296 bytes (1 switches on core 0)
2026-04-25 01:16:07.137 8 INFO placement.requestlog [req-d02cf571-50b2-477c-ab54-4387ebecc9e6 req-98f06b56-8b33-450e-ae38-a280b10adf53 22813c7253ee4d1b9fec3a6b61bc2dee 98874426521447b68eae37c1a2d89865 - - ad744686e5604cbfa9e6a3e27dd98ed7 ad744686e5604cbfa9e6a3e27dd98ed7] 199.204.45.169 "GET /allocations/74f1be4d-1a6a-4a57-9c93-8e95acbeaba3" status: 200 len: 257 microversion: 1.28 [pid: 8|app: 0|req: 142/282] 199.204.45.169 () {34 vars in 863 bytes} [Sat Apr 25 01:16:07 2026] GET /allocations/74f1be4d-1a6a-4a57-9c93-8e95acbeaba3 => generated 257 bytes in 27 msecs (HTTP/1.1 200) 8 headers in 296 bytes (1 switches on core 0)
2026-04-25 01:16:07.400 7 INFO placement.requestlog [req-ceb494f2-9d09-437b-aadb-036f84bc90dd req-55ee9623-9de8-4539-b3af-64cc2541c12c 22813c7253ee4d1b9fec3a6b61bc2dee 98874426521447b68eae37c1a2d89865 - - ad744686e5604cbfa9e6a3e27dd98ed7 ad744686e5604cbfa9e6a3e27dd98ed7] 199.204.45.169 "GET /allocations/74f1be4d-1a6a-4a57-9c93-8e95acbeaba3" status: 200 len: 257 microversion: 1.28 [pid: 7|app: 0|req: 141/283] 199.204.45.169 () {34 vars in 863 bytes} [Sat Apr 25 01:16:07 2026] GET /allocations/74f1be4d-1a6a-4a57-9c93-8e95acbeaba3 => generated 257 bytes in 25 msecs (HTTP/1.1 200) 8 headers in 296 bytes (1 switches on core 0)
2026-04-25 01:16:09.216 8 INFO placement.requestlog [req-ceb494f2-9d09-437b-aadb-036f84bc90dd req-5200bd13-fc07-4bc1-b15b-6df12499ea60 22813c7253ee4d1b9fec3a6b61bc2dee 98874426521447b68eae37c1a2d89865 - - ad744686e5604cbfa9e6a3e27dd98ed7 ad744686e5604cbfa9e6a3e27dd98ed7] 199.204.45.169 "GET /resource_providers/528d2f31-bfef-4036-8257-8b1a8a730576/allocations" status: 200 len: 252 microversion: 1.0 [pid: 8|app: 0|req: 143/284] 199.204.45.169 () {32 vars in 857 bytes} [Sat Apr 25 01:16:09 2026] GET /resource_providers/528d2f31-bfef-4036-8257-8b1a8a730576/allocations => generated 252 bytes in 26 msecs (HTTP/1.1 200) 6 headers in 224 bytes (1 switches on core 0)
2026-04-25 01:16:09.235 7 INFO placement.requestlog [req-ceb494f2-9d09-437b-aadb-036f84bc90dd req-1a2ece24-9ecf-4364-9755-15cd9161c68b 22813c7253ee4d1b9fec3a6b61bc2dee 98874426521447b68eae37c1a2d89865 - - ad744686e5604cbfa9e6a3e27dd98ed7 ad744686e5604cbfa9e6a3e27dd98ed7] 199.204.45.169 "GET /allocations/00b2e516-b9c3-46be-bcdb-3e114af8839c" status: 200 len: 257 microversion: 1.28 [pid: 7|app: 0|req: 142/285] 199.204.45.169 () {34 vars in 863 bytes} [Sat Apr 25 01:16:09 2026] GET /allocations/00b2e516-b9c3-46be-bcdb-3e114af8839c => generated 257 bytes in 12 msecs (HTTP/1.1 200) 8 headers in 296 bytes (1 switches on core 0)
2026-04-25 01:16:09.256 8 INFO placement.requestlog [req-ceb494f2-9d09-437b-aadb-036f84bc90dd req-d317dd72-5ef9-4cbc-a391-f0d4fdb08334 22813c7253ee4d1b9fec3a6b61bc2dee 98874426521447b68eae37c1a2d89865 - - ad744686e5604cbfa9e6a3e27dd98ed7 ad744686e5604cbfa9e6a3e27dd98ed7] 199.204.45.169 "GET /allocations/74f1be4d-1a6a-4a57-9c93-8e95acbeaba3" status: 200 len: 257 microversion: 1.28 [pid: 8|app: 0|req: 144/286] 199.204.45.169 () {34 vars in 863 bytes} [Sat Apr 25 01:16:09 2026] GET /allocations/74f1be4d-1a6a-4a57-9c93-8e95acbeaba3 => generated 257 bytes in 14 msecs (HTTP/1.1 200) 8 headers in 296 bytes (1 switches on core 0)
2026-04-25 01:16:09.568 7 INFO placement.requestlog [None req-2b1b9687-1734-49d1-aa84-578a7a1d8ea1 4f07c1e2d03840db9ed72f43409cc0e8 98874426521447b68eae37c1a2d89865 - - ad744686e5604cbfa9e6a3e27dd98ed7 ad744686e5604cbfa9e6a3e27dd98ed7] 10.0.0.206 "GET /resource_providers/33faf5db-42a3-4111-93b6-18a3688afc20/aggregates" status: 404 len: 235 microversion: 1.1 [pid: 7|app: 0|req: 143/287] 10.0.0.206 () {32 vars in 816 bytes} [Sat Apr 25 01:16:09 2026] GET /resource_providers/33faf5db-42a3-4111-93b6-18a3688afc20/aggregates => generated 235 bytes in 11 msecs (HTTP/1.1 404) 5 headers in 202 bytes (1 switches on core 0)
2026-04-25 01:16:09.575 8 INFO placement.requestlog [None req-7db17f9b-b5d7-4857-9955-86854d2858ae 4f07c1e2d03840db9ed72f43409cc0e8 98874426521447b68eae37c1a2d89865 - - ad744686e5604cbfa9e6a3e27dd98ed7 ad744686e5604cbfa9e6a3e27dd98ed7] 10.0.0.206 "GET /resource_providers/33faf5db-42a3-4111-93b6-18a3688afc20/aggregates" status: 404 len: 235 microversion: 1.1 [pid: 8|app: 0|req: 145/288] 10.0.0.206 () {32 vars in 816 bytes} [Sat Apr 25 01:16:09 2026] GET /resource_providers/33faf5db-42a3-4111-93b6-18a3688afc20/aggregates => generated 235 bytes in 15 msecs (HTTP/1.1 404) 5 headers in 202 bytes (1 switches on core 0)
2026-04-25 01:16:09.595 7 INFO placement.requestlog [None req-e77302c8-0a36-449c-8545-c7026804a8f6 4f07c1e2d03840db9ed72f43409cc0e8 98874426521447b68eae37c1a2d89865 - - ad744686e5604cbfa9e6a3e27dd98ed7 ad744686e5604cbfa9e6a3e27dd98ed7] 10.0.0.206 "DELETE /resource_providers/33faf5db-42a3-4111-93b6-18a3688afc20" status: 404 len: 246 microversion: 1.1 [pid: 7|app: 0|req: 144/289] 10.0.0.206 () {34 vars in 816 bytes} [Sat Apr 25 01:16:09 2026] DELETE /resource_providers/33faf5db-42a3-4111-93b6-18a3688afc20 => generated 246 bytes in 8 msecs (HTTP/1.1 404) 6 headers in 231 bytes (1 switches on core 0)
2026-04-25 01:16:09.611 8 INFO placement.requestlog [None req-ceff5f7c-1990-475f-8afe-0aaa8b5c8030 4f07c1e2d03840db9ed72f43409cc0e8 98874426521447b68eae37c1a2d89865 - - ad744686e5604cbfa9e6a3e27dd98ed7 ad744686e5604cbfa9e6a3e27dd98ed7] 10.0.0.206 "DELETE /resource_providers/33faf5db-42a3-4111-93b6-18a3688afc20" status: 404 len: 246 microversion: 1.1 [pid: 8|app: 0|req: 146/290] 10.0.0.206 () {34 vars in 816 bytes} [Sat Apr 25 01:16:09 2026] DELETE /resource_providers/33faf5db-42a3-4111-93b6-18a3688afc20 => generated 246 bytes in 12 msecs (HTTP/1.1 404) 6 headers in 231 bytes (1 switches on core 0)
2026-04-25 01:16:11.623 7 INFO placement.requestlog [None req-46a38ae8-4527-41e1-aaf3-f57b8869796f 4f07c1e2d03840db9ed72f43409cc0e8 98874426521447b68eae37c1a2d89865 - - ad744686e5604cbfa9e6a3e27dd98ed7 ad744686e5604cbfa9e6a3e27dd98ed7] 10.0.0.206 "GET /resource_providers/5aecce90-ee41-4241-837d-9500c5c0e816/aggregates" status: 404 len: 235 microversion: 1.1 [pid: 7|app: 0|req: 145/291] 10.0.0.206 () {32 vars in 816 bytes} [Sat Apr 25 01:16:11 2026] GET /resource_providers/5aecce90-ee41-4241-837d-9500c5c0e816/aggregates => generated 235 bytes in 11 msecs (HTTP/1.1 404) 5 headers in 202 bytes (1 switches on core 0)
2026-04-25 01:16:11.632 8 INFO placement.requestlog [None req-c806eeb9-ba48-41f1-a2db-61fac45166e0 4f07c1e2d03840db9ed72f43409cc0e8 98874426521447b68eae37c1a2d89865 - - ad744686e5604cbfa9e6a3e27dd98ed7 ad744686e5604cbfa9e6a3e27dd98ed7] 10.0.0.206 "GET /resource_providers/5aecce90-ee41-4241-837d-9500c5c0e816/aggregates" status: 404 len: 235 microversion: 1.1 [pid: 8|app: 0|req: 147/292] 10.0.0.206 () {32 vars in 816 bytes} [Sat Apr 25 01:16:11 2026] GET /resource_providers/5aecce90-ee41-4241-837d-9500c5c0e816/aggregates => generated 235 bytes in 8 msecs (HTTP/1.1 404) 5 headers in 202 bytes (1 switches on core 0)
2026-04-25 01:16:11.650 7 INFO placement.requestlog [None req-051a831b-519f-4354-ba67-bb1496f7ce18 4f07c1e2d03840db9ed72f43409cc0e8 98874426521447b68eae37c1a2d89865 - - ad744686e5604cbfa9e6a3e27dd98ed7 ad744686e5604cbfa9e6a3e27dd98ed7] 10.0.0.206 "DELETE /resource_providers/5aecce90-ee41-4241-837d-9500c5c0e816" status: 404 len: 246 microversion: 1.1 [pid: 7|app: 0|req: 146/293] 10.0.0.206 () {34 vars in 816 bytes} [Sat Apr 25 01:16:11 2026] DELETE /resource_providers/5aecce90-ee41-4241-837d-9500c5c0e816 => generated 246 bytes in 13 msecs (HTTP/1.1 404) 6 headers in 231 bytes (1 switches on core 0)
2026-04-25 01:16:11.652 8 INFO placement.requestlog [None req-8c07bc1d-d102-459e-951c-0ad4ea234752 4f07c1e2d03840db9ed72f43409cc0e8 98874426521447b68eae37c1a2d89865 - - ad744686e5604cbfa9e6a3e27dd98ed7 ad744686e5604cbfa9e6a3e27dd98ed7] 10.0.0.206 "DELETE /resource_providers/5aecce90-ee41-4241-837d-9500c5c0e816" status: 404 len: 246 microversion: 1.1 [pid: 8|app: 0|req: 148/294] 10.0.0.206 () {34 vars in 816 bytes} [Sat Apr 25 01:16:11 2026] DELETE /resource_providers/5aecce90-ee41-4241-837d-9500c5c0e816 => generated 246 bytes in 10 msecs (HTTP/1.1 404) 6 headers in 231 bytes (1 switches on core 0)
2026-04-25 01:16:15.719 8 INFO placement.requestlog [None req-2b3e4b48-28e6-4a72-829e-62b1fa7abf46 - - - - - -] 10.0.0.172 "GET /" status: 200 len: 136 microversion: 1.0
2026-04-25 01:16:15.721 8 INFO placement.requestlog [None req-3996b626-cef9-4c21-a35c-62e706bf4f6a - - - - - -] 10.0.0.172 "GET /" status: 200 len: 136 microversion: 1.0
2026-04-25 01:16:15.724 7 INFO placement.requestlog [req-a7d11fda-9c24-46b1-a870-37729918413e req-0d02aac0-b421-4c78-a589-3848d70b9c34 22813c7253ee4d1b9fec3a6b61bc2dee 98874426521447b68eae37c1a2d89865 - - ad744686e5604cbfa9e6a3e27dd98ed7 ad744686e5604cbfa9e6a3e27dd98ed7] 10.0.0.85 "GET /allocation_candidates?limit=1000&resources=DISK_GB%3A1%2CMEMORY_MB%3A512%2CVCPU%3A1&root_required=%21COMPUTE_STATUS_DISABLED" status: 200 len: 2784 microversion: 1.36 [pid: 7|app: 0|req: 147/297] 10.0.0.85 () {34 vars in 1011 bytes} [Sat Apr 25 01:16:15 2026] GET /allocation_candidates?limit=1000&resources=DISK_GB%3A1%2CMEMORY_MB%3A512%2CVCPU%3A1&root_required=%21COMPUTE_STATUS_DISABLED => generated 2784 bytes in 89 msecs (HTTP/1.1 200) 8 headers in 297 bytes (1 switches on core 0)
2026-04-25 01:16:15.763 8 INFO placement.requestlog [req-a7d11fda-9c24-46b1-a870-37729918413e req-eb51e5f7-64ed-45ce-a6f7-5a5fdcf1351e 22813c7253ee4d1b9fec3a6b61bc2dee 98874426521447b68eae37c1a2d89865 - - ad744686e5604cbfa9e6a3e27dd98ed7 ad744686e5604cbfa9e6a3e27dd98ed7] 10.0.0.85 "GET /allocations/3a4d8784-5221-48c9-8733-76cbe7a2c46a" status: 200 len: 19 microversion: 1.28 [pid: 8|app: 0|req: 151/298] 10.0.0.85 () {34 vars in 860 bytes} [Sat Apr 25 01:16:15 2026] GET /allocations/3a4d8784-5221-48c9-8733-76cbe7a2c46a => generated 19 bytes in 12 msecs (HTTP/1.1 200) 8 headers in 295 bytes (1 switches on core 0)
2026-04-25 01:16:15.875 7 INFO placement.requestlog [req-a7d11fda-9c24-46b1-a870-37729918413e req-e9b953da-8232-4b0e-9f0b-d47b47f7cb4f 22813c7253ee4d1b9fec3a6b61bc2dee 98874426521447b68eae37c1a2d89865 - - ad744686e5604cbfa9e6a3e27dd98ed7 ad744686e5604cbfa9e6a3e27dd98ed7] 10.0.0.85 "PUT /allocations/3a4d8784-5221-48c9-8733-76cbe7a2c46a" status: 204 len: 0 microversion: 1.36 [pid: 7|app: 0|req: 148/299] 10.0.0.85 () {38 vars in 913 bytes} [Sat Apr 25 01:16:15 2026] PUT /allocations/3a4d8784-5221-48c9-8733-76cbe7a2c46a => generated 0 bytes in 103 msecs (HTTP/1.1 204) 5 headers in 199 bytes (1 switches on core 0)
2026-04-25 01:16:17.377 8 INFO placement.requestlog [req-a7d11fda-9c24-46b1-a870-37729918413e req-22cdf213-a7d3-4f83-9437-45c8c243d62d 22813c7253ee4d1b9fec3a6b61bc2dee 98874426521447b68eae37c1a2d89865 - - ad744686e5604cbfa9e6a3e27dd98ed7 ad744686e5604cbfa9e6a3e27dd98ed7] 199.204.45.169 "GET /allocations/3a4d8784-5221-48c9-8733-76cbe7a2c46a" status: 200 len: 257 microversion: 1.28 [pid: 8|app: 0|req: 152/300] 199.204.45.169 () {34 vars in 863 bytes} [Sat Apr 25 01:16:17 2026] GET /allocations/3a4d8784-5221-48c9-8733-76cbe7a2c46a => generated 257 bytes in 18 msecs (HTTP/1.1 200) 8 headers in 296 bytes (1 switches on core 0)
2026-04-25 01:16:18.652 7 INFO placement.requestlog [req-a7d11fda-9c24-46b1-a870-37729918413e req-53ca7a3a-74e0-4c37-bd24-3ad1c0f1f5be 22813c7253ee4d1b9fec3a6b61bc2dee 98874426521447b68eae37c1a2d89865 - - ad744686e5604cbfa9e6a3e27dd98ed7 ad744686e5604cbfa9e6a3e27dd98ed7] 199.204.45.169 "GET /resource_providers/528d2f31-bfef-4036-8257-8b1a8a730576/allocations" status: 200 len: 352 microversion: 1.0 [pid: 7|app: 0|req: 149/301] 199.204.45.169 () {32 vars in 857 bytes} [Sat Apr 25 01:16:18 2026] GET /resource_providers/528d2f31-bfef-4036-8257-8b1a8a730576/allocations => generated 352 bytes in 24 msecs (HTTP/1.1 200) 6 headers in 224 bytes (1 switches on core 0)
2026-04-25 01:16:18.676 8 INFO placement.requestlog [req-a7d11fda-9c24-46b1-a870-37729918413e req-33077c0d-791f-4607-b880-ec08ce609506 22813c7253ee4d1b9fec3a6b61bc2dee 98874426521447b68eae37c1a2d89865 - - ad744686e5604cbfa9e6a3e27dd98ed7 ad744686e5604cbfa9e6a3e27dd98ed7] 199.204.45.169 "GET /allocations/00b2e516-b9c3-46be-bcdb-3e114af8839c" status: 200 len: 257 microversion: 1.28 [pid: 8|app: 0|req: 153/302] 199.204.45.169 () {34 vars in 863 bytes} [Sat Apr 25 01:16:18 2026] GET /allocations/00b2e516-b9c3-46be-bcdb-3e114af8839c => generated 257 bytes in 16 msecs (HTTP/1.1 200) 8 headers in 296 bytes (1 switches on core 0)
2026-04-25 01:16:18.694 7 INFO placement.requestlog [req-a7d11fda-9c24-46b1-a870-37729918413e req-84e383f3-0647-4d94-982b-35540827635a 22813c7253ee4d1b9fec3a6b61bc2dee 98874426521447b68eae37c1a2d89865 - - ad744686e5604cbfa9e6a3e27dd98ed7 ad744686e5604cbfa9e6a3e27dd98ed7] 199.204.45.169 "GET /allocations/74f1be4d-1a6a-4a57-9c93-8e95acbeaba3" status: 200 len: 257 microversion: 1.28 [pid: 7|app: 0|req: 150/303] 199.204.45.169 () {34 vars in 863 bytes} [Sat Apr 25 01:16:18 2026] GET /allocations/74f1be4d-1a6a-4a57-9c93-8e95acbeaba3 => generated 257 bytes in 13 msecs (HTTP/1.1 200) 8 headers in 296 bytes (1 switches on core 0)
2026-04-25 01:16:18.715 8 INFO placement.requestlog [req-a7d11fda-9c24-46b1-a870-37729918413e req-9ac40d1a-b2ae-44e5-a581-97c07af005ba 22813c7253ee4d1b9fec3a6b61bc2dee 98874426521447b68eae37c1a2d89865 - - ad744686e5604cbfa9e6a3e27dd98ed7 ad744686e5604cbfa9e6a3e27dd98ed7] 199.204.45.169 "GET /allocations/3a4d8784-5221-48c9-8733-76cbe7a2c46a" status: 200 len: 257 microversion: 1.28 [pid: 8|app: 0|req: 154/304] 199.204.45.169 () {34 vars in 863 bytes} [Sat Apr 25 01:16:18 2026] GET /allocations/3a4d8784-5221-48c9-8733-76cbe7a2c46a => generated 257 bytes in 15 msecs (HTTP/1.1 200) 8 headers in 296 bytes (1 switches on core 0)
2026-04-25 01:16:21.258 7 INFO placement.requestlog [req-25bb1c36-2b69-4c2d-b1dd-c58063728698 req-919bd9d6-38d5-4eab-81ca-c7204611288e 22813c7253ee4d1b9fec3a6b61bc2dee 98874426521447b68eae37c1a2d89865 - - ad744686e5604cbfa9e6a3e27dd98ed7 ad744686e5604cbfa9e6a3e27dd98ed7] 10.0.0.85 "GET /allocation_candidates?limit=1000&resources=DISK_GB%3A1%2CMEMORY_MB%3A512%2CVCPU%3A1&root_required=%21COMPUTE_STATUS_DISABLED" status: 200 len: 2784 microversion: 1.36 [pid: 7|app: 0|req: 151/305] 10.0.0.85 () {34 vars in 1011 bytes} [Sat Apr 25 01:16:21 2026] GET /allocation_candidates?limit=1000&resources=DISK_GB%3A1%2CMEMORY_MB%3A512%2CVCPU%3A1&root_required=%21COMPUTE_STATUS_DISABLED => generated 2784 bytes in 47 msecs (HTTP/1.1 200) 8 headers in 297 bytes (1 switches on core 0)
2026-04-25 01:16:21.294 8 INFO placement.requestlog [req-25bb1c36-2b69-4c2d-b1dd-c58063728698 req-4a585088-8608-485d-96fb-19d7cf31315d 22813c7253ee4d1b9fec3a6b61bc2dee 98874426521447b68eae37c1a2d89865 - - ad744686e5604cbfa9e6a3e27dd98ed7 ad744686e5604cbfa9e6a3e27dd98ed7] 10.0.0.85 "GET /allocations/f755928c-f6e1-453d-a8ce-991e1a410632" status: 200 len: 19 microversion: 1.28 [pid: 8|app: 0|req: 155/306] 10.0.0.85 () {34 vars in 860 bytes} [Sat Apr 25 01:16:21 2026] GET /allocations/f755928c-f6e1-453d-a8ce-991e1a410632 => generated 19 bytes in 12 msecs (HTTP/1.1 200) 8 headers in 295 bytes (1 switches on core 0)
2026-04-25 01:16:21.382 7 INFO placement.requestlog [req-25bb1c36-2b69-4c2d-b1dd-c58063728698 req-a8b3d853-14f5-4014-a731-0121f6284f62 22813c7253ee4d1b9fec3a6b61bc2dee 98874426521447b68eae37c1a2d89865 - - ad744686e5604cbfa9e6a3e27dd98ed7 ad744686e5604cbfa9e6a3e27dd98ed7] 10.0.0.85 "PUT /allocations/f755928c-f6e1-453d-a8ce-991e1a410632" status: 204 len: 0 microversion: 1.36 [pid: 7|app: 0|req: 152/307] 10.0.0.85 () {38 vars in 913 bytes} [Sat Apr 25 01:16:21 2026] PUT /allocations/f755928c-f6e1-453d-a8ce-991e1a410632 => generated 0 bytes in 81 msecs (HTTP/1.1 204) 5 headers in 199 bytes (1 switches on core 0)
2026-04-25 01:16:22.991 8 INFO placement.requestlog [req-25bb1c36-2b69-4c2d-b1dd-c58063728698 req-ddc95f9a-a12d-4e82-9a8d-e7ac66b5ce8f 22813c7253ee4d1b9fec3a6b61bc2dee 98874426521447b68eae37c1a2d89865 - - ad744686e5604cbfa9e6a3e27dd98ed7 ad744686e5604cbfa9e6a3e27dd98ed7] 199.204.45.169 "GET /allocations/f755928c-f6e1-453d-a8ce-991e1a410632" status: 200 len: 257 microversion: 1.28 [pid: 8|app: 0|req: 156/308] 199.204.45.169 () {34 vars in 863 bytes} [Sat Apr 25 01:16:22 2026] GET /allocations/f755928c-f6e1-453d-a8ce-991e1a410632 => generated 257 bytes in 12 msecs (HTTP/1.1 200) 8 headers in 296 bytes (1 switches on core 0)
2026-04-25 01:16:24.036 7 INFO placement.requestlog [req-25bb1c36-2b69-4c2d-b1dd-c58063728698 req-4bac2eb8-225b-481a-a77c-1c6af19307fa 22813c7253ee4d1b9fec3a6b61bc2dee 98874426521447b68eae37c1a2d89865 - - ad744686e5604cbfa9e6a3e27dd98ed7 ad744686e5604cbfa9e6a3e27dd98ed7] 199.204.45.169 "GET /resource_providers/528d2f31-bfef-4036-8257-8b1a8a730576/allocations" status: 200 len: 452 microversion: 1.0 [pid: 7|app: 0|req: 153/309] 199.204.45.169 () {32 vars in 857 bytes} [Sat Apr 25 01:16:24 2026] GET /resource_providers/528d2f31-bfef-4036-8257-8b1a8a730576/allocations => generated 452 bytes in 24 msecs (HTTP/1.1 200) 6 headers in 224 bytes (1 switches on core 0)
2026-04-25 01:16:24.055 8 INFO placement.requestlog [req-25bb1c36-2b69-4c2d-b1dd-c58063728698 req-1c2d2aa9-52c2-4bfd-9381-b6e98c08038c 22813c7253ee4d1b9fec3a6b61bc2dee 98874426521447b68eae37c1a2d89865 - - ad744686e5604cbfa9e6a3e27dd98ed7 ad744686e5604cbfa9e6a3e27dd98ed7] 199.204.45.169 "GET /allocations/f755928c-f6e1-453d-a8ce-991e1a410632" status: 200 len: 257 microversion: 1.28 [pid: 8|app: 0|req: 157/310] 199.204.45.169 () {34 vars in 863 bytes} [Sat Apr 25 01:16:24 2026] GET /allocations/f755928c-f6e1-453d-a8ce-991e1a410632 => generated 257 bytes in 12 msecs (HTTP/1.1 200) 8 headers in 296 bytes (1 switches on core 0)
2026-04-25 01:16:24.081 7 INFO placement.requestlog [req-25bb1c36-2b69-4c2d-b1dd-c58063728698 req-f16e7a7c-6f88-4dd4-875c-f789901681a2 22813c7253ee4d1b9fec3a6b61bc2dee 98874426521447b68eae37c1a2d89865 - - ad744686e5604cbfa9e6a3e27dd98ed7 ad744686e5604cbfa9e6a3e27dd98ed7] 199.204.45.169 "GET /allocations/00b2e516-b9c3-46be-bcdb-3e114af8839c" status: 200 len: 257 microversion: 1.28 [pid: 7|app: 0|req: 154/311] 199.204.45.169 () {34 vars in 863 bytes} [Sat Apr 25 01:16:24 2026] GET /allocations/00b2e516-b9c3-46be-bcdb-3e114af8839c => generated 257 bytes in 22 msecs (HTTP/1.1 200) 8 headers in 296 bytes (1 switches on core 0)
2026-04-25 01:16:24.105 8 INFO placement.requestlog [req-25bb1c36-2b69-4c2d-b1dd-c58063728698 req-4194934c-d955-46d0-bafa-a7daa7737ec0 22813c7253ee4d1b9fec3a6b61bc2dee 98874426521447b68eae37c1a2d89865 - - ad744686e5604cbfa9e6a3e27dd98ed7 ad744686e5604cbfa9e6a3e27dd98ed7] 199.204.45.169 "GET /allocations/74f1be4d-1a6a-4a57-9c93-8e95acbeaba3" status: 200 len: 257 microversion: 1.28 [pid: 8|app: 0|req: 158/312] 199.204.45.169 () {34 vars in 863 bytes} [Sat Apr 25 01:16:24 2026] GET /allocations/74f1be4d-1a6a-4a57-9c93-8e95acbeaba3 => generated 257 bytes in 17 msecs (HTTP/1.1 200) 8 headers in 296 bytes (1 switches on core 0)
2026-04-25 01:16:24.132 7 INFO placement.requestlog [req-25bb1c36-2b69-4c2d-b1dd-c58063728698 req-db92414a-ac4a-4f08-9599-0831d70d0c15 22813c7253ee4d1b9fec3a6b61bc2dee 98874426521447b68eae37c1a2d89865 - - ad744686e5604cbfa9e6a3e27dd98ed7 ad744686e5604cbfa9e6a3e27dd98ed7] 199.204.45.169 "GET /allocations/3a4d8784-5221-48c9-8733-76cbe7a2c46a" status: 200 len: 257 microversion: 1.28 [pid: 7|app: 0|req: 155/313] 199.204.45.169 () {34 vars in 863 bytes} [Sat Apr 25 01:16:24 2026] GET /allocations/3a4d8784-5221-48c9-8733-76cbe7a2c46a => generated 257 bytes in 20 msecs (HTTP/1.1 200) 8 headers in 296 bytes (1 switches on core 0)
2026-04-25 01:16:25.717 7 INFO placement.requestlog [None req-d66db479-46de-4b65-b939-f10fa9309de2 - - - - - -] 10.0.0.172 "GET /" status: 200 len: 136 microversion: 1.0
2026-04-25 01:16:25.717 8 INFO placement.requestlog [None req-eaaed567-9736-46c3-a129-9a62a9f67107 - - - - - -] 10.0.0.172 "GET /" status: 200 len: 136 microversion: 1.0
2026-04-25 01:16:26.561 7 INFO placement.requestlog [req-a1866fab-0362-4610-ba58-13b0fe894b65 req-1e6d764d-f298-4478-8012-b0e40f2eaa5c 22813c7253ee4d1b9fec3a6b61bc2dee 98874426521447b68eae37c1a2d89865 - - ad744686e5604cbfa9e6a3e27dd98ed7 ad744686e5604cbfa9e6a3e27dd98ed7] 199.204.45.169 "GET /resource_providers/528d2f31-bfef-4036-8257-8b1a8a730576/allocations" status: 200 len: 452 microversion: 1.0 [pid: 7|app: 0|req: 157/316] 199.204.45.169 () {32 vars in 857 bytes} [Sat Apr 25 01:16:26 2026] GET /resource_providers/528d2f31-bfef-4036-8257-8b1a8a730576/allocations => generated 452 bytes in 23 msecs (HTTP/1.1 200) 6 headers in 224 bytes (1 switches on core 0)
2026-04-25 01:16:26.586 8 INFO placement.requestlog [req-a1866fab-0362-4610-ba58-13b0fe894b65 req-feb21a2c-f1bd-4c96-b71f-a4a60c8746f0 22813c7253ee4d1b9fec3a6b61bc2dee 98874426521447b68eae37c1a2d89865 - - ad744686e5604cbfa9e6a3e27dd98ed7 ad744686e5604cbfa9e6a3e27dd98ed7] 199.204.45.169 "GET /allocations/f755928c-f6e1-453d-a8ce-991e1a410632" status: 200 len: 257 microversion: 1.28 [pid: 8|app: 0|req: 160/317] 199.204.45.169 () {34 vars in 863 bytes} [Sat Apr 25 01:16:26 2026] GET /allocations/f755928c-f6e1-453d-a8ce-991e1a410632 => generated 257 bytes in 18 msecs (HTTP/1.1 200) 8 headers in 296 bytes (1 switches on core 0)
2026-04-25 01:16:26.616 7 INFO placement.requestlog [req-a1866fab-0362-4610-ba58-13b0fe894b65 req-4dc36030-58b1-49d3-a80b-e3b3347bf263 22813c7253ee4d1b9fec3a6b61bc2dee 98874426521447b68eae37c1a2d89865 - - ad744686e5604cbfa9e6a3e27dd98ed7 ad744686e5604cbfa9e6a3e27dd98ed7] 199.204.45.169 "GET /allocations/00b2e516-b9c3-46be-bcdb-3e114af8839c" status: 200 len: 257 microversion: 1.28 [pid: 7|app: 0|req: 158/318] 199.204.45.169 () {34 vars in 863 bytes} [Sat Apr 25 01:16:26 2026] GET /allocations/00b2e516-b9c3-46be-bcdb-3e114af8839c => generated 257 bytes in 22 msecs (HTTP/1.1 200) 8 headers in 296 bytes (1 switches on core 0)
2026-04-25 01:16:26.634 8 INFO placement.requestlog [req-a1866fab-0362-4610-ba58-13b0fe894b65 req-d28d8938-2842-49ca-94a3-a16326768a78 22813c7253ee4d1b9fec3a6b61bc2dee 98874426521447b68eae37c1a2d89865 - - ad744686e5604cbfa9e6a3e27dd98ed7 ad744686e5604cbfa9e6a3e27dd98ed7] 199.204.45.169 "GET /allocations/74f1be4d-1a6a-4a57-9c93-8e95acbeaba3" status: 200 len: 257 microversion: 1.28 [pid: 8|app: 0|req: 161/319] 199.204.45.169 () {34 vars in 863 bytes} [Sat Apr 25 01:16:26 2026] GET /allocations/74f1be4d-1a6a-4a57-9c93-8e95acbeaba3 => generated 257 bytes in 12 msecs (HTTP/1.1 200) 8 headers in 296 bytes (1 switches on core 0)
2026-04-25 01:16:26.656 7 INFO placement.requestlog [req-a1866fab-0362-4610-ba58-13b0fe894b65 req-7548a25b-e2d5-46b5-8131-011d9e23b5c7 22813c7253ee4d1b9fec3a6b61bc2dee 98874426521447b68eae37c1a2d89865 - - ad744686e5604cbfa9e6a3e27dd98ed7 ad744686e5604cbfa9e6a3e27dd98ed7] 199.204.45.169 "GET /allocations/3a4d8784-5221-48c9-8733-76cbe7a2c46a" status: 200 len: 257 microversion: 1.28 [pid: 7|app: 0|req: 159/320] 199.204.45.169 () {34 vars in 863 bytes} [Sat Apr 25 01:16:26 2026] GET /allocations/3a4d8784-5221-48c9-8733-76cbe7a2c46a => generated 257 bytes in 15 msecs (HTTP/1.1 200) 8 headers in 296 bytes (1 switches on core 0)
2026-04-25 01:16:27.711 8 INFO placement.requestlog [req-a1866fab-0362-4610-ba58-13b0fe894b65 req-3e66478c-0235-4749-bd64-c0031f428bdf 22813c7253ee4d1b9fec3a6b61bc2dee 98874426521447b68eae37c1a2d89865 - - ad744686e5604cbfa9e6a3e27dd98ed7 ad744686e5604cbfa9e6a3e27dd98ed7] 199.204.45.169 "DELETE /allocations/00b2e516-b9c3-46be-bcdb-3e114af8839c" status: 204 len: 0 microversion: 1.0 [pid: 8|app: 0|req: 162/321] 199.204.45.169 () {34 vars in 841 bytes} [Sat Apr 25 01:16:27 2026] DELETE /allocations/00b2e516-b9c3-46be-bcdb-3e114af8839c => generated 0 bytes in 23 msecs (HTTP/1.1 204) 5 headers in 198 bytes (1 switches on core 0)
