May 21 23:25:36.403727 np0000176094 devstack@neutron-api.service[103118]: DEBUG ovsdbapp.backend.ovs_idl [None req-6a639a53-82bb-4fdb-a595-ecf5e3c7c06f None None] Created schema index Chassis_Template_Var.chassis {{(pid=103118) autocreate_indices /opt/stack/data/venv/lib/python3.12/site-packages/ovsdbapp/backend/ovs_idl/__init__.py:106}}
May 21 23:25:36.403727 np0000176094 devstack@neutron-api.service[103118]: DEBUG ovsdbapp.backend.ovs_idl [None req-6a639a53-82bb-4fdb-a595-ecf5e3c7c06f None None] Created schema index Logical_Router_Port.name {{(pid=103118) autocreate_indices /opt/stack/data/venv/lib/python3.12/site-packages/ovsdbapp/backend/ovs_idl/__init__.py:106}}
May 21 23:25:36.403727 np0000176094 devstack@neutron-api.service[103118]: DEBUG ovsdbapp.backend.ovs_idl [None req-6a639a53-82bb-4fdb-a595-ecf5e3c7c06f None None] Created schema index Port_Group.name {{(pid=103118) autocreate_indices /opt/stack/data/venv/lib/python3.12/site-packages/ovsdbapp/backend/ovs_idl/__init__.py:106}}
May 21 23:25:36.403959 np0000176094 devstack@neutron-api.service[103118]: DEBUG ovsdbapp.backend.ovs_idl [None req-6a639a53-82bb-4fdb-a595-ecf5e3c7c06f None None] Created schema index Logical_Switch_Port.name {{(pid=103118) autocreate_indices /opt/stack/data/venv/lib/python3.12/site-packages/ovsdbapp/backend/ovs_idl/__init__.py:106}}
May 21 23:25:36.408641 np0000176094 devstack@neutron-api.service[103118]: INFO ovsdbapp.backend.ovs_idl.vlog [None req-6a639a53-82bb-4fdb-a595-ecf5e3c7c06f None None] ssl:199.19.213.30:6641: connecting...
May 21 23:25:36.408797 np0000176094 devstack@neutron-api.service[103120]: DEBUG neutron.common.ovn.hash_ring_manager [None req-13d7b87a-7d97-4668-81d6-028b9fc44609 None None] Hash Ring loaded. 4 active nodes. 0 offline nodes {{(pid=103120) _load_hash_ring /opt/stack/neutron/neutron/common/ovn/hash_ring_manager.py:102}}
May 21 23:25:36.408797 np0000176094 devstack@neutron-api.service[103120]: DEBUG neutron.plugins.ml2.drivers.ovn.mech_driver.ovsdb.ovsdb_monitor [None req-13d7b87a-7d97-4668-81d6-028b9fc44609 None None] Hash Ring: Node ad35b9ae47325aab84c2c8daaef862d2 (host: np0000176094) handling event "create" for row 6596d60b-6a1f-4fc8-95d4-4117651a2885 (table: Port_Group) {{(pid=103120) notify /opt/stack/neutron/neutron/plugins/ml2/drivers/ovn/mech_driver/ovsdb/ovsdb_monitor.py:986}}
May 21 23:25:36.408797 np0000176094 devstack@neutron-api.service[103120]: INFO neutron.plugins.ml2.drivers.ovn.mech_driver.ovsdb.impl_idl_ovn [None req-13d7b87a-7d97-4668-81d6-028b9fc44609 None None] Getting OvsdbSbOvnIdl for WorkerService with retry
May 21 23:25:36.414606 np0000176094 devstack@neutron-api.service[103118]: INFO ovsdbapp.backend.ovs_idl.vlog [None req-6a639a53-82bb-4fdb-a595-ecf5e3c7c06f None None] ssl:199.19.213.30:6641: connected
May 21 23:25:36.425705 np0000176094 devstack@neutron-api.service[103119]: DEBUG neutron.common.ovn.hash_ring_manager [None req-664677a5-9cfb-46c8-a0b7-9ac42cdad059 None None] Allow caching, nodes 4>=4 {{(pid=103119) _wait_startup_before_caching /opt/stack/neutron/neutron/common/ovn/hash_ring_manager.py:65}}
May 21 23:25:36.429052 np0000176094 devstack@neutron-api.service[103119]: DEBUG neutron.common.ovn.hash_ring_manager [None req-664677a5-9cfb-46c8-a0b7-9ac42cdad059 None None] Hash Ring loaded. 4 active nodes. 0 offline nodes {{(pid=103119) _load_hash_ring /opt/stack/neutron/neutron/common/ovn/hash_ring_manager.py:102}}
May 21 23:25:36.429158 np0000176094 devstack@neutron-api.service[103119]: DEBUG neutron.plugins.ml2.drivers.ovn.mech_driver.ovsdb.ovsdb_monitor [None req-664677a5-9cfb-46c8-a0b7-9ac42cdad059 None None] ChassisAgentWriteEvent : Matched Chassis_Private, create, None None {{(pid=103119) matches /opt/stack/neutron/neutron/plugins/ml2/drivers/ovn/mech_driver/ovsdb/ovsdb_monitor.py:64}}
May 21 23:25:36.429367 np0000176094 devstack@neutron-api.service[103119]: DEBUG neutron.plugins.ml2.drivers.ovn.mech_driver.ovsdb.ovsdb_monitor [None req-664677a5-9cfb-46c8-a0b7-9ac42cdad059 None None] ChassisOVNAgentWriteEvent : Matched Chassis_Private, create, None None {{(pid=103119) matches /opt/stack/neutron/neutron/plugins/ml2/drivers/ovn/mech_driver/ovsdb/ovsdb_monitor.py:64}}
May 21 23:25:36.429597 np0000176094 devstack@neutron-api.service[103119]: DEBUG neutron.plugins.ml2.drivers.ovn.mech_driver.ovsdb.ovsdb_monitor [None req-664677a5-9cfb-46c8-a0b7-9ac42cdad059 None None] Hash Ring: Node ba7bd9a5ac005d81a021bdce86951fc9 (host: np0000176094) handling event "create" for row 6c28226d-d2a9-4f9f-a8a3-ec2fe1178701 (table: Chassis_Private) {{(pid=103119) notify /opt/stack/neutron/neutron/plugins/ml2/drivers/ovn/mech_driver/ovsdb/ovsdb_monitor.py:986}}
May 21 23:25:36.431140 np0000176094 devstack@neutron-api.service[103119]: INFO neutron.plugins.ml2.drivers.ovn.mech_driver.mech_driver [None req-664677a5-9cfb-46c8-a0b7-9ac42cdad059 None None] WorkerService process has finished the post initialization
May 21 23:25:36.432264 np0000176094 devstack@neutron-api.service[103119]: WSGI app 0 (mountpoint='') ready in 7 seconds on interpreter 0x7d15080a3668 pid: 103119 (default app)
May 21 23:25:36.436029 np0000176094 devstack@neutron-api.service[103120]: DEBUG ovsdbapp.backend.ovs_idl [None req-13d7b87a-7d97-4668-81d6-028b9fc44609 None None] Created lookup_table index Chassis.name {{(pid=103120) autocreate_indices /opt/stack/data/venv/lib/python3.12/site-packages/ovsdbapp/backend/ovs_idl/__init__.py:87}}
May 21 23:25:36.436102 np0000176094 devstack@neutron-api.service[103120]: DEBUG ovsdbapp.backend.ovs_idl [None req-13d7b87a-7d97-4668-81d6-028b9fc44609 None None] Created lookup_table index Port_Binding.logical_port {{(pid=103120) autocreate_indices /opt/stack/data/venv/lib/python3.12/site-packages/ovsdbapp/backend/ovs_idl/__init__.py:87}}
May 21 23:25:36.436213 np0000176094 devstack@neutron-api.service[103120]: DEBUG ovsdbapp.backend.ovs_idl [None req-13d7b87a-7d97-4668-81d6-028b9fc44609 None None] Created schema index Chassis_Private.name {{(pid=103120) autocreate_indices /opt/stack/data/venv/lib/python3.12/site-packages/ovsdbapp/backend/ovs_idl/__init__.py:106}}
May 21 23:25:36.436278 np0000176094 devstack@neutron-api.service[103120]: DEBUG ovsdbapp.backend.ovs_idl [None req-13d7b87a-7d97-4668-81d6-028b9fc44609 None None] Created schema index Datapath_Binding.tunnel_key {{(pid=103120) autocreate_indices /opt/stack/data/venv/lib/python3.12/site-packages/ovsdbapp/backend/ovs_idl/__init__.py:106}}
May 21 23:25:36.438979 np0000176094 devstack@neutron-api.service[103120]: INFO ovsdbapp.backend.ovs_idl.vlog [None req-13d7b87a-7d97-4668-81d6-028b9fc44609 None None] ssl:199.19.213.30:6642: connecting...
May 21 23:25:36.443561 np0000176094 devstack@neutron-api.service[103120]: INFO ovsdbapp.backend.ovs_idl.vlog [None req-13d7b87a-7d97-4668-81d6-028b9fc44609 None None] ssl:199.19.213.30:6642: connected
May 21 23:25:36.447592 np0000176094 devstack@neutron-api.service[103118]: DEBUG neutron.common.ovn.hash_ring_manager [None req-6a639a53-82bb-4fdb-a595-ecf5e3c7c06f None None] Allow caching, nodes 4>=4 {{(pid=103118) _wait_startup_before_caching /opt/stack/neutron/neutron/common/ovn/hash_ring_manager.py:65}}
May 21 23:25:36.451802 np0000176094 devstack@neutron-api.service[103118]: DEBUG neutron.common.ovn.hash_ring_manager [None req-6a639a53-82bb-4fdb-a595-ecf5e3c7c06f None None] Hash Ring loaded. 4 active nodes. 0 offline nodes {{(pid=103118) _load_hash_ring /opt/stack/neutron/neutron/common/ovn/hash_ring_manager.py:102}}
May 21 23:25:36.452043 np0000176094 devstack@neutron-api.service[103118]: DEBUG neutron.plugins.ml2.drivers.ovn.mech_driver.ovsdb.ovsdb_monitor [None req-6a639a53-82bb-4fdb-a595-ecf5e3c7c06f None None] Hash Ring: Node bad492912acd51a2982a35c3f1a6fd67 (host: np0000176094) handling event "create" for row 53e4eb0e-615f-4051-8562-3b82a011427e (table: Connection) {{(pid=103118) notify /opt/stack/neutron/neutron/plugins/ml2/drivers/ovn/mech_driver/ovsdb/ovsdb_monitor.py:986}}
May 21 23:25:36.452211 np0000176094 devstack@neutron-api.service[103118]: DEBUG neutron.plugins.ml2.drivers.ovn.mech_driver.ovsdb.ovsdb_monitor [None req-6a639a53-82bb-4fdb-a595-ecf5e3c7c06f None None] Hash Ring: Node bad492912acd51a2982a35c3f1a6fd67 (host: np0000176094) handling event "create" for row a529159b-4fa0-49ac-a1d6-647f11ae3e97 (table: NB_Global) {{(pid=103118) notify /opt/stack/neutron/neutron/plugins/ml2/drivers/ovn/mech_driver/ovsdb/ovsdb_monitor.py:986}}
May 21 23:25:36.452392 np0000176094 devstack@neutron-api.service[103118]: DEBUG neutron.plugins.ml2.drivers.ovn.mech_driver.ovsdb.ovsdb_monitor [None req-6a639a53-82bb-4fdb-a595-ecf5e3c7c06f None None] Hash Ring: Node bad492912acd51a2982a35c3f1a6fd67 (host: np0000176094) handling event "create" for row c21f5a3a-fc7e-4631-b44d-5fcca50c4ac9 (table: SSL) {{(pid=103118) notify /opt/stack/neutron/neutron/plugins/ml2/drivers/ovn/mech_driver/ovsdb/ovsdb_monitor.py:986}}
May 21 23:25:36.453237 np0000176094 devstack@neutron-api.service[103118]: INFO neutron.plugins.ml2.drivers.ovn.mech_driver.ovsdb.impl_idl_ovn [None req-6a639a53-82bb-4fdb-a595-ecf5e3c7c06f None None] Getting OvsdbSbOvnIdl for WorkerService with retry
May 21 23:25:36.473480 np0000176094 devstack@neutron-api.service[103120]: DEBUG neutron.common.ovn.hash_ring_manager [None req-13d7b87a-7d97-4668-81d6-028b9fc44609 None None] Allow caching, nodes 4>=4 {{(pid=103120) _wait_startup_before_caching /opt/stack/neutron/neutron/common/ovn/hash_ring_manager.py:65}}
May 21 23:25:36.477221 np0000176094 devstack@neutron-api.service[103120]: DEBUG neutron.common.ovn.hash_ring_manager [None req-13d7b87a-7d97-4668-81d6-028b9fc44609 None None] Hash Ring loaded. 4 active nodes. 0 offline nodes {{(pid=103120) _load_hash_ring /opt/stack/neutron/neutron/common/ovn/hash_ring_manager.py:102}}
May 21 23:25:36.477413 np0000176094 devstack@neutron-api.service[103120]: DEBUG neutron.plugins.ml2.drivers.ovn.mech_driver.ovsdb.ovsdb_monitor [None req-13d7b87a-7d97-4668-81d6-028b9fc44609 None None] ChassisOVNAgentWriteEvent : Matched Chassis_Private, create, None None {{(pid=103120) matches /opt/stack/neutron/neutron/plugins/ml2/drivers/ovn/mech_driver/ovsdb/ovsdb_monitor.py:64}}
May 21 23:25:36.477538 np0000176094 devstack@neutron-api.service[103120]: DEBUG neutron.plugins.ml2.drivers.ovn.mech_driver.ovsdb.ovsdb_monitor [None req-13d7b87a-7d97-4668-81d6-028b9fc44609 None None] ChassisAgentWriteEvent : Matched Chassis_Private, create, None None {{(pid=103120) matches /opt/stack/neutron/neutron/plugins/ml2/drivers/ovn/mech_driver/ovsdb/ovsdb_monitor.py:64}}
May 21 23:25:36.480026 np0000176094 devstack@neutron-api.service[103120]: INFO neutron.plugins.ml2.drivers.ovn.mech_driver.mech_driver [None req-13d7b87a-7d97-4668-81d6-028b9fc44609 None None] WorkerService process has finished the post initialization
May 21 23:25:36.481353 np0000176094 devstack@neutron-api.service[103120]: WSGI app 0 (mountpoint='') ready in 7 seconds on interpreter 0x7d15080a3668 pid: 103120 (default app)
May 21 23:25:36.485555 np0000176094 devstack@neutron-api.service[103118]: DEBUG ovsdbapp.backend.ovs_idl [None req-6a639a53-82bb-4fdb-a595-ecf5e3c7c06f None None] Created lookup_table index Chassis.name {{(pid=103118) autocreate_indices /opt/stack/data/venv/lib/python3.12/site-packages/ovsdbapp/backend/ovs_idl/__init__.py:87}}
May 21 23:25:36.485663 np0000176094 devstack@neutron-api.service[103118]: DEBUG ovsdbapp.backend.ovs_idl [None req-6a639a53-82bb-4fdb-a595-ecf5e3c7c06f None None] Created lookup_table index Port_Binding.logical_port {{(pid=103118) autocreate_indices /opt/stack/data/venv/lib/python3.12/site-packages/ovsdbapp/backend/ovs_idl/__init__.py:87}}
May 21 23:25:36.485663 np0000176094 devstack@neutron-api.service[103118]: DEBUG ovsdbapp.backend.ovs_idl [None req-6a639a53-82bb-4fdb-a595-ecf5e3c7c06f None None] Created schema index Chassis_Private.name {{(pid=103118) autocreate_indices /opt/stack/data/venv/lib/python3.12/site-packages/ovsdbapp/backend/ovs_idl/__init__.py:106}}
May 21 23:25:36.485776 np0000176094 devstack@neutron-api.service[103118]: DEBUG ovsdbapp.backend.ovs_idl [None req-6a639a53-82bb-4fdb-a595-ecf5e3c7c06f None None] Created schema index Datapath_Binding.tunnel_key {{(pid=103118) autocreate_indices /opt/stack/data/venv/lib/python3.12/site-packages/ovsdbapp/backend/ovs_idl/__init__.py:106}}
May 21 23:25:36.487584 np0000176094 devstack@neutron-api.service[103118]: INFO ovsdbapp.backend.ovs_idl.vlog [None req-6a639a53-82bb-4fdb-a595-ecf5e3c7c06f None None] ssl:199.19.213.30:6642: connecting...
May 21 23:25:36.493860 np0000176094 devstack@neutron-api.service[103118]: INFO ovsdbapp.backend.ovs_idl.vlog [None req-6a639a53-82bb-4fdb-a595-ecf5e3c7c06f None None] ssl:199.19.213.30:6642: connected
May 21 23:25:36.568361 np0000176094 devstack@neutron-api.service[103118]: DEBUG neutron.common.ovn.hash_ring_manager [None req-6a639a53-82bb-4fdb-a595-ecf5e3c7c06f None None] Allow caching, nodes 4>=4 {{(pid=103118) _wait_startup_before_caching /opt/stack/neutron/neutron/common/ovn/hash_ring_manager.py:65}}
May 21 23:25:36.571631 np0000176094 devstack@neutron-api.service[103118]: DEBUG neutron.common.ovn.hash_ring_manager [None req-6a639a53-82bb-4fdb-a595-ecf5e3c7c06f None None] Hash Ring loaded. 4 active nodes. 0 offline nodes {{(pid=103118) _load_hash_ring /opt/stack/neutron/neutron/common/ovn/hash_ring_manager.py:102}}
May 21 23:25:36.571819 np0000176094 devstack@neutron-api.service[103118]: DEBUG neutron.plugins.ml2.drivers.ovn.mech_driver.ovsdb.ovsdb_monitor [None req-6a639a53-82bb-4fdb-a595-ecf5e3c7c06f None None] ChassisOVNAgentWriteEvent : Matched Chassis_Private, create, None None {{(pid=103118) matches /opt/stack/neutron/neutron/plugins/ml2/drivers/ovn/mech_driver/ovsdb/ovsdb_monitor.py:64}}
May 21 23:25:36.571937 np0000176094 devstack@neutron-api.service[103118]: DEBUG neutron.plugins.ml2.drivers.ovn.mech_driver.ovsdb.ovsdb_monitor [None req-6a639a53-82bb-4fdb-a595-ecf5e3c7c06f None None] ChassisAgentWriteEvent : Matched Chassis_Private, create, None None {{(pid=103118) matches /opt/stack/neutron/neutron/plugins/ml2/drivers/ovn/mech_driver/ovsdb/ovsdb_monitor.py:64}}
May 21 23:25:36.572236 np0000176094 devstack@neutron-api.service[103118]: DEBUG neutron.plugins.ml2.drivers.ovn.mech_driver.ovsdb.ovsdb_monitor [None req-6a639a53-82bb-4fdb-a595-ecf5e3c7c06f None None] Hash Ring: Node bad492912acd51a2982a35c3f1a6fd67 (host: np0000176094) handling event "create" for row bfba4a8d-6382-479b-81c9-1e58457813fe (table: Encap) {{(pid=103118) notify /opt/stack/neutron/neutron/plugins/ml2/drivers/ovn/mech_driver/ovsdb/ovsdb_monitor.py:986}}
May 21 23:25:36.574681 np0000176094 devstack@neutron-api.service[103118]: INFO neutron.plugins.ml2.drivers.ovn.mech_driver.mech_driver [None req-6a639a53-82bb-4fdb-a595-ecf5e3c7c06f None None] WorkerService process has finished the post initialization
May 21 23:25:36.576001 np0000176094 devstack@neutron-api.service[103118]: WSGI app 0 (mountpoint='') ready in 7 seconds on interpreter 0x7d15080a3668 pid: 103118 (default app)
May 21 23:25:36.595051 np0000176094 devstack@neutron-api.service[103121]: [pid: 103121|app: 0|req: 1/1] 199.19.213.30 () {62 vars in 981 bytes} [Thu May 21 23:25:36 2026] GET /networking => generated 129 bytes in 6 msecs (HTTP/1.1 200) 3 headers in 91 bytes (1 switches on core 0)
May 21 23:25:38.490590 np0000176094 devstack@neutron-api.service[103118]: DEBUG neutron.plugins.ml2.drivers.ovn.mech_driver.ovsdb.ovsdb_monitor [-] Hash Ring: Node bad492912acd51a2982a35c3f1a6fd67 (host: np0000176094) handling event "update" for row 53e4eb0e-615f-4051-8562-3b82a011427e (table: Connection) {{(pid=103118) notify /opt/stack/neutron/neutron/plugins/ml2/drivers/ovn/mech_driver/ovsdb/ovsdb_monitor.py:986}}
May 21 23:25:38.495509 np0000176094 devstack@neutron-api.service[103121]: DEBUG neutron.common.ovn.hash_ring_manager [-] Allow caching, nodes 4>=4 {{(pid=103121) _wait_startup_before_caching /opt/stack/neutron/neutron/common/ovn/hash_ring_manager.py:65}}
May 21 23:25:38.495786 np0000176094 devstack@neutron-api.service[103121]: DEBUG neutron.plugins.ml2.drivers.ovn.mech_driver.ovsdb.ovsdb_monitor [-] Hash Ring: Node 95a8a81e53e95496bca0e9f1d3973349 (host: np0000176094) handling event "update" for row 53e4eb0e-615f-4051-8562-3b82a011427e (table: Connection) {{(pid=103121) notify /opt/stack/neutron/neutron/plugins/ml2/drivers/ovn/mech_driver/ovsdb/ovsdb_monitor.py:986}}
May 21 23:25:41.016704 np0000176094 devstack@neutron-api.service[103121]: DEBUG neutron.plugins.ml2.drivers.ovn.mech_driver.ovsdb.ovsdb_monitor [-] Hash Ring: Node 95a8a81e53e95496bca0e9f1d3973349 (host: np0000176094) handling event "update" for row 53e4eb0e-615f-4051-8562-3b82a011427e (table: Connection) {{(pid=103121) notify /opt/stack/neutron/neutron/plugins/ml2/drivers/ovn/mech_driver/ovsdb/ovsdb_monitor.py:986}}
May 21 23:25:41.017395 np0000176094 devstack@neutron-api.service[103118]: DEBUG neutron.plugins.ml2.drivers.ovn.mech_driver.ovsdb.ovsdb_monitor [-] Hash Ring: Node bad492912acd51a2982a35c3f1a6fd67 (host: np0000176094) handling event "update" for row 53e4eb0e-615f-4051-8562-3b82a011427e (table: Connection) {{(pid=103118) notify /opt/stack/neutron/neutron/plugins/ml2/drivers/ovn/mech_driver/ovsdb/ovsdb_monitor.py:986}}
May 21 23:25:42.875619 np0000176094 devstack@neutron-api.service[103119]: DEBUG neutron.api.wsgi [None req-01e15fdd-05d3-4b56-90eb-d0acbee1d0c0 admin admin] Missing Content-Type {{(pid=103119) get_content_type /opt/stack/neutron/neutron/api/wsgi.py:80}}
May 21 23:25:42.876112 np0000176094 devstack@neutron-api.service[103119]: DEBUG neutron.api.wsgi [None req-01e15fdd-05d3-4b56-90eb-d0acbee1d0c0 admin admin] https://199.19.213.30/networking/v2.0/extensions returned with HTTP 200 {{(pid=103119) __call__ /opt/stack/neutron/neutron/api/wsgi.py:540}}
May 21 23:25:42.876436 np0000176094 devstack@neutron-api.service[103119]: [pid: 103119|app: 0|req: 1/2] 199.19.213.30 () {64 vars in 1316 bytes} [Thu May 21 23:25:42 2026] GET /networking/v2.0/extensions => generated 15209 bytes in 246 msecs (HTTP/1.1 200) 4 headers in 159 bytes (1 switches on core 0)
May 21 23:25:43.267336 np0000176094 devstack@neutron-api.service[103120]: DEBUG neutron.api.v2.base [None req-11e24304-3587-46cb-a48f-e12e41ade186 admin admin] Request body: {'subnetpool': {'default_prefixlen': 26, 'is_default': True, 'prefixes': ['10.1.0.0/20'], 'shared': True, 'name': 'shared-default-subnetpool-v4'}} {{(pid=103120) prepare_request_body /opt/stack/neutron/neutron/api/v2/base.py:727}}
May 21 23:25:43.477066 np0000176094 devstack@neutron-api.service[103120]: DEBUG neutron.policy [None req-11e24304-3587-46cb-a48f-e12e41ade186 admin admin] Loaded default policies from ['neutron'] under neutron.policies entry points {{(pid=103120) register_rules /opt/stack/neutron/neutron/policy.py:65}}
May 21 23:25:43.678485 np0000176094 devstack@neutron-api.service[103120]: DEBUG neutron_lib.callbacks.manager [None req-11e24304-3587-46cb-a48f-e12e41ade186 admin admin] Publish callbacks ['neutron.objects.securitygroup.RbacNeutronDbObjectMixin.validate_rbac_policy_change-2439186988276', 'neutron.objects.address_group.RbacNeutronDbObjectMixin.validate_rbac_policy_change-2439186945701', 'neutron.objects.network.RbacNeutronDbObjectMixin.validate_rbac_policy_change-2439186819730', 'neutron.objects.qos.policy.RbacNeutronDbObjectMixin.validate_rbac_policy_change-2439186778164', 'neutron.objects.subnetpool.RbacNeutronDbObjectMixin.validate_rbac_policy_change-2439186785193', 'neutron.objects.address_scope.RbacNeutronDbObjectMixin.validate_rbac_policy_change-2439186786359', 'neutron.plugins.ml2.plugin.External_net_db_mixin._process_ext_policy_create-3334803', 'neutron.plugins.ml2.plugin.NeutronDbPluginV2.validate_network_rbac_policy_change-3374759'] for rbac-policy (None), before_create {{(pid=103120) _notify_loop /opt/stack/data/venv/lib/python3.12/site-packages/neutron_lib/callbacks/manager.py:184}}
May 21 23:25:43.723349 np0000176094 devstack@neutron-api.service[103120]: DEBUG neutron_lib.callbacks.manager [None req-11e24304-3587-46cb-a48f-e12e41ade186 admin admin] Publish callbacks [] for subnetpool (None), before_response {{(pid=103120) _notify_loop /opt/stack/data/venv/lib/python3.12/site-packages/neutron_lib/callbacks/manager.py:184}}
May 21 23:25:43.724261 np0000176094 devstack@neutron-api.service[103120]: [pid: 103120|app: 0|req: 1/3] 199.19.213.30 () {68 vars in 1360 bytes} [Thu May 21 23:25:43 2026] POST /networking/v2.0/subnetpools => generated 533 bytes in 562 msecs (HTTP/1.1 201) 4 headers in 162 bytes (1 switches on core 0)
May 21 23:25:44.044612 np0000176094 devstack@neutron-api.service[103118]: DEBUG neutron.api.v2.base [None req-bf669493-86ba-4dbd-bcef-31322b0c5269 admin admin] Request body: {'subnetpool': {'default_prefixlen': 64, 'is_default': True, 'prefixes': ['fd54:d4df:5995::/56'], 'shared': True, 'name': 'shared-default-subnetpool-v6'}} {{(pid=103118) prepare_request_body /opt/stack/neutron/neutron/api/v2/base.py:727}}
May 21 23:25:44.228735 np0000176094 devstack@neutron-api.service[103118]: DEBUG neutron.policy [None req-bf669493-86ba-4dbd-bcef-31322b0c5269 admin admin] Loaded default policies from ['neutron'] under neutron.policies entry points {{(pid=103118) register_rules /opt/stack/neutron/neutron/policy.py:65}}
May 21 23:25:44.371382 np0000176094 devstack@neutron-api.service[103118]: DEBUG neutron_lib.callbacks.manager [None req-bf669493-86ba-4dbd-bcef-31322b0c5269 admin admin] Publish callbacks ['neutron.objects.securitygroup.RbacNeutronDbObjectMixin.validate_rbac_policy_change-2439186794549', 'neutron.objects.address_group.RbacNeutronDbObjectMixin.validate_rbac_policy_change-2439186770876', 'neutron.objects.network.RbacNeutronDbObjectMixin.validate_rbac_policy_change-2439186754573', 'neutron.objects.qos.policy.RbacNeutronDbObjectMixin.validate_rbac_policy_change-2439186751752', 'neutron.objects.subnetpool.RbacNeutronDbObjectMixin.validate_rbac_policy_change-2439186852202', 'neutron.objects.address_scope.RbacNeutronDbObjectMixin.validate_rbac_policy_change-2439186851505', 'neutron.plugins.ml2.plugin.External_net_db_mixin._process_ext_policy_create-314123', 'neutron.plugins.ml2.plugin.NeutronDbPluginV2.validate_network_rbac_policy_change-320563'] for rbac-policy (None), before_create {{(pid=103118) _notify_loop /opt/stack/data/venv/lib/python3.12/site-packages/neutron_lib/callbacks/manager.py:184}}
May 21 23:25:44.412659 np0000176094 devstack@neutron-api.service[103118]: DEBUG neutron_lib.callbacks.manager [None req-bf669493-86ba-4dbd-bcef-31322b0c5269 admin admin] Publish callbacks [] for subnetpool (None), before_response {{(pid=103118) _notify_loop /opt/stack/data/venv/lib/python3.12/site-packages/neutron_lib/callbacks/manager.py:184}}
May 21 23:25:44.413395 np0000176094 devstack@neutron-api.service[103118]: [pid: 103118|app: 0|req: 1/4] 199.19.213.30 () {68 vars in 1360 bytes} [Thu May 21 23:25:43 2026] POST /networking/v2.0/subnetpools => generated 543 bytes in 487 msecs (HTTP/1.1 201) 4 headers in 162 bytes (1 switches on core 0)
May 21 23:25:44.786528 np0000176094 devstack@neutron-api.service[103121]: DEBUG neutron.api.v2.base [None req-f1ef32c8-c4d7-4338-9b67-509d8188d30c admin admin] Request body: {'network': {'name': 'private', 'admin_state_up': True}} {{(pid=103121) prepare_request_body /opt/stack/neutron/neutron/api/v2/base.py:727}}
May 21 23:25:44.815857 np0000176094 devstack@neutron-api.service[103121]: DEBUG neutron.pecan_wsgi.hooks.quota_enforcement [None req-f1ef32c8-c4d7-4338-9b67-509d8188d30c admin admin] Made reservation on behalf of 981e9b6a8a6e42c49b3f690731a6d9e7 for: {'network': 1} {{(pid=103121) before /opt/stack/neutron/neutron/pecan_wsgi/hooks/quota_enforcement.py:66}}
May 21 23:25:45.153192 np0000176094 devstack@neutron-api.service[103121]: DEBUG neutron.policy [None req-f1ef32c8-c4d7-4338-9b67-509d8188d30c admin admin] Loaded default policies from ['neutron'] under neutron.policies entry points {{(pid=103121) register_rules /opt/stack/neutron/neutron/policy.py:65}}
May 21 23:25:45.258502 np0000176094 devstack@neutron-api.service[103121]: DEBUG neutron_lib.callbacks.manager [None req-f1ef32c8-c4d7-4338-9b67-509d8188d30c admin admin] Publish callbacks ['neutron.plugins.ml2.plugin.SecurityGroupDbMixin._ensure_default_security_group_handler-2525279'] for network (None), before_create {{(pid=103121) _notify_loop /opt/stack/data/venv/lib/python3.12/site-packages/neutron_lib/callbacks/manager.py:184}}
May 21 23:25:45.280031 np0000176094 devstack@neutron-api.service[103121]: DEBUG neutron_lib.callbacks.manager [None req-f1ef32c8-c4d7-4338-9b67-509d8188d30c admin admin] Publish callbacks [] for security_group (None), before_create {{(pid=103121) _notify_loop /opt/stack/data/venv/lib/python3.12/site-packages/neutron_lib/callbacks/manager.py:184}}
May 21 23:25:45.370733 np0000176094 devstack@neutron-api.service[103121]: DEBUG neutron_lib.callbacks.manager [None req-f1ef32c8-c4d7-4338-9b67-509d8188d30c admin admin] Publish callbacks ['neutron.plugins.ml2.drivers.ovn.mech_driver.mech_driver.OVNMechanismDriver._create_security_group_precommit-1962402'] for security_group (8644ec76-ebba-4a83-be1b-645df926072c), precommit_create {{(pid=103121) _notify_loop /opt/stack/data/venv/lib/python3.12/site-packages/neutron_lib/callbacks/manager.py:184}}
May 21 23:25:45.371020 np0000176094 devstack@neutron-api.service[103121]: DEBUG neutron.db.ovn_revision_numbers_db [None req-f1ef32c8-c4d7-4338-9b67-509d8188d30c admin admin] create_initial_revision uuid=8644ec76-ebba-4a83-be1b-645df926072c, type=security_groups, rev=-1 {{(pid=103121) create_initial_revision /opt/stack/neutron/neutron/db/ovn_revision_numbers_db.py:98}}
May 21 23:25:45.375206 np0000176094 devstack@neutron-api.service[103121]: DEBUG neutron.db.ovn_revision_numbers_db [None req-f1ef32c8-c4d7-4338-9b67-509d8188d30c admin admin] create_initial_revision uuid=4e908148-5cb9-4475-8a0a-5abc6e5b34d1, type=security_group_rules, rev=-1 {{(pid=103121) create_initial_revision /opt/stack/neutron/neutron/db/ovn_revision_numbers_db.py:98}}
May 21 23:25:45.376656 np0000176094 devstack@neutron-api.service[103121]: DEBUG neutron.db.ovn_revision_numbers_db [None req-f1ef32c8-c4d7-4338-9b67-509d8188d30c admin admin] create_initial_revision uuid=5e192aca-3687-425b-954a-c2d60d827f3c, type=security_group_rules, rev=-1 {{(pid=103121) create_initial_revision /opt/stack/neutron/neutron/db/ovn_revision_numbers_db.py:98}}
May 21 23:25:45.377870 np0000176094 devstack@neutron-api.service[103121]: DEBUG neutron.db.ovn_revision_numbers_db [None req-f1ef32c8-c4d7-4338-9b67-509d8188d30c admin admin] create_initial_revision uuid=8e066518-8fbd-4747-9496-109ac585f383, type=security_group_rules, rev=-1 {{(pid=103121) create_initial_revision /opt/stack/neutron/neutron/db/ovn_revision_numbers_db.py:98}}
May 21 23:25:45.379143 np0000176094 devstack@neutron-api.service[103121]: DEBUG neutron.db.ovn_revision_numbers_db [None req-f1ef32c8-c4d7-4338-9b67-509d8188d30c admin admin] create_initial_revision uuid=eb2915cb-051b-494a-b491-c86d9d43b810, type=security_group_rules, rev=-1 {{(pid=103121) create_initial_revision /opt/stack/neutron/neutron/db/ovn_revision_numbers_db.py:98}}
May 21 23:25:45.387610 np0000176094 devstack@neutron-api.service[103121]: DEBUG neutron_lib.callbacks.manager [None req-f1ef32c8-c4d7-4338-9b67-509d8188d30c admin admin] Publish callbacks ['neutron.plugins.ml2.drivers.ovn.mech_driver.mech_driver.OVNMechanismDriver._create_security_group-1962460', 'neutron.plugins.ml2.ovo_rpc._ObjectChangeHandler.handle_event-1474660'] for security_group (8644ec76-ebba-4a83-be1b-645df926072c), after_create {{(pid=103121) _notify_loop /opt/stack/data/venv/lib/python3.12/site-packages/neutron_lib/callbacks/manager.py:184}}
May 21 23:25:45.388959 np0000176094 devstack@neutron-api.service[103121]: DEBUG ovsdbapp.backend.ovs_idl.transaction [-] Running txn n=1 command(idx=0): PgAddCommand(_result=None, name=pg_8644ec76_ebba_4a83_be1b_645df926072c, may_exist=False, columns={'acls': [], 'external_ids': {'neutron:security_group_id': '8644ec76-ebba-4a83-be1b-645df926072c'}}) {{(pid=103121) do_commit /opt/stack/data/venv/lib/python3.12/site-packages/ovsdbapp/backend/ovs_idl/transaction.py:89}}
May 21 23:25:45.390960 np0000176094 devstack@neutron-api.service[103121]: DEBUG ovsdbapp.backend.ovs_idl.transaction [-] Running txn n=1 command(idx=1): PgAclAddCommand(_result=None, entity=pg_8644ec76_ebba_4a83_be1b_645df926072c, direction=from-lport, priority=1002, match=inport == @pg_8644ec76_ebba_4a83_be1b_645df926072c && ip4, action=allow-related, log=False, may_exist=True, severity=[], name=[], meter=[], external_ids={'neutron:security_group_rule_id': '4e908148-5cb9-4475-8a0a-5abc6e5b34d1'}) {{(pid=103121) do_commit /opt/stack/data/venv/lib/python3.12/site-packages/ovsdbapp/backend/ovs_idl/transaction.py:89}}
May 21 23:25:45.391572 np0000176094 devstack@neutron-api.service[103121]: DEBUG ovsdbapp.backend.ovs_idl.transaction [-] Running txn n=1 command(idx=2): PgAclAddCommand(_result=None, entity=pg_8644ec76_ebba_4a83_be1b_645df926072c, direction=to-lport, priority=1002, match=outport == @pg_8644ec76_ebba_4a83_be1b_645df926072c && ip6 && ip6.src == $pg_8644ec76_ebba_4a83_be1b_645df926072c_ip6, action=allow-related, log=False, may_exist=True, severity=[], name=[], meter=[], external_ids={'neutron:security_group_rule_id': '5e192aca-3687-425b-954a-c2d60d827f3c'}) {{(pid=103121) do_commit /opt/stack/data/venv/lib/python3.12/site-packages/ovsdbapp/backend/ovs_idl/transaction.py:89}}
May 21 23:25:45.392059 np0000176094 devstack@neutron-api.service[103121]: DEBUG ovsdbapp.backend.ovs_idl.transaction [-] Running txn n=1 command(idx=3): PgAclAddCommand(_result=None, entity=pg_8644ec76_ebba_4a83_be1b_645df926072c, direction=to-lport, priority=1002, match=outport == @pg_8644ec76_ebba_4a83_be1b_645df926072c && ip4 && ip4.src == $pg_8644ec76_ebba_4a83_be1b_645df926072c_ip4, action=allow-related, log=False, may_exist=True, severity=[], name=[], meter=[], external_ids={'neutron:security_group_rule_id': '8e066518-8fbd-4747-9496-109ac585f383'}) {{(pid=103121) do_commit /opt/stack/data/venv/lib/python3.12/site-packages/ovsdbapp/backend/ovs_idl/transaction.py:89}}
May 21 23:25:45.392514 np0000176094 devstack@neutron-api.service[103121]: DEBUG ovsdbapp.backend.ovs_idl.transaction [-] Running txn n=1 command(idx=4): PgAclAddCommand(_result=None, entity=pg_8644ec76_ebba_4a83_be1b_645df926072c, direction=from-lport, priority=1002, match=inport == @pg_8644ec76_ebba_4a83_be1b_645df926072c && ip6, action=allow-related, log=False, may_exist=True, severity=[], name=[], meter=[], external_ids={'neutron:security_group_rule_id': 'eb2915cb-051b-494a-b491-c86d9d43b810'}) {{(pid=103121) do_commit /opt/stack/data/venv/lib/python3.12/site-packages/ovsdbapp/backend/ovs_idl/transaction.py:89}}
May 21 23:25:45.401291 np0000176094 devstack@neutron-api.service[103121]: DEBUG neutron.plugins.ml2.drivers.ovn.mech_driver.ovsdb.ovsdb_monitor [-] Hash Ring: Node 95a8a81e53e95496bca0e9f1d3973349 (host: np0000176094) handling event "create" for row 1c388619-349d-4e49-b5b4-5c7215782908 (table: ACL) {{(pid=103121) notify /opt/stack/neutron/neutron/plugins/ml2/drivers/ovn/mech_driver/ovsdb/ovsdb_monitor.py:986}}
May 21 23:25:45.401440 np0000176094 devstack@neutron-api.service[103121]: DEBUG neutron.plugins.ml2.drivers.ovn.mech_driver.ovsdb.ovsdb_monitor [-] Hash Ring: Node 95a8a81e53e95496bca0e9f1d3973349 (host: np0000176094) handling event "create" for row 5f93641a-60a0-437a-bbd0-c9a49aa36416 (table: ACL) {{(pid=103121) notify /opt/stack/neutron/neutron/plugins/ml2/drivers/ovn/mech_driver/ovsdb/ovsdb_monitor.py:986}}
May 21 23:25:45.402478 np0000176094 devstack@neutron-api.service[103121]: DEBUG neutron.plugins.ml2.drivers.ovn.mech_driver.ovsdb.ovsdb_monitor [-] Hash Ring: Node 95a8a81e53e95496bca0e9f1d3973349 (host: np0000176094) handling event "create" for row 826c2c09-5897-4da5-9c8e-fdb3084b1d90 (table: ACL) {{(pid=103121) notify /opt/stack/neutron/neutron/plugins/ml2/drivers/ovn/mech_driver/ovsdb/ovsdb_monitor.py:986}}
May 21 23:25:45.402478 np0000176094 devstack@neutron-api.service[103121]: DEBUG neutron.plugins.ml2.drivers.ovn.mech_driver.ovsdb.ovsdb_monitor [-] Hash Ring: Node 95a8a81e53e95496bca0e9f1d3973349 (host: np0000176094) handling event "create" for row fa82279c-1b9b-4ced-aa64-295173aacb65 (table: ACL) {{(pid=103121) notify /opt/stack/neutron/neutron/plugins/ml2/drivers/ovn/mech_driver/ovsdb/ovsdb_monitor.py:986}}
May 21 23:25:45.402478 np0000176094 devstack@neutron-api.service[103121]: DEBUG neutron.plugins.ml2.drivers.ovn.mech_driver.ovsdb.ovsdb_monitor [-] Hash Ring: Node 95a8a81e53e95496bca0e9f1d3973349 (host: np0000176094) handling event "create" for row 3530f960-a681-46a7-bda1-c390c87dc028 (table: Port_Group) {{(pid=103121) notify /opt/stack/neutron/neutron/plugins/ml2/drivers/ovn/mech_driver/ovsdb/ovsdb_monitor.py:986}}
May 21 23:25:45.404142 np0000176094 devstack@neutron-api.service[103119]: DEBUG neutron.plugins.ml2.drivers.ovn.mech_driver.ovsdb.ovsdb_monitor [-] Hash Ring: Node ba7bd9a5ac005d81a021bdce86951fc9 (host: np0000176094) handling event "create" for row 1c388619-349d-4e49-b5b4-5c7215782908 (table: ACL) {{(pid=103119) notify /opt/stack/neutron/neutron/plugins/ml2/drivers/ovn/mech_driver/ovsdb/ovsdb_monitor.py:986}}
May 21 23:25:45.404543 np0000176094 devstack@neutron-api.service[103118]: DEBUG neutron.plugins.ml2.drivers.ovn.mech_driver.ovsdb.ovsdb_monitor [-] Hash Ring: Node bad492912acd51a2982a35c3f1a6fd67 (host: np0000176094) handling event "create" for row fa82279c-1b9b-4ced-aa64-295173aacb65 (table: ACL) {{(pid=103118) notify /opt/stack/neutron/neutron/plugins/ml2/drivers/ovn/mech_driver/ovsdb/ovsdb_monitor.py:986}}
May 21 23:25:45.404904 np0000176094 devstack@neutron-api.service[103119]: DEBUG neutron.plugins.ml2.drivers.ovn.mech_driver.ovsdb.ovsdb_monitor [-] Hash Ring: Node ba7bd9a5ac005d81a021bdce86951fc9 (host: np0000176094) handling event "create" for row 5f93641a-60a0-437a-bbd0-c9a49aa36416 (table: ACL) {{(pid=103119) notify /opt/stack/neutron/neutron/plugins/ml2/drivers/ovn/mech_driver/ovsdb/ovsdb_monitor.py:986}}
May 21 23:25:45.404904 np0000176094 devstack@neutron-api.service[103119]: DEBUG neutron.plugins.ml2.drivers.ovn.mech_driver.ovsdb.ovsdb_monitor [-] Hash Ring: Node ba7bd9a5ac005d81a021bdce86951fc9 (host: np0000176094) handling event "create" for row 826c2c09-5897-4da5-9c8e-fdb3084b1d90 (table: ACL) {{(pid=103119) notify /opt/stack/neutron/neutron/plugins/ml2/drivers/ovn/mech_driver/ovsdb/ovsdb_monitor.py:986}}
May 21 23:25:45.429367 np0000176094 devstack@neutron-api.service[103121]: INFO neutron.db.ovn_revision_numbers_db [None req-f1ef32c8-c4d7-4338-9b67-509d8188d30c admin admin] Successfully bumped revision number for resource 8644ec76-ebba-4a83-be1b-645df926072c (type: security_groups) to 1
May 21 23:25:45.449877 np0000176094 devstack@neutron-api.service[103121]: INFO neutron.db.ovn_revision_numbers_db [None req-f1ef32c8-c4d7-4338-9b67-509d8188d30c admin admin] Successfully bumped revision number for resource 4e908148-5cb9-4475-8a0a-5abc6e5b34d1 (type: security_group_rules) to 0
May 21 23:25:45.461061 np0000176094 devstack@neutron-api.service[103121]: INFO neutron.db.ovn_revision_numbers_db [None req-f1ef32c8-c4d7-4338-9b67-509d8188d30c admin admin] Successfully bumped revision number for resource 5e192aca-3687-425b-954a-c2d60d827f3c (type: security_group_rules) to 0
May 21 23:25:45.475299 np0000176094 devstack@neutron-api.service[103121]: INFO neutron.db.ovn_revision_numbers_db [None req-f1ef32c8-c4d7-4338-9b67-509d8188d30c admin admin] Successfully bumped revision number for resource 8e066518-8fbd-4747-9496-109ac585f383 (type: security_group_rules) to 0
May 21 23:25:45.484846 np0000176094 devstack@neutron-api.service[103121]: INFO neutron.db.ovn_revision_numbers_db [None req-f1ef32c8-c4d7-4338-9b67-509d8188d30c admin admin] Successfully bumped revision number for resource eb2915cb-051b-494a-b491-c86d9d43b810 (type: security_group_rules) to 0
May 21 23:25:45.507225 np0000176094 devstack@neutron-api.service[103121]: DEBUG neutron.api.rpc.handlers.resources_rpc [None req-f1ef32c8-c4d7-4338-9b67-509d8188d30c admin admin] Pushing event updated for resources: {'SecurityGroup': ['ID=8644ec76-ebba-4a83-be1b-645df926072c,revision_number=1']} {{(pid=103121) push /opt/stack/neutron/neutron/api/rpc/handlers/resources_rpc.py:237}}
May 21 23:25:45.513638 np0000176094 devstack@neutron-api.service[103121]: DEBUG ovsdbapp.backend.ovs_idl.transaction [-] Running txn n=1 command(idx=0): CheckLivenessCommand(_result=None) {{(pid=103121) do_commit /opt/stack/data/venv/lib/python3.12/site-packages/ovsdbapp/backend/ovs_idl/transaction.py:89}}
May 21 23:25:45.516305 np0000176094 devstack@neutron-api.service[103121]: DEBUG neutron.plugins.ml2.drivers.ovn.mech_driver.ovsdb.ovsdb_monitor [-] Hash Ring: Node 95a8a81e53e95496bca0e9f1d3973349 (host: np0000176094) handling event "update" for row a529159b-4fa0-49ac-a1d6-647f11ae3e97 (table: NB_Global) {{(pid=103121) notify /opt/stack/neutron/neutron/plugins/ml2/drivers/ovn/mech_driver/ovsdb/ovsdb_monitor.py:986}}
May 21 23:25:45.518622 np0000176094 devstack@neutron-api.service[103118]: DEBUG neutron.plugins.ml2.drivers.ovn.mech_driver.ovsdb.ovsdb_monitor [-] Hash Ring: Node bad492912acd51a2982a35c3f1a6fd67 (host: np0000176094) handling event "update" for row a529159b-4fa0-49ac-a1d6-647f11ae3e97 (table: NB_Global) {{(pid=103118) notify /opt/stack/neutron/neutron/plugins/ml2/drivers/ovn/mech_driver/ovsdb/ovsdb_monitor.py:986}}
May 21 23:25:45.519539 np0000176094 devstack@neutron-api.service[103121]: DEBUG neutron.api.rpc.callbacks.version_manager [None req-f1ef32c8-c4d7-4338-9b67-509d8188d30c admin admin] Tracked resource versions report:
May 21 23:25:45.519539 np0000176094 devstack@neutron-api.service[103121]: pushed versions:
May 21 23:25:45.519539 np0000176094 devstack@neutron-api.service[103121]: { 'AddressGroup': {'1.2'},
May 21 23:25:45.519539 np0000176094 devstack@neutron-api.service[103121]: 'Agent': {'1.1'},
May 21 23:25:45.519539 np0000176094 devstack@neutron-api.service[103121]: 'ConntrackHelper': {'1.0'},
May 21 23:25:45.519539 np0000176094 devstack@neutron-api.service[103121]: 'LocalIPAssociation': {'1.0'},
May 21 23:25:45.519539 np0000176094 devstack@neutron-api.service[103121]: 'Log': {'1.0'},
May 21 23:25:45.519539 np0000176094 devstack@neutron-api.service[103121]: 'NDPProxy': {'1.0'},
May 21 23:25:45.519539 np0000176094 devstack@neutron-api.service[103121]: 'Network': {'1.2'},
May 21 23:25:45.519539 np0000176094 devstack@neutron-api.service[103121]: 'Port': {'1.10'},
May 21 23:25:45.519539 np0000176094 devstack@neutron-api.service[103121]: 'PortForwarding': {'1.3'},
May 21 23:25:45.519539 np0000176094 devstack@neutron-api.service[103121]: 'QosPolicy': {'1.10'},
May 21 23:25:45.519539 np0000176094 devstack@neutron-api.service[103121]: 'SecurityGroup': {'1.6'},
May 21 23:25:45.519539 np0000176094 devstack@neutron-api.service[103121]: 'SecurityGroupRule': {'1.3'},
May 21 23:25:45.519539 np0000176094 devstack@neutron-api.service[103121]: 'SubPort': {'1.0'},
May 21 23:25:45.519539 np0000176094 devstack@neutron-api.service[103121]: 'Subnet': {'1.2'},
May 21 23:25:45.519539 np0000176094 devstack@neutron-api.service[103121]: 'Trunk': {'1.1'}}
May 21 23:25:45.519539 np0000176094 devstack@neutron-api.service[103121]: consumer versions:
May 21 23:25:45.519539 np0000176094 devstack@neutron-api.service[103121]: {}
May 21 23:25:45.519539 np0000176094 devstack@neutron-api.service[103121]: {{(pid=103121) report /opt/stack/neutron/neutron/api/rpc/callbacks/version_manager.py:183}}
May 21 23:25:45.521724 np0000176094 devstack@neutron-api.service[103118]: DEBUG neutron.plugins.ml2.drivers.ovn.mech_driver.ovsdb.ovsdb_monitor [-] Hash Ring: Node bad492912acd51a2982a35c3f1a6fd67 (host: np0000176094) handling event "update" for row a529159b-4fa0-49ac-a1d6-647f11ae3e97 (table: NB_Global) {{(pid=103118) notify /opt/stack/neutron/neutron/plugins/ml2/drivers/ovn/mech_driver/ovsdb/ovsdb_monitor.py:986}}
May 21 23:25:45.523727 np0000176094 devstack@neutron-api.service[103118]: DEBUG neutron.plugins.ml2.drivers.ovn.mech_driver.ovsdb.ovsdb_monitor [-] ChassisAgentWriteEvent : Matched Chassis_Private, update, None None {{(pid=103118) matches /opt/stack/neutron/neutron/plugins/ml2/drivers/ovn/mech_driver/ovsdb/ovsdb_monitor.py:64}}
May 21 23:25:45.524175 np0000176094 devstack@neutron-api.service[103120]: DEBUG neutron.plugins.ml2.drivers.ovn.mech_driver.ovsdb.ovsdb_monitor [-] ChassisAgentWriteEvent : Matched Chassis_Private, update, None None {{(pid=103120) matches /opt/stack/neutron/neutron/plugins/ml2/drivers/ovn/mech_driver/ovsdb/ovsdb_monitor.py:64}}
May 21 23:25:45.524400 np0000176094 devstack@neutron-api.service[103119]: DEBUG neutron.plugins.ml2.drivers.ovn.mech_driver.ovsdb.ovsdb_monitor [-] ChassisAgentWriteEvent : Matched Chassis_Private, update, None None {{(pid=103119) matches /opt/stack/neutron/neutron/plugins/ml2/drivers/ovn/mech_driver/ovsdb/ovsdb_monitor.py:64}}
May 21 23:25:45.524514 np0000176094 devstack@neutron-api.service[103118]: DEBUG neutron.plugins.ml2.drivers.ovn.mech_driver.ovsdb.ovsdb_monitor [-] Hash Ring: Node bad492912acd51a2982a35c3f1a6fd67 (host: np0000176094) handling event "update" for row a529159b-4fa0-49ac-a1d6-647f11ae3e97 (table: NB_Global) {{(pid=103118) notify /opt/stack/neutron/neutron/plugins/ml2/drivers/ovn/mech_driver/ovsdb/ovsdb_monitor.py:986}}
May 21 23:25:45.524607 np0000176094 devstack@neutron-api.service[103119]: DEBUG neutron.plugins.ml2.drivers.ovn.mech_driver.ovsdb.ovsdb_monitor [-] Hash Ring: Node ba7bd9a5ac005d81a021bdce86951fc9 (host: np0000176094) handling event "update" for row 6c28226d-d2a9-4f9f-a8a3-ec2fe1178701 (table: Chassis_Private) {{(pid=103119) notify /opt/stack/neutron/neutron/plugins/ml2/drivers/ovn/mech_driver/ovsdb/ovsdb_monitor.py:986}}
May 21 23:25:45.524729 np0000176094 devstack@neutron-api.service[103118]: DEBUG neutron.plugins.ml2.drivers.ovn.mech_driver.ovsdb.ovsdb_monitor [-] Hash Ring: Node bad492912acd51a2982a35c3f1a6fd67 (host: np0000176094) handling event "update" for row a529159b-4fa0-49ac-a1d6-647f11ae3e97 (table: NB_Global) {{(pid=103118) notify /opt/stack/neutron/neutron/plugins/ml2/drivers/ovn/mech_driver/ovsdb/ovsdb_monitor.py:986}}
May 21 23:25:45.529796 np0000176094 devstack@neutron-api.service[103121]: DEBUG neutron.plugins.ml2.drivers.ovn.mech_driver.ovsdb.ovsdb_monitor [-] ChassisAgentWriteEvent : Matched Chassis_Private, update, None None {{(pid=103121) matches /opt/stack/neutron/neutron/plugins/ml2/drivers/ovn/mech_driver/ovsdb/ovsdb_monitor.py:64}}
May 21 23:25:45.530343 np0000176094 devstack@neutron-api.service[103118]: DEBUG neutron.plugins.ml2.drivers.ovn.mech_driver.ovsdb.ovsdb_monitor [-] ChassisOVNAgentWriteEvent : Matched Chassis_Private, update, None None {{(pid=103118) matches /opt/stack/neutron/neutron/plugins/ml2/drivers/ovn/mech_driver/ovsdb/ovsdb_monitor.py:64}}
May 21 23:25:45.530896 np0000176094 devstack@neutron-api.service[103119]: DEBUG neutron.plugins.ml2.drivers.ovn.mech_driver.ovsdb.ovsdb_monitor [-] ChassisOVNAgentWriteEvent : Matched Chassis_Private, update, None None {{(pid=103119) matches /opt/stack/neutron/neutron/plugins/ml2/drivers/ovn/mech_driver/ovsdb/ovsdb_monitor.py:64}}
May 21 23:25:45.531121 np0000176094 devstack@neutron-api.service[103119]: DEBUG neutron.plugins.ml2.drivers.ovn.mech_driver.ovsdb.ovsdb_monitor [-] Hash Ring: Node ba7bd9a5ac005d81a021bdce86951fc9 (host: np0000176094) handling event "update" for row 6c28226d-d2a9-4f9f-a8a3-ec2fe1178701 (table: Chassis_Private) {{(pid=103119) notify /opt/stack/neutron/neutron/plugins/ml2/drivers/ovn/mech_driver/ovsdb/ovsdb_monitor.py:986}}
May 21 23:25:45.531693 np0000176094 devstack@neutron-api.service[103120]: DEBUG neutron.plugins.ml2.drivers.ovn.mech_driver.ovsdb.ovsdb_monitor [-] ChassisOVNAgentWriteEvent : Matched Chassis_Private, update, None None {{(pid=103120) matches /opt/stack/neutron/neutron/plugins/ml2/drivers/ovn/mech_driver/ovsdb/ovsdb_monitor.py:64}}
May 21 23:25:45.535251 np0000176094 devstack@neutron-api.service[103121]: DEBUG neutron.plugins.ml2.drivers.ovn.mech_driver.ovsdb.ovsdb_monitor [-] Hash Ring: Node 95a8a81e53e95496bca0e9f1d3973349 (host: np0000176094) handling event "update" for row a529159b-4fa0-49ac-a1d6-647f11ae3e97 (table: NB_Global) {{(pid=103121) notify /opt/stack/neutron/neutron/plugins/ml2/drivers/ovn/mech_driver/ovsdb/ovsdb_monitor.py:986}}
May 21 23:25:45.537604 np0000176094 devstack@neutron-api.service[103121]: DEBUG neutron.plugins.ml2.drivers.ovn.mech_driver.ovsdb.ovsdb_monitor [-] Hash Ring: Node 95a8a81e53e95496bca0e9f1d3973349 (host: np0000176094) handling event "update" for row a529159b-4fa0-49ac-a1d6-647f11ae3e97 (table: NB_Global) {{(pid=103121) notify /opt/stack/neutron/neutron/plugins/ml2/drivers/ovn/mech_driver/ovsdb/ovsdb_monitor.py:986}}
May 21 23:25:45.540577 np0000176094 devstack@neutron-api.service[103121]: DEBUG neutron.plugins.ml2.drivers.ovn.mech_driver.ovsdb.ovsdb_monitor [-] Hash Ring: Node 95a8a81e53e95496bca0e9f1d3973349 (host: np0000176094) handling event "update" for row a529159b-4fa0-49ac-a1d6-647f11ae3e97 (table: NB_Global) {{(pid=103121) notify /opt/stack/neutron/neutron/plugins/ml2/drivers/ovn/mech_driver/ovsdb/ovsdb_monitor.py:986}}
May 21 23:25:45.542352 np0000176094 devstack@neutron-api.service[103121]: DEBUG neutron.common.ovn.hash_ring_manager [-] Allow caching, nodes 4>=4 {{(pid=103121) _wait_startup_before_caching /opt/stack/neutron/neutron/common/ovn/hash_ring_manager.py:65}}
May 21 23:25:45.542744 np0000176094 devstack@neutron-api.service[103121]: DEBUG neutron.plugins.ml2.drivers.ovn.mech_driver.ovsdb.ovsdb_monitor [-] Hash Ring: Node 95a8a81e53e95496bca0e9f1d3973349 (host: np0000176094) handling event "update" for row 6c28226d-d2a9-4f9f-a8a3-ec2fe1178701 (table: Chassis_Private) {{(pid=103121) notify /opt/stack/neutron/neutron/plugins/ml2/drivers/ovn/mech_driver/ovsdb/ovsdb_monitor.py:986}}
May 21 23:25:45.546741 np0000176094 devstack@neutron-api.service[103121]: DEBUG neutron.plugins.ml2.drivers.ovn.mech_driver.ovsdb.ovsdb_monitor [-] ChassisOVNAgentWriteEvent : Matched Chassis_Private, update, None None {{(pid=103121) matches /opt/stack/neutron/neutron/plugins/ml2/drivers/ovn/mech_driver/ovsdb/ovsdb_monitor.py:64}}
May 21 23:25:45.547563 np0000176094 devstack@neutron-api.service[103121]: DEBUG neutron.plugins.ml2.drivers.ovn.mech_driver.ovsdb.ovsdb_monitor [-] Hash Ring: Node 95a8a81e53e95496bca0e9f1d3973349 (host: np0000176094) handling event "update" for row 6c28226d-d2a9-4f9f-a8a3-ec2fe1178701 (table: Chassis_Private) {{(pid=103121) notify /opt/stack/neutron/neutron/plugins/ml2/drivers/ovn/mech_driver/ovsdb/ovsdb_monitor.py:986}}
May 21 23:25:45.600944 np0000176094 devstack@neutron-api.service[103121]: DEBUG neutron.plugins.ml2.drivers.helpers [None req-f1ef32c8-c4d7-4338-9b67-509d8188d30c admin admin] geneve segment allocate from pool success with {'geneve_vni': 61573} {{(pid=103121) allocate_partially_specified_segment /opt/stack/neutron/neutron/plugins/ml2/drivers/helpers.py:142}}
May 21 23:25:45.617306 np0000176094 devstack@neutron-api.service[103121]: DEBUG neutron_lib.callbacks.manager [None req-f1ef32c8-c4d7-4338-9b67-509d8188d30c admin admin] Publish callbacks ['neutron.services.segments.db._add_segment_host_mapping_for_segment-8595573080588', 'neutron.plugins.ml2.plugin.Ml2Plugin._handle_segment_change-2180031'] for segment (b3ce4bce-644d-43d3-9f71-2057523e0fbc), precommit_create {{(pid=103121) _notify_loop /opt/stack/data/venv/lib/python3.12/site-packages/neutron_lib/callbacks/manager.py:184}}
May 21 23:25:45.617520 np0000176094 devstack@neutron-api.service[103121]: INFO neutron.db.segments_db [None req-f1ef32c8-c4d7-4338-9b67-509d8188d30c admin admin] Added segment b3ce4bce-644d-43d3-9f71-2057523e0fbc of type geneve for network d78d445a-91c5-437c-b595-99362622b487
May 21 23:25:45.669954 np0000176094 devstack@neutron-api.service[103121]: DEBUG neutron_lib.callbacks.manager [None req-f1ef32c8-c4d7-4338-9b67-509d8188d30c admin admin] Publish callbacks ['neutron.services.auto_allocate.db._ensure_external_network_default_value_callback-8595572417840'] for network (d78d445a-91c5-437c-b595-99362622b487), precommit_create {{(pid=103121) _notify_loop /opt/stack/data/venv/lib/python3.12/site-packages/neutron_lib/callbacks/manager.py:184}}
May 21 23:25:45.684092 np0000176094 devstack@neutron-api.service[103121]: DEBUG neutron.plugins.ml2.drivers.ovn.mech_driver.mech_driver [None req-f1ef32c8-c4d7-4338-9b67-509d8188d30c admin admin] Validating network segment with type geneve, segmentation ID 61573, physical network None {{(pid=103121) _validate_network_segments /opt/stack/neutron/neutron/plugins/ml2/drivers/ovn/mech_driver/mech_driver.py:641}}
May 21 23:25:45.684200 np0000176094 devstack@neutron-api.service[103121]: DEBUG neutron.db.ovn_revision_numbers_db [None req-f1ef32c8-c4d7-4338-9b67-509d8188d30c admin admin] create_initial_revision uuid=d78d445a-91c5-437c-b595-99362622b487, type=networks, rev=-1 {{(pid=103121) create_initial_revision /opt/stack/neutron/neutron/db/ovn_revision_numbers_db.py:98}}
May 21 23:25:45.697183 np0000176094 devstack@neutron-api.service[103121]: DEBUG neutron_lib.callbacks.manager [None req-f1ef32c8-c4d7-4338-9b67-509d8188d30c admin admin] Publish callbacks ['neutron.plugins.ml2.ovo_rpc._ObjectChangeHandler.handle_event-1474672'] for network (d78d445a-91c5-437c-b595-99362622b487), after_create {{(pid=103121) _notify_loop /opt/stack/data/venv/lib/python3.12/site-packages/neutron_lib/callbacks/manager.py:184}}
