2026-05-27 21:07:20.894 8 INFO neutron.db.ovn_revision_numbers_db [None req-ce5417e1-111b-408e-89f7-55e06bbe00bb 3b8545ce1d1e4d0d8b959451c1c5cf7c d52aba763c754138aa5039081443b206 - - default default] Successfully bumped revision number for resource 39c51d05-c739-4ec3-9c8a-64f5a9c6d2ed (type: networks) to 1
2026-05-27 21:07:21.078 8 WARNING neutron.scheduler.dhcp_agent_scheduler [None req-ce5417e1-111b-408e-89f7-55e06bbe00bb 3b8545ce1d1e4d0d8b959451c1c5cf7c d52aba763c754138aa5039081443b206 - - default default] No more DHCP agents
2026-05-27 21:07:21.079 8 WARNING neutron.api.rpc.agentnotifiers.dhcp_rpc_agent_api [None req-ce5417e1-111b-408e-89f7-55e06bbe00bb 3b8545ce1d1e4d0d8b959451c1c5cf7c d52aba763c754138aa5039081443b206 - - default default] Unable to schedule network 39c51d05-c739-4ec3-9c8a-64f5a9c6d2ed: no agents available; will retry on subsequent port and subnet creation events.
2026-05-27 21:07:21.146 8 INFO neutron.plugins.ml2.drivers.ovn.mech_driver.mech_driver [None req-42a0e215-0129-4a4f-9d2d-7141a09cfee8 - - - - - -] OVN reports status down for port: c34f93ca-3220-4f38-85d2-f02bc952317d
2026-05-27 21:07:21.205 8 INFO neutron.db.ovn_revision_numbers_db [None req-ce5417e1-111b-408e-89f7-55e06bbe00bb 3b8545ce1d1e4d0d8b959451c1c5cf7c d52aba763c754138aa5039081443b206 - - default default] Successfully bumped revision number for resource c34f93ca-3220-4f38-85d2-f02bc952317d (type: ports) to 1 [pid: 8|app: 0|req: 534/1028] 10.0.0.40 () {34 vars in 669 bytes} [Wed May 27 21:07:19 2026] POST /v2.0/networks => generated 1246 bytes in 1715 msecs (HTTP/1.1 201) 4 headers in 163 bytes (1 switches on core 0)
2026-05-27 21:07:21.411 7 INFO neutron.db.ovn_revision_numbers_db [None req-53c80618-08ee-4d9e-a387-99b1fee39458 - - - - - -] Successfully bumped revision number for resource 9b4380b3-1571-4507-8388-2de568c8b1d7 (type: ports) to 2
2026-05-27 21:07:21.472 7 INFO neutron.db.ovn_revision_numbers_db [None req-53c80618-08ee-4d9e-a387-99b1fee39458 - - - - - -] Successfully bumped revision number for resource 0d7f8686-c866-48f4-88c7-e9a8fef682dd (type: subnets) to 0 [pid: 7|app: 0|req: 495/1029] 10.0.0.40 () {34 vars in 668 bytes} [Wed May 27 21:07:20 2026] POST /v2.0/subnets => generated 626 bytes in 1262 msecs (HTTP/1.1 201) 4 headers in 162 bytes (1 switches on core 0) [pid: 7|app: 0|req: 496/1030] 10.0.0.40 () {32 vars in 648 bytes} [Wed May 27 21:07:21 2026] GET /v2.0/networks => generated 1857 bytes in 66 msecs (HTTP/1.1 200) 4 headers in 158 bytes (1 switches on core 0)
2026-05-27 21:07:21.655 8 INFO neutron.db.ovn_revision_numbers_db [None req-16668f26-e69b-477b-a193-2b0ac9a9603b d3058759628446bb95568a54e3aea350 ae010fab96754111814512692deded10 - - default default] Successfully bumped revision number for resource 6d9a1b5a-a814-4639-a2db-c76ce19abc36 (type: security_groups) to 1
2026-05-27 21:07:21.672 8 INFO neutron.db.ovn_revision_numbers_db [None req-16668f26-e69b-477b-a193-2b0ac9a9603b d3058759628446bb95568a54e3aea350 ae010fab96754111814512692deded10 - - default default] Successfully bumped revision number for resource 6118cccb-eb38-4c51-a3e5-bc311c5e2e77 (type: security_group_rules) to 0
2026-05-27 21:07:21.738 8 INFO neutron.db.ovn_revision_numbers_db [None req-16668f26-e69b-477b-a193-2b0ac9a9603b d3058759628446bb95568a54e3aea350 ae010fab96754111814512692deded10 - - default default] Successfully bumped revision number for resource 615a8634-0999-471a-b1ae-3f3bb2cb72b4 (type: security_group_rules) to 0
2026-05-27 21:07:21.757 7 INFO neutron.db.ovn_revision_numbers_db [None req-60a7896f-674f-4be0-a395-7b99783522e6 1c652b378ba04ffdb3eb72c76c83a432 f20fdfe1597e46999e03d1a9e5d9a3e9 - - default default] Successfully bumped revision number for resource 34cd0d83-65d1-4b02-8d05-e7da04f556c8 (type: routers) to 1
2026-05-27 21:07:21.790 8 INFO neutron.db.ovn_revision_numbers_db [None req-16668f26-e69b-477b-a193-2b0ac9a9603b d3058759628446bb95568a54e3aea350 ae010fab96754111814512692deded10 - - default default] Successfully bumped revision number for resource 6d9cbb29-ac4f-4b13-bd77-f53a6f405cad (type: security_group_rules) to 0 [pid: 7|app: 0|req: 497/1031] 10.0.0.40 () {34 vars in 668 bytes} [Wed May 27 21:07:21 2026] POST /v2.0/routers => generated 602 bytes in 254 msecs (HTTP/1.1 201) 4 headers in 162 bytes (1 switches on core 0)
2026-05-27 21:07:21.839 8 INFO neutron.db.ovn_revision_numbers_db [None req-16668f26-e69b-477b-a193-2b0ac9a9603b d3058759628446bb95568a54e3aea350 ae010fab96754111814512692deded10 - - default default] Successfully bumped revision number for resource 9610775a-ed92-4d26-93cb-a0b2681e0272 (type: security_group_rules) to 0
2026-05-27 21:07:21.916 8 INFO neutron.db.segments_db [None req-16668f26-e69b-477b-a193-2b0ac9a9603b d3058759628446bb95568a54e3aea350 ae010fab96754111814512692deded10 - - default default] Added segment f0c0e4bb-ad5f-4ee1-9d90-baaeb4e224a3 of type geneve for network c2dff98e-a92d-44f3-a852-62541e2026fe
2026-05-27 21:07:21.936 7 INFO neutron_taas.services.taas.taas_plugin [None req-20e9ebdc-7133-4429-ae5d-3bde65fbd00e 3b8545ce1d1e4d0d8b959451c1c5cf7c d52aba763c754138aa5039081443b206 - - default default] TaaS: Handle Delete Port: 0d5fc551-7e47-40e3-9c9f-2ea3aed8f86c
2026-05-27 21:07:21.939 7 INFO neutron_taas.services.taas.tap_mirror_plugin [None req-20e9ebdc-7133-4429-ae5d-3bde65fbd00e 3b8545ce1d1e4d0d8b959451c1c5cf7c d52aba763c754138aa5039081443b206 - - default default] Tap Mirror: Handle Delete Port: 0d5fc551-7e47-40e3-9c9f-2ea3aed8f86c
2026-05-27 21:07:22.069 8 INFO neutron.db.ovn_revision_numbers_db [None req-16668f26-e69b-477b-a193-2b0ac9a9603b d3058759628446bb95568a54e3aea350 ae010fab96754111814512692deded10 - - default default] Successfully bumped revision number for resource c2dff98e-a92d-44f3-a852-62541e2026fe (type: networks) to 1
2026-05-27 21:07:22.177 7 INFO neutron.services.segments.plugin [-] Segment dab7feea-9b69-477a-b9b4-1ca354c488ca resource provider aggregate not found
2026-05-27 21:07:22.177 7 INFO neutron.services.segments.plugin [-] Segment dab7feea-9b69-477a-b9b4-1ca354c488ca resource provider aggregate not found
2026-05-27 21:07:22.195 7 INFO neutron.services.segments.plugin [-] Segment dab7feea-9b69-477a-b9b4-1ca354c488ca resource provider not found; error: Placement Client Error (4xx): {"errors": [{"status": 404, "title": "Not Found", "detail": "The resource could not be found.\n\n No resource provider with uuid dab7feea-9b69-477a-b9b4-1ca354c488ca found for delete ", "request_id": "req-58522179-4769-4cca-9bc1-884e9490a649"}]}
2026-05-27 21:07:22.198 7 INFO neutron.services.segments.plugin [-] Segment dab7feea-9b69-477a-b9b4-1ca354c488ca resource provider not found; error: Placement Client Error (4xx): {"errors": [{"status": 404, "title": "Not Found", "detail": "The resource could not be found.\n\n No resource provider with uuid dab7feea-9b69-477a-b9b4-1ca354c488ca found for delete ", "request_id": "req-4abf14c0-59ab-4621-844f-333ca5457db1"}]} [pid: 7|app: 0|req: 498/1032] 10.0.0.40 () {32 vars in 725 bytes} [Wed May 27 21:07:21 2026] DELETE /v2.0/networks/4eae234b-bd5d-4d93-9208-a7e0896c9389 => generated 0 bytes in 459 msecs (HTTP/1.1 204) 3 headers in 131 bytes (1 switches on core 0)
2026-05-27 21:07:22.279 8 WARNING neutron.scheduler.dhcp_agent_scheduler [None req-16668f26-e69b-477b-a193-2b0ac9a9603b d3058759628446bb95568a54e3aea350 ae010fab96754111814512692deded10 - - default default] No more DHCP agents
2026-05-27 21:07:22.281 8 WARNING neutron.api.rpc.agentnotifiers.dhcp_rpc_agent_api [None req-16668f26-e69b-477b-a193-2b0ac9a9603b d3058759628446bb95568a54e3aea350 ae010fab96754111814512692deded10 - - default default] Unable to schedule network c2dff98e-a92d-44f3-a852-62541e2026fe: no agents available; will retry on subsequent port and subnet creation events.
2026-05-27 21:07:22.376 8 INFO neutron.plugins.ml2.drivers.ovn.mech_driver.mech_driver [None req-42a0e215-0129-4a4f-9d2d-7141a09cfee8 - - - - - -] OVN reports status down for port: 1d4c1ff9-2622-43e8-bfca-3e7def373804
2026-05-27 21:07:22.451 8 INFO neutron.db.ovn_revision_numbers_db [None req-16668f26-e69b-477b-a193-2b0ac9a9603b d3058759628446bb95568a54e3aea350 ae010fab96754111814512692deded10 - - default default] Successfully bumped revision number for resource 1d4c1ff9-2622-43e8-bfca-3e7def373804 (type: ports) to 1 [pid: 8|app: 0|req: 535/1033] 10.0.0.40 () {34 vars in 670 bytes} [Wed May 27 21:07:21 2026] POST /v2.0/networks => generated 747 bytes in 1231 msecs (HTTP/1.1 201) 4 headers in 162 bytes (1 switches on core 0)
2026-05-27 21:07:22.614 8 INFO neutron_taas.services.taas.taas_plugin [None req-3085be2d-1945-42d7-923c-c45e3317646a 3b8545ce1d1e4d0d8b959451c1c5cf7c d52aba763c754138aa5039081443b206 - - default default] TaaS: Handle Delete Port: c34f93ca-3220-4f38-85d2-f02bc952317d
2026-05-27 21:07:22.617 8 INFO neutron_taas.services.taas.tap_mirror_plugin [None req-3085be2d-1945-42d7-923c-c45e3317646a 3b8545ce1d1e4d0d8b959451c1c5cf7c d52aba763c754138aa5039081443b206 - - default default] Tap Mirror: Handle Delete Port: c34f93ca-3220-4f38-85d2-f02bc952317d
2026-05-27 21:07:22.792 7 WARNING neutron.scheduler.dhcp_agent_scheduler [None req-1c7b4330-d167-4167-8137-f238660964b8 1c652b378ba04ffdb3eb72c76c83a432 f20fdfe1597e46999e03d1a9e5d9a3e9 - - default default] No more DHCP agents
2026-05-27 21:07:22.793 7 WARNING neutron.api.rpc.agentnotifiers.dhcp_rpc_agent_api [None req-1c7b4330-d167-4167-8137-f238660964b8 1c652b378ba04ffdb3eb72c76c83a432 f20fdfe1597e46999e03d1a9e5d9a3e9 - - default default] Unable to schedule network 4fe63e29-25f8-41fa-9cfe-b019a6b13dbf: no agents available; will retry on subsequent port and subnet creation events.
2026-05-27 21:07:22.859 8 INFO neutron.services.segments.plugin [-] Segment fbd962af-2e59-466e-baf5-0de53d717e50 resource provider aggregate not found
2026-05-27 21:07:22.864 8 INFO neutron.services.segments.plugin [-] Segment fbd962af-2e59-466e-baf5-0de53d717e50 resource provider aggregate not found
2026-05-27 21:07:22.873 8 INFO neutron.services.segments.plugin [-] Segment fbd962af-2e59-466e-baf5-0de53d717e50 resource provider not found; error: Placement Client Error (4xx): {"errors": [{"status": 404, "title": "Not Found", "detail": "The resource could not be found.\n\n No resource provider with uuid fbd962af-2e59-466e-baf5-0de53d717e50 found for delete ", "request_id": "req-28b74502-92c8-42ec-8e96-6e3f73f94e5a"}]}
2026-05-27 21:07:22.889 8 INFO neutron.services.segments.plugin [-] Segment fbd962af-2e59-466e-baf5-0de53d717e50 resource provider not found; error: Placement Client Error (4xx): {"errors": [{"status": 404, "title": "Not Found", "detail": "The resource could not be found.\n\n No resource provider with uuid fbd962af-2e59-466e-baf5-0de53d717e50 found for delete ", "request_id": "req-674584ed-0ec3-4dfe-abc7-b02dcbc9f725"}]}
2026-05-27 21:07:22.916 8 INFO neutron.plugins.ml2.drivers.ovn.mech_driver.mech_driver [None req-42a0e215-0129-4a4f-9d2d-7141a09cfee8 - - - - - -] OVN reports status down for port: 6070a411-4465-4604-a0b9-4cd01684dd39
2026-05-27 21:07:22.988 7 INFO neutron.db.ovn_revision_numbers_db [None req-1c7b4330-d167-4167-8137-f238660964b8 1c652b378ba04ffdb3eb72c76c83a432 f20fdfe1597e46999e03d1a9e5d9a3e9 - - default default] Successfully bumped revision number for resource 6070a411-4465-4604-a0b9-4cd01684dd39 (type: ports) to 1 [pid: 8|app: 0|req: 536/1034] 10.0.0.40 () {32 vars in 725 bytes} [Wed May 27 21:07:22 2026] DELETE /v2.0/networks/39c51d05-c739-4ec3-9c8a-64f5a9c6d2ed => generated 0 bytes in 555 msecs (HTTP/1.1 204) 3 headers in 131 bytes (1 switches on core 0)
2026-05-27 21:07:23.279 8 WARNING neutron.scheduler.dhcp_agent_scheduler [None req-87fc1324-7099-4465-95be-b02c36ec693e d3058759628446bb95568a54e3aea350 ae010fab96754111814512692deded10 - - default default] No more DHCP agents
2026-05-27 21:07:23.280 8 WARNING neutron.api.rpc.agentnotifiers.dhcp_rpc_agent_api [None req-87fc1324-7099-4465-95be-b02c36ec693e d3058759628446bb95568a54e3aea350 ae010fab96754111814512692deded10 - - default default] Unable to schedule network c2dff98e-a92d-44f3-a852-62541e2026fe: no agents available; will retry on subsequent port and subnet creation events.
2026-05-27 21:07:23.785 8 INFO neutron.plugins.ml2.drivers.ovn.mech_driver.mech_driver [None req-42a0e215-0129-4a4f-9d2d-7141a09cfee8 - - - - - -] OVN reports status up for port: 6070a411-4465-4604-a0b9-4cd01684dd39
2026-05-27 21:07:23.869 8 INFO neutron.plugins.ml2.plugin [None req-42a0e215-0129-4a4f-9d2d-7141a09cfee8 - - - - - -] Attempt 1 to provision port 6070a411-4465-4604-a0b9-4cd01684dd39
2026-05-27 21:07:23.878 7 WARNING neutron.scheduler.dhcp_agent_scheduler [None req-1c7b4330-d167-4167-8137-f238660964b8 1c652b378ba04ffdb3eb72c76c83a432 f20fdfe1597e46999e03d1a9e5d9a3e9 - - default default] No more DHCP agents
2026-05-27 21:07:23.879 7 WARNING neutron.api.rpc.agentnotifiers.dhcp_rpc_agent_api [None req-1c7b4330-d167-4167-8137-f238660964b8 1c652b378ba04ffdb3eb72c76c83a432 f20fdfe1597e46999e03d1a9e5d9a3e9 - - default default] Unable to schedule network 4fe63e29-25f8-41fa-9cfe-b019a6b13dbf: no agents available; will retry on subsequent port and subnet creation events.
2026-05-27 21:07:23.881 8 INFO neutron.db.ovn_revision_numbers_db [None req-3ff7fa40-051a-4770-8c99-4423954fc042 - - - - - -] Successfully bumped revision number for resource 1d4c1ff9-2622-43e8-bfca-3e7def373804 (type: ports) to 2
2026-05-27 21:07:23.963 8 INFO neutron.db.ovn_revision_numbers_db [None req-3ff7fa40-051a-4770-8c99-4423954fc042 - - - - - -] Successfully bumped revision number for resource f5a5d277-62f6-4473-b7f7-4e69aba9dc6a (type: subnets) to 0 [pid: 8|app: 0|req: 537/1035] 10.0.0.40 () {34 vars in 668 bytes} [Wed May 27 21:07:23 2026] POST /v2.0/subnets => generated 691 bytes in 958 msecs (HTTP/1.1 201) 4 headers in 162 bytes (1 switches on core 0)
2026-05-27 21:07:24.181 7 INFO neutron.db.ovn_revision_numbers_db [None req-1c7b4330-d167-4167-8137-f238660964b8 1c652b378ba04ffdb3eb72c76c83a432 f20fdfe1597e46999e03d1a9e5d9a3e9 - - default default] Successfully bumped revision number for resource 6070a411-4465-4604-a0b9-4cd01684dd39 (type: router_ports) to 1 [pid: 7|app: 0|req: 499/1036] 10.0.0.40 () {34 vars in 782 bytes} [Wed May 27 21:07:22 2026] PUT /v2.0/routers/34cd0d83-65d1-4b02-8d05-e7da04f556c8/add_router_interface => generated 309 bytes in 1914 msecs (HTTP/1.1 200) 4 headers in 157 bytes (1 switches on core 0) [pid: 8|app: 0|req: 538/1037] 10.0.0.40 () {32 vars in 648 bytes} [Wed May 27 21:07:24 2026] GET /v2.0/networks => generated 651 bytes in 184 msecs (HTTP/1.1 200) 4 headers in 157 bytes (1 switches on core 0) [pid: 8|app: 0|req: 539/1038] 10.0.0.40 () {32 vars in 716 bytes} [Wed May 27 21:07:24 2026] GET /v2.0/ports/6070a411-4465-4604-a0b9-4cd01684dd39 => generated 943 bytes in 119 msecs (HTTP/1.1 200) 4 headers in 157 bytes (1 switches on core 0)
2026-05-27 21:07:24.482 8 INFO neutron.db.segments_db [None req-357893f9-1787-4337-a7bd-c33358d29791 3b8545ce1d1e4d0d8b959451c1c5cf7c d52aba763c754138aa5039081443b206 - - default default] Added segment 8768acbd-10d3-48a7-b160-5e84ac38a37f of type geneve for network 62ae5a8d-1b90-49dc-a247-93fa7ba42758
2026-05-27 21:07:24.616 8 INFO neutron.db.ovn_revision_numbers_db [None req-42a0e215-0129-4a4f-9d2d-7141a09cfee8 - - - - - -] Successfully bumped revision number for resource 6070a411-4465-4604-a0b9-4cd01684dd39 (type: ports) to 2
2026-05-27 21:07:25.006 8 INFO neutron.db.ovn_revision_numbers_db [None req-357893f9-1787-4337-a7bd-c33358d29791 3b8545ce1d1e4d0d8b959451c1c5cf7c d52aba763c754138aa5039081443b206 - - default default] Successfully bumped revision number for resource 62ae5a8d-1b90-49dc-a247-93fa7ba42758 (type: networks) to 1
2026-05-27 21:07:25.061 7 WARNING neutron.scheduler.dhcp_agent_scheduler [None req-ebb5dd3a-e0d9-466d-aef7-e2b926f5081d d3058759628446bb95568a54e3aea350 ae010fab96754111814512692deded10 - - default default] No more DHCP agents
2026-05-27 21:07:25.062 7 WARNING neutron.api.rpc.agentnotifiers.dhcp_rpc_agent_api [None req-ebb5dd3a-e0d9-466d-aef7-e2b926f5081d d3058759628446bb95568a54e3aea350 ae010fab96754111814512692deded10 - - default default] Unable to schedule network 1815f440-a0a7-4693-b660-d5275e981ccc: no agents available; will retry on subsequent port and subnet creation events.
2026-05-27 21:07:25.222 8 WARNING neutron.scheduler.dhcp_agent_scheduler [None req-357893f9-1787-4337-a7bd-c33358d29791 3b8545ce1d1e4d0d8b959451c1c5cf7c d52aba763c754138aa5039081443b206 - - default default] No more DHCP agents
2026-05-27 21:07:25.226 8 WARNING neutron.api.rpc.agentnotifiers.dhcp_rpc_agent_api [None req-357893f9-1787-4337-a7bd-c33358d29791 3b8545ce1d1e4d0d8b959451c1c5cf7c d52aba763c754138aa5039081443b206 - - default default] Unable to schedule network 62ae5a8d-1b90-49dc-a247-93fa7ba42758: no agents available; will retry on subsequent port and subnet creation events.
2026-05-27 21:07:25.257 7 INFO neutron.db.ovn_revision_numbers_db [None req-ebb5dd3a-e0d9-466d-aef7-e2b926f5081d d3058759628446bb95568a54e3aea350 ae010fab96754111814512692deded10 - - default default] Successfully bumped revision number for resource a537edba-6447-4388-8e40-21179f00d034 (type: ports) to 1
2026-05-27 21:07:25.359 8 INFO neutron.db.ovn_revision_numbers_db [None req-357893f9-1787-4337-a7bd-c33358d29791 3b8545ce1d1e4d0d8b959451c1c5cf7c d52aba763c754138aa5039081443b206 - - default default] Successfully bumped revision number for resource a3ef2d75-c6ad-481f-873f-616a9bda7f8d (type: ports) to 1 [pid: 8|app: 0|req: 540/1039] 10.0.0.40 () {34 vars in 669 bytes} [Wed May 27 21:07:24 2026] POST /v2.0/networks => generated 649 bytes in 1076 msecs (HTTP/1.1 201) 4 headers in 162 bytes (1 switches on core 0)
2026-05-27 21:07:25.914 7 INFO neutron.plugins.ml2.drivers.ovn.mech_driver.ovsdb.commands [-] Schedule LRP lrp-a537edba-6447-4388-8e40-21179f00d034 on gateway 83edce13-cff4-4c6a-b392-8c3d285030af with priority 1
2026-05-27 21:07:25.940 8 WARNING neutron.scheduler.dhcp_agent_scheduler [None req-637a058a-5bee-4b38-b485-bc55b17c202a 1c652b378ba04ffdb3eb72c76c83a432 f20fdfe1597e46999e03d1a9e5d9a3e9 - - default default] No more DHCP agents
2026-05-27 21:07:25.945 8 WARNING neutron.api.rpc.agentnotifiers.dhcp_rpc_agent_api [None req-637a058a-5bee-4b38-b485-bc55b17c202a 1c652b378ba04ffdb3eb72c76c83a432 f20fdfe1597e46999e03d1a9e5d9a3e9 - - default default] Unable to schedule network 3c4a009e-65c8-4b52-b833-e6a9ca05be53: no agents available; will retry on subsequent port and subnet creation events.
2026-05-27 21:07:26.064 8 INFO neutron.plugins.ml2.drivers.ovn.mech_driver.ovsdb.ovsdb_monitor [None req-dfa1b77f-cdc5-4015-987c-fe8ae9aa8e4e - - - - - -] Router e903947c-6648-43b1-ba7f-4b85d58ca644 is bound to host instance
2026-05-27 21:07:26.127 7 INFO neutron.db.ovn_revision_numbers_db [None req-ebb5dd3a-e0d9-466d-aef7-e2b926f5081d d3058759628446bb95568a54e3aea350 ae010fab96754111814512692deded10 - - default default] Successfully bumped revision number for resource a537edba-6447-4388-8e40-21179f00d034 (type: router_ports) to 1
2026-05-27 21:07:26.277 7 INFO neutron.db.ovn_revision_numbers_db [None req-ebb5dd3a-e0d9-466d-aef7-e2b926f5081d d3058759628446bb95568a54e3aea350 ae010fab96754111814512692deded10 - - default default] Successfully bumped revision number for resource e903947c-6648-43b1-ba7f-4b85d58ca644 (type: routers) to 2 [pid: 7|app: 0|req: 500/1040] 10.0.0.40 () {34 vars in 668 bytes} [Wed May 27 21:07:24 2026] POST /v2.0/routers => generated 969 bytes in 2130 msecs (HTTP/1.1 201) 4 headers in 162 bytes (1 switches on core 0)
2026-05-27 21:07:26.336 8 INFO neutron.db.ovn_revision_numbers_db [None req-637a058a-5bee-4b38-b485-bc55b17c202a 1c652b378ba04ffdb3eb72c76c83a432 f20fdfe1597e46999e03d1a9e5d9a3e9 - - default default] Successfully bumped revision number for resource 6c164e5e-4470-4306-819a-2f4c246d3217 (type: ports) to 1
2026-05-27 21:07:26.456 7 INFO neutron.db.segments_db [None req-883f63e2-3d27-4a2f-b71f-9b1f319707bc 3b8545ce1d1e4d0d8b959451c1c5cf7c d52aba763c754138aa5039081443b206 - - default default] Added segment e5b5f436-cf20-45e3-bff6-91c7a16a2289 of type geneve for network c6b2a5bd-917d-44d0-87a9-7e13572997ac
2026-05-27 21:07:26.728 7 INFO neutron.db.ovn_revision_numbers_db [None req-883f63e2-3d27-4a2f-b71f-9b1f319707bc 3b8545ce1d1e4d0d8b959451c1c5cf7c d52aba763c754138aa5039081443b206 - - default default] Successfully bumped revision number for resource c6b2a5bd-917d-44d0-87a9-7e13572997ac (type: networks) to 1
2026-05-27 21:07:26.964 7 WARNING neutron.scheduler.dhcp_agent_scheduler [None req-883f63e2-3d27-4a2f-b71f-9b1f319707bc 3b8545ce1d1e4d0d8b959451c1c5cf7c d52aba763c754138aa5039081443b206 - - default default] No more DHCP agents
2026-05-27 21:07:26.965 7 WARNING neutron.api.rpc.agentnotifiers.dhcp_rpc_agent_api [None req-883f63e2-3d27-4a2f-b71f-9b1f319707bc 3b8545ce1d1e4d0d8b959451c1c5cf7c d52aba763c754138aa5039081443b206 - - default default] Unable to schedule network c6b2a5bd-917d-44d0-87a9-7e13572997ac: no agents available; will retry on subsequent port and subnet creation events.
2026-05-27 21:07:27.149 7 INFO neutron.db.ovn_revision_numbers_db [None req-883f63e2-3d27-4a2f-b71f-9b1f319707bc 3b8545ce1d1e4d0d8b959451c1c5cf7c d52aba763c754138aa5039081443b206 - - default default] Successfully bumped revision number for resource 1744235b-fc6c-4f42-bf35-153f4dd76bbc (type: ports) to 1 [pid: 7|app: 0|req: 501/1041] 10.0.0.40 () {34 vars in 669 bytes} [Wed May 27 21:07:26 2026] POST /v2.0/networks => generated 650 bytes in 879 msecs (HTTP/1.1 201) 4 headers in 162 bytes (1 switches on core 0)
2026-05-27 21:07:27.719 7 WARNING neutron.scheduler.dhcp_agent_scheduler [None req-6afac7d9-722f-4204-838f-c7ac679ec9be d3058759628446bb95568a54e3aea350 ae010fab96754111814512692deded10 - - default default] No more DHCP agents
2026-05-27 21:07:27.720 7 WARNING neutron.api.rpc.agentnotifiers.dhcp_rpc_agent_api [None req-6afac7d9-722f-4204-838f-c7ac679ec9be d3058759628446bb95568a54e3aea350 ae010fab96754111814512692deded10 - - default default] Unable to schedule network c2dff98e-a92d-44f3-a852-62541e2026fe: no agents available; will retry on subsequent port and subnet creation events.
2026-05-27 21:07:27.986 7 INFO neutron.db.ovn_revision_numbers_db [None req-6afac7d9-722f-4204-838f-c7ac679ec9be d3058759628446bb95568a54e3aea350 ae010fab96754111814512692deded10 - - default default] Successfully bumped revision number for resource 822f21c8-acae-4334-bc80-94c51c47409f (type: ports) to 1
2026-05-27 21:07:28.182 8 WARNING neutron.scheduler.dhcp_agent_scheduler [None req-637a058a-5bee-4b38-b485-bc55b17c202a 1c652b378ba04ffdb3eb72c76c83a432 f20fdfe1597e46999e03d1a9e5d9a3e9 - - default default] No more DHCP agents
2026-05-27 21:07:28.184 8 WARNING neutron.api.rpc.agentnotifiers.dhcp_rpc_agent_api [None req-637a058a-5bee-4b38-b485-bc55b17c202a 1c652b378ba04ffdb3eb72c76c83a432 f20fdfe1597e46999e03d1a9e5d9a3e9 - - default default] Unable to schedule network 3c4a009e-65c8-4b52-b833-e6a9ca05be53: no agents available; will retry on subsequent port and subnet creation events.
2026-05-27 21:07:28.462 8 INFO neutron.db.ovn_revision_numbers_db [None req-d37b3e47-f6f4-4665-a684-f080de49b297 - - - - - -] Successfully bumped revision number for resource a537edba-6447-4388-8e40-21179f00d034 (type: ports) to 4
2026-05-27 21:07:28.634 8 INFO neutron.db.ovn_revision_numbers_db [None req-637a058a-5bee-4b38-b485-bc55b17c202a 1c652b378ba04ffdb3eb72c76c83a432 f20fdfe1597e46999e03d1a9e5d9a3e9 - - default default] Successfully bumped revision number for resource 6c164e5e-4470-4306-819a-2f4c246d3217 (type: router_ports) to 1 [pid: 8|app: 0|req: 541/1042] 10.0.0.40 () {34 vars in 782 bytes} [Wed May 27 21:07:25 2026] PUT /v2.0/routers/34cd0d83-65d1-4b02-8d05-e7da04f556c8/add_router_interface => generated 309 bytes in 3255 msecs (HTTP/1.1 200) 4 headers in 157 bytes (1 switches on core 0)
2026-05-27 21:07:28.836 7 WARNING neutron.scheduler.dhcp_agent_scheduler [None req-6afac7d9-722f-4204-838f-c7ac679ec9be d3058759628446bb95568a54e3aea350 ae010fab96754111814512692deded10 - - default default] No more DHCP agents
2026-05-27 21:07:28.838 7 WARNING neutron.api.rpc.agentnotifiers.dhcp_rpc_agent_api [None req-6afac7d9-722f-4204-838f-c7ac679ec9be d3058759628446bb95568a54e3aea350 ae010fab96754111814512692deded10 - - default default] Unable to schedule network c2dff98e-a92d-44f3-a852-62541e2026fe: no agents available; will retry on subsequent port and subnet creation events. [pid: 8|app: 0|req: 542/1043] 10.0.0.72 () {34 vars in 989 bytes} [Wed May 27 21:07:28 2026] GET /v2.0/ports?device_id=8efc10a7-0e9d-4981-b22d-d7215194dc3e => generated 1209 bytes in 213 msecs (HTTP/1.1 200) 4 headers in 158 bytes (1 switches on core 0)
2026-05-27 21:07:29.194 8 INFO neutron.db.ovn_revision_numbers_db [None req-d37b3e47-f6f4-4665-a684-f080de49b297 - - - - - -] Successfully bumped revision number for resource a537edba-6447-4388-8e40-21179f00d034 (type: ports) to 5
2026-05-27 21:07:29.416 7 INFO neutron.db.ovn_revision_numbers_db [None req-6afac7d9-722f-4204-838f-c7ac679ec9be d3058759628446bb95568a54e3aea350 ae010fab96754111814512692deded10 - - default default] Successfully bumped revision number for resource 822f21c8-acae-4334-bc80-94c51c47409f (type: router_ports) to 1 [pid: 7|app: 0|req: 502/1044] 10.0.0.40 () {34 vars in 782 bytes} [Wed May 27 21:07:27 2026] PUT /v2.0/routers/e903947c-6648-43b1-ba7f-4b85d58ca644/add_router_interface => generated 309 bytes in 2227 msecs (HTTP/1.1 200) 4 headers in 157 bytes (1 switches on core 0) [pid: 7|app: 0|req: 503/1045] 10.0.0.40 () {32 vars in 716 bytes} [Wed May 27 21:07:29 2026] GET /v2.0/ports/6c164e5e-4470-4306-819a-2f4c246d3217 => generated 941 bytes in 67 msecs (HTTP/1.1 200) 4 headers in 157 bytes (1 switches on core 0) [pid: 7|app: 0|req: 504/1046] 10.0.0.72 () {34 vars in 1039 bytes} [Wed May 27 21:07:29 2026] GET /v2.0/security-groups?id=36fefe4b-161b-4510-87aa-090246a1e24d&fields=id&fields=name => generated 112 bytes in 33 msecs (HTTP/1.1 200) 4 headers in 157 bytes (1 switches on core 0) [pid: 7|app: 0|req: 505/1047] 10.0.0.40 () {32 vars in 716 bytes} [Wed May 27 21:07:29 2026] GET /v2.0/ports/6c164e5e-4470-4306-819a-2f4c246d3217 => generated 941 bytes in 35 msecs (HTTP/1.1 200) 4 headers in 157 bytes (1 switches on core 0)
2026-05-27 21:07:29.717 8 WARNING neutron.scheduler.dhcp_agent_scheduler [None req-9e290353-cb82-47dd-8826-c0e2fd8af762 3b8545ce1d1e4d0d8b959451c1c5cf7c d52aba763c754138aa5039081443b206 - - default default] No more DHCP agents
2026-05-27 21:07:29.719 8 WARNING neutron.api.rpc.agentnotifiers.dhcp_rpc_agent_api [None req-9e290353-cb82-47dd-8826-c0e2fd8af762 3b8545ce1d1e4d0d8b959451c1c5cf7c d52aba763c754138aa5039081443b206 - - default default] Unable to schedule network 62ae5a8d-1b90-49dc-a247-93fa7ba42758: no agents available; will retry on subsequent port and subnet creation events.
2026-05-27 21:07:29.976 8 INFO neutron.db.ovn_revision_numbers_db [None req-9e290353-cb82-47dd-8826-c0e2fd8af762 3b8545ce1d1e4d0d8b959451c1c5cf7c d52aba763c754138aa5039081443b206 - - default default] Successfully bumped revision number for resource 20102bde-abdf-4c9a-859e-48d436465420 (type: ports) to 1
2026-05-27 21:07:30.023 8 WARNING neutron.scheduler.dhcp_agent_scheduler [None req-9e290353-cb82-47dd-8826-c0e2fd8af762 3b8545ce1d1e4d0d8b959451c1c5cf7c d52aba763c754138aa5039081443b206 - - default default] No more DHCP agents
2026-05-27 21:07:30.024 8 WARNING neutron.api.rpc.agentnotifiers.dhcp_rpc_agent_api [None req-9e290353-cb82-47dd-8826-c0e2fd8af762 3b8545ce1d1e4d0d8b959451c1c5cf7c d52aba763c754138aa5039081443b206 - - default default] Unable to schedule network c6b2a5bd-917d-44d0-87a9-7e13572997ac: no agents available; will retry on subsequent port and subnet creation events.
2026-05-27 21:07:30.172 8 INFO neutron.db.ovn_revision_numbers_db [None req-9e290353-cb82-47dd-8826-c0e2fd8af762 3b8545ce1d1e4d0d8b959451c1c5cf7c d52aba763c754138aa5039081443b206 - - default default] Successfully bumped revision number for resource d6c744ec-219e-435a-878e-5e24aba2177a (type: ports) to 1
2026-05-27 21:07:30.287 7 INFO neutron.db.ovn_revision_numbers_db [None req-04275476-1c90-45f5-93d5-f466f751f0bd c34276da14b042248c3890f86c332319 a81a922ad1dc4d61857d554600e81664 - - default default] Successfully bumped revision number for resource 85ce0b05-ba73-4db2-b417-5e2ddb6a1f87 (type: security_groups) to 1 [pid: 8|app: 0|req: 543/1048] 10.0.0.40 () {34 vars in 664 bytes} [Wed May 27 21:07:28 2026] POST /v2.0/ports => generated 1505 bytes in 1434 msecs (HTTP/1.1 201) 4 headers in 163 bytes (1 switches on core 0)
2026-05-27 21:07:30.302 7 INFO neutron.db.ovn_revision_numbers_db [None req-04275476-1c90-45f5-93d5-f466f751f0bd c34276da14b042248c3890f86c332319 a81a922ad1dc4d61857d554600e81664 - - default default] Successfully bumped revision number for resource 91b9fb38-1425-477e-bacb-11607f49bffc (type: security_group_rules) to 0 /var/lib/openstack/lib/python3.12/site-packages/pycadf/identifier.py:70: UserWarning: Invalid uuid: neutron. To ensure interoperability, identifiers should be a valid uuid. warnings.warn(('Invalid uuid: %s. To ensure interoperability, '
2026-05-27 21:07:30.315 7 INFO neutron.db.ovn_revision_numbers_db [None req-04275476-1c90-45f5-93d5-f466f751f0bd c34276da14b042248c3890f86c332319 a81a922ad1dc4d61857d554600e81664 - - default default] Successfully bumped revision number for resource 9e1d477b-a57b-4c24-b792-3ef885cde7bc (type: security_group_rules) to 0 [pid: 7|app: 0|req: 506/1049] 10.0.0.40 () {34 vars in 684 bytes} [Wed May 27 21:07:29 2026] POST /v2.0/security-groups => generated 1660 bytes in 383 msecs (HTTP/1.1 201) 4 headers in 163 bytes (1 switches on core 0) [pid: 8|app: 0|req: 544/1050] 10.0.0.40 () {32 vars in 642 bytes} [Wed May 27 21:07:30 2026] GET /v2.0/ports => generated 3017 bytes in 88 msecs (HTTP/1.1 200) 4 headers in 158 bytes (1 switches on core 0)
2026-05-27 21:07:30.511 8 INFO neutron_taas.services.taas.taas_plugin [None req-057d759a-3b6d-4dce-acd4-ca8a9b0e17a9 3b8545ce1d1e4d0d8b959451c1c5cf7c d52aba763c754138aa5039081443b206 - - default default] TaaS: Handle Delete Port: 20102bde-abdf-4c9a-859e-48d436465420
2026-05-27 21:07:30.513 8 INFO neutron_taas.services.taas.tap_mirror_plugin [None req-057d759a-3b6d-4dce-acd4-ca8a9b0e17a9 3b8545ce1d1e4d0d8b959451c1c5cf7c d52aba763c754138aa5039081443b206 - - default default] Tap Mirror: Handle Delete Port: 20102bde-abdf-4c9a-859e-48d436465420
2026-05-27 21:07:30.594 8 WARNING neutron.plugins.ml2.drivers.ovn.mech_driver.ovsdb.ovn_client [None req-59bb2421-15d0-4de1-a8cc-9e6c1783ebe6 - - - - - -] No hosting information found for port 6070a411-4465-4604-a0b9-4cd01684dd39: RuntimeError: No hosting information found for port 6070a411-4465-4604-a0b9-4cd01684dd39
2026-05-27 21:07:30.606 7 INFO neutron.db.ovn_revision_numbers_db [None req-8f0e835e-21d4-41a7-898c-3eaa9f75da7d c34276da14b042248c3890f86c332319 a81a922ad1dc4d61857d554600e81664 - - default default] Successfully bumped revision number for resource 9f5006e3-6757-46a2-bb07-37822d103016 (type: security_group_rules) to 0 [pid: 7|app: 0|req: 507/1051] 10.0.0.40 () {34 vars in 694 bytes} [Wed May 27 21:07:30 2026] POST /v2.0/security-group-rules => generated 597 bytes in 291 msecs (HTTP/1.1 201) 4 headers in 162 bytes (1 switches on core 0) [pid: 7|app: 0|req: 508/1052] 10.0.0.40 () {32 vars in 716 bytes} [Wed May 27 21:07:30 2026] GET /v2.0/ports/6c164e5e-4470-4306-819a-2f4c246d3217 => generated 941 bytes in 33 msecs (HTTP/1.1 200) 4 headers in 157 bytes (1 switches on core 0)
2026-05-27 21:07:30.710 8 INFO neutron.db.ovn_revision_numbers_db [None req-59bb2421-15d0-4de1-a8cc-9e6c1783ebe6 - - - - - -] Successfully bumped revision number for resource 6070a411-4465-4604-a0b9-4cd01684dd39 (type: router_ports) to 2
2026-05-27 21:07:30.787 8 INFO neutron.plugins.ml2.drivers.ovn.mech_driver.mech_driver [None req-59bb2421-15d0-4de1-a8cc-9e6c1783ebe6 - - - - - -] OVN reports status down for port: a537edba-6447-4388-8e40-21179f00d034 [pid: 8|app: 0|req: 545/1053] 10.0.0.40 () {32 vars in 719 bytes} [Wed May 27 21:07:30 2026] DELETE /v2.0/ports/20102bde-abdf-4c9a-859e-48d436465420 => generated 0 bytes in 554 msecs (HTTP/1.1 204) 3 headers in 131 bytes (1 switches on core 0)
2026-05-27 21:07:31.111 8 INFO neutron_taas.services.taas.taas_plugin [None req-ee27391b-b65c-4b76-ad86-714b538fe82b 3b8545ce1d1e4d0d8b959451c1c5cf7c d52aba763c754138aa5039081443b206 - - default default] TaaS: Handle Delete Port: d6c744ec-219e-435a-878e-5e24aba2177a
2026-05-27 21:07:31.112 7 INFO neutron.db.ovn_revision_numbers_db [None req-5c8e9bfe-1fa5-47c7-b9cd-d181be78adb5 c34276da14b042248c3890f86c332319 a81a922ad1dc4d61857d554600e81664 - - default default] Successfully bumped revision number for resource d9a37ed7-c46e-4ed4-a2c9-2acc5927c2c6 (type: security_group_rules) to 0
2026-05-27 21:07:31.116 8 INFO neutron_taas.services.taas.tap_mirror_plugin [None req-ee27391b-b65c-4b76-ad86-714b538fe82b 3b8545ce1d1e4d0d8b959451c1c5cf7c d52aba763c754138aa5039081443b206 - - default default] Tap Mirror: Handle Delete Port: d6c744ec-219e-435a-878e-5e24aba2177a [pid: 7|app: 0|req: 509/1054] 10.0.0.40 () {34 vars in 694 bytes} [Wed May 27 21:07:30 2026] POST /v2.0/security-group-rules => generated 602 bytes in 491 msecs (HTTP/1.1 201) 4 headers in 162 bytes (1 switches on core 0)
2026-05-27 21:07:31.433 8 INFO neutron.db.ovn_revision_numbers_db [None req-59bb2421-15d0-4de1-a8cc-9e6c1783ebe6 - - - - - -] Successfully bumped revision number for resource a537edba-6447-4388-8e40-21179f00d034 (type: ports) to 6 [pid: 8|app: 0|req: 546/1057] 10.0.0.40 () {32 vars in 719 bytes} [Wed May 27 21:07:30 2026] DELETE /v2.0/ports/d6c744ec-219e-435a-878e-5e24aba2177a => generated 0 bytes in 482 msecs (HTTP/1.1 204) 3 headers in 131 bytes (1 switches on core 0) [pid: 8|app: 0|req: 547/1058] 10.0.0.68 () {34 vars in 989 bytes} [Wed May 27 21:07:31 2026] GET /v2.0/ports?device_id=8efc10a7-0e9d-4981-b22d-d7215194dc3e => generated 971 bytes in 130 msecs (HTTP/1.1 200) 4 headers in 157 bytes (1 switches on core 0)
2026-05-27 21:07:31.619 8 WARNING neutron.plugins.ml2.drivers.ovn.mech_driver.ovsdb.ovn_client [None req-3907924b-40fa-442c-8879-b982dc1a949f - - - - - -] Logical_Switch_Port a537edba-6447-4388-8e40-21179f00d034 host information not removed, the port state is up
2026-05-27 21:07:31.620 8 INFO neutron.plugins.ml2.drivers.ovn.mech_driver.mech_driver [None req-3907924b-40fa-442c-8879-b982dc1a949f - - - - - -] OVN reports status down for port: a3ef2d75-c6ad-481f-873f-616a9bda7f8d
2026-05-27 21:07:31.624 7 WARNING neutron.scheduler.dhcp_agent_scheduler [None req-7fe3f2e4-c006-444c-b5ba-b1d75df9cc7a c34276da14b042248c3890f86c332319 a81a922ad1dc4d61857d554600e81664 - - default default] No more DHCP agents
2026-05-27 21:07:31.628 7 WARNING neutron.api.rpc.agentnotifiers.dhcp_rpc_agent_api [None req-7fe3f2e4-c006-444c-b5ba-b1d75df9cc7a c34276da14b042248c3890f86c332319 a81a922ad1dc4d61857d554600e81664 - - default default] Unable to schedule network 1815f440-a0a7-4693-b660-d5275e981ccc: no agents available; will retry on subsequent port and subnet creation events. [pid: 8|app: 0|req: 548/1059] 10.0.0.40 () {32 vars in 642 bytes} [Wed May 27 21:07:31 2026] GET /v2.0/ports => generated 1523 bytes in 79 msecs (HTTP/1.1 200) 4 headers in 158 bytes (1 switches on core 0) [pid: 8|app: 0|req: 549/1060] 10.0.0.68 () {34 vars in 970 bytes} [Wed May 27 21:07:31 2026] GET /v2.0/ports/f5ff918b-a2a0-4941-82e1-508a5527aa00 => generated 968 bytes in 49 msecs (HTTP/1.1 200) 4 headers in 157 bytes (1 switches on core 0)
2026-05-27 21:07:31.785 8 INFO neutron.plugins.ml2.drivers.ovn.mech_driver.mech_driver [None req-3907924b-40fa-442c-8879-b982dc1a949f - - - - - -] OVN reports status up for port: a537edba-6447-4388-8e40-21179f00d034
2026-05-27 21:07:31.809 8 INFO neutron.plugins.ml2.plugin [None req-3907924b-40fa-442c-8879-b982dc1a949f - - - - - -] Attempt 1 to provision port a537edba-6447-4388-8e40-21179f00d034
2026-05-27 21:07:31.837 8 INFO neutron.db.segments_db [None req-fac6c90a-6076-4cb4-b127-2925566f96fb 3b8545ce1d1e4d0d8b959451c1c5cf7c d52aba763c754138aa5039081443b206 - - default default] Added segment e7f9322b-0dc2-4ebb-a9bd-cbd567dac919 of type geneve for network 2eeaa481-25cd-4a0f-88f2-66e12cae0481
2026-05-27 21:07:32.132 8 INFO neutron.db.ovn_revision_numbers_db [None req-fac6c90a-6076-4cb4-b127-2925566f96fb 3b8545ce1d1e4d0d8b959451c1c5cf7c d52aba763c754138aa5039081443b206 - - default default] Successfully bumped revision number for resource 2eeaa481-25cd-4a0f-88f2-66e12cae0481 (type: networks) to 1 [pid: 7|app: 0|req: 512/1061] 10.0.0.40 () {34 vars in 675 bytes} [Wed May 27 21:07:31 2026] POST /v2.0/floatingips => generated 552 bytes in 988 msecs (HTTP/1.1 201) 4 headers in 162 bytes (1 switches on core 0) [pid: 7|app: 0|req: 513/1062] 10.0.0.40 () {32 vars in 716 bytes} [Wed May 27 21:07:32 2026] GET /v2.0/ports/6c164e5e-4470-4306-819a-2f4c246d3217 => generated 941 bytes in 45 msecs (HTTP/1.1 200) 4 headers in 157 bytes (1 switches on core 0) [pid: 7|app: 0|req: 514/1063] 199.19.213.124 () {34 vars in 1000 bytes} [Wed May 27 21:07:32 2026] GET /v2.0/subnets?network_id=d93e8224-7f33-4b47-a8bd-323c0900f79d => generated 684 bytes in 41 msecs (HTTP/1.1 200) 4 headers in 157 bytes (1 switches on core 0)
2026-05-27 21:07:32.465 8 INFO neutron.db.ovn_revision_numbers_db [None req-3907924b-40fa-442c-8879-b982dc1a949f - - - - - -] Successfully bumped revision number for resource a537edba-6447-4388-8e40-21179f00d034 (type: ports) to 7 [pid: 7|app: 0|req: 515/1064] 199.19.213.124 () {34 vars in 1146 bytes} [Wed May 27 21:07:32 2026] GET /v2.0/ports?device_id=8efc10a7-0e9d-4981-b22d-d7215194dc3e&device_owner=compute%3Anova&network_id=d93e8224-7f33-4b47-a8bd-323c0900f79d => generated 971 bytes in 126 msecs (HTTP/1.1 200) 4 headers in 157 bytes (1 switches on core 0)
2026-05-27 21:07:32.547 8 WARNING neutron.scheduler.dhcp_agent_scheduler [None req-fac6c90a-6076-4cb4-b127-2925566f96fb 3b8545ce1d1e4d0d8b959451c1c5cf7c d52aba763c754138aa5039081443b206 - - default default] No more DHCP agents
2026-05-27 21:07:32.550 8 WARNING neutron.api.rpc.agentnotifiers.dhcp_rpc_agent_api [None req-fac6c90a-6076-4cb4-b127-2925566f96fb 3b8545ce1d1e4d0d8b959451c1c5cf7c d52aba763c754138aa5039081443b206 - - default default] Unable to schedule network 2eeaa481-25cd-4a0f-88f2-66e12cae0481: no agents available; will retry on subsequent port and subnet creation events.
2026-05-27 21:07:32.684 8 INFO neutron.plugins.ml2.drivers.ovn.mech_driver.mech_driver [None req-3b815408-91b7-4442-bf04-03b921e973dc - - - - - -] OVN reports status down for port: 6c164e5e-4470-4306-819a-2f4c246d3217
2026-05-27 21:07:32.732 8 INFO neutron.db.ovn_revision_numbers_db [None req-fac6c90a-6076-4cb4-b127-2925566f96fb 3b8545ce1d1e4d0d8b959451c1c5cf7c d52aba763c754138aa5039081443b206 - - default default] Successfully bumped revision number for resource 418a70bd-e40a-41b4-8f4a-a075abb0569d (type: ports) to 1
2026-05-27 21:07:32.768 8 WARNING neutron.plugins.ml2.drivers.ovn.mech_driver.ovsdb.ovn_client [None req-3b815408-91b7-4442-bf04-03b921e973dc - - - - - -] Logical_Switch_Port 6c164e5e-4470-4306-819a-2f4c246d3217 host information not removed, the port state is up
2026-05-27 21:07:32.768 8 INFO neutron.plugins.ml2.drivers.ovn.mech_driver.mech_driver [None req-3b815408-91b7-4442-bf04-03b921e973dc - - - - - -] OVN reports status down for port: 1744235b-fc6c-4f42-bf35-153f4dd76bbc [pid: 8|app: 0|req: 550/1065] 10.0.0.40 () {34 vars in 669 bytes} [Wed May 27 21:07:31 2026] POST /v2.0/networks => generated 649 bytes in 1085 msecs (HTTP/1.1 201) 4 headers in 162 bytes (1 switches on core 0) [pid: 8|app: 0|req: 551/1066] 10.0.0.68 () {34 vars in 1099 bytes} [Wed May 27 21:07:32 2026] GET /v2.0/security-groups?name=tempest-securitygroup--1831917890&fields=id&tenant_id=a81a922ad1dc4d61857d554600e81664 => generated 69 bytes in 58 msecs (HTTP/1.1 200) 4 headers in 156 bytes (1 switches on core 0)
2026-05-27 21:07:32.859 8 INFO neutron.plugins.ml2.drivers.ovn.mech_driver.mech_driver [None req-3b815408-91b7-4442-bf04-03b921e973dc - - - - - -] OVN reports status down for port: 822f21c8-acae-4334-bc80-94c51c47409f
2026-05-27 21:07:32.968 7 INFO neutron.db.ovn_revision_numbers_db [req-64d76749-8897-4cd7-b977-2a6790f2334d req-b9a1c67c-9a17-4aef-a9dd-410089c50fb8 c8bc006f293e4d2dae4797f09c526b77 c81503251be348a98d9dc014cc220cb6 - - default default] Successfully bumped revision number for resource f5ff918b-a2a0-4941-82e1-508a5527aa00 (type: ports) to 6 [pid: 7|app: 0|req: 516/1067] 199.19.213.124 () {38 vars in 1028 bytes} [Wed May 27 21:07:32 2026] PUT /v2.0/ports/f5ff918b-a2a0-4941-82e1-508a5527aa00 => generated 1145 bytes in 509 msecs (HTTP/1.1 200) 4 headers in 158 bytes (1 switches on core 0) /var/lib/openstack/lib/python3.12/site-packages/pycadf/identifier.py:70: UserWarning: Invalid uuid: neutron. To ensure interoperability, identifiers should be a valid uuid. warnings.warn(('Invalid uuid: %s. To ensure interoperability, '
2026-05-27 21:07:33.007 8 INFO neutron.db.segments_db [None req-819ba429-6625-4eff-aafa-e3ab638824a4 3b8545ce1d1e4d0d8b959451c1c5cf7c d52aba763c754138aa5039081443b206 - - default default] Added segment 005716ef-ba54-490d-a4cc-0ac5647e90c6 of type geneve for network e71e7a8b-ddd9-4f79-ac65-7e7be20bf41c
2026-05-27 21:07:33.010 8 WARNING neutron.plugins.ml2.drivers.ovn.mech_driver.ovsdb.ovn_client [None req-3b815408-91b7-4442-bf04-03b921e973dc - - - - - -] Logical_Switch_Port 822f21c8-acae-4334-bc80-94c51c47409f host information not removed, the port state is up
2026-05-27 21:07:33.011 8 INFO neutron.plugins.ml2.drivers.ovn.mech_driver.mech_driver [None req-3b815408-91b7-4442-bf04-03b921e973dc - - - - - -] OVN reports status up for port: 6c164e5e-4470-4306-819a-2f4c246d3217
2026-05-27 21:07:33.021 7 INFO neutron.notifiers.nova [-] Nova event matching ['req-ed3939a5-aa22-4fd0-9b33-abdc12e5758e'] response: {'name': 'network-changed', 'server_uuid': '8efc10a7-0e9d-4981-b22d-d7215194dc3e', 'tag': 'f5ff918b-a2a0-4941-82e1-508a5527aa00', 'status': 'completed', 'code': 200} [pid: 7|app: 0|req: 517/1068] 10.0.0.68 () {34 vars in 981 bytes} [Wed May 27 21:07:32 2026] GET /v2.0/networks?id=c2dff98e-a92d-44f3-a852-62541e2026fe => generated 676 bytes in 49 msecs (HTTP/1.1 200) 4 headers in 157 bytes (1 switches on core 0)
2026-05-27 21:07:33.054 8 INFO neutron.plugins.ml2.plugin [None req-3b815408-91b7-4442-bf04-03b921e973dc - - - - - -] Attempt 1 to provision port 6c164e5e-4470-4306-819a-2f4c246d3217 [pid: 7|app: 0|req: 518/1069] 10.0.0.68 () {34 vars in 964 bytes} [Wed May 27 21:07:33 2026] GET /v2.0/quotas/a81a922ad1dc4d61857d554600e81664 => generated 292 bytes in 11 msecs (HTTP/1.1 200) 4 headers in 157 bytes (1 switches on core 0) [pid: 7|app: 0|req: 519/1070] 10.0.0.68 () {34 vars in 1001 bytes} [Wed May 27 21:07:33 2026] GET /v2.0/ports?tenant_id=a81a922ad1dc4d61857d554600e81664&fields=id => generated 103 bytes in 90 msecs (HTTP/1.1 200) 4 headers in 157 bytes (1 switches on core 0)
2026-05-27 21:07:33.198 8 INFO neutron.db.ovn_revision_numbers_db [None req-819ba429-6625-4eff-aafa-e3ab638824a4 3b8545ce1d1e4d0d8b959451c1c5cf7c d52aba763c754138aa5039081443b206 - - default default] Successfully bumped revision number for resource e71e7a8b-ddd9-4f79-ac65-7e7be20bf41c (type: networks) to 1 [pid: 7|app: 0|req: 520/1071] 10.0.0.68 () {34 vars in 1007 bytes} [Wed May 27 21:07:33 2026] GET /v2.0/networks/c2dff98e-a92d-44f3-a852-62541e2026fe?fields=segments => generated 14 bytes in 49 msecs (HTTP/1.1 200) 4 headers in 156 bytes (1 switches on core 0) [pid: 7|app: 0|req: 521/1072] 10.0.0.68 () {34 vars in 1107 bytes} [Wed May 27 21:07:33 2026] GET /v2.0/networks/c2dff98e-a92d-44f3-a852-62541e2026fe?fields=provider%3Aphysical_network&fields=provider%3Anetwork_type => generated 79 bytes in 44 msecs (HTTP/1.1 200) 4 headers in 156 bytes (1 switches on core 0) [pid: 7|app: 0|req: 522/1073] 10.0.0.40 () {32 vars in 716 bytes} [Wed May 27 21:07:33 2026] GET /v2.0/ports/6c164e5e-4470-4306-819a-2f4c246d3217 => generated 941 bytes in 34 msecs (HTTP/1.1 200) 4 headers in 157 bytes (1 switches on core 0) [pid: 7|app: 0|req: 523/1074] 10.0.0.68 () {34 vars in 989 bytes} [Wed May 27 21:07:33 2026] GET /v2.0/ports?device_id=e397c32d-ae90-4314-9094-464dd463788e => generated 12 bytes in 23 msecs (HTTP/1.1 200) 4 headers in 156 bytes (1 switches on core 0)
2026-05-27 21:07:33.463 8 WARNING neutron.scheduler.dhcp_agent_scheduler [None req-819ba429-6625-4eff-aafa-e3ab638824a4 3b8545ce1d1e4d0d8b959451c1c5cf7c d52aba763c754138aa5039081443b206 - - default default] No more DHCP agents
2026-05-27 21:07:33.467 8 WARNING neutron.api.rpc.agentnotifiers.dhcp_rpc_agent_api [None req-819ba429-6625-4eff-aafa-e3ab638824a4 3b8545ce1d1e4d0d8b959451c1c5cf7c d52aba763c754138aa5039081443b206 - - default default] Unable to schedule network e71e7a8b-ddd9-4f79-ac65-7e7be20bf41c: no agents available; will retry on subsequent port and subnet creation events. [pid: 7|app: 0|req: 524/1075] 199.19.213.124 () {34 vars in 1080 bytes} [Wed May 27 21:07:33 2026] GET /v2.0/ports?tenant_id=c81503251be348a98d9dc014cc220cb6&device_id=8efc10a7-0e9d-4981-b22d-d7215194dc3e => generated 1386 bytes in 63 msecs (HTTP/1.1 200) 4 headers in 158 bytes (1 switches on core 0) [pid: 7|app: 0|req: 525/1076] 199.19.213.124 () {34 vars in 986 bytes} [Wed May 27 21:07:33 2026] GET /v2.0/networks?id=d93e8224-7f33-4b47-a8bd-323c0900f79d => generated 783 bytes in 73 msecs (HTTP/1.1 200) 4 headers in 157 bytes (1 switches on core 0) [pid: 7|app: 0|req: 526/1077] 199.19.213.124 () {34 vars in 1058 bytes} [Wed May 27 21:07:33 2026] GET /v2.0/floatingips?fixed_ip_address=10.100.0.6&port_id=f5ff918b-a2a0-4941-82e1-508a5527aa00 => generated 19 bytes in 19 msecs (HTTP/1.1 200) 4 headers in 156 bytes (1 switches on core 0) [pid: 7|app: 0|req: 527/1078] 199.19.213.124 () {34 vars in 1058 bytes} [Wed May 27 21:07:33 2026] GET /v2.0/floatingips?fixed_ip_address=10.100.0.7&port_id=f5ff918b-a2a0-4941-82e1-508a5527aa00 => generated 860 bytes in 39 msecs (HTTP/1.1 200) 4 headers in 157 bytes (1 switches on core 0) [pid: 7|app: 0|req: 528/1079] 199.19.213.124 () {34 vars in 984 bytes} [Wed May 27 21:07:33 2026] GET /v2.0/subnets?id=96c8cff0-6731-4f98-b47b-3e476501b3bc => generated 702 bytes in 28 msecs (HTTP/1.1 200) 4 headers in 157 bytes (1 switches on core 0) [pid: 7|app: 0|req: 529/1080] 199.19.213.124 () {34 vars in 1052 bytes} [Wed May 27 21:07:33 2026] GET /v2.0/ports?network_id=d93e8224-7f33-4b47-a8bd-323c0900f79d&device_owner=network%3Adhcp => generated 12 bytes in 17 msecs (HTTP/1.1 200) 4 headers in 156 bytes (1 switches on core 0)
2026-05-27 21:07:33.835 8 INFO neutron.db.ovn_revision_numbers_db [None req-819ba429-6625-4eff-aafa-e3ab638824a4 3b8545ce1d1e4d0d8b959451c1c5cf7c d52aba763c754138aa5039081443b206 - - default default] Successfully bumped revision number for resource 3df709bf-3d64-4efd-aa3b-51e50b1c1f9e (type: ports) to 1
2026-05-27 21:07:33.843 8 INFO neutron.db.ovn_revision_numbers_db [None req-3b815408-91b7-4442-bf04-03b921e973dc - - - - - -] Successfully bumped revision number for resource 6c164e5e-4470-4306-819a-2f4c246d3217 (type: ports) to 2 [pid: 7|app: 0|req: 530/1081] 199.19.213.124 () {34 vars in 1012 bytes} [Wed May 27 21:07:33 2026] GET /v2.0/networks/d93e8224-7f33-4b47-a8bd-323c0900f79d?fields=segments => generated 14 bytes in 82 msecs (HTTP/1.1 200) 4 headers in 156 bytes (1 switches on core 0) [pid: 8|app: 0|req: 552/1082] 10.0.0.40 () {34 vars in 669 bytes} [Wed May 27 21:07:32 2026] POST /v2.0/networks => generated 650 bytes in 1035 msecs (HTTP/1.1 201) 4 headers in 162 bytes (1 switches on core 0) [pid: 7|app: 0|req: 531/1083] 199.19.213.124 () {34 vars in 1112 bytes} [Wed May 27 21:07:33 2026] GET /v2.0/networks/d93e8224-7f33-4b47-a8bd-323c0900f79d?fields=provider%3Aphysical_network&fields=provider%3Anetwork_type => generated 79 bytes in 31 msecs (HTTP/1.1 200) 4 headers in 156 bytes (1 switches on core 0)
2026-05-27 21:07:34.269 8 WARNING neutron.scheduler.dhcp_agent_scheduler [None req-8a98210d-d7c7-44bc-82b7-0dae82ba0787 3b8545ce1d1e4d0d8b959451c1c5cf7c d52aba763c754138aa5039081443b206 - - default default] No more DHCP agents
2026-05-27 21:07:34.270 8 WARNING neutron.api.rpc.agentnotifiers.dhcp_rpc_agent_api [None req-8a98210d-d7c7-44bc-82b7-0dae82ba0787 3b8545ce1d1e4d0d8b959451c1c5cf7c d52aba763c754138aa5039081443b206 - - default default] Unable to schedule network 2eeaa481-25cd-4a0f-88f2-66e12cae0481: no agents available; will retry on subsequent port and subnet creation events. [pid: 7|app: 0|req: 532/1084] 10.0.0.40 () {32 vars in 716 bytes} [Wed May 27 21:07:34 2026] GET /v2.0/ports/6c164e5e-4470-4306-819a-2f4c246d3217 => generated 943 bytes in 35 msecs (HTTP/1.1 200) 4 headers in 157 bytes (1 switches on core 0)
2026-05-27 21:07:34.599 7 INFO neutron_taas.services.taas.taas_plugin [None req-a70b2105-527d-4b04-bc2e-6953e53fe7ad 1c652b378ba04ffdb3eb72c76c83a432 f20fdfe1597e46999e03d1a9e5d9a3e9 - - default default] TaaS: Handle Delete Port: 6c164e5e-4470-4306-819a-2f4c246d3217
2026-05-27 21:07:34.602 7 INFO neutron_taas.services.taas.tap_mirror_plugin [None req-a70b2105-527d-4b04-bc2e-6953e53fe7ad 1c652b378ba04ffdb3eb72c76c83a432 f20fdfe1597e46999e03d1a9e5d9a3e9 - - default default] Tap Mirror: Handle Delete Port: 6c164e5e-4470-4306-819a-2f4c246d3217
2026-05-27 21:07:34.764 8 INFO neutron.db.ovn_revision_numbers_db [None req-6e408034-b486-4a53-a586-f07bcea80e7a - - - - - -] Successfully bumped revision number for resource 418a70bd-e40a-41b4-8f4a-a075abb0569d (type: ports) to 2
2026-05-27 21:07:34.799 8 INFO neutron.db.ovn_revision_numbers_db [None req-6e408034-b486-4a53-a586-f07bcea80e7a - - - - - -] Successfully bumped revision number for resource f889434c-9132-4c13-9173-d4ffc8c19375 (type: subnets) to 0
