Mar 13 21:32:40.006082 np0000158706 devstack@c-api.service[111754]: DEBUG cinder.api.extensions [-] Loaded extension: cgsnapshots {{(pid=111754) register /opt/stack/cinder/cinder/api/extensions.py:135}}
Mar 13 21:32:40.006128 np0000158706 devstack@c-api.service[111754]: DEBUG cinder.api.extensions [-] Loading extension cinder.api.contrib.volume_tenant_attribute.Volume_tenant_attribute {{(pid=111754) load_extension /opt/stack/cinder/cinder/api/extensions.py:194}}
Mar 13 21:32:40.006406 np0000158706 devstack@c-api.service[111752]: WARNING castellan.key_manager.migration [None req-5cab61a2-2343-4fc5-aad6-16b8abd527f2 None None] Using MigrationKeyManager to provide support for legacy fixed_key encryption
Mar 13 21:32:40.006457 np0000158706 devstack@c-api.service[111754]: DEBUG cinder.api.extensions [-] Calling extension factory cinder.api.contrib.volume_tenant_attribute.Volume_tenant_attribute {{(pid=111754) load_extension /opt/stack/cinder/cinder/api/extensions.py:200}}
Mar 13 21:32:40.006506 np0000158706 devstack@c-api.service[111754]: DEBUG cinder.api.extensions [-] Ext name: VolumeTenantAttribute {{(pid=111754) _check_extension /opt/stack/cinder/cinder/api/extensions.py:174}}
Mar 13 21:32:40.006549 np0000158706 devstack@c-api.service[111754]: DEBUG cinder.api.extensions [-] Ext alias: os-vol-tenant-attr {{(pid=111754) _check_extension /opt/stack/cinder/cinder/api/extensions.py:175}}
Mar 13 21:32:40.006589 np0000158706 devstack@c-api.service[111754]: DEBUG cinder.api.extensions [-] Ext description: Expose the internal project_id as an attribute of a volume. {{(pid=111754) _check_extension /opt/stack/cinder/cinder/api/extensions.py:176}}
Mar 13 21:32:40.006701 np0000158706 devstack@c-api.service[111754]: DEBUG cinder.api.extensions [-] Ext updated: 2011-11-03T00:00:00+00:00 {{(pid=111754) _check_extension /opt/stack/cinder/cinder/api/extensions.py:178}}
Mar 13 21:32:40.006750 np0000158706 devstack@c-api.service[111754]: DEBUG cinder.api.extensions [-] Loaded extension: os-vol-tenant-attr {{(pid=111754) register /opt/stack/cinder/cinder/api/extensions.py:135}}
Mar 13 21:32:40.006834 np0000158706 devstack@c-api.service[111754]: DEBUG cinder.api.extensions [-] Loading extension cinder.api.contrib.extended_snapshot_attributes.Extended_snapshot_attributes {{(pid=111754) load_extension /opt/stack/cinder/cinder/api/extensions.py:194}}
Mar 13 21:32:40.007135 np0000158706 devstack@c-api.service[111754]: DEBUG cinder.api.extensions [-] Calling extension factory cinder.api.contrib.extended_snapshot_attributes.Extended_snapshot_attributes {{(pid=111754) load_extension /opt/stack/cinder/cinder/api/extensions.py:200}}
Mar 13 21:32:40.007195 np0000158706 devstack@c-api.service[111754]: DEBUG cinder.api.extensions [-] Ext name: ExtendedSnapshotAttributes {{(pid=111754) _check_extension /opt/stack/cinder/cinder/api/extensions.py:174}}
Mar 13 21:32:40.007245 np0000158706 devstack@c-api.service[111754]: DEBUG cinder.api.extensions [-] Ext alias: os-extended-snapshot-attributes {{(pid=111754) _check_extension /opt/stack/cinder/cinder/api/extensions.py:175}}
Mar 13 21:32:40.007334 np0000158706 devstack@c-api.service[111754]: DEBUG cinder.api.extensions [-] Ext description: Extended SnapshotAttributes support. {{(pid=111754) _check_extension /opt/stack/cinder/cinder/api/extensions.py:176}}
Mar 13 21:32:40.007381 np0000158706 devstack@c-api.service[111754]: DEBUG cinder.api.extensions [-] Ext updated: 2012-06-19T00:00:00+00:00 {{(pid=111754) _check_extension /opt/stack/cinder/cinder/api/extensions.py:178}}
Mar 13 21:32:40.007452 np0000158706 devstack@c-api.service[111754]: DEBUG cinder.api.extensions [-] Loaded extension: os-extended-snapshot-attributes {{(pid=111754) register /opt/stack/cinder/cinder/api/extensions.py:135}}
Mar 13 21:32:40.007529 np0000158706 devstack@c-api.service[111754]: DEBUG cinder.api.extensions [-] Loading extension cinder.api.contrib.types_manage.Types_manage {{(pid=111754) load_extension /opt/stack/cinder/cinder/api/extensions.py:194}}
Mar 13 21:32:40.008217 np0000158706 devstack@c-api.service[111754]: DEBUG cinder.api.extensions [-] Calling extension factory cinder.api.contrib.types_manage.Types_manage {{(pid=111754) load_extension /opt/stack/cinder/cinder/api/extensions.py:200}}
Mar 13 21:32:40.008293 np0000158706 devstack@c-api.service[111754]: DEBUG cinder.api.extensions [-] Ext name: TypesManage {{(pid=111754) _check_extension /opt/stack/cinder/cinder/api/extensions.py:174}}
Mar 13 21:32:40.008337 np0000158706 devstack@c-api.service[111754]: DEBUG cinder.api.extensions [-] Ext alias: os-types-manage {{(pid=111754) _check_extension /opt/stack/cinder/cinder/api/extensions.py:175}}
Mar 13 21:32:40.008385 np0000158706 devstack@c-api.service[111754]: DEBUG cinder.api.extensions [-] Ext description: Types manage support. {{(pid=111754) _check_extension /opt/stack/cinder/cinder/api/extensions.py:176}}
Mar 13 21:32:40.008467 np0000158706 devstack@c-api.service[111754]: DEBUG cinder.api.extensions [-] Ext updated: 2011-08-24T00:00:00+00:00 {{(pid=111754) _check_extension /opt/stack/cinder/cinder/api/extensions.py:178}}
Mar 13 21:32:40.008530 np0000158706 devstack@c-api.service[111754]: DEBUG cinder.api.extensions [-] Loaded extension: os-types-manage {{(pid=111754) register /opt/stack/cinder/cinder/api/extensions.py:135}}
Mar 13 21:32:40.008627 np0000158706 devstack@c-api.service[111754]: DEBUG cinder.api.extensions [-] Loading extension cinder.api.contrib.volume_manage.Volume_manage {{(pid=111754) load_extension /opt/stack/cinder/cinder/api/extensions.py:194}}
Mar 13 21:32:40.008710 np0000158706 devstack@c-api.service[111754]: DEBUG cinder.api.extensions [-] Calling extension factory cinder.api.contrib.volume_manage.Volume_manage {{(pid=111754) load_extension /opt/stack/cinder/cinder/api/extensions.py:200}}
Mar 13 21:32:40.008786 np0000158706 devstack@c-api.service[111754]: DEBUG cinder.api.extensions [-] Ext name: VolumeManage {{(pid=111754) _check_extension /opt/stack/cinder/cinder/api/extensions.py:174}}
Mar 13 21:32:40.008838 np0000158706 devstack@c-api.service[111754]: DEBUG cinder.api.extensions [-] Ext alias: os-volume-manage {{(pid=111754) _check_extension /opt/stack/cinder/cinder/api/extensions.py:175}}
Mar 13 21:32:40.008903 np0000158706 devstack@c-api.service[111754]: DEBUG cinder.api.extensions [-] Ext description: Allows existing backend storage to be 'managed' by Cinder. {{(pid=111754) _check_extension /opt/stack/cinder/cinder/api/extensions.py:176}}
Mar 13 21:32:40.008962 np0000158706 devstack@c-api.service[111754]: DEBUG cinder.api.extensions [-] Ext updated: 2014-02-10T00:00:00+00:00 {{(pid=111754) _check_extension /opt/stack/cinder/cinder/api/extensions.py:178}}
Mar 13 21:32:40.009019 np0000158706 devstack@c-api.service[111754]: DEBUG cinder.api.extensions [-] Loaded extension: os-volume-manage {{(pid=111754) register /opt/stack/cinder/cinder/api/extensions.py:135}}
Mar 13 21:32:40.009087 np0000158706 devstack@c-api.service[111754]: DEBUG cinder.api.extensions [-] Loading extension cinder.api.contrib.scheduler_hints.Scheduler_hints {{(pid=111754) load_extension /opt/stack/cinder/cinder/api/extensions.py:194}}
Mar 13 21:32:40.009137 np0000158706 devstack@c-api.service[111754]: DEBUG cinder.api.extensions [-] Calling extension factory cinder.api.contrib.scheduler_hints.Scheduler_hints {{(pid=111754) load_extension /opt/stack/cinder/cinder/api/extensions.py:200}}
Mar 13 21:32:40.009193 np0000158706 devstack@c-api.service[111754]: DEBUG cinder.api.extensions [-] Ext name: SchedulerHints {{(pid=111754) _check_extension /opt/stack/cinder/cinder/api/extensions.py:174}}
Mar 13 21:32:40.009263 np0000158706 devstack@c-api.service[111754]: DEBUG cinder.api.extensions [-] Ext alias: OS-SCH-HNT {{(pid=111754) _check_extension /opt/stack/cinder/cinder/api/extensions.py:175}}
Mar 13 21:32:40.009312 np0000158706 devstack@c-api.service[111754]: DEBUG cinder.api.extensions [-] Ext description: Pass arbitrary key/value pairs to the scheduler. {{(pid=111754) _check_extension /opt/stack/cinder/cinder/api/extensions.py:176}}
Mar 13 21:32:40.009381 np0000158706 devstack@c-api.service[111754]: DEBUG cinder.api.extensions [-] Ext updated: 2013-04-18T00:00:00+00:00 {{(pid=111754) _check_extension /opt/stack/cinder/cinder/api/extensions.py:178}}
Mar 13 21:32:40.009463 np0000158706 devstack@c-api.service[111754]: DEBUG cinder.api.extensions [-] Loaded extension: OS-SCH-HNT {{(pid=111754) register /opt/stack/cinder/cinder/api/extensions.py:135}}
Mar 13 21:32:40.009546 np0000158706 devstack@c-api.service[111754]: DEBUG cinder.api.extensions [-] Loading extension cinder.api.contrib.volume_type_encryption.Volume_type_encryption {{(pid=111754) load_extension /opt/stack/cinder/cinder/api/extensions.py:194}}
Mar 13 21:32:40.009722 np0000158706 devstack@c-api.service[111752]: WARNING castellan.key_manager.migration [None req-5cab61a2-2343-4fc5-aad6-16b8abd527f2 None None] Using MigrationKeyManager to provide support for legacy fixed_key encryption
Mar 13 21:32:40.010115 np0000158706 devstack@c-api.service[111754]: DEBUG cinder.api.extensions [-] Calling extension factory cinder.api.contrib.volume_type_encryption.Volume_type_encryption {{(pid=111754) load_extension /opt/stack/cinder/cinder/api/extensions.py:200}}
Mar 13 21:32:40.010180 np0000158706 devstack@c-api.service[111754]: DEBUG cinder.api.extensions [-] Ext name: VolumeTypeEncryption {{(pid=111754) _check_extension /opt/stack/cinder/cinder/api/extensions.py:174}}
Mar 13 21:32:40.010236 np0000158706 devstack@c-api.service[111754]: DEBUG cinder.api.extensions [-] Ext alias: encryption {{(pid=111754) _check_extension /opt/stack/cinder/cinder/api/extensions.py:175}}
Mar 13 21:32:40.010310 np0000158706 devstack@c-api.service[111754]: DEBUG cinder.api.extensions [-] Ext description: Encryption support for volume types. {{(pid=111754) _check_extension /opt/stack/cinder/cinder/api/extensions.py:176}}
Mar 13 21:32:40.010378 np0000158706 devstack@c-api.service[111754]: DEBUG cinder.api.extensions [-] Ext updated: 2013-07-01T00:00:00+00:00 {{(pid=111754) _check_extension /opt/stack/cinder/cinder/api/extensions.py:178}}
Mar 13 21:32:40.010428 np0000158706 devstack@c-api.service[111754]: DEBUG cinder.api.extensions [-] Loaded extension: encryption {{(pid=111754) register /opt/stack/cinder/cinder/api/extensions.py:135}}
Mar 13 21:32:40.010503 np0000158706 devstack@c-api.service[111754]: DEBUG cinder.api.extensions [-] Loading extension cinder.api.contrib.volume_transfer.Volume_transfer {{(pid=111754) load_extension /opt/stack/cinder/cinder/api/extensions.py:194}}
Mar 13 21:32:40.010568 np0000158706 devstack@c-api.service[111754]: DEBUG cinder.api.extensions [-] Calling extension factory cinder.api.contrib.volume_transfer.Volume_transfer {{(pid=111754) load_extension /opt/stack/cinder/cinder/api/extensions.py:200}}
Mar 13 21:32:40.010695 np0000158706 devstack@c-api.service[111754]: DEBUG cinder.api.extensions [-] Ext name: VolumeTransfer {{(pid=111754) _check_extension /opt/stack/cinder/cinder/api/extensions.py:174}}
Mar 13 21:32:40.010695 np0000158706 devstack@c-api.service[111754]: DEBUG cinder.api.extensions [-] Ext alias: os-volume-transfer {{(pid=111754) _check_extension /opt/stack/cinder/cinder/api/extensions.py:175}}
Mar 13 21:32:40.010777 np0000158706 devstack@c-api.service[111754]: DEBUG cinder.api.extensions [-] Ext description: Volume transfer management support. {{(pid=111754) _check_extension /opt/stack/cinder/cinder/api/extensions.py:176}}
Mar 13 21:32:40.010819 np0000158706 devstack@c-api.service[111754]: DEBUG cinder.api.extensions [-] Ext updated: 2013-05-29T00:00:00+00:00 {{(pid=111754) _check_extension /opt/stack/cinder/cinder/api/extensions.py:178}}
Mar 13 21:32:40.010883 np0000158706 devstack@c-api.service[111754]: DEBUG cinder.api.extensions [-] Loaded extension: os-volume-transfer {{(pid=111754) register /opt/stack/cinder/cinder/api/extensions.py:135}}
Mar 13 21:32:40.010958 np0000158706 devstack@c-api.service[111754]: DEBUG cinder.api.extensions [-] Loading extension cinder.api.contrib.consistencygroups.Consistencygroups {{(pid=111754) load_extension /opt/stack/cinder/cinder/api/extensions.py:194}}
Mar 13 21:32:40.011004 np0000158706 devstack@c-api.service[111754]: DEBUG cinder.api.extensions [-] Calling extension factory cinder.api.contrib.consistencygroups.Consistencygroups {{(pid=111754) load_extension /opt/stack/cinder/cinder/api/extensions.py:200}}
Mar 13 21:32:40.011073 np0000158706 devstack@c-api.service[111754]: DEBUG cinder.api.extensions [-] Ext name: Consistencygroups {{(pid=111754) _check_extension /opt/stack/cinder/cinder/api/extensions.py:174}}
Mar 13 21:32:40.011131 np0000158706 devstack@c-api.service[111754]: DEBUG cinder.api.extensions [-] Ext alias: consistencygroups {{(pid=111754) _check_extension /opt/stack/cinder/cinder/api/extensions.py:175}}
Mar 13 21:32:40.011187 np0000158706 devstack@c-api.service[111754]: DEBUG cinder.api.extensions [-] Ext description: consistency groups support. {{(pid=111754) _check_extension /opt/stack/cinder/cinder/api/extensions.py:176}}
Mar 13 21:32:40.011247 np0000158706 devstack@c-api.service[111754]: DEBUG cinder.api.extensions [-] Ext updated: 2014-08-18T00:00:00+00:00 {{(pid=111754) _check_extension /opt/stack/cinder/cinder/api/extensions.py:178}}
Mar 13 21:32:40.011298 np0000158706 devstack@c-api.service[111754]: DEBUG cinder.api.extensions [-] Loaded extension: consistencygroups {{(pid=111754) register /opt/stack/cinder/cinder/api/extensions.py:135}}
Mar 13 21:32:40.011368 np0000158706 devstack@c-api.service[111754]: DEBUG cinder.api.extensions [-] Loading extension cinder.api.contrib.volume_image_metadata.Volume_image_metadata {{(pid=111754) load_extension /opt/stack/cinder/cinder/api/extensions.py:194}}
Mar 13 21:32:40.011921 np0000158706 devstack@c-api.service[111754]: DEBUG cinder.api.extensions [-] Calling extension factory cinder.api.contrib.volume_image_metadata.Volume_image_metadata {{(pid=111754) load_extension /opt/stack/cinder/cinder/api/extensions.py:200}}
Mar 13 21:32:40.011971 np0000158706 devstack@c-api.service[111754]: DEBUG cinder.api.extensions [-] Ext name: VolumeImageMetadata {{(pid=111754) _check_extension /opt/stack/cinder/cinder/api/extensions.py:174}}
Mar 13 21:32:40.012047 np0000158706 devstack@c-api.service[111754]: DEBUG cinder.api.extensions [-] Ext alias: os-vol-image-meta {{(pid=111754) _check_extension /opt/stack/cinder/cinder/api/extensions.py:175}}
Mar 13 21:32:40.012092 np0000158706 devstack@c-api.service[111754]: DEBUG cinder.api.extensions [-] Ext description: Show image metadata associated with the volume. {{(pid=111754) _check_extension /opt/stack/cinder/cinder/api/extensions.py:176}}
Mar 13 21:32:40.012169 np0000158706 devstack@c-api.service[111754]: DEBUG cinder.api.extensions [-] Ext updated: 2012-12-07T00:00:00+00:00 {{(pid=111754) _check_extension /opt/stack/cinder/cinder/api/extensions.py:178}}
Mar 13 21:32:40.012220 np0000158706 devstack@c-api.service[111754]: DEBUG cinder.api.extensions [-] Loaded extension: os-vol-image-meta {{(pid=111754) register /opt/stack/cinder/cinder/api/extensions.py:135}}
Mar 13 21:32:40.012295 np0000158706 devstack@c-api.service[111754]: DEBUG cinder.api.extensions [-] Loading extension cinder.api.contrib.hosts.Hosts {{(pid=111754) load_extension /opt/stack/cinder/cinder/api/extensions.py:194}}
Mar 13 21:32:40.012862 np0000158706 devstack@c-api.service[111754]: DEBUG cinder.api.extensions [-] Calling extension factory cinder.api.contrib.hosts.Hosts {{(pid=111754) load_extension /opt/stack/cinder/cinder/api/extensions.py:200}}
Mar 13 21:32:40.012917 np0000158706 devstack@c-api.service[111754]: DEBUG cinder.api.extensions [-] Ext name: Hosts {{(pid=111754) _check_extension /opt/stack/cinder/cinder/api/extensions.py:174}}
Mar 13 21:32:40.013008 np0000158706 devstack@c-api.service[111752]: WARNING castellan.key_manager.migration [None req-5cab61a2-2343-4fc5-aad6-16b8abd527f2 None None] Using MigrationKeyManager to provide support for legacy fixed_key encryption
Mar 13 21:32:40.013059 np0000158706 devstack@c-api.service[111754]: DEBUG cinder.api.extensions [-] Ext alias: os-hosts {{(pid=111754) _check_extension /opt/stack/cinder/cinder/api/extensions.py:175}}
Mar 13 21:32:40.013059 np0000158706 devstack@c-api.service[111754]: DEBUG cinder.api.extensions [-] Ext description: Admin-only host administration. {{(pid=111754) _check_extension /opt/stack/cinder/cinder/api/extensions.py:176}}
Mar 13 21:32:40.013148 np0000158706 devstack@c-api.service[111754]: DEBUG cinder.api.extensions [-] Ext updated: 2011-06-29T00:00:00+00:00 {{(pid=111754) _check_extension /opt/stack/cinder/cinder/api/extensions.py:178}}
Mar 13 21:32:40.013192 np0000158706 devstack@c-api.service[111754]: DEBUG cinder.api.extensions [-] Loaded extension: os-hosts {{(pid=111754) register /opt/stack/cinder/cinder/api/extensions.py:135}}
Mar 13 21:32:40.013235 np0000158706 devstack@c-api.service[111754]: DEBUG cinder.api.extensions [-] Loading extension cinder.api.contrib.types_extra_specs.Types_extra_specs {{(pid=111754) load_extension /opt/stack/cinder/cinder/api/extensions.py:194}}
Mar 13 21:32:40.013957 np0000158706 devstack@c-api.service[111754]: DEBUG cinder.api.extensions [-] Calling extension factory cinder.api.contrib.types_extra_specs.Types_extra_specs {{(pid=111754) load_extension /opt/stack/cinder/cinder/api/extensions.py:200}}
Mar 13 21:32:40.014024 np0000158706 devstack@c-api.service[111754]: DEBUG cinder.api.extensions [-] Ext name: TypesExtraSpecs {{(pid=111754) _check_extension /opt/stack/cinder/cinder/api/extensions.py:174}}
Mar 13 21:32:40.014077 np0000158706 devstack@c-api.service[111754]: DEBUG cinder.api.extensions [-] Ext alias: os-types-extra-specs {{(pid=111754) _check_extension /opt/stack/cinder/cinder/api/extensions.py:175}}
Mar 13 21:32:40.014125 np0000158706 devstack@c-api.service[111754]: DEBUG cinder.api.extensions [-] Ext description: Type extra specs support. {{(pid=111754) _check_extension /opt/stack/cinder/cinder/api/extensions.py:176}}
Mar 13 21:32:40.014184 np0000158706 devstack@c-api.service[111754]: DEBUG cinder.api.extensions [-] Ext updated: 2011-08-24T00:00:00+00:00 {{(pid=111754) _check_extension /opt/stack/cinder/cinder/api/extensions.py:178}}
Mar 13 21:32:40.014241 np0000158706 devstack@c-api.service[111754]: DEBUG cinder.api.extensions [-] Loaded extension: os-types-extra-specs {{(pid=111754) register /opt/stack/cinder/cinder/api/extensions.py:135}}
Mar 13 21:32:40.014299 np0000158706 devstack@c-api.service[111754]: DEBUG cinder.api.extensions [-] Loading extension cinder.api.contrib.volume_encryption_metadata.Volume_encryption_metadata {{(pid=111754) load_extension /opt/stack/cinder/cinder/api/extensions.py:194}}
Mar 13 21:32:40.014580 np0000158706 devstack@c-api.service[111754]: DEBUG cinder.api.extensions [-] Calling extension factory cinder.api.contrib.volume_encryption_metadata.Volume_encryption_metadata {{(pid=111754) load_extension /opt/stack/cinder/cinder/api/extensions.py:200}}
Mar 13 21:32:40.014656 np0000158706 devstack@c-api.service[111754]: DEBUG cinder.api.extensions [-] Ext name: VolumeEncryptionMetadata {{(pid=111754) _check_extension /opt/stack/cinder/cinder/api/extensions.py:174}}
Mar 13 21:32:40.014712 np0000158706 devstack@c-api.service[111754]: DEBUG cinder.api.extensions [-] Ext alias: os-volume-encryption-metadata {{(pid=111754) _check_extension /opt/stack/cinder/cinder/api/extensions.py:175}}
Mar 13 21:32:40.014773 np0000158706 devstack@c-api.service[111754]: DEBUG cinder.api.extensions [-] Ext description: Volume encryption metadata retrieval support. {{(pid=111754) _check_extension /opt/stack/cinder/cinder/api/extensions.py:176}}
Mar 13 21:32:40.014841 np0000158706 devstack@c-api.service[111754]: DEBUG cinder.api.extensions [-] Ext updated: 2013-07-10T00:00:00+00:00 {{(pid=111754) _check_extension /opt/stack/cinder/cinder/api/extensions.py:178}}
Mar 13 21:32:40.014892 np0000158706 devstack@c-api.service[111754]: DEBUG cinder.api.extensions [-] Loaded extension: os-volume-encryption-metadata {{(pid=111754) register /opt/stack/cinder/cinder/api/extensions.py:135}}
Mar 13 21:32:40.014938 np0000158706 devstack@c-api.service[111754]: DEBUG cinder.api.extensions [-] Loading extension cinder.api.contrib.volume_actions.Volume_actions {{(pid=111754) load_extension /opt/stack/cinder/cinder/api/extensions.py:194}}
Mar 13 21:32:40.015376 np0000158706 devstack@c-api.service[111753]: WARNING castellan.key_manager.migration [None req-6d566670-0c92-49fd-a234-f39091e99353 None None] Using MigrationKeyManager to provide support for legacy fixed_key encryption
Mar 13 21:32:40.015829 np0000158706 devstack@c-api.service[111754]: DEBUG cinder.api.extensions [-] Calling extension factory cinder.api.contrib.volume_actions.Volume_actions {{(pid=111754) load_extension /opt/stack/cinder/cinder/api/extensions.py:200}}
Mar 13 21:32:40.015891 np0000158706 devstack@c-api.service[111754]: DEBUG cinder.api.extensions [-] Ext name: VolumeActions {{(pid=111754) _check_extension /opt/stack/cinder/cinder/api/extensions.py:174}}
Mar 13 21:32:40.015950 np0000158706 devstack@c-api.service[111754]: DEBUG cinder.api.extensions [-] Ext alias: os-volume-actions {{(pid=111754) _check_extension /opt/stack/cinder/cinder/api/extensions.py:175}}
Mar 13 21:32:40.016003 np0000158706 devstack@c-api.service[111754]: DEBUG cinder.api.extensions [-] Ext description: Enable volume actions. {{(pid=111754) _check_extension /opt/stack/cinder/cinder/api/extensions.py:176}}
Mar 13 21:32:40.016058 np0000158706 devstack@c-api.service[111754]: DEBUG cinder.api.extensions [-] Ext updated: 2012-05-31T00:00:00+00:00 {{(pid=111754) _check_extension /opt/stack/cinder/cinder/api/extensions.py:178}}
Mar 13 21:32:40.016136 np0000158706 devstack@c-api.service[111754]: DEBUG cinder.api.extensions [-] Loaded extension: os-volume-actions {{(pid=111754) register /opt/stack/cinder/cinder/api/extensions.py:135}}
Mar 13 21:32:40.016182 np0000158706 devstack@c-api.service[111754]: DEBUG cinder.api.extensions [-] Loading extension cinder.api.contrib.volume_type_access.Volume_type_access {{(pid=111754) load_extension /opt/stack/cinder/cinder/api/extensions.py:194}}
Mar 13 21:32:40.016699 np0000158706 devstack@c-api.service[111754]: DEBUG cinder.api.extensions [-] Calling extension factory cinder.api.contrib.volume_type_access.Volume_type_access {{(pid=111754) load_extension /opt/stack/cinder/cinder/api/extensions.py:200}}
Mar 13 21:32:40.016757 np0000158706 devstack@c-api.service[111754]: DEBUG cinder.api.extensions [-] Ext name: VolumeTypeAccess {{(pid=111754) _check_extension /opt/stack/cinder/cinder/api/extensions.py:174}}
Mar 13 21:32:40.016804 np0000158706 devstack@c-api.service[111754]: DEBUG cinder.api.extensions [-] Ext alias: os-volume-type-access {{(pid=111754) _check_extension /opt/stack/cinder/cinder/api/extensions.py:175}}
Mar 13 21:32:40.016871 np0000158706 devstack@c-api.service[111754]: DEBUG cinder.api.extensions [-] Ext description: Volume type access support. {{(pid=111754) _check_extension /opt/stack/cinder/cinder/api/extensions.py:176}}
Mar 13 21:32:40.016924 np0000158706 devstack@c-api.service[111754]: DEBUG cinder.api.extensions [-] Ext updated: 2014-06-26T00:00:00Z {{(pid=111754) _check_extension /opt/stack/cinder/cinder/api/extensions.py:178}}
Mar 13 21:32:40.016992 np0000158706 devstack@c-api.service[111754]: DEBUG cinder.api.extensions [-] Loaded extension: os-volume-type-access {{(pid=111754) register /opt/stack/cinder/cinder/api/extensions.py:135}}
Mar 13 21:32:40.017046 np0000158706 devstack@c-api.service[111754]: DEBUG cinder.api.extensions [-] Loading extension cinder.api.contrib.quota_classes.Quota_classes {{(pid=111754) load_extension /opt/stack/cinder/cinder/api/extensions.py:194}}
Mar 13 21:32:40.017510 np0000158706 devstack@c-api.service[111754]: DEBUG cinder.api.extensions [-] Calling extension factory cinder.api.contrib.quota_classes.Quota_classes {{(pid=111754) load_extension /opt/stack/cinder/cinder/api/extensions.py:200}}
Mar 13 21:32:40.017572 np0000158706 devstack@c-api.service[111754]: DEBUG cinder.api.extensions [-] Ext name: QuotaClasses {{(pid=111754) _check_extension /opt/stack/cinder/cinder/api/extensions.py:174}}
Mar 13 21:32:40.017665 np0000158706 devstack@c-api.service[111754]: DEBUG cinder.api.extensions [-] Ext alias: os-quota-class-sets {{(pid=111754) _check_extension /opt/stack/cinder/cinder/api/extensions.py:175}}
Mar 13 21:32:40.017724 np0000158706 devstack@c-api.service[111754]: DEBUG cinder.api.extensions [-] Ext description: Quota classes management support. {{(pid=111754) _check_extension /opt/stack/cinder/cinder/api/extensions.py:176}}
Mar 13 21:32:40.017767 np0000158706 devstack@c-api.service[111754]: DEBUG cinder.api.extensions [-] Ext updated: 2012-03-12T00:00:00+00:00 {{(pid=111754) _check_extension /opt/stack/cinder/cinder/api/extensions.py:178}}
Mar 13 21:32:40.017815 np0000158706 devstack@c-api.service[111754]: DEBUG cinder.api.extensions [-] Loaded extension: os-quota-class-sets {{(pid=111754) register /opt/stack/cinder/cinder/api/extensions.py:135}}
Mar 13 21:32:40.017898 np0000158706 devstack@c-api.service[111754]: DEBUG cinder.api.extensions [-] Loading extension cinder.api.contrib.admin_actions.Admin_actions {{(pid=111754) load_extension /opt/stack/cinder/cinder/api/extensions.py:194}}
Mar 13 21:32:40.018362 np0000158706 devstack@c-api.service[111752]: WARNING castellan.key_manager.migration [None req-5cab61a2-2343-4fc5-aad6-16b8abd527f2 None None] Using MigrationKeyManager to provide support for legacy fixed_key encryption
Mar 13 21:32:40.018689 np0000158706 devstack@c-api.service[111753]: WARNING castellan.key_manager.migration [None req-6d566670-0c92-49fd-a234-f39091e99353 None None] Using MigrationKeyManager to provide support for legacy fixed_key encryption
Mar 13 21:32:40.018736 np0000158706 devstack@c-api.service[111754]: DEBUG cinder.api.extensions [-] Calling extension factory cinder.api.contrib.admin_actions.Admin_actions {{(pid=111754) load_extension /opt/stack/cinder/cinder/api/extensions.py:200}}
Mar 13 21:32:40.018822 np0000158706 devstack@c-api.service[111754]: DEBUG cinder.api.extensions [-] Ext name: AdminActions {{(pid=111754) _check_extension /opt/stack/cinder/cinder/api/extensions.py:174}}
Mar 13 21:32:40.018879 np0000158706 devstack@c-api.service[111754]: DEBUG cinder.api.extensions [-] Ext alias: os-admin-actions {{(pid=111754) _check_extension /opt/stack/cinder/cinder/api/extensions.py:175}}
Mar 13 21:32:40.018941 np0000158706 devstack@c-api.service[111754]: DEBUG cinder.api.extensions [-] Ext description: Enable admin actions. {{(pid=111754) _check_extension /opt/stack/cinder/cinder/api/extensions.py:176}}
Mar 13 21:32:40.018991 np0000158706 devstack@c-api.service[111754]: DEBUG cinder.api.extensions [-] Ext updated: 2012-08-25T00:00:00+00:00 {{(pid=111754) _check_extension /opt/stack/cinder/cinder/api/extensions.py:178}}
Mar 13 21:32:40.019056 np0000158706 devstack@c-api.service[111754]: DEBUG cinder.api.extensions [-] Loaded extension: os-admin-actions {{(pid=111754) register /opt/stack/cinder/cinder/api/extensions.py:135}}
Mar 13 21:32:40.019117 np0000158706 devstack@c-api.service[111754]: DEBUG cinder.api.extensions [-] Loading extension cinder.api.contrib.volume_unmanage.Volume_unmanage {{(pid=111754) load_extension /opt/stack/cinder/cinder/api/extensions.py:194}}
Mar 13 21:32:40.019531 np0000158706 devstack@c-api.service[111754]: DEBUG cinder.api.extensions [-] Calling extension factory cinder.api.contrib.volume_unmanage.Volume_unmanage {{(pid=111754) load_extension /opt/stack/cinder/cinder/api/extensions.py:200}}
Mar 13 21:32:40.019578 np0000158706 devstack@c-api.service[111754]: DEBUG cinder.api.extensions [-] Ext name: VolumeUnmanage {{(pid=111754) _check_extension /opt/stack/cinder/cinder/api/extensions.py:174}}
Mar 13 21:32:40.019667 np0000158706 devstack@c-api.service[111754]: DEBUG cinder.api.extensions [-] Ext alias: os-volume-unmanage {{(pid=111754) _check_extension /opt/stack/cinder/cinder/api/extensions.py:175}}
Mar 13 21:32:40.019715 np0000158706 devstack@c-api.service[111754]: DEBUG cinder.api.extensions [-] Ext description: Enable volume unmanage operation. {{(pid=111754) _check_extension /opt/stack/cinder/cinder/api/extensions.py:176}}
Mar 13 21:32:40.019787 np0000158706 devstack@c-api.service[111754]: DEBUG cinder.api.extensions [-] Ext updated: 2012-05-31T00:00:00+00:00 {{(pid=111754) _check_extension /opt/stack/cinder/cinder/api/extensions.py:178}}
Mar 13 21:32:40.019832 np0000158706 devstack@c-api.service[111754]: DEBUG cinder.api.extensions [-] Loaded extension: os-volume-unmanage {{(pid=111754) register /opt/stack/cinder/cinder/api/extensions.py:135}}
Mar 13 21:32:40.019916 np0000158706 devstack@c-api.service[111754]: DEBUG cinder.api.extensions [-] Loading extension cinder.api.contrib.volume_mig_status_attribute.Volume_mig_status_attribute {{(pid=111754) load_extension /opt/stack/cinder/cinder/api/extensions.py:194}}
Mar 13 21:32:40.020202 np0000158706 devstack@c-api.service[111754]: DEBUG cinder.api.extensions [-] Calling extension factory cinder.api.contrib.volume_mig_status_attribute.Volume_mig_status_attribute {{(pid=111754) load_extension /opt/stack/cinder/cinder/api/extensions.py:200}}
Mar 13 21:32:40.020366 np0000158706 devstack@c-api.service[111754]: DEBUG cinder.api.extensions [-] Ext name: VolumeMigStatusAttribute {{(pid=111754) _check_extension /opt/stack/cinder/cinder/api/extensions.py:174}}
Mar 13 21:32:40.020366 np0000158706 devstack@c-api.service[111754]: DEBUG cinder.api.extensions [-] Ext alias: os-vol-mig-status-attr {{(pid=111754) _check_extension /opt/stack/cinder/cinder/api/extensions.py:175}}
Mar 13 21:32:40.020366 np0000158706 devstack@c-api.service[111754]: DEBUG cinder.api.extensions [-] Ext description: Expose migration_status as an attribute of a volume. {{(pid=111754) _check_extension /opt/stack/cinder/cinder/api/extensions.py:176}}
Mar 13 21:32:40.020482 np0000158706 devstack@c-api.service[111754]: DEBUG cinder.api.extensions [-] Ext updated: 2013-08-08T00:00:00+00:00 {{(pid=111754) _check_extension /opt/stack/cinder/cinder/api/extensions.py:178}}
Mar 13 21:32:40.020482 np0000158706 devstack@c-api.service[111754]: DEBUG cinder.api.extensions [-] Loaded extension: os-vol-mig-status-attr {{(pid=111754) register /opt/stack/cinder/cinder/api/extensions.py:135}}
Mar 13 21:32:40.020559 np0000158706 devstack@c-api.service[111754]: DEBUG cinder.api.extensions [-] Loading extension cinder.api.contrib.qos_specs_manage.Qos_specs_manage {{(pid=111754) load_extension /opt/stack/cinder/cinder/api/extensions.py:194}}
Mar 13 21:32:40.021474 np0000158706 devstack@c-api.service[111752]: WARNING castellan.key_manager.migration [None req-5cab61a2-2343-4fc5-aad6-16b8abd527f2 None None] Using MigrationKeyManager to provide support for legacy fixed_key encryption
Mar 13 21:32:40.021586 np0000158706 devstack@c-api.service[111754]: DEBUG cinder.api.extensions [-] Calling extension factory cinder.api.contrib.qos_specs_manage.Qos_specs_manage {{(pid=111754) load_extension /opt/stack/cinder/cinder/api/extensions.py:200}}
Mar 13 21:32:40.021656 np0000158706 devstack@c-api.service[111754]: DEBUG cinder.api.extensions [-] Ext name: Qos_specs_manage {{(pid=111754) _check_extension /opt/stack/cinder/cinder/api/extensions.py:174}}
Mar 13 21:32:40.021700 np0000158706 devstack@c-api.service[111754]: DEBUG cinder.api.extensions [-] Ext alias: qos-specs {{(pid=111754) _check_extension /opt/stack/cinder/cinder/api/extensions.py:175}}
Mar 13 21:32:40.021754 np0000158706 devstack@c-api.service[111754]: DEBUG cinder.api.extensions [-] Ext description: QoS specs support. {{(pid=111754) _check_extension /opt/stack/cinder/cinder/api/extensions.py:176}}
Mar 13 21:32:40.021804 np0000158706 devstack@c-api.service[111754]: DEBUG cinder.api.extensions [-] Ext updated: 2013-08-02T00:00:00+00:00 {{(pid=111754) _check_extension /opt/stack/cinder/cinder/api/extensions.py:178}}
Mar 13 21:32:40.021865 np0000158706 devstack@c-api.service[111754]: DEBUG cinder.api.extensions [-] Loaded extension: qos-specs {{(pid=111754) register /opt/stack/cinder/cinder/api/extensions.py:135}}
Mar 13 21:32:40.021992 np0000158706 devstack@c-api.service[111753]: WARNING castellan.key_manager.migration [None req-6d566670-0c92-49fd-a234-f39091e99353 None None] Using MigrationKeyManager to provide support for legacy fixed_key encryption
Mar 13 21:32:40.024550 np0000158706 devstack@c-api.service[111752]: WARNING castellan.key_manager.migration [None req-5cab61a2-2343-4fc5-aad6-16b8abd527f2 None None] Using MigrationKeyManager to provide support for legacy fixed_key encryption
Mar 13 21:32:40.027097 np0000158706 devstack@c-api.service[111753]: WARNING castellan.key_manager.migration [None req-6d566670-0c92-49fd-a234-f39091e99353 None None] Using MigrationKeyManager to provide support for legacy fixed_key encryption
Mar 13 21:32:40.027800 np0000158706 devstack@c-api.service[111752]: WARNING castellan.key_manager.migration [None req-5cab61a2-2343-4fc5-aad6-16b8abd527f2 None None] Using MigrationKeyManager to provide support for legacy fixed_key encryption
Mar 13 21:32:40.030239 np0000158706 devstack@c-api.service[111753]: WARNING castellan.key_manager.migration [None req-6d566670-0c92-49fd-a234-f39091e99353 None None] Using MigrationKeyManager to provide support for legacy fixed_key encryption
Mar 13 21:32:40.030734 np0000158706 devstack@c-api.service[111752]: WARNING castellan.key_manager.migration [None req-5cab61a2-2343-4fc5-aad6-16b8abd527f2 None None] Using MigrationKeyManager to provide support for legacy fixed_key encryption
Mar 13 21:32:40.033683 np0000158706 devstack@c-api.service[111753]: WARNING castellan.key_manager.migration [None req-6d566670-0c92-49fd-a234-f39091e99353 None None] Using MigrationKeyManager to provide support for legacy fixed_key encryption
Mar 13 21:32:40.033761 np0000158706 devstack@c-api.service[111752]: WARNING castellan.key_manager.migration [None req-5cab61a2-2343-4fc5-aad6-16b8abd527f2 None None] Using MigrationKeyManager to provide support for legacy fixed_key encryption
Mar 13 21:32:40.035435 np0000158706 devstack@c-api.service[111752]: WARNING castellan.key_manager.migration [None req-5cab61a2-2343-4fc5-aad6-16b8abd527f2 None None] Using MigrationKeyManager to provide support for legacy fixed_key encryption
Mar 13 21:32:40.036585 np0000158706 devstack@c-api.service[111753]: WARNING castellan.key_manager.migration [None req-6d566670-0c92-49fd-a234-f39091e99353 None None] Using MigrationKeyManager to provide support for legacy fixed_key encryption
Mar 13 21:32:40.038184 np0000158706 devstack@c-api.service[111752]: WARNING castellan.key_manager.migration [None req-5cab61a2-2343-4fc5-aad6-16b8abd527f2 None None] Using MigrationKeyManager to provide support for legacy fixed_key encryption
Mar 13 21:32:40.039870 np0000158706 devstack@c-api.service[111753]: WARNING castellan.key_manager.migration [None req-6d566670-0c92-49fd-a234-f39091e99353 None None] Using MigrationKeyManager to provide support for legacy fixed_key encryption
Mar 13 21:32:40.042916 np0000158706 devstack@c-api.service[111753]: WARNING castellan.key_manager.migration [None req-6d566670-0c92-49fd-a234-f39091e99353 None None] Using MigrationKeyManager to provide support for legacy fixed_key encryption
Mar 13 21:32:40.044104 np0000158706 devstack@c-api.service[111752]: WARNING castellan.key_manager.migration [None req-5cab61a2-2343-4fc5-aad6-16b8abd527f2 None None] Using MigrationKeyManager to provide support for legacy fixed_key encryption
Mar 13 21:32:40.044678 np0000158706 devstack@c-api.service[111753]: WARNING castellan.key_manager.migration [None req-6d566670-0c92-49fd-a234-f39091e99353 None None] Using MigrationKeyManager to provide support for legacy fixed_key encryption
Mar 13 21:32:40.098184 np0000158706 devstack@c-api.service[111753]: WARNING castellan.key_manager.migration [None req-6d566670-0c92-49fd-a234-f39091e99353 None None] Using MigrationKeyManager to provide support for legacy fixed_key encryption
Mar 13 21:32:40.098390 np0000158706 devstack@c-api.service[111752]: WARNING castellan.key_manager.migration [None req-5cab61a2-2343-4fc5-aad6-16b8abd527f2 None None] Using MigrationKeyManager to provide support for legacy fixed_key encryption
Mar 13 21:32:40.098390 np0000158706 devstack@c-api.service[111752]: WARNING castellan.key_manager.migration [None req-5cab61a2-2343-4fc5-aad6-16b8abd527f2 None None] Using MigrationKeyManager to provide support for legacy fixed_key encryption
Mar 13 21:32:40.098390 np0000158706 devstack@c-api.service[111752]: WARNING castellan.key_manager.migration [None req-5cab61a2-2343-4fc5-aad6-16b8abd527f2 None None] Using MigrationKeyManager to provide support for legacy fixed_key encryption
Mar 13 21:32:40.098390 np0000158706 devstack@c-api.service[111752]: WARNING castellan.key_manager.migration [None req-5cab61a2-2343-4fc5-aad6-16b8abd527f2 None None] Using MigrationKeyManager to provide support for legacy fixed_key encryption
Mar 13 21:32:40.098678 np0000158706 devstack@c-api.service[111753]: WARNING castellan.key_manager.migration [None req-6d566670-0c92-49fd-a234-f39091e99353 None None] Using MigrationKeyManager to provide support for legacy fixed_key encryption
Mar 13 21:32:40.098760 np0000158706 devstack@c-api.service[111752]: WARNING castellan.key_manager.migration [None req-5cab61a2-2343-4fc5-aad6-16b8abd527f2 None None] Using MigrationKeyManager to provide support for legacy fixed_key encryption
Mar 13 21:32:40.098760 np0000158706 devstack@c-api.service[111752]: WARNING castellan.key_manager.migration [None req-5cab61a2-2343-4fc5-aad6-16b8abd527f2 None None] Using MigrationKeyManager to provide support for legacy fixed_key encryption
Mar 13 21:32:40.098873 np0000158706 devstack@c-api.service[111753]: WARNING castellan.key_manager.migration [None req-6d566670-0c92-49fd-a234-f39091e99353 None None] Using MigrationKeyManager to provide support for legacy fixed_key encryption
Mar 13 21:32:40.098928 np0000158706 devstack@c-api.service[111752]: WARNING castellan.key_manager.migration [None req-5cab61a2-2343-4fc5-aad6-16b8abd527f2 None None] Using MigrationKeyManager to provide support for legacy fixed_key encryption
Mar 13 21:32:40.098928 np0000158706 devstack@c-api.service[111752]: WARNING castellan.key_manager.migration [None req-5cab61a2-2343-4fc5-aad6-16b8abd527f2 None None] Using MigrationKeyManager to provide support for legacy fixed_key encryption
Mar 13 21:32:40.099040 np0000158706 devstack@c-api.service[111753]: WARNING castellan.key_manager.migration [None req-6d566670-0c92-49fd-a234-f39091e99353 None None] Using MigrationKeyManager to provide support for legacy fixed_key encryption
Mar 13 21:32:40.099099 np0000158706 devstack@c-api.service[111752]: WARNING castellan.key_manager.migration [None req-5cab61a2-2343-4fc5-aad6-16b8abd527f2 None None] Using MigrationKeyManager to provide support for legacy fixed_key encryption
Mar 13 21:32:40.099157 np0000158706 devstack@c-api.service[111753]: WARNING castellan.key_manager.migration [None req-6d566670-0c92-49fd-a234-f39091e99353 None None] Using MigrationKeyManager to provide support for legacy fixed_key encryption
Mar 13 21:32:40.099212 np0000158706 devstack@c-api.service[111752]: WARNING cinder.api.contrib.hosts [None req-5cab61a2-2343-4fc5-aad6-16b8abd527f2 None None] Deprecated: The Host API is deprecated and will be be removed in a future version.
Mar 13 21:32:40.099212 np0000158706 devstack@c-api.service[111752]: DEBUG cinder.api.v3.router [None req-5cab61a2-2343-4fc5-aad6-16b8abd527f2 None None] Extended resource: extensions {{(pid=111752) _setup_ext_routes /opt/stack/cinder/cinder/api/v3/router.py:122}}
Mar 13 21:32:40.099394 np0000158706 devstack@c-api.service[111753]: WARNING castellan.key_manager.migration [None req-6d566670-0c92-49fd-a234-f39091e99353 None None] Using MigrationKeyManager to provide support for legacy fixed_key encryption
Mar 13 21:32:40.099466 np0000158706 devstack@c-api.service[111752]: DEBUG cinder.api.v3.router [None req-5cab61a2-2343-4fc5-aad6-16b8abd527f2 None None] Extended resource: backups {{(pid=111752) _setup_ext_routes /opt/stack/cinder/cinder/api/v3/router.py:122}}
Mar 13 21:32:40.099554 np0000158706 devstack@c-api.service[111753]: WARNING castellan.key_manager.migration [None req-6d566670-0c92-49fd-a234-f39091e99353 None None] Using MigrationKeyManager to provide support for legacy fixed_key encryption
Mar 13 21:32:40.099678 np0000158706 devstack@c-api.service[111752]: DEBUG cinder.api.v3.router [None req-5cab61a2-2343-4fc5-aad6-16b8abd527f2 None None] Extended resource: os-snapshot-manage {{(pid=111752) _setup_ext_routes /opt/stack/cinder/cinder/api/v3/router.py:122}}
Mar 13 21:32:40.099800 np0000158706 devstack@c-api.service[111753]: WARNING castellan.key_manager.migration [None req-6d566670-0c92-49fd-a234-f39091e99353 None None] Using MigrationKeyManager to provide support for legacy fixed_key encryption
Mar 13 21:32:40.099874 np0000158706 devstack@c-api.service[111752]: DEBUG cinder.api.v3.router [None req-5cab61a2-2343-4fc5-aad6-16b8abd527f2 None None] Extended resource: scheduler-stats {{(pid=111752) _setup_ext_routes /opt/stack/cinder/cinder/api/v3/router.py:122}}
Mar 13 21:32:40.099950 np0000158706 devstack@c-api.service[111753]: WARNING castellan.key_manager.migration [None req-6d566670-0c92-49fd-a234-f39091e99353 None None] Using MigrationKeyManager to provide support for legacy fixed_key encryption
Mar 13 21:32:40.099950 np0000158706 devstack@c-api.service[111753]: WARNING castellan.key_manager.migration [None req-6d566670-0c92-49fd-a234-f39091e99353 None None] Using MigrationKeyManager to provide support for legacy fixed_key encryption
Mar 13 21:32:40.100057 np0000158706 devstack@c-api.service[111752]: DEBUG cinder.api.v3.router [None req-5cab61a2-2343-4fc5-aad6-16b8abd527f2 None None] Extended resource: os-availability-zone {{(pid=111752) _setup_ext_routes /opt/stack/cinder/cinder/api/v3/router.py:122}}
Mar 13 21:32:40.100132 np0000158706 devstack@c-api.service[111754]: INFO dbcounter [None req-5501b682-40ac-49ac-ae93-f824d2ba6a41 None None] Registered counter for database cinder
Mar 13 21:32:40.100198 np0000158706 devstack@c-api.service[111752]: DEBUG cinder.api.v3.router [None req-5cab61a2-2343-4fc5-aad6-16b8abd527f2 None None] Extended resource: capabilities {{(pid=111752) _setup_ext_routes /opt/stack/cinder/cinder/api/v3/router.py:122}}
Mar 13 21:32:40.100279 np0000158706 devstack@c-api.service[111753]: WARNING castellan.key_manager.migration [None req-6d566670-0c92-49fd-a234-f39091e99353 None None] Using MigrationKeyManager to provide support for legacy fixed_key encryption
Mar 13 21:32:40.100339 np0000158706 devstack@c-api.service[111752]: DEBUG cinder.api.v3.router [None req-5cab61a2-2343-4fc5-aad6-16b8abd527f2 None None] Extended resource: os-quota-sets {{(pid=111752) _setup_ext_routes /opt/stack/cinder/cinder/api/v3/router.py:122}}
Mar 13 21:32:40.100401 np0000158706 devstack@c-api.service[111753]: WARNING cinder.api.contrib.hosts [None req-6d566670-0c92-49fd-a234-f39091e99353 None None] Deprecated: The Host API is deprecated and will be be removed in a future version.
Mar 13 21:32:40.100401 np0000158706 devstack@c-api.service[111753]: DEBUG cinder.api.v3.router [None req-6d566670-0c92-49fd-a234-f39091e99353 None None] Extended resource: extensions {{(pid=111753) _setup_ext_routes /opt/stack/cinder/cinder/api/v3/router.py:122}}
Mar 13 21:32:40.100521 np0000158706 devstack@c-api.service[111752]: DEBUG cinder.api.v3.router [None req-5cab61a2-2343-4fc5-aad6-16b8abd527f2 None None] Extended resource: cgsnapshots {{(pid=111752) _setup_ext_routes /opt/stack/cinder/cinder/api/v3/router.py:122}}
Mar 13 21:32:40.100584 np0000158706 devstack@c-api.service[111753]: DEBUG cinder.api.v3.router [None req-6d566670-0c92-49fd-a234-f39091e99353 None None] Extended resource: backups {{(pid=111753) _setup_ext_routes /opt/stack/cinder/cinder/api/v3/router.py:122}}
Mar 13 21:32:40.100694 np0000158706 devstack@c-api.service[111752]: DEBUG cinder.api.v3.router [None req-5cab61a2-2343-4fc5-aad6-16b8abd527f2 None None] Extended resource: os-volume-manage {{(pid=111752) _setup_ext_routes /opt/stack/cinder/cinder/api/v3/router.py:122}}
Mar 13 21:32:40.100762 np0000158706 devstack@c-api.service[111751]: DEBUG dbcounter [-] [111751] Writer thread running {{(pid=111751) stat_writer /opt/stack/data/venv/lib/python3.12/site-packages/dbcounter.py:102}}
Mar 13 21:32:40.100849 np0000158706 devstack@c-api.service[111753]: DEBUG cinder.api.v3.router [None req-6d566670-0c92-49fd-a234-f39091e99353 None None] Extended resource: os-snapshot-manage {{(pid=111753) _setup_ext_routes /opt/stack/cinder/cinder/api/v3/router.py:122}}
Mar 13 21:32:40.100913 np0000158706 devstack@c-api.service[111752]: DEBUG cinder.api.v3.router [None req-5cab61a2-2343-4fc5-aad6-16b8abd527f2 None None] Extended resource: encryption {{(pid=111752) _setup_ext_routes /opt/stack/cinder/cinder/api/v3/router.py:122}}
Mar 13 21:32:40.100987 np0000158706 devstack@c-api.service[111753]: DEBUG cinder.api.v3.router [None req-6d566670-0c92-49fd-a234-f39091e99353 None None] Extended resource: scheduler-stats {{(pid=111753) _setup_ext_routes /opt/stack/cinder/cinder/api/v3/router.py:122}}
Mar 13 21:32:40.101056 np0000158706 devstack@c-api.service[111752]: DEBUG cinder.api.v3.router [None req-5cab61a2-2343-4fc5-aad6-16b8abd527f2 None None] Extended resource: os-volume-transfer {{(pid=111752) _setup_ext_routes /opt/stack/cinder/cinder/api/v3/router.py:122}}
Mar 13 21:32:40.101119 np0000158706 devstack@c-api.service[111751]: INFO cinder.rpc [None req-a7e18a7c-ad57-4c67-8fa3-3524a2110103 None None] Automatically selected cinder-scheduler objects version 1.39 as minimum service version.
Mar 13 21:32:40.101179 np0000158706 devstack@c-api.service[111752]: DEBUG cinder.api.v3.router [None req-5cab61a2-2343-4fc5-aad6-16b8abd527f2 None None] Extended resource: consistencygroups {{(pid=111752) _setup_ext_routes /opt/stack/cinder/cinder/api/v3/router.py:122}}
Mar 13 21:32:40.101240 np0000158706 devstack@c-api.service[111751]: INFO cinder.rpc [None req-a7e18a7c-ad57-4c67-8fa3-3524a2110103 None None] Automatically selected cinder-scheduler RPC version 3.12 as minimum service version.
Mar 13 21:32:40.101300 np0000158706 devstack@c-api.service[111754]: DEBUG oslo_db.sqlalchemy.engines [None req-5501b682-40ac-49ac-ae93-f824d2ba6a41 None None] MySQL server mode set to STRICT_TRANS_TABLES,STRICT_ALL_TABLES,NO_ZERO_IN_DATE,NO_ZERO_DATE,ERROR_FOR_DIVISION_BY_ZERO,TRADITIONAL,NO_ENGINE_SUBSTITUTION {{(pid=111754) _check_effective_sql_mode /opt/stack/data/venv/lib/python3.12/site-packages/oslo_db/sqlalchemy/engines.py:325}}
Mar 13 21:32:40.101365 np0000158706 devstack@c-api.service[111752]: DEBUG cinder.api.v3.router [None req-5cab61a2-2343-4fc5-aad6-16b8abd527f2 None None] Extended resource: os-hosts {{(pid=111752) _setup_ext_routes /opt/stack/cinder/cinder/api/v3/router.py:122}}
Mar 13 21:32:40.101426 np0000158706 devstack@c-api.service[111751]: INFO cinder.rpc [None req-a7e18a7c-ad57-4c67-8fa3-3524a2110103 None None] Automatically selected cinder-volume objects version 1.39 as minimum service version.
Mar 13 21:32:40.101486 np0000158706 devstack@c-api.service[111752]: DEBUG cinder.api.v3.router [None req-5cab61a2-2343-4fc5-aad6-16b8abd527f2 None None] Extended resource: extra_specs {{(pid=111752) _setup_ext_routes /opt/stack/cinder/cinder/api/v3/router.py:122}}
Mar 13 21:32:40.101578 np0000158706 devstack@c-api.service[111753]: DEBUG cinder.api.v3.router [None req-6d566670-0c92-49fd-a234-f39091e99353 None None] Extended resource: os-availability-zone {{(pid=111753) _setup_ext_routes /opt/stack/cinder/cinder/api/v3/router.py:122}}
Mar 13 21:32:40.101578 np0000158706 devstack@c-api.service[111753]: DEBUG cinder.api.v3.router [None req-6d566670-0c92-49fd-a234-f39091e99353 None None] Extended resource: capabilities {{(pid=111753) _setup_ext_routes /opt/stack/cinder/cinder/api/v3/router.py:122}}
Mar 13 21:32:40.102410 np0000158706 devstack@c-api.service[111752]: DEBUG cinder.api.v3.router [None req-5cab61a2-2343-4fc5-aad6-16b8abd527f2 None None] Extended resource: encryption {{(pid=111752) _setup_ext_routes /opt/stack/cinder/cinder/api/v3/router.py:122}}
Mar 13 21:32:40.102487 np0000158706 devstack@c-api.service[111751]: INFO cinder.rpc [None req-a7e18a7c-ad57-4c67-8fa3-3524a2110103 None None] Automatically selected cinder-volume RPC version 3.20 as minimum service version.
Mar 13 21:32:40.102548 np0000158706 devstack@c-api.service[111753]: DEBUG cinder.api.v3.router [None req-6d566670-0c92-49fd-a234-f39091e99353 None None] Extended resource: os-quota-sets {{(pid=111753) _setup_ext_routes /opt/stack/cinder/cinder/api/v3/router.py:122}}
Mar 13 21:32:40.102610 np0000158706 devstack@c-api.service[111751]: WARNING castellan.key_manager.migration [None req-a7e18a7c-ad57-4c67-8fa3-3524a2110103 None None] Using MigrationKeyManager to provide support for legacy fixed_key encryption
Mar 13 21:32:40.102743 np0000158706 devstack@c-api.service[111752]: DEBUG cinder.api.v3.router [None req-5cab61a2-2343-4fc5-aad6-16b8abd527f2 None None] Extended resource: os-volume-type-access {{(pid=111752) _setup_ext_routes /opt/stack/cinder/cinder/api/v3/router.py:122}}
Mar 13 21:32:40.102834 np0000158706 devstack@c-api.service[111753]: DEBUG cinder.api.v3.router [None req-6d566670-0c92-49fd-a234-f39091e99353 None None] Extended resource: cgsnapshots {{(pid=111753) _setup_ext_routes /opt/stack/cinder/cinder/api/v3/router.py:122}}
Mar 13 21:32:40.102897 np0000158706 devstack@c-api.service[111752]: DEBUG cinder.api.v3.router [None req-5cab61a2-2343-4fc5-aad6-16b8abd527f2 None None] Extended resource: os-quota-class-sets {{(pid=111752) _setup_ext_routes /opt/stack/cinder/cinder/api/v3/router.py:122}}
