2026-05-11 02:06:03.212 7 INFO neutron.db.ovn_revision_numbers_db [None req-fe5fa096-7cc0-4354-844f-c19794bae981 195309f0f31c4770a7911605e8998191 27700b8933fd409d8cb796ff075ee41b - - default default] Successfully bumped revision number for resource c6de8020-8e4b-4d4d-9e90-f2ec97e90c90 (type: networks) to 1
2026-05-11 02:06:03.358 7 WARNING neutron.scheduler.dhcp_agent_scheduler [None req-fe5fa096-7cc0-4354-844f-c19794bae981 195309f0f31c4770a7911605e8998191 27700b8933fd409d8cb796ff075ee41b - - default default] No more DHCP agents
2026-05-11 02:06:03.359 7 WARNING neutron.api.rpc.agentnotifiers.dhcp_rpc_agent_api [None req-fe5fa096-7cc0-4354-844f-c19794bae981 195309f0f31c4770a7911605e8998191 27700b8933fd409d8cb796ff075ee41b - - default default] Unable to schedule network c6de8020-8e4b-4d4d-9e90-f2ec97e90c90: no agents available; will retry on subsequent port and subnet creation events.
2026-05-11 02:06:03.446 7 INFO neutron.db.ovn_revision_numbers_db [None req-fe5fa096-7cc0-4354-844f-c19794bae981 195309f0f31c4770a7911605e8998191 27700b8933fd409d8cb796ff075ee41b - - default default] Successfully bumped revision number for resource 3d36c2cf-d936-4b86-a0ca-7143e42c12c2 (type: ports) to 1 [pid: 7|app: 0|req: 866/1567] 10.0.0.228 () {34 vars in 670 bytes} [Mon May 11 02:06:02 2026] POST /v2.0/networks => generated 629 bytes in 785 msecs (HTTP/1.1 201) 4 headers in 162 bytes (1 switches on core 0)
2026-05-11 02:06:03.472 8 WARNING neutron.plugins.ml2.drivers.ovn.mech_driver.ovsdb.ovn_client [None req-2a4aeb80-0d89-4b0c-b26b-b8df67bec676 - - - - - -] Logical_Switch_Port 6642b340-d95f-4e10-8634-08b27e4d447e host information not removed, the port state is up
2026-05-11 02:06:03.474 8 INFO neutron.plugins.ml2.drivers.ovn.mech_driver.mech_driver [None req-2a4aeb80-0d89-4b0c-b26b-b8df67bec676 - - - - - -] OVN reports status up for port: 6642b340-d95f-4e10-8634-08b27e4d447e [pid: 7|app: 0|req: 867/1568] 10.0.0.110 () {34 vars in 990 bytes} [Mon May 11 02:06:03 2026] GET /v2.0/ports?device_id=de90971f-1593-41b6-91f0-36d44b7ed65b => generated 12 bytes in 22 msecs (HTTP/1.1 200) 4 headers in 156 bytes (1 switches on core 0) [pid: 7|app: 0|req: 868/1569] 10.0.0.228 () {32 vars in 717 bytes} [Mon May 11 02:06:03 2026] GET /v2.0/ports/6642b340-d95f-4e10-8634-08b27e4d447e => generated 945 bytes in 48 msecs (HTTP/1.1 200) 4 headers in 157 bytes (1 switches on core 0) [pid: 8|app: 0|req: 702/1570] 10.0.0.228 () {32 vars in 720 bytes} [Mon May 11 02:06:02 2026] DELETE /v2.0/ports/f0daa9a0-438f-4f4a-8f94-f83547c6e549 => generated 0 bytes in 849 msecs (HTTP/1.1 204) 3 headers in 131 bytes (1 switches on core 0)
2026-05-11 02:06:03.537 8 INFO neutron.plugins.ml2.plugin [None req-2a4aeb80-0d89-4b0c-b26b-b8df67bec676 - - - - - -] Attempt 1 to provision port 6642b340-d95f-4e10-8634-08b27e4d447e
2026-05-11 02:06:03.621 7 INFO neutron.db.segments_db [None req-5a4ff1f2-7cdb-4521-9b3c-0279b4cba91d 195309f0f31c4770a7911605e8998191 27700b8933fd409d8cb796ff075ee41b - - default default] Added segment d7a7399f-daf8-496d-a060-f24b914ce2f6 of type geneve for network 71239974-976f-4cdd-9cb9-d52e95d72c14
2026-05-11 02:06:03.737 7 INFO neutron.db.ovn_revision_numbers_db [None req-5a4ff1f2-7cdb-4521-9b3c-0279b4cba91d 195309f0f31c4770a7911605e8998191 27700b8933fd409d8cb796ff075ee41b - - default default] Successfully bumped revision number for resource 71239974-976f-4cdd-9cb9-d52e95d72c14 (type: networks) to 1
2026-05-11 02:06:03.790 8 INFO neutron_taas.services.taas.taas_plugin [None req-be172222-7bca-4424-8472-0d42ba456b49 e71c45da3e864ab6adef4d1b6453603e 11bceeb55d05463c9182ba9adb87350f - - default default] TaaS: Handle Delete Port: 77c15602-7297-4011-bb7e-f6d937a3c99f
2026-05-11 02:06:03.795 8 INFO neutron_taas.services.taas.tap_mirror_plugin [None req-be172222-7bca-4424-8472-0d42ba456b49 e71c45da3e864ab6adef4d1b6453603e 11bceeb55d05463c9182ba9adb87350f - - default default] Tap Mirror: Handle Delete Port: 77c15602-7297-4011-bb7e-f6d937a3c99f
2026-05-11 02:06:03.904 7 WARNING neutron.scheduler.dhcp_agent_scheduler [None req-5a4ff1f2-7cdb-4521-9b3c-0279b4cba91d 195309f0f31c4770a7911605e8998191 27700b8933fd409d8cb796ff075ee41b - - default default] No more DHCP agents
2026-05-11 02:06:03.905 7 WARNING neutron.api.rpc.agentnotifiers.dhcp_rpc_agent_api [None req-5a4ff1f2-7cdb-4521-9b3c-0279b4cba91d 195309f0f31c4770a7911605e8998191 27700b8933fd409d8cb796ff075ee41b - - default default] Unable to schedule network 71239974-976f-4cdd-9cb9-d52e95d72c14: no agents available; will retry on subsequent port and subnet creation events.
2026-05-11 02:06:04.004 7 INFO neutron.db.ovn_revision_numbers_db [None req-5a4ff1f2-7cdb-4521-9b3c-0279b4cba91d 195309f0f31c4770a7911605e8998191 27700b8933fd409d8cb796ff075ee41b - - default default] Successfully bumped revision number for resource 3143f696-b1ac-409b-8837-2e8012468961 (type: ports) to 1 [pid: 7|app: 0|req: 869/1571] 10.0.0.228 () {34 vars in 670 bytes} [Mon May 11 02:06:03 2026] POST /v2.0/networks => generated 630 bytes in 509 msecs (HTTP/1.1 201) 4 headers in 162 bytes (1 switches on core 0)
2026-05-11 02:06:04.123 8 INFO neutron.db.ovn_revision_numbers_db [None req-2a4aeb80-0d89-4b0c-b26b-b8df67bec676 - - - - - -] Successfully bumped revision number for resource 6642b340-d95f-4e10-8634-08b27e4d447e (type: ports) to 2
2026-05-11 02:06:04.230 8 INFO neutron.services.segments.plugin [-] Segment 7e0c44de-0637-4a36-b22c-0cae1e5663bb resource provider aggregate not found
2026-05-11 02:06:04.233 8 INFO neutron.services.segments.plugin [-] Segment 7e0c44de-0637-4a36-b22c-0cae1e5663bb resource provider aggregate not found
2026-05-11 02:06:04.242 7 WARNING neutron.scheduler.dhcp_agent_scheduler [None req-72622a37-bafb-4f8e-a7c8-03b800c229e0 195309f0f31c4770a7911605e8998191 27700b8933fd409d8cb796ff075ee41b - - default default] No more DHCP agents
2026-05-11 02:06:04.254 7 WARNING neutron.api.rpc.agentnotifiers.dhcp_rpc_agent_api [None req-72622a37-bafb-4f8e-a7c8-03b800c229e0 195309f0f31c4770a7911605e8998191 27700b8933fd409d8cb796ff075ee41b - - default default] Unable to schedule network c6de8020-8e4b-4d4d-9e90-f2ec97e90c90: no agents available; will retry on subsequent port and subnet creation events.
2026-05-11 02:06:04.257 8 INFO neutron.services.segments.plugin [-] Segment 7e0c44de-0637-4a36-b22c-0cae1e5663bb resource provider not found; error: Placement Client Error (4xx): {"errors": [{"status": 404, "title": "Not Found", "detail": "The resource could not be found.\n\n No resource provider with uuid 7e0c44de-0637-4a36-b22c-0cae1e5663bb found for delete ", "request_id": "req-6310a8c5-9801-4231-a5b3-c3d685377919"}]}
2026-05-11 02:06:04.262 8 INFO neutron.services.segments.plugin [-] Segment 7e0c44de-0637-4a36-b22c-0cae1e5663bb resource provider not found; error: Placement Client Error (4xx): {"errors": [{"status": 404, "title": "Not Found", "detail": "The resource could not be found.\n\n No resource provider with uuid 7e0c44de-0637-4a36-b22c-0cae1e5663bb found for delete ", "request_id": "req-fe2faf29-0ed8-4e42-9305-4117db40543c"}]} [pid: 8|app: 0|req: 703/1572] 10.0.0.228 () {32 vars in 726 bytes} [Mon May 11 02:06:03 2026] DELETE /v2.0/networks/a7aa7c16-a066-4aae-a815-4d7dcb729a24 => generated 0 bytes in 760 msecs (HTTP/1.1 204) 3 headers in 131 bytes (1 switches on core 0)
2026-05-11 02:06:04.419 8 INFO neutron_taas.services.taas.taas_plugin [None req-9a642dbb-a7f8-4bdf-9928-6a0490bafdb6 e71c45da3e864ab6adef4d1b6453603e 11bceeb55d05463c9182ba9adb87350f - - default default] TaaS: Handle Delete Port: 2b35f365-09db-40d6-b9f0-88f3018d339e
2026-05-11 02:06:04.422 8 INFO neutron_taas.services.taas.tap_mirror_plugin [None req-9a642dbb-a7f8-4bdf-9928-6a0490bafdb6 e71c45da3e864ab6adef4d1b6453603e 11bceeb55d05463c9182ba9adb87350f - - default default] Tap Mirror: Handle Delete Port: 2b35f365-09db-40d6-b9f0-88f3018d339e [pid: 8|app: 0|req: 704/1573] 10.0.0.228 () {32 vars in 726 bytes} [Mon May 11 02:06:04 2026] DELETE /v2.0/networks/2ea38998-d7ae-49b0-b803-23a36bfd9627 => generated 0 bytes in 340 msecs (HTTP/1.1 204) 3 headers in 131 bytes (1 switches on core 0)
2026-05-11 02:06:04.759 7 INFO neutron.db.ovn_revision_numbers_db [None req-dfb5c0dc-75d9-4691-94db-e2db9c13bee5 - - - - - -] Successfully bumped revision number for resource 3d36c2cf-d936-4b86-a0ca-7143e42c12c2 (type: ports) to 2
2026-05-11 02:06:04.787 7 INFO neutron.db.ovn_revision_numbers_db [None req-dfb5c0dc-75d9-4691-94db-e2db9c13bee5 - - - - - -] Successfully bumped revision number for resource eca95855-b5e0-48ae-9eb7-cb4476bac2de (type: subnets) to 0 [pid: 8|app: 0|req: 705/1574] 10.0.0.228 () {32 vars in 717 bytes} [Mon May 11 02:06:04 2026] GET /v2.0/ports/6642b340-d95f-4e10-8634-08b27e4d447e => generated 947 bytes in 138 msecs (HTTP/1.1 200) 4 headers in 157 bytes (1 switches on core 0) [pid: 7|app: 0|req: 870/1575] 10.0.0.228 () {34 vars in 669 bytes} [Mon May 11 02:06:04 2026] POST /v2.0/subnets => generated 626 bytes in 752 msecs (HTTP/1.1 201) 4 headers in 162 bytes (1 switches on core 0) [pid: 8|app: 0|req: 706/1576] 10.0.0.110 () {34 vars in 990 bytes} [Mon May 11 02:06:04 2026] GET /v2.0/ports?device_id=de90971f-1593-41b6-91f0-36d44b7ed65b => generated 12 bytes in 14 msecs (HTTP/1.1 200) 4 headers in 156 bytes (1 switches on core 0)
2026-05-11 02:06:04.928 7 INFO neutron_taas.services.taas.taas_plugin [None req-c654edea-8c9e-4a60-b57f-82f59b13d673 e71c45da3e864ab6adef4d1b6453603e 11bceeb55d05463c9182ba9adb87350f - - default default] TaaS: Handle Delete Port: fd1bfefe-91e5-4244-a425-6cc0137b3774
2026-05-11 02:06:04.930 7 INFO neutron_taas.services.taas.tap_mirror_plugin [None req-c654edea-8c9e-4a60-b57f-82f59b13d673 e71c45da3e864ab6adef4d1b6453603e 11bceeb55d05463c9182ba9adb87350f - - default default] Tap Mirror: Handle Delete Port: fd1bfefe-91e5-4244-a425-6cc0137b3774
2026-05-11 02:06:05.086 8 INFO neutron_taas.services.taas.taas_plugin [None req-142e4ea4-1ca5-4c7f-b0a6-12353a7c9e47 1529264c1f2f47a2832d09b61315c48b b191743daf1b4d93a7612031a8252ae2 - - default default] TaaS: Handle Delete Port: 6642b340-d95f-4e10-8634-08b27e4d447e
2026-05-11 02:06:05.090 8 INFO neutron_taas.services.taas.tap_mirror_plugin [None req-142e4ea4-1ca5-4c7f-b0a6-12353a7c9e47 1529264c1f2f47a2832d09b61315c48b b191743daf1b4d93a7612031a8252ae2 - - default default] Tap Mirror: Handle Delete Port: 6642b340-d95f-4e10-8634-08b27e4d447e
2026-05-11 02:06:05.104 7 INFO neutron.services.segments.plugin [-] Segment 6031c67e-3043-4b02-b176-0ef3c9d54e69 resource provider aggregate not found
2026-05-11 02:06:05.109 7 INFO neutron.services.segments.plugin [-] Segment 6031c67e-3043-4b02-b176-0ef3c9d54e69 resource provider aggregate not found
2026-05-11 02:06:05.125 7 INFO neutron.services.segments.plugin [-] Segment 6031c67e-3043-4b02-b176-0ef3c9d54e69 resource provider not found; error: Placement Client Error (4xx): {"errors": [{"status": 404, "title": "Not Found", "detail": "The resource could not be found.\n\n No resource provider with uuid 6031c67e-3043-4b02-b176-0ef3c9d54e69 found for delete ", "request_id": "req-3491df9b-6d4a-4099-a6ec-a2ebc5655ae8"}]}
2026-05-11 02:06:05.128 7 INFO neutron.services.segments.plugin [-] Segment 6031c67e-3043-4b02-b176-0ef3c9d54e69 resource provider not found; error: Placement Client Error (4xx): {"errors": [{"status": 404, "title": "Not Found", "detail": "The resource could not be found.\n\n No resource provider with uuid 6031c67e-3043-4b02-b176-0ef3c9d54e69 found for delete ", "request_id": "req-ce2e892d-77ac-4bd1-b6fe-801e408a9dd5"}]} [pid: 7|app: 0|req: 871/1577] 10.0.0.228 () {32 vars in 726 bytes} [Mon May 11 02:06:04 2026] DELETE /v2.0/networks/3f25faac-f87b-49fe-a824-feb5d59d2161 => generated 0 bytes in 355 msecs (HTTP/1.1 204) 3 headers in 131 bytes (1 switches on core 0)
2026-05-11 02:06:05.354 7 WARNING neutron.scheduler.dhcp_agent_scheduler [None req-441efe82-0036-4cce-a130-56e7b6c26ec2 195309f0f31c4770a7911605e8998191 27700b8933fd409d8cb796ff075ee41b - - default default] No more DHCP agents
2026-05-11 02:06:05.356 7 WARNING neutron.api.rpc.agentnotifiers.dhcp_rpc_agent_api [None req-441efe82-0036-4cce-a130-56e7b6c26ec2 195309f0f31c4770a7911605e8998191 27700b8933fd409d8cb796ff075ee41b - - default default] Unable to schedule network 71239974-976f-4cdd-9cb9-d52e95d72c14: no agents available; will retry on subsequent port and subnet creation events. [pid: 8|app: 0|req: 707/1578] 10.0.0.228 () {34 vars in 789 bytes} [Mon May 11 02:06:04 2026] PUT /v2.0/routers/31d58fac-76b0-4903-afd0-0b10018648d7/remove_router_interface => generated 309 bytes in 612 msecs (HTTP/1.1 200) 4 headers in 157 bytes (1 switches on core 0) /var/lib/openstack/lib/python3.12/site-packages/pycadf/identifier.py:70: UserWarning: Invalid uuid: neutron. To ensure interoperability, identifiers should be a valid uuid. warnings.warn(('Invalid uuid: %s. To ensure interoperability, ' [pid: 8|app: 0|req: 708/1579] 199.204.45.169 () {34 vars in 986 bytes} [Mon May 11 02:06:05 2026] GET /v2.0/networks?id=c00113d9-1bda-415f-a03b-757f97c6cee7 => generated 676 bytes in 46 msecs (HTTP/1.1 200) 4 headers in 157 bytes (1 switches on core 0)
2026-05-11 02:06:05.575 8 INFO neutron_taas.services.taas.taas_plugin [None req-ab882ee3-cd60-4ce5-8358-c2f58b97cbda e71c45da3e864ab6adef4d1b6453603e 11bceeb55d05463c9182ba9adb87350f - - default default] TaaS: Handle Delete Port: 0dff6f53-cecf-45b1-873a-fb67e49defee
2026-05-11 02:06:05.578 8 INFO neutron_taas.services.taas.tap_mirror_plugin [None req-ab882ee3-cd60-4ce5-8358-c2f58b97cbda e71c45da3e864ab6adef4d1b6453603e 11bceeb55d05463c9182ba9adb87350f - - default default] Tap Mirror: Handle Delete Port: 0dff6f53-cecf-45b1-873a-fb67e49defee [pid: 8|app: 0|req: 709/1580] 10.0.0.228 () {32 vars in 726 bytes} [Mon May 11 02:06:05 2026] DELETE /v2.0/networks/cfdacc8b-87a9-4314-8dbe-b8ab9a6f627a => generated 0 bytes in 380 msecs (HTTP/1.1 204) 3 headers in 131 bytes (1 switches on core 0)
2026-05-11 02:06:05.853 7 INFO neutron.db.ovn_revision_numbers_db [None req-761c921e-3b7f-41d3-997e-549769f6656f - - - - - -] Successfully bumped revision number for resource 3143f696-b1ac-409b-8837-2e8012468961 (type: ports) to 2 [pid: 8|app: 0|req: 710/1581] 10.0.0.228 () {32 vars in 736 bytes} [Mon May 11 02:06:05 2026] GET /v2.0/ports?device_id=31d58fac-76b0-4903-afd0-0b10018648d7 => generated 12 bytes in 19 msecs (HTTP/1.1 200) 4 headers in 156 bytes (1 switches on core 0)
2026-05-11 02:06:05.879 7 INFO neutron.db.ovn_revision_numbers_db [None req-761c921e-3b7f-41d3-997e-549769f6656f - - - - - -] Successfully bumped revision number for resource 7d2cf58e-07c7-4748-86b9-105717adf7b4 (type: subnets) to 0 [pid: 8|app: 0|req: 711/1582] 199.204.45.169 () {34 vars in 1050 bytes} [Mon May 11 02:06:05 2026] GET /v2.0/security-groups?fields=id&fields=name&tenant_id=39f7b08810e9414b9ee86cb1528b2641 => generated 181 bytes in 29 msecs (HTTP/1.1 200) 4 headers in 157 bytes (1 switches on core 0) [pid: 7|app: 0|req: 872/1583] 10.0.0.228 () {34 vars in 669 bytes} [Mon May 11 02:06:05 2026] POST /v2.0/subnets => generated 626 bytes in 738 msecs (HTTP/1.1 201) 4 headers in 162 bytes (1 switches on core 0)
2026-05-11 02:06:05.991 8 INFO neutron_taas.services.taas.taas_plugin [None req-8040795e-bb5a-4801-bfa1-f9dd2cc50609 e71c45da3e864ab6adef4d1b6453603e 11bceeb55d05463c9182ba9adb87350f - - default default] TaaS: Handle Delete Port: 90e9accb-c67f-4e9b-ac79-94538386d415
2026-05-11 02:06:05.994 8 INFO neutron_taas.services.taas.tap_mirror_plugin [None req-8040795e-bb5a-4801-bfa1-f9dd2cc50609 e71c45da3e864ab6adef4d1b6453603e 11bceeb55d05463c9182ba9adb87350f - - default default] Tap Mirror: Handle Delete Port: 90e9accb-c67f-4e9b-ac79-94538386d415 [pid: 7|app: 0|req: 873/1584] 10.0.0.228 () {32 vars in 724 bytes} [Mon May 11 02:06:05 2026] DELETE /v2.0/routers/31d58fac-76b0-4903-afd0-0b10018648d7 => generated 0 bytes in 180 msecs (HTTP/1.1 204) 2 headers in 112 bytes (1 switches on core 0) [pid: 7|app: 0|req: 874/1585] 10.0.0.110 () {34 vars in 990 bytes} [Mon May 11 02:06:06 2026] GET /v2.0/ports?device_id=de90971f-1593-41b6-91f0-36d44b7ed65b => generated 12 bytes in 28 msecs (HTTP/1.1 200) 4 headers in 156 bytes (1 switches on core 0) [pid: 8|app: 0|req: 712/1586] 10.0.0.228 () {32 vars in 726 bytes} [Mon May 11 02:06:05 2026] DELETE /v2.0/networks/84a5c029-d017-44e5-b18b-5dd1fcfdc4d7 => generated 0 bytes in 345 msecs (HTTP/1.1 204) 3 headers in 131 bytes (1 switches on core 0)
2026-05-11 02:06:06.280 8 INFO neutron.services.segments.plugin [-] Segment 71781160-457c-4982-9117-bb184d138997 resource provider aggregate not found
2026-05-11 02:06:06.286 8 INFO neutron.services.segments.plugin [-] Segment 71781160-457c-4982-9117-bb184d138997 resource provider aggregate not found
2026-05-11 02:06:06.308 8 INFO neutron.services.segments.plugin [-] Segment 71781160-457c-4982-9117-bb184d138997 resource provider not found; error: Placement Client Error (4xx): {"errors": [{"status": 404, "title": "Not Found", "detail": "The resource could not be found.\n\n No resource provider with uuid 71781160-457c-4982-9117-bb184d138997 found for delete ", "request_id": "req-9ed0224e-8a61-4971-a4ce-0eef4778890a"}]}
2026-05-11 02:06:06.318 8 INFO neutron.services.segments.plugin [-] Segment 71781160-457c-4982-9117-bb184d138997 resource provider not found; error: Placement Client Error (4xx): {"errors": [{"status": 404, "title": "Not Found", "detail": "The resource could not be found.\n\n No resource provider with uuid 71781160-457c-4982-9117-bb184d138997 found for delete ", "request_id": "req-6cbe5954-d4ed-4170-8e28-a350f5e0321e"}]}
2026-05-11 02:06:06.334 8 INFO neutron.services.segments.plugin [-] Segment fb1f492a-ea38-4eb0-9b94-ca333c90f0dd resource provider aggregate not found
2026-05-11 02:06:06.342 8 INFO neutron.services.segments.plugin [-] Segment fb1f492a-ea38-4eb0-9b94-ca333c90f0dd resource provider aggregate not found
2026-05-11 02:06:06.353 8 INFO neutron.services.segments.plugin [-] Segment fb1f492a-ea38-4eb0-9b94-ca333c90f0dd resource provider not found; error: Placement Client Error (4xx): {"errors": [{"status": 404, "title": "Not Found", "detail": "The resource could not be found.\n\n No resource provider with uuid fb1f492a-ea38-4eb0-9b94-ca333c90f0dd found for delete ", "request_id": "req-ac3d37b7-e494-4595-9cb9-7ba5b16ee1d7"}]}
2026-05-11 02:06:06.360 8 INFO neutron.services.segments.plugin [-] Segment fb1f492a-ea38-4eb0-9b94-ca333c90f0dd resource provider not found; error: Placement Client Error (4xx): {"errors": [{"status": 404, "title": "Not Found", "detail": "The resource could not be found.\n\n No resource provider with uuid fb1f492a-ea38-4eb0-9b94-ca333c90f0dd found for delete ", "request_id": "req-eb9d954c-a97a-4898-88a5-f2fd633951b6"}]}
2026-05-11 02:06:06.380 8 INFO neutron.services.segments.plugin [-] Segment f52ec243-ab74-4f68-8211-75e5d1882fe8 resource provider aggregate not found
2026-05-11 02:06:06.382 8 INFO neutron.services.segments.plugin [-] Segment f52ec243-ab74-4f68-8211-75e5d1882fe8 resource provider aggregate not found
2026-05-11 02:06:06.406 7 WARNING neutron.scheduler.dhcp_agent_scheduler [req-ff23ad46-8459-46d6-bb57-3eadcd3fa5f1 req-71a9d207-9cec-49b0-9446-fc3a947234be 51777995d70d45a685b50108350e70a5 39f7b08810e9414b9ee86cb1528b2641 - - default default] No more DHCP agents
2026-05-11 02:06:06.407 7 WARNING neutron.api.rpc.agentnotifiers.dhcp_rpc_agent_api [req-ff23ad46-8459-46d6-bb57-3eadcd3fa5f1 req-71a9d207-9cec-49b0-9446-fc3a947234be 51777995d70d45a685b50108350e70a5 39f7b08810e9414b9ee86cb1528b2641 - - default default] Unable to schedule network c00113d9-1bda-415f-a03b-757f97c6cee7: no agents available; will retry on subsequent port and subnet creation events.
2026-05-11 02:06:06.420 8 INFO neutron.services.segments.plugin [-] Segment f52ec243-ab74-4f68-8211-75e5d1882fe8 resource provider not found; error: Placement Client Error (4xx): {"errors": [{"status": 404, "title": "Not Found", "detail": "The resource could not be found.\n\n No resource provider with uuid f52ec243-ab74-4f68-8211-75e5d1882fe8 found for delete ", "request_id": "req-b5d6bcdb-aeec-46e6-b1a9-aa9ae2b06fad"}]}
2026-05-11 02:06:06.423 8 INFO neutron.services.segments.plugin [-] Segment f52ec243-ab74-4f68-8211-75e5d1882fe8 resource provider not found; error: Placement Client Error (4xx): {"errors": [{"status": 404, "title": "Not Found", "detail": "The resource could not be found.\n\n No resource provider with uuid f52ec243-ab74-4f68-8211-75e5d1882fe8 found for delete ", "request_id": "req-58c73190-dcc6-4eac-aa76-21a1cdf8ab23"}]}
2026-05-11 02:06:06.431 8 INFO neutron.db.ovn_revision_numbers_db [None req-9b8035fd-dc76-4f4d-920b-1e267234d30d 195309f0f31c4770a7911605e8998191 27700b8933fd409d8cb796ff075ee41b - - default default] Successfully bumped revision number for resource e3f82e18-a641-450a-bcc9-f4a42459332b (type: routers) to 1 [pid: 8|app: 0|req: 713/1587] 10.0.0.228 () {34 vars in 669 bytes} [Mon May 11 02:06:06 2026] POST /v2.0/routers => generated 603 bytes in 214 msecs (HTTP/1.1 201) 4 headers in 162 bytes (1 switches on core 0)
2026-05-11 02:06:06.585 7 INFO neutron.db.ovn_revision_numbers_db [req-ff23ad46-8459-46d6-bb57-3eadcd3fa5f1 req-71a9d207-9cec-49b0-9446-fc3a947234be 51777995d70d45a685b50108350e70a5 39f7b08810e9414b9ee86cb1528b2641 - - default default] Successfully bumped revision number for resource 84108e13-0ddc-488e-8eec-58c9647596d9 (type: ports) to 1 [pid: 8|app: 0|req: 714/1588] 10.0.0.228 () {32 vars in 724 bytes} [Mon May 11 02:06:06 2026] DELETE /v2.0/subnets/f102a15c-cf6d-4eef-a43e-135221b4f7d8 => generated 0 bytes in 201 msecs (HTTP/1.1 204) 3 headers in 131 bytes (1 switches on core 0) [pid: 7|app: 0|req: 875/1589] 199.204.45.169 () {38 vars in 955 bytes} [Mon May 11 02:06:06 2026] POST /v2.0/ports => generated 954 bytes in 548 msecs (HTTP/1.1 201) 4 headers in 162 bytes (1 switches on core 0) /var/lib/openstack/lib/python3.12/site-packages/pycadf/identifier.py:70: UserWarning: Invalid uuid: neutron. To ensure interoperability, identifiers should be a valid uuid. warnings.warn(('Invalid uuid: %s. To ensure interoperability, '
2026-05-11 02:06:06.764 7 INFO neutron_taas.services.taas.taas_plugin [None req-ba432876-e305-4473-87f4-e56d4682550a 1529264c1f2f47a2832d09b61315c48b b191743daf1b4d93a7612031a8252ae2 - - default default] TaaS: Handle Delete Port: e4474085-ebb3-4133-95e3-89b26ef6c850
2026-05-11 02:06:06.767 7 INFO neutron_taas.services.taas.tap_mirror_plugin [None req-ba432876-e305-4473-87f4-e56d4682550a 1529264c1f2f47a2832d09b61315c48b b191743daf1b4d93a7612031a8252ae2 - - default default] Tap Mirror: Handle Delete Port: e4474085-ebb3-4133-95e3-89b26ef6c850 [pid: 7|app: 0|req: 876/1590] 10.0.0.228 () {32 vars in 726 bytes} [Mon May 11 02:06:06 2026] DELETE /v2.0/networks/b6a1953f-c9a5-48eb-aa6b-7a3290b3f4f7 => generated 0 bytes in 379 msecs (HTTP/1.1 204) 3 headers in 131 bytes (1 switches on core 0)
2026-05-11 02:06:07.071 8 WARNING neutron.scheduler.dhcp_agent_scheduler [None req-1881a942-b008-4455-a4c6-082f24270c32 195309f0f31c4770a7911605e8998191 27700b8933fd409d8cb796ff075ee41b - - default default] No more DHCP agents
2026-05-11 02:06:07.073 8 WARNING neutron.api.rpc.agentnotifiers.dhcp_rpc_agent_api [None req-1881a942-b008-4455-a4c6-082f24270c32 195309f0f31c4770a7911605e8998191 27700b8933fd409d8cb796ff075ee41b - - default default] Unable to schedule network c6de8020-8e4b-4d4d-9e90-f2ec97e90c90: no agents available; will retry on subsequent port and subnet creation events.
2026-05-11 02:06:07.148 7 INFO neutron.services.segments.plugin [-] Segment 253d5d2f-f131-42e0-a9d8-e7e003ab5299 resource provider aggregate not found
2026-05-11 02:06:07.155 7 INFO neutron.services.segments.plugin [-] Segment 253d5d2f-f131-42e0-a9d8-e7e003ab5299 resource provider aggregate not found
2026-05-11 02:06:07.173 7 INFO neutron.services.segments.plugin [-] Segment 253d5d2f-f131-42e0-a9d8-e7e003ab5299 resource provider not found; error: Placement Client Error (4xx): {"errors": [{"status": 404, "title": "Not Found", "detail": "The resource could not be found.\n\n No resource provider with uuid 253d5d2f-f131-42e0-a9d8-e7e003ab5299 found for delete ", "request_id": "req-7b23231a-bd22-406d-a6ad-0aab26395ad3"}]}
2026-05-11 02:06:07.189 7 INFO neutron.services.segments.plugin [-] Segment 253d5d2f-f131-42e0-a9d8-e7e003ab5299 resource provider not found; error: Placement Client Error (4xx): {"errors": [{"status": 404, "title": "Not Found", "detail": "The resource could not be found.\n\n No resource provider with uuid 253d5d2f-f131-42e0-a9d8-e7e003ab5299 found for delete ", "request_id": "req-01b5daf8-7a9e-45d1-925c-fb39d78b28dc"}]}
2026-05-11 02:06:07.253 8 INFO neutron.db.ovn_revision_numbers_db [None req-1881a942-b008-4455-a4c6-082f24270c32 195309f0f31c4770a7911605e8998191 27700b8933fd409d8cb796ff075ee41b - - default default] Successfully bumped revision number for resource d86d3d5e-e6d3-4785-a35d-1f20b363761c (type: ports) to 1
2026-05-11 02:06:07.447 7 INFO neutron.db.ovn_revision_numbers_db [req-ff23ad46-8459-46d6-bb57-3eadcd3fa5f1 req-064207d8-f063-4b96-82ef-803a127abdec 66ef9e8ba5dd4692865b8dba1a6d31a8 3de6992d3b044ea690a21804b0f9f5f6 - - 05ed05b91ee44cf1bcf9ab1f06502272 05ed05b91ee44cf1bcf9ab1f06502272] Successfully bumped revision number for resource 84108e13-0ddc-488e-8eec-58c9647596d9 (type: ports) to 2
2026-05-11 02:06:07.658 7 INFO neutron.db.ovn_revision_numbers_db [req-ff23ad46-8459-46d6-bb57-3eadcd3fa5f1 req-064207d8-f063-4b96-82ef-803a127abdec 66ef9e8ba5dd4692865b8dba1a6d31a8 3de6992d3b044ea690a21804b0f9f5f6 - - 05ed05b91ee44cf1bcf9ab1f06502272 05ed05b91ee44cf1bcf9ab1f06502272] Successfully bumped revision number for resource 84108e13-0ddc-488e-8eec-58c9647596d9 (type: ports) to 4 [pid: 7|app: 0|req: 877/1591] 199.204.45.169 () {38 vars in 1028 bytes} [Mon May 11 02:06:07 2026] PUT /v2.0/ports/84108e13-0ddc-488e-8eec-58c9647596d9 => generated 1204 bytes in 639 msecs (HTTP/1.1 200) 4 headers in 158 bytes (1 switches on core 0)
2026-05-11 02:06:07.728 7 INFO neutron.notifiers.nova [-] Nova event matching ['req-2d75f6c0-aaa4-4e08-8b92-18eaef90af78'] response: {'name': 'network-changed', 'server_uuid': 'de90971f-1593-41b6-91f0-36d44b7ed65b', 'tag': '84108e13-0ddc-488e-8eec-58c9647596d9', 'status': 'completed', 'code': 200} /var/lib/openstack/lib/python3.12/site-packages/pycadf/identifier.py:70: UserWarning: Invalid uuid: neutron. To ensure interoperability, identifiers should be a valid uuid. warnings.warn(('Invalid uuid: %s. To ensure interoperability, '
2026-05-11 02:06:07.882 8 WARNING neutron.scheduler.dhcp_agent_scheduler [None req-1881a942-b008-4455-a4c6-082f24270c32 195309f0f31c4770a7911605e8998191 27700b8933fd409d8cb796ff075ee41b - - default default] No more DHCP agents
2026-05-11 02:06:07.883 8 WARNING neutron.api.rpc.agentnotifiers.dhcp_rpc_agent_api [None req-1881a942-b008-4455-a4c6-082f24270c32 195309f0f31c4770a7911605e8998191 27700b8933fd409d8cb796ff075ee41b - - default default] Unable to schedule network c6de8020-8e4b-4d4d-9e90-f2ec97e90c90: no agents available; will retry on subsequent port and subnet creation events.
2026-05-11 02:06:07.963 7 INFO neutron.db.ovn_revision_numbers_db [None req-d459ef28-c43d-4dd6-864b-fa465cf1aca3 df9a104709b14144912c37da97e0a6da 2426139d7132481682faf268e4b9c4d2 - - default default] Successfully bumped revision number for resource 97a78ce1-a928-4d1a-8057-431bc63959a9 (type: security_groups) to 1
2026-05-11 02:06:07.975 7 INFO neutron.db.ovn_revision_numbers_db [None req-d459ef28-c43d-4dd6-864b-fa465cf1aca3 df9a104709b14144912c37da97e0a6da 2426139d7132481682faf268e4b9c4d2 - - default default] Successfully bumped revision number for resource 0afb6e17-583b-4ecd-aba4-b149028c6185 (type: security_group_rules) to 0
2026-05-11 02:06:07.987 7 INFO neutron.db.ovn_revision_numbers_db [None req-d459ef28-c43d-4dd6-864b-fa465cf1aca3 df9a104709b14144912c37da97e0a6da 2426139d7132481682faf268e4b9c4d2 - - default default] Successfully bumped revision number for resource 595dda0c-735d-46be-ab4e-5991bcf06f0c (type: security_group_rules) to 0
2026-05-11 02:06:07.997 7 INFO neutron.db.ovn_revision_numbers_db [None req-d459ef28-c43d-4dd6-864b-fa465cf1aca3 df9a104709b14144912c37da97e0a6da 2426139d7132481682faf268e4b9c4d2 - - default default] Successfully bumped revision number for resource b7d968a5-68b4-43b0-ae5c-32d4e45868a0 (type: security_group_rules) to 0
2026-05-11 02:06:08.008 7 INFO neutron.db.ovn_revision_numbers_db [None req-d459ef28-c43d-4dd6-864b-fa465cf1aca3 df9a104709b14144912c37da97e0a6da 2426139d7132481682faf268e4b9c4d2 - - default default] Successfully bumped revision number for resource cfa489d0-c248-484e-b83b-e8c202b73cd2 (type: security_group_rules) to 0 [pid: 7|app: 0|req: 878/1592] 10.0.0.228 () {32 vars in 774 bytes} [Mon May 11 02:06:07 2026] GET /v2.0/security-groups?tenant_id=a8baf80aba2e4af3adc96a0232b2b224&name=default => generated 2925 bytes in 366 msecs (HTTP/1.1 200) 4 headers in 158 bytes (1 switches on core 0)
2026-05-11 02:06:08.169 8 INFO neutron.db.ovn_revision_numbers_db [None req-1881a942-b008-4455-a4c6-082f24270c32 195309f0f31c4770a7911605e8998191 27700b8933fd409d8cb796ff075ee41b - - default default] Successfully bumped revision number for resource d86d3d5e-e6d3-4785-a35d-1f20b363761c (type: router_ports) to 1 [pid: 8|app: 0|req: 715/1593] 10.0.0.228 () {34 vars in 783 bytes} [Mon May 11 02:06:06 2026] PUT /v2.0/routers/e3f82e18-a641-450a-bcc9-f4a42459332b/add_router_interface => generated 309 bytes in 1523 msecs (HTTP/1.1 200) 4 headers in 157 bytes (1 switches on core 0) [pid: 8|app: 0|req: 716/1594] 10.0.0.110 () {34 vars in 990 bytes} [Mon May 11 02:06:08 2026] GET /v2.0/ports?device_id=de90971f-1593-41b6-91f0-36d44b7ed65b => generated 969 bytes in 73 msecs (HTTP/1.1 200) 4 headers in 157 bytes (1 switches on core 0)
2026-05-11 02:06:08.502 7 WARNING neutron.scheduler.dhcp_agent_scheduler [None req-c2b458d8-5723-47a4-90d6-fb0a32e8f1e0 1529264c1f2f47a2832d09b61315c48b b191743daf1b4d93a7612031a8252ae2 - - default default] No more DHCP agents
2026-05-11 02:06:08.504 7 WARNING neutron.api.rpc.agentnotifiers.dhcp_rpc_agent_api [None req-c2b458d8-5723-47a4-90d6-fb0a32e8f1e0 1529264c1f2f47a2832d09b61315c48b b191743daf1b4d93a7612031a8252ae2 - - default default] Unable to schedule network eff7851b-2f2c-4be0-9ff0-84a0a3c90357: no agents available; will retry on subsequent port and subnet creation events. [pid: 8|app: 0|req: 717/1595] 10.0.0.228 () {32 vars in 740 bytes} [Mon May 11 02:06:08 2026] DELETE /v2.0/security-groups/97a78ce1-a928-4d1a-8057-431bc63959a9 => generated 0 bytes in 264 msecs (HTTP/1.1 204) 2 headers in 112 bytes (1 switches on core 0) [pid: 8|app: 0|req: 718/1596] 10.0.0.228 () {32 vars in 717 bytes} [Mon May 11 02:06:08 2026] GET /v2.0/ports/d86d3d5e-e6d3-4785-a35d-1f20b363761c => generated 941 bytes in 82 msecs (HTTP/1.1 200) 4 headers in 157 bytes (1 switches on core 0)
2026-05-11 02:06:08.654 7 INFO neutron.db.ovn_revision_numbers_db [None req-c2b458d8-5723-47a4-90d6-fb0a32e8f1e0 1529264c1f2f47a2832d09b61315c48b b191743daf1b4d93a7612031a8252ae2 - - default default] Successfully bumped revision number for resource d0cb9c3d-bf90-43ed-8203-9b7962386076 (type: ports) to 1 [pid: 8|app: 0|req: 719/1597] 199.204.45.169 () {34 vars in 1080 bytes} [Mon May 11 02:06:08 2026] GET /v2.0/ports?tenant_id=39f7b08810e9414b9ee86cb1528b2641&device_id=de90971f-1593-41b6-91f0-36d44b7ed65b => generated 1207 bytes in 64 msecs (HTTP/1.1 200) 4 headers in 158 bytes (1 switches on core 0) [pid: 8|app: 0|req: 720/1598] 10.0.0.110 () {34 vars in 1040 bytes} [Mon May 11 02:06:08 2026] GET /v2.0/security-groups?id=8db4bdbb-f58c-449e-b7ee-8b004f7c9a6c&fields=id&fields=name => generated 114 bytes in 34 msecs (HTTP/1.1 200) 4 headers in 157 bytes (1 switches on core 0) [pid: 8|app: 0|req: 721/1599] 10.0.0.228 () {32 vars in 774 bytes} [Mon May 11 02:06:08 2026] GET /v2.0/security-groups?tenant_id=11bceeb55d05463c9182ba9adb87350f&name=default => generated 2925 bytes in 24 msecs (HTTP/1.1 200) 4 headers in 158 bytes (1 switches on core 0)
2026-05-11 02:06:09.132 8 WARNING neutron.scheduler.dhcp_agent_scheduler [None req-c21dce08-64dc-4c45-b216-07d8f91fc34f 195309f0f31c4770a7911605e8998191 27700b8933fd409d8cb796ff075ee41b - - default default] No more DHCP agents
2026-05-11 02:06:09.133 8 WARNING neutron.api.rpc.agentnotifiers.dhcp_rpc_agent_api [None req-c21dce08-64dc-4c45-b216-07d8f91fc34f 195309f0f31c4770a7911605e8998191 27700b8933fd409d8cb796ff075ee41b - - default default] Unable to schedule network 71239974-976f-4cdd-9cb9-d52e95d72c14: no agents available; will retry on subsequent port and subnet creation events.
2026-05-11 02:06:09.173 7 INFO neutron.plugins.ml2.drivers.ovn.mech_driver.ovsdb.commands [-] Schedule LRP lrp-d0cb9c3d-bf90-43ed-8203-9b7962386076 on gateway 70ae5331-e9cb-4786-b7ad-aa3d2e8db6ec with priority 1
2026-05-11 02:06:09.275 7 INFO neutron.db.ovn_revision_numbers_db [None req-c2b458d8-5723-47a4-90d6-fb0a32e8f1e0 1529264c1f2f47a2832d09b61315c48b b191743daf1b4d93a7612031a8252ae2 - - default default] Successfully bumped revision number for resource d0cb9c3d-bf90-43ed-8203-9b7962386076 (type: router_ports) to 1
2026-05-11 02:06:09.367 7 INFO neutron.db.ovn_revision_numbers_db [None req-c2b458d8-5723-47a4-90d6-fb0a32e8f1e0 1529264c1f2f47a2832d09b61315c48b b191743daf1b4d93a7612031a8252ae2 - - default default] Successfully bumped revision number for resource d6d44402-c4ea-42ea-acd8-8e95ee2b677f (type: routers) to 2
2026-05-11 02:06:09.381 8 INFO neutron.db.ovn_revision_numbers_db [None req-c21dce08-64dc-4c45-b216-07d8f91fc34f 195309f0f31c4770a7911605e8998191 27700b8933fd409d8cb796ff075ee41b - - default default] Successfully bumped revision number for resource 8af3b004-cc26-468f-8f59-d46036401dee (type: ports) to 1 [pid: 7|app: 0|req: 879/1600] 10.0.0.228 () {34 vars in 669 bytes} [Mon May 11 02:06:08 2026] POST /v2.0/routers => generated 952 bytes in 1348 msecs (HTTP/1.1 201) 4 headers in 162 bytes (1 switches on core 0) [pid: 7|app: 0|req: 880/1601] 199.204.45.169 () {34 vars in 1018 bytes} [Mon May 11 02:06:09 2026] GET /v2.0/networks?tenant_id=39f7b08810e9414b9ee86cb1528b2641&shared=False => generated 775 bytes in 41 msecs (HTTP/1.1 200) 4 headers in 157 bytes (1 switches on core 0)
2026-05-11 02:06:09.537 8 WARNING neutron.plugins.ml2.drivers.ovn.mech_driver.ovsdb.ovn_client [None req-47ce1fdf-ebf4-4327-a370-665d1ed4fca1 - - - - - -] No port found with ID 6642b340-d95f-4e10-8634-08b27e4d447e: RuntimeError: No port found with ID 6642b340-d95f-4e10-8634-08b27e4d447e
2026-05-11 02:06:09.552 8 INFO neutron.plugins.ml2.drivers.ovn.mech_driver.mech_driver [None req-47ce1fdf-ebf4-4327-a370-665d1ed4fca1 - - - - - -] OVN reports status down for port: 3d36c2cf-d936-4b86-a0ca-7143e42c12c2 [pid: 7|app: 0|req: 881/1602] 10.0.0.228 () {32 vars in 740 bytes} [Mon May 11 02:06:09 2026] DELETE /v2.0/security-groups/d9d5e2fa-21e4-4abf-87b9-f8e3a6d3cfe5 => generated 0 bytes in 243 msecs (HTTP/1.1 204) 2 headers in 112 bytes (1 switches on core 0) [pid: 7|app: 0|req: 882/1603] 10.0.0.228 () {32 vars in 721 bytes} [Mon May 11 02:06:09 2026] GET /v2.0/routers/d6d44402-c4ea-42ea-acd8-8e95ee2b677f => generated 958 bytes in 54 msecs (HTTP/1.1 200) 4 headers in 157 bytes (1 switches on core 0) [pid: 7|app: 0|req: 883/1604] 199.204.45.169 () {34 vars in 930 bytes} [Mon May 11 02:06:09 2026] GET /v2.0/networks?shared=True => generated 753 bytes in 42 msecs (HTTP/1.1 200) 4 headers in 157 bytes (1 switches on core 0)
2026-05-11 02:06:09.830 8 INFO neutron.plugins.ml2.drivers.ovn.mech_driver.mech_driver [None req-47ce1fdf-ebf4-4327-a370-665d1ed4fca1 - - - - - -] OVN reports status down for port: 3143f696-b1ac-409b-8837-2e8012468961 [pid: 7|app: 0|req: 884/1605] 10.0.0.228 () {32 vars in 647 bytes} [Mon May 11 02:06:09 2026] GET /v2.0/routers => generated 961 bytes in 65 msecs (HTTP/1.1 200) 4 headers in 157 bytes (1 switches on core 0) [pid: 7|app: 0|req: 885/1606] 10.0.0.110 () {34 vars in 990 bytes} [Mon May 11 02:06:09 2026] GET /v2.0/ports?device_id=de90971f-1593-41b6-91f0-36d44b7ed65b => generated 969 bytes in 32 msecs (HTTP/1.1 200) 4 headers in 157 bytes (1 switches on core 0)
2026-05-11 02:06:10.032 7 INFO neutron.db.ovn_revision_numbers_db [None req-3418500b-e8b8-46f0-acc5-9b72ea51e00f df9a104709b14144912c37da97e0a6da 2426139d7132481682faf268e4b9c4d2 - - default default] Successfully bumped revision number for resource ec4a3a85-fc81-4c26-88ea-ecd2bcac272c (type: security_groups) to 1
2026-05-11 02:06:10.045 7 INFO neutron.db.ovn_revision_numbers_db [None req-3418500b-e8b8-46f0-acc5-9b72ea51e00f df9a104709b14144912c37da97e0a6da 2426139d7132481682faf268e4b9c4d2 - - default default] Successfully bumped revision number for resource 18d01265-ddcf-4373-9fb4-f3b65631f5f1 (type: security_group_rules) to 0
2026-05-11 02:06:10.056 7 INFO neutron.db.ovn_revision_numbers_db [None req-3418500b-e8b8-46f0-acc5-9b72ea51e00f df9a104709b14144912c37da97e0a6da 2426139d7132481682faf268e4b9c4d2 - - default default] Successfully bumped revision number for resource 73496f39-02fb-4c45-8fe5-9836fdbc3834 (type: security_group_rules) to 0
2026-05-11 02:06:10.068 7 INFO neutron.db.ovn_revision_numbers_db [None req-3418500b-e8b8-46f0-acc5-9b72ea51e00f df9a104709b14144912c37da97e0a6da 2426139d7132481682faf268e4b9c4d2 - - default default] Successfully bumped revision number for resource e67ce246-7058-40aa-88c2-ac68e12286f6 (type: security_group_rules) to 0
2026-05-11 02:06:10.076 8 INFO neutron.plugins.ml2.drivers.ovn.mech_driver.mech_driver [None req-47ce1fdf-ebf4-4327-a370-665d1ed4fca1 - - - - - -] OVN reports status down for port: 84108e13-0ddc-488e-8eec-58c9647596d9
2026-05-11 02:06:10.080 7 INFO neutron.db.ovn_revision_numbers_db [None req-3418500b-e8b8-46f0-acc5-9b72ea51e00f df9a104709b14144912c37da97e0a6da 2426139d7132481682faf268e4b9c4d2 - - default default] Successfully bumped revision number for resource f6a6c1ab-1577-4a1d-8f29-70e48e0abe92 (type: security_group_rules) to 0 [pid: 7|app: 0|req: 886/1607] 10.0.0.228 () {32 vars in 774 bytes} [Mon May 11 02:06:09 2026] GET /v2.0/security-groups?tenant_id=2e2b4c98337c4e3884c4b1405a44163c&name=default => generated 2925 bytes in 244 msecs (HTTP/1.1 200) 4 headers in 158 bytes (1 switches on core 0)
2026-05-11 02:06:10.191 8 INFO neutron.plugins.ml2.drivers.ovn.mech_driver.mech_driver [None req-47ce1fdf-ebf4-4327-a370-665d1ed4fca1 - - - - - -] OVN reports status down for port: d86d3d5e-e6d3-4785-a35d-1f20b363761c
2026-05-11 02:06:10.239 8 INFO neutron.notifiers.nova [-] Nova event matching ['req-981b43d1-65d8-434a-8808-5bc60e904af5'] response: {'server_uuid': 'de90971f-1593-41b6-91f0-36d44b7ed65b', 'name': 'network-vif-unplugged', 'status': 'completed', 'tag': '84108e13-0ddc-488e-8eec-58c9647596d9', 'code': 200}
2026-05-11 02:06:10.331 8 WARNING neutron.plugins.ml2.drivers.ovn.mech_driver.ovsdb.ovn_client [None req-47ce1fdf-ebf4-4327-a370-665d1ed4fca1 - - - - - -] Logical_Switch_Port d86d3d5e-e6d3-4785-a35d-1f20b363761c host information not removed, the port state is up
2026-05-11 02:06:10.333 8 INFO neutron.plugins.ml2.drivers.ovn.mech_driver.mech_driver [None req-47ce1fdf-ebf4-4327-a370-665d1ed4fca1 - - - - - -] OVN reports status up for port: d86d3d5e-e6d3-4785-a35d-1f20b363761c
2026-05-11 02:06:10.347 8 INFO neutron.plugins.ml2.plugin [None req-47ce1fdf-ebf4-4327-a370-665d1ed4fca1 - - - - - -] Attempt 1 to provision port d86d3d5e-e6d3-4785-a35d-1f20b363761c
2026-05-11 02:06:10.348 8 WARNING neutron.scheduler.dhcp_agent_scheduler [None req-c21dce08-64dc-4c45-b216-07d8f91fc34f 195309f0f31c4770a7911605e8998191 27700b8933fd409d8cb796ff075ee41b - - default default] No more DHCP agents
2026-05-11 02:06:10.351 8 WARNING neutron.api.rpc.agentnotifiers.dhcp_rpc_agent_api [None req-c21dce08-64dc-4c45-b216-07d8f91fc34f 195309f0f31c4770a7911605e8998191 27700b8933fd409d8cb796ff075ee41b - - default default] Unable to schedule network 71239974-976f-4cdd-9cb9-d52e95d72c14: no agents available; will retry on subsequent port and subnet creation events.
2026-05-11 02:06:10.538 7 INFO neutron.db.ovn_revision_numbers_db [None req-c741b224-8772-4fd6-bcd4-b69c5c75d46d 1529264c1f2f47a2832d09b61315c48b b191743daf1b4d93a7612031a8252ae2 - - default default] Successfully bumped revision number for resource d6d44402-c4ea-42ea-acd8-8e95ee2b677f (type: routers) to 3 [pid: 7|app: 0|req: 887/1608] 10.0.0.228 () {34 vars in 741 bytes} [Mon May 11 02:06:10 2026] PUT /v2.0/routers/d6d44402-c4ea-42ea-acd8-8e95ee2b677f => generated 965 bytes in 430 msecs (HTTP/1.1 200) 4 headers in 157 bytes (1 switches on core 0) [pid: 7|app: 0|req: 888/1609] 10.0.0.110 () {34 vars in 1040 bytes} [Mon May 11 02:06:10 2026] GET /v2.0/security-groups?id=8db4bdbb-f58c-449e-b7ee-8b004f7c9a6c&fields=id&fields=name => generated 114 bytes in 25 msecs (HTTP/1.1 200) 4 headers in 157 bytes (1 switches on core 0)
2026-05-11 02:06:10.861 8 INFO neutron.db.ovn_revision_numbers_db [None req-c21dce08-64dc-4c45-b216-07d8f91fc34f 195309f0f31c4770a7911605e8998191 27700b8933fd409d8cb796ff075ee41b - - default default] Successfully bumped revision number for resource 8af3b004-cc26-468f-8f59-d46036401dee (type: router_ports) to 1 [pid: 7|app: 0|req: 889/1610] 10.0.0.228 () {32 vars in 740 bytes} [Mon May 11 02:06:10 2026] DELETE /v2.0/security-groups/ec4a3a85-fc81-4c26-88ea-ecd2bcac272c => generated 0 bytes in 306 msecs (HTTP/1.1 204) 2 headers in 112 bytes (1 switches on core 0) [pid: 8|app: 0|req: 722/1611] 10.0.0.228 () {34 vars in 783 bytes} [Mon May 11 02:06:08 2026] PUT /v2.0/routers/e3f82e18-a641-450a-bcc9-f4a42459332b/add_router_interface => generated 309 bytes in 2160 msecs (HTTP/1.1 200) 4 headers in 157 bytes (1 switches on core 0) [pid: 7|app: 0|req: 890/1612] 10.0.0.228 () {32 vars in 721 bytes} [Mon May 11 02:06:10 2026] GET /v2.0/routers/d6d44402-c4ea-42ea-acd8-8e95ee2b677f => generated 965 bytes in 52 msecs (HTTP/1.1 200) 4 headers in 157 bytes (1 switches on core 0) [pid: 8|app: 0|req: 723/1613] 199.204.45.169 () {34 vars in 1080 bytes} [Mon May 11 02:06:10 2026] GET /v2.0/ports?tenant_id=39f7b08810e9414b9ee86cb1528b2641&device_id=de90971f-1593-41b6-91f0-36d44b7ed65b => generated 1207 bytes in 63 msecs (HTTP/1.1 200) 4 headers in 158 bytes (1 switches on core 0) [pid: 8|app: 0|req: 724/1614] 10.0.0.228 () {32 vars in 736 bytes} [Mon May 11 02:06:10 2026] GET /v2.0/ports?device_id=d6d44402-c4ea-42ea-acd8-8e95ee2b677f => generated 12 bytes in 45 msecs (HTTP/1.1 200) 4 headers in 156 bytes (1 switches on core 0) [pid: 7|app: 0|req: 891/1615] 10.0.0.228 () {32 vars in 717 bytes} [Mon May 11 02:06:10 2026] GET /v2.0/ports/8af3b004-cc26-468f-8f59-d46036401dee => generated 941 bytes in 73 msecs (HTTP/1.1 200) 4 headers in 157 bytes (1 switches on core 0) [pid: 8|app: 0|req: 725/1616] 199.204.45.169 () {34 vars in 1058 bytes} [Mon May 11 02:06:10 2026] GET /v2.0/floatingips?fixed_ip_address=10.100.0.9&port_id=84108e13-0ddc-488e-8eec-58c9647596d9 => generated 19 bytes in 48 msecs (HTTP/1.1 200) 4 headers in 156 bytes (1 switches on core 0) [pid: 8|app: 0|req: 726/1617] 10.0.0.228 () {32 vars in 717 bytes} [Mon May 11 02:06:11 2026] GET /v2.0/ports/8af3b004-cc26-468f-8f59-d46036401dee => generated 941 bytes in 216 msecs (HTTP/1.1 200) 4 headers in 157 bytes (1 switches on core 0)
2026-05-11 02:06:11.276 8 INFO neutron.db.ovn_revision_numbers_db [None req-47ce1fdf-ebf4-4327-a370-665d1ed4fca1 - - - - - -] Successfully bumped revision number for resource d86d3d5e-e6d3-4785-a35d-1f20b363761c (type: ports) to 2 [pid: 8|app: 0|req: 727/1618] 199.204.45.169 () {34 vars in 984 bytes} [Mon May 11 02:06:11 2026] GET /v2.0/subnets?id=401f59c9-9ce1-4cd9-bad2-02394eefbfd8 => generated 694 bytes in 43 msecs (HTTP/1.1 200) 4 headers in 157 bytes (1 switches on core 0) [pid: 8|app: 0|req: 728/1619] 199.204.45.169 () {34 vars in 1052 bytes} [Mon May 11 02:06:11 2026] GET /v2.0/ports?network_id=c00113d9-1bda-415f-a03b-757f97c6cee7&device_owner=network%3Adhcp => generated 12 bytes in 30 msecs (HTTP/1.1 200) 4 headers in 156 bytes (1 switches on core 0)
2026-05-11 02:06:11.365 7 INFO neutron_taas.services.taas.taas_plugin [None req-dfc0b4ff-d0b6-4881-bb02-1786062a097b 1529264c1f2f47a2832d09b61315c48b b191743daf1b4d93a7612031a8252ae2 - - default default] TaaS: Handle Delete Port: d0cb9c3d-bf90-43ed-8203-9b7962386076
2026-05-11 02:06:11.368 7 INFO neutron_taas.services.taas.tap_mirror_plugin [None req-dfc0b4ff-d0b6-4881-bb02-1786062a097b 1529264c1f2f47a2832d09b61315c48b b191743daf1b4d93a7612031a8252ae2 - - default default] Tap Mirror: Handle Delete Port: d0cb9c3d-bf90-43ed-8203-9b7962386076 [pid: 8|app: 0|req: 731/1622] 199.204.45.169 () {34 vars in 1012 bytes} [Mon May 11 02:06:11 2026] GET /v2.0/networks/c00113d9-1bda-415f-a03b-757f97c6cee7?fields=segments => generated 14 bytes in 57 msecs (HTTP/1.1 200) 4 headers in 156 bytes (1 switches on core 0) [pid: 8|app: 0|req: 732/1623] 199.204.45.169 () {34 vars in 1112 bytes} [Mon May 11 02:06:11 2026] GET /v2.0/networks/c00113d9-1bda-415f-a03b-757f97c6cee7?fields=provider%3Aphysical_network&fields=provider%3Anetwork_type => generated 79 bytes in 36 msecs (HTTP/1.1 200) 4 headers in 156 bytes (1 switches on core 0) [pid: 8|app: 0|req: 733/1624] 10.0.0.110 () {34 vars in 990 bytes} [Mon May 11 02:06:11 2026] GET /v2.0/ports?device_id=de90971f-1593-41b6-91f0-36d44b7ed65b => generated 969 bytes in 35 msecs (HTTP/1.1 200) 4 headers in 157 bytes (1 switches on core 0) [pid: 8|app: 0|req: 734/1625] 10.0.0.110 () {34 vars in 1040 bytes} [Mon May 11 02:06:11 2026] GET /v2.0/security-groups?id=8db4bdbb-f58c-449e-b7ee-8b004f7c9a6c&fields=id&fields=name => generated 114 bytes in 31 msecs (HTTP/1.1 200) 4 headers in 157 bytes (1 switches on core 0) [pid: 7|app: 0|req: 892/1626] 10.0.0.228 () {32 vars in 724 bytes} [Mon May 11 02:06:11 2026] DELETE /v2.0/routers/d6d44402-c4ea-42ea-acd8-8e95ee2b677f => generated 0 bytes in 870 msecs (HTTP/1.1 204) 2 headers in 112 bytes (1 switches on core 0) [pid: 8|app: 0|req: 735/1627] 10.0.0.228 () {32 vars in 736 bytes} [Mon May 11 02:06:11 2026] GET /v2.0/ports?device_id=d6d44402-c4ea-42ea-acd8-8e95ee2b677f => generated 12 bytes in 22 msecs (HTTP/1.1 200) 4 headers in 156 bytes (1 switches on core 0)
2026-05-11 02:06:11.939 7 INFO neutron.api.v2.resource [None req-66a9d4dc-eea2-47ac-b313-0475a93aac56 1529264c1f2f47a2832d09b61315c48b b191743daf1b4d93a7612031a8252ae2 - - default default] delete failed (client error): The resource could not be found. [pid: 7|app: 0|req: 893/1628] 10.0.0.228 () {32 vars in 724 bytes} [Mon May 11 02:06:11 2026] DELETE /v2.0/routers/d6d44402-c4ea-42ea-acd8-8e95ee2b677f => generated 135 bytes in 31 msecs (HTTP/1.1 404) 4 headers in 164 bytes (1 switches on core 0) [pid: 8|app: 0|req: 736/1629] 10.0.0.228 () {32 vars in 736 bytes} [Mon May 11 02:06:11 2026] GET /v2.0/ports?device_id=31d58fac-76b0-4903-afd0-0b10018648d7 => generated 12 bytes in 20 msecs (HTTP/1.1 200) 4 headers in 156 bytes (1 switches on core 0)
2026-05-11 02:06:11.992 7 INFO neutron.api.v2.resource [None req-965a10f3-a25f-41f1-86fd-12baff3ea61a 1529264c1f2f47a2832d09b61315c48b b191743daf1b4d93a7612031a8252ae2 - - default default] delete failed (client error): The resource could not be found. [pid: 7|app: 0|req: 894/1630] 10.0.0.228 () {32 vars in 724 bytes} [Mon May 11 02:06:11 2026] DELETE /v2.0/routers/31d58fac-76b0-4903-afd0-0b10018648d7 => generated 135 bytes in 23 msecs (HTTP/1.1 404) 4 headers in 164 bytes (1 switches on core 0)
2026-05-11 02:06:12.014 8 INFO neutron.pecan_wsgi.hooks.translation [None req-4f2dd873-a85c-4638-b7e6-ba17cdc2bbb4 1529264c1f2f47a2832d09b61315c48b b191743daf1b4d93a7612031a8252ae2 - - default default] DELETE failed (client error): The resource could not be found. [pid: 8|app: 0|req: 737/1631] 10.0.0.228 () {32 vars in 724 bytes} [Mon May 11 02:06:11 2026] DELETE /v2.0/subnets/f102a15c-cf6d-4eef-a43e-135221b4f7d8 => generated 136 bytes in 18 msecs (HTTP/1.1 404) 4 headers in 164 bytes (1 switches on core 0) [pid: 7|app: 0|req: 895/1632] 10.0.0.228 () {32 vars in 736 bytes} [Mon May 11 02:06:12 2026] GET /v2.0/ports?device_id=8a94d041-827d-4c16-a5a1-b3b3bd6f69ff => generated 12 bytes in 21 msecs (HTTP/1.1 200) 4 headers in 156 bytes (1 switches on core 0)
2026-05-11 02:06:12.069 8 INFO neutron.api.v2.resource [None req-62a48777-c352-4b2d-906c-9d1a134e0c2f 1529264c1f2f47a2832d09b61315c48b b191743daf1b4d93a7612031a8252ae2 - - default default] delete failed (client error): The resource could not be found. [pid: 8|app: 0|req: 738/1633] 10.0.0.228 () {32 vars in 724 bytes} [Mon May 11 02:06:12 2026] DELETE /v2.0/routers/8a94d041-827d-4c16-a5a1-b3b3bd6f69ff => generated 135 bytes in 23 msecs (HTTP/1.1 404) 4 headers in 164 bytes (1 switches on core 0)
2026-05-11 02:06:12.086 7 INFO neutron.pecan_wsgi.hooks.translation [None req-f50a631b-a927-4dee-9326-0cdf3309a8a4 1529264c1f2f47a2832d09b61315c48b b191743daf1b4d93a7612031a8252ae2 - - default default] DELETE failed (client error): The resource could not be found. [pid: 7|app: 0|req: 896/1634] 10.0.0.228 () {32 vars in 724 bytes} [Mon May 11 02:06:12 2026] DELETE /v2.0/subnets/dce228d7-ef1d-4049-93f7-07a2c404531c => generated 136 bytes in 15 msecs (HTTP/1.1 404) 4 headers in 164 bytes (1 switches on core 0) [pid: 8|app: 0|req: 739/1635] 10.0.0.228 () {32 vars in 736 bytes} [Mon May 11 02:06:12 2026] GET /v2.0/ports?device_id=e8063556-9da7-4092-8463-d7a8b0b7884f => generated 12 bytes in 20 msecs (HTTP/1.1 200) 4 headers in 156 bytes (1 switches on core 0)
2026-05-11 02:06:12.142 7 INFO neutron.api.v2.resource [None req-2c266a65-0868-47bb-a2fd-6e209c45531e 1529264c1f2f47a2832d09b61315c48b b191743daf1b4d93a7612031a8252ae2 - - default default] delete failed (client error): The resource could not be found. [pid: 7|app: 0|req: 897/1636] 10.0.0.228 () {32 vars in 724 bytes} [Mon May 11 02:06:12 2026] DELETE /v2.0/routers/e8063556-9da7-4092-8463-d7a8b0b7884f => generated 135 bytes in 22 msecs (HTTP/1.1 404) 4 headers in 164 bytes (1 switches on core 0)
