2026-05-11 02:05:16.229 8 INFO neutron.services.segments.plugin [-] Segment 4029bf00-0287-4f7f-84c0-22e72dcdd579 resource provider not found; error: Placement Client Error (4xx): {"errors": [{"status": 404, "title": "Not Found", "detail": "The resource could not be found.\n\n No resource provider with uuid 4029bf00-0287-4f7f-84c0-22e72dcdd579 found for delete ", "request_id": "req-018ff3d2-8f70-4ea9-9f2b-bdc9c15f487d"}]}
2026-05-11 02:05:16.286 7 INFO neutron.db.ovn_revision_numbers_db [None req-deaddf93-f9dc-4261-9db9-aee85b656e37 df9a104709b14144912c37da97e0a6da 2426139d7132481682faf268e4b9c4d2 - - default default] Successfully bumped revision number for resource 0179e91c-099d-4de2-9821-27cffbe56505 (type: security_groups) to 1
2026-05-11 02:05:16.298 7 INFO neutron.db.ovn_revision_numbers_db [None req-deaddf93-f9dc-4261-9db9-aee85b656e37 df9a104709b14144912c37da97e0a6da 2426139d7132481682faf268e4b9c4d2 - - default default] Successfully bumped revision number for resource 5f8a33c6-4936-4433-8e10-20bdda4dc4fd (type: security_group_rules) to 0 [pid: 8|app: 0|req: 551/1259] 10.0.0.228 () {32 vars in 726 bytes} [Mon May 11 02:05:15 2026] DELETE /v2.0/networks/5bed964f-c602-4d16-8763-b70dcf9bee7b => generated 0 bytes in 541 msecs (HTTP/1.1 204) 3 headers in 131 bytes (1 switches on core 0)
2026-05-11 02:05:16.308 7 INFO neutron.db.ovn_revision_numbers_db [None req-deaddf93-f9dc-4261-9db9-aee85b656e37 df9a104709b14144912c37da97e0a6da 2426139d7132481682faf268e4b9c4d2 - - default default] Successfully bumped revision number for resource cc5d9de2-75c5-4f77-af60-fcd9d26cd7f7 (type: security_group_rules) to 0
2026-05-11 02:05:16.318 7 INFO neutron.db.ovn_revision_numbers_db [None req-deaddf93-f9dc-4261-9db9-aee85b656e37 df9a104709b14144912c37da97e0a6da 2426139d7132481682faf268e4b9c4d2 - - default default] Successfully bumped revision number for resource df09528b-724e-4270-bf55-5d04a66bd24b (type: security_group_rules) to 0
2026-05-11 02:05:16.344 7 INFO neutron.db.ovn_revision_numbers_db [None req-deaddf93-f9dc-4261-9db9-aee85b656e37 df9a104709b14144912c37da97e0a6da 2426139d7132481682faf268e4b9c4d2 - - default default] Successfully bumped revision number for resource ee3bd9bc-20a4-4853-bf84-5cd249f7338d (type: security_group_rules) to 0 [pid: 8|app: 0|req: 552/1260] 10.0.0.110 () {34 vars in 1008 bytes} [Mon May 11 02:05:16 2026] GET /v2.0/networks/1f6e9988-6ebf-461f-9aca-046fafc49141?fields=segments => generated 14 bytes in 54 msecs (HTTP/1.1 200) 4 headers in 156 bytes (1 switches on core 0) [pid: 7|app: 0|req: 709/1261] 10.0.0.228 () {32 vars in 774 bytes} [Mon May 11 02:05:16 2026] GET /v2.0/security-groups?tenant_id=b323e457b8b64fbca24de0758ac5eabf&name=default => generated 2925 bytes in 247 msecs (HTTP/1.1 200) 4 headers in 158 bytes (1 switches on core 0) [pid: 7|app: 0|req: 710/1262] 10.0.0.110 () {34 vars in 1108 bytes} [Mon May 11 02:05:16 2026] GET /v2.0/networks/1f6e9988-6ebf-461f-9aca-046fafc49141?fields=provider%3Aphysical_network&fields=provider%3Anetwork_type => generated 79 bytes in 36 msecs (HTTP/1.1 200) 4 headers in 156 bytes (1 switches on core 0)
2026-05-11 02:05:16.431 8 INFO neutron.db.segments_db [None req-036aed28-b8c4-4af4-9ad9-c5fe44044482 5f1a5ecd512a401e952231b984d26e78 006ecb23e53a49678fc82314f2bc7f80 - - default default] Added segment 57f60304-31d1-471e-8f3b-6a725e14f606 of type geneve for network 266ccf95-1131-4c25-acd4-3873f81498c7
2026-05-11 02:05:16.546 8 INFO neutron.db.ovn_revision_numbers_db [None req-036aed28-b8c4-4af4-9ad9-c5fe44044482 5f1a5ecd512a401e952231b984d26e78 006ecb23e53a49678fc82314f2bc7f80 - - default default] Successfully bumped revision number for resource 266ccf95-1131-4c25-acd4-3873f81498c7 (type: networks) to 1 [pid: 7|app: 0|req: 711/1263] 10.0.0.228 () {32 vars in 740 bytes} [Mon May 11 02:05:16 2026] DELETE /v2.0/security-groups/0179e91c-099d-4de2-9821-27cffbe56505 => generated 0 bytes in 278 msecs (HTTP/1.1 204) 2 headers in 112 bytes (1 switches on core 0)
2026-05-11 02:05:16.725 8 WARNING neutron.scheduler.dhcp_agent_scheduler [None req-036aed28-b8c4-4af4-9ad9-c5fe44044482 5f1a5ecd512a401e952231b984d26e78 006ecb23e53a49678fc82314f2bc7f80 - - default default] No more DHCP agents
2026-05-11 02:05:16.727 8 WARNING neutron.api.rpc.agentnotifiers.dhcp_rpc_agent_api [None req-036aed28-b8c4-4af4-9ad9-c5fe44044482 5f1a5ecd512a401e952231b984d26e78 006ecb23e53a49678fc82314f2bc7f80 - - default default] Unable to schedule network 266ccf95-1131-4c25-acd4-3873f81498c7: no agents available; will retry on subsequent port and subnet creation events.
2026-05-11 02:05:16.796 8 INFO neutron.plugins.ml2.drivers.ovn.mech_driver.mech_driver [None req-2d015d50-bb65-4bba-b522-0669087fd6c6 - - - - - -] OVN reports status down for port: e0bb8929-a6f6-4ecd-b05e-8035608e4146
2026-05-11 02:05:16.856 8 INFO neutron.db.ovn_revision_numbers_db [None req-036aed28-b8c4-4af4-9ad9-c5fe44044482 5f1a5ecd512a401e952231b984d26e78 006ecb23e53a49678fc82314f2bc7f80 - - default default] Successfully bumped revision number for resource e0bb8929-a6f6-4ecd-b05e-8035608e4146 (type: ports) to 1 [pid: 8|app: 0|req: 553/1264] 10.0.0.228 () {34 vars in 670 bytes} [Mon May 11 02:05:16 2026] POST /v2.0/networks => generated 730 bytes in 531 msecs (HTTP/1.1 201) 4 headers in 162 bytes (1 switches on core 0) [pid: 8|app: 0|req: 554/1265] 10.0.0.110 () {34 vars in 990 bytes} [Mon May 11 02:05:16 2026] GET /v2.0/ports?device_id=539d78a6-1994-44ea-ba35-5427dfda127b => generated 12 bytes in 28 msecs (HTTP/1.1 200) 4 headers in 156 bytes (1 switches on core 0)
2026-05-11 02:05:17.063 7 INFO neutron.db.ovn_revision_numbers_db [None req-5f32d0fb-0665-404b-8a69-9b6a4b96b5dc df9a104709b14144912c37da97e0a6da 2426139d7132481682faf268e4b9c4d2 - - default default] Successfully bumped revision number for resource 59fa2e9f-9a24-4a08-a995-97e6eb4ee5df (type: security_groups) to 1
2026-05-11 02:05:17.074 7 INFO neutron.db.ovn_revision_numbers_db [None req-5f32d0fb-0665-404b-8a69-9b6a4b96b5dc df9a104709b14144912c37da97e0a6da 2426139d7132481682faf268e4b9c4d2 - - default default] Successfully bumped revision number for resource 6acf9387-cdc6-422d-85b5-54be7d6bfb8d (type: security_group_rules) to 0
2026-05-11 02:05:17.086 7 INFO neutron.db.ovn_revision_numbers_db [None req-5f32d0fb-0665-404b-8a69-9b6a4b96b5dc df9a104709b14144912c37da97e0a6da 2426139d7132481682faf268e4b9c4d2 - - default default] Successfully bumped revision number for resource c51ed6a8-9a4a-44a7-8f6c-e2ca18883f85 (type: security_group_rules) to 0
2026-05-11 02:05:17.100 8 WARNING neutron.scheduler.dhcp_agent_scheduler [None req-0978bc45-1ab0-49b1-91b4-ec99970db79e 5f1a5ecd512a401e952231b984d26e78 006ecb23e53a49678fc82314f2bc7f80 - - default default] No more DHCP agents
2026-05-11 02:05:17.101 7 INFO neutron.db.ovn_revision_numbers_db [None req-5f32d0fb-0665-404b-8a69-9b6a4b96b5dc df9a104709b14144912c37da97e0a6da 2426139d7132481682faf268e4b9c4d2 - - default default] Successfully bumped revision number for resource cf66727d-2325-4807-a397-ddde31093ee7 (type: security_group_rules) to 0
2026-05-11 02:05:17.101 8 WARNING neutron.api.rpc.agentnotifiers.dhcp_rpc_agent_api [None req-0978bc45-1ab0-49b1-91b4-ec99970db79e 5f1a5ecd512a401e952231b984d26e78 006ecb23e53a49678fc82314f2bc7f80 - - default default] Unable to schedule network 266ccf95-1131-4c25-acd4-3873f81498c7: no agents available; will retry on subsequent port and subnet creation events.
2026-05-11 02:05:17.111 7 INFO neutron.db.ovn_revision_numbers_db [None req-5f32d0fb-0665-404b-8a69-9b6a4b96b5dc df9a104709b14144912c37da97e0a6da 2426139d7132481682faf268e4b9c4d2 - - default default] Successfully bumped revision number for resource e6de101d-9f91-4e00-b825-4f3d8a170ab7 (type: security_group_rules) to 0 [pid: 7|app: 0|req: 712/1266] 10.0.0.228 () {32 vars in 774 bytes} [Mon May 11 02:05:16 2026] GET /v2.0/security-groups?tenant_id=71d3c344b4d94a1e9bcf28f0d9ad33c7&name=default => generated 2925 bytes in 450 msecs (HTTP/1.1 200) 4 headers in 158 bytes (1 switches on core 0) [pid: 7|app: 0|req: 713/1267] 10.0.0.228 () {32 vars in 740 bytes} [Mon May 11 02:05:17 2026] DELETE /v2.0/security-groups/59fa2e9f-9a24-4a08-a995-97e6eb4ee5df => generated 0 bytes in 286 msecs (HTTP/1.1 204) 2 headers in 112 bytes (1 switches on core 0)
2026-05-11 02:05:17.587 8 INFO neutron.db.ovn_revision_numbers_db [None req-e2c4c142-6009-4329-8b77-0a44d592a978 - - - - - -] Successfully bumped revision number for resource e0bb8929-a6f6-4ecd-b05e-8035608e4146 (type: ports) to 2
2026-05-11 02:05:17.614 8 INFO neutron.db.ovn_revision_numbers_db [None req-e2c4c142-6009-4329-8b77-0a44d592a978 - - - - - -] Successfully bumped revision number for resource f11ad2a1-be14-4cf7-a17c-c18b56e5b750 (type: subnets) to 0 [pid: 8|app: 0|req: 555/1268] 10.0.0.228 () {34 vars in 669 bytes} [Mon May 11 02:05:16 2026] POST /v2.0/subnets => generated 647 bytes in 708 msecs (HTTP/1.1 201) 4 headers in 162 bytes (1 switches on core 0)
2026-05-11 02:05:17.638 7 WARNING neutron.api.v2.base [None req-1c517de3-939f-452b-aa31-e042770aa334 5f1a5ecd512a401e952231b984d26e78 006ecb23e53a49678fc82314f2bc7f80 - - default default] An exception happened while processing the request body. The exception message is [Invalid input for target_tenant. Reason: '1234123412341234123412341234123412341234123412341234123412341234123412341234123412341234123412341234123412341234123412341234123412341234123412341234123412341234123412341234123412341234123412341234123412341234123412341234123412341234123412341234123412341234123412341234123412341234123412341234123412341234123412341234123412341234123412341234123412341234123412341234123412341234123412341234123412341234' exceeds maximum length of 255.].: webob.exc.HTTPBadRequest: Invalid input for target_tenant. Reason: '1234123412341234123412341234123412341234123412341234123412341234123412341234123412341234123412341234123412341234123412341234123412341234123412341234123412341234123412341234123412341234123412341234123412341234123412341234123412341234123412341234123412341234123412341234123412341234123412341234123412341234123412341234123412341234123412341234123412341234123412341234123412341234123412341234123412341234' exceeds maximum length of 255.
2026-05-11 02:05:17.640 7 INFO neutron.api.v2.resource [None req-1c517de3-939f-452b-aa31-e042770aa334 5f1a5ecd512a401e952231b984d26e78 006ecb23e53a49678fc82314f2bc7f80 - - default default] create failed (client error): Invalid input for target_tenant. Reason: '1234123412341234123412341234123412341234123412341234123412341234123412341234123412341234123412341234123412341234123412341234123412341234123412341234123412341234123412341234123412341234123412341234123412341234123412341234123412341234123412341234123412341234123412341234123412341234123412341234123412341234123412341234123412341234123412341234123412341234123412341234123412341234123412341234123412341234' exceeds maximum length of 255. [pid: 7|app: 0|req: 714/1269] 10.0.0.228 () {34 vars in 681 bytes} [Mon May 11 02:05:17 2026] POST /v2.0/rbac-policies => generated 547 bytes in 8 msecs (HTTP/1.1 400) 4 headers in 166 bytes (1 switches on core 0)
2026-05-11 02:05:17.775 8 INFO neutron_taas.services.taas.taas_plugin [None req-5de725cf-4598-460c-bd30-b8cc795aa80b 5f1a5ecd512a401e952231b984d26e78 006ecb23e53a49678fc82314f2bc7f80 - - default default] TaaS: Handle Delete Port: e0bb8929-a6f6-4ecd-b05e-8035608e4146
2026-05-11 02:05:17.778 8 INFO neutron_taas.services.taas.tap_mirror_plugin [None req-5de725cf-4598-460c-bd30-b8cc795aa80b 5f1a5ecd512a401e952231b984d26e78 006ecb23e53a49678fc82314f2bc7f80 - - default default] Tap Mirror: Handle Delete Port: e0bb8929-a6f6-4ecd-b05e-8035608e4146 [pid: 7|app: 0|req: 715/1270] 10.0.0.110 () {34 vars in 990 bytes} [Mon May 11 02:05:17 2026] GET /v2.0/ports?device_id=539d78a6-1994-44ea-ba35-5427dfda127b => generated 12 bytes in 27 msecs (HTTP/1.1 200) 4 headers in 156 bytes (1 switches on core 0) [pid: 8|app: 0|req: 556/1271] 10.0.0.228 () {32 vars in 726 bytes} [Mon May 11 02:05:17 2026] DELETE /v2.0/networks/266ccf95-1131-4c25-acd4-3873f81498c7 => generated 0 bytes in 464 msecs (HTTP/1.1 204) 3 headers in 131 bytes (1 switches on core 0)
2026-05-11 02:05:18.207 7 INFO neutron.db.segments_db [None req-f337eb23-a258-4332-8f9c-4fc93e310980 5f1a5ecd512a401e952231b984d26e78 006ecb23e53a49678fc82314f2bc7f80 - - default default] Added segment 5440eafb-01e2-4b21-a1db-cac20a86fe59 of type geneve for network 82d59dcd-efb1-4956-981f-d7c0bfdddf78
2026-05-11 02:05:18.242 8 INFO neutron.services.segments.plugin [-] Segment 57f60304-31d1-471e-8f3b-6a725e14f606 resource provider aggregate not found
2026-05-11 02:05:18.247 8 INFO neutron.services.segments.plugin [-] Segment 57f60304-31d1-471e-8f3b-6a725e14f606 resource provider aggregate not found
2026-05-11 02:05:18.257 8 INFO neutron.services.segments.plugin [-] Segment 57f60304-31d1-471e-8f3b-6a725e14f606 resource provider not found; error: Placement Client Error (4xx): {"errors": [{"status": 404, "title": "Not Found", "detail": "The resource could not be found.\n\n No resource provider with uuid 57f60304-31d1-471e-8f3b-6a725e14f606 found for delete ", "request_id": "req-e411bd1c-ac18-49f1-b5e7-9c5ea7da0c01"}]}
2026-05-11 02:05:18.258 8 INFO neutron.services.segments.plugin [-] Segment 57f60304-31d1-471e-8f3b-6a725e14f606 resource provider not found; error: Placement Client Error (4xx): {"errors": [{"status": 404, "title": "Not Found", "detail": "The resource could not be found.\n\n No resource provider with uuid 57f60304-31d1-471e-8f3b-6a725e14f606 found for delete ", "request_id": "req-d98b60d6-57dd-4c98-8fb8-e2bf6a030f13"}]}
2026-05-11 02:05:18.330 7 INFO neutron.db.ovn_revision_numbers_db [None req-f337eb23-a258-4332-8f9c-4fc93e310980 5f1a5ecd512a401e952231b984d26e78 006ecb23e53a49678fc82314f2bc7f80 - - default default] Successfully bumped revision number for resource 82d59dcd-efb1-4956-981f-d7c0bfdddf78 (type: networks) to 1
2026-05-11 02:05:18.469 7 WARNING neutron.scheduler.dhcp_agent_scheduler [None req-f337eb23-a258-4332-8f9c-4fc93e310980 5f1a5ecd512a401e952231b984d26e78 006ecb23e53a49678fc82314f2bc7f80 - - default default] No more DHCP agents
2026-05-11 02:05:18.471 7 WARNING neutron.api.rpc.agentnotifiers.dhcp_rpc_agent_api [None req-f337eb23-a258-4332-8f9c-4fc93e310980 5f1a5ecd512a401e952231b984d26e78 006ecb23e53a49678fc82314f2bc7f80 - - default default] Unable to schedule network 82d59dcd-efb1-4956-981f-d7c0bfdddf78: no agents available; will retry on subsequent port and subnet creation events.
2026-05-11 02:05:18.540 8 INFO neutron.plugins.ml2.drivers.ovn.mech_driver.mech_driver [None req-2d015d50-bb65-4bba-b522-0669087fd6c6 - - - - - -] OVN reports status down for port: e7c3d8da-fbe5-427f-8f7a-a6bb9794ab7c
2026-05-11 02:05:18.570 7 INFO neutron.db.ovn_revision_numbers_db [None req-f337eb23-a258-4332-8f9c-4fc93e310980 5f1a5ecd512a401e952231b984d26e78 006ecb23e53a49678fc82314f2bc7f80 - - default default] Successfully bumped revision number for resource e7c3d8da-fbe5-427f-8f7a-a6bb9794ab7c (type: ports) to 1 [pid: 7|app: 0|req: 716/1272] 10.0.0.228 () {34 vars in 670 bytes} [Mon May 11 02:05:18 2026] POST /v2.0/networks => generated 727 bytes in 475 msecs (HTTP/1.1 201) 4 headers in 162 bytes (1 switches on core 0)
2026-05-11 02:05:18.739 8 WARNING neutron.scheduler.dhcp_agent_scheduler [None req-5dd4458e-51a1-4425-980b-02e3036e70e0 5f1a5ecd512a401e952231b984d26e78 006ecb23e53a49678fc82314f2bc7f80 - - default default] No more DHCP agents
2026-05-11 02:05:18.742 8 WARNING neutron.api.rpc.agentnotifiers.dhcp_rpc_agent_api [None req-5dd4458e-51a1-4425-980b-02e3036e70e0 5f1a5ecd512a401e952231b984d26e78 006ecb23e53a49678fc82314f2bc7f80 - - default default] Unable to schedule network 82d59dcd-efb1-4956-981f-d7c0bfdddf78: no agents available; will retry on subsequent port and subnet creation events. [pid: 7|app: 0|req: 717/1273] 10.0.0.110 () {34 vars in 990 bytes} [Mon May 11 02:05:19 2026] GET /v2.0/ports?device_id=539d78a6-1994-44ea-ba35-5427dfda127b => generated 12 bytes in 17 msecs (HTTP/1.1 200) 4 headers in 156 bytes (1 switches on core 0)
2026-05-11 02:05:19.220 8 INFO neutron.db.ovn_revision_numbers_db [None req-4d6ed352-994b-4f17-a417-96bc471515bd - - - - - -] Successfully bumped revision number for resource e7c3d8da-fbe5-427f-8f7a-a6bb9794ab7c (type: ports) to 2
2026-05-11 02:05:19.255 8 INFO neutron.db.ovn_revision_numbers_db [None req-4d6ed352-994b-4f17-a417-96bc471515bd - - - - - -] Successfully bumped revision number for resource 2cf0f841-0617-4f69-bf67-ae5acbb1831d (type: subnets) to 0 [pid: 8|app: 0|req: 557/1274] 10.0.0.228 () {34 vars in 669 bytes} [Mon May 11 02:05:18 2026] POST /v2.0/subnets => generated 647 bytes in 674 msecs (HTTP/1.1 201) 4 headers in 162 bytes (1 switches on core 0)
2026-05-11 02:05:19.440 7 INFO neutron.db.ovn_revision_numbers_db [None req-c6c80cb3-e81a-4f70-9be3-8cc48f7587f5 51da33e45449461b9f01d0929c6e271a 23a97fa9d55f4ddeb328a914e9f7a8a7 - - default default] Successfully bumped revision number for resource 4d775187-63d5-4576-b397-ee42e97276b9 (type: security_groups) to 1
2026-05-11 02:05:19.456 7 INFO neutron.db.ovn_revision_numbers_db [None req-c6c80cb3-e81a-4f70-9be3-8cc48f7587f5 51da33e45449461b9f01d0929c6e271a 23a97fa9d55f4ddeb328a914e9f7a8a7 - - default default] Successfully bumped revision number for resource 4c7ca2ce-d6b2-43d7-a406-0d342d737943 (type: security_group_rules) to 0
2026-05-11 02:05:19.473 7 INFO neutron.db.ovn_revision_numbers_db [None req-c6c80cb3-e81a-4f70-9be3-8cc48f7587f5 51da33e45449461b9f01d0929c6e271a 23a97fa9d55f4ddeb328a914e9f7a8a7 - - default default] Successfully bumped revision number for resource b22b9f72-1949-4ff7-80ea-28827d043a72 (type: security_group_rules) to 0
2026-05-11 02:05:19.488 7 INFO neutron.db.ovn_revision_numbers_db [None req-c6c80cb3-e81a-4f70-9be3-8cc48f7587f5 51da33e45449461b9f01d0929c6e271a 23a97fa9d55f4ddeb328a914e9f7a8a7 - - default default] Successfully bumped revision number for resource c9385f9e-b8ae-4335-a2d6-91b5c149634e (type: security_group_rules) to 0
2026-05-11 02:05:19.502 7 INFO neutron.db.ovn_revision_numbers_db [None req-c6c80cb3-e81a-4f70-9be3-8cc48f7587f5 51da33e45449461b9f01d0929c6e271a 23a97fa9d55f4ddeb328a914e9f7a8a7 - - default default] Successfully bumped revision number for resource ec7eade4-0046-4e37-a522-b52fcd6a1e91 (type: security_group_rules) to 0 [pid: 8|app: 0|req: 558/1275] 10.0.0.228 () {34 vars in 681 bytes} [Mon May 11 02:05:19 2026] POST /v2.0/rbac-policies => generated 324 bytes in 296 msecs (HTTP/1.1 201) 4 headers in 162 bytes (1 switches on core 0)
2026-05-11 02:05:19.597 7 INFO neutron.db.segments_db [None req-c6c80cb3-e81a-4f70-9be3-8cc48f7587f5 51da33e45449461b9f01d0929c6e271a 23a97fa9d55f4ddeb328a914e9f7a8a7 - - default default] Added segment 7be99c56-3724-4181-85e1-40d3748ea17c of type geneve for network 298268b5-015b-4911-80e1-dc1608856934
2026-05-11 02:05:19.682 7 INFO neutron.db.segments_db [None req-c6c80cb3-e81a-4f70-9be3-8cc48f7587f5 51da33e45449461b9f01d0929c6e271a 23a97fa9d55f4ddeb328a914e9f7a8a7 - - default default] Added segment f2061134-d6fa-4853-b0f1-844382fef0ab of type geneve for network 652e5565-293d-42a6-91bc-73cc626ea0ad
2026-05-11 02:05:19.803 7 INFO neutron.db.ovn_revision_numbers_db [None req-c6c80cb3-e81a-4f70-9be3-8cc48f7587f5 51da33e45449461b9f01d0929c6e271a 23a97fa9d55f4ddeb328a914e9f7a8a7 - - default default] Successfully bumped revision number for resource 298268b5-015b-4911-80e1-dc1608856934 (type: networks) to 1
2026-05-11 02:05:19.962 7 WARNING neutron.scheduler.dhcp_agent_scheduler [None req-c6c80cb3-e81a-4f70-9be3-8cc48f7587f5 51da33e45449461b9f01d0929c6e271a 23a97fa9d55f4ddeb328a914e9f7a8a7 - - default default] No more DHCP agents
2026-05-11 02:05:19.963 7 WARNING neutron.api.rpc.agentnotifiers.dhcp_rpc_agent_api [None req-c6c80cb3-e81a-4f70-9be3-8cc48f7587f5 51da33e45449461b9f01d0929c6e271a 23a97fa9d55f4ddeb328a914e9f7a8a7 - - default default] Unable to schedule network 298268b5-015b-4911-80e1-dc1608856934: no agents available; will retry on subsequent port and subnet creation events.
2026-05-11 02:05:20.017 8 INFO neutron.plugins.ml2.drivers.ovn.mech_driver.mech_driver [None req-2d015d50-bb65-4bba-b522-0669087fd6c6 - - - - - -] OVN reports status down for port: b4355348-49e8-4c33-a430-ee7c8d89e8f5
2026-05-11 02:05:20.062 7 INFO neutron.db.ovn_revision_numbers_db [None req-c6c80cb3-e81a-4f70-9be3-8cc48f7587f5 51da33e45449461b9f01d0929c6e271a 23a97fa9d55f4ddeb328a914e9f7a8a7 - - default default] Successfully bumped revision number for resource b4355348-49e8-4c33-a430-ee7c8d89e8f5 (type: ports) to 1
2026-05-11 02:05:20.156 7 INFO neutron.db.ovn_revision_numbers_db [None req-c6c80cb3-e81a-4f70-9be3-8cc48f7587f5 51da33e45449461b9f01d0929c6e271a 23a97fa9d55f4ddeb328a914e9f7a8a7 - - default default] Successfully bumped revision number for resource 652e5565-293d-42a6-91bc-73cc626ea0ad (type: networks) to 1 [pid: 8|app: 0|req: 559/1276] 10.0.0.228 () {32 vars in 723 bytes} [Mon May 11 02:05:19 2026] GET /v2.0/networks/82d59dcd-efb1-4956-981f-d7c0bfdddf78 => generated 654 bytes in 250 msecs (HTTP/1.1 200) 4 headers in 157 bytes (1 switches on core 0) [pid: 8|app: 0|req: 560/1277] 10.0.0.110 () {34 vars in 990 bytes} [Mon May 11 02:05:20 2026] GET /v2.0/ports?device_id=539d78a6-1994-44ea-ba35-5427dfda127b => generated 12 bytes in 15 msecs (HTTP/1.1 200) 4 headers in 156 bytes (1 switches on core 0)
2026-05-11 02:05:20.321 7 WARNING neutron.scheduler.dhcp_agent_scheduler [None req-c6c80cb3-e81a-4f70-9be3-8cc48f7587f5 51da33e45449461b9f01d0929c6e271a 23a97fa9d55f4ddeb328a914e9f7a8a7 - - default default] No more DHCP agents
2026-05-11 02:05:20.323 7 WARNING neutron.api.rpc.agentnotifiers.dhcp_rpc_agent_api [None req-c6c80cb3-e81a-4f70-9be3-8cc48f7587f5 51da33e45449461b9f01d0929c6e271a 23a97fa9d55f4ddeb328a914e9f7a8a7 - - default default] Unable to schedule network 652e5565-293d-42a6-91bc-73cc626ea0ad: no agents available; will retry on subsequent port and subnet creation events.
2026-05-11 02:05:20.374 8 INFO neutron.db.ovn_revision_numbers_db [None req-94b7b858-602e-41a0-b35a-006987232785 df9a104709b14144912c37da97e0a6da 2426139d7132481682faf268e4b9c4d2 - - default default] Successfully bumped revision number for resource ebf7d2ce-dd9a-4a3f-aa5b-1eb68bf7af8c (type: security_groups) to 1
2026-05-11 02:05:20.387 8 INFO neutron.db.ovn_revision_numbers_db [None req-94b7b858-602e-41a0-b35a-006987232785 df9a104709b14144912c37da97e0a6da 2426139d7132481682faf268e4b9c4d2 - - default default] Successfully bumped revision number for resource 3b8a1514-f307-41b1-b718-2cc958a82804 (type: security_group_rules) to 0
2026-05-11 02:05:20.398 8 INFO neutron.db.ovn_revision_numbers_db [None req-94b7b858-602e-41a0-b35a-006987232785 df9a104709b14144912c37da97e0a6da 2426139d7132481682faf268e4b9c4d2 - - default default] Successfully bumped revision number for resource 63834150-48f2-41e6-a2eb-f35208eb53e6 (type: security_group_rules) to 0
2026-05-11 02:05:20.408 8 INFO neutron.db.ovn_revision_numbers_db [None req-94b7b858-602e-41a0-b35a-006987232785 df9a104709b14144912c37da97e0a6da 2426139d7132481682faf268e4b9c4d2 - - default default] Successfully bumped revision number for resource 6b850a19-2503-4fca-8ac3-cf8180bda242 (type: security_group_rules) to 0
2026-05-11 02:05:20.442 8 INFO neutron.db.ovn_revision_numbers_db [None req-94b7b858-602e-41a0-b35a-006987232785 df9a104709b14144912c37da97e0a6da 2426139d7132481682faf268e4b9c4d2 - - default default] Successfully bumped revision number for resource c7e03d48-964a-4760-a9c1-121c49d0c0e1 (type: security_group_rules) to 0
2026-05-11 02:05:20.498 8 INFO neutron.plugins.ml2.drivers.ovn.mech_driver.mech_driver [None req-2d015d50-bb65-4bba-b522-0669087fd6c6 - - - - - -] OVN reports status down for port: 9cbf5e2a-05b6-4565-8db2-2c595b43f1a1 [pid: 8|app: 0|req: 561/1278] 10.0.0.228 () {32 vars in 774 bytes} [Mon May 11 02:05:20 2026] GET /v2.0/security-groups?tenant_id=c10241b47c0e4caa926e3c64ccc366b4&name=default => generated 2925 bytes in 327 msecs (HTTP/1.1 200) 4 headers in 158 bytes (1 switches on core 0)
2026-05-11 02:05:20.511 7 INFO neutron.db.ovn_revision_numbers_db [None req-c6c80cb3-e81a-4f70-9be3-8cc48f7587f5 51da33e45449461b9f01d0929c6e271a 23a97fa9d55f4ddeb328a914e9f7a8a7 - - default default] Successfully bumped revision number for resource 9cbf5e2a-05b6-4565-8db2-2c595b43f1a1 (type: ports) to 1 [pid: 7|app: 0|req: 718/1279] 10.0.0.228 () {34 vars in 670 bytes} [Mon May 11 02:05:19 2026] POST /v2.0/networks => generated 1245 bytes in 1459 msecs (HTTP/1.1 201) 4 headers in 163 bytes (1 switches on core 0)
2026-05-11 02:05:20.558 8 INFO neutron.pecan_wsgi.hooks.translation [None req-fd57eb37-ce87-413f-a6d2-31fa55bdfe68 790f4ec94f824730a2ff53a35e8fea26 010fa48f0a544f79937449119a17ec17 - - default default] GET failed (client error): The resource could not be found. [pid: 8|app: 0|req: 562/1280] 10.0.0.228 () {32 vars in 723 bytes} [Mon May 11 02:05:20 2026] GET /v2.0/networks/82d59dcd-efb1-4956-981f-d7c0bfdddf78 => generated 138 bytes in 55 msecs (HTTP/1.1 404) 4 headers in 164 bytes (1 switches on core 0) [pid: 8|app: 0|req: 563/1281] 10.0.0.228 () {32 vars in 649 bytes} [Mon May 11 02:05:20 2026] GET /v2.0/networks => generated 1856 bytes in 77 msecs (HTTP/1.1 200) 4 headers in 158 bytes (1 switches on core 0)
2026-05-11 02:05:20.814 8 INFO neutron_taas.services.taas.taas_plugin [None req-02beb33e-05e7-4bbe-a7c0-7c2de02083c5 5f1a5ecd512a401e952231b984d26e78 006ecb23e53a49678fc82314f2bc7f80 - - default default] TaaS: Handle Delete Port: e7c3d8da-fbe5-427f-8f7a-a6bb9794ab7c
2026-05-11 02:05:20.817 8 INFO neutron_taas.services.taas.tap_mirror_plugin [None req-02beb33e-05e7-4bbe-a7c0-7c2de02083c5 5f1a5ecd512a401e952231b984d26e78 006ecb23e53a49678fc82314f2bc7f80 - - default default] Tap Mirror: Handle Delete Port: e7c3d8da-fbe5-427f-8f7a-a6bb9794ab7c [pid: 7|app: 0|req: 719/1282] 10.0.0.228 () {32 vars in 740 bytes} [Mon May 11 02:05:20 2026] DELETE /v2.0/security-groups/ebf7d2ce-dd9a-4a3f-aa5b-1eb68bf7af8c => generated 0 bytes in 275 msecs (HTTP/1.1 204) 2 headers in 112 bytes (1 switches on core 0)
2026-05-11 02:05:20.933 7 INFO neutron_taas.services.taas.taas_plugin [None req-3dbcff52-d565-4433-8541-f3ce96773ec1 51da33e45449461b9f01d0929c6e271a 23a97fa9d55f4ddeb328a914e9f7a8a7 - - default default] TaaS: Handle Delete Port: b4355348-49e8-4c33-a430-ee7c8d89e8f5
2026-05-11 02:05:20.936 7 INFO neutron_taas.services.taas.tap_mirror_plugin [None req-3dbcff52-d565-4433-8541-f3ce96773ec1 51da33e45449461b9f01d0929c6e271a 23a97fa9d55f4ddeb328a914e9f7a8a7 - - default default] Tap Mirror: Handle Delete Port: b4355348-49e8-4c33-a430-ee7c8d89e8f5
2026-05-11 02:05:21.146 7 INFO neutron.services.segments.plugin [-] Segment 7be99c56-3724-4181-85e1-40d3748ea17c resource provider aggregate not found
2026-05-11 02:05:21.148 7 INFO neutron.services.segments.plugin [-] Segment 7be99c56-3724-4181-85e1-40d3748ea17c resource provider aggregate not found
2026-05-11 02:05:21.159 8 INFO neutron.services.segments.plugin [-] Segment 5440eafb-01e2-4b21-a1db-cac20a86fe59 resource provider aggregate not found
2026-05-11 02:05:21.164 8 INFO neutron.services.segments.plugin [-] Segment 5440eafb-01e2-4b21-a1db-cac20a86fe59 resource provider aggregate not found
2026-05-11 02:05:21.167 7 INFO neutron.services.segments.plugin [-] Segment 7be99c56-3724-4181-85e1-40d3748ea17c resource provider not found; error: Placement Client Error (4xx): {"errors": [{"status": 404, "title": "Not Found", "detail": "The resource could not be found.\n\n No resource provider with uuid 7be99c56-3724-4181-85e1-40d3748ea17c found for delete ", "request_id": "req-f0bec52a-cb0e-42be-a1db-64be548723bf"}]}
2026-05-11 02:05:21.172 7 INFO neutron.services.segments.plugin [-] Segment 7be99c56-3724-4181-85e1-40d3748ea17c resource provider not found; error: Placement Client Error (4xx): {"errors": [{"status": 404, "title": "Not Found", "detail": "The resource could not be found.\n\n No resource provider with uuid 7be99c56-3724-4181-85e1-40d3748ea17c found for delete ", "request_id": "req-b937e066-51ca-42bb-a3fa-e562db878288"}]}
2026-05-11 02:05:21.181 8 INFO neutron.services.segments.plugin [-] Segment 5440eafb-01e2-4b21-a1db-cac20a86fe59 resource provider not found; error: Placement Client Error (4xx): {"errors": [{"status": 404, "title": "Not Found", "detail": "The resource could not be found.\n\n No resource provider with uuid 5440eafb-01e2-4b21-a1db-cac20a86fe59 found for delete ", "request_id": "req-9e74df62-790a-4d16-b1d5-8e52d4ca3fd6"}]}
2026-05-11 02:05:21.193 8 INFO neutron.services.segments.plugin [-] Segment 5440eafb-01e2-4b21-a1db-cac20a86fe59 resource provider not found; error: Placement Client Error (4xx): {"errors": [{"status": 404, "title": "Not Found", "detail": "The resource could not be found.\n\n No resource provider with uuid 5440eafb-01e2-4b21-a1db-cac20a86fe59 found for delete ", "request_id": "req-577316dc-e5ba-42d7-817d-9df3f8c4bc71"}]} [pid: 7|app: 0|req: 720/1283] 10.0.0.228 () {32 vars in 726 bytes} [Mon May 11 02:05:20 2026] DELETE /v2.0/networks/298268b5-015b-4911-80e1-dc1608856934 => generated 0 bytes in 389 msecs (HTTP/1.1 204) 3 headers in 131 bytes (1 switches on core 0) [pid: 8|app: 0|req: 564/1284] 10.0.0.228 () {32 vars in 726 bytes} [Mon May 11 02:05:20 2026] DELETE /v2.0/networks/82d59dcd-efb1-4956-981f-d7c0bfdddf78 => generated 0 bytes in 604 msecs (HTTP/1.1 204) 3 headers in 131 bytes (1 switches on core 0) [pid: 7|app: 0|req: 721/1285] 199.204.45.169 () {34 vars in 986 bytes} [Mon May 11 02:05:21 2026] GET /v2.0/networks?id=1f6e9988-6ebf-461f-9aca-046fafc49141 => generated 679 bytes in 65 msecs (HTTP/1.1 200) 4 headers in 157 bytes (1 switches on core 0)
2026-05-11 02:05:21.396 8 INFO neutron.db.ovn_revision_numbers_db [None req-f66f9629-d0b5-4335-ad9b-b2cfe7ddb694 df9a104709b14144912c37da97e0a6da 2426139d7132481682faf268e4b9c4d2 - - default default] Successfully bumped revision number for resource 5e3f89a8-4fd3-4fe8-b244-ace1910f85a0 (type: security_groups) to 1
2026-05-11 02:05:21.408 8 INFO neutron.db.ovn_revision_numbers_db [None req-f66f9629-d0b5-4335-ad9b-b2cfe7ddb694 df9a104709b14144912c37da97e0a6da 2426139d7132481682faf268e4b9c4d2 - - default default] Successfully bumped revision number for resource 419f7374-7590-484a-ac05-b90d0a4bac77 (type: security_group_rules) to 0
2026-05-11 02:05:21.419 8 INFO neutron.db.ovn_revision_numbers_db [None req-f66f9629-d0b5-4335-ad9b-b2cfe7ddb694 df9a104709b14144912c37da97e0a6da 2426139d7132481682faf268e4b9c4d2 - - default default] Successfully bumped revision number for resource 7afd83ba-dd71-4699-8cbd-8bf7d66cd084 (type: security_group_rules) to 0
2026-05-11 02:05:21.426 7 INFO neutron_taas.services.taas.taas_plugin [None req-e84dc7da-1a1e-4663-b1a9-56af9ca32140 51da33e45449461b9f01d0929c6e271a 23a97fa9d55f4ddeb328a914e9f7a8a7 - - default default] TaaS: Handle Delete Port: 9cbf5e2a-05b6-4565-8db2-2c595b43f1a1
2026-05-11 02:05:21.428 8 INFO neutron.db.ovn_revision_numbers_db [None req-f66f9629-d0b5-4335-ad9b-b2cfe7ddb694 df9a104709b14144912c37da97e0a6da 2426139d7132481682faf268e4b9c4d2 - - default default] Successfully bumped revision number for resource e9c8987b-455b-4569-b9c0-be2d7ad04140 (type: security_group_rules) to 0
2026-05-11 02:05:21.429 7 INFO neutron_taas.services.taas.tap_mirror_plugin [None req-e84dc7da-1a1e-4663-b1a9-56af9ca32140 51da33e45449461b9f01d0929c6e271a 23a97fa9d55f4ddeb328a914e9f7a8a7 - - default default] Tap Mirror: Handle Delete Port: 9cbf5e2a-05b6-4565-8db2-2c595b43f1a1
2026-05-11 02:05:21.439 8 INFO neutron.db.ovn_revision_numbers_db [None req-f66f9629-d0b5-4335-ad9b-b2cfe7ddb694 df9a104709b14144912c37da97e0a6da 2426139d7132481682faf268e4b9c4d2 - - default default] Successfully bumped revision number for resource f433ee83-cfe4-48cb-b784-4722868e2107 (type: security_group_rules) to 0 [pid: 8|app: 0|req: 565/1286] 10.0.0.228 () {32 vars in 774 bytes} [Mon May 11 02:05:21 2026] GET /v2.0/security-groups?tenant_id=31a4a03827f744a1aca03c4372e3c9a1&name=default => generated 2925 bytes in 231 msecs (HTTP/1.1 200) 4 headers in 158 bytes (1 switches on core 0) [pid: 8|app: 0|req: 566/1287] 10.0.0.110 () {34 vars in 990 bytes} [Mon May 11 02:05:21 2026] GET /v2.0/ports?device_id=539d78a6-1994-44ea-ba35-5427dfda127b => generated 12 bytes in 16 msecs (HTTP/1.1 200) 4 headers in 156 bytes (1 switches on core 0)
2026-05-11 02:05:21.514 8 INFO neutron.pecan_wsgi.hooks.translation [None req-599cdd15-083f-455c-941e-5df1afcfec8a 5f1a5ecd512a401e952231b984d26e78 006ecb23e53a49678fc82314f2bc7f80 - - default default] DELETE failed (client error): The resource could not be found. [pid: 8|app: 0|req: 567/1288] 10.0.0.228 () {32 vars in 724 bytes} [Mon May 11 02:05:21 2026] DELETE /v2.0/subnets/4dc7a9b5-9016-4568-bf27-0e92a27fe04c => generated 136 bytes in 26 msecs (HTTP/1.1 404) 4 headers in 164 bytes (1 switches on core 0) [pid: 8|app: 0|req: 568/1289] 199.204.45.169 () {34 vars in 1050 bytes} [Mon May 11 02:05:21 2026] GET /v2.0/security-groups?fields=id&fields=name&tenant_id=3460590b7e4548eb9ee9fc8bd1608d2d => generated 179 bytes in 47 msecs (HTTP/1.1 200) 4 headers in 157 bytes (1 switches on core 0) [pid: 7|app: 0|req: 722/1290] 10.0.0.228 () {32 vars in 726 bytes} [Mon May 11 02:05:21 2026] DELETE /v2.0/networks/652e5565-293d-42a6-91bc-73cc626ea0ad => generated 0 bytes in 370 msecs (HTTP/1.1 204) 3 headers in 131 bytes (1 switches on core 0)
2026-05-11 02:05:21.656 7 INFO neutron.pecan_wsgi.hooks.translation [None req-b670c22c-7abf-4321-88d0-82d0d050a65c 5f1a5ecd512a401e952231b984d26e78 006ecb23e53a49678fc82314f2bc7f80 - - default default] DELETE failed (client error): The resource could not be found. [pid: 7|app: 0|req: 723/1291] 10.0.0.228 () {32 vars in 724 bytes} [Mon May 11 02:05:21 2026] DELETE /v2.0/subnets/f11ad2a1-be14-4cf7-a17c-c18b56e5b750 => generated 136 bytes in 15 msecs (HTTP/1.1 404) 4 headers in 164 bytes (1 switches on core 0) [pid: 8|app: 0|req: 569/1292] 10.0.0.228 () {32 vars in 740 bytes} [Mon May 11 02:05:21 2026] DELETE /v2.0/security-groups/5e3f89a8-4fd3-4fe8-b244-ace1910f85a0 => generated 0 bytes in 266 msecs (HTTP/1.1 204) 2 headers in 112 bytes (1 switches on core 0) [pid: 8|app: 0|req: 570/1293] 10.0.0.228 () {32 vars in 649 bytes} [Mon May 11 02:05:21 2026] GET /v2.0/networks => generated 651 bytes in 39 msecs (HTTP/1.1 200) 4 headers in 157 bytes (1 switches on core 0)
2026-05-11 02:05:21.879 8 INFO neutron.pecan_wsgi.hooks.translation [None req-0b4417a6-39c0-4caa-8cb9-909baa87f873 5f1a5ecd512a401e952231b984d26e78 006ecb23e53a49678fc82314f2bc7f80 - - default default] DELETE failed (client error): The resource could not be found. [pid: 8|app: 0|req: 571/1294] 10.0.0.228 () {32 vars in 724 bytes} [Mon May 11 02:05:21 2026] DELETE /v2.0/subnets/2cf0f841-0617-4f69-bf67-ae5acbb1831d => generated 136 bytes in 10 msecs (HTTP/1.1 404) 4 headers in 164 bytes (1 switches on core 0)
2026-05-11 02:05:21.962 7 WARNING neutron.scheduler.dhcp_agent_scheduler [req-fb5aaad4-7f8e-4d9a-811b-1eec8cda33b3 req-7f45e69a-1038-4ffb-9582-fcc4094a99e8 c4cf41176c5842088317b956bf1971b6 3460590b7e4548eb9ee9fc8bd1608d2d - - default default] No more DHCP agents
2026-05-11 02:05:21.963 7 WARNING neutron.api.rpc.agentnotifiers.dhcp_rpc_agent_api [req-fb5aaad4-7f8e-4d9a-811b-1eec8cda33b3 req-7f45e69a-1038-4ffb-9582-fcc4094a99e8 c4cf41176c5842088317b956bf1971b6 3460590b7e4548eb9ee9fc8bd1608d2d - - default default] Unable to schedule network 1f6e9988-6ebf-461f-9aca-046fafc49141: no agents available; will retry on subsequent port and subnet creation events.
2026-05-11 02:05:21.968 8 INFO neutron.db.segments_db [None req-6c1e1515-46a0-4882-b566-e3ded0d014e3 51da33e45449461b9f01d0929c6e271a 23a97fa9d55f4ddeb328a914e9f7a8a7 - - default default] Added segment 3c3c96b3-d0c7-48f6-a312-d694e60fff80 of type geneve for network 14540d76-c5e2-46e9-88a6-fb7a06920ed0
2026-05-11 02:05:22.096 8 INFO neutron.db.ovn_revision_numbers_db [None req-6c1e1515-46a0-4882-b566-e3ded0d014e3 51da33e45449461b9f01d0929c6e271a 23a97fa9d55f4ddeb328a914e9f7a8a7 - - default default] Successfully bumped revision number for resource 14540d76-c5e2-46e9-88a6-fb7a06920ed0 (type: networks) to 1
2026-05-11 02:05:22.160 7 INFO neutron.db.ovn_revision_numbers_db [req-fb5aaad4-7f8e-4d9a-811b-1eec8cda33b3 req-7f45e69a-1038-4ffb-9582-fcc4094a99e8 c4cf41176c5842088317b956bf1971b6 3460590b7e4548eb9ee9fc8bd1608d2d - - default default] Successfully bumped revision number for resource 7ecfb755-604b-4c6b-8eea-5eb64d4e389b (type: ports) to 1
2026-05-11 02:05:22.168 8 INFO neutron.plugins.ml2.drivers.ovn.mech_driver.mech_driver [None req-2d015d50-bb65-4bba-b522-0669087fd6c6 - - - - - -] OVN reports status down for port: 7ecfb755-604b-4c6b-8eea-5eb64d4e389b [pid: 7|app: 0|req: 724/1295] 199.204.45.169 () {38 vars in 955 bytes} [Mon May 11 02:05:21 2026] POST /v2.0/ports => generated 954 bytes in 553 msecs (HTTP/1.1 201) 4 headers in 162 bytes (1 switches on core 0) /var/lib/openstack/lib/python3.12/site-packages/pycadf/identifier.py:70: UserWarning: Invalid uuid: neutron. To ensure interoperability, identifiers should be a valid uuid. warnings.warn(('Invalid uuid: %s. To ensure interoperability, '
2026-05-11 02:05:22.334 8 WARNING neutron.scheduler.dhcp_agent_scheduler [None req-6c1e1515-46a0-4882-b566-e3ded0d014e3 51da33e45449461b9f01d0929c6e271a 23a97fa9d55f4ddeb328a914e9f7a8a7 - - default default] No more DHCP agents
2026-05-11 02:05:22.335 8 WARNING neutron.api.rpc.agentnotifiers.dhcp_rpc_agent_api [None req-6c1e1515-46a0-4882-b566-e3ded0d014e3 51da33e45449461b9f01d0929c6e271a 23a97fa9d55f4ddeb328a914e9f7a8a7 - - default default] Unable to schedule network 14540d76-c5e2-46e9-88a6-fb7a06920ed0: no agents available; will retry on subsequent port and subnet creation events.
2026-05-11 02:05:22.398 8 INFO neutron.plugins.ml2.drivers.ovn.mech_driver.mech_driver [None req-2d015d50-bb65-4bba-b522-0669087fd6c6 - - - - - -] OVN reports status down for port: 7dd33029-83a4-4a8b-a69b-d3042105733b
2026-05-11 02:05:22.460 8 INFO neutron.db.ovn_revision_numbers_db [None req-6c1e1515-46a0-4882-b566-e3ded0d014e3 51da33e45449461b9f01d0929c6e271a 23a97fa9d55f4ddeb328a914e9f7a8a7 - - default default] Successfully bumped revision number for resource 7dd33029-83a4-4a8b-a69b-d3042105733b (type: ports) to 1 [pid: 8|app: 0|req: 572/1296] 10.0.0.228 () {34 vars in 670 bytes} [Mon May 11 02:05:21 2026] POST /v2.0/networks => generated 650 bytes in 636 msecs (HTTP/1.1 201) 4 headers in 162 bytes (1 switches on core 0)
2026-05-11 02:05:22.620 8 INFO neutron.db.segments_db [None req-c2c656e5-cb07-44c9-8f7d-10dc7c2f1a11 51da33e45449461b9f01d0929c6e271a 23a97fa9d55f4ddeb328a914e9f7a8a7 - - default default] Added segment 330f0923-1d51-4a66-b460-46640804ae09 of type geneve for network 69996634-d6a0-4cf6-aae0-cc9e67e6d414
2026-05-11 02:05:22.636 7 INFO neutron.db.ovn_revision_numbers_db [req-fb5aaad4-7f8e-4d9a-811b-1eec8cda33b3 req-fdde9685-08e8-469b-8a10-6333ddfb4b25 66ef9e8ba5dd4692865b8dba1a6d31a8 3de6992d3b044ea690a21804b0f9f5f6 - - 05ed05b91ee44cf1bcf9ab1f06502272 05ed05b91ee44cf1bcf9ab1f06502272] Successfully bumped revision number for resource 7ecfb755-604b-4c6b-8eea-5eb64d4e389b (type: ports) to 2
2026-05-11 02:05:22.742 8 INFO neutron.db.ovn_revision_numbers_db [None req-c2c656e5-cb07-44c9-8f7d-10dc7c2f1a11 51da33e45449461b9f01d0929c6e271a 23a97fa9d55f4ddeb328a914e9f7a8a7 - - default default] Successfully bumped revision number for resource 69996634-d6a0-4cf6-aae0-cc9e67e6d414 (type: networks) to 1
2026-05-11 02:05:22.871 7 INFO neutron.db.ovn_revision_numbers_db [req-fb5aaad4-7f8e-4d9a-811b-1eec8cda33b3 req-fdde9685-08e8-469b-8a10-6333ddfb4b25 66ef9e8ba5dd4692865b8dba1a6d31a8 3de6992d3b044ea690a21804b0f9f5f6 - - 05ed05b91ee44cf1bcf9ab1f06502272 05ed05b91ee44cf1bcf9ab1f06502272] Successfully bumped revision number for resource 7ecfb755-604b-4c6b-8eea-5eb64d4e389b (type: ports) to 4 [pid: 7|app: 0|req: 725/1297] 199.204.45.169 () {38 vars in 1028 bytes} [Mon May 11 02:05:22 2026] PUT /v2.0/ports/7ecfb755-604b-4c6b-8eea-5eb64d4e389b => generated 1204 bytes in 671 msecs (HTTP/1.1 200) 4 headers in 158 bytes (1 switches on core 0) /var/lib/openstack/lib/python3.12/site-packages/pycadf/identifier.py:70: UserWarning: Invalid uuid: neutron. To ensure interoperability, identifiers should be a valid uuid. warnings.warn(('Invalid uuid: %s. To ensure interoperability, ' [pid: 7|app: 0|req: 726/1298] 10.0.0.110 () {34 vars in 990 bytes} [Mon May 11 02:05:22 2026] GET /v2.0/ports?device_id=539d78a6-1994-44ea-ba35-5427dfda127b => generated 969 bytes in 38 msecs (HTTP/1.1 200) 4 headers in 157 bytes (1 switches on core 0)
2026-05-11 02:05:22.945 8 WARNING neutron.scheduler.dhcp_agent_scheduler [None req-c2c656e5-cb07-44c9-8f7d-10dc7c2f1a11 51da33e45449461b9f01d0929c6e271a 23a97fa9d55f4ddeb328a914e9f7a8a7 - - default default] No more DHCP agents
2026-05-11 02:05:22.949 8 WARNING neutron.api.rpc.agentnotifiers.dhcp_rpc_agent_api [None req-c2c656e5-cb07-44c9-8f7d-10dc7c2f1a11 51da33e45449461b9f01d0929c6e271a 23a97fa9d55f4ddeb328a914e9f7a8a7 - - default default] Unable to schedule network 69996634-d6a0-4cf6-aae0-cc9e67e6d414: no agents available; will retry on subsequent port and subnet creation events.
2026-05-11 02:05:23.021 8 INFO neutron.plugins.ml2.drivers.ovn.mech_driver.mech_driver [None req-2d015d50-bb65-4bba-b522-0669087fd6c6 - - - - - -] OVN reports status down for port: 673241b8-d3b7-4206-bee8-7811af397ea8
2026-05-11 02:05:23.079 7 INFO neutron.notifiers.nova [-] Nova event matching ['req-f5700f97-0b05-4c72-ac93-49d1b00a3ffc'] response: {'name': 'network-changed', 'server_uuid': '539d78a6-1994-44ea-ba35-5427dfda127b', 'tag': '7ecfb755-604b-4c6b-8eea-5eb64d4e389b', 'status': 'completed', 'code': 200}
2026-05-11 02:05:23.081 8 INFO neutron.db.ovn_revision_numbers_db [None req-c2c656e5-cb07-44c9-8f7d-10dc7c2f1a11 51da33e45449461b9f01d0929c6e271a 23a97fa9d55f4ddeb328a914e9f7a8a7 - - default default] Successfully bumped revision number for resource 673241b8-d3b7-4206-bee8-7811af397ea8 (type: ports) to 1 [pid: 7|app: 0|req: 727/1299] 10.0.0.228 () {32 vars in 774 bytes} [Mon May 11 02:05:22 2026] GET /v2.0/security-groups?tenant_id=006ecb23e53a49678fc82314f2bc7f80&name=default => generated 2925 bytes in 184 msecs (HTTP/1.1 200) 4 headers in 158 bytes (1 switches on core 0) [pid: 8|app: 0|req: 573/1300] 10.0.0.228 () {34 vars in 670 bytes} [Mon May 11 02:05:22 2026] POST /v2.0/networks => generated 649 bytes in 601 msecs (HTTP/1.1 201) 4 headers in 162 bytes (1 switches on core 0) [pid: 7|app: 0|req: 728/1301] 10.0.0.110 () {34 vars in 1040 bytes} [Mon May 11 02:05:23 2026] GET /v2.0/security-groups?id=47e2996e-e69e-4cbf-bd94-a67701fa688c&fields=id&fields=name => generated 112 bytes in 23 msecs (HTTP/1.1 200) 4 headers in 157 bytes (1 switches on core 0)
2026-05-11 02:05:23.191 7 INFO neutron.services.segments.plugin [-] Segment f2061134-d6fa-4853-b0f1-844382fef0ab resource provider aggregate not found
2026-05-11 02:05:23.200 7 INFO neutron.services.segments.plugin [-] Segment f2061134-d6fa-4853-b0f1-844382fef0ab resource provider aggregate not found
2026-05-11 02:05:23.208 7 INFO neutron.services.segments.plugin [-] Segment f2061134-d6fa-4853-b0f1-844382fef0ab resource provider not found; error: Placement Client Error (4xx): {"errors": [{"status": 404, "title": "Not Found", "detail": "The resource could not be found.\n\n No resource provider with uuid f2061134-d6fa-4853-b0f1-844382fef0ab found for delete ", "request_id": "req-3ccf84d6-89cd-4b8d-909e-83a00d318734"}]}
2026-05-11 02:05:23.216 7 INFO neutron.services.segments.plugin [-] Segment f2061134-d6fa-4853-b0f1-844382fef0ab resource provider not found; error: Placement Client Error (4xx): {"errors": [{"status": 404, "title": "Not Found", "detail": "The resource could not be found.\n\n No resource provider with uuid f2061134-d6fa-4853-b0f1-844382fef0ab found for delete ", "request_id": "req-5efc72d9-494d-4fff-9e4a-9158f4c311dd"}]} [pid: 8|app: 0|req: 574/1302] 10.0.0.228 () {32 vars in 740 bytes} [Mon May 11 02:05:23 2026] DELETE /v2.0/security-groups/db5f1130-a9a8-4d7b-930f-df099fd989f2 => generated 0 bytes in 386 msecs (HTTP/1.1 204) 2 headers in 112 bytes (1 switches on core 0)
2026-05-11 02:05:23.613 7 WARNING neutron.scheduler.dhcp_agent_scheduler [None req-506e2bda-375c-4ba6-be35-aedf6dd8cf56 51da33e45449461b9f01d0929c6e271a 23a97fa9d55f4ddeb328a914e9f7a8a7 - - default default] No more DHCP agents
2026-05-11 02:05:23.614 7 WARNING neutron.api.rpc.agentnotifiers.dhcp_rpc_agent_api [None req-506e2bda-375c-4ba6-be35-aedf6dd8cf56 51da33e45449461b9f01d0929c6e271a 23a97fa9d55f4ddeb328a914e9f7a8a7 - - default default] Unable to schedule network 14540d76-c5e2-46e9-88a6-fb7a06920ed0: no agents available; will retry on subsequent port and subnet creation events. [pid: 8|app: 0|req: 575/1303] 199.204.45.169 () {34 vars in 1080 bytes} [Mon May 11 02:05:23 2026] GET /v2.0/ports?tenant_id=3460590b7e4548eb9ee9fc8bd1608d2d&device_id=539d78a6-1994-44ea-ba35-5427dfda127b => generated 1207 bytes in 42 msecs (HTTP/1.1 200) 4 headers in 158 bytes (1 switches on core 0)
2026-05-11 02:05:23.728 8 INFO neutron.plugins.ml2.drivers.ovn.mech_driver.mech_driver [None req-2d015d50-bb65-4bba-b522-0669087fd6c6 - - - - - -] OVN reports status down for port: 953a0937-7937-4441-8a15-c463289c9eba
2026-05-11 02:05:23.745 7 INFO neutron.db.ovn_revision_numbers_db [None req-506e2bda-375c-4ba6-be35-aedf6dd8cf56 51da33e45449461b9f01d0929c6e271a 23a97fa9d55f4ddeb328a914e9f7a8a7 - - default default] Successfully bumped revision number for resource 953a0937-7937-4441-8a15-c463289c9eba (type: ports) to 1
2026-05-11 02:05:23.787 7 WARNING neutron.scheduler.dhcp_agent_scheduler [None req-506e2bda-375c-4ba6-be35-aedf6dd8cf56 51da33e45449461b9f01d0929c6e271a 23a97fa9d55f4ddeb328a914e9f7a8a7 - - default default] No more DHCP agents
2026-05-11 02:05:23.789 7 WARNING neutron.api.rpc.agentnotifiers.dhcp_rpc_agent_api [None req-506e2bda-375c-4ba6-be35-aedf6dd8cf56 51da33e45449461b9f01d0929c6e271a 23a97fa9d55f4ddeb328a914e9f7a8a7 - - default default] Unable to schedule network 69996634-d6a0-4cf6-aae0-cc9e67e6d414: no agents available; will retry on subsequent port and subnet creation events.
2026-05-11 02:05:23.932 8 INFO neutron.db.ovn_revision_numbers_db [None req-0959f327-11fa-4b5e-989c-f8144ed96155 df9a104709b14144912c37da97e0a6da 2426139d7132481682faf268e4b9c4d2 - - default default] Successfully bumped revision number for resource ae1f940a-f252-4751-8d6c-0c6fd2d46c26 (type: security_groups) to 1
2026-05-11 02:05:23.986 7 INFO neutron.db.ovn_revision_numbers_db [None req-506e2bda-375c-4ba6-be35-aedf6dd8cf56 51da33e45449461b9f01d0929c6e271a 23a97fa9d55f4ddeb328a914e9f7a8a7 - - default default] Successfully bumped revision number for resource e2d620bf-9c49-46a6-828f-7705329b7fd1 (type: ports) to 1
2026-05-11 02:05:23.988 8 INFO neutron.db.ovn_revision_numbers_db [None req-0959f327-11fa-4b5e-989c-f8144ed96155 df9a104709b14144912c37da97e0a6da 2426139d7132481682faf268e4b9c4d2 - - default default] Successfully bumped revision number for resource 0abf1afc-249a-4935-b99b-ee26e3715dc8 (type: security_group_rules) to 0
2026-05-11 02:05:24.014 8 INFO neutron.db.ovn_revision_numbers_db [None req-0959f327-11fa-4b5e-989c-f8144ed96155 df9a104709b14144912c37da97e0a6da 2426139d7132481682faf268e4b9c4d2 - - default default] Successfully bumped revision number for resource 3b5e05f7-c505-4f20-b6b6-4960026ddd43 (type: security_group_rules) to 0
2026-05-11 02:05:24.037 8 INFO neutron.db.ovn_revision_numbers_db [None req-0959f327-11fa-4b5e-989c-f8144ed96155 df9a104709b14144912c37da97e0a6da 2426139d7132481682faf268e4b9c4d2 - - default default] Successfully bumped revision number for resource 44c05a2b-ac21-4679-83b5-4fc3cd660cc3 (type: security_group_rules) to 0
2026-05-11 02:05:24.058 8 INFO neutron.db.ovn_revision_numbers_db [None req-0959f327-11fa-4b5e-989c-f8144ed96155 df9a104709b14144912c37da97e0a6da 2426139d7132481682faf268e4b9c4d2 - - default default] Successfully bumped revision number for resource a3310ef7-462d-468f-8d4f-19c44ea8dfd1 (type: security_group_rules) to 0
