2026-05-11 02:05:44.791 7 WARNING neutron.api.rpc.agentnotifiers.dhcp_rpc_agent_api [None req-12f5d24a-4843-4ea2-9c32-caef9982bf31 ca9f22f749044d7db4d295998421066e 535f5ccb3f7541e8b225ba901a6af938 - - default default] Unable to schedule network f76b0291-bd26-4b33-9990-2bbfd98f0215: no agents available; will retry on subsequent port and subnet creation events.
2026-05-11 02:05:44.897 7 INFO neutron.db.ovn_revision_numbers_db [None req-12f5d24a-4843-4ea2-9c32-caef9982bf31 ca9f22f749044d7db4d295998421066e 535f5ccb3f7541e8b225ba901a6af938 - - default default] Successfully bumped revision number for resource 6d8a4fb2-d0f3-418f-8e28-3579e990e3e7 (type: ports) to 1 [pid: 7|app: 0|req: 786/1435] 10.0.0.228 () {34 vars in 670 bytes} [Mon May 11 02:05:44 2026] POST /v2.0/networks => generated 632 bytes in 504 msecs (HTTP/1.1 201) 4 headers in 162 bytes (1 switches on core 0) [pid: 7|app: 0|req: 787/1436] 10.0.0.228 () {32 vars in 717 bytes} [Mon May 11 02:05:44 2026] GET /v2.0/ports/2d1dcdb8-6463-4b61-95c4-070da10a45c1 => generated 955 bytes in 30 msecs (HTTP/1.1 200) 4 headers in 157 bytes (1 switches on core 0) [pid: 7|app: 0|req: 788/1437] 10.0.0.228 () {32 vars in 774 bytes} [Mon May 11 02:05:44 2026] GET /v2.0/security-groups?tenant_id=3460590b7e4548eb9ee9fc8bd1608d2d&name=default => generated 2925 bytes in 27 msecs (HTTP/1.1 200) 4 headers in 158 bytes (1 switches on core 0)
2026-05-11 02:05:45.011 8 INFO neutron.db.ovn_revision_numbers_db [None req-3d22820d-8cf0-458e-a445-0b9e1cdf1b95 - - - - - -] Successfully bumped revision number for resource 2d1dcdb8-6463-4b61-95c4-070da10a45c1 (type: ports) to 2
2026-05-11 02:05:45.234 7 WARNING neutron.scheduler.dhcp_agent_scheduler [None req-ee17e7d5-9856-479d-a898-7f715a3cff0d ca9f22f749044d7db4d295998421066e 535f5ccb3f7541e8b225ba901a6af938 - - default default] No more DHCP agents
2026-05-11 02:05:45.235 7 WARNING neutron.api.rpc.agentnotifiers.dhcp_rpc_agent_api [None req-ee17e7d5-9856-479d-a898-7f715a3cff0d ca9f22f749044d7db4d295998421066e 535f5ccb3f7541e8b225ba901a6af938 - - default default] Unable to schedule network f76b0291-bd26-4b33-9990-2bbfd98f0215: no agents available; will retry on subsequent port and subnet creation events. [pid: 8|app: 0|req: 650/1438] 10.0.0.228 () {34 vars in 666 bytes} [Mon May 11 02:05:44 2026] POST /v2.0/trunks => generated 409 bytes in 510 msecs (HTTP/1.1 201) 4 headers in 162 bytes (1 switches on core 0)
2026-05-11 02:05:45.586 8 INFO neutron_taas.services.taas.taas_plugin [None req-c0307dab-d5eb-44b7-a357-a66b59c554a0 1529264c1f2f47a2832d09b61315c48b b191743daf1b4d93a7612031a8252ae2 - - default default] TaaS: Handle Delete Port: 2d1dcdb8-6463-4b61-95c4-070da10a45c1
2026-05-11 02:05:45.589 8 INFO neutron_taas.services.taas.tap_mirror_plugin [None req-c0307dab-d5eb-44b7-a357-a66b59c554a0 1529264c1f2f47a2832d09b61315c48b b191743daf1b4d93a7612031a8252ae2 - - default default] Tap Mirror: Handle Delete Port: 2d1dcdb8-6463-4b61-95c4-070da10a45c1
2026-05-11 02:05:45.682 7 INFO neutron.db.ovn_revision_numbers_db [None req-b3d7258a-8678-422b-94eb-52eb9869bf48 - - - - - -] Successfully bumped revision number for resource 6d8a4fb2-d0f3-418f-8e28-3579e990e3e7 (type: ports) to 2
2026-05-11 02:05:45.708 7 INFO neutron.db.ovn_revision_numbers_db [None req-b3d7258a-8678-422b-94eb-52eb9869bf48 - - - - - -] Successfully bumped revision number for resource 3000eb41-9fc1-452c-948b-6a659b412cf8 (type: subnets) to 0 [pid: 7|app: 0|req: 789/1439] 10.0.0.228 () {34 vars in 669 bytes} [Mon May 11 02:05:44 2026] POST /v2.0/subnets => generated 626 bytes in 757 msecs (HTTP/1.1 201) 4 headers in 162 bytes (1 switches on core 0) [pid: 7|app: 0|req: 790/1440] 10.0.0.228 () {32 vars in 740 bytes} [Mon May 11 02:05:45 2026] DELETE /v2.0/security-groups/2df4a741-c35c-444c-8628-687f00ff2b30 => generated 0 bytes in 320 msecs (HTTP/1.1 204) 2 headers in 112 bytes (1 switches on core 0) [pid: 8|app: 0|req: 651/1441] 10.0.0.228 () {34 vars in 789 bytes} [Mon May 11 02:05:45 2026] PUT /v2.0/routers/e8063556-9da7-4092-8463-d7a8b0b7884f/remove_router_interface => generated 309 bytes in 776 msecs (HTTP/1.1 200) 4 headers in 157 bytes (1 switches on core 0) /var/lib/openstack/lib/python3.12/site-packages/pycadf/identifier.py:70: UserWarning: Invalid uuid: neutron. To ensure interoperability, identifiers should be a valid uuid. warnings.warn(('Invalid uuid: %s. To ensure interoperability, '
2026-05-11 02:05:46.158 7 INFO neutron.db.segments_db [None req-7413b2e7-6f27-4674-83df-3034020a0956 e71c45da3e864ab6adef4d1b6453603e 11bceeb55d05463c9182ba9adb87350f - - default default] Added segment 71781160-457c-4982-9117-bb184d138997 of type geneve for network 2ea38998-d7ae-49b0-b803-23a36bfd9627
2026-05-11 02:05:46.276 7 INFO neutron.db.ovn_revision_numbers_db [None req-7413b2e7-6f27-4674-83df-3034020a0956 e71c45da3e864ab6adef4d1b6453603e 11bceeb55d05463c9182ba9adb87350f - - default default] Successfully bumped revision number for resource 2ea38998-d7ae-49b0-b803-23a36bfd9627 (type: networks) to 1
2026-05-11 02:05:46.375 8 WARNING neutron.scheduler.dhcp_agent_scheduler [None req-5ada8975-4cd5-4c90-a902-ed38c706f56e ca9f22f749044d7db4d295998421066e 535f5ccb3f7541e8b225ba901a6af938 - - default default] No more DHCP agents
2026-05-11 02:05:46.376 8 WARNING neutron.api.rpc.agentnotifiers.dhcp_rpc_agent_api [None req-5ada8975-4cd5-4c90-a902-ed38c706f56e ca9f22f749044d7db4d295998421066e 535f5ccb3f7541e8b225ba901a6af938 - - default default] Unable to schedule network f76b0291-bd26-4b33-9990-2bbfd98f0215: no agents available; will retry on subsequent port and subnet creation events.
2026-05-11 02:05:46.423 7 WARNING neutron.scheduler.dhcp_agent_scheduler [None req-7413b2e7-6f27-4674-83df-3034020a0956 e71c45da3e864ab6adef4d1b6453603e 11bceeb55d05463c9182ba9adb87350f - - default default] No more DHCP agents
2026-05-11 02:05:46.425 7 WARNING neutron.api.rpc.agentnotifiers.dhcp_rpc_agent_api [None req-7413b2e7-6f27-4674-83df-3034020a0956 e71c45da3e864ab6adef4d1b6453603e 11bceeb55d05463c9182ba9adb87350f - - default default] Unable to schedule network 2ea38998-d7ae-49b0-b803-23a36bfd9627: no agents available; will retry on subsequent port and subnet creation events.
2026-05-11 02:05:46.557 7 INFO neutron.db.ovn_revision_numbers_db [None req-7413b2e7-6f27-4674-83df-3034020a0956 e71c45da3e864ab6adef4d1b6453603e 11bceeb55d05463c9182ba9adb87350f - - default default] Successfully bumped revision number for resource 2b35f365-09db-40d6-b9f0-88f3018d339e (type: ports) to 1 [pid: 7|app: 0|req: 791/1442] 10.0.0.228 () {34 vars in 670 bytes} [Mon May 11 02:05:46 2026] POST /v2.0/networks => generated 632 bytes in 539 msecs (HTTP/1.1 201) 4 headers in 162 bytes (1 switches on core 0)
2026-05-11 02:05:46.659 8 INFO neutron.db.ovn_revision_numbers_db [None req-5ada8975-4cd5-4c90-a902-ed38c706f56e ca9f22f749044d7db4d295998421066e 535f5ccb3f7541e8b225ba901a6af938 - - default default] Successfully bumped revision number for resource e84f49de-81a5-418d-84a0-6f7439bd3b38 (type: ports) to 1 [pid: 7|app: 0|req: 792/1443] 10.0.0.228 () {32 vars in 717 bytes} [Mon May 11 02:05:46 2026] GET /v2.0/ports/ce7eecae-7e29-465f-bc96-39eceded2f90 => generated 947 bytes in 79 msecs (HTTP/1.1 200) 4 headers in 157 bytes (1 switches on core 0) [pid: 8|app: 0|req: 652/1444] 10.0.0.228 () {34 vars in 665 bytes} [Mon May 11 02:05:46 2026] POST /v2.0/ports => generated 949 bytes in 665 msecs (HTTP/1.1 201) 4 headers in 162 bytes (1 switches on core 0) /var/lib/openstack/lib/python3.12/site-packages/pycadf/identifier.py:70: UserWarning: Invalid uuid: neutron. To ensure interoperability, identifiers should be a valid uuid. warnings.warn(('Invalid uuid: %s. To ensure interoperability, '
2026-05-11 02:05:46.888 7 WARNING neutron.scheduler.dhcp_agent_scheduler [None req-8b3885c7-9b1b-4b00-9e79-fb9fd8b8026c e71c45da3e864ab6adef4d1b6453603e 11bceeb55d05463c9182ba9adb87350f - - default default] No more DHCP agents
2026-05-11 02:05:46.890 7 WARNING neutron.api.rpc.agentnotifiers.dhcp_rpc_agent_api [None req-8b3885c7-9b1b-4b00-9e79-fb9fd8b8026c e71c45da3e864ab6adef4d1b6453603e 11bceeb55d05463c9182ba9adb87350f - - default default] Unable to schedule network 2ea38998-d7ae-49b0-b803-23a36bfd9627: no agents available; will retry on subsequent port and subnet creation events.
2026-05-11 02:05:47.032 7 INFO neutron.db.ovn_revision_numbers_db [None req-8b3885c7-9b1b-4b00-9e79-fb9fd8b8026c e71c45da3e864ab6adef4d1b6453603e 11bceeb55d05463c9182ba9adb87350f - - default default] Successfully bumped revision number for resource 0ca96835-5c7f-4187-bf26-1c7aa818a53b (type: ports) to 1
2026-05-11 02:05:47.054 8 INFO neutron_taas.services.taas.taas_plugin [None req-8d7bb7ef-5f3e-4204-8d97-73e892a62734 1529264c1f2f47a2832d09b61315c48b b191743daf1b4d93a7612031a8252ae2 - - default default] TaaS: Handle Delete Port: ce7eecae-7e29-465f-bc96-39eceded2f90
2026-05-11 02:05:47.058 8 INFO neutron_taas.services.taas.tap_mirror_plugin [None req-8d7bb7ef-5f3e-4204-8d97-73e892a62734 1529264c1f2f47a2832d09b61315c48b b191743daf1b4d93a7612031a8252ae2 - - default default] Tap Mirror: Handle Delete Port: ce7eecae-7e29-465f-bc96-39eceded2f90 [pid: 7|app: 0|req: 793/1445] 10.0.0.228 () {34 vars in 664 bytes} [Mon May 11 02:05:46 2026] POST /v2.0/ports => generated 743 bytes in 412 msecs (HTTP/1.1 201) 4 headers in 162 bytes (1 switches on core 0) /var/lib/openstack/lib/python3.12/site-packages/pycadf/identifier.py:70: UserWarning: Invalid uuid: neutron. To ensure interoperability, identifiers should be a valid uuid. warnings.warn(('Invalid uuid: %s. To ensure interoperability, '
2026-05-11 02:05:47.230 7 INFO neutron_taas.services.taas.taas_plugin [None req-310abf10-d1e0-4dda-9315-dce8e88d6231 ca9f22f749044d7db4d295998421066e 535f5ccb3f7541e8b225ba901a6af938 - - default default] TaaS: Handle Delete Port: e84f49de-81a5-418d-84a0-6f7439bd3b38
2026-05-11 02:05:47.233 7 INFO neutron_taas.services.taas.tap_mirror_plugin [None req-310abf10-d1e0-4dda-9315-dce8e88d6231 ca9f22f749044d7db4d295998421066e 535f5ccb3f7541e8b225ba901a6af938 - - default default] Tap Mirror: Handle Delete Port: e84f49de-81a5-418d-84a0-6f7439bd3b38 [pid: 8|app: 0|req: 653/1446] 10.0.0.228 () {34 vars in 789 bytes} [Mon May 11 02:05:46 2026] PUT /v2.0/routers/e8063556-9da7-4092-8463-d7a8b0b7884f/remove_router_interface => generated 309 bytes in 678 msecs (HTTP/1.1 200) 4 headers in 157 bytes (1 switches on core 0) /var/lib/openstack/lib/python3.12/site-packages/pycadf/identifier.py:70: UserWarning: Invalid uuid: neutron. To ensure interoperability, identifiers should be a valid uuid. warnings.warn(('Invalid uuid: %s. To ensure interoperability, ' [pid: 7|app: 0|req: 794/1447] 10.0.0.228 () {32 vars in 720 bytes} [Mon May 11 02:05:47 2026] DELETE /v2.0/ports/e84f49de-81a5-418d-84a0-6f7439bd3b38 => generated 0 bytes in 362 msecs (HTTP/1.1 204) 3 headers in 131 bytes (1 switches on core 0) [pid: 8|app: 0|req: 654/1448] 10.0.0.228 () {34 vars in 666 bytes} [Mon May 11 02:05:47 2026] POST /v2.0/trunks => generated 409 bytes in 217 msecs (HTTP/1.1 201) 4 headers in 162 bytes (1 switches on core 0) [pid: 8|app: 0|req: 655/1449] 10.0.0.228 () {32 vars in 736 bytes} [Mon May 11 02:05:47 2026] GET /v2.0/ports?device_id=e8063556-9da7-4092-8463-d7a8b0b7884f => generated 12 bytes in 16 msecs (HTTP/1.1 200) 4 headers in 156 bytes (1 switches on core 0)
2026-05-11 02:05:47.657 8 INFO neutron.pecan_wsgi.hooks.translation [None req-2c17fe1d-9ad3-456c-a1fd-2cba14fe4aea ca9f22f749044d7db4d295998421066e 535f5ccb3f7541e8b225ba901a6af938 - - default default] DELETE failed (client error): The resource could not be found. [pid: 8|app: 0|req: 656/1450] 10.0.0.228 () {32 vars in 720 bytes} [Mon May 11 02:05:47 2026] DELETE /v2.0/ports/e84f49de-81a5-418d-84a0-6f7439bd3b38 => generated 132 bytes in 15 msecs (HTTP/1.1 404) 4 headers in 164 bytes (1 switches on core 0) [pid: 7|app: 0|req: 795/1451] 10.0.0.96 () {28 vars in 582 bytes} [Mon May 11 02:05:47 2026] GET /v2.0/routers => generated 628 bytes in 265 msecs (HTTP/1.1 200) 4 headers in 157 bytes (1 switches on core 0)
2026-05-11 02:05:47.754 8 INFO neutron.db.segments_db [None req-2bfadb3d-df70-4677-ac73-8ce836225ebd e71c45da3e864ab6adef4d1b6453603e 11bceeb55d05463c9182ba9adb87350f - - default default] Added segment 6031c67e-3043-4b02-b176-0ef3c9d54e69 of type geneve for network 3f25faac-f87b-49fe-a824-feb5d59d2161
2026-05-11 02:05:47.888 8 INFO neutron.db.ovn_revision_numbers_db [None req-2bfadb3d-df70-4677-ac73-8ce836225ebd e71c45da3e864ab6adef4d1b6453603e 11bceeb55d05463c9182ba9adb87350f - - default default] Successfully bumped revision number for resource 3f25faac-f87b-49fe-a824-feb5d59d2161 (type: networks) to 1 [pid: 7|app: 0|req: 796/1452] 10.0.0.228 () {32 vars in 724 bytes} [Mon May 11 02:05:47 2026] DELETE /v2.0/routers/e8063556-9da7-4092-8463-d7a8b0b7884f => generated 0 bytes in 247 msecs (HTTP/1.1 204) 2 headers in 112 bytes (1 switches on core 0)
2026-05-11 02:05:47.985 7 INFO neutron.pecan_wsgi.hooks.translation [None req-b725869a-3999-451f-a2ff-08e38dfe4a0e ca9f22f749044d7db4d295998421066e 535f5ccb3f7541e8b225ba901a6af938 - - default default] GET failed (client error): The resource could not be found. [pid: 7|app: 0|req: 797/1453] 10.0.0.228 () {32 vars in 717 bytes} [Mon May 11 02:05:47 2026] GET /v2.0/ports/e84f49de-81a5-418d-84a0-6f7439bd3b38 => generated 132 bytes in 26 msecs (HTTP/1.1 404) 4 headers in 164 bytes (1 switches on core 0)
2026-05-11 02:05:48.061 8 WARNING neutron.scheduler.dhcp_agent_scheduler [None req-2bfadb3d-df70-4677-ac73-8ce836225ebd e71c45da3e864ab6adef4d1b6453603e 11bceeb55d05463c9182ba9adb87350f - - default default] No more DHCP agents
2026-05-11 02:05:48.062 8 WARNING neutron.api.rpc.agentnotifiers.dhcp_rpc_agent_api [None req-2bfadb3d-df70-4677-ac73-8ce836225ebd e71c45da3e864ab6adef4d1b6453603e 11bceeb55d05463c9182ba9adb87350f - - default default] Unable to schedule network 3f25faac-f87b-49fe-a824-feb5d59d2161: no agents available; will retry on subsequent port and subnet creation events.
2026-05-11 02:05:48.230 8 INFO neutron.db.ovn_revision_numbers_db [None req-2bfadb3d-df70-4677-ac73-8ce836225ebd e71c45da3e864ab6adef4d1b6453603e 11bceeb55d05463c9182ba9adb87350f - - default default] Successfully bumped revision number for resource fd1bfefe-91e5-4244-a425-6cc0137b3774 (type: ports) to 1
2026-05-11 02:05:48.263 7 INFO neutron.db.ovn_revision_numbers_db [None req-b3e2ad53-472c-44b6-91bb-34cc05f7c01c df9a104709b14144912c37da97e0a6da 2426139d7132481682faf268e4b9c4d2 - - default default] Successfully bumped revision number for resource 14f810da-da3d-47ff-b89e-b215d9b0e8c6 (type: security_groups) to 1 [pid: 8|app: 0|req: 657/1454] 10.0.0.228 () {34 vars in 670 bytes} [Mon May 11 02:05:47 2026] POST /v2.0/networks => generated 632 bytes in 607 msecs (HTTP/1.1 201) 4 headers in 162 bytes (1 switches on core 0)
2026-05-11 02:05:48.273 7 INFO neutron.db.ovn_revision_numbers_db [None req-b3e2ad53-472c-44b6-91bb-34cc05f7c01c df9a104709b14144912c37da97e0a6da 2426139d7132481682faf268e4b9c4d2 - - default default] Successfully bumped revision number for resource 6db82169-6991-43b8-bef8-73e7c5b349e8 (type: security_group_rules) to 0 [pid: 8|app: 0|req: 658/1455] 10.0.0.96 () {28 vars in 623 bytes} [Mon May 11 02:05:48 2026] GET /v2.0/agents?binary=ovn-controller => generated 416 bytes in 14 msecs (HTTP/1.1 200) 4 headers in 157 bytes (1 switches on core 0)
2026-05-11 02:05:48.284 7 INFO neutron.db.ovn_revision_numbers_db [None req-b3e2ad53-472c-44b6-91bb-34cc05f7c01c df9a104709b14144912c37da97e0a6da 2426139d7132481682faf268e4b9c4d2 - - default default] Successfully bumped revision number for resource a4ac32d8-4489-43b2-adc7-1e7d0d4b81f3 (type: security_group_rules) to 0
2026-05-11 02:05:48.296 7 INFO neutron.db.ovn_revision_numbers_db [None req-b3e2ad53-472c-44b6-91bb-34cc05f7c01c df9a104709b14144912c37da97e0a6da 2426139d7132481682faf268e4b9c4d2 - - default default] Successfully bumped revision number for resource b670d732-5bfc-4a21-b817-13683728f91d (type: security_group_rules) to 0
2026-05-11 02:05:48.308 7 INFO neutron.db.ovn_revision_numbers_db [None req-b3e2ad53-472c-44b6-91bb-34cc05f7c01c df9a104709b14144912c37da97e0a6da 2426139d7132481682faf268e4b9c4d2 - - default default] Successfully bumped revision number for resource e867f1ce-e3e4-47fc-bd7b-950873ebfc3f (type: security_group_rules) to 0
2026-05-11 02:05:48.381 7 INFO neutron.db.segments_db [None req-b3e2ad53-472c-44b6-91bb-34cc05f7c01c df9a104709b14144912c37da97e0a6da 2426139d7132481682faf268e4b9c4d2 - - default default] Added segment df8a95b4-c0c9-49f3-9aae-2db8cead6af9 of type geneve for network c00113d9-1bda-415f-a03b-757f97c6cee7 [pid: 8|app: 0|req: 659/1456] 10.0.0.228 () {32 vars in 724 bytes} [Mon May 11 02:05:48 2026] DELETE /v2.0/subnets/b07bf407-268b-4a00-b092-e4710a1194f1 => generated 0 bytes in 167 msecs (HTTP/1.1 204) 3 headers in 131 bytes (1 switches on core 0)
2026-05-11 02:05:48.520 7 INFO neutron.db.ovn_revision_numbers_db [None req-b3e2ad53-472c-44b6-91bb-34cc05f7c01c df9a104709b14144912c37da97e0a6da 2426139d7132481682faf268e4b9c4d2 - - default default] Successfully bumped revision number for resource c00113d9-1bda-415f-a03b-757f97c6cee7 (type: networks) to 1 [pid: 8|app: 0|req: 660/1457] 10.0.0.228 () {32 vars in 724 bytes} [Mon May 11 02:05:48 2026] DELETE /v2.0/subnets/3000eb41-9fc1-452c-948b-6a659b412cf8 => generated 0 bytes in 195 msecs (HTTP/1.1 204) 3 headers in 131 bytes (1 switches on core 0)
2026-05-11 02:05:48.693 7 WARNING neutron.scheduler.dhcp_agent_scheduler [None req-b3e2ad53-472c-44b6-91bb-34cc05f7c01c df9a104709b14144912c37da97e0a6da 2426139d7132481682faf268e4b9c4d2 - - default default] No more DHCP agents
2026-05-11 02:05:48.695 7 WARNING neutron.api.rpc.agentnotifiers.dhcp_rpc_agent_api [None req-b3e2ad53-472c-44b6-91bb-34cc05f7c01c df9a104709b14144912c37da97e0a6da 2426139d7132481682faf268e4b9c4d2 - - default default] Unable to schedule network c00113d9-1bda-415f-a03b-757f97c6cee7: no agents available; will retry on subsequent port and subnet creation events.
2026-05-11 02:05:48.793 7 INFO neutron.db.ovn_revision_numbers_db [None req-b3e2ad53-472c-44b6-91bb-34cc05f7c01c df9a104709b14144912c37da97e0a6da 2426139d7132481682faf268e4b9c4d2 - - default default] Successfully bumped revision number for resource 54a4cb74-87ac-43af-8a8f-94f646abdce4 (type: ports) to 1 [pid: 7|app: 0|req: 798/1458] 10.0.0.228 () {34 vars in 671 bytes} [Mon May 11 02:05:47 2026] POST /v2.0/networks => generated 747 bytes in 826 msecs (HTTP/1.1 201) 4 headers in 162 bytes (1 switches on core 0) [pid: 7|app: 0|req: 799/1459] 10.0.0.96 () {28 vars in 590 bytes} [Mon May 11 02:05:48 2026] GET /v2.0/floatingips => generated 19 bytes in 15 msecs (HTTP/1.1 200) 4 headers in 156 bytes (1 switches on core 0)
2026-05-11 02:05:48.901 8 WARNING neutron.scheduler.dhcp_agent_scheduler [None req-a4d66b66-5871-4e40-80fa-1078d6a96b92 e71c45da3e864ab6adef4d1b6453603e 11bceeb55d05463c9182ba9adb87350f - - default default] No more DHCP agents
2026-05-11 02:05:48.902 8 WARNING neutron.api.rpc.agentnotifiers.dhcp_rpc_agent_api [None req-a4d66b66-5871-4e40-80fa-1078d6a96b92 e71c45da3e864ab6adef4d1b6453603e 11bceeb55d05463c9182ba9adb87350f - - default default] Unable to schedule network 3f25faac-f87b-49fe-a824-feb5d59d2161: no agents available; will retry on subsequent port and subnet creation events. [pid: 7|app: 0|req: 800/1460] 10.0.0.228 () {32 vars in 724 bytes} [Mon May 11 02:05:48 2026] DELETE /v2.0/subnets/628101e9-cab8-46b1-b82f-66a83709d4f5 => generated 0 bytes in 183 msecs (HTTP/1.1 204) 3 headers in 131 bytes (1 switches on core 0)
2026-05-11 02:05:49.038 8 INFO neutron.db.ovn_revision_numbers_db [None req-a4d66b66-5871-4e40-80fa-1078d6a96b92 e71c45da3e864ab6adef4d1b6453603e 11bceeb55d05463c9182ba9adb87350f - - default default] Successfully bumped revision number for resource c0a277f8-4d25-4dbf-a3a8-cf78951dfad4 (type: ports) to 1 [pid: 8|app: 0|req: 661/1461] 10.0.0.228 () {34 vars in 664 bytes} [Mon May 11 02:05:48 2026] POST /v2.0/ports => generated 743 bytes in 439 msecs (HTTP/1.1 201) 4 headers in 162 bytes (1 switches on core 0) /var/lib/openstack/lib/python3.12/site-packages/pycadf/identifier.py:70: UserWarning: Invalid uuid: neutron. To ensure interoperability, identifiers should be a valid uuid. warnings.warn(('Invalid uuid: %s. To ensure interoperability, '
2026-05-11 02:05:49.123 7 INFO neutron_taas.services.taas.taas_plugin [None req-9ff831c1-e28d-4991-857b-d41a5eb9754b ca9f22f749044d7db4d295998421066e 535f5ccb3f7541e8b225ba901a6af938 - - default default] TaaS: Handle Delete Port: 6d8a4fb2-d0f3-418f-8e28-3579e990e3e7
2026-05-11 02:05:49.126 7 INFO neutron_taas.services.taas.tap_mirror_plugin [None req-9ff831c1-e28d-4991-857b-d41a5eb9754b ca9f22f749044d7db4d295998421066e 535f5ccb3f7541e8b225ba901a6af938 - - default default] Tap Mirror: Handle Delete Port: 6d8a4fb2-d0f3-418f-8e28-3579e990e3e7
2026-05-11 02:05:49.224 8 WARNING neutron.scheduler.dhcp_agent_scheduler [None req-479d17ea-0147-41b3-adca-cd1ff3a38336 df9a104709b14144912c37da97e0a6da 2426139d7132481682faf268e4b9c4d2 - - default default] No more DHCP agents
2026-05-11 02:05:49.228 8 WARNING neutron.api.rpc.agentnotifiers.dhcp_rpc_agent_api [None req-479d17ea-0147-41b3-adca-cd1ff3a38336 df9a104709b14144912c37da97e0a6da 2426139d7132481682faf268e4b9c4d2 - - default default] Unable to schedule network c00113d9-1bda-415f-a03b-757f97c6cee7: no agents available; will retry on subsequent port and subnet creation events.
2026-05-11 02:05:49.327 7 INFO neutron.services.segments.plugin [-] Segment 0d5c7033-ce9a-4ca5-83df-aee3b226236c resource provider aggregate not found
2026-05-11 02:05:49.332 7 INFO neutron.services.segments.plugin [-] Segment 0d5c7033-ce9a-4ca5-83df-aee3b226236c resource provider aggregate not found
2026-05-11 02:05:49.347 7 INFO neutron.services.segments.plugin [-] Segment 0d5c7033-ce9a-4ca5-83df-aee3b226236c resource provider not found; error: Placement Client Error (4xx): {"errors": [{"status": 404, "title": "Not Found", "detail": "The resource could not be found.\n\n No resource provider with uuid 0d5c7033-ce9a-4ca5-83df-aee3b226236c found for delete ", "request_id": "req-2f913b4c-e7d6-4ab9-9946-edeba8ad1880"}]}
2026-05-11 02:05:49.356 7 INFO neutron.services.segments.plugin [-] Segment 0d5c7033-ce9a-4ca5-83df-aee3b226236c resource provider not found; error: Placement Client Error (4xx): {"errors": [{"status": 404, "title": "Not Found", "detail": "The resource could not be found.\n\n No resource provider with uuid 0d5c7033-ce9a-4ca5-83df-aee3b226236c found for delete ", "request_id": "req-b02aced9-feaa-4591-82aa-4b42f1b8130c"}]} [pid: 7|app: 0|req: 801/1462] 10.0.0.228 () {32 vars in 726 bytes} [Mon May 11 02:05:49 2026] DELETE /v2.0/networks/f76b0291-bd26-4b33-9990-2bbfd98f0215 => generated 0 bytes in 400 msecs (HTTP/1.1 204) 3 headers in 131 bytes (1 switches on core 0) [pid: 7|app: 0|req: 802/1463] 10.0.0.96 () {28 vars in 598 bytes} [Mon May 11 02:05:49 2026] GET /v2.0/security-groups => generated 29017 bytes in 40 msecs (HTTP/1.1 200) 4 headers in 159 bytes (1 switches on core 0)
2026-05-11 02:05:49.554 7 INFO neutron_taas.services.taas.taas_plugin [None req-6007d665-48d8-454b-8844-319378f50218 1529264c1f2f47a2832d09b61315c48b b191743daf1b4d93a7612031a8252ae2 - - default default] TaaS: Handle Delete Port: 9ca5db49-6738-43e0-b0a6-c0ae96292656
2026-05-11 02:05:49.556 7 INFO neutron_taas.services.taas.tap_mirror_plugin [None req-6007d665-48d8-454b-8844-319378f50218 1529264c1f2f47a2832d09b61315c48b b191743daf1b4d93a7612031a8252ae2 - - default default] Tap Mirror: Handle Delete Port: 9ca5db49-6738-43e0-b0a6-c0ae96292656
2026-05-11 02:05:49.807 8 INFO neutron.db.ovn_revision_numbers_db [None req-383908a0-490c-4c2c-a1a2-5d646357934e - - - - - -] Successfully bumped revision number for resource 54a4cb74-87ac-43af-8a8f-94f646abdce4 (type: ports) to 2 [pid: 7|app: 0|req: 803/1464] 10.0.0.228 () {32 vars in 726 bytes} [Mon May 11 02:05:49 2026] DELETE /v2.0/networks/f92a92da-db70-4488-bd21-21c1a37391df => generated 0 bytes in 356 msecs (HTTP/1.1 204) 3 headers in 131 bytes (1 switches on core 0)
2026-05-11 02:05:49.840 8 INFO neutron.db.ovn_revision_numbers_db [None req-383908a0-490c-4c2c-a1a2-5d646357934e - - - - - -] Successfully bumped revision number for resource 401f59c9-9ce1-4cd9-bad2-02394eefbfd8 (type: subnets) to 0 [pid: 8|app: 0|req: 662/1465] 10.0.0.228 () {34 vars in 669 bytes} [Mon May 11 02:05:49 2026] POST /v2.0/subnets => generated 691 bytes in 780 msecs (HTTP/1.1 201) 4 headers in 162 bytes (1 switches on core 0)
2026-05-11 02:05:49.963 8 INFO neutron.db.segments_db [None req-aba1b7d1-3d14-4888-9406-18c7e0734411 ca9f22f749044d7db4d295998421066e 535f5ccb3f7541e8b225ba901a6af938 - - default default] Added segment 83612004-f9a2-4607-af44-f808b1b43fb4 of type geneve for network 0cec6b28-ee41-4251-808c-9b991ce3d742 [pid: 7|app: 0|req: 804/1466] 10.0.0.228 () {34 vars in 666 bytes} [Mon May 11 02:05:49 2026] POST /v2.0/trunks => generated 409 bytes in 225 msecs (HTTP/1.1 201) 4 headers in 162 bytes (1 switches on core 0)
2026-05-11 02:05:50.086 8 INFO neutron.db.ovn_revision_numbers_db [None req-aba1b7d1-3d14-4888-9406-18c7e0734411 ca9f22f749044d7db4d295998421066e 535f5ccb3f7541e8b225ba901a6af938 - - default default] Successfully bumped revision number for resource 0cec6b28-ee41-4251-808c-9b991ce3d742 (type: networks) to 1 [pid: 7|app: 0|req: 805/1467] 10.0.0.96 () {28 vars in 584 bytes} [Mon May 11 02:05:50 2026] GET /v2.0/networks => generated 7188 bytes in 88 msecs (HTTP/1.1 200) 4 headers in 158 bytes (1 switches on core 0)
2026-05-11 02:05:50.235 8 WARNING neutron.scheduler.dhcp_agent_scheduler [None req-aba1b7d1-3d14-4888-9406-18c7e0734411 ca9f22f749044d7db4d295998421066e 535f5ccb3f7541e8b225ba901a6af938 - - default default] No more DHCP agents
2026-05-11 02:05:50.237 8 WARNING neutron.api.rpc.agentnotifiers.dhcp_rpc_agent_api [None req-aba1b7d1-3d14-4888-9406-18c7e0734411 ca9f22f749044d7db4d295998421066e 535f5ccb3f7541e8b225ba901a6af938 - - default default] Unable to schedule network 0cec6b28-ee41-4251-808c-9b991ce3d742: no agents available; will retry on subsequent port and subnet creation events.
2026-05-11 02:05:50.240 7 INFO neutron_taas.services.taas.taas_plugin [None req-6b3a6bb8-a3eb-4331-ba16-9571262380b6 1529264c1f2f47a2832d09b61315c48b b191743daf1b4d93a7612031a8252ae2 - - default default] TaaS: Handle Delete Port: 568279f7-5ab8-4dbd-9df2-9ab7d1253bd2
2026-05-11 02:05:50.243 7 INFO neutron_taas.services.taas.tap_mirror_plugin [None req-6b3a6bb8-a3eb-4331-ba16-9571262380b6 1529264c1f2f47a2832d09b61315c48b b191743daf1b4d93a7612031a8252ae2 - - default default] Tap Mirror: Handle Delete Port: 568279f7-5ab8-4dbd-9df2-9ab7d1253bd2
2026-05-11 02:05:50.370 8 INFO neutron.db.ovn_revision_numbers_db [None req-aba1b7d1-3d14-4888-9406-18c7e0734411 ca9f22f749044d7db4d295998421066e 535f5ccb3f7541e8b225ba901a6af938 - - default default] Successfully bumped revision number for resource eb2fd604-6ba0-4dd1-9c80-075043a85f05 (type: ports) to 1 [pid: 8|app: 0|req: 663/1468] 10.0.0.228 () {34 vars in 670 bytes} [Mon May 11 02:05:49 2026] POST /v2.0/networks => generated 632 bytes in 536 msecs (HTTP/1.1 201) 4 headers in 162 bytes (1 switches on core 0) [pid: 7|app: 0|req: 806/1469] 10.0.0.228 () {32 vars in 726 bytes} [Mon May 11 02:05:50 2026] DELETE /v2.0/networks/f7536626-5141-4622-8b8d-e00e6412997b => generated 0 bytes in 384 msecs (HTTP/1.1 204) 3 headers in 131 bytes (1 switches on core 0)
2026-05-11 02:05:50.588 7 INFO neutron.db.segments_db [None req-dbb0f248-1d24-49ea-ba3b-01967728bb64 e71c45da3e864ab6adef4d1b6453603e 11bceeb55d05463c9182ba9adb87350f - - default default] Added segment fb1f492a-ea38-4eb0-9b94-ca333c90f0dd of type geneve for network cfdacc8b-87a9-4314-8dbe-b8ab9a6f627a
2026-05-11 02:05:50.697 7 INFO neutron.db.ovn_revision_numbers_db [None req-dbb0f248-1d24-49ea-ba3b-01967728bb64 e71c45da3e864ab6adef4d1b6453603e 11bceeb55d05463c9182ba9adb87350f - - default default] Successfully bumped revision number for resource cfdacc8b-87a9-4314-8dbe-b8ab9a6f627a (type: networks) to 1
2026-05-11 02:05:50.764 8 WARNING neutron.plugins.ml2.drivers.ovn.mech_driver.ovsdb.ovn_client [None req-5346d60c-e983-450f-8f72-ff10c46d9ad3 - - - - - -] No port found with ID 2d1dcdb8-6463-4b61-95c4-070da10a45c1: RuntimeError: No port found with ID 2d1dcdb8-6463-4b61-95c4-070da10a45c1
2026-05-11 02:05:50.789 8 INFO neutron.plugins.ml2.drivers.ovn.mech_driver.mech_driver [None req-5346d60c-e983-450f-8f72-ff10c46d9ad3 - - - - - -] OVN reports status down for port: be464da8-5af5-4d9f-a5ed-18196d60f2bd
2026-05-11 02:05:50.837 7 WARNING neutron.scheduler.dhcp_agent_scheduler [None req-dbb0f248-1d24-49ea-ba3b-01967728bb64 e71c45da3e864ab6adef4d1b6453603e 11bceeb55d05463c9182ba9adb87350f - - default default] No more DHCP agents
2026-05-11 02:05:50.838 7 WARNING neutron.api.rpc.agentnotifiers.dhcp_rpc_agent_api [None req-dbb0f248-1d24-49ea-ba3b-01967728bb64 e71c45da3e864ab6adef4d1b6453603e 11bceeb55d05463c9182ba9adb87350f - - default default] Unable to schedule network cfdacc8b-87a9-4314-8dbe-b8ab9a6f627a: no agents available; will retry on subsequent port and subnet creation events.
2026-05-11 02:05:50.851 8 WARNING neutron.scheduler.dhcp_agent_scheduler [None req-ad18cb19-176d-494b-ab4c-7694e3441463 df9a104709b14144912c37da97e0a6da 2426139d7132481682faf268e4b9c4d2 - - default default] No more DHCP agents
2026-05-11 02:05:50.853 8 WARNING neutron.api.rpc.agentnotifiers.dhcp_rpc_agent_api [None req-ad18cb19-176d-494b-ab4c-7694e3441463 df9a104709b14144912c37da97e0a6da 2426139d7132481682faf268e4b9c4d2 - - default default] Unable to schedule network eff7851b-2f2c-4be0-9ff0-84a0a3c90357: no agents available; will retry on subsequent port and subnet creation events.
2026-05-11 02:05:50.937 7 INFO neutron.db.ovn_revision_numbers_db [None req-dbb0f248-1d24-49ea-ba3b-01967728bb64 e71c45da3e864ab6adef4d1b6453603e 11bceeb55d05463c9182ba9adb87350f - - default default] Successfully bumped revision number for resource 0dff6f53-cecf-45b1-873a-fb67e49defee (type: ports) to 1 [pid: 7|app: 0|req: 807/1470] 10.0.0.228 () {34 vars in 670 bytes} [Mon May 11 02:05:50 2026] POST /v2.0/networks => generated 631 bytes in 447 msecs (HTTP/1.1 201) 4 headers in 162 bytes (1 switches on core 0)
2026-05-11 02:05:50.963 8 INFO neutron.plugins.ml2.drivers.ovn.mech_driver.mech_driver [None req-5346d60c-e983-450f-8f72-ff10c46d9ad3 - - - - - -] OVN reports status down for port: 77c15602-7297-4011-bb7e-f6d937a3c99f [pid: 7|app: 0|req: 808/1471] 10.0.0.96 () {28 vars in 580 bytes} [Mon May 11 02:05:50 2026] GET /v2.0/agents => generated 1214 bytes in 10 msecs (HTTP/1.1 200) 4 headers in 158 bytes (1 switches on core 0)
2026-05-11 02:05:51.091 8 INFO neutron.plugins.ml2.drivers.ovn.mech_driver.mech_driver [None req-5346d60c-e983-450f-8f72-ff10c46d9ad3 - - - - - -] OVN reports status down for port: 80b17cae-1db2-4edb-9411-eb2e15693735
2026-05-11 02:05:51.143 8 INFO neutron.db.ovn_revision_numbers_db [None req-ad18cb19-176d-494b-ab4c-7694e3441463 df9a104709b14144912c37da97e0a6da 2426139d7132481682faf268e4b9c4d2 - - default default] Successfully bumped revision number for resource 6b56d721-dfb3-472b-8d16-0ac703fbc437 (type: ports) to 1
2026-05-11 02:05:51.158 7 WARNING neutron.scheduler.dhcp_agent_scheduler [None req-f10d7c27-7996-4a01-93ad-abd4be1e5fbd ca9f22f749044d7db4d295998421066e 535f5ccb3f7541e8b225ba901a6af938 - - default default] No more DHCP agents
2026-05-11 02:05:51.159 7 WARNING neutron.api.rpc.agentnotifiers.dhcp_rpc_agent_api [None req-f10d7c27-7996-4a01-93ad-abd4be1e5fbd ca9f22f749044d7db4d295998421066e 535f5ccb3f7541e8b225ba901a6af938 - - default default] Unable to schedule network 0cec6b28-ee41-4251-808c-9b991ce3d742: no agents available; will retry on subsequent port and subnet creation events.
2026-05-11 02:05:51.221 8 INFO neutron.plugins.ml2.drivers.ovn.mech_driver.mech_driver [None req-5346d60c-e983-450f-8f72-ff10c46d9ad3 - - - - - -] OVN reports status down for port: e1dc35fa-b3b7-4f2f-80f7-92123dade0de
2026-05-11 02:05:51.357 8 INFO neutron.plugins.ml2.drivers.ovn.mech_driver.mech_driver [None req-5346d60c-e983-450f-8f72-ff10c46d9ad3 - - - - - -] OVN reports status down for port: 6d8a4fb2-d0f3-418f-8e28-3579e990e3e7
2026-05-11 02:05:51.367 7 INFO neutron.services.segments.plugin [-] Segment 66b0a30f-47ae-4a0e-9258-69222a8cee82 resource provider aggregate not found
2026-05-11 02:05:51.374 7 INFO neutron.services.segments.plugin [-] Segment 66b0a30f-47ae-4a0e-9258-69222a8cee82 resource provider aggregate not found
2026-05-11 02:05:51.376 8 INFO neutron.plugins.ml2.drivers.ovn.mech_driver.mech_driver [None req-5346d60c-e983-450f-8f72-ff10c46d9ad3 - - - - - -] OVN reports status down for port: 2b35f365-09db-40d6-b9f0-88f3018d339e
2026-05-11 02:05:51.389 7 INFO neutron.services.segments.plugin [-] Segment 66b0a30f-47ae-4a0e-9258-69222a8cee82 resource provider not found; error: Placement Client Error (4xx): {"errors": [{"status": 404, "title": "Not Found", "detail": "The resource could not be found.\n\n No resource provider with uuid 66b0a30f-47ae-4a0e-9258-69222a8cee82 found for delete ", "request_id": "req-7a61ddf6-59e0-494b-99f4-6cc6d6eb8c68"}]}
2026-05-11 02:05:51.394 7 INFO neutron.services.segments.plugin [-] Segment 66b0a30f-47ae-4a0e-9258-69222a8cee82 resource provider not found; error: Placement Client Error (4xx): {"errors": [{"status": 404, "title": "Not Found", "detail": "The resource could not be found.\n\n No resource provider with uuid 66b0a30f-47ae-4a0e-9258-69222a8cee82 found for delete ", "request_id": "req-37e19659-d001-4296-ba95-436d4f54c594"}]}
2026-05-11 02:05:51.418 7 INFO neutron.services.segments.plugin [-] Segment 86cf9200-9bc0-4fdf-999b-f16c85d8e566 resource provider aggregate not found
2026-05-11 02:05:51.424 7 INFO neutron.services.segments.plugin [-] Segment 86cf9200-9bc0-4fdf-999b-f16c85d8e566 resource provider aggregate not found
2026-05-11 02:05:51.447 7 INFO neutron.services.segments.plugin [-] Segment 86cf9200-9bc0-4fdf-999b-f16c85d8e566 resource provider not found; error: Placement Client Error (4xx): {"errors": [{"status": 404, "title": "Not Found", "detail": "The resource could not be found.\n\n No resource provider with uuid 86cf9200-9bc0-4fdf-999b-f16c85d8e566 found for delete ", "request_id": "req-298917c2-0711-4145-8932-ddccbcbb0e7a"}]}
2026-05-11 02:05:51.449 7 INFO neutron.services.segments.plugin [-] Segment 86cf9200-9bc0-4fdf-999b-f16c85d8e566 resource provider not found; error: Placement Client Error (4xx): {"errors": [{"status": 404, "title": "Not Found", "detail": "The resource could not be found.\n\n No resource provider with uuid 86cf9200-9bc0-4fdf-999b-f16c85d8e566 found for delete ", "request_id": "req-3a7f5150-04e4-4335-88e6-146f0e2ec0cc"}]}
2026-05-11 02:05:51.477 8 INFO neutron.plugins.ml2.drivers.ovn.mech_driver.mech_driver [None req-5346d60c-e983-450f-8f72-ff10c46d9ad3 - - - - - -] OVN reports status down for port: e84f49de-81a5-418d-84a0-6f7439bd3b38
2026-05-11 02:05:51.496 8 INFO neutron.plugins.ml2.drivers.ovn.mech_driver.mech_driver [None req-5346d60c-e983-450f-8f72-ff10c46d9ad3 - - - - - -] OVN reports status down for port: 0ca96835-5c7f-4187-bf26-1c7aa818a53b
2026-05-11 02:05:51.635 7 INFO neutron.db.ovn_revision_numbers_db [None req-b8cada72-e36f-4dd4-ad78-3c4c7303b35c - - - - - -] Successfully bumped revision number for resource eb2fd604-6ba0-4dd1-9c80-075043a85f05 (type: ports) to 2
2026-05-11 02:05:51.663 7 INFO neutron.db.ovn_revision_numbers_db [None req-b8cada72-e36f-4dd4-ad78-3c4c7303b35c - - - - - -] Successfully bumped revision number for resource 5d63a6d2-5a9e-4c43-ac10-7f0b42855c19 (type: subnets) to 0
2026-05-11 02:05:51.675 8 INFO neutron.plugins.ml2.drivers.ovn.mech_driver.mech_driver [None req-5346d60c-e983-450f-8f72-ff10c46d9ad3 - - - - - -] OVN reports status down for port: fd1bfefe-91e5-4244-a425-6cc0137b3774 [pid: 7|app: 0|req: 809/1472] 10.0.0.228 () {34 vars in 669 bytes} [Mon May 11 02:05:50 2026] POST /v2.0/subnets => generated 626 bytes in 711 msecs (HTTP/1.1 201) 4 headers in 162 bytes (1 switches on core 0)
2026-05-11 02:05:51.758 7 INFO neutron.db.segments_db [None req-95a9c5bb-674d-4812-ad3a-a57a68e42c68 1529264c1f2f47a2832d09b61315c48b b191743daf1b4d93a7612031a8252ae2 - - default default] Added segment b1a34ec4-ebd7-481a-8d37-210b9711a151 of type geneve for network dc185cf9-a6ad-497d-b09d-292cdc755a51
2026-05-11 02:05:51.773 8 INFO neutron.plugins.ml2.drivers.ovn.mech_driver.mech_driver [None req-5346d60c-e983-450f-8f72-ff10c46d9ad3 - - - - - -] OVN reports status down for port: 54a4cb74-87ac-43af-8a8f-94f646abdce4
2026-05-11 02:05:51.880 7 INFO neutron.db.ovn_revision_numbers_db [None req-95a9c5bb-674d-4812-ad3a-a57a68e42c68 1529264c1f2f47a2832d09b61315c48b b191743daf1b4d93a7612031a8252ae2 - - default default] Successfully bumped revision number for resource dc185cf9-a6ad-497d-b09d-292cdc755a51 (type: networks) to 1
2026-05-11 02:05:51.913 8 INFO neutron.plugins.ml2.drivers.ovn.mech_driver.mech_driver [None req-5346d60c-e983-450f-8f72-ff10c46d9ad3 - - - - - -] OVN reports status down for port: c0a277f8-4d25-4dbf-a3a8-cf78951dfad4
2026-05-11 02:05:52.036 7 WARNING neutron.scheduler.dhcp_agent_scheduler [None req-95a9c5bb-674d-4812-ad3a-a57a68e42c68 1529264c1f2f47a2832d09b61315c48b b191743daf1b4d93a7612031a8252ae2 - - default default] No more DHCP agents
2026-05-11 02:05:52.038 7 WARNING neutron.api.rpc.agentnotifiers.dhcp_rpc_agent_api [None req-95a9c5bb-674d-4812-ad3a-a57a68e42c68 1529264c1f2f47a2832d09b61315c48b b191743daf1b4d93a7612031a8252ae2 - - default default] Unable to schedule network dc185cf9-a6ad-497d-b09d-292cdc755a51: no agents available; will retry on subsequent port and subnet creation events.
2026-05-11 02:05:52.044 8 INFO neutron.plugins.ml2.drivers.ovn.mech_driver.mech_driver [None req-5346d60c-e983-450f-8f72-ff10c46d9ad3 - - - - - -] OVN reports status down for port: eb2fd604-6ba0-4dd1-9c80-075043a85f05
2026-05-11 02:05:52.139 7 INFO neutron.db.ovn_revision_numbers_db [None req-95a9c5bb-674d-4812-ad3a-a57a68e42c68 1529264c1f2f47a2832d09b61315c48b b191743daf1b4d93a7612031a8252ae2 - - default default] Successfully bumped revision number for resource 00f78787-4688-4385-95db-5f550f1efead (type: ports) to 1 [pid: 7|app: 0|req: 810/1473] 10.0.0.228 () {34 vars in 670 bytes} [Mon May 11 02:05:51 2026] POST /v2.0/networks => generated 633 bytes in 481 msecs (HTTP/1.1 201) 4 headers in 162 bytes (1 switches on core 0)
2026-05-11 02:05:52.161 8 INFO neutron.plugins.ml2.drivers.ovn.mech_driver.ovsdb.commands [-] Schedule LRP lrp-6b56d721-dfb3-472b-8d16-0ac703fbc437 on gateway 70ae5331-e9cb-4786-b7ad-aa3d2e8db6ec with priority 1
2026-05-11 02:05:52.252 8 INFO neutron.plugins.ml2.drivers.ovn.mech_driver.ovsdb.ovsdb_monitor [None req-d626fbf7-2444-4419-a5ac-052f6874c045 - - - - - -] Router b5fd559a-109c-437d-918a-9f4370eef32c is bound to host instance
2026-05-11 02:05:52.288 8 INFO neutron.plugins.ml2.drivers.ovn.mech_driver.mech_driver [None req-5346d60c-e983-450f-8f72-ff10c46d9ad3 - - - - - -] OVN reports status down for port: 0dff6f53-cecf-45b1-873a-fb67e49defee
2026-05-11 02:05:52.361 8 INFO neutron.db.ovn_revision_numbers_db [None req-ad18cb19-176d-494b-ab4c-7694e3441463 df9a104709b14144912c37da97e0a6da 2426139d7132481682faf268e4b9c4d2 - - default default] Successfully bumped revision number for resource 6b56d721-dfb3-472b-8d16-0ac703fbc437 (type: router_ports) to 1
2026-05-11 02:05:52.482 7 WARNING neutron.scheduler.dhcp_agent_scheduler [None req-2af5601d-3a69-4082-9a6a-dcbe1492c3b5 e71c45da3e864ab6adef4d1b6453603e 11bceeb55d05463c9182ba9adb87350f - - default default] No more DHCP agents
2026-05-11 02:05:52.483 7 WARNING neutron.api.rpc.agentnotifiers.dhcp_rpc_agent_api [None req-2af5601d-3a69-4082-9a6a-dcbe1492c3b5 e71c45da3e864ab6adef4d1b6453603e 11bceeb55d05463c9182ba9adb87350f - - default default] Unable to schedule network cfdacc8b-87a9-4314-8dbe-b8ab9a6f627a: no agents available; will retry on subsequent port and subnet creation events.
2026-05-11 02:05:52.489 8 INFO neutron.plugins.ml2.drivers.ovn.mech_driver.mech_driver [None req-5346d60c-e983-450f-8f72-ff10c46d9ad3 - - - - - -] OVN reports status down for port: 6b56d721-dfb3-472b-8d16-0ac703fbc437
2026-05-11 02:05:52.614 8 INFO neutron.db.ovn_revision_numbers_db [None req-ad18cb19-176d-494b-ab4c-7694e3441463 df9a104709b14144912c37da97e0a6da 2426139d7132481682faf268e4b9c4d2 - - default default] Successfully bumped revision number for resource b5fd559a-109c-437d-918a-9f4370eef32c (type: routers) to 2
2026-05-11 02:05:52.627 7 INFO neutron.db.ovn_revision_numbers_db [None req-2af5601d-3a69-4082-9a6a-dcbe1492c3b5 e71c45da3e864ab6adef4d1b6453603e 11bceeb55d05463c9182ba9adb87350f - - default default] Successfully bumped revision number for resource 9e723790-6258-41ab-9e5a-9a0f88af91c9 (type: ports) to 1 [pid: 8|app: 0|req: 664/1474] 10.0.0.228 () {34 vars in 669 bytes} [Mon May 11 02:05:50 2026] POST /v2.0/routers => generated 969 bytes in 2271 msecs (HTTP/1.1 201) 4 headers in 162 bytes (1 switches on core 0) [pid: 7|app: 0|req: 811/1475] 10.0.0.228 () {34 vars in 664 bytes} [Mon May 11 02:05:52 2026] POST /v2.0/ports => generated 743 bytes in 519 msecs (HTTP/1.1 201) 4 headers in 162 bytes (1 switches on core 0) /var/lib/openstack/lib/python3.12/site-packages/pycadf/identifier.py:70: UserWarning: Invalid uuid: neutron. To ensure interoperability, identifiers should be a valid uuid. warnings.warn(('Invalid uuid: %s. To ensure interoperability, ' [pid: 8|app: 0|req: 665/1476] 10.0.0.96 () {28 vars in 618 bytes} [Mon May 11 02:05:52 2026] GET /v2.0/network-ip-availabilities => generated 3617 bytes in 26 msecs (HTTP/1.1 200) 4 headers in 158 bytes (1 switches on core 0)
2026-05-11 02:05:52.702 8 WARNING neutron.plugins.ml2.drivers.ovn.mech_driver.ovsdb.ovn_client [None req-5346d60c-e983-450f-8f72-ff10c46d9ad3 - - - - - -] Logical_Switch_Port 6b56d721-dfb3-472b-8d16-0ac703fbc437 host information not removed, the port state is up
2026-05-11 02:05:52.702 8 INFO neutron.plugins.ml2.drivers.ovn.mech_driver.mech_driver [None req-5346d60c-e983-450f-8f72-ff10c46d9ad3 - - - - - -] OVN reports status down for port: 00f78787-4688-4385-95db-5f550f1efead
2026-05-11 02:05:52.802 8 INFO neutron.plugins.ml2.drivers.ovn.mech_driver.mech_driver [None req-5346d60c-e983-450f-8f72-ff10c46d9ad3 - - - - - -] OVN reports status up for port: 6b56d721-dfb3-472b-8d16-0ac703fbc437
2026-05-11 02:05:52.825 8 INFO neutron.plugins.ml2.plugin [None req-5346d60c-e983-450f-8f72-ff10c46d9ad3 - - - - - -] Attempt 1 to provision port 6b56d721-dfb3-472b-8d16-0ac703fbc437
2026-05-11 02:05:52.920 7 WARNING neutron.scheduler.dhcp_agent_scheduler [None req-77f1672a-b04d-4f6d-ae5a-914c62bd189e ca9f22f749044d7db4d295998421066e 535f5ccb3f7541e8b225ba901a6af938 - - default default] No more DHCP agents
2026-05-11 02:05:52.921 7 WARNING neutron.api.rpc.agentnotifiers.dhcp_rpc_agent_api [None req-77f1672a-b04d-4f6d-ae5a-914c62bd189e ca9f22f749044d7db4d295998421066e 535f5ccb3f7541e8b225ba901a6af938 - - default default] Unable to schedule network 0cec6b28-ee41-4251-808c-9b991ce3d742: no agents available; will retry on subsequent port and subnet creation events.
2026-05-11 02:05:52.961 8 WARNING neutron.scheduler.dhcp_agent_scheduler [None req-93e46669-8081-4973-9d0a-307e3707afa7 1529264c1f2f47a2832d09b61315c48b b191743daf1b4d93a7612031a8252ae2 - - default default] No more DHCP agents
2026-05-11 02:05:52.962 8 WARNING neutron.api.rpc.agentnotifiers.dhcp_rpc_agent_api [None req-93e46669-8081-4973-9d0a-307e3707afa7 1529264c1f2f47a2832d09b61315c48b b191743daf1b4d93a7612031a8252ae2 - - default default] Unable to schedule network dc185cf9-a6ad-497d-b09d-292cdc755a51: no agents available; will retry on subsequent port and subnet creation events.
2026-05-11 02:05:53.003 8 INFO neutron.db.ovn_revision_numbers_db [None req-93e46669-8081-4973-9d0a-307e3707afa7 1529264c1f2f47a2832d09b61315c48b b191743daf1b4d93a7612031a8252ae2 - - default default] Successfully bumped revision number for resource dce228d7-ef1d-4049-93f7-07a2c404531c (type: subnets) to 0 [pid: 8|app: 0|req: 666/1477] 10.0.0.228 () {34 vars in 669 bytes} [Mon May 11 02:05:52 2026] POST /v2.0/subnets => generated 646 bytes in 317 msecs (HTTP/1.1 201) 4 headers in 162 bytes (1 switches on core 0)
2026-05-11 02:05:53.111 7 INFO neutron.db.ovn_revision_numbers_db [None req-77f1672a-b04d-4f6d-ae5a-914c62bd189e ca9f22f749044d7db4d295998421066e 535f5ccb3f7541e8b225ba901a6af938 - - default default] Successfully bumped revision number for resource 1092b554-6f67-44a0-9808-8b4edce6a3a7 (type: ports) to 1 [pid: 7|app: 0|req: 812/1478] 10.0.0.228 () {34 vars in 665 bytes} [Mon May 11 02:05:52 2026] POST /v2.0/ports => generated 912 bytes in 453 msecs (HTTP/1.1 201) 4 headers in 162 bytes (1 switches on core 0) [pid: 7|app: 0|req: 813/1479] 10.0.0.228 () {34 vars in 666 bytes} [Mon May 11 02:05:53 2026] POST /v2.0/trunks => generated 409 bytes in 155 msecs (HTTP/1.1 201) 4 headers in 162 bytes (1 switches on core 0) [pid: 7|app: 0|req: 814/1480] 10.0.0.96 () {28 vars in 582 bytes} [Mon May 11 02:05:53 2026] GET /v2.0/subnets => generated 3277 bytes in 38 msecs (HTTP/1.1 200) 4 headers in 158 bytes (1 switches on core 0)
2026-05-11 02:05:53.448 7 INFO neutron.db.ovn_revision_numbers_db [None req-e884f5f3-3433-4bc5-a5be-8f46a776b412 1529264c1f2f47a2832d09b61315c48b b191743daf1b4d93a7612031a8252ae2 - - default default] Successfully bumped revision number for resource 8a94d041-827d-4c16-a5a1-b3b3bd6f69ff (type: routers) to 1 [pid: 7|app: 0|req: 815/1481] 10.0.0.228 () {34 vars in 669 bytes} [Mon May 11 02:05:53 2026] POST /v2.0/routers => generated 607 bytes in 139 msecs (HTTP/1.1 201) 4 headers in 162 bytes (1 switches on core 0)
2026-05-11 02:05:53.591 7 INFO neutron_taas.services.taas.taas_plugin [None req-e4d33b00-5497-431e-83f4-cb072771b0ac ca9f22f749044d7db4d295998421066e 535f5ccb3f7541e8b225ba901a6af938 - - default default] TaaS: Handle Delete Port: 1092b554-6f67-44a0-9808-8b4edce6a3a7
2026-05-11 02:05:53.596 7 INFO neutron_taas.services.taas.tap_mirror_plugin [None req-e4d33b00-5497-431e-83f4-cb072771b0ac ca9f22f749044d7db4d295998421066e 535f5ccb3f7541e8b225ba901a6af938 - - default default] Tap Mirror: Handle Delete Port: 1092b554-6f67-44a0-9808-8b4edce6a3a7
2026-05-11 02:05:53.689 8 WARNING neutron.scheduler.dhcp_agent_scheduler [None req-4b6b72b9-f9b6-402b-9b5a-36c5c2b10f34 df9a104709b14144912c37da97e0a6da 2426139d7132481682faf268e4b9c4d2 - - default default] No more DHCP agents
2026-05-11 02:05:53.693 8 WARNING neutron.api.rpc.agentnotifiers.dhcp_rpc_agent_api [None req-4b6b72b9-f9b6-402b-9b5a-36c5c2b10f34 df9a104709b14144912c37da97e0a6da 2426139d7132481682faf268e4b9c4d2 - - default default] Unable to schedule network c00113d9-1bda-415f-a03b-757f97c6cee7: no agents available; will retry on subsequent port and subnet creation events. [pid: 7|app: 0|req: 816/1482] 10.0.0.228 () {32 vars in 720 bytes} [Mon May 11 02:05:53 2026] DELETE /v2.0/ports/1092b554-6f67-44a0-9808-8b4edce6a3a7 => generated 0 bytes in 307 msecs (HTTP/1.1 204) 3 headers in 131 bytes (1 switches on core 0)
2026-05-11 02:05:53.870 7 INFO neutron.db.segments_db [None req-38cbda1a-da59-4d52-891c-08e7c51a0cc6 e71c45da3e864ab6adef4d1b6453603e 11bceeb55d05463c9182ba9adb87350f - - default default] Added segment f52ec243-ab74-4f68-8211-75e5d1882fe8 of type geneve for network 84a5c029-d017-44e5-b18b-5dd1fcfdc4d7
2026-05-11 02:05:54.054 7 INFO neutron.db.ovn_revision_numbers_db [None req-38cbda1a-da59-4d52-891c-08e7c51a0cc6 e71c45da3e864ab6adef4d1b6453603e 11bceeb55d05463c9182ba9adb87350f - - default default] Successfully bumped revision number for resource 84a5c029-d017-44e5-b18b-5dd1fcfdc4d7 (type: networks) to 1
2026-05-11 02:05:54.057 8 INFO neutron.db.ovn_revision_numbers_db [None req-4b6b72b9-f9b6-402b-9b5a-36c5c2b10f34 df9a104709b14144912c37da97e0a6da 2426139d7132481682faf268e4b9c4d2 - - default default] Successfully bumped revision number for resource 8d85cdd4-695e-4b04-b051-15a08e0e2b68 (type: ports) to 1
2026-05-11 02:05:54.230 7 WARNING neutron.scheduler.dhcp_agent_scheduler [None req-38cbda1a-da59-4d52-891c-08e7c51a0cc6 e71c45da3e864ab6adef4d1b6453603e 11bceeb55d05463c9182ba9adb87350f - - default default] No more DHCP agents
2026-05-11 02:05:54.232 7 WARNING neutron.api.rpc.agentnotifiers.dhcp_rpc_agent_api [None req-38cbda1a-da59-4d52-891c-08e7c51a0cc6 e71c45da3e864ab6adef4d1b6453603e 11bceeb55d05463c9182ba9adb87350f - - default default] Unable to schedule network 84a5c029-d017-44e5-b18b-5dd1fcfdc4d7: no agents available; will retry on subsequent port and subnet creation events.
2026-05-11 02:05:54.340 7 INFO neutron.db.ovn_revision_numbers_db [None req-38cbda1a-da59-4d52-891c-08e7c51a0cc6 e71c45da3e864ab6adef4d1b6453603e 11bceeb55d05463c9182ba9adb87350f - - default default] Successfully bumped revision number for resource 90e9accb-c67f-4e9b-ac79-94538386d415 (type: ports) to 1 [pid: 7|app: 0|req: 817/1483] 10.0.0.228 () {34 vars in 670 bytes} [Mon May 11 02:05:53 2026] POST /v2.0/networks => generated 632 bytes in 590 msecs (HTTP/1.1 201) 4 headers in 162 bytes (1 switches on core 0) [pid: 7|app: 0|req: 818/1484] 10.0.0.96 () {28 vars in 590 bytes} [Mon May 11 02:05:54 2026] GET /v2.0/subnetpools => generated 19 bytes in 8 msecs (HTTP/1.1 200) 4 headers in 156 bytes (1 switches on core 0)
2026-05-11 02:05:54.720 7 WARNING neutron.scheduler.dhcp_agent_scheduler [None req-1eb49bb9-1e60-4d80-8e13-291d8c5f548c 1529264c1f2f47a2832d09b61315c48b b191743daf1b4d93a7612031a8252ae2 - - default default] No more DHCP agents
