Mar 30 11:55:49.612560 np0000161214 neutron-periodic-workers[104015]: DEBUG cotyledon.oslo_config_glue [-] ml2.tunnelled_network_rp_name = rp_tunnelled {{(pid=104015) log_opt_values /opt/stack/data/venv/lib/python3.12/site-packages/oslo_config/cfg.py:3006}}
Mar 30 11:55:49.612560 np0000161214 neutron-periodic-workers[104015]: DEBUG cotyledon.oslo_config_glue [-] ml2.type_drivers = ['local', 'flat', 'vlan', 'geneve'] {{(pid=104015) log_opt_values /opt/stack/data/venv/lib/python3.12/site-packages/oslo_config/cfg.py:3006}}
Mar 30 11:55:49.613143 np0000161214 neutron-periodic-workers[104015]: DEBUG cotyledon.oslo_config_glue [-] ml2_type_flat.flat_networks = ['public'] {{(pid=104015) log_opt_values /opt/stack/data/venv/lib/python3.12/site-packages/oslo_config/cfg.py:3006}}
Mar 30 11:55:49.613143 np0000161214 neutron-periodic-workers[104015]: DEBUG cotyledon.oslo_config_glue [-] ml2_type_geneve.max_header_size = 38 {{(pid=104015) log_opt_values /opt/stack/data/venv/lib/python3.12/site-packages/oslo_config/cfg.py:3006}}
Mar 30 11:55:49.613143 np0000161214 neutron-periodic-workers[104015]: DEBUG cotyledon.oslo_config_glue [-] ml2_type_geneve.vni_ranges = ['1:65536'] {{(pid=104015) log_opt_values /opt/stack/data/venv/lib/python3.12/site-packages/oslo_config/cfg.py:3006}}
Mar 30 11:55:49.613143 np0000161214 neutron-periodic-workers[104015]: DEBUG cotyledon.oslo_config_glue [-] ml2_type_vlan.network_vlan_ranges = ['public'] {{(pid=104015) log_opt_values /opt/stack/data/venv/lib/python3.12/site-packages/oslo_config/cfg.py:3006}}
Mar 30 11:55:49.613143 np0000161214 neutron-periodic-workers[104015]: DEBUG cotyledon.oslo_config_glue [-] network_log.burst_limit = 25 {{(pid=104015) log_opt_values /opt/stack/data/venv/lib/python3.12/site-packages/oslo_config/cfg.py:3006}}
Mar 30 11:55:49.613143 np0000161214 neutron-periodic-workers[104015]: DEBUG cotyledon.oslo_config_glue [-] network_log.local_output_log_base = None {{(pid=104015) log_opt_values /opt/stack/data/venv/lib/python3.12/site-packages/oslo_config/cfg.py:3006}}
Mar 30 11:55:49.613143 np0000161214 neutron-periodic-workers[104015]: DEBUG cotyledon.oslo_config_glue [-] network_log.rate_limit = 100 {{(pid=104015) log_opt_values /opt/stack/data/venv/lib/python3.12/site-packages/oslo_config/cfg.py:3006}}
Mar 30 11:55:49.613143 np0000161214 neutron-periodic-workers[104015]: DEBUG cotyledon.oslo_config_glue [-] database.asyncio_connection = **** {{(pid=104015) log_opt_values /opt/stack/data/venv/lib/python3.12/site-packages/oslo_config/cfg.py:3006}}
Mar 30 11:55:49.613143 np0000161214 neutron-periodic-workers[104015]: DEBUG cotyledon.oslo_config_glue [-] database.asyncio_slave_connection = **** {{(pid=104015) log_opt_values /opt/stack/data/venv/lib/python3.12/site-packages/oslo_config/cfg.py:3006}}
Mar 30 11:55:49.613721 np0000161214 neutron-periodic-workers[104015]: DEBUG cotyledon.oslo_config_glue [-] database.backend = sqlalchemy {{(pid=104015) log_opt_values /opt/stack/data/venv/lib/python3.12/site-packages/oslo_config/cfg.py:3006}}
Mar 30 11:55:49.613721 np0000161214 neutron-periodic-workers[104015]: DEBUG cotyledon.oslo_config_glue [-] database.connection = **** {{(pid=104015) log_opt_values /opt/stack/data/venv/lib/python3.12/site-packages/oslo_config/cfg.py:3006}}
Mar 30 11:55:49.613721 np0000161214 neutron-periodic-workers[104015]: DEBUG cotyledon.oslo_config_glue [-] database.connection_debug = 0 {{(pid=104015) log_opt_values /opt/stack/data/venv/lib/python3.12/site-packages/oslo_config/cfg.py:3006}}
Mar 30 11:55:49.613721 np0000161214 neutron-periodic-workers[104015]: DEBUG cotyledon.oslo_config_glue [-] database.connection_parameters = {{(pid=104015) log_opt_values /opt/stack/data/venv/lib/python3.12/site-packages/oslo_config/cfg.py:3006}}
Mar 30 11:55:49.613721 np0000161214 neutron-periodic-workers[104015]: DEBUG cotyledon.oslo_config_glue [-] database.connection_recycle_time = 3600 {{(pid=104015) log_opt_values /opt/stack/data/venv/lib/python3.12/site-packages/oslo_config/cfg.py:3006}}
Mar 30 11:55:49.613721 np0000161214 neutron-periodic-workers[104015]: DEBUG cotyledon.oslo_config_glue [-] database.connection_trace = False {{(pid=104015) log_opt_values /opt/stack/data/venv/lib/python3.12/site-packages/oslo_config/cfg.py:3006}}
Mar 30 11:55:49.613721 np0000161214 neutron-periodic-workers[104015]: DEBUG cotyledon.oslo_config_glue [-] database.db_inc_retry_interval = True {{(pid=104015) log_opt_values /opt/stack/data/venv/lib/python3.12/site-packages/oslo_config/cfg.py:3006}}
Mar 30 11:55:49.613721 np0000161214 neutron-periodic-workers[104015]: DEBUG cotyledon.oslo_config_glue [-] database.db_max_retries = 20 {{(pid=104015) log_opt_values /opt/stack/data/venv/lib/python3.12/site-packages/oslo_config/cfg.py:3006}}
Mar 30 11:55:49.613721 np0000161214 neutron-periodic-workers[104015]: DEBUG cotyledon.oslo_config_glue [-] database.db_max_retry_interval = 10 {{(pid=104015) log_opt_values /opt/stack/data/venv/lib/python3.12/site-packages/oslo_config/cfg.py:3006}}
Mar 30 11:55:49.614160 np0000161214 neutron-periodic-workers[104015]: DEBUG cotyledon.oslo_config_glue [-] database.db_retry_interval = 1 {{(pid=104015) log_opt_values /opt/stack/data/venv/lib/python3.12/site-packages/oslo_config/cfg.py:3006}}
Mar 30 11:55:49.614160 np0000161214 neutron-periodic-workers[104015]: DEBUG cotyledon.oslo_config_glue [-] database.max_overflow = 50 {{(pid=104015) log_opt_values /opt/stack/data/venv/lib/python3.12/site-packages/oslo_config/cfg.py:3006}}
Mar 30 11:55:49.614160 np0000161214 neutron-periodic-workers[104015]: DEBUG cotyledon.oslo_config_glue [-] database.max_pool_size = 5 {{(pid=104015) log_opt_values /opt/stack/data/venv/lib/python3.12/site-packages/oslo_config/cfg.py:3006}}
Mar 30 11:55:49.614160 np0000161214 neutron-periodic-workers[104015]: DEBUG cotyledon.oslo_config_glue [-] database.max_retries = 10 {{(pid=104015) log_opt_values /opt/stack/data/venv/lib/python3.12/site-packages/oslo_config/cfg.py:3006}}
Mar 30 11:55:49.614160 np0000161214 neutron-periodic-workers[104015]: DEBUG cotyledon.oslo_config_glue [-] database.mysql_sql_mode = TRADITIONAL {{(pid=104015) log_opt_values /opt/stack/data/venv/lib/python3.12/site-packages/oslo_config/cfg.py:3006}}
Mar 30 11:55:49.614160 np0000161214 neutron-periodic-workers[104015]: DEBUG cotyledon.oslo_config_glue [-] database.mysql_wsrep_sync_wait = None {{(pid=104015) log_opt_values /opt/stack/data/venv/lib/python3.12/site-packages/oslo_config/cfg.py:3006}}
Mar 30 11:55:49.614160 np0000161214 neutron-periodic-workers[104015]: DEBUG cotyledon.oslo_config_glue [-] database.pool_timeout = None {{(pid=104015) log_opt_values /opt/stack/data/venv/lib/python3.12/site-packages/oslo_config/cfg.py:3006}}
Mar 30 11:55:49.614160 np0000161214 neutron-periodic-workers[104015]: DEBUG cotyledon.oslo_config_glue [-] database.retry_interval = 10 {{(pid=104015) log_opt_values /opt/stack/data/venv/lib/python3.12/site-packages/oslo_config/cfg.py:3006}}
Mar 30 11:55:49.614160 np0000161214 neutron-periodic-workers[104015]: DEBUG cotyledon.oslo_config_glue [-] database.slave_connection = **** {{(pid=104015) log_opt_values /opt/stack/data/venv/lib/python3.12/site-packages/oslo_config/cfg.py:3006}}
Mar 30 11:55:49.614655 np0000161214 neutron-periodic-workers[104015]: DEBUG cotyledon.oslo_config_glue [-] database.sqlite_synchronous = True {{(pid=104015) log_opt_values /opt/stack/data/venv/lib/python3.12/site-packages/oslo_config/cfg.py:3006}}
Mar 30 11:55:49.614655 np0000161214 neutron-periodic-workers[104015]: DEBUG cotyledon.oslo_config_glue [-] database.synchronous_reader = True {{(pid=104015) log_opt_values /opt/stack/data/venv/lib/python3.12/site-packages/oslo_config/cfg.py:3006}}
Mar 30 11:55:49.614655 np0000161214 neutron-periodic-workers[104015]: DEBUG cotyledon.oslo_config_glue [-] database.use_db_reconnect = False {{(pid=104015) log_opt_values /opt/stack/data/venv/lib/python3.12/site-packages/oslo_config/cfg.py:3006}}
Mar 30 11:55:49.614655 np0000161214 neutron-periodic-workers[104015]: DEBUG cotyledon.oslo_config_glue [-] ovn.bfd_min_rx = 1000 {{(pid=104015) log_opt_values /opt/stack/data/venv/lib/python3.12/site-packages/oslo_config/cfg.py:3006}}
Mar 30 11:55:49.614655 np0000161214 neutron-periodic-workers[104015]: DEBUG cotyledon.oslo_config_glue [-] ovn.bfd_min_tx = 100 {{(pid=104015) log_opt_values /opt/stack/data/venv/lib/python3.12/site-packages/oslo_config/cfg.py:3006}}
Mar 30 11:55:49.614655 np0000161214 neutron-periodic-workers[104015]: DEBUG cotyledon.oslo_config_glue [-] ovn.bfd_mult = 3 {{(pid=104015) log_opt_values /opt/stack/data/venv/lib/python3.12/site-packages/oslo_config/cfg.py:3006}}
Mar 30 11:55:49.614655 np0000161214 neutron-periodic-workers[104015]: DEBUG cotyledon.oslo_config_glue [-] ovn.broadcast_arps_to_all_routers = True {{(pid=104015) log_opt_values /opt/stack/data/venv/lib/python3.12/site-packages/oslo_config/cfg.py:3006}}
Mar 30 11:55:49.614655 np0000161214 neutron-periodic-workers[104015]: DEBUG cotyledon.oslo_config_glue [-] ovn.dhcp_default_lease_time = 43200 {{(pid=104015) log_opt_values /opt/stack/data/venv/lib/python3.12/site-packages/oslo_config/cfg.py:3006}}
Mar 30 11:55:49.614655 np0000161214 neutron-periodic-workers[104015]: DEBUG cotyledon.oslo_config_glue [-] ovn.disable_ovn_dhcp_for_baremetal_ports = False {{(pid=104015) log_opt_values /opt/stack/data/venv/lib/python3.12/site-packages/oslo_config/cfg.py:3006}}
Mar 30 11:55:49.615029 np0000161214 neutron-periodic-workers[104015]: DEBUG cotyledon.oslo_config_glue [-] ovn.dns_records_ovn_owned = False {{(pid=104015) log_opt_values /opt/stack/data/venv/lib/python3.12/site-packages/oslo_config/cfg.py:3006}}
Mar 30 11:55:49.615029 np0000161214 neutron-periodic-workers[104015]: DEBUG cotyledon.oslo_config_glue [-] ovn.dns_servers = [] {{(pid=104015) log_opt_values /opt/stack/data/venv/lib/python3.12/site-packages/oslo_config/cfg.py:3006}}
Mar 30 11:55:49.615029 np0000161214 neutron-periodic-workers[104015]: DEBUG cotyledon.oslo_config_glue [-] ovn.enable_distributed_floating_ip = False {{(pid=104015) log_opt_values /opt/stack/data/venv/lib/python3.12/site-packages/oslo_config/cfg.py:3006}}
Mar 30 11:55:49.615029 np0000161214 neutron-periodic-workers[104015]: DEBUG cotyledon.oslo_config_glue [-] ovn.fdb_age_threshold = 300 {{(pid=104015) log_opt_values /opt/stack/data/venv/lib/python3.12/site-packages/oslo_config/cfg.py:3006}}
Mar 30 11:55:49.615029 np0000161214 neutron-periodic-workers[104015]: DEBUG cotyledon.oslo_config_glue [-] ovn.ha_failover_strategy = normal {{(pid=104015) log_opt_values /opt/stack/data/venv/lib/python3.12/site-packages/oslo_config/cfg.py:3006}}
Mar 30 11:55:49.615029 np0000161214 neutron-periodic-workers[104015]: DEBUG cotyledon.oslo_config_glue [-] ovn.live_migration_activation_strategy = rarp {{(pid=104015) log_opt_values /opt/stack/data/venv/lib/python3.12/site-packages/oslo_config/cfg.py:3006}}
Mar 30 11:55:49.615029 np0000161214 neutron-periodic-workers[104015]: DEBUG cotyledon.oslo_config_glue [-] ovn.localnet_learn_fdb = False {{(pid=104015) log_opt_values /opt/stack/data/venv/lib/python3.12/site-packages/oslo_config/cfg.py:3006}}
Mar 30 11:55:49.615029 np0000161214 neutron-periodic-workers[104015]: DEBUG cotyledon.oslo_config_glue [-] ovn.mac_binding_age_threshold = 300 {{(pid=104015) log_opt_values /opt/stack/data/venv/lib/python3.12/site-packages/oslo_config/cfg.py:3006}}
Mar 30 11:55:49.615029 np0000161214 neutron-periodic-workers[104015]: DEBUG cotyledon.oslo_config_glue [-] ovn.neutron_sync_mode = log {{(pid=104015) log_opt_values /opt/stack/data/venv/lib/python3.12/site-packages/oslo_config/cfg.py:3006}}
Mar 30 11:55:49.615562 np0000161214 neutron-periodic-workers[104015]: DEBUG cotyledon.oslo_config_glue [-] ovn.ovn_dhcp4_global_options = {} {{(pid=104015) log_opt_values /opt/stack/data/venv/lib/python3.12/site-packages/oslo_config/cfg.py:3006}}
Mar 30 11:55:49.615562 np0000161214 neutron-periodic-workers[104015]: DEBUG cotyledon.oslo_config_glue [-] ovn.ovn_dhcp6_global_options = {} {{(pid=104015) log_opt_values /opt/stack/data/venv/lib/python3.12/site-packages/oslo_config/cfg.py:3006}}
Mar 30 11:55:49.615562 np0000161214 neutron-periodic-workers[104015]: DEBUG cotyledon.oslo_config_glue [-] ovn.ovn_l3_scheduler = leastloaded {{(pid=104015) log_opt_values /opt/stack/data/venv/lib/python3.12/site-packages/oslo_config/cfg.py:3006}}
Mar 30 11:55:49.615562 np0000161214 neutron-periodic-workers[104015]: DEBUG cotyledon.oslo_config_glue [-] ovn.ovn_metadata_enabled = True {{(pid=104015) log_opt_values /opt/stack/data/venv/lib/python3.12/site-packages/oslo_config/cfg.py:3006}}
Mar 30 11:55:49.615562 np0000161214 neutron-periodic-workers[104015]: DEBUG cotyledon.oslo_config_glue [-] ovn.ovn_nb_ca_cert = /opt/stack/data/CA/int-ca/ca-chain.pem {{(pid=104015) log_opt_values /opt/stack/data/venv/lib/python3.12/site-packages/oslo_config/cfg.py:3006}}
Mar 30 11:55:49.615562 np0000161214 neutron-periodic-workers[104015]: DEBUG cotyledon.oslo_config_glue [-] ovn.ovn_nb_certificate = /opt/stack/data/CA/int-ca/devstack-cert.crt {{(pid=104015) log_opt_values /opt/stack/data/venv/lib/python3.12/site-packages/oslo_config/cfg.py:3006}}
Mar 30 11:55:49.615562 np0000161214 neutron-periodic-workers[104015]: DEBUG cotyledon.oslo_config_glue [-] ovn.ovn_nb_connection = ['ssl:199.204.45.53:6641'] {{(pid=104015) log_opt_values /opt/stack/data/venv/lib/python3.12/site-packages/oslo_config/cfg.py:3006}}
Mar 30 11:55:49.615562 np0000161214 neutron-periodic-workers[104015]: DEBUG cotyledon.oslo_config_glue [-] ovn.ovn_nb_private_key = /opt/stack/data/CA/int-ca/private/devstack-cert.key {{(pid=104015) log_opt_values /opt/stack/data/venv/lib/python3.12/site-packages/oslo_config/cfg.py:3006}}
Mar 30 11:55:49.615909 np0000161214 neutron-periodic-workers[104015]: DEBUG cotyledon.oslo_config_glue [-] ovn.ovn_router_indirect_snat = False {{(pid=104015) log_opt_values /opt/stack/data/venv/lib/python3.12/site-packages/oslo_config/cfg.py:3006}}
Mar 30 11:55:49.615909 np0000161214 neutron-periodic-workers[104015]: DEBUG cotyledon.oslo_config_glue [-] ovn.ovn_sb_ca_cert = /opt/stack/data/CA/int-ca/ca-chain.pem {{(pid=104015) log_opt_values /opt/stack/data/venv/lib/python3.12/site-packages/oslo_config/cfg.py:3006}}
Mar 30 11:55:49.615909 np0000161214 neutron-periodic-workers[104015]: DEBUG cotyledon.oslo_config_glue [-] ovn.ovn_sb_certificate = /opt/stack/data/CA/int-ca/devstack-cert.crt {{(pid=104015) log_opt_values /opt/stack/data/venv/lib/python3.12/site-packages/oslo_config/cfg.py:3006}}
Mar 30 11:55:49.615909 np0000161214 neutron-periodic-workers[104015]: DEBUG cotyledon.oslo_config_glue [-] ovn.ovn_sb_connection = ['ssl:199.204.45.53:6642'] {{(pid=104015) log_opt_values /opt/stack/data/venv/lib/python3.12/site-packages/oslo_config/cfg.py:3006}}
Mar 30 11:55:49.615909 np0000161214 neutron-periodic-workers[104015]: DEBUG cotyledon.oslo_config_glue [-] ovn.ovn_sb_private_key = /opt/stack/data/CA/int-ca/private/devstack-cert.key {{(pid=104015) log_opt_values /opt/stack/data/venv/lib/python3.12/site-packages/oslo_config/cfg.py:3006}}
Mar 30 11:55:49.615909 np0000161214 neutron-periodic-workers[104015]: DEBUG cotyledon.oslo_config_glue [-] ovn.ovs_create_tap = False {{(pid=104015) log_opt_values /opt/stack/data/venv/lib/python3.12/site-packages/oslo_config/cfg.py:3006}}
Mar 30 11:55:49.615909 np0000161214 neutron-periodic-workers[104015]: DEBUG cotyledon.oslo_config_glue [-] ovn.ovsdb_connection_timeout = 180 {{(pid=104015) log_opt_values /opt/stack/data/venv/lib/python3.12/site-packages/oslo_config/cfg.py:3006}}
Mar 30 11:55:49.615909 np0000161214 neutron-periodic-workers[104015]: DEBUG cotyledon.oslo_config_glue [-] ovn.ovsdb_log_level = INFO {{(pid=104015) log_opt_values /opt/stack/data/venv/lib/python3.12/site-packages/oslo_config/cfg.py:3006}}
Mar 30 11:55:49.616273 np0000161214 neutron-periodic-workers[104015]: DEBUG cotyledon.oslo_config_glue [-] ovn.ovsdb_probe_interval = 60000 {{(pid=104015) log_opt_values /opt/stack/data/venv/lib/python3.12/site-packages/oslo_config/cfg.py:3006}}
Mar 30 11:55:49.616273 np0000161214 neutron-periodic-workers[104015]: DEBUG cotyledon.oslo_config_glue [-] ovn.ovsdb_retry_max_interval = 180 {{(pid=104015) log_opt_values /opt/stack/data/venv/lib/python3.12/site-packages/oslo_config/cfg.py:3006}}
Mar 30 11:55:49.616273 np0000161214 neutron-periodic-workers[104015]: DEBUG cotyledon.oslo_config_glue [-] ovn.stateless_nat_enabled = False {{(pid=104015) log_opt_values /opt/stack/data/venv/lib/python3.12/site-packages/oslo_config/cfg.py:3006}}
Mar 30 11:55:49.616273 np0000161214 neutron-periodic-workers[104015]: DEBUG cotyledon.oslo_config_glue [-] ovn.vhost_sock_dir = /var/run/openvswitch {{(pid=104015) log_opt_values /opt/stack/data/venv/lib/python3.12/site-packages/oslo_config/cfg.py:3006}}
Mar 30 11:55:49.616273 np0000161214 neutron-periodic-workers[104015]: DEBUG cotyledon.oslo_config_glue [-] OVS.bridge_mac_table_size = 50000 {{(pid=104015) log_opt_values /opt/stack/data/venv/lib/python3.12/site-packages/oslo_config/cfg.py:3006}}
Mar 30 11:55:49.616273 np0000161214 neutron-periodic-workers[104015]: DEBUG cotyledon.oslo_config_glue [-] OVS.igmp_flood = False {{(pid=104015) log_opt_values /opt/stack/data/venv/lib/python3.12/site-packages/oslo_config/cfg.py:3006}}
Mar 30 11:55:49.616273 np0000161214 neutron-periodic-workers[104015]: DEBUG cotyledon.oslo_config_glue [-] OVS.igmp_flood_reports = True {{(pid=104015) log_opt_values /opt/stack/data/venv/lib/python3.12/site-packages/oslo_config/cfg.py:3006}}
Mar 30 11:55:49.616273 np0000161214 neutron-periodic-workers[104015]: DEBUG cotyledon.oslo_config_glue [-] OVS.igmp_flood_unregistered = False {{(pid=104015) log_opt_values /opt/stack/data/venv/lib/python3.12/site-packages/oslo_config/cfg.py:3006}}
Mar 30 11:55:49.616273 np0000161214 neutron-periodic-workers[104015]: DEBUG cotyledon.oslo_config_glue [-] OVS.igmp_snooping_enable = False {{(pid=104015) log_opt_values /opt/stack/data/venv/lib/python3.12/site-packages/oslo_config/cfg.py:3006}}
Mar 30 11:55:49.616648 np0000161214 neutron-periodic-workers[104015]: DEBUG cotyledon.oslo_config_glue [-] OVS.ovsdb_timeout = 10 {{(pid=104015) log_opt_values /opt/stack/data/venv/lib/python3.12/site-packages/oslo_config/cfg.py:3006}}
Mar 30 11:55:49.616648 np0000161214 neutron-periodic-workers[104015]: DEBUG cotyledon.oslo_config_glue [-] ovn_nb_global.fdb_removal_limit = 0 {{(pid=104015) log_opt_values /opt/stack/data/venv/lib/python3.12/site-packages/oslo_config/cfg.py:3006}}
Mar 30 11:55:49.616648 np0000161214 neutron-periodic-workers[104015]: DEBUG cotyledon.oslo_config_glue [-] ovn_nb_global.ignore_lsp_down = False {{(pid=104015) log_opt_values /opt/stack/data/venv/lib/python3.12/site-packages/oslo_config/cfg.py:3006}}
Mar 30 11:55:49.616648 np0000161214 neutron-periodic-workers[104015]: DEBUG cotyledon.oslo_config_glue [-] ovn_nb_global.mac_binding_removal_limit = 0 {{(pid=104015) log_opt_values /opt/stack/data/venv/lib/python3.12/site-packages/oslo_config/cfg.py:3006}}
Mar 30 11:55:49.616648 np0000161214 neutron-periodic-workers[104015]: DEBUG cotyledon.oslo_config_glue [-] ******************************************************************************** {{(pid=104015) log_opt_values /opt/stack/data/venv/lib/python3.12/site-packages/oslo_config/cfg.py:3013}}
Mar 30 11:55:49.616648 np0000161214 neutron-periodic-workers[104015]: DEBUG cotyledon._service_worker [-] Run service ServiceWrapper(0) [104015] {{(pid=104015) wait_forever /opt/stack/data/venv/lib/python3.12/site-packages/cotyledon/_service_worker.py:218}}
Mar 30 11:55:59.205455 np0000161214 neutron-periodic-workers[103198]: DEBUG dbcounter [-] [103198] Writing DB stats neutron:SELECT=4 {{(pid=103198) stat_writer /opt/stack/data/venv/lib/python3.12/site-packages/dbcounter.py:115}}
Mar 30 11:56:34.566299 np0000161214 neutron-periodic-workers[103991]: DEBUG oslo_db.sqlalchemy.engines [None req-641b41f2-6049-4523-914f-43d7f556b264 None None] Parent process 103198 forked (103991) with an open database connection, which is being discarded and recreated. {{(pid=103991) checkout /opt/stack/data/venv/lib/python3.12/site-packages/oslo_db/sqlalchemy/engines.py:402}}
Mar 30 11:56:34.573322 np0000161214 neutron-periodic-workers[103991]: DEBUG dbcounter [-] [103991] Writer thread running {{(pid=103991) stat_writer /opt/stack/data/venv/lib/python3.12/site-packages/dbcounter.py:102}}
Mar 30 11:56:34.581987 np0000161214 neutron-periodic-workers[103991]: DEBUG oslo.service.backend._threading.loopingcall [None req-641b41f2-6049-4523-914f-43d7f556b264 None None] Fixed interval looping call 'neutron.plugins.ml2.plugin.DhcpAgentSchedulerDbMixin.remove_networks_from_down_agents' sleeping for 36.98 seconds {{(pid=103991) _run_loop /opt/stack/data/venv/lib/python3.12/site-packages/oslo_service/backend/_threading/loopingcall.py:125}}
Mar 30 11:56:44.581240 np0000161214 neutron-periodic-workers[103991]: DEBUG dbcounter [-] [103991] Writing DB stats neutron:SELECT=3 {{(pid=103991) stat_writer /opt/stack/data/venv/lib/python3.12/site-packages/dbcounter.py:115}}
Mar 30 11:57:01.598960 np0000161214 neutron-periodic-workers[104003]: DEBUG dbcounter [-] [104003] Writer thread running {{(pid=104003) stat_writer /opt/stack/data/venv/lib/python3.12/site-packages/dbcounter.py:102}}
Mar 30 11:57:01.602371 np0000161214 neutron-periodic-workers[104003]: DEBUG neutron.db.agents_db [None req-9e599f35-a9a9-4f7d-a16f-ab97f9134158 None None] Agent healthcheck: found 0 active agents {{(pid=104003) agent_health_check /opt/stack/neutron/neutron/db/agents_db.py:317}}
Mar 30 11:57:01.602648 np0000161214 neutron-periodic-workers[104003]: DEBUG oslo.service.backend._threading.loopingcall [None req-9e599f35-a9a9-4f7d-a16f-ab97f9134158 None None] Fixed interval looping call 'neutron.plugins.ml2.plugin.AgentDbMixin.agent_health_check' sleeping for 36.97 seconds {{(pid=104003) _run_loop /opt/stack/data/venv/lib/python3.12/site-packages/oslo_service/backend/_threading/loopingcall.py:125}}
Mar 30 11:57:11.573575 np0000161214 neutron-periodic-workers[103991]: DEBUG oslo.service.backend._threading.loopingcall [None req-641b41f2-6049-4523-914f-43d7f556b264 None None] Fixed interval looping call 'neutron.plugins.ml2.plugin.DhcpAgentSchedulerDbMixin.remove_networks_from_down_agents' sleeping for 36.99 seconds {{(pid=103991) _run_loop /opt/stack/data/venv/lib/python3.12/site-packages/oslo_service/backend/_threading/loopingcall.py:125}}
Mar 30 11:57:11.599797 np0000161214 neutron-periodic-workers[104003]: DEBUG dbcounter [-] [104003] Writing DB stats neutron:SELECT=1 {{(pid=104003) stat_writer /opt/stack/data/venv/lib/python3.12/site-packages/dbcounter.py:115}}
Mar 30 11:57:21.572337 np0000161214 neutron-periodic-workers[103991]: DEBUG dbcounter [-] [103991] Writing DB stats neutron:SELECT=3 {{(pid=103991) stat_writer /opt/stack/data/venv/lib/python3.12/site-packages/dbcounter.py:115}}
Mar 30 11:57:38.579105 np0000161214 neutron-periodic-workers[104003]: DEBUG neutron.db.agents_db [None req-9e599f35-a9a9-4f7d-a16f-ab97f9134158 None None] Agent healthcheck: found 0 active agents {{(pid=104003) agent_health_check /opt/stack/neutron/neutron/db/agents_db.py:317}}
Mar 30 11:57:38.579105 np0000161214 neutron-periodic-workers[104003]: DEBUG oslo.service.backend._threading.loopingcall [None req-9e599f35-a9a9-4f7d-a16f-ab97f9134158 None None] Fixed interval looping call 'neutron.plugins.ml2.plugin.AgentDbMixin.agent_health_check' sleeping for 36.99 seconds {{(pid=104003) _run_loop /opt/stack/data/venv/lib/python3.12/site-packages/oslo_service/backend/_threading/loopingcall.py:125}}
Mar 30 11:57:48.576442 np0000161214 neutron-periodic-workers[103991]: DEBUG oslo.service.backend._threading.loopingcall [None req-641b41f2-6049-4523-914f-43d7f556b264 None None] Fixed interval looping call 'neutron.plugins.ml2.plugin.DhcpAgentSchedulerDbMixin.remove_networks_from_down_agents' sleeping for 36.99 seconds {{(pid=103991) _run_loop /opt/stack/data/venv/lib/python3.12/site-packages/oslo_service/backend/_threading/loopingcall.py:125}}
Mar 30 11:57:48.577156 np0000161214 neutron-periodic-workers[104003]: DEBUG dbcounter [-] [104003] Writing DB stats neutron:SELECT=1 {{(pid=104003) stat_writer /opt/stack/data/venv/lib/python3.12/site-packages/dbcounter.py:115}}
Mar 30 11:57:49.612476 np0000161214 neutron-periodic-workers[104015]: DEBUG dbcounter [-] [104015] Writer thread running {{(pid=104015) stat_writer /opt/stack/data/venv/lib/python3.12/site-packages/dbcounter.py:102}}
Mar 30 11:57:49.615213 np0000161214 neutron-periodic-workers[104015]: DEBUG oslo.service.backend._threading.loopingcall [None req-9cfccffa-fb47-4550-b20e-1e1a9ea1caf4 None None] Fixed interval looping call 'neutron.db.quota.driver_nolock.DbQuotaNoLockDriver._remove_expired_reservations' sleeping for 119.98 seconds {{(pid=104015) _run_loop /opt/stack/data/venv/lib/python3.12/site-packages/oslo_service/backend/_threading/loopingcall.py:125}}
Mar 30 11:57:58.575192 np0000161214 neutron-periodic-workers[103991]: DEBUG dbcounter [-] [103991] Writing DB stats neutron:SELECT=3 {{(pid=103991) stat_writer /opt/stack/data/venv/lib/python3.12/site-packages/dbcounter.py:115}}
Mar 30 11:57:59.613587 np0000161214 neutron-periodic-workers[104015]: DEBUG dbcounter [-] [104015] Writing DB stats neutron:DELETE=1 {{(pid=104015) stat_writer /opt/stack/data/venv/lib/python3.12/site-packages/dbcounter.py:115}}
Mar 30 11:58:15.579590 np0000161214 neutron-periodic-workers[104003]: DEBUG neutron.db.agents_db [None req-9e599f35-a9a9-4f7d-a16f-ab97f9134158 None None] Agent healthcheck: found 0 active agents {{(pid=104003) agent_health_check /opt/stack/neutron/neutron/db/agents_db.py:317}}
Mar 30 11:58:15.579590 np0000161214 neutron-periodic-workers[104003]: DEBUG oslo.service.backend._threading.loopingcall [None req-9e599f35-a9a9-4f7d-a16f-ab97f9134158 None None] Fixed interval looping call 'neutron.plugins.ml2.plugin.AgentDbMixin.agent_health_check' sleeping for 36.99 seconds {{(pid=104003) _run_loop /opt/stack/data/venv/lib/python3.12/site-packages/oslo_service/backend/_threading/loopingcall.py:125}}
Mar 30 11:58:25.574091 np0000161214 neutron-periodic-workers[104003]: DEBUG dbcounter [-] [104003] Writing DB stats neutron:SELECT=1 {{(pid=104003) stat_writer /opt/stack/data/venv/lib/python3.12/site-packages/dbcounter.py:115}}
Mar 30 11:58:25.576371 np0000161214 neutron-periodic-workers[103991]: DEBUG oslo.service.backend._threading.loopingcall [None req-641b41f2-6049-4523-914f-43d7f556b264 None None] Fixed interval looping call 'neutron.plugins.ml2.plugin.DhcpAgentSchedulerDbMixin.remove_networks_from_down_agents' sleeping for 36.99 seconds {{(pid=103991) _run_loop /opt/stack/data/venv/lib/python3.12/site-packages/oslo_service/backend/_threading/loopingcall.py:125}}
Mar 30 11:58:35.575210 np0000161214 neutron-periodic-workers[103991]: DEBUG dbcounter [-] [103991] Writing DB stats neutron:SELECT=3 {{(pid=103991) stat_writer /opt/stack/data/venv/lib/python3.12/site-packages/dbcounter.py:115}}
Mar 30 11:58:52.576852 np0000161214 neutron-periodic-workers[104003]: DEBUG neutron.db.agents_db [None req-9e599f35-a9a9-4f7d-a16f-ab97f9134158 None None] Agent healthcheck: found 0 active agents {{(pid=104003) agent_health_check /opt/stack/neutron/neutron/db/agents_db.py:317}}
Mar 30 11:58:52.577732 np0000161214 neutron-periodic-workers[104003]: DEBUG oslo.service.backend._threading.loopingcall [None req-9e599f35-a9a9-4f7d-a16f-ab97f9134158 None None] Fixed interval looping call 'neutron.plugins.ml2.plugin.AgentDbMixin.agent_health_check' sleeping for 36.99 seconds {{(pid=104003) _run_loop /opt/stack/data/venv/lib/python3.12/site-packages/oslo_service/backend/_threading/loopingcall.py:125}}
Mar 30 11:59:02.575402 np0000161214 neutron-periodic-workers[104003]: DEBUG dbcounter [-] [104003] Writing DB stats neutron:SELECT=1 {{(pid=104003) stat_writer /opt/stack/data/venv/lib/python3.12/site-packages/dbcounter.py:115}}
Mar 30 11:59:02.577355 np0000161214 neutron-periodic-workers[103991]: DEBUG oslo.service.backend._threading.loopingcall [None req-641b41f2-6049-4523-914f-43d7f556b264 None None] Fixed interval looping call 'neutron.plugins.ml2.plugin.DhcpAgentSchedulerDbMixin.remove_networks_from_down_agents' sleeping for 36.99 seconds {{(pid=103991) _run_loop /opt/stack/data/venv/lib/python3.12/site-packages/oslo_service/backend/_threading/loopingcall.py:125}}
Mar 30 11:59:12.575608 np0000161214 neutron-periodic-workers[103991]: DEBUG dbcounter [-] [103991] Writing DB stats neutron:SELECT=3 {{(pid=103991) stat_writer /opt/stack/data/venv/lib/python3.12/site-packages/dbcounter.py:115}}
Mar 30 11:59:29.572284 np0000161214 neutron-periodic-workers[104003]: DEBUG neutron.db.agents_db [None req-9e599f35-a9a9-4f7d-a16f-ab97f9134158 None None] Agent healthcheck: found 0 active agents {{(pid=104003) agent_health_check /opt/stack/neutron/neutron/db/agents_db.py:317}}
Mar 30 11:59:29.572682 np0000161214 neutron-periodic-workers[104003]: DEBUG oslo.service.backend._threading.loopingcall [None req-9e599f35-a9a9-4f7d-a16f-ab97f9134158 None None] Fixed interval looping call 'neutron.plugins.ml2.plugin.AgentDbMixin.agent_health_check' sleeping for 36.99 seconds {{(pid=104003) _run_loop /opt/stack/data/venv/lib/python3.12/site-packages/oslo_service/backend/_threading/loopingcall.py:125}}
Mar 30 11:59:39.571015 np0000161214 neutron-periodic-workers[104003]: DEBUG dbcounter [-] [104003] Writing DB stats neutron:SELECT=1 {{(pid=104003) stat_writer /opt/stack/data/venv/lib/python3.12/site-packages/dbcounter.py:115}}
Mar 30 11:59:39.575762 np0000161214 neutron-periodic-workers[103991]: DEBUG oslo.service.backend._threading.loopingcall [None req-641b41f2-6049-4523-914f-43d7f556b264 None None] Fixed interval looping call 'neutron.plugins.ml2.plugin.DhcpAgentSchedulerDbMixin.remove_networks_from_down_agents' sleeping for 36.99 seconds {{(pid=103991) _run_loop /opt/stack/data/venv/lib/python3.12/site-packages/oslo_service/backend/_threading/loopingcall.py:125}}
Mar 30 11:59:49.574851 np0000161214 neutron-periodic-workers[103991]: DEBUG dbcounter [-] [103991] Writing DB stats neutron:SELECT=3 {{(pid=103991) stat_writer /opt/stack/data/venv/lib/python3.12/site-packages/dbcounter.py:115}}
Mar 30 11:59:49.601401 np0000161214 neutron-periodic-workers[104015]: DEBUG oslo.service.backend._threading.loopingcall [None req-9cfccffa-fb47-4550-b20e-1e1a9ea1caf4 None None] Fixed interval looping call 'neutron.db.quota.driver_nolock.DbQuotaNoLockDriver._remove_expired_reservations' sleeping for 119.99 seconds {{(pid=104015) _run_loop /opt/stack/data/venv/lib/python3.12/site-packages/oslo_service/backend/_threading/loopingcall.py:125}}
Mar 30 11:59:59.599808 np0000161214 neutron-periodic-workers[104015]: DEBUG dbcounter [-] [104015] Writing DB stats neutron:DELETE=1 {{(pid=104015) stat_writer /opt/stack/data/venv/lib/python3.12/site-packages/dbcounter.py:115}}
Mar 30 12:00:06.567816 np0000161214 neutron-periodic-workers[104003]: DEBUG neutron.db.agents_db [None req-9e599f35-a9a9-4f7d-a16f-ab97f9134158 None None] Agent healthcheck: found 0 active agents {{(pid=104003) agent_health_check /opt/stack/neutron/neutron/db/agents_db.py:317}}
Mar 30 12:00:06.568291 np0000161214 neutron-periodic-workers[104003]: DEBUG oslo.service.backend._threading.loopingcall [None req-9e599f35-a9a9-4f7d-a16f-ab97f9134158 None None] Fixed interval looping call 'neutron.plugins.ml2.plugin.AgentDbMixin.agent_health_check' sleeping for 36.99 seconds {{(pid=104003) _run_loop /opt/stack/data/venv/lib/python3.12/site-packages/oslo_service/backend/_threading/loopingcall.py:125}}
Mar 30 12:00:16.566287 np0000161214 neutron-periodic-workers[104003]: DEBUG dbcounter [-] [104003] Writing DB stats neutron:SELECT=1 {{(pid=104003) stat_writer /opt/stack/data/venv/lib/python3.12/site-packages/dbcounter.py:115}}
Mar 30 12:00:16.575049 np0000161214 neutron-periodic-workers[103991]: DEBUG oslo.service.backend._threading.loopingcall [None req-641b41f2-6049-4523-914f-43d7f556b264 None None] Fixed interval looping call 'neutron.plugins.ml2.plugin.DhcpAgentSchedulerDbMixin.remove_networks_from_down_agents' sleeping for 36.99 seconds {{(pid=103991) _run_loop /opt/stack/data/venv/lib/python3.12/site-packages/oslo_service/backend/_threading/loopingcall.py:125}}
Mar 30 12:00:26.574107 np0000161214 neutron-periodic-workers[103991]: DEBUG dbcounter [-] [103991] Writing DB stats neutron:SELECT=3 {{(pid=103991) stat_writer /opt/stack/data/venv/lib/python3.12/site-packages/dbcounter.py:115}}
Mar 30 12:00:35.573555 np0000161214 neutron-periodic-workers[103981]: DEBUG dbcounter [-] [103981] Writer thread running {{(pid=103981) stat_writer /opt/stack/data/venv/lib/python3.12/site-packages/dbcounter.py:102}}
Mar 30 12:00:35.588927 np0000161214 neutron-periodic-workers[103981]: DEBUG oslo.service.backend._threading.loopingcall [None req-3397cde7-7c70-4df8-b8db-5b898290c9c3 None None] Fixed interval looping call 'neutron.services.ovn_l3.plugin.L3_NAT_dbonly_mixin._clean_garbage' sleeping for 299.95 seconds {{(pid=103981) _run_loop /opt/stack/data/venv/lib/python3.12/site-packages/oslo_service/backend/_threading/loopingcall.py:125}}
Mar 30 12:00:43.563041 np0000161214 neutron-periodic-workers[104003]: DEBUG neutron.db.agents_db [None req-9e599f35-a9a9-4f7d-a16f-ab97f9134158 None None] Agent healthcheck: found 0 active agents {{(pid=104003) agent_health_check /opt/stack/neutron/neutron/db/agents_db.py:317}}
Mar 30 12:00:43.563618 np0000161214 neutron-periodic-workers[104003]: DEBUG oslo.service.backend._threading.loopingcall [None req-9e599f35-a9a9-4f7d-a16f-ab97f9134158 None None] Fixed interval looping call 'neutron.plugins.ml2.plugin.AgentDbMixin.agent_health_check' sleeping for 37.00 seconds {{(pid=104003) _run_loop /opt/stack/data/venv/lib/python3.12/site-packages/oslo_service/backend/_threading/loopingcall.py:125}}
Mar 30 12:00:45.574120 np0000161214 neutron-periodic-workers[103981]: DEBUG dbcounter [-] [103981] Writing DB stats neutron:SELECT=1 {{(pid=103981) stat_writer /opt/stack/data/venv/lib/python3.12/site-packages/dbcounter.py:115}}
Mar 30 12:00:53.561732 np0000161214 neutron-periodic-workers[104003]: DEBUG dbcounter [-] [104003] Writing DB stats neutron:SELECT=1 {{(pid=104003) stat_writer /opt/stack/data/venv/lib/python3.12/site-packages/dbcounter.py:115}}
Mar 30 12:00:53.576703 np0000161214 neutron-periodic-workers[103991]: DEBUG oslo.service.backend._threading.loopingcall [None req-641b41f2-6049-4523-914f-43d7f556b264 None None] Fixed interval looping call 'neutron.plugins.ml2.plugin.DhcpAgentSchedulerDbMixin.remove_networks_from_down_agents' sleeping for 36.99 seconds {{(pid=103991) _run_loop /opt/stack/data/venv/lib/python3.12/site-packages/oslo_service/backend/_threading/loopingcall.py:125}}
Mar 30 12:01:03.575405 np0000161214 neutron-periodic-workers[103991]: DEBUG dbcounter [-] [103991] Writing DB stats neutron:SELECT=3 {{(pid=103991) stat_writer /opt/stack/data/venv/lib/python3.12/site-packages/dbcounter.py:115}}
Mar 30 12:01:20.570106 np0000161214 neutron-periodic-workers[104003]: DEBUG neutron.db.agents_db [None req-9e599f35-a9a9-4f7d-a16f-ab97f9134158 None None] Agent healthcheck: found 0 active agents {{(pid=104003) agent_health_check /opt/stack/neutron/neutron/db/agents_db.py:317}}
Mar 30 12:01:20.570106 np0000161214 neutron-periodic-workers[104003]: DEBUG oslo.service.backend._threading.loopingcall [None req-9e599f35-a9a9-4f7d-a16f-ab97f9134158 None None] Fixed interval looping call 'neutron.plugins.ml2.plugin.AgentDbMixin.agent_health_check' sleeping for 36.99 seconds {{(pid=104003) _run_loop /opt/stack/data/venv/lib/python3.12/site-packages/oslo_service/backend/_threading/loopingcall.py:125}}
Mar 30 12:01:30.570898 np0000161214 neutron-periodic-workers[104003]: DEBUG dbcounter [-] [104003] Writing DB stats neutron:SELECT=1 {{(pid=104003) stat_writer /opt/stack/data/venv/lib/python3.12/site-packages/dbcounter.py:115}}
Mar 30 12:01:30.579613 np0000161214 neutron-periodic-workers[103991]: DEBUG oslo.service.backend._threading.loopingcall [None req-641b41f2-6049-4523-914f-43d7f556b264 None None] Fixed interval looping call 'neutron.plugins.ml2.plugin.DhcpAgentSchedulerDbMixin.remove_networks_from_down_agents' sleeping for 36.99 seconds {{(pid=103991) _run_loop /opt/stack/data/venv/lib/python3.12/site-packages/oslo_service/backend/_threading/loopingcall.py:125}}
Mar 30 12:01:40.578402 np0000161214 neutron-periodic-workers[103991]: DEBUG dbcounter [-] [103991] Writing DB stats neutron:SELECT=3 {{(pid=103991) stat_writer /opt/stack/data/venv/lib/python3.12/site-packages/dbcounter.py:115}}
Mar 30 12:01:49.597758 np0000161214 neutron-periodic-workers[104015]: DEBUG oslo.service.backend._threading.loopingcall [None req-9cfccffa-fb47-4550-b20e-1e1a9ea1caf4 None None] Fixed interval looping call 'neutron.db.quota.driver_nolock.DbQuotaNoLockDriver._remove_expired_reservations' sleeping for 119.99 seconds {{(pid=104015) _run_loop /opt/stack/data/venv/lib/python3.12/site-packages/oslo_service/backend/_threading/loopingcall.py:125}}
Mar 30 12:01:57.566190 np0000161214 neutron-periodic-workers[104003]: DEBUG neutron.db.agents_db [None req-9e599f35-a9a9-4f7d-a16f-ab97f9134158 None None] Agent healthcheck: found 0 active agents {{(pid=104003) agent_health_check /opt/stack/neutron/neutron/db/agents_db.py:317}}
Mar 30 12:01:57.567016 np0000161214 neutron-periodic-workers[104003]: DEBUG oslo.service.backend._threading.loopingcall [None req-9e599f35-a9a9-4f7d-a16f-ab97f9134158 None None] Fixed interval looping call 'neutron.plugins.ml2.plugin.AgentDbMixin.agent_health_check' sleeping for 36.99 seconds {{(pid=104003) _run_loop /opt/stack/data/venv/lib/python3.12/site-packages/oslo_service/backend/_threading/loopingcall.py:125}}
Mar 30 12:01:59.596007 np0000161214 neutron-periodic-workers[104015]: DEBUG dbcounter [-] [104015] Writing DB stats neutron:DELETE=1 {{(pid=104015) stat_writer /opt/stack/data/venv/lib/python3.12/site-packages/dbcounter.py:115}}
Mar 30 12:02:07.564125 np0000161214 neutron-periodic-workers[104003]: DEBUG dbcounter [-] [104003] Writing DB stats neutron:SELECT=1 {{(pid=104003) stat_writer /opt/stack/data/venv/lib/python3.12/site-packages/dbcounter.py:115}}
Mar 30 12:02:07.579892 np0000161214 neutron-periodic-workers[103991]: DEBUG oslo.service.backend._threading.loopingcall [None req-641b41f2-6049-4523-914f-43d7f556b264 None None] Fixed interval looping call 'neutron.plugins.ml2.plugin.DhcpAgentSchedulerDbMixin.remove_networks_from_down_agents' sleeping for 36.99 seconds {{(pid=103991) _run_loop /opt/stack/data/venv/lib/python3.12/site-packages/oslo_service/backend/_threading/loopingcall.py:125}}
Mar 30 12:02:17.578637 np0000161214 neutron-periodic-workers[103991]: DEBUG dbcounter [-] [103991] Writing DB stats neutron:SELECT=3 {{(pid=103991) stat_writer /opt/stack/data/venv/lib/python3.12/site-packages/dbcounter.py:115}}
Mar 30 12:02:34.561998 np0000161214 neutron-periodic-workers[104003]: DEBUG neutron.db.agents_db [None req-9e599f35-a9a9-4f7d-a16f-ab97f9134158 None None] Agent healthcheck: found 0 active agents {{(pid=104003) agent_health_check /opt/stack/neutron/neutron/db/agents_db.py:317}}
Mar 30 12:02:34.562821 np0000161214 neutron-periodic-workers[104003]: DEBUG oslo.service.backend._threading.loopingcall [None req-9e599f35-a9a9-4f7d-a16f-ab97f9134158 None None] Fixed interval looping call 'neutron.plugins.ml2.plugin.AgentDbMixin.agent_health_check' sleeping for 36.99 seconds {{(pid=104003) _run_loop /opt/stack/data/venv/lib/python3.12/site-packages/oslo_service/backend/_threading/loopingcall.py:125}}
Mar 30 12:02:44.580630 np0000161214 neutron-periodic-workers[103991]: DEBUG oslo.service.backend._threading.loopingcall [None req-641b41f2-6049-4523-914f-43d7f556b264 None None] Fixed interval looping call 'neutron.plugins.ml2.plugin.DhcpAgentSchedulerDbMixin.remove_networks_from_down_agents' sleeping for 36.99 seconds {{(pid=103991) _run_loop /opt/stack/data/venv/lib/python3.12/site-packages/oslo_service/backend/_threading/loopingcall.py:125}}
Mar 30 12:02:44.594951 np0000161214 neutron-periodic-workers[104003]: DEBUG dbcounter [-] [104003] Writing DB stats neutron:SELECT=1 {{(pid=104003) stat_writer /opt/stack/data/venv/lib/python3.12/site-packages/dbcounter.py:115}}
Mar 30 12:02:54.579421 np0000161214 neutron-periodic-workers[103991]: DEBUG dbcounter [-] [103991] Writing DB stats neutron:SELECT=3 {{(pid=103991) stat_writer /opt/stack/data/venv/lib/python3.12/site-packages/dbcounter.py:115}}
Mar 30 12:03:11.557885 np0000161214 neutron-periodic-workers[104003]: DEBUG neutron.db.agents_db [None req-9e599f35-a9a9-4f7d-a16f-ab97f9134158 None None] Agent healthcheck: found 0 active agents {{(pid=104003) agent_health_check /opt/stack/neutron/neutron/db/agents_db.py:317}}
Mar 30 12:03:11.558632 np0000161214 neutron-periodic-workers[104003]: DEBUG oslo.service.backend._threading.loopingcall [None req-9e599f35-a9a9-4f7d-a16f-ab97f9134158 None None] Fixed interval looping call 'neutron.plugins.ml2.plugin.AgentDbMixin.agent_health_check' sleeping for 36.99 seconds {{(pid=104003) _run_loop /opt/stack/data/venv/lib/python3.12/site-packages/oslo_service/backend/_threading/loopingcall.py:125}}
Mar 30 12:03:21.556932 np0000161214 neutron-periodic-workers[104003]: DEBUG dbcounter [-] [104003] Writing DB stats neutron:SELECT=1 {{(pid=104003) stat_writer /opt/stack/data/venv/lib/python3.12/site-packages/dbcounter.py:115}}
Mar 30 12:03:21.576809 np0000161214 neutron-periodic-workers[103991]: DEBUG oslo.service.backend._threading.loopingcall [None req-641b41f2-6049-4523-914f-43d7f556b264 None None] Fixed interval looping call 'neutron.plugins.ml2.plugin.DhcpAgentSchedulerDbMixin.remove_networks_from_down_agents' sleeping for 36.99 seconds {{(pid=103991) _run_loop /opt/stack/data/venv/lib/python3.12/site-packages/oslo_service/backend/_threading/loopingcall.py:125}}
Mar 30 12:03:31.576202 np0000161214 neutron-periodic-workers[103991]: DEBUG dbcounter [-] [103991] Writing DB stats neutron:SELECT=3 {{(pid=103991) stat_writer /opt/stack/data/venv/lib/python3.12/site-packages/dbcounter.py:115}}
Mar 30 12:03:48.554560 np0000161214 neutron-periodic-workers[104003]: DEBUG neutron.db.agents_db [None req-9e599f35-a9a9-4f7d-a16f-ab97f9134158 None None] Agent healthcheck: found 0 active agents {{(pid=104003) agent_health_check /opt/stack/neutron/neutron/db/agents_db.py:317}}
Mar 30 12:03:48.555335 np0000161214 neutron-periodic-workers[104003]: DEBUG oslo.service.backend._threading.loopingcall [None req-9e599f35-a9a9-4f7d-a16f-ab97f9134158 None None] Fixed interval looping call 'neutron.plugins.ml2.plugin.AgentDbMixin.agent_health_check' sleeping for 37.00 seconds {{(pid=104003) _run_loop /opt/stack/data/venv/lib/python3.12/site-packages/oslo_service/backend/_threading/loopingcall.py:125}}
Mar 30 12:03:49.591490 np0000161214 neutron-periodic-workers[104015]: DEBUG oslo.service.backend._threading.loopingcall [None req-9cfccffa-fb47-4550-b20e-1e1a9ea1caf4 None None] Fixed interval looping call 'neutron.db.quota.driver_nolock.DbQuotaNoLockDriver._remove_expired_reservations' sleeping for 120.00 seconds {{(pid=104015) _run_loop /opt/stack/data/venv/lib/python3.12/site-packages/oslo_service/backend/_threading/loopingcall.py:125}}
Mar 30 12:03:58.553191 np0000161214 neutron-periodic-workers[104003]: DEBUG dbcounter [-] [104003] Writing DB stats neutron:SELECT=1 {{(pid=104003) stat_writer /opt/stack/data/venv/lib/python3.12/site-packages/dbcounter.py:115}}
Mar 30 12:03:58.576591 np0000161214 neutron-periodic-workers[103991]: DEBUG oslo.service.backend._threading.loopingcall [None req-641b41f2-6049-4523-914f-43d7f556b264 None None] Fixed interval looping call 'neutron.plugins.ml2.plugin.DhcpAgentSchedulerDbMixin.remove_networks_from_down_agents' sleeping for 36.99 seconds {{(pid=103991) _run_loop /opt/stack/data/venv/lib/python3.12/site-packages/oslo_service/backend/_threading/loopingcall.py:125}}
Mar 30 12:03:59.590775 np0000161214 neutron-periodic-workers[104015]: DEBUG dbcounter [-] [104015] Writing DB stats neutron:DELETE=1 {{(pid=104015) stat_writer /opt/stack/data/venv/lib/python3.12/site-packages/dbcounter.py:115}}
Mar 30 12:04:08.575108 np0000161214 neutron-periodic-workers[103991]: DEBUG dbcounter [-] [103991] Writing DB stats neutron:SELECT=3 {{(pid=103991) stat_writer /opt/stack/data/venv/lib/python3.12/site-packages/dbcounter.py:115}}
Mar 30 12:04:25.560090 np0000161214 neutron-periodic-workers[104003]: DEBUG neutron.db.agents_db [None req-9e599f35-a9a9-4f7d-a16f-ab97f9134158 None None] Agent healthcheck: found 0 active agents {{(pid=104003) agent_health_check /opt/stack/neutron/neutron/db/agents_db.py:317}}
Mar 30 12:04:25.560781 np0000161214 neutron-periodic-workers[104003]: DEBUG oslo.service.backend._threading.loopingcall [None req-9e599f35-a9a9-4f7d-a16f-ab97f9134158 None None] Fixed interval looping call 'neutron.plugins.ml2.plugin.AgentDbMixin.agent_health_check' sleeping for 36.99 seconds {{(pid=104003) _run_loop /opt/stack/data/venv/lib/python3.12/site-packages/oslo_service/backend/_threading/loopingcall.py:125}}
Mar 30 12:04:35.558536 np0000161214 neutron-periodic-workers[104003]: DEBUG dbcounter [-] [104003] Writing DB stats neutron:SELECT=1 {{(pid=104003) stat_writer /opt/stack/data/venv/lib/python3.12/site-packages/dbcounter.py:115}}
Mar 30 12:04:35.576932 np0000161214 neutron-periodic-workers[103991]: DEBUG oslo.service.backend._threading.loopingcall [None req-641b41f2-6049-4523-914f-43d7f556b264 None None] Fixed interval looping call 'neutron.plugins.ml2.plugin.DhcpAgentSchedulerDbMixin.remove_networks_from_down_agents' sleeping for 36.99 seconds {{(pid=103991) _run_loop /opt/stack/data/venv/lib/python3.12/site-packages/oslo_service/backend/_threading/loopingcall.py:125}}
Mar 30 12:04:45.576324 np0000161214 neutron-periodic-workers[103991]: DEBUG dbcounter [-] [103991] Writing DB stats neutron:SELECT=3 {{(pid=103991) stat_writer /opt/stack/data/venv/lib/python3.12/site-packages/dbcounter.py:115}}
Mar 30 12:05:02.556225 np0000161214 neutron-periodic-workers[104003]: DEBUG neutron.db.agents_db [None req-9e599f35-a9a9-4f7d-a16f-ab97f9134158 None None] Agent healthcheck: found 0 active agents {{(pid=104003) agent_health_check /opt/stack/neutron/neutron/db/agents_db.py:317}}
Mar 30 12:05:02.557129 np0000161214 neutron-periodic-workers[104003]: DEBUG oslo.service.backend._threading.loopingcall [None req-9e599f35-a9a9-4f7d-a16f-ab97f9134158 None None] Fixed interval looping call 'neutron.plugins.ml2.plugin.AgentDbMixin.agent_health_check' sleeping for 36.99 seconds {{(pid=104003) _run_loop /opt/stack/data/venv/lib/python3.12/site-packages/oslo_service/backend/_threading/loopingcall.py:125}}
Mar 30 12:05:12.554178 np0000161214 neutron-periodic-workers[104003]: DEBUG dbcounter [-] [104003] Writing DB stats neutron:SELECT=1 {{(pid=104003) stat_writer /opt/stack/data/venv/lib/python3.12/site-packages/dbcounter.py:115}}
Mar 30 12:05:12.578258 np0000161214 neutron-periodic-workers[103991]: DEBUG oslo.service.backend._threading.loopingcall [None req-641b41f2-6049-4523-914f-43d7f556b264 None None] Fixed interval looping call 'neutron.plugins.ml2.plugin.DhcpAgentSchedulerDbMixin.remove_networks_from_down_agents' sleeping for 36.99 seconds {{(pid=103991) _run_loop /opt/stack/data/venv/lib/python3.12/site-packages/oslo_service/backend/_threading/loopingcall.py:125}}
Mar 30 12:05:22.576101 np0000161214 neutron-periodic-workers[103991]: DEBUG dbcounter [-] [103991] Writing DB stats neutron:SELECT=3 {{(pid=103991) stat_writer /opt/stack/data/venv/lib/python3.12/site-packages/dbcounter.py:115}}
Mar 30 12:05:35.549704 np0000161214 neutron-periodic-workers[103981]: DEBUG oslo.service.backend._threading.loopingcall [None req-3397cde7-7c70-4df8-b8db-5b898290c9c3 None None] Fixed interval looping call 'neutron.services.ovn_l3.plugin.L3_NAT_dbonly_mixin._clean_garbage' sleeping for 299.99 seconds {{(pid=103981) _run_loop /opt/stack/data/venv/lib/python3.12/site-packages/oslo_service/backend/_threading/loopingcall.py:125}}
Mar 30 12:05:39.550730 np0000161214 neutron-periodic-workers[104003]: DEBUG neutron.db.agents_db [None req-9e599f35-a9a9-4f7d-a16f-ab97f9134158 None None] Agent healthcheck: found 0 active agents {{(pid=104003) agent_health_check /opt/stack/neutron/neutron/db/agents_db.py:317}}
Mar 30 12:05:39.551267 np0000161214 neutron-periodic-workers[104003]: DEBUG oslo.service.backend._threading.loopingcall [None req-9e599f35-a9a9-4f7d-a16f-ab97f9134158 None None] Fixed interval looping call 'neutron.plugins.ml2.plugin.AgentDbMixin.agent_health_check' sleeping for 37.00 seconds {{(pid=104003) _run_loop /opt/stack/data/venv/lib/python3.12/site-packages/oslo_service/backend/_threading/loopingcall.py:125}}
Mar 30 12:05:45.542547 np0000161214 neutron-periodic-workers[103981]: DEBUG dbcounter [-] [103981] Writing DB stats neutron:SELECT=1 {{(pid=103981) stat_writer /opt/stack/data/venv/lib/python3.12/site-packages/dbcounter.py:115}}
Mar 30 12:05:49.549474 np0000161214 neutron-periodic-workers[104003]: DEBUG dbcounter [-] [104003] Writing DB stats neutron:SELECT=1 {{(pid=104003) stat_writer /opt/stack/data/venv/lib/python3.12/site-packages/dbcounter.py:115}}
Mar 30 12:05:49.579789 np0000161214 neutron-periodic-workers[103991]: DEBUG oslo.service.backend._threading.loopingcall [None req-641b41f2-6049-4523-914f-43d7f556b264 None None] Fixed interval looping call 'neutron.plugins.ml2.plugin.DhcpAgentSchedulerDbMixin.remove_networks_from_down_agents' sleeping for 36.99 seconds {{(pid=103991) _run_loop /opt/stack/data/venv/lib/python3.12/site-packages/oslo_service/backend/_threading/loopingcall.py:125}}
