May 11 05:45:48.560963 np0000173417 nova-scheduler[108656]: DEBUG cotyledon.oslo_config_glue [-] vnc.server_proxyclient_address = 127.0.0.1 {{(pid=108656) log_opt_values /opt/stack/data/venv/lib/python3.12/site-packages/oslo_config/cfg.py:3006}}
May 11 05:45:48.560963 np0000173417 nova-scheduler[108656]: DEBUG cotyledon.oslo_config_glue [-] vnc.vencrypt_ca_certs = None {{(pid=108656) log_opt_values /opt/stack/data/venv/lib/python3.12/site-packages/oslo_config/cfg.py:3006}}
May 11 05:45:48.560963 np0000173417 nova-scheduler[108656]: DEBUG cotyledon.oslo_config_glue [-] vnc.vencrypt_client_cert = None {{(pid=108656) log_opt_values /opt/stack/data/venv/lib/python3.12/site-packages/oslo_config/cfg.py:3006}}
May 11 05:45:48.560963 np0000173417 nova-scheduler[108656]: DEBUG cotyledon.oslo_config_glue [-] vnc.vencrypt_client_key = None {{(pid=108656) log_opt_values /opt/stack/data/venv/lib/python3.12/site-packages/oslo_config/cfg.py:3006}}
May 11 05:45:48.560963 np0000173417 nova-scheduler[108656]: DEBUG cotyledon.oslo_config_glue [-] workarounds.disable_compute_service_check_for_ffu = False {{(pid=108656) log_opt_values /opt/stack/data/venv/lib/python3.12/site-packages/oslo_config/cfg.py:3006}}
May 11 05:45:48.561302 np0000173417 nova-scheduler[108656]: DEBUG cotyledon.oslo_config_glue [-] workarounds.disable_deep_image_inspection = False {{(pid=108656) log_opt_values /opt/stack/data/venv/lib/python3.12/site-packages/oslo_config/cfg.py:3006}}
May 11 05:45:48.561302 np0000173417 nova-scheduler[108656]: DEBUG cotyledon.oslo_config_glue [-] workarounds.disable_fallback_pcpu_query = False {{(pid=108656) log_opt_values /opt/stack/data/venv/lib/python3.12/site-packages/oslo_config/cfg.py:3006}}
May 11 05:45:48.561302 np0000173417 nova-scheduler[108656]: DEBUG cotyledon.oslo_config_glue [-] workarounds.disable_group_policy_check_upcall = False {{(pid=108656) log_opt_values /opt/stack/data/venv/lib/python3.12/site-packages/oslo_config/cfg.py:3006}}
May 11 05:45:48.561302 np0000173417 nova-scheduler[108656]: DEBUG cotyledon.oslo_config_glue [-] workarounds.disable_libvirt_livesnapshot = False {{(pid=108656) log_opt_values /opt/stack/data/venv/lib/python3.12/site-packages/oslo_config/cfg.py:3006}}
May 11 05:45:48.561302 np0000173417 nova-scheduler[108656]: DEBUG cotyledon.oslo_config_glue [-] workarounds.disable_rootwrap = False {{(pid=108656) log_opt_values /opt/stack/data/venv/lib/python3.12/site-packages/oslo_config/cfg.py:3006}}
May 11 05:45:48.561302 np0000173417 nova-scheduler[108656]: DEBUG cotyledon.oslo_config_glue [-] workarounds.enable_numa_live_migration = False {{(pid=108656) log_opt_values /opt/stack/data/venv/lib/python3.12/site-packages/oslo_config/cfg.py:3006}}
May 11 05:45:48.561302 np0000173417 nova-scheduler[108656]: DEBUG cotyledon.oslo_config_glue [-] workarounds.enable_qemu_monitor_announce_self = False {{(pid=108656) log_opt_values /opt/stack/data/venv/lib/python3.12/site-packages/oslo_config/cfg.py:3006}}
May 11 05:45:48.561302 np0000173417 nova-scheduler[108656]: DEBUG cotyledon.oslo_config_glue [-] workarounds.ensure_libvirt_rbd_instance_dir_cleanup = False {{(pid=108656) log_opt_values /opt/stack/data/venv/lib/python3.12/site-packages/oslo_config/cfg.py:3006}}
May 11 05:45:48.561302 np0000173417 nova-scheduler[108656]: DEBUG cotyledon.oslo_config_glue [-] workarounds.handle_virt_lifecycle_events = True {{(pid=108656) log_opt_values /opt/stack/data/venv/lib/python3.12/site-packages/oslo_config/cfg.py:3006}}
May 11 05:45:48.561614 np0000173417 nova-scheduler[108656]: DEBUG cotyledon.oslo_config_glue [-] workarounds.libvirt_disable_apic = False {{(pid=108656) log_opt_values /opt/stack/data/venv/lib/python3.12/site-packages/oslo_config/cfg.py:3006}}
May 11 05:45:48.561656 np0000173417 nova-scheduler[108663]: INFO dbcounter [None req-88fadef6-438c-4586-875f-8ec0f2e3ebee None None] Registered counter for database nova_cell0
May 11 05:45:48.561699 np0000173417 nova-scheduler[108656]: DEBUG cotyledon.oslo_config_glue [-] workarounds.never_download_image_if_on_rbd = False {{(pid=108656) log_opt_values /opt/stack/data/venv/lib/python3.12/site-packages/oslo_config/cfg.py:3006}}
May 11 05:45:48.561699 np0000173417 nova-scheduler[108656]: DEBUG cotyledon.oslo_config_glue [-] workarounds.qemu_monitor_announce_self_count = 3 {{(pid=108656) log_opt_values /opt/stack/data/venv/lib/python3.12/site-packages/oslo_config/cfg.py:3006}}
May 11 05:45:48.561699 np0000173417 nova-scheduler[108656]: DEBUG cotyledon.oslo_config_glue [-] workarounds.qemu_monitor_announce_self_interval = 1 {{(pid=108656) log_opt_values /opt/stack/data/venv/lib/python3.12/site-packages/oslo_config/cfg.py:3006}}
May 11 05:45:48.561699 np0000173417 nova-scheduler[108656]: DEBUG cotyledon.oslo_config_glue [-] workarounds.reserve_disk_resource_for_image_cache = False {{(pid=108656) log_opt_values /opt/stack/data/venv/lib/python3.12/site-packages/oslo_config/cfg.py:3006}}
May 11 05:45:48.561699 np0000173417 nova-scheduler[108656]: DEBUG cotyledon.oslo_config_glue [-] workarounds.skip_cpu_compare_at_startup = False {{(pid=108656) log_opt_values /opt/stack/data/venv/lib/python3.12/site-packages/oslo_config/cfg.py:3006}}
May 11 05:45:48.561699 np0000173417 nova-scheduler[108656]: DEBUG cotyledon.oslo_config_glue [-] workarounds.skip_cpu_compare_on_dest = False {{(pid=108656) log_opt_values /opt/stack/data/venv/lib/python3.12/site-packages/oslo_config/cfg.py:3006}}
May 11 05:45:48.561699 np0000173417 nova-scheduler[108656]: DEBUG cotyledon.oslo_config_glue [-] workarounds.skip_hypervisor_version_check_on_lm = False {{(pid=108656) log_opt_values /opt/stack/data/venv/lib/python3.12/site-packages/oslo_config/cfg.py:3006}}
May 11 05:45:48.561699 np0000173417 nova-scheduler[108656]: DEBUG cotyledon.oslo_config_glue [-] workarounds.skip_reserve_in_use_ironic_nodes = False {{(pid=108656) log_opt_values /opt/stack/data/venv/lib/python3.12/site-packages/oslo_config/cfg.py:3006}}
May 11 05:45:48.561993 np0000173417 nova-scheduler[108656]: DEBUG cotyledon.oslo_config_glue [-] workarounds.unified_limits_count_pcpu_as_vcpu = False {{(pid=108656) log_opt_values /opt/stack/data/venv/lib/python3.12/site-packages/oslo_config/cfg.py:3006}}
May 11 05:45:48.561993 np0000173417 nova-scheduler[108656]: DEBUG cotyledon.oslo_config_glue [-] workarounds.wait_for_vif_plugged_event_during_hard_reboot = [] {{(pid=108656) log_opt_values /opt/stack/data/venv/lib/python3.12/site-packages/oslo_config/cfg.py:3006}}
May 11 05:45:48.561993 np0000173417 nova-scheduler[108656]: DEBUG cotyledon.oslo_config_glue [-] wsgi.api_paste_config = /etc/nova/api-paste.ini {{(pid=108656) log_opt_values /opt/stack/data/venv/lib/python3.12/site-packages/oslo_config/cfg.py:3006}}
May 11 05:45:48.561993 np0000173417 nova-scheduler[108656]: DEBUG cotyledon.oslo_config_glue [-] wsgi.secure_proxy_ssl_header = None {{(pid=108656) log_opt_values /opt/stack/data/venv/lib/python3.12/site-packages/oslo_config/cfg.py:3006}}
May 11 05:45:48.561993 np0000173417 nova-scheduler[108656]: DEBUG cotyledon.oslo_config_glue [-] zvm.ca_file = None {{(pid=108656) log_opt_values /opt/stack/data/venv/lib/python3.12/site-packages/oslo_config/cfg.py:3006}}
May 11 05:45:48.561993 np0000173417 nova-scheduler[108656]: DEBUG cotyledon.oslo_config_glue [-] zvm.cloud_connector_url = None {{(pid=108656) log_opt_values /opt/stack/data/venv/lib/python3.12/site-packages/oslo_config/cfg.py:3006}}
May 11 05:45:48.561993 np0000173417 nova-scheduler[108656]: DEBUG cotyledon.oslo_config_glue [-] zvm.image_tmp_path = /opt/stack/data/nova/images {{(pid=108656) log_opt_values /opt/stack/data/venv/lib/python3.12/site-packages/oslo_config/cfg.py:3006}}
May 11 05:45:48.561993 np0000173417 nova-scheduler[108656]: DEBUG cotyledon.oslo_config_glue [-] zvm.reachable_timeout = 300 {{(pid=108656) log_opt_values /opt/stack/data/venv/lib/python3.12/site-packages/oslo_config/cfg.py:3006}}
May 11 05:45:48.561993 np0000173417 nova-scheduler[108656]: DEBUG cotyledon.oslo_config_glue [-] oslo_versionedobjects.fatal_exception_format_errors = False {{(pid=108656) log_opt_values /opt/stack/data/venv/lib/python3.12/site-packages/oslo_config/cfg.py:3006}}
May 11 05:45:48.562360 np0000173417 nova-scheduler[108656]: DEBUG cotyledon.oslo_config_glue [-] oslo_middleware.http_basic_auth_user_file = /etc/htpasswd {{(pid=108656) log_opt_values /opt/stack/data/venv/lib/python3.12/site-packages/oslo_config/cfg.py:3006}}
May 11 05:45:48.562360 np0000173417 nova-scheduler[108656]: DEBUG cotyledon.oslo_config_glue [-] oslo_messaging_metrics.metrics_buffer_size = 1000 {{(pid=108656) log_opt_values /opt/stack/data/venv/lib/python3.12/site-packages/oslo_config/cfg.py:3006}}
May 11 05:45:48.562360 np0000173417 nova-scheduler[108656]: DEBUG cotyledon.oslo_config_glue [-] oslo_messaging_metrics.metrics_enabled = False {{(pid=108656) log_opt_values /opt/stack/data/venv/lib/python3.12/site-packages/oslo_config/cfg.py:3006}}
May 11 05:45:48.562360 np0000173417 nova-scheduler[108656]: DEBUG cotyledon.oslo_config_glue [-] oslo_messaging_metrics.metrics_process_name = {{(pid=108656) log_opt_values /opt/stack/data/venv/lib/python3.12/site-packages/oslo_config/cfg.py:3006}}
May 11 05:45:48.562360 np0000173417 nova-scheduler[108656]: DEBUG cotyledon.oslo_config_glue [-] oslo_messaging_metrics.metrics_socket_file = /var/tmp/metrics_collector.sock {{(pid=108656) log_opt_values /opt/stack/data/venv/lib/python3.12/site-packages/oslo_config/cfg.py:3006}}
May 11 05:45:48.562360 np0000173417 nova-scheduler[108656]: DEBUG cotyledon.oslo_config_glue [-] oslo_messaging_metrics.metrics_thread_stop_timeout = 10 {{(pid=108656) log_opt_values /opt/stack/data/venv/lib/python3.12/site-packages/oslo_config/cfg.py:3006}}
May 11 05:45:48.562360 np0000173417 nova-scheduler[108656]: DEBUG cotyledon.oslo_config_glue [-] profiler.connection_string = messaging:// {{(pid=108656) log_opt_values /opt/stack/data/venv/lib/python3.12/site-packages/oslo_config/cfg.py:3006}}
May 11 05:45:48.562360 np0000173417 nova-scheduler[108656]: DEBUG cotyledon.oslo_config_glue [-] profiler.enabled = False {{(pid=108656) log_opt_values /opt/stack/data/venv/lib/python3.12/site-packages/oslo_config/cfg.py:3006}}
May 11 05:45:48.562660 np0000173417 nova-scheduler[108656]: DEBUG cotyledon.oslo_config_glue [-] profiler.es_doc_type = notification {{(pid=108656) log_opt_values /opt/stack/data/venv/lib/python3.12/site-packages/oslo_config/cfg.py:3006}}
May 11 05:45:48.562660 np0000173417 nova-scheduler[108656]: DEBUG cotyledon.oslo_config_glue [-] profiler.es_scroll_size = 10000 {{(pid=108656) log_opt_values /opt/stack/data/venv/lib/python3.12/site-packages/oslo_config/cfg.py:3006}}
May 11 05:45:48.562660 np0000173417 nova-scheduler[108656]: DEBUG cotyledon.oslo_config_glue [-] profiler.es_scroll_time = 2m {{(pid=108656) log_opt_values /opt/stack/data/venv/lib/python3.12/site-packages/oslo_config/cfg.py:3006}}
May 11 05:45:48.562660 np0000173417 nova-scheduler[108656]: DEBUG cotyledon.oslo_config_glue [-] profiler.filter_error_trace = False {{(pid=108656) log_opt_values /opt/stack/data/venv/lib/python3.12/site-packages/oslo_config/cfg.py:3006}}
May 11 05:45:48.562660 np0000173417 nova-scheduler[108656]: DEBUG cotyledon.oslo_config_glue [-] profiler.hmac_keys = **** {{(pid=108656) log_opt_values /opt/stack/data/venv/lib/python3.12/site-packages/oslo_config/cfg.py:3006}}
May 11 05:45:48.562660 np0000173417 nova-scheduler[108656]: DEBUG cotyledon.oslo_config_glue [-] profiler.sentinel_service_name = mymaster {{(pid=108656) log_opt_values /opt/stack/data/venv/lib/python3.12/site-packages/oslo_config/cfg.py:3006}}
May 11 05:45:48.562660 np0000173417 nova-scheduler[108656]: DEBUG cotyledon.oslo_config_glue [-] profiler.socket_timeout = 0.1 {{(pid=108656) log_opt_values /opt/stack/data/venv/lib/python3.12/site-packages/oslo_config/cfg.py:3006}}
May 11 05:45:48.562660 np0000173417 nova-scheduler[108656]: DEBUG cotyledon.oslo_config_glue [-] profiler.trace_requests = False {{(pid=108656) log_opt_values /opt/stack/data/venv/lib/python3.12/site-packages/oslo_config/cfg.py:3006}}
May 11 05:45:48.562660 np0000173417 nova-scheduler[108656]: DEBUG cotyledon.oslo_config_glue [-] profiler.trace_sqlalchemy = False {{(pid=108656) log_opt_values /opt/stack/data/venv/lib/python3.12/site-packages/oslo_config/cfg.py:3006}}
May 11 05:45:48.563191 np0000173417 nova-scheduler[108656]: DEBUG cotyledon.oslo_config_glue [-] profiler_jaeger.process_tags = {} {{(pid=108656) log_opt_values /opt/stack/data/venv/lib/python3.12/site-packages/oslo_config/cfg.py:3006}}
May 11 05:45:48.563191 np0000173417 nova-scheduler[108656]: DEBUG cotyledon.oslo_config_glue [-] profiler_jaeger.service_name_prefix = None {{(pid=108656) log_opt_values /opt/stack/data/venv/lib/python3.12/site-packages/oslo_config/cfg.py:3006}}
May 11 05:45:48.563191 np0000173417 nova-scheduler[108656]: DEBUG cotyledon.oslo_config_glue [-] profiler_otlp.service_name_prefix = None {{(pid=108656) log_opt_values /opt/stack/data/venv/lib/python3.12/site-packages/oslo_config/cfg.py:3006}}
May 11 05:45:48.563191 np0000173417 nova-scheduler[108656]: DEBUG cotyledon.oslo_config_glue [-] oslo_messaging_rabbit.amqp_auto_delete = False {{(pid=108656) log_opt_values /opt/stack/data/venv/lib/python3.12/site-packages/oslo_config/cfg.py:3006}}
May 11 05:45:48.563191 np0000173417 nova-scheduler[108656]: DEBUG cotyledon.oslo_config_glue [-] oslo_messaging_rabbit.amqp_durable_queues = False {{(pid=108656) log_opt_values /opt/stack/data/venv/lib/python3.12/site-packages/oslo_config/cfg.py:3006}}
May 11 05:45:48.563191 np0000173417 nova-scheduler[108656]: DEBUG cotyledon.oslo_config_glue [-] oslo_messaging_rabbit.conn_pool_min_size = 2 {{(pid=108656) log_opt_values /opt/stack/data/venv/lib/python3.12/site-packages/oslo_config/cfg.py:3006}}
May 11 05:45:48.563191 np0000173417 nova-scheduler[108656]: DEBUG cotyledon.oslo_config_glue [-] oslo_messaging_rabbit.conn_pool_ttl = 1200 {{(pid=108656) log_opt_values /opt/stack/data/venv/lib/python3.12/site-packages/oslo_config/cfg.py:3006}}
May 11 05:45:48.563191 np0000173417 nova-scheduler[108656]: DEBUG cotyledon.oslo_config_glue [-] oslo_messaging_rabbit.direct_mandatory_flag = True {{(pid=108656) log_opt_values /opt/stack/data/venv/lib/python3.12/site-packages/oslo_config/cfg.py:3006}}
May 11 05:45:48.563191 np0000173417 nova-scheduler[108656]: DEBUG cotyledon.oslo_config_glue [-] oslo_messaging_rabbit.enable_cancel_on_failover = False {{(pid=108656) log_opt_values /opt/stack/data/venv/lib/python3.12/site-packages/oslo_config/cfg.py:3006}}
May 11 05:45:48.563555 np0000173417 nova-scheduler[108656]: DEBUG cotyledon.oslo_config_glue [-] oslo_messaging_rabbit.heartbeat_in_pthread = False {{(pid=108656) log_opt_values /opt/stack/data/venv/lib/python3.12/site-packages/oslo_config/cfg.py:3006}}
May 11 05:45:48.563555 np0000173417 nova-scheduler[108656]: DEBUG cotyledon.oslo_config_glue [-] oslo_messaging_rabbit.heartbeat_rate = 3 {{(pid=108656) log_opt_values /opt/stack/data/venv/lib/python3.12/site-packages/oslo_config/cfg.py:3006}}
May 11 05:45:48.563555 np0000173417 nova-scheduler[108656]: DEBUG cotyledon.oslo_config_glue [-] oslo_messaging_rabbit.heartbeat_timeout_threshold = 60 {{(pid=108656) log_opt_values /opt/stack/data/venv/lib/python3.12/site-packages/oslo_config/cfg.py:3006}}
May 11 05:45:48.563555 np0000173417 nova-scheduler[108656]: DEBUG cotyledon.oslo_config_glue [-] oslo_messaging_rabbit.hostname = np0000173417 {{(pid=108656) log_opt_values /opt/stack/data/venv/lib/python3.12/site-packages/oslo_config/cfg.py:3006}}
May 11 05:45:48.563555 np0000173417 nova-scheduler[108656]: DEBUG cotyledon.oslo_config_glue [-] oslo_messaging_rabbit.kombu_compression = None {{(pid=108656) log_opt_values /opt/stack/data/venv/lib/python3.12/site-packages/oslo_config/cfg.py:3006}}
May 11 05:45:48.563555 np0000173417 nova-scheduler[108656]: DEBUG cotyledon.oslo_config_glue [-] oslo_messaging_rabbit.kombu_failover_strategy = round-robin {{(pid=108656) log_opt_values /opt/stack/data/venv/lib/python3.12/site-packages/oslo_config/cfg.py:3006}}
May 11 05:45:48.563555 np0000173417 nova-scheduler[108656]: DEBUG cotyledon.oslo_config_glue [-] oslo_messaging_rabbit.kombu_missing_consumer_retry_timeout = 60 {{(pid=108656) log_opt_values /opt/stack/data/venv/lib/python3.12/site-packages/oslo_config/cfg.py:3006}}
May 11 05:45:48.563555 np0000173417 nova-scheduler[108656]: DEBUG cotyledon.oslo_config_glue [-] oslo_messaging_rabbit.kombu_reconnect_delay = 1.0 {{(pid=108656) log_opt_values /opt/stack/data/venv/lib/python3.12/site-packages/oslo_config/cfg.py:3006}}
May 11 05:45:48.563776 np0000173417 nova-scheduler[108656]: DEBUG cotyledon.oslo_config_glue [-] oslo_messaging_rabbit.kombu_reconnect_splay = 0.0 {{(pid=108656) log_opt_values /opt/stack/data/venv/lib/python3.12/site-packages/oslo_config/cfg.py:3006}}
May 11 05:45:48.563776 np0000173417 nova-scheduler[108656]: DEBUG cotyledon.oslo_config_glue [-] oslo_messaging_rabbit.processname = nova-scheduler {{(pid=108656) log_opt_values /opt/stack/data/venv/lib/python3.12/site-packages/oslo_config/cfg.py:3006}}
May 11 05:45:48.563776 np0000173417 nova-scheduler[108656]: DEBUG cotyledon.oslo_config_glue [-] oslo_messaging_rabbit.rabbit_ha_queues = False {{(pid=108656) log_opt_values /opt/stack/data/venv/lib/python3.12/site-packages/oslo_config/cfg.py:3006}}
May 11 05:45:48.563776 np0000173417 nova-scheduler[108656]: DEBUG cotyledon.oslo_config_glue [-] oslo_messaging_rabbit.rabbit_interval_max = 30 {{(pid=108656) log_opt_values /opt/stack/data/venv/lib/python3.12/site-packages/oslo_config/cfg.py:3006}}
May 11 05:45:48.563776 np0000173417 nova-scheduler[108656]: DEBUG cotyledon.oslo_config_glue [-] oslo_messaging_rabbit.rabbit_login_method = AMQPLAIN {{(pid=108656) log_opt_values /opt/stack/data/venv/lib/python3.12/site-packages/oslo_config/cfg.py:3006}}
May 11 05:45:48.563776 np0000173417 nova-scheduler[108656]: DEBUG cotyledon.oslo_config_glue [-] oslo_messaging_rabbit.rabbit_qos_prefetch_count = 0 {{(pid=108656) log_opt_values /opt/stack/data/venv/lib/python3.12/site-packages/oslo_config/cfg.py:3006}}
May 11 05:45:48.563776 np0000173417 nova-scheduler[108656]: DEBUG cotyledon.oslo_config_glue [-] oslo_messaging_rabbit.rabbit_quorum_delivery_limit = 0 {{(pid=108656) log_opt_values /opt/stack/data/venv/lib/python3.12/site-packages/oslo_config/cfg.py:3006}}
May 11 05:45:48.563776 np0000173417 nova-scheduler[108656]: DEBUG cotyledon.oslo_config_glue [-] oslo_messaging_rabbit.rabbit_quorum_max_memory_bytes = 0 {{(pid=108656) log_opt_values /opt/stack/data/venv/lib/python3.12/site-packages/oslo_config/cfg.py:3006}}
May 11 05:45:48.564093 np0000173417 nova-scheduler[108656]: DEBUG cotyledon.oslo_config_glue [-] oslo_messaging_rabbit.rabbit_quorum_max_memory_length = 0 {{(pid=108656) log_opt_values /opt/stack/data/venv/lib/python3.12/site-packages/oslo_config/cfg.py:3006}}
May 11 05:45:48.564093 np0000173417 nova-scheduler[108656]: DEBUG cotyledon.oslo_config_glue [-] oslo_messaging_rabbit.rabbit_quorum_queue = False {{(pid=108656) log_opt_values /opt/stack/data/venv/lib/python3.12/site-packages/oslo_config/cfg.py:3006}}
May 11 05:45:48.564093 np0000173417 nova-scheduler[108656]: DEBUG cotyledon.oslo_config_glue [-] oslo_messaging_rabbit.rabbit_retry_backoff = 2 {{(pid=108656) log_opt_values /opt/stack/data/venv/lib/python3.12/site-packages/oslo_config/cfg.py:3006}}
May 11 05:45:48.564093 np0000173417 nova-scheduler[108656]: DEBUG cotyledon.oslo_config_glue [-] oslo_messaging_rabbit.rabbit_retry_interval = 1 {{(pid=108656) log_opt_values /opt/stack/data/venv/lib/python3.12/site-packages/oslo_config/cfg.py:3006}}
May 11 05:45:48.564093 np0000173417 nova-scheduler[108656]: DEBUG cotyledon.oslo_config_glue [-] oslo_messaging_rabbit.rabbit_stream_fanout = False {{(pid=108656) log_opt_values /opt/stack/data/venv/lib/python3.12/site-packages/oslo_config/cfg.py:3006}}
May 11 05:45:48.564093 np0000173417 nova-scheduler[108656]: DEBUG cotyledon.oslo_config_glue [-] oslo_messaging_rabbit.rabbit_transient_queues_ttl = 1800 {{(pid=108656) log_opt_values /opt/stack/data/venv/lib/python3.12/site-packages/oslo_config/cfg.py:3006}}
May 11 05:45:48.564093 np0000173417 nova-scheduler[108656]: DEBUG cotyledon.oslo_config_glue [-] oslo_messaging_rabbit.rabbit_transient_quorum_queue = False {{(pid=108656) log_opt_values /opt/stack/data/venv/lib/python3.12/site-packages/oslo_config/cfg.py:3006}}
May 11 05:45:48.564093 np0000173417 nova-scheduler[108656]: DEBUG cotyledon.oslo_config_glue [-] oslo_messaging_rabbit.rpc_conn_pool_size = 30 {{(pid=108656) log_opt_values /opt/stack/data/venv/lib/python3.12/site-packages/oslo_config/cfg.py:3006}}
May 11 05:45:48.564093 np0000173417 nova-scheduler[108656]: DEBUG cotyledon.oslo_config_glue [-] oslo_messaging_rabbit.ssl = False {{(pid=108656) log_opt_values /opt/stack/data/venv/lib/python3.12/site-packages/oslo_config/cfg.py:3006}}
May 11 05:45:48.564441 np0000173417 nova-scheduler[108656]: DEBUG cotyledon.oslo_config_glue [-] oslo_messaging_rabbit.ssl_ca_file = {{(pid=108656) log_opt_values /opt/stack/data/venv/lib/python3.12/site-packages/oslo_config/cfg.py:3006}}
May 11 05:45:48.564441 np0000173417 nova-scheduler[108656]: DEBUG cotyledon.oslo_config_glue [-] oslo_messaging_rabbit.ssl_cert_file = {{(pid=108656) log_opt_values /opt/stack/data/venv/lib/python3.12/site-packages/oslo_config/cfg.py:3006}}
May 11 05:45:48.564441 np0000173417 nova-scheduler[108656]: DEBUG cotyledon.oslo_config_glue [-] oslo_messaging_rabbit.ssl_enforce_fips_mode = False {{(pid=108656) log_opt_values /opt/stack/data/venv/lib/python3.12/site-packages/oslo_config/cfg.py:3006}}
May 11 05:45:48.564441 np0000173417 nova-scheduler[108656]: DEBUG cotyledon.oslo_config_glue [-] oslo_messaging_rabbit.ssl_key_file = {{(pid=108656) log_opt_values /opt/stack/data/venv/lib/python3.12/site-packages/oslo_config/cfg.py:3006}}
May 11 05:45:48.564441 np0000173417 nova-scheduler[108656]: DEBUG cotyledon.oslo_config_glue [-] oslo_messaging_rabbit.ssl_version = {{(pid=108656) log_opt_values /opt/stack/data/venv/lib/python3.12/site-packages/oslo_config/cfg.py:3006}}
May 11 05:45:48.564606 np0000173417 nova-scheduler[108669]: DEBUG oslo_db.sqlalchemy.engines [None req-8a6ea28e-a7a8-4941-beba-7dcb925b7736 None None] MySQL server mode set to STRICT_TRANS_TABLES,STRICT_ALL_TABLES,NO_ZERO_IN_DATE,NO_ZERO_DATE,ERROR_FOR_DIVISION_BY_ZERO,TRADITIONAL,NO_ENGINE_SUBSTITUTION {{(pid=108669) _check_effective_sql_mode /opt/stack/data/venv/lib/python3.12/site-packages/oslo_db/sqlalchemy/engines.py:325}}
May 11 05:45:48.564642 np0000173417 nova-scheduler[108656]: DEBUG cotyledon.oslo_config_glue [-] oslo_messaging_rabbit.use_queue_manager = False {{(pid=108656) log_opt_values /opt/stack/data/venv/lib/python3.12/site-packages/oslo_config/cfg.py:3006}}
May 11 05:45:48.564642 np0000173417 nova-scheduler[108656]: DEBUG cotyledon.oslo_config_glue [-] oslo_messaging_notifications.driver = ['messagingv2'] {{(pid=108656) log_opt_values /opt/stack/data/venv/lib/python3.12/site-packages/oslo_config/cfg.py:3006}}
May 11 05:45:48.564642 np0000173417 nova-scheduler[108656]: DEBUG cotyledon.oslo_config_glue [-] oslo_messaging_notifications.retry = -1 {{(pid=108656) log_opt_values /opt/stack/data/venv/lib/python3.12/site-packages/oslo_config/cfg.py:3006}}
May 11 05:45:48.564642 np0000173417 nova-scheduler[108656]: DEBUG cotyledon.oslo_config_glue [-] oslo_messaging_notifications.topics = ['notifications'] {{(pid=108656) log_opt_values /opt/stack/data/venv/lib/python3.12/site-packages/oslo_config/cfg.py:3006}}
May 11 05:45:48.564642 np0000173417 nova-scheduler[108656]: DEBUG cotyledon.oslo_config_glue [-] oslo_messaging_notifications.transport_url = **** {{(pid=108656) log_opt_values /opt/stack/data/venv/lib/python3.12/site-packages/oslo_config/cfg.py:3006}}
May 11 05:45:48.564642 np0000173417 nova-scheduler[108656]: DEBUG cotyledon.oslo_config_glue [-] oslo_limit.auth_section = None {{(pid=108656) log_opt_values /opt/stack/data/venv/lib/python3.12/site-packages/oslo_config/cfg.py:3006}}
May 11 05:45:48.564642 np0000173417 nova-scheduler[108656]: DEBUG cotyledon.oslo_config_glue [-] oslo_limit.auth_type = None {{(pid=108656) log_opt_values /opt/stack/data/venv/lib/python3.12/site-packages/oslo_config/cfg.py:3006}}
May 11 05:45:48.564642 np0000173417 nova-scheduler[108656]: DEBUG cotyledon.oslo_config_glue [-] oslo_limit.cafile = None {{(pid=108656) log_opt_values /opt/stack/data/venv/lib/python3.12/site-packages/oslo_config/cfg.py:3006}}
May 11 05:45:48.564642 np0000173417 nova-scheduler[108656]: DEBUG cotyledon.oslo_config_glue [-] oslo_limit.certfile = None {{(pid=108656) log_opt_values /opt/stack/data/venv/lib/python3.12/site-packages/oslo_config/cfg.py:3006}}
May 11 05:45:48.564902 np0000173417 nova-scheduler[108656]: DEBUG cotyledon.oslo_config_glue [-] oslo_limit.collect_timing = False {{(pid=108656) log_opt_values /opt/stack/data/venv/lib/python3.12/site-packages/oslo_config/cfg.py:3006}}
May 11 05:45:48.564902 np0000173417 nova-scheduler[108656]: DEBUG cotyledon.oslo_config_glue [-] oslo_limit.connect_retries = None {{(pid=108656) log_opt_values /opt/stack/data/venv/lib/python3.12/site-packages/oslo_config/cfg.py:3006}}
May 11 05:45:48.564902 np0000173417 nova-scheduler[108656]: DEBUG cotyledon.oslo_config_glue [-] oslo_limit.connect_retry_delay = None {{(pid=108656) log_opt_values /opt/stack/data/venv/lib/python3.12/site-packages/oslo_config/cfg.py:3006}}
May 11 05:45:48.564902 np0000173417 nova-scheduler[108656]: DEBUG cotyledon.oslo_config_glue [-] oslo_limit.endpoint_id = None {{(pid=108656) log_opt_values /opt/stack/data/venv/lib/python3.12/site-packages/oslo_config/cfg.py:3006}}
May 11 05:45:48.564902 np0000173417 nova-scheduler[108656]: DEBUG cotyledon.oslo_config_glue [-] oslo_limit.endpoint_interface = public {{(pid=108656) log_opt_values /opt/stack/data/venv/lib/python3.12/site-packages/oslo_config/cfg.py:3006}}
May 11 05:45:48.564902 np0000173417 nova-scheduler[108656]: DEBUG cotyledon.oslo_config_glue [-] oslo_limit.endpoint_override = None {{(pid=108656) log_opt_values /opt/stack/data/venv/lib/python3.12/site-packages/oslo_config/cfg.py:3006}}
May 11 05:45:48.564902 np0000173417 nova-scheduler[108656]: DEBUG cotyledon.oslo_config_glue [-] oslo_limit.endpoint_region_name = None {{(pid=108656) log_opt_values /opt/stack/data/venv/lib/python3.12/site-packages/oslo_config/cfg.py:3006}}
May 11 05:45:48.564902 np0000173417 nova-scheduler[108656]: DEBUG cotyledon.oslo_config_glue [-] oslo_limit.endpoint_service_name = None {{(pid=108656) log_opt_values /opt/stack/data/venv/lib/python3.12/site-packages/oslo_config/cfg.py:3006}}
May 11 05:45:48.564902 np0000173417 nova-scheduler[108656]: DEBUG cotyledon.oslo_config_glue [-] oslo_limit.endpoint_service_type = None {{(pid=108656) log_opt_values /opt/stack/data/venv/lib/python3.12/site-packages/oslo_config/cfg.py:3006}}
May 11 05:45:48.565182 np0000173417 nova-scheduler[108656]: DEBUG cotyledon.oslo_config_glue [-] oslo_limit.insecure = False {{(pid=108656) log_opt_values /opt/stack/data/venv/lib/python3.12/site-packages/oslo_config/cfg.py:3006}}
May 11 05:45:48.565182 np0000173417 nova-scheduler[108656]: DEBUG cotyledon.oslo_config_glue [-] oslo_limit.keyfile = None {{(pid=108656) log_opt_values /opt/stack/data/venv/lib/python3.12/site-packages/oslo_config/cfg.py:3006}}
May 11 05:45:48.565182 np0000173417 nova-scheduler[108656]: DEBUG cotyledon.oslo_config_glue [-] oslo_limit.max_version = None {{(pid=108656) log_opt_values /opt/stack/data/venv/lib/python3.12/site-packages/oslo_config/cfg.py:3006}}
May 11 05:45:48.565182 np0000173417 nova-scheduler[108656]: DEBUG cotyledon.oslo_config_glue [-] oslo_limit.min_version = None {{(pid=108656) log_opt_values /opt/stack/data/venv/lib/python3.12/site-packages/oslo_config/cfg.py:3006}}
May 11 05:45:48.565182 np0000173417 nova-scheduler[108656]: DEBUG cotyledon.oslo_config_glue [-] oslo_limit.region_name = None {{(pid=108656) log_opt_values /opt/stack/data/venv/lib/python3.12/site-packages/oslo_config/cfg.py:3006}}
May 11 05:45:48.565182 np0000173417 nova-scheduler[108656]: DEBUG cotyledon.oslo_config_glue [-] oslo_limit.retriable_status_codes = None {{(pid=108656) log_opt_values /opt/stack/data/venv/lib/python3.12/site-packages/oslo_config/cfg.py:3006}}
May 11 05:45:48.565182 np0000173417 nova-scheduler[108656]: DEBUG cotyledon.oslo_config_glue [-] oslo_limit.service_name = None {{(pid=108656) log_opt_values /opt/stack/data/venv/lib/python3.12/site-packages/oslo_config/cfg.py:3006}}
May 11 05:45:48.565182 np0000173417 nova-scheduler[108656]: DEBUG cotyledon.oslo_config_glue [-] oslo_limit.service_type = None {{(pid=108656) log_opt_values /opt/stack/data/venv/lib/python3.12/site-packages/oslo_config/cfg.py:3006}}
May 11 05:45:48.565182 np0000173417 nova-scheduler[108656]: DEBUG cotyledon.oslo_config_glue [-] oslo_limit.split_loggers = False {{(pid=108656) log_opt_values /opt/stack/data/venv/lib/python3.12/site-packages/oslo_config/cfg.py:3006}}
May 11 05:45:48.565574 np0000173417 nova-scheduler[108656]: DEBUG cotyledon.oslo_config_glue [-] oslo_limit.status_code_retries = None {{(pid=108656) log_opt_values /opt/stack/data/venv/lib/python3.12/site-packages/oslo_config/cfg.py:3006}}
May 11 05:45:48.565574 np0000173417 nova-scheduler[108656]: DEBUG cotyledon.oslo_config_glue [-] oslo_limit.status_code_retry_delay = None {{(pid=108656) log_opt_values /opt/stack/data/venv/lib/python3.12/site-packages/oslo_config/cfg.py:3006}}
May 11 05:45:48.565574 np0000173417 nova-scheduler[108656]: DEBUG cotyledon.oslo_config_glue [-] oslo_limit.timeout = None {{(pid=108656) log_opt_values /opt/stack/data/venv/lib/python3.12/site-packages/oslo_config/cfg.py:3006}}
May 11 05:45:48.565574 np0000173417 nova-scheduler[108656]: DEBUG cotyledon.oslo_config_glue [-] oslo_limit.valid_interfaces = None {{(pid=108656) log_opt_values /opt/stack/data/venv/lib/python3.12/site-packages/oslo_config/cfg.py:3006}}
May 11 05:45:48.565574 np0000173417 nova-scheduler[108656]: DEBUG cotyledon.oslo_config_glue [-] oslo_limit.version = None {{(pid=108656) log_opt_values /opt/stack/data/venv/lib/python3.12/site-packages/oslo_config/cfg.py:3006}}
May 11 05:45:48.565574 np0000173417 nova-scheduler[108656]: DEBUG cotyledon.oslo_config_glue [-] oslo_reports.file_event_handler = None {{(pid=108656) log_opt_values /opt/stack/data/venv/lib/python3.12/site-packages/oslo_config/cfg.py:3006}}
May 11 05:45:48.565574 np0000173417 nova-scheduler[108656]: DEBUG cotyledon.oslo_config_glue [-] oslo_reports.file_event_handler_interval = 1 {{(pid=108656) log_opt_values /opt/stack/data/venv/lib/python3.12/site-packages/oslo_config/cfg.py:3006}}
May 11 05:45:48.565574 np0000173417 nova-scheduler[108656]: DEBUG cotyledon.oslo_config_glue [-] oslo_reports.log_dir = None {{(pid=108656) log_opt_values /opt/stack/data/venv/lib/python3.12/site-packages/oslo_config/cfg.py:3006}}
May 11 05:45:48.565574 np0000173417 nova-scheduler[108656]: DEBUG cotyledon.oslo_config_glue [-] ******************************************************************************** {{(pid=108656) log_opt_values /opt/stack/data/venv/lib/python3.12/site-packages/oslo_config/cfg.py:3013}}
May 11 05:45:48.565833 np0000173417 nova-scheduler[108656]: DEBUG cotyledon._service_worker [-] Run service ServiceWrapper(1) [108656] {{(pid=108656) wait_forever /opt/stack/data/venv/lib/python3.12/site-packages/cotyledon/_service_worker.py:218}}
May 11 05:45:48.565833 np0000173417 nova-scheduler[108656]: INFO nova.service [-] Starting scheduler node (version 33.1.0)
May 11 05:45:48.565903 np0000173417 nova-scheduler[108649]: DEBUG nova.service [None req-51612c1e-dfa6-4042-bffb-a0c2b7ccaa8c None None] Join ServiceGroup membership for this service scheduler {{(pid=108649) start /opt/stack/nova/nova/service.py:221}}
May 11 05:45:48.565903 np0000173417 nova-scheduler[108649]: DEBUG nova.servicegroup.drivers.db [None req-51612c1e-dfa6-4042-bffb-a0c2b7ccaa8c None None] DB_Driver: join new ServiceGroup member np0000173417 to the scheduler group, service = {{(pid=108649) join /opt/stack/nova/nova/servicegroup/drivers/db.py:44}}
May 11 05:45:48.565972 np0000173417 nova-scheduler[108669]: DEBUG dbcounter [-] [108669] Writer thread running {{(pid=108669) stat_writer /opt/stack/data/venv/lib/python3.12/site-packages/dbcounter.py:102}}
May 11 05:45:48.566013 np0000173417 nova-scheduler[108663]: DEBUG oslo_db.sqlalchemy.engines [None req-88fadef6-438c-4586-875f-8ec0f2e3ebee None None] MySQL server mode set to STRICT_TRANS_TABLES,STRICT_ALL_TABLES,NO_ZERO_IN_DATE,NO_ZERO_DATE,ERROR_FOR_DIVISION_BY_ZERO,TRADITIONAL,NO_ENGINE_SUBSTITUTION {{(pid=108663) _check_effective_sql_mode /opt/stack/data/venv/lib/python3.12/site-packages/oslo_db/sqlalchemy/engines.py:325}}
May 11 05:45:48.566052 np0000173417 nova-scheduler[108669]: DEBUG nova.service [None req-8a6ea28e-a7a8-4941-beba-7dcb925b7736 None None] Creating RPC server for service: nova-scheduler on topic: scheduler {{(pid=108669) start /opt/stack/nova/nova/service.py:195}}
May 11 05:45:48.566096 np0000173417 nova-scheduler[108656]: INFO dbcounter [None req-8016e1b9-68b3-4d89-9f66-3babafe46d11 None None] Registered counter for database nova_cell0
May 11 05:45:48.566163 np0000173417 nova-scheduler[108663]: DEBUG dbcounter [-] [108663] Writer thread running {{(pid=108663) stat_writer /opt/stack/data/venv/lib/python3.12/site-packages/dbcounter.py:102}}
May 11 05:45:48.566163 np0000173417 nova-scheduler[108663]: DEBUG nova.service [None req-88fadef6-438c-4586-875f-8ec0f2e3ebee None None] Creating RPC server for service: nova-scheduler on topic: scheduler {{(pid=108663) start /opt/stack/nova/nova/service.py:195}}
May 11 05:45:48.566251 np0000173417 nova-scheduler[108656]: DEBUG oslo_db.sqlalchemy.engines [None req-8016e1b9-68b3-4d89-9f66-3babafe46d11 None None] MySQL server mode set to STRICT_TRANS_TABLES,STRICT_ALL_TABLES,NO_ZERO_IN_DATE,NO_ZERO_DATE,ERROR_FOR_DIVISION_BY_ZERO,TRADITIONAL,NO_ENGINE_SUBSTITUTION {{(pid=108656) _check_effective_sql_mode /opt/stack/data/venv/lib/python3.12/site-packages/oslo_db/sqlalchemy/engines.py:325}}
May 11 05:45:48.566297 np0000173417 nova-scheduler[108669]: DEBUG nova.service [None req-8a6ea28e-a7a8-4941-beba-7dcb925b7736 None None] Join ServiceGroup membership for this service scheduler {{(pid=108669) start /opt/stack/nova/nova/service.py:221}}
May 11 05:45:48.566297 np0000173417 nova-scheduler[108669]: DEBUG nova.servicegroup.drivers.db [None req-8a6ea28e-a7a8-4941-beba-7dcb925b7736 None None] DB_Driver: join new ServiceGroup member np0000173417 to the scheduler group, service = {{(pid=108669) join /opt/stack/nova/nova/servicegroup/drivers/db.py:44}}
May 11 05:45:48.566378 np0000173417 nova-scheduler[108656]: DEBUG dbcounter [-] [108656] Writer thread running {{(pid=108656) stat_writer /opt/stack/data/venv/lib/python3.12/site-packages/dbcounter.py:102}}
May 11 05:45:48.566419 np0000173417 nova-scheduler[108663]: DEBUG nova.service [None req-88fadef6-438c-4586-875f-8ec0f2e3ebee None None] Join ServiceGroup membership for this service scheduler {{(pid=108663) start /opt/stack/nova/nova/service.py:221}}
May 11 05:45:48.566419 np0000173417 nova-scheduler[108663]: DEBUG nova.servicegroup.drivers.db [None req-88fadef6-438c-4586-875f-8ec0f2e3ebee None None] DB_Driver: join new ServiceGroup member np0000173417 to the scheduler group, service = {{(pid=108663) join /opt/stack/nova/nova/servicegroup/drivers/db.py:44}}
May 11 05:45:48.566488 np0000173417 nova-scheduler[108656]: DEBUG nova.service [None req-8016e1b9-68b3-4d89-9f66-3babafe46d11 None None] Creating RPC server for service: nova-scheduler on topic: scheduler {{(pid=108656) start /opt/stack/nova/nova/service.py:195}}
May 11 05:45:48.586563 np0000173417 nova-scheduler[108656]: DEBUG nova.service [None req-8016e1b9-68b3-4d89-9f66-3babafe46d11 None None] Join ServiceGroup membership for this service scheduler {{(pid=108656) start /opt/stack/nova/nova/service.py:221}}
May 11 05:45:48.586978 np0000173417 nova-scheduler[108656]: DEBUG nova.servicegroup.drivers.db [None req-8016e1b9-68b3-4d89-9f66-3babafe46d11 None None] DB_Driver: join new ServiceGroup member np0000173417 to the scheduler group, service = {{(pid=108656) join /opt/stack/nova/nova/servicegroup/drivers/db.py:44}}
May 11 05:45:53.544639 np0000173417 nova-scheduler[108649]: DEBUG oslo.service.backend._threading.loopingcall [-] Fixed interval looping call 'nova.servicegroup.drivers.db.DbDriver._report_state' sleeping for 119.98 seconds {{(pid=108649) _run_loop /opt/stack/data/venv/lib/python3.12/site-packages/oslo_service/backend/_threading/loopingcall.py:125}}
May 11 05:45:53.565242 np0000173417 nova-scheduler[108669]: DEBUG oslo.service.backend._threading.loopingcall [-] Fixed interval looping call 'nova.servicegroup.drivers.db.DbDriver._report_state' sleeping for 119.99 seconds {{(pid=108669) _run_loop /opt/stack/data/venv/lib/python3.12/site-packages/oslo_service/backend/_threading/loopingcall.py:125}}
May 11 05:45:53.580472 np0000173417 nova-scheduler[108663]: DEBUG oslo.service.backend._threading.loopingcall [-] Fixed interval looping call 'nova.servicegroup.drivers.db.DbDriver._report_state' sleeping for 119.99 seconds {{(pid=108663) _run_loop /opt/stack/data/venv/lib/python3.12/site-packages/oslo_service/backend/_threading/loopingcall.py:125}}
May 11 05:45:53.604007 np0000173417 nova-scheduler[108656]: DEBUG oslo.service.backend._threading.loopingcall [-] Fixed interval looping call 'nova.servicegroup.drivers.db.DbDriver._report_state' sleeping for 119.99 seconds {{(pid=108656) _run_loop /opt/stack/data/venv/lib/python3.12/site-packages/oslo_service/backend/_threading/loopingcall.py:125}}
May 11 05:45:54.552334 np0000173417 nova-scheduler[108669]: DEBUG oslo.service.backend._threading.loopingcall [None req-a26870f2-f57f-46fb-8923-df3f6c0a472b None None] Dynamic interval looping call 'nova.service.Service.periodic_tasks' sleeping for 60.00 seconds {{(pid=108669) _run_loop /opt/stack/data/venv/lib/python3.12/site-packages/oslo_service/backend/_threading/loopingcall.py:125}}
May 11 05:45:57.148598 np0000173417 nova-scheduler[107866]: DEBUG dbcounter [-] [107866] Writing DB stats nova_api:SELECT=3 {{(pid=107866) stat_writer /opt/stack/data/venv/lib/python3.12/site-packages/dbcounter.py:115}}
May 11 05:45:57.247142 np0000173417 nova-scheduler[107866]: DEBUG dbcounter [-] [107866] Writing DB stats nova_cell0:SELECT=1 {{(pid=107866) stat_writer /opt/stack/data/venv/lib/python3.12/site-packages/dbcounter.py:115}}
May 11 05:45:57.252967 np0000173417 nova-scheduler[107866]: DEBUG dbcounter [-] [107866] Writing DB stats nova_cell1:SELECT=1 {{(pid=107866) stat_writer /opt/stack/data/venv/lib/python3.12/site-packages/dbcounter.py:115}}
May 11 05:46:03.539260 np0000173417 nova-scheduler[108649]: DEBUG dbcounter [-] [108649] Writing DB stats nova_cell0:SELECT=4,nova_cell0:INSERT=1,nova_cell0:UPDATE=1 {{(pid=108649) stat_writer /opt/stack/data/venv/lib/python3.12/site-packages/dbcounter.py:115}}
May 11 05:46:03.562334 np0000173417 nova-scheduler[108669]: DEBUG dbcounter [-] [108669] Writing DB stats nova_cell0:SELECT=3 {{(pid=108669) stat_writer /opt/stack/data/venv/lib/python3.12/site-packages/dbcounter.py:115}}
May 11 05:46:03.576771 np0000173417 nova-scheduler[108663]: DEBUG dbcounter [-] [108663] Writing DB stats nova_cell0:SELECT=3 {{(pid=108663) stat_writer /opt/stack/data/venv/lib/python3.12/site-packages/dbcounter.py:115}}
May 11 05:46:03.600142 np0000173417 nova-scheduler[108656]: DEBUG dbcounter [-] [108656] Writing DB stats nova_cell0:SELECT=3 {{(pid=108656) stat_writer /opt/stack/data/venv/lib/python3.12/site-packages/dbcounter.py:115}}
May 11 05:46:04.590708 np0000173417 nova-scheduler[108656]: DEBUG oslo.service.backend._threading.loopingcall [None req-807b18ba-b1e0-4eb4-9100-9b105b3dcac8 None None] Dynamic interval looping call 'nova.service.Service.periodic_tasks' sleeping for 60.00 seconds {{(pid=108656) _run_loop /opt/stack/data/venv/lib/python3.12/site-packages/oslo_service/backend/_threading/loopingcall.py:125}}
May 11 05:46:13.529036 np0000173417 nova-scheduler[108649]: DEBUG oslo.service.backend._threading.loopingcall [None req-173443b8-1dc9-49eb-a100-c7ffa3a9b52a None None] Dynamic interval looping call 'nova.service.Service.periodic_tasks' sleeping for 60.00 seconds {{(pid=108649) _run_loop /opt/stack/data/venv/lib/python3.12/site-packages/oslo_service/backend/_threading/loopingcall.py:125}}
May 11 05:46:38.566924 np0000173417 nova-scheduler[108663]: DEBUG oslo.service.backend._threading.loopingcall [None req-25d23588-e9bd-4537-95d8-e596da03f81e None None] Dynamic interval looping call 'nova.service.Service.periodic_tasks' sleeping for 60.00 seconds {{(pid=108663) _run_loop /opt/stack/data/venv/lib/python3.12/site-packages/oslo_service/backend/_threading/loopingcall.py:125}}
May 11 05:46:54.553133 np0000173417 nova-scheduler[108669]: DEBUG oslo.service.backend._threading.loopingcall [None req-a26870f2-f57f-46fb-8923-df3f6c0a472b None None] Dynamic interval looping call 'nova.service.Service.periodic_tasks' sleeping for 60.00 seconds {{(pid=108669) _run_loop /opt/stack/data/venv/lib/python3.12/site-packages/oslo_service/backend/_threading/loopingcall.py:125}}
May 11 05:47:04.591776 np0000173417 nova-scheduler[108656]: DEBUG oslo.service.backend._threading.loopingcall [None req-807b18ba-b1e0-4eb4-9100-9b105b3dcac8 None None] Dynamic interval looping call 'nova.service.Service.periodic_tasks' sleeping for 60.00 seconds {{(pid=108656) _run_loop /opt/stack/data/venv/lib/python3.12/site-packages/oslo_service/backend/_threading/loopingcall.py:125}}
May 11 05:47:13.529780 np0000173417 nova-scheduler[108649]: DEBUG oslo.service.backend._threading.loopingcall [None req-173443b8-1dc9-49eb-a100-c7ffa3a9b52a None None] Dynamic interval looping call 'nova.service.Service.periodic_tasks' sleeping for 60.00 seconds {{(pid=108649) _run_loop /opt/stack/data/venv/lib/python3.12/site-packages/oslo_service/backend/_threading/loopingcall.py:125}}
May 11 05:47:38.567712 np0000173417 nova-scheduler[108663]: DEBUG oslo.service.backend._threading.loopingcall [None req-25d23588-e9bd-4537-95d8-e596da03f81e None None] Dynamic interval looping call 'nova.service.Service.periodic_tasks' sleeping for 60.00 seconds {{(pid=108663) _run_loop /opt/stack/data/venv/lib/python3.12/site-packages/oslo_service/backend/_threading/loopingcall.py:125}}
May 11 05:47:53.536512 np0000173417 nova-scheduler[108649]: DEBUG oslo.service.backend._threading.loopingcall [-] Fixed interval looping call 'nova.servicegroup.drivers.db.DbDriver._report_state' sleeping for 119.99 seconds {{(pid=108649) _run_loop /opt/stack/data/venv/lib/python3.12/site-packages/oslo_service/backend/_threading/loopingcall.py:125}}
May 11 05:47:53.562604 np0000173417 nova-scheduler[108669]: DEBUG oslo.service.backend._threading.loopingcall [-] Fixed interval looping call 'nova.servicegroup.drivers.db.DbDriver._report_state' sleeping for 119.99 seconds {{(pid=108669) _run_loop /opt/stack/data/venv/lib/python3.12/site-packages/oslo_service/backend/_threading/loopingcall.py:125}}
May 11 05:47:53.574687 np0000173417 nova-scheduler[108663]: DEBUG oslo.service.backend._threading.loopingcall [-] Fixed interval looping call 'nova.servicegroup.drivers.db.DbDriver._report_state' sleeping for 120.00 seconds {{(pid=108663) _run_loop /opt/stack/data/venv/lib/python3.12/site-packages/oslo_service/backend/_threading/loopingcall.py:125}}
May 11 05:47:53.600506 np0000173417 nova-scheduler[108656]: DEBUG oslo.service.backend._threading.loopingcall [-] Fixed interval looping call 'nova.servicegroup.drivers.db.DbDriver._report_state' sleeping for 119.99 seconds {{(pid=108656) _run_loop /opt/stack/data/venv/lib/python3.12/site-packages/oslo_service/backend/_threading/loopingcall.py:125}}
May 11 05:47:54.553978 np0000173417 nova-scheduler[108669]: DEBUG oslo.service.backend._threading.loopingcall [None req-a26870f2-f57f-46fb-8923-df3f6c0a472b None None] Dynamic interval looping call 'nova.service.Service.periodic_tasks' sleeping for 60.00 seconds {{(pid=108669) _run_loop /opt/stack/data/venv/lib/python3.12/site-packages/oslo_service/backend/_threading/loopingcall.py:125}}
May 11 05:48:03.530557 np0000173417 nova-scheduler[108649]: DEBUG dbcounter [-] [108649] Writing DB stats nova_cell0:SELECT=1,nova_cell0:UPDATE=1 {{(pid=108649) stat_writer /opt/stack/data/venv/lib/python3.12/site-packages/dbcounter.py:115}}
May 11 05:48:03.558771 np0000173417 nova-scheduler[108669]: DEBUG dbcounter [-] [108669] Writing DB stats nova_cell0:SELECT=1 {{(pid=108669) stat_writer /opt/stack/data/venv/lib/python3.12/site-packages/dbcounter.py:115}}
May 11 05:48:03.573077 np0000173417 nova-scheduler[108663]: DEBUG dbcounter [-] [108663] Writing DB stats nova_cell0:SELECT=1 {{(pid=108663) stat_writer /opt/stack/data/venv/lib/python3.12/site-packages/dbcounter.py:115}}
May 11 05:48:03.597492 np0000173417 nova-scheduler[108656]: DEBUG dbcounter [-] [108656] Writing DB stats nova_cell0:SELECT=1 {{(pid=108656) stat_writer /opt/stack/data/venv/lib/python3.12/site-packages/dbcounter.py:115}}
May 11 05:48:04.592708 np0000173417 nova-scheduler[108656]: DEBUG oslo.service.backend._threading.loopingcall [None req-807b18ba-b1e0-4eb4-9100-9b105b3dcac8 None None] Dynamic interval looping call 'nova.service.Service.periodic_tasks' sleeping for 60.00 seconds {{(pid=108656) _run_loop /opt/stack/data/venv/lib/python3.12/site-packages/oslo_service/backend/_threading/loopingcall.py:125}}
May 11 05:48:13.533139 np0000173417 nova-scheduler[108649]: DEBUG oslo.service.backend._threading.loopingcall [None req-173443b8-1dc9-49eb-a100-c7ffa3a9b52a None None] Dynamic interval looping call 'nova.service.Service.periodic_tasks' sleeping for 60.00 seconds {{(pid=108649) _run_loop /opt/stack/data/venv/lib/python3.12/site-packages/oslo_service/backend/_threading/loopingcall.py:125}}
May 11 05:48:38.569907 np0000173417 nova-scheduler[108663]: DEBUG oslo.service.backend._threading.loopingcall [None req-25d23588-e9bd-4537-95d8-e596da03f81e None None] Dynamic interval looping call 'nova.service.Service.periodic_tasks' sleeping for 60.00 seconds {{(pid=108663) _run_loop /opt/stack/data/venv/lib/python3.12/site-packages/oslo_service/backend/_threading/loopingcall.py:125}}
May 11 05:48:54.554716 np0000173417 nova-scheduler[108669]: DEBUG oslo.service.backend._threading.loopingcall [None req-a26870f2-f57f-46fb-8923-df3f6c0a472b None None] Dynamic interval looping call 'nova.service.Service.periodic_tasks' sleeping for 60.00 seconds {{(pid=108669) _run_loop /opt/stack/data/venv/lib/python3.12/site-packages/oslo_service/backend/_threading/loopingcall.py:125}}
May 11 05:49:04.593558 np0000173417 nova-scheduler[108656]: DEBUG oslo.service.backend._threading.loopingcall [None req-807b18ba-b1e0-4eb4-9100-9b105b3dcac8 None None] Dynamic interval looping call 'nova.service.Service.periodic_tasks' sleeping for 60.00 seconds {{(pid=108656) _run_loop /opt/stack/data/venv/lib/python3.12/site-packages/oslo_service/backend/_threading/loopingcall.py:125}}
May 11 05:49:13.533968 np0000173417 nova-scheduler[108649]: DEBUG oslo.service.backend._threading.loopingcall [None req-173443b8-1dc9-49eb-a100-c7ffa3a9b52a None None] Dynamic interval looping call 'nova.service.Service.periodic_tasks' sleeping for 60.00 seconds {{(pid=108649) _run_loop /opt/stack/data/venv/lib/python3.12/site-packages/oslo_service/backend/_threading/loopingcall.py:125}}
May 11 05:49:38.570665 np0000173417 nova-scheduler[108663]: DEBUG oslo.service.backend._threading.loopingcall [None req-25d23588-e9bd-4537-95d8-e596da03f81e None None] Dynamic interval looping call 'nova.service.Service.periodic_tasks' sleeping for 60.00 seconds {{(pid=108663) _run_loop /opt/stack/data/venv/lib/python3.12/site-packages/oslo_service/backend/_threading/loopingcall.py:125}}
May 11 05:49:52.166065 np0000173417 nova-scheduler[108649]: DEBUG nova.scheduler.manager [None req-1ee6cf25-cfd4-4dd9-a75f-2ed3bafc430e demo demo] Starting to schedule for instances: ['0d4aa90c-04d1-4c44-8a22-b276d9b2dee0'] {{(pid=108649) select_destinations /opt/stack/nova/nova/scheduler/manager.py:210}}
May 11 05:49:52.168707 np0000173417 nova-scheduler[108649]: DEBUG oslo_db.sqlalchemy.engines [None req-1ee6cf25-cfd4-4dd9-a75f-2ed3bafc430e demo demo] Parent process 107866 forked (108649) with an open database connection, which is being discarded and recreated. {{(pid=108649) checkout /opt/stack/data/venv/lib/python3.12/site-packages/oslo_db/sqlalchemy/engines.py:402}}
May 11 05:49:52.176385 np0000173417 nova-scheduler[108649]: DEBUG dbcounter [-] [108649] Writer thread running {{(pid=108649) stat_writer /opt/stack/data/venv/lib/python3.12/site-packages/dbcounter.py:102}}
May 11 05:49:52.178839 np0000173417 nova-scheduler[108649]: DEBUG nova.scheduler.request_filter [None req-1ee6cf25-cfd4-4dd9-a75f-2ed3bafc430e demo demo] Request filter 'map_az_to_placement_aggregate' took 0.0 seconds {{(pid=108649) wrapper /opt/stack/nova/nova/scheduler/request_filter.py:46}}
May 11 05:49:52.179746 np0000173417 nova-scheduler[108649]: DEBUG nova.scheduler.request_filter [None req-1ee6cf25-cfd4-4dd9-a75f-2ed3bafc430e demo demo] compute_status_filter request filter added forbidden trait COMPUTE_STATUS_DISABLED {{(pid=108649) compute_status_filter /opt/stack/nova/nova/scheduler/request_filter.py:253}}
May 11 05:49:52.179746 np0000173417 nova-scheduler[108649]: DEBUG nova.scheduler.request_filter [None req-1ee6cf25-cfd4-4dd9-a75f-2ed3bafc430e demo demo] Request filter 'compute_status_filter' took 0.0 seconds {{(pid=108649) wrapper /opt/stack/nova/nova/scheduler/request_filter.py:46}}
May 11 05:49:52.179746 np0000173417 nova-scheduler[108649]: DEBUG nova.scheduler.request_filter [None req-1ee6cf25-cfd4-4dd9-a75f-2ed3bafc430e demo demo] Request filter 'accelerators_filter' took 0.0 seconds {{(pid=108649) wrapper /opt/stack/nova/nova/scheduler/request_filter.py:46}}
